Jun 20 01:11:41.786975 np0000182339 nova-conductor[110591]: DEBUG cotyledon.oslo_config_glue [-] vmware.pbm_enabled = False {{(pid=110591) log_opt_values /opt/stack/data/venv/lib/python3.12/site-packages/oslo_config/cfg.py:3253}}
Jun 20 01:11:41.786975 np0000182339 nova-conductor[110591]: DEBUG cotyledon.oslo_config_glue [-] vmware.pbm_wsdl_location = None {{(pid=110591) log_opt_values /opt/stack/data/venv/lib/python3.12/site-packages/oslo_config/cfg.py:3253}}
Jun 20 01:11:41.787581 np0000182339 nova-conductor[110591]: DEBUG cotyledon.oslo_config_glue [-] vmware.serial_log_dir = /opt/vmware/vspc {{(pid=110591) log_opt_values /opt/stack/data/venv/lib/python3.12/site-packages/oslo_config/cfg.py:3253}}
Jun 20 01:11:41.787581 np0000182339 nova-conductor[110591]: DEBUG cotyledon.oslo_config_glue [-] vmware.serial_port_proxy_uri = None {{(pid=110591) log_opt_values /opt/stack/data/venv/lib/python3.12/site-packages/oslo_config/cfg.py:3253}}
Jun 20 01:11:41.787581 np0000182339 nova-conductor[110591]: DEBUG cotyledon.oslo_config_glue [-] vmware.serial_port_service_uri = None {{(pid=110591) log_opt_values /opt/stack/data/venv/lib/python3.12/site-packages/oslo_config/cfg.py:3253}}
Jun 20 01:11:41.787581 np0000182339 nova-conductor[110591]: DEBUG cotyledon.oslo_config_glue [-] vmware.task_poll_interval = 0.5 {{(pid=110591) log_opt_values /opt/stack/data/venv/lib/python3.12/site-packages/oslo_config/cfg.py:3253}}
Jun 20 01:11:41.787581 np0000182339 nova-conductor[110591]: DEBUG cotyledon.oslo_config_glue [-] vmware.use_linked_clone = True {{(pid=110591) log_opt_values /opt/stack/data/venv/lib/python3.12/site-packages/oslo_config/cfg.py:3253}}
Jun 20 01:11:41.787581 np0000182339 nova-conductor[110591]: DEBUG cotyledon.oslo_config_glue [-] vmware.vnc_keymap = en-us {{(pid=110591) log_opt_values /opt/stack/data/venv/lib/python3.12/site-packages/oslo_config/cfg.py:3253}}
Jun 20 01:11:41.787581 np0000182339 nova-conductor[110591]: DEBUG cotyledon.oslo_config_glue [-] vmware.vnc_port = 5900 {{(pid=110591) log_opt_values /opt/stack/data/venv/lib/python3.12/site-packages/oslo_config/cfg.py:3253}}
Jun 20 01:11:41.787581 np0000182339 nova-conductor[110591]: DEBUG cotyledon.oslo_config_glue [-] vmware.vnc_port_total = 10000 {{(pid=110591) log_opt_values /opt/stack/data/venv/lib/python3.12/site-packages/oslo_config/cfg.py:3253}}
Jun 20 01:11:41.787581 np0000182339 nova-conductor[110591]: DEBUG cotyledon.oslo_config_glue [-] vnc.auth_schemes = ['none'] {{(pid=110591) log_opt_values /opt/stack/data/venv/lib/python3.12/site-packages/oslo_config/cfg.py:3253}}
Jun 20 01:11:41.787958 np0000182339 nova-conductor[110591]: DEBUG cotyledon.oslo_config_glue [-] vnc.enabled = True {{(pid=110591) log_opt_values /opt/stack/data/venv/lib/python3.12/site-packages/oslo_config/cfg.py:3253}}
Jun 20 01:11:41.787958 np0000182339 nova-conductor[110591]: DEBUG cotyledon.oslo_config_glue [-] vnc.novncproxy_base_url = http://127.0.0.1:6080/vnc_auto.html {{(pid=110591) log_opt_values /opt/stack/data/venv/lib/python3.12/site-packages/oslo_config/cfg.py:3253}}
Jun 20 01:11:41.787958 np0000182339 nova-conductor[110591]: DEBUG cotyledon.oslo_config_glue [-] vnc.novncproxy_host = 0.0.0.0 {{(pid=110591) log_opt_values /opt/stack/data/venv/lib/python3.12/site-packages/oslo_config/cfg.py:3253}}
Jun 20 01:11:41.787958 np0000182339 nova-conductor[110591]: DEBUG cotyledon.oslo_config_glue [-] vnc.novncproxy_port = 6080 {{(pid=110591) log_opt_values /opt/stack/data/venv/lib/python3.12/site-packages/oslo_config/cfg.py:3253}}
Jun 20 01:11:41.787958 np0000182339 nova-conductor[110591]: DEBUG cotyledon.oslo_config_glue [-] vnc.server_listen = 127.0.0.1 {{(pid=110591) log_opt_values /opt/stack/data/venv/lib/python3.12/site-packages/oslo_config/cfg.py:3253}}
Jun 20 01:11:41.787958 np0000182339 nova-conductor[110591]: DEBUG cotyledon.oslo_config_glue [-] vnc.server_proxyclient_address = 127.0.0.1 {{(pid=110591) log_opt_values /opt/stack/data/venv/lib/python3.12/site-packages/oslo_config/cfg.py:3253}}
Jun 20 01:11:41.788224 np0000182339 nova-conductor[110591]: DEBUG cotyledon.oslo_config_glue [-] vnc.vencrypt_ca_certs = None {{(pid=110591) log_opt_values /opt/stack/data/venv/lib/python3.12/site-packages/oslo_config/cfg.py:3253}}
Jun 20 01:11:41.788224 np0000182339 nova-conductor[110591]: DEBUG cotyledon.oslo_config_glue [-] vnc.vencrypt_client_cert = None {{(pid=110591) log_opt_values /opt/stack/data/venv/lib/python3.12/site-packages/oslo_config/cfg.py:3253}}
Jun 20 01:11:41.788224 np0000182339 nova-conductor[110591]: DEBUG cotyledon.oslo_config_glue [-] vnc.vencrypt_client_key = None {{(pid=110591) log_opt_values /opt/stack/data/venv/lib/python3.12/site-packages/oslo_config/cfg.py:3253}}
Jun 20 01:11:41.788224 np0000182339 nova-conductor[110591]: DEBUG cotyledon.oslo_config_glue [-] workarounds.disable_compute_service_check_for_ffu = False {{(pid=110591) log_opt_values /opt/stack/data/venv/lib/python3.12/site-packages/oslo_config/cfg.py:3253}}
Jun 20 01:11:41.788403 np0000182339 nova-conductor[110591]: DEBUG cotyledon.oslo_config_glue [-] workarounds.disable_deep_image_inspection = False {{(pid=110591) log_opt_values /opt/stack/data/venv/lib/python3.12/site-packages/oslo_config/cfg.py:3253}}
Jun 20 01:11:41.788403 np0000182339 nova-conductor[110591]: DEBUG cotyledon.oslo_config_glue [-] workarounds.disable_fallback_pcpu_query = False {{(pid=110591) log_opt_values /opt/stack/data/venv/lib/python3.12/site-packages/oslo_config/cfg.py:3253}}
Jun 20 01:11:41.788403 np0000182339 nova-conductor[110591]: DEBUG cotyledon.oslo_config_glue [-] workarounds.disable_group_policy_check_upcall = False {{(pid=110591) log_opt_values /opt/stack/data/venv/lib/python3.12/site-packages/oslo_config/cfg.py:3253}}
Jun 20 01:11:41.788519 np0000182339 nova-conductor[110591]: DEBUG cotyledon.oslo_config_glue [-] workarounds.disable_libvirt_livesnapshot = False {{(pid=110591) log_opt_values /opt/stack/data/venv/lib/python3.12/site-packages/oslo_config/cfg.py:3253}}
Jun 20 01:11:41.788519 np0000182339 nova-conductor[110591]: DEBUG cotyledon.oslo_config_glue [-] workarounds.disable_rootwrap = False {{(pid=110591) log_opt_values /opt/stack/data/venv/lib/python3.12/site-packages/oslo_config/cfg.py:3253}}
Jun 20 01:11:41.788613 np0000182339 nova-conductor[110591]: DEBUG cotyledon.oslo_config_glue [-] workarounds.enable_numa_live_migration = False {{(pid=110591) log_opt_values /opt/stack/data/venv/lib/python3.12/site-packages/oslo_config/cfg.py:3253}}
Jun 20 01:11:41.788613 np0000182339 nova-conductor[110591]: DEBUG cotyledon.oslo_config_glue [-] workarounds.enable_qemu_monitor_announce_self = False {{(pid=110591) log_opt_values /opt/stack/data/venv/lib/python3.12/site-packages/oslo_config/cfg.py:3253}}
Jun 20 01:11:41.788692 np0000182339 nova-conductor[110591]: DEBUG cotyledon.oslo_config_glue [-] workarounds.ensure_libvirt_rbd_instance_dir_cleanup = False {{(pid=110591) log_opt_values /opt/stack/data/venv/lib/python3.12/site-packages/oslo_config/cfg.py:3253}}
Jun 20 01:11:41.788749 np0000182339 nova-conductor[110591]: DEBUG cotyledon.oslo_config_glue [-] workarounds.handle_virt_lifecycle_events = True {{(pid=110591) log_opt_values /opt/stack/data/venv/lib/python3.12/site-packages/oslo_config/cfg.py:3253}}
Jun 20 01:11:41.788795 np0000182339 nova-conductor[110591]: DEBUG cotyledon.oslo_config_glue [-] workarounds.libvirt_disable_apic = False {{(pid=110591) log_opt_values /opt/stack/data/venv/lib/python3.12/site-packages/oslo_config/cfg.py:3253}}
Jun 20 01:11:41.788854 np0000182339 nova-conductor[110591]: DEBUG cotyledon.oslo_config_glue [-] workarounds.never_download_image_if_on_rbd = False {{(pid=110591) log_opt_values /opt/stack/data/venv/lib/python3.12/site-packages/oslo_config/cfg.py:3253}}
Jun 20 01:11:41.788901 np0000182339 nova-conductor[110591]: DEBUG cotyledon.oslo_config_glue [-] workarounds.qemu_monitor_announce_self_count = 3 {{(pid=110591) log_opt_values /opt/stack/data/venv/lib/python3.12/site-packages/oslo_config/cfg.py:3253}}
Jun 20 01:11:41.788966 np0000182339 nova-conductor[110591]: DEBUG cotyledon.oslo_config_glue [-] workarounds.qemu_monitor_announce_self_interval = 1 {{(pid=110591) log_opt_values /opt/stack/data/venv/lib/python3.12/site-packages/oslo_config/cfg.py:3253}}
Jun 20 01:11:41.789014 np0000182339 nova-conductor[110591]: DEBUG cotyledon.oslo_config_glue [-] workarounds.reserve_disk_resource_for_image_cache = False {{(pid=110591) log_opt_values /opt/stack/data/venv/lib/python3.12/site-packages/oslo_config/cfg.py:3253}}
Jun 20 01:11:41.789084 np0000182339 nova-conductor[110591]: DEBUG cotyledon.oslo_config_glue [-] workarounds.skip_cpu_compare_at_startup = False {{(pid=110591) log_opt_values /opt/stack/data/venv/lib/python3.12/site-packages/oslo_config/cfg.py:3253}}
Jun 20 01:11:41.789147 np0000182339 nova-conductor[110591]: DEBUG cotyledon.oslo_config_glue [-] workarounds.skip_cpu_compare_on_dest = False {{(pid=110591) log_opt_values /opt/stack/data/venv/lib/python3.12/site-packages/oslo_config/cfg.py:3253}}
Jun 20 01:11:41.789194 np0000182339 nova-conductor[110591]: DEBUG cotyledon.oslo_config_glue [-] workarounds.skip_hypervisor_version_check_on_lm = False {{(pid=110591) log_opt_values /opt/stack/data/venv/lib/python3.12/site-packages/oslo_config/cfg.py:3253}}
Jun 20 01:11:41.789265 np0000182339 nova-conductor[110591]: DEBUG cotyledon.oslo_config_glue [-] workarounds.skip_reserve_in_use_ironic_nodes = False {{(pid=110591) log_opt_values /opt/stack/data/venv/lib/python3.12/site-packages/oslo_config/cfg.py:3253}}
Jun 20 01:11:41.789313 np0000182339 nova-conductor[110591]: DEBUG cotyledon.oslo_config_glue [-] workarounds.unified_limits_count_pcpu_as_vcpu = False {{(pid=110591) log_opt_values /opt/stack/data/venv/lib/python3.12/site-packages/oslo_config/cfg.py:3253}}
Jun 20 01:11:41.789374 np0000182339 nova-conductor[110591]: DEBUG cotyledon.oslo_config_glue [-] workarounds.wait_for_vif_plugged_event_during_hard_reboot = [] {{(pid=110591) log_opt_values /opt/stack/data/venv/lib/python3.12/site-packages/oslo_config/cfg.py:3253}}
Jun 20 01:11:41.789430 np0000182339 nova-conductor[110591]: DEBUG cotyledon.oslo_config_glue [-] wsgi.api_paste_config = /etc/nova/api-paste.ini {{(pid=110591) log_opt_values /opt/stack/data/venv/lib/python3.12/site-packages/oslo_config/cfg.py:3253}}
Jun 20 01:11:41.789510 np0000182339 nova-conductor[110591]: DEBUG cotyledon.oslo_config_glue [-] wsgi.secure_proxy_ssl_header = None {{(pid=110591) log_opt_values /opt/stack/data/venv/lib/python3.12/site-packages/oslo_config/cfg.py:3253}}
Jun 20 01:11:41.789584 np0000182339 nova-conductor[110591]: DEBUG cotyledon.oslo_config_glue [-] zvm.ca_file = None {{(pid=110591) log_opt_values /opt/stack/data/venv/lib/python3.12/site-packages/oslo_config/cfg.py:3253}}
Jun 20 01:11:41.789639 np0000182339 nova-conductor[110591]: DEBUG cotyledon.oslo_config_glue [-] zvm.cloud_connector_url = None {{(pid=110591) log_opt_values /opt/stack/data/venv/lib/python3.12/site-packages/oslo_config/cfg.py:3253}}
Jun 20 01:11:41.789704 np0000182339 nova-conductor[110591]: DEBUG cotyledon.oslo_config_glue [-] zvm.image_tmp_path = /opt/stack/data/nova/images {{(pid=110591) log_opt_values /opt/stack/data/venv/lib/python3.12/site-packages/oslo_config/cfg.py:3253}}
Jun 20 01:11:41.789759 np0000182339 nova-conductor[110591]: DEBUG cotyledon.oslo_config_glue [-] zvm.reachable_timeout = 300 {{(pid=110591) log_opt_values /opt/stack/data/venv/lib/python3.12/site-packages/oslo_config/cfg.py:3253}}
Jun 20 01:11:41.789871 np0000182339 nova-conductor[110591]: DEBUG cotyledon.oslo_config_glue [-] oslo_versionedobjects.fatal_exception_format_errors = False {{(pid=110591) log_opt_values /opt/stack/data/venv/lib/python3.12/site-packages/oslo_config/cfg.py:3253}}
Jun 20 01:11:41.789960 np0000182339 nova-conductor[110591]: DEBUG cotyledon.oslo_config_glue [-] oslo_middleware.http_basic_auth_user_file = /etc/htpasswd {{(pid=110591) log_opt_values /opt/stack/data/venv/lib/python3.12/site-packages/oslo_config/cfg.py:3253}}
Jun 20 01:11:41.790050 np0000182339 nova-conductor[110591]: DEBUG cotyledon.oslo_config_glue [-] profiler.connection_string = messaging:// {{(pid=110591) log_opt_values /opt/stack/data/venv/lib/python3.12/site-packages/oslo_config/cfg.py:3253}}
Jun 20 01:11:41.790099 np0000182339 nova-conductor[110591]: DEBUG cotyledon.oslo_config_glue [-] profiler.enabled = False {{(pid=110591) log_opt_values /opt/stack/data/venv/lib/python3.12/site-packages/oslo_config/cfg.py:3253}}
Jun 20 01:11:41.790172 np0000182339 nova-conductor[110591]: DEBUG cotyledon.oslo_config_glue [-] profiler.es_doc_type = notification {{(pid=110591) log_opt_values /opt/stack/data/venv/lib/python3.12/site-packages/oslo_config/cfg.py:3253}}
Jun 20 01:11:41.790243 np0000182339 nova-conductor[110591]: DEBUG cotyledon.oslo_config_glue [-] profiler.es_scroll_size = 10000 {{(pid=110591) log_opt_values /opt/stack/data/venv/lib/python3.12/site-packages/oslo_config/cfg.py:3253}}
Jun 20 01:11:41.790302 np0000182339 nova-conductor[110591]: DEBUG cotyledon.oslo_config_glue [-] profiler.es_scroll_time = 2m {{(pid=110591) log_opt_values /opt/stack/data/venv/lib/python3.12/site-packages/oslo_config/cfg.py:3253}}
Jun 20 01:11:41.790373 np0000182339 nova-conductor[110591]: DEBUG cotyledon.oslo_config_glue [-] profiler.filter_error_trace = False {{(pid=110591) log_opt_values /opt/stack/data/venv/lib/python3.12/site-packages/oslo_config/cfg.py:3253}}
Jun 20 01:11:41.790428 np0000182339 nova-conductor[110591]: DEBUG cotyledon.oslo_config_glue [-] profiler.hmac_keys = **** {{(pid=110591) log_opt_values /opt/stack/data/venv/lib/python3.12/site-packages/oslo_config/cfg.py:3253}}
Jun 20 01:11:41.790474 np0000182339 nova-conductor[110563]: DEBUG nova.service [None req-d16b25de-9316-4d44-b566-063fc16b5d4e None None] Join ServiceGroup membership for this service conductor {{(pid=110563) start /opt/stack/nova/nova/service.py:222}}
Jun 20 01:11:41.790521 np0000182339 nova-conductor[110591]: DEBUG cotyledon.oslo_config_glue [-] profiler.sentinel_service_name = mymaster {{(pid=110591) log_opt_values /opt/stack/data/venv/lib/python3.12/site-packages/oslo_config/cfg.py:3253}}
Jun 20 01:11:41.790565 np0000182339 nova-conductor[110591]: DEBUG cotyledon.oslo_config_glue [-] profiler.socket_timeout = 0.1 {{(pid=110591) log_opt_values /opt/stack/data/venv/lib/python3.12/site-packages/oslo_config/cfg.py:3253}}
Jun 20 01:11:41.790607 np0000182339 nova-conductor[110591]: DEBUG cotyledon.oslo_config_glue [-] profiler.trace_requests = False {{(pid=110591) log_opt_values /opt/stack/data/venv/lib/python3.12/site-packages/oslo_config/cfg.py:3253}}
Jun 20 01:11:41.790669 np0000182339 nova-conductor[110591]: DEBUG cotyledon.oslo_config_glue [-] profiler.trace_sqlalchemy = False {{(pid=110591) log_opt_values /opt/stack/data/venv/lib/python3.12/site-packages/oslo_config/cfg.py:3253}}
Jun 20 01:11:41.790743 np0000182339 nova-conductor[110591]: DEBUG cotyledon.oslo_config_glue [-] profiler_jaeger.process_tags = {} {{(pid=110591) log_opt_values /opt/stack/data/venv/lib/python3.12/site-packages/oslo_config/cfg.py:3253}}
Jun 20 01:11:41.790790 np0000182339 nova-conductor[110563]: DEBUG nova.servicegroup.drivers.db [None req-d16b25de-9316-4d44-b566-063fc16b5d4e None None] DB_Driver: join new ServiceGroup member np0000182339 to the conductor group, service = {{(pid=110563) join /opt/stack/nova/nova/servicegroup/drivers/db.py:44}}
Jun 20 01:11:41.790862 np0000182339 nova-conductor[110591]: DEBUG cotyledon.oslo_config_glue [-] profiler_jaeger.service_name_prefix = None {{(pid=110591) log_opt_values /opt/stack/data/venv/lib/python3.12/site-packages/oslo_config/cfg.py:3253}}
Jun 20 01:11:41.790917 np0000182339 nova-conductor[110591]: DEBUG cotyledon.oslo_config_glue [-] profiler_otlp.service_name_prefix = None {{(pid=110591) log_opt_values /opt/stack/data/venv/lib/python3.12/site-packages/oslo_config/cfg.py:3253}}
Jun 20 01:11:41.790998 np0000182339 nova-conductor[110591]: DEBUG cotyledon.oslo_config_glue [-] oslo_messaging_rabbit.amqp_auto_delete = False {{(pid=110591) log_opt_values /opt/stack/data/venv/lib/python3.12/site-packages/oslo_config/cfg.py:3253}}
Jun 20 01:11:41.791048 np0000182339 nova-conductor[110591]: DEBUG cotyledon.oslo_config_glue [-] oslo_messaging_rabbit.amqp_durable_queues = False {{(pid=110591) log_opt_values /opt/stack/data/venv/lib/python3.12/site-packages/oslo_config/cfg.py:3253}}
Jun 20 01:11:41.791174 np0000182339 nova-conductor[110591]: DEBUG cotyledon.oslo_config_glue [-] oslo_messaging_rabbit.conn_pool_min_size = 2 {{(pid=110591) log_opt_values /opt/stack/data/venv/lib/python3.12/site-packages/oslo_config/cfg.py:3253}}
Jun 20 01:11:41.791253 np0000182339 nova-conductor[110591]: DEBUG cotyledon.oslo_config_glue [-] oslo_messaging_rabbit.conn_pool_ttl = 1200 {{(pid=110591) log_opt_values /opt/stack/data/venv/lib/python3.12/site-packages/oslo_config/cfg.py:3253}}
Jun 20 01:11:41.791324 np0000182339 nova-conductor[110591]: DEBUG cotyledon.oslo_config_glue [-] oslo_messaging_rabbit.direct_mandatory_flag = True {{(pid=110591) log_opt_values /opt/stack/data/venv/lib/python3.12/site-packages/oslo_config/cfg.py:3253}}
Jun 20 01:11:41.791375 np0000182339 nova-conductor[110591]: DEBUG cotyledon.oslo_config_glue [-] oslo_messaging_rabbit.enable_cancel_on_failover = False {{(pid=110591) log_opt_values /opt/stack/data/venv/lib/python3.12/site-packages/oslo_config/cfg.py:3253}}
Jun 20 01:11:41.791442 np0000182339 nova-conductor[110591]: DEBUG cotyledon.oslo_config_glue [-] oslo_messaging_rabbit.heartbeat_rate = 3 {{(pid=110591) log_opt_values /opt/stack/data/venv/lib/python3.12/site-packages/oslo_config/cfg.py:3253}}
Jun 20 01:11:41.791492 np0000182339 nova-conductor[110591]: DEBUG cotyledon.oslo_config_glue [-] oslo_messaging_rabbit.heartbeat_timeout_threshold = 60 {{(pid=110591) log_opt_values /opt/stack/data/venv/lib/python3.12/site-packages/oslo_config/cfg.py:3253}}
Jun 20 01:11:41.791570 np0000182339 nova-conductor[110591]: DEBUG cotyledon.oslo_config_glue [-] oslo_messaging_rabbit.hostname = np0000182339 {{(pid=110591) log_opt_values /opt/stack/data/venv/lib/python3.12/site-packages/oslo_config/cfg.py:3253}}
Jun 20 01:11:41.791643 np0000182339 nova-conductor[110591]: DEBUG cotyledon.oslo_config_glue [-] oslo_messaging_rabbit.kombu_compression = None {{(pid=110591) log_opt_values /opt/stack/data/venv/lib/python3.12/site-packages/oslo_config/cfg.py:3253}}
Jun 20 01:11:41.791714 np0000182339 nova-conductor[110591]: DEBUG cotyledon.oslo_config_glue [-] oslo_messaging_rabbit.kombu_failover_strategy = round-robin {{(pid=110591) log_opt_values /opt/stack/data/venv/lib/python3.12/site-packages/oslo_config/cfg.py:3253}}
Jun 20 01:11:41.791762 np0000182339 nova-conductor[110591]: DEBUG cotyledon.oslo_config_glue [-] oslo_messaging_rabbit.kombu_missing_consumer_retry_timeout = 60 {{(pid=110591) log_opt_values /opt/stack/data/venv/lib/python3.12/site-packages/oslo_config/cfg.py:3253}}
Jun 20 01:11:41.791860 np0000182339 nova-conductor[110591]: DEBUG cotyledon.oslo_config_glue [-] oslo_messaging_rabbit.kombu_reconnect_delay = 1.0 {{(pid=110591) log_opt_values /opt/stack/data/venv/lib/python3.12/site-packages/oslo_config/cfg.py:3253}}
Jun 20 01:11:41.791911 np0000182339 nova-conductor[110591]: DEBUG cotyledon.oslo_config_glue [-] oslo_messaging_rabbit.kombu_reconnect_splay = 0.0 {{(pid=110591) log_opt_values /opt/stack/data/venv/lib/python3.12/site-packages/oslo_config/cfg.py:3253}}
Jun 20 01:11:41.791988 np0000182339 nova-conductor[110591]: DEBUG cotyledon.oslo_config_glue [-] oslo_messaging_rabbit.processname = nova-conductor {{(pid=110591) log_opt_values /opt/stack/data/venv/lib/python3.12/site-packages/oslo_config/cfg.py:3253}}
Jun 20 01:11:41.792038 np0000182339 nova-conductor[110591]: DEBUG cotyledon.oslo_config_glue [-] oslo_messaging_rabbit.rabbit_ha_queues = False {{(pid=110591) log_opt_values /opt/stack/data/venv/lib/python3.12/site-packages/oslo_config/cfg.py:3253}}
Jun 20 01:11:41.792105 np0000182339 nova-conductor[110591]: DEBUG cotyledon.oslo_config_glue [-] oslo_messaging_rabbit.rabbit_interval_max = 30 {{(pid=110591) log_opt_values /opt/stack/data/venv/lib/python3.12/site-packages/oslo_config/cfg.py:3253}}
Jun 20 01:11:41.792172 np0000182339 nova-conductor[110591]: DEBUG cotyledon.oslo_config_glue [-] oslo_messaging_rabbit.rabbit_login_method = AMQPLAIN {{(pid=110591) log_opt_values /opt/stack/data/venv/lib/python3.12/site-packages/oslo_config/cfg.py:3253}}
Jun 20 01:11:41.792218 np0000182339 nova-conductor[110591]: DEBUG cotyledon.oslo_config_glue [-] oslo_messaging_rabbit.rabbit_qos_prefetch_count = 0 {{(pid=110591) log_opt_values /opt/stack/data/venv/lib/python3.12/site-packages/oslo_config/cfg.py:3253}}
Jun 20 01:11:41.792278 np0000182339 nova-conductor[110591]: DEBUG cotyledon.oslo_config_glue [-] oslo_messaging_rabbit.rabbit_quorum_delivery_limit = 0 {{(pid=110591) log_opt_values /opt/stack/data/venv/lib/python3.12/site-packages/oslo_config/cfg.py:3253}}
Jun 20 01:11:41.792335 np0000182339 nova-conductor[110591]: DEBUG cotyledon.oslo_config_glue [-] oslo_messaging_rabbit.rabbit_quorum_max_memory_bytes = 0 {{(pid=110591) log_opt_values /opt/stack/data/venv/lib/python3.12/site-packages/oslo_config/cfg.py:3253}}
Jun 20 01:11:41.792399 np0000182339 nova-conductor[110591]: DEBUG cotyledon.oslo_config_glue [-] oslo_messaging_rabbit.rabbit_quorum_max_memory_length = 0 {{(pid=110591) log_opt_values /opt/stack/data/venv/lib/python3.12/site-packages/oslo_config/cfg.py:3253}}
Jun 20 01:11:41.792468 np0000182339 nova-conductor[110591]: DEBUG cotyledon.oslo_config_glue [-] oslo_messaging_rabbit.rabbit_quorum_queue = False {{(pid=110591) log_opt_values /opt/stack/data/venv/lib/python3.12/site-packages/oslo_config/cfg.py:3253}}
Jun 20 01:11:41.792528 np0000182339 nova-conductor[110591]: DEBUG cotyledon.oslo_config_glue [-] oslo_messaging_rabbit.rabbit_retry_backoff = 2 {{(pid=110591) log_opt_values /opt/stack/data/venv/lib/python3.12/site-packages/oslo_config/cfg.py:3253}}
Jun 20 01:11:41.792585 np0000182339 nova-conductor[110591]: DEBUG cotyledon.oslo_config_glue [-] oslo_messaging_rabbit.rabbit_retry_interval = 1 {{(pid=110591) log_opt_values /opt/stack/data/venv/lib/python3.12/site-packages/oslo_config/cfg.py:3253}}
Jun 20 01:11:41.792633 np0000182339 nova-conductor[110591]: DEBUG cotyledon.oslo_config_glue [-] oslo_messaging_rabbit.rabbit_stream_fanout = False {{(pid=110591) log_opt_values /opt/stack/data/venv/lib/python3.12/site-packages/oslo_config/cfg.py:3253}}
Jun 20 01:11:41.792703 np0000182339 nova-conductor[110591]: DEBUG cotyledon.oslo_config_glue [-] oslo_messaging_rabbit.rabbit_transient_queues_ttl = 1800 {{(pid=110591) log_opt_values /opt/stack/data/venv/lib/python3.12/site-packages/oslo_config/cfg.py:3253}}
Jun 20 01:11:41.792770 np0000182339 nova-conductor[110591]: DEBUG cotyledon.oslo_config_glue [-] oslo_messaging_rabbit.rabbit_transient_quorum_queue = False {{(pid=110591) log_opt_values /opt/stack/data/venv/lib/python3.12/site-packages/oslo_config/cfg.py:3253}}
Jun 20 01:11:41.792825 np0000182339 nova-conductor[110591]: DEBUG cotyledon.oslo_config_glue [-] oslo_messaging_rabbit.rpc_conn_pool_size = 30 {{(pid=110591) log_opt_values /opt/stack/data/venv/lib/python3.12/site-packages/oslo_config/cfg.py:3253}}
Jun 20 01:11:41.792916 np0000182339 nova-conductor[110591]: DEBUG cotyledon.oslo_config_glue [-] oslo_messaging_rabbit.ssl = False {{(pid=110591) log_opt_values /opt/stack/data/venv/lib/python3.12/site-packages/oslo_config/cfg.py:3253}}
Jun 20 01:11:41.792989 np0000182339 nova-conductor[110591]: DEBUG cotyledon.oslo_config_glue [-] oslo_messaging_rabbit.ssl_ca_file = {{(pid=110591) log_opt_values /opt/stack/data/venv/lib/python3.12/site-packages/oslo_config/cfg.py:3253}}
Jun 20 01:11:41.793037 np0000182339 nova-conductor[110591]: DEBUG cotyledon.oslo_config_glue [-] oslo_messaging_rabbit.ssl_cert_file = {{(pid=110591) log_opt_values /opt/stack/data/venv/lib/python3.12/site-packages/oslo_config/cfg.py:3253}}
Jun 20 01:11:41.793101 np0000182339 nova-conductor[110591]: DEBUG cotyledon.oslo_config_glue [-] oslo_messaging_rabbit.ssl_enforce_fips_mode = False {{(pid=110591) log_opt_values /opt/stack/data/venv/lib/python3.12/site-packages/oslo_config/cfg.py:3253}}
Jun 20 01:11:41.793169 np0000182339 nova-conductor[110591]: DEBUG cotyledon.oslo_config_glue [-] oslo_messaging_rabbit.ssl_enforce_hostname_verification = True {{(pid=110591) log_opt_values /opt/stack/data/venv/lib/python3.12/site-packages/oslo_config/cfg.py:3253}}
Jun 20 01:11:41.793236 np0000182339 nova-conductor[110591]: DEBUG cotyledon.oslo_config_glue [-] oslo_messaging_rabbit.ssl_key_file = {{(pid=110591) log_opt_values /opt/stack/data/venv/lib/python3.12/site-packages/oslo_config/cfg.py:3253}}
Jun 20 01:11:41.793370 np0000182339 nova-conductor[110591]: DEBUG cotyledon.oslo_config_glue [-] oslo_messaging_rabbit.ssl_version = {{(pid=110591) log_opt_values /opt/stack/data/venv/lib/python3.12/site-packages/oslo_config/cfg.py:3253}}
Jun 20 01:11:41.793370 np0000182339 nova-conductor[110591]: DEBUG cotyledon.oslo_config_glue [-] oslo_messaging_rabbit.use_queue_manager = False {{(pid=110591) log_opt_values /opt/stack/data/venv/lib/python3.12/site-packages/oslo_config/cfg.py:3253}}
Jun 20 01:11:41.793448 np0000182339 nova-conductor[110591]: DEBUG cotyledon.oslo_config_glue [-] oslo_messaging_notifications.driver = ['messagingv2'] {{(pid=110591) log_opt_values /opt/stack/data/venv/lib/python3.12/site-packages/oslo_config/cfg.py:3253}}
Jun 20 01:11:41.793492 np0000182339 nova-conductor[110591]: DEBUG cotyledon.oslo_config_glue [-] oslo_messaging_notifications.retry = -1 {{(pid=110591) log_opt_values /opt/stack/data/venv/lib/python3.12/site-packages/oslo_config/cfg.py:3253}}
Jun 20 01:11:41.793544 np0000182339 nova-conductor[110591]: DEBUG cotyledon.oslo_config_glue [-] oslo_messaging_notifications.topics = ['notifications'] {{(pid=110591) log_opt_values /opt/stack/data/venv/lib/python3.12/site-packages/oslo_config/cfg.py:3253}}
Jun 20 01:11:41.793623 np0000182339 nova-conductor[110591]: DEBUG cotyledon.oslo_config_glue [-] oslo_messaging_notifications.transport_url = **** {{(pid=110591) log_opt_values /opt/stack/data/venv/lib/python3.12/site-packages/oslo_config/cfg.py:3253}}
Jun 20 01:11:41.793716 np0000182339 nova-conductor[110591]: DEBUG cotyledon.oslo_config_glue [-] oslo_limit.auth_section = None {{(pid=110591) log_opt_values /opt/stack/data/venv/lib/python3.12/site-packages/oslo_config/cfg.py:3253}}
Jun 20 01:11:41.793784 np0000182339 nova-conductor[110591]: DEBUG cotyledon.oslo_config_glue [-] oslo_limit.auth_type = None {{(pid=110591) log_opt_values /opt/stack/data/venv/lib/python3.12/site-packages/oslo_config/cfg.py:3253}}
Jun 20 01:11:41.793865 np0000182339 nova-conductor[110591]: DEBUG cotyledon.oslo_config_glue [-] oslo_limit.cafile = None {{(pid=110591) log_opt_values /opt/stack/data/venv/lib/python3.12/site-packages/oslo_config/cfg.py:3253}}
Jun 20 01:11:41.793927 np0000182339 nova-conductor[110591]: DEBUG cotyledon.oslo_config_glue [-] oslo_limit.certfile = None {{(pid=110591) log_opt_values /opt/stack/data/venv/lib/python3.12/site-packages/oslo_config/cfg.py:3253}}
Jun 20 01:11:41.793987 np0000182339 nova-conductor[110591]: DEBUG cotyledon.oslo_config_glue [-] oslo_limit.collect_timing = False {{(pid=110591) log_opt_values /opt/stack/data/venv/lib/python3.12/site-packages/oslo_config/cfg.py:3253}}
Jun 20 01:11:41.794045 np0000182339 nova-conductor[110591]: DEBUG cotyledon.oslo_config_glue [-] oslo_limit.connect_retries = None {{(pid=110591) log_opt_values /opt/stack/data/venv/lib/python3.12/site-packages/oslo_config/cfg.py:3253}}
Jun 20 01:11:41.794101 np0000182339 nova-conductor[110591]: DEBUG cotyledon.oslo_config_glue [-] oslo_limit.connect_retry_delay = None {{(pid=110591) log_opt_values /opt/stack/data/venv/lib/python3.12/site-packages/oslo_config/cfg.py:3253}}
Jun 20 01:11:41.794176 np0000182339 nova-conductor[110591]: DEBUG cotyledon.oslo_config_glue [-] oslo_limit.endpoint_id = None {{(pid=110591) log_opt_values /opt/stack/data/venv/lib/python3.12/site-packages/oslo_config/cfg.py:3253}}
Jun 20 01:11:41.794252 np0000182339 nova-conductor[110591]: DEBUG cotyledon.oslo_config_glue [-] oslo_limit.endpoint_interface = public {{(pid=110591) log_opt_values /opt/stack/data/venv/lib/python3.12/site-packages/oslo_config/cfg.py:3253}}
Jun 20 01:11:41.794326 np0000182339 nova-conductor[110591]: DEBUG cotyledon.oslo_config_glue [-] oslo_limit.endpoint_override = None {{(pid=110591) log_opt_values /opt/stack/data/venv/lib/python3.12/site-packages/oslo_config/cfg.py:3253}}
Jun 20 01:11:41.794371 np0000182339 nova-conductor[110591]: DEBUG cotyledon.oslo_config_glue [-] oslo_limit.endpoint_region_name = None {{(pid=110591) log_opt_values /opt/stack/data/venv/lib/python3.12/site-packages/oslo_config/cfg.py:3253}}
Jun 20 01:11:41.794435 np0000182339 nova-conductor[110591]: DEBUG cotyledon.oslo_config_glue [-] oslo_limit.endpoint_service_name = None {{(pid=110591) log_opt_values /opt/stack/data/venv/lib/python3.12/site-packages/oslo_config/cfg.py:3253}}
Jun 20 01:11:41.794511 np0000182339 nova-conductor[110591]: DEBUG cotyledon.oslo_config_glue [-] oslo_limit.endpoint_service_type = None {{(pid=110591) log_opt_values /opt/stack/data/venv/lib/python3.12/site-packages/oslo_config/cfg.py:3253}}
Jun 20 01:11:41.794574 np0000182339 nova-conductor[110591]: DEBUG cotyledon.oslo_config_glue [-] oslo_limit.insecure = False {{(pid=110591) log_opt_values /opt/stack/data/venv/lib/python3.12/site-packages/oslo_config/cfg.py:3253}}
Jun 20 01:11:41.794640 np0000182339 nova-conductor[110591]: DEBUG cotyledon.oslo_config_glue [-] oslo_limit.keyfile = None {{(pid=110591) log_opt_values /opt/stack/data/venv/lib/python3.12/site-packages/oslo_config/cfg.py:3253}}
Jun 20 01:11:41.794684 np0000182339 nova-conductor[110591]: DEBUG cotyledon.oslo_config_glue [-] oslo_limit.max_version = None {{(pid=110591) log_opt_values /opt/stack/data/venv/lib/python3.12/site-packages/oslo_config/cfg.py:3253}}
Jun 20 01:11:41.794752 np0000182339 nova-conductor[110591]: DEBUG cotyledon.oslo_config_glue [-] oslo_limit.min_version = None {{(pid=110591) log_opt_values /opt/stack/data/venv/lib/python3.12/site-packages/oslo_config/cfg.py:3253}}
Jun 20 01:11:41.794828 np0000182339 nova-conductor[110591]: DEBUG cotyledon.oslo_config_glue [-] oslo_limit.region_name = None {{(pid=110591) log_opt_values /opt/stack/data/venv/lib/python3.12/site-packages/oslo_config/cfg.py:3253}}
Jun 20 01:11:41.794895 np0000182339 nova-conductor[110591]: DEBUG cotyledon.oslo_config_glue [-] oslo_limit.retriable_status_codes = None {{(pid=110591) log_opt_values /opt/stack/data/venv/lib/python3.12/site-packages/oslo_config/cfg.py:3253}}
Jun 20 01:11:41.794973 np0000182339 nova-conductor[110591]: DEBUG cotyledon.oslo_config_glue [-] oslo_limit.service_name = None {{(pid=110591) log_opt_values /opt/stack/data/venv/lib/python3.12/site-packages/oslo_config/cfg.py:3253}}
Jun 20 01:11:41.795024 np0000182339 nova-conductor[110591]: DEBUG cotyledon.oslo_config_glue [-] oslo_limit.service_type = None {{(pid=110591) log_opt_values /opt/stack/data/venv/lib/python3.12/site-packages/oslo_config/cfg.py:3253}}
Jun 20 01:11:41.795099 np0000182339 nova-conductor[110591]: DEBUG cotyledon.oslo_config_glue [-] oslo_limit.split_loggers = False {{(pid=110591) log_opt_values /opt/stack/data/venv/lib/python3.12/site-packages/oslo_config/cfg.py:3253}}
Jun 20 01:11:41.795213 np0000182339 nova-conductor[110591]: DEBUG cotyledon.oslo_config_glue [-] oslo_limit.status_code_retries = None {{(pid=110591) log_opt_values /opt/stack/data/venv/lib/python3.12/site-packages/oslo_config/cfg.py:3253}}
Jun 20 01:11:41.795272 np0000182339 nova-conductor[110591]: DEBUG cotyledon.oslo_config_glue [-] oslo_limit.status_code_retry_delay = None {{(pid=110591) log_opt_values /opt/stack/data/venv/lib/python3.12/site-packages/oslo_config/cfg.py:3253}}
Jun 20 01:11:41.795346 np0000182339 nova-conductor[110591]: DEBUG cotyledon.oslo_config_glue [-] oslo_limit.timeout = None {{(pid=110591) log_opt_values /opt/stack/data/venv/lib/python3.12/site-packages/oslo_config/cfg.py:3253}}
Jun 20 01:11:41.795414 np0000182339 nova-conductor[110591]: DEBUG cotyledon.oslo_config_glue [-] oslo_limit.valid_interfaces = None {{(pid=110591) log_opt_values /opt/stack/data/venv/lib/python3.12/site-packages/oslo_config/cfg.py:3253}}
Jun 20 01:11:41.795486 np0000182339 nova-conductor[110591]: DEBUG cotyledon.oslo_config_glue [-] oslo_limit.version = None {{(pid=110591) log_opt_values /opt/stack/data/venv/lib/python3.12/site-packages/oslo_config/cfg.py:3253}}
Jun 20 01:11:41.795568 np0000182339 nova-conductor[110591]: DEBUG cotyledon.oslo_config_glue [-] oslo_reports.file_event_handler = None {{(pid=110591) log_opt_values /opt/stack/data/venv/lib/python3.12/site-packages/oslo_config/cfg.py:3253}}
Jun 20 01:11:41.795623 np0000182339 nova-conductor[110591]: DEBUG cotyledon.oslo_config_glue [-] oslo_reports.file_event_handler_interval = 1 {{(pid=110591) log_opt_values /opt/stack/data/venv/lib/python3.12/site-packages/oslo_config/cfg.py:3253}}
Jun 20 01:11:41.795695 np0000182339 nova-conductor[110591]: DEBUG cotyledon.oslo_config_glue [-] oslo_reports.log_dir = None {{(pid=110591) log_opt_values /opt/stack/data/venv/lib/python3.12/site-packages/oslo_config/cfg.py:3253}}
Jun 20 01:11:41.795755 np0000182339 nova-conductor[110591]: DEBUG cotyledon.oslo_config_glue [-] ******************************************************************************** {{(pid=110591) log_opt_values /opt/stack/data/venv/lib/python3.12/site-packages/oslo_config/cfg.py:3260}}
Jun 20 01:11:41.795939 np0000182339 nova-conductor[110591]: DEBUG cotyledon._service_worker [-] Run service ServiceWrapper(3) [110591] {{(pid=110591) wait_forever /opt/stack/data/venv/lib/python3.12/site-packages/cotyledon/_service_worker.py:218}}
Jun 20 01:11:41.798126 np0000182339 nova-conductor[110591]: INFO nova.service [-] Starting conductor node (version 33.1.0)
Jun 20 01:11:41.804556 np0000182339 nova-conductor[110591]: INFO dbcounter [None req-a9f75b25-f933-4714-b568-1390a4393d29 None None] Registered counter for database nova_cell0
Jun 20 01:11:41.849483 np0000182339 nova-conductor[110591]: DEBUG oslo_db.sqlalchemy.engines [None req-a9f75b25-f933-4714-b568-1390a4393d29 None None] MySQL server mode set to STRICT_TRANS_TABLES,STRICT_ALL_TABLES,NO_ZERO_IN_DATE,NO_ZERO_DATE,ERROR_FOR_DIVISION_BY_ZERO,TRADITIONAL,NO_ENGINE_SUBSTITUTION {{(pid=110591) _check_effective_sql_mode /opt/stack/data/venv/lib/python3.12/site-packages/oslo_db/sqlalchemy/engines.py:325}}
Jun 20 01:11:41.863299 np0000182339 nova-conductor[110591]: DEBUG dbcounter [-] [110591] Writer thread running {{(pid=110591) stat_writer /opt/stack/data/venv/lib/python3.12/site-packages/dbcounter.py:102}}
Jun 20 01:11:41.866474 np0000182339 nova-conductor[110591]: DEBUG nova.service [None req-a9f75b25-f933-4714-b568-1390a4393d29 None None] Creating RPC server for service: nova-conductor on topic: conductor {{(pid=110591) start /opt/stack/nova/nova/service.py:196}}
Jun 20 01:11:41.886148 np0000182339 nova-conductor[110591]: DEBUG nova.service [None req-a9f75b25-f933-4714-b568-1390a4393d29 None None] Join ServiceGroup membership for this service conductor {{(pid=110591) start /opt/stack/nova/nova/service.py:222}}
Jun 20 01:11:41.886357 np0000182339 nova-conductor[110591]: DEBUG nova.servicegroup.drivers.db [None req-a9f75b25-f933-4714-b568-1390a4393d29 None None] DB_Driver: join new ServiceGroup member np0000182339 to the conductor group, service = {{(pid=110591) join /opt/stack/nova/nova/servicegroup/drivers/db.py:44}}
Jun 20 01:11:46.789146 np0000182339 nova-conductor[110580]: DEBUG oslo.service.backend._threading.loopingcall [None req-8065081f-3bf3-4b84-ae99-670c03e4f4c1 None None] Dynamic interval looping call 'nova.service.Service.periodic_tasks' sleeping for 60.00 seconds {{(pid=110580) _run_loop /opt/stack/data/venv/lib/python3.12/site-packages/oslo_service/backend/_threading/loopingcall.py:125}}
Jun 20 01:11:46.806380 np0000182339 nova-conductor[110572]: DEBUG oslo.service.backend._threading.loopingcall [-] Fixed interval looping call 'nova.servicegroup.drivers.db.DbDriver._report_state' sleeping for 119.98 seconds {{(pid=110572) _run_loop /opt/stack/data/venv/lib/python3.12/site-packages/oslo_service/backend/_threading/loopingcall.py:125}}
Jun 20 01:11:46.807152 np0000182339 nova-conductor[110580]: DEBUG oslo.service.backend._threading.loopingcall [-] Fixed interval looping call 'nova.servicegroup.drivers.db.DbDriver._report_state' sleeping for 119.98 seconds {{(pid=110580) _run_loop /opt/stack/data/venv/lib/python3.12/site-packages/oslo_service/backend/_threading/loopingcall.py:125}}
Jun 20 01:11:46.807904 np0000182339 nova-conductor[110563]: DEBUG oslo.service.backend._threading.loopingcall [-] Fixed interval looping call 'nova.servicegroup.drivers.db.DbDriver._report_state' sleeping for 119.99 seconds {{(pid=110563) _run_loop /opt/stack/data/venv/lib/python3.12/site-packages/oslo_service/backend/_threading/loopingcall.py:125}}
Jun 20 01:11:46.902479 np0000182339 nova-conductor[110591]: DEBUG oslo.service.backend._threading.loopingcall [-] Fixed interval looping call 'nova.servicegroup.drivers.db.DbDriver._report_state' sleeping for 119.99 seconds {{(pid=110591) _run_loop /opt/stack/data/venv/lib/python3.12/site-packages/oslo_service/backend/_threading/loopingcall.py:125}}
Jun 20 01:11:48.889490 np0000182339 nova-conductor[110591]: DEBUG oslo.service.backend._threading.loopingcall [None req-4dde1c6c-6ded-40ff-992d-7b99c22b7b23 None None] Dynamic interval looping call 'nova.service.Service.periodic_tasks' sleeping for 60.00 seconds {{(pid=110591) _run_loop /opt/stack/data/venv/lib/python3.12/site-packages/oslo_service/backend/_threading/loopingcall.py:125}}
Jun 20 01:11:50.319774 np0000182339 nova-conductor[109788]: DEBUG dbcounter [-] [109788] Writing DB stats nova_api:SELECT=1 {{(pid=109788) stat_writer /opt/stack/data/venv/lib/python3.12/site-packages/dbcounter.py:115}}
Jun 20 01:11:50.464283 np0000182339 nova-conductor[109788]: DEBUG dbcounter [-] [109788] Writing DB stats nova_cell1:SELECT=1 {{(pid=109788) stat_writer /opt/stack/data/venv/lib/python3.12/site-packages/dbcounter.py:115}}
Jun 20 01:11:50.470942 np0000182339 nova-conductor[109788]: DEBUG dbcounter [-] [109788] Writing DB stats nova_cell0:SELECT=1 {{(pid=109788) stat_writer /opt/stack/data/venv/lib/python3.12/site-packages/dbcounter.py:115}}
Jun 20 01:11:56.799115 np0000182339 nova-conductor[110572]: DEBUG dbcounter [-] [110572] Writing DB stats nova_cell0:SELECT=3,nova_cell0:UPDATE=1 {{(pid=110572) stat_writer /opt/stack/data/venv/lib/python3.12/site-packages/dbcounter.py:115}}
Jun 20 01:11:56.801381 np0000182339 nova-conductor[110580]: DEBUG dbcounter [-] [110580] Writing DB stats nova_cell0:SELECT=3,nova_cell0:UPDATE=1 {{(pid=110580) stat_writer /opt/stack/data/venv/lib/python3.12/site-packages/dbcounter.py:115}}
Jun 20 01:11:56.805043 np0000182339 nova-conductor[110563]: DEBUG dbcounter [-] [110563] Writing DB stats nova_cell0:SELECT=4,nova_cell0:INSERT=1,nova_cell0:UPDATE=1 {{(pid=110563) stat_writer /opt/stack/data/venv/lib/python3.12/site-packages/dbcounter.py:115}}
Jun 20 01:11:56.899279 np0000182339 nova-conductor[110591]: DEBUG dbcounter [-] [110591] Writing DB stats nova_cell0:SELECT=3 {{(pid=110591) stat_writer /opt/stack/data/venv/lib/python3.12/site-packages/dbcounter.py:115}}
Jun 20 01:12:14.793751 np0000182339 nova-conductor[110563]: DEBUG oslo.service.backend._threading.loopingcall [None req-97f23a9a-c31f-4e9a-85ac-38c3f3c55fb2 None None] Dynamic interval looping call 'nova.service.Service.periodic_tasks' sleeping for 60.00 seconds {{(pid=110563) _run_loop /opt/stack/data/venv/lib/python3.12/site-packages/oslo_service/backend/_threading/loopingcall.py:125}}
Jun 20 01:13:00.267645 np0000182339 nova-conductor[110572]: DEBUG oslo.service.backend._threading.loopingcall [None req-9432454d-52f7-45d7-9cb7-6082977deca1 None None] Dynamic interval looping call 'nova.service.Service.periodic_tasks' sleeping for 60.00 seconds {{(pid=110572) _run_loop /opt/stack/data/venv/lib/python3.12/site-packages/oslo_service/backend/_threading/loopingcall.py:125}}
Jun 20 01:13:00.272020 np0000182339 nova-conductor[110580]: DEBUG oslo.service.backend._threading.loopingcall [None req-8065081f-3bf3-4b84-ae99-670c03e4f4c1 None None] Dynamic interval looping call 'nova.service.Service.periodic_tasks' sleeping for 60.00 seconds {{(pid=110580) _run_loop /opt/stack/data/venv/lib/python3.12/site-packages/oslo_service/backend/_threading/loopingcall.py:125}}
Jun 20 01:13:00.273517 np0000182339 nova-conductor[110591]: DEBUG oslo.service.backend._threading.loopingcall [None req-4dde1c6c-6ded-40ff-992d-7b99c22b7b23 None None] Dynamic interval looping call 'nova.service.Service.periodic_tasks' sleeping for 60.00 seconds {{(pid=110591) _run_loop /opt/stack/data/venv/lib/python3.12/site-packages/oslo_service/backend/_threading/loopingcall.py:125}}
Jun 20 01:13:14.794560 np0000182339 nova-conductor[110563]: DEBUG oslo.service.backend._threading.loopingcall [None req-97f23a9a-c31f-4e9a-85ac-38c3f3c55fb2 None None] Dynamic interval looping call 'nova.service.Service.periodic_tasks' sleeping for 60.00 seconds {{(pid=110563) _run_loop /opt/stack/data/venv/lib/python3.12/site-packages/oslo_service/backend/_threading/loopingcall.py:125}}
Jun 20 01:13:38.789848 np0000182339 nova-conductor[110572]: DEBUG oslo.service.backend._threading.loopingcall [None req-9432454d-52f7-45d7-9cb7-6082977deca1 None None] Dynamic interval looping call 'nova.service.Service.periodic_tasks' sleeping for 60.00 seconds {{(pid=110572) _run_loop /opt/stack/data/venv/lib/python3.12/site-packages/oslo_service/backend/_threading/loopingcall.py:125}}
Jun 20 01:13:46.791880 np0000182339 nova-conductor[110580]: DEBUG oslo.service.backend._threading.loopingcall [None req-8065081f-3bf3-4b84-ae99-670c03e4f4c1 None None] Dynamic interval looping call 'nova.service.Service.periodic_tasks' sleeping for 60.00 seconds {{(pid=110580) _run_loop /opt/stack/data/venv/lib/python3.12/site-packages/oslo_service/backend/_threading/loopingcall.py:125}}
Jun 20 01:13:46.797028 np0000182339 nova-conductor[110572]: DEBUG oslo.service.backend._threading.loopingcall [-] Fixed interval looping call 'nova.servicegroup.drivers.db.DbDriver._report_state' sleeping for 119.99 seconds {{(pid=110572) _run_loop /opt/stack/data/venv/lib/python3.12/site-packages/oslo_service/backend/_threading/loopingcall.py:125}}
Jun 20 01:13:46.797867 np0000182339 nova-conductor[110580]: DEBUG oslo.service.backend._threading.loopingcall [-] Fixed interval looping call 'nova.servicegroup.drivers.db.DbDriver._report_state' sleeping for 119.99 seconds {{(pid=110580) _run_loop /opt/stack/data/venv/lib/python3.12/site-packages/oslo_service/backend/_threading/loopingcall.py:125}}
Jun 20 01:13:46.803691 np0000182339 nova-conductor[110563]: DEBUG oslo.service.backend._threading.loopingcall [-] Fixed interval looping call 'nova.servicegroup.drivers.db.DbDriver._report_state' sleeping for 119.99 seconds {{(pid=110563) _run_loop /opt/stack/data/venv/lib/python3.12/site-packages/oslo_service/backend/_threading/loopingcall.py:125}}
Jun 20 01:13:46.899120 np0000182339 nova-conductor[110591]: DEBUG oslo.service.backend._threading.loopingcall [-] Fixed interval looping call 'nova.servicegroup.drivers.db.DbDriver._report_state' sleeping for 119.99 seconds {{(pid=110591) _run_loop /opt/stack/data/venv/lib/python3.12/site-packages/oslo_service/backend/_threading/loopingcall.py:125}}
Jun 20 01:13:48.891678 np0000182339 nova-conductor[110591]: DEBUG oslo.service.backend._threading.loopingcall [None req-4dde1c6c-6ded-40ff-992d-7b99c22b7b23 None None] Dynamic interval looping call 'nova.service.Service.periodic_tasks' sleeping for 60.00 seconds {{(pid=110591) _run_loop /opt/stack/data/venv/lib/python3.12/site-packages/oslo_service/backend/_threading/loopingcall.py:125}}
Jun 20 01:13:56.790587 np0000182339 nova-conductor[110572]: DEBUG dbcounter [-] [110572] Writing DB stats nova_cell0:SELECT=1,nova_cell0:UPDATE=1 {{(pid=110572) stat_writer /opt/stack/data/venv/lib/python3.12/site-packages/dbcounter.py:115}}
Jun 20 01:13:56.792375 np0000182339 nova-conductor[110580]: DEBUG dbcounter [-] [110580] Writing DB stats nova_cell0:SELECT=1,nova_cell0:UPDATE=1 {{(pid=110580) stat_writer /opt/stack/data/venv/lib/python3.12/site-packages/dbcounter.py:115}}
Jun 20 01:13:56.801145 np0000182339 nova-conductor[110563]: DEBUG dbcounter [-] [110563] Writing DB stats nova_cell0:SELECT=1 {{(pid=110563) stat_writer /opt/stack/data/venv/lib/python3.12/site-packages/dbcounter.py:115}}
Jun 20 01:13:56.895885 np0000182339 nova-conductor[110591]: DEBUG dbcounter [-] [110591] Writing DB stats nova_cell0:SELECT=1 {{(pid=110591) stat_writer /opt/stack/data/venv/lib/python3.12/site-packages/dbcounter.py:115}}
Jun 20 01:14:14.795425 np0000182339 nova-conductor[110563]: DEBUG oslo.service.backend._threading.loopingcall [None req-97f23a9a-c31f-4e9a-85ac-38c3f3c55fb2 None None] Dynamic interval looping call 'nova.service.Service.periodic_tasks' sleeping for 60.00 seconds {{(pid=110563) _run_loop /opt/stack/data/venv/lib/python3.12/site-packages/oslo_service/backend/_threading/loopingcall.py:125}}
Jun 20 01:14:38.790641 np0000182339 nova-conductor[110572]: DEBUG oslo.service.backend._threading.loopingcall [None req-9432454d-52f7-45d7-9cb7-6082977deca1 None None] Dynamic interval looping call 'nova.service.Service.periodic_tasks' sleeping for 60.00 seconds {{(pid=110572) _run_loop /opt/stack/data/venv/lib/python3.12/site-packages/oslo_service/backend/_threading/loopingcall.py:125}}
Jun 20 01:14:46.792407 np0000182339 nova-conductor[110580]: DEBUG oslo.service.backend._threading.loopingcall [None req-8065081f-3bf3-4b84-ae99-670c03e4f4c1 None None] Dynamic interval looping call 'nova.service.Service.periodic_tasks' sleeping for 60.00 seconds {{(pid=110580) _run_loop /opt/stack/data/venv/lib/python3.12/site-packages/oslo_service/backend/_threading/loopingcall.py:125}}
Jun 20 01:14:48.892377 np0000182339 nova-conductor[110591]: DEBUG oslo.service.backend._threading.loopingcall [None req-4dde1c6c-6ded-40ff-992d-7b99c22b7b23 None None] Dynamic interval looping call 'nova.service.Service.periodic_tasks' sleeping for 60.00 seconds {{(pid=110591) _run_loop /opt/stack/data/venv/lib/python3.12/site-packages/oslo_service/backend/_threading/loopingcall.py:125}}
Jun 20 01:15:14.796288 np0000182339 nova-conductor[110563]: DEBUG oslo.service.backend._threading.loopingcall [None req-97f23a9a-c31f-4e9a-85ac-38c3f3c55fb2 None None] Dynamic interval looping call 'nova.service.Service.periodic_tasks' sleeping for 60.00 seconds {{(pid=110563) _run_loop /opt/stack/data/venv/lib/python3.12/site-packages/oslo_service/backend/_threading/loopingcall.py:125}}
Jun 20 01:15:38.791276 np0000182339 nova-conductor[110572]: DEBUG oslo.service.backend._threading.loopingcall [None req-9432454d-52f7-45d7-9cb7-6082977deca1 None None] Dynamic interval looping call 'nova.service.Service.periodic_tasks' sleeping for 60.00 seconds {{(pid=110572) _run_loop /opt/stack/data/venv/lib/python3.12/site-packages/oslo_service/backend/_threading/loopingcall.py:125}}
Jun 20 01:15:46.794784 np0000182339 nova-conductor[110580]: DEBUG oslo.service.backend._threading.loopingcall [None req-8065081f-3bf3-4b84-ae99-670c03e4f4c1 None None] Dynamic interval looping call 'nova.service.Service.periodic_tasks' sleeping for 60.00 seconds {{(pid=110580) _run_loop /opt/stack/data/venv/lib/python3.12/site-packages/oslo_service/backend/_threading/loopingcall.py:125}}
Jun 20 01:15:48.893401 np0000182339 nova-conductor[110591]: DEBUG oslo.service.backend._threading.loopingcall [None req-4dde1c6c-6ded-40ff-992d-7b99c22b7b23 None None] Dynamic interval looping call 'nova.service.Service.periodic_tasks' sleeping for 60.00 seconds {{(pid=110591) _run_loop /opt/stack/data/venv/lib/python3.12/site-packages/oslo_service/backend/_threading/loopingcall.py:125}}
Jun 20 01:15:53.534216 np0000182339 nova-conductor[110580]: DEBUG oslo.service.backend._threading.loopingcall [-] Fixed interval looping call 'nova.servicegroup.drivers.db.DbDriver._report_state' sleeping for 113.25 seconds {{(pid=110580) _run_loop /opt/stack/data/venv/lib/python3.12/site-packages/oslo_service/backend/_threading/loopingcall.py:125}}
Jun 20 01:15:53.587196 np0000182339 nova-conductor[110563]: DEBUG oslo.service.backend._threading.loopingcall [-] Fixed interval looping call 'nova.servicegroup.drivers.db.DbDriver._report_state' sleeping for 113.26 seconds {{(pid=110563) _run_loop /opt/stack/data/venv/lib/python3.12/site-packages/oslo_service/backend/_threading/loopingcall.py:125}}
Jun 20 01:15:53.588112 np0000182339 nova-conductor[110591]: DEBUG oslo.service.backend._threading.loopingcall [-] Fixed interval looping call 'nova.servicegroup.drivers.db.DbDriver._report_state' sleeping for 113.35 seconds {{(pid=110591) _run_loop /opt/stack/data/venv/lib/python3.12/site-packages/oslo_service/backend/_threading/loopingcall.py:125}}
Jun 20 01:15:53.588741 np0000182339 nova-conductor[110572]: DEBUG oslo.service.backend._threading.loopingcall [-] Fixed interval looping call 'nova.servicegroup.drivers.db.DbDriver._report_state' sleeping for 113.25 seconds {{(pid=110572) _run_loop /opt/stack/data/venv/lib/python3.12/site-packages/oslo_service/backend/_threading/loopingcall.py:125}}
Jun 20 01:15:56.797598 np0000182339 nova-conductor[110572]: DEBUG dbcounter [-] [110572] Writing DB stats nova_cell0:SELECT=1,nova_cell0:UPDATE=1 {{(pid=110572) stat_writer /opt/stack/data/venv/lib/python3.12/site-packages/dbcounter.py:115}}
Jun 20 01:15:56.798275 np0000182339 nova-conductor[110580]: DEBUG dbcounter [-] [110580] Writing DB stats nova_cell0:SELECT=1,nova_cell0:UPDATE=1 {{(pid=110580) stat_writer /opt/stack/data/venv/lib/python3.12/site-packages/dbcounter.py:115}}
