2026-07-10 22:39:56.844 7 INFO placement.requestlog [req-d5c2bf78-12a0-4abd-bfb7-eafe58340c7e req-113586b1-c3f4-49a4-93cd-1e72e6fd014e db08cbffc1214b3fbeb4f6ca493cd9f9 1eacaff5e0a2406a9121a5f318368127 - - 9c8d723f42a64131b6a38bc67060f52c 9c8d723f42a64131b6a38bc67060f52c] 199.204.45.77 "GET /allocations/f86385b0-599d-4601-932e-c98b7a60ceb5" status: 200 len: 257 microversion: 1.28 [pid: 7|app: 0|req: 338/679] 199.204.45.77 () {34 vars in 862 bytes} [Fri Jul 10 22:39:56 2026] GET /allocations/f86385b0-599d-4601-932e-c98b7a60ceb5 => generated 257 bytes in 13 msecs (HTTP/1.1 200) 8 headers in 296 bytes (1 switches on core 0)
2026-07-10 22:39:57.500 8 INFO placement.requestlog [None req-1772e8c8-3212-40e4-9f08-500481d412fb - - - - - -] 10.0.0.95 "GET /" status: 200 len: 136 microversion: 1.0 [pid: 8|app: 0|req: 342/680] 10.0.0.95 () {28 vars in 436 bytes} [Fri Jul 10 22:39:57 2026] GET / => generated 136 bytes in 1 msecs (HTTP/1.1 200) 6 headers in 224 bytes (1 switches on core 0)
2026-07-10 22:39:57.552 7 INFO placement.requestlog [req-d45cbd66-3c39-4abc-8897-52adcbeab0c9 req-9abcf3b8-6e7f-4ce5-b9eb-26fbc9348978 db08cbffc1214b3fbeb4f6ca493cd9f9 1eacaff5e0a2406a9121a5f318368127 - - 9c8d723f42a64131b6a38bc67060f52c 9c8d723f42a64131b6a38bc67060f52c] 10.0.0.95 "DELETE /allocations/40c9651c-5523-4ca5-b4e3-47c6c35ca1ca" status: 404 len: 228 microversion: 1.0 [pid: 7|app: 0|req: 339/681] 10.0.0.95 () {34 vars in 829 bytes} [Fri Jul 10 22:39:57 2026] DELETE /allocations/40c9651c-5523-4ca5-b4e3-47c6c35ca1ca => generated 228 bytes in 43 msecs (HTTP/1.1 404) 6 headers in 231 bytes (1 switches on core 0)
2026-07-10 22:39:57.931 8 INFO placement.requestlog [req-d9429dcc-b763-4532-866f-5185fb02a7dd req-c3a14e1a-ce0b-4860-9aca-92616b71b830 db08cbffc1214b3fbeb4f6ca493cd9f9 1eacaff5e0a2406a9121a5f318368127 - - 9c8d723f42a64131b6a38bc67060f52c 9c8d723f42a64131b6a38bc67060f52c] 199.204.45.77 "DELETE /allocations/5681af66-cd98-46ed-bc04-c51a8dbb48bf" status: 204 len: 0 microversion: 1.0 [pid: 8|app: 0|req: 343/682] 199.204.45.77 () {34 vars in 840 bytes} [Fri Jul 10 22:39:57 2026] DELETE /allocations/5681af66-cd98-46ed-bc04-c51a8dbb48bf => generated 0 bytes in 24 msecs (HTTP/1.1 204) 5 headers in 198 bytes (1 switches on core 0)
2026-07-10 22:39:58.573 7 INFO placement.requestlog [req-70e955ad-b1fe-4a00-9820-18cb5e351291 req-33f3a0da-0837-4789-9f7a-b0be6971a05a db08cbffc1214b3fbeb4f6ca493cd9f9 1eacaff5e0a2406a9121a5f318368127 - - 9c8d723f42a64131b6a38bc67060f52c 9c8d723f42a64131b6a38bc67060f52c] 199.204.45.77 "GET /resource_providers/605bf2ab-29de-45db-aac0-f6d7238f2cbe/allocations" status: 200 len: 252 microversion: 1.0 [pid: 7|app: 0|req: 340/683] 199.204.45.77 () {32 vars in 856 bytes} [Fri Jul 10 22:39:58 2026] GET /resource_providers/605bf2ab-29de-45db-aac0-f6d7238f2cbe/allocations => generated 252 bytes in 18 msecs (HTTP/1.1 200) 6 headers in 224 bytes (1 switches on core 0)
2026-07-10 22:39:58.592 8 INFO placement.requestlog [req-70e955ad-b1fe-4a00-9820-18cb5e351291 req-7052f819-45d8-4612-bc0a-dda5a772fd38 db08cbffc1214b3fbeb4f6ca493cd9f9 1eacaff5e0a2406a9121a5f318368127 - - 9c8d723f42a64131b6a38bc67060f52c 9c8d723f42a64131b6a38bc67060f52c] 199.204.45.77 "GET /allocations/df3d4146-147b-46b8-b72c-4aeb94335bca" status: 200 len: 257 microversion: 1.28 [pid: 8|app: 0|req: 344/684] 199.204.45.77 () {34 vars in 862 bytes} [Fri Jul 10 22:39:58 2026] GET /allocations/df3d4146-147b-46b8-b72c-4aeb94335bca => generated 257 bytes in 13 msecs (HTTP/1.1 200) 8 headers in 296 bytes (1 switches on core 0)
2026-07-10 22:39:58.612 7 INFO placement.requestlog [req-70e955ad-b1fe-4a00-9820-18cb5e351291 req-89e111e2-b49c-4c57-aa2c-05d4bb5395b6 db08cbffc1214b3fbeb4f6ca493cd9f9 1eacaff5e0a2406a9121a5f318368127 - - 9c8d723f42a64131b6a38bc67060f52c 9c8d723f42a64131b6a38bc67060f52c] 199.204.45.77 "GET /allocations/f86385b0-599d-4601-932e-c98b7a60ceb5" status: 200 len: 257 microversion: 1.28 [pid: 7|app: 0|req: 341/685] 199.204.45.77 () {34 vars in 862 bytes} [Fri Jul 10 22:39:58 2026] GET /allocations/f86385b0-599d-4601-932e-c98b7a60ceb5 => generated 257 bytes in 14 msecs (HTTP/1.1 200) 8 headers in 296 bytes (1 switches on core 0)
2026-07-10 22:39:59.118 8 INFO placement.requestlog [None req-80bb0dcb-a174-465e-b6aa-969c7be426b3 - - - - - -] 10.0.0.119 "GET /" status: 200 len: 136 microversion: 1.0
2026-07-10 22:39:59.119 7 INFO placement.requestlog [None req-675516dc-ba1d-4b92-956d-944ff7b2402a - - - - - -] 10.0.0.119 "GET /" status: 200 len: 136 microversion: 1.0
2026-07-10 22:39:59.132 8 INFO placement.requestlog [req-5dc75118-b3c0-4399-8f66-04775e44262c req-38b70945-66d3-4447-a888-964da40fcf64 db08cbffc1214b3fbeb4f6ca493cd9f9 1eacaff5e0a2406a9121a5f318368127 - - 9c8d723f42a64131b6a38bc67060f52c 9c8d723f42a64131b6a38bc67060f52c] 10.0.0.95 "DELETE /allocations/5681af66-cd98-46ed-bc04-c51a8dbb48bf" status: 404 len: 228 microversion: 1.0 [pid: 8|app: 0|req: 346/688] 10.0.0.95 () {34 vars in 829 bytes} [Fri Jul 10 22:39:59 2026] DELETE /allocations/5681af66-cd98-46ed-bc04-c51a8dbb48bf => generated 228 bytes in 13 msecs (HTTP/1.1 404) 6 headers in 231 bytes (1 switches on core 0)
2026-07-10 22:39:59.714 7 INFO placement.requestlog [None req-bae916c8-65b2-424b-8a0d-92cfa72eb8f3 8c4fc92b989844e48879191966621bba 1eacaff5e0a2406a9121a5f318368127 - - 9c8d723f42a64131b6a38bc67060f52c 9c8d723f42a64131b6a38bc67060f52c] 10.0.0.114 "GET /resource_providers/8562989f-e5aa-461a-8514-083527f75b98/aggregates" status: 404 len: 235 microversion: 1.1 [pid: 7|app: 0|req: 343/689] 10.0.0.114 () {32 vars in 816 bytes} [Fri Jul 10 22:39:59 2026] GET /resource_providers/8562989f-e5aa-461a-8514-083527f75b98/aggregates => generated 235 bytes in 8 msecs (HTTP/1.1 404) 5 headers in 202 bytes (1 switches on core 0)
2026-07-10 22:39:59.718 8 INFO placement.requestlog [None req-26120021-4248-4ba4-992a-e0e99d86248d 8c4fc92b989844e48879191966621bba 1eacaff5e0a2406a9121a5f318368127 - - 9c8d723f42a64131b6a38bc67060f52c 9c8d723f42a64131b6a38bc67060f52c] 10.0.0.114 "GET /resource_providers/8562989f-e5aa-461a-8514-083527f75b98/aggregates" status: 404 len: 235 microversion: 1.1 [pid: 8|app: 0|req: 347/690] 10.0.0.114 () {32 vars in 816 bytes} [Fri Jul 10 22:39:59 2026] GET /resource_providers/8562989f-e5aa-461a-8514-083527f75b98/aggregates => generated 235 bytes in 10 msecs (HTTP/1.1 404) 5 headers in 202 bytes (1 switches on core 0)
2026-07-10 22:39:59.733 7 INFO placement.requestlog [None req-a41cc7b7-80ec-426a-8d77-c652aaf0ab70 8c4fc92b989844e48879191966621bba 1eacaff5e0a2406a9121a5f318368127 - - 9c8d723f42a64131b6a38bc67060f52c 9c8d723f42a64131b6a38bc67060f52c] 10.0.0.114 "DELETE /resource_providers/8562989f-e5aa-461a-8514-083527f75b98" status: 404 len: 246 microversion: 1.1 [pid: 7|app: 0|req: 344/691] 10.0.0.114 () {34 vars in 816 bytes} [Fri Jul 10 22:39:59 2026] DELETE /resource_providers/8562989f-e5aa-461a-8514-083527f75b98 => generated 246 bytes in 10 msecs (HTTP/1.1 404) 6 headers in 231 bytes (1 switches on core 0)
2026-07-10 22:39:59.743 8 INFO placement.requestlog [None req-fabc13b4-987b-45c1-9d88-5b330fcc17fd 8c4fc92b989844e48879191966621bba 1eacaff5e0a2406a9121a5f318368127 - - 9c8d723f42a64131b6a38bc67060f52c 9c8d723f42a64131b6a38bc67060f52c] 10.0.0.114 "DELETE /resource_providers/8562989f-e5aa-461a-8514-083527f75b98" status: 404 len: 246 microversion: 1.1 [pid: 8|app: 0|req: 348/692] 10.0.0.114 () {34 vars in 816 bytes} [Fri Jul 10 22:39:59 2026] DELETE /resource_providers/8562989f-e5aa-461a-8514-083527f75b98 => generated 246 bytes in 10 msecs (HTTP/1.1 404) 6 headers in 231 bytes (1 switches on core 0)
2026-07-10 22:40:00.245 7 INFO placement.requestlog [req-d5c2bf78-12a0-4abd-bfb7-eafe58340c7e req-013b3321-5fd9-41f9-a66c-1522628bf443 db08cbffc1214b3fbeb4f6ca493cd9f9 1eacaff5e0a2406a9121a5f318368127 - - 9c8d723f42a64131b6a38bc67060f52c 9c8d723f42a64131b6a38bc67060f52c] 199.204.45.77 "DELETE /allocations/df3d4146-147b-46b8-b72c-4aeb94335bca" status: 204 len: 0 microversion: 1.0 [pid: 7|app: 0|req: 345/693] 199.204.45.77 () {34 vars in 840 bytes} [Fri Jul 10 22:40:00 2026] DELETE /allocations/df3d4146-147b-46b8-b72c-4aeb94335bca => generated 0 bytes in 21 msecs (HTTP/1.1 204) 5 headers in 198 bytes (1 switches on core 0)
2026-07-10 22:40:00.758 8 INFO placement.requestlog [req-2ae266a5-acfb-4f13-a340-558c37f10d69 req-1691ac10-ec5a-4e58-86ca-bd7a9a416b05 db08cbffc1214b3fbeb4f6ca493cd9f9 1eacaff5e0a2406a9121a5f318368127 - - 9c8d723f42a64131b6a38bc67060f52c 9c8d723f42a64131b6a38bc67060f52c] 10.0.0.95 "DELETE /allocations/df3d4146-147b-46b8-b72c-4aeb94335bca" status: 404 len: 228 microversion: 1.0 [pid: 8|app: 0|req: 349/694] 10.0.0.95 () {34 vars in 829 bytes} [Fri Jul 10 22:40:00 2026] DELETE /allocations/df3d4146-147b-46b8-b72c-4aeb94335bca => generated 228 bytes in 10 msecs (HTTP/1.1 404) 6 headers in 231 bytes (1 switches on core 0)
2026-07-10 22:40:01.430 8 INFO placement.requestlog [None req-67992fe5-8272-45fa-9cb5-9c381af93d08 8c4fc92b989844e48879191966621bba 1eacaff5e0a2406a9121a5f318368127 - - 9c8d723f42a64131b6a38bc67060f52c 9c8d723f42a64131b6a38bc67060f52c] 10.0.0.114 "GET /resource_providers/fb955e1e-5236-48ef-9a8b-cfe018919f79/aggregates" status: 404 len: 235 microversion: 1.1 [pid: 8|app: 0|req: 350/695] 10.0.0.114 () {32 vars in 816 bytes} [Fri Jul 10 22:40:01 2026] GET /resource_providers/fb955e1e-5236-48ef-9a8b-cfe018919f79/aggregates => generated 235 bytes in 10 msecs (HTTP/1.1 404) 5 headers in 202 bytes (1 switches on core 0)
2026-07-10 22:40:01.434 7 INFO placement.requestlog [None req-df4d9c88-1e5f-4545-8910-6d28bf819637 8c4fc92b989844e48879191966621bba 1eacaff5e0a2406a9121a5f318368127 - - 9c8d723f42a64131b6a38bc67060f52c 9c8d723f42a64131b6a38bc67060f52c] 10.0.0.114 "GET /resource_providers/fb955e1e-5236-48ef-9a8b-cfe018919f79/aggregates" status: 404 len: 235 microversion: 1.1 [pid: 7|app: 0|req: 346/696] 10.0.0.114 () {32 vars in 816 bytes} [Fri Jul 10 22:40:01 2026] GET /resource_providers/fb955e1e-5236-48ef-9a8b-cfe018919f79/aggregates => generated 235 bytes in 20 msecs (HTTP/1.1 404) 5 headers in 202 bytes (1 switches on core 0)
2026-07-10 22:40:01.464 8 INFO placement.requestlog [None req-1d2875ef-5500-4e42-aaca-abe9bb276c8c 8c4fc92b989844e48879191966621bba 1eacaff5e0a2406a9121a5f318368127 - - 9c8d723f42a64131b6a38bc67060f52c 9c8d723f42a64131b6a38bc67060f52c] 10.0.0.114 "DELETE /resource_providers/fb955e1e-5236-48ef-9a8b-cfe018919f79" status: 404 len: 246 microversion: 1.1 [pid: 8|app: 0|req: 351/697] 10.0.0.114 () {34 vars in 816 bytes} [Fri Jul 10 22:40:01 2026] DELETE /resource_providers/fb955e1e-5236-48ef-9a8b-cfe018919f79 => generated 246 bytes in 8 msecs (HTTP/1.1 404) 6 headers in 231 bytes (1 switches on core 0)
2026-07-10 22:40:01.467 7 INFO placement.requestlog [None req-40379c29-a939-4202-871c-07c8665ef08b 8c4fc92b989844e48879191966621bba 1eacaff5e0a2406a9121a5f318368127 - - 9c8d723f42a64131b6a38bc67060f52c 9c8d723f42a64131b6a38bc67060f52c] 10.0.0.114 "DELETE /resource_providers/fb955e1e-5236-48ef-9a8b-cfe018919f79" status: 404 len: 246 microversion: 1.1 [pid: 7|app: 0|req: 347/698] 10.0.0.114 () {34 vars in 816 bytes} [Fri Jul 10 22:40:01 2026] DELETE /resource_providers/fb955e1e-5236-48ef-9a8b-cfe018919f79 => generated 246 bytes in 11 msecs (HTTP/1.1 404) 6 headers in 231 bytes (1 switches on core 0)
2026-07-10 22:40:01.758 8 INFO placement.requestlog [None req-a33196cb-9575-45b3-85ac-703980054b71 8c4fc92b989844e48879191966621bba 1eacaff5e0a2406a9121a5f318368127 - - 9c8d723f42a64131b6a38bc67060f52c 9c8d723f42a64131b6a38bc67060f52c] 10.0.0.114 "GET /resource_providers/ad6681b9-6bdf-4997-ac2f-775ada0ebce0/aggregates" status: 404 len: 235 microversion: 1.1 [pid: 8|app: 0|req: 352/699] 10.0.0.114 () {32 vars in 816 bytes} [Fri Jul 10 22:40:01 2026] GET /resource_providers/ad6681b9-6bdf-4997-ac2f-775ada0ebce0/aggregates => generated 235 bytes in 8 msecs (HTTP/1.1 404) 5 headers in 202 bytes (1 switches on core 0)
2026-07-10 22:40:01.762 7 INFO placement.requestlog [None req-b4629151-6ed6-4455-b5dd-d0772c4786ec 8c4fc92b989844e48879191966621bba 1eacaff5e0a2406a9121a5f318368127 - - 9c8d723f42a64131b6a38bc67060f52c 9c8d723f42a64131b6a38bc67060f52c] 10.0.0.114 "GET /resource_providers/ad6681b9-6bdf-4997-ac2f-775ada0ebce0/aggregates" status: 404 len: 235 microversion: 1.1 [pid: 7|app: 0|req: 348/700] 10.0.0.114 () {32 vars in 816 bytes} [Fri Jul 10 22:40:01 2026] GET /resource_providers/ad6681b9-6bdf-4997-ac2f-775ada0ebce0/aggregates => generated 235 bytes in 10 msecs (HTTP/1.1 404) 5 headers in 202 bytes (1 switches on core 0)
2026-07-10 22:40:01.771 8 INFO placement.requestlog [None req-5dbcd330-af9f-4d81-b1e7-ea28c4b270f4 8c4fc92b989844e48879191966621bba 1eacaff5e0a2406a9121a5f318368127 - - 9c8d723f42a64131b6a38bc67060f52c 9c8d723f42a64131b6a38bc67060f52c] 10.0.0.114 "DELETE /resource_providers/ad6681b9-6bdf-4997-ac2f-775ada0ebce0" status: 404 len: 246 microversion: 1.1 [pid: 8|app: 0|req: 353/701] 10.0.0.114 () {34 vars in 816 bytes} [Fri Jul 10 22:40:01 2026] DELETE /resource_providers/ad6681b9-6bdf-4997-ac2f-775ada0ebce0 => generated 246 bytes in 6 msecs (HTTP/1.1 404) 6 headers in 231 bytes (1 switches on core 0)
2026-07-10 22:40:01.784 7 INFO placement.requestlog [None req-1436e704-1e2e-4630-afca-a00872d79d80 8c4fc92b989844e48879191966621bba 1eacaff5e0a2406a9121a5f318368127 - - 9c8d723f42a64131b6a38bc67060f52c 9c8d723f42a64131b6a38bc67060f52c] 10.0.0.114 "DELETE /resource_providers/ad6681b9-6bdf-4997-ac2f-775ada0ebce0" status: 404 len: 246 microversion: 1.1 [pid: 7|app: 0|req: 349/702] 10.0.0.114 () {34 vars in 816 bytes} [Fri Jul 10 22:40:01 2026] DELETE /resource_providers/ad6681b9-6bdf-4997-ac2f-775ada0ebce0 => generated 246 bytes in 11 msecs (HTTP/1.1 404) 6 headers in 231 bytes (1 switches on core 0)
2026-07-10 22:40:02.313 8 INFO placement.requestlog [req-70e955ad-b1fe-4a00-9820-18cb5e351291 req-6330d9f4-aa35-4089-a990-c03eb844a392 db08cbffc1214b3fbeb4f6ca493cd9f9 1eacaff5e0a2406a9121a5f318368127 - - 9c8d723f42a64131b6a38bc67060f52c 9c8d723f42a64131b6a38bc67060f52c] 199.204.45.77 "DELETE /allocations/f86385b0-599d-4601-932e-c98b7a60ceb5" status: 204 len: 0 microversion: 1.0 [pid: 8|app: 0|req: 354/703] 199.204.45.77 () {34 vars in 840 bytes} [Fri Jul 10 22:40:02 2026] DELETE /allocations/f86385b0-599d-4601-932e-c98b7a60ceb5 => generated 0 bytes in 26 msecs (HTTP/1.1 204) 5 headers in 198 bytes (1 switches on core 0)
2026-07-10 22:40:03.115 7 INFO placement.requestlog [None req-2f91e33e-f9c3-4791-982c-26a8e561e5b9 - - - - - -] 10.0.0.95 "GET /" status: 200 len: 136 microversion: 1.0 [pid: 7|app: 0|req: 350/704] 10.0.0.95 () {28 vars in 436 bytes} [Fri Jul 10 22:40:03 2026] GET / => generated 136 bytes in 0 msecs (HTTP/1.1 200) 6 headers in 224 bytes (1 switches on core 0)
2026-07-10 22:40:03.183 8 INFO placement.requestlog [req-a142228d-49fa-4431-abf1-fb5faea8c5cd req-c50e8bac-7fd1-4045-91a9-968f922c908b db08cbffc1214b3fbeb4f6ca493cd9f9 1eacaff5e0a2406a9121a5f318368127 - - 9c8d723f42a64131b6a38bc67060f52c 9c8d723f42a64131b6a38bc67060f52c] 10.0.0.95 "DELETE /allocations/f86385b0-599d-4601-932e-c98b7a60ceb5" status: 404 len: 228 microversion: 1.0 [pid: 8|app: 0|req: 355/705] 10.0.0.95 () {34 vars in 829 bytes} [Fri Jul 10 22:40:03 2026] DELETE /allocations/f86385b0-599d-4601-932e-c98b7a60ceb5 => generated 228 bytes in 58 msecs (HTTP/1.1 404) 6 headers in 231 bytes (1 switches on core 0)
2026-07-10 22:40:03.486 7 INFO placement.requestlog [None req-cde1dcc5-52bc-47aa-81c1-84ca6cf1aeaf 8c4fc92b989844e48879191966621bba 1eacaff5e0a2406a9121a5f318368127 - - 9c8d723f42a64131b6a38bc67060f52c 9c8d723f42a64131b6a38bc67060f52c] 10.0.0.114 "GET /resource_providers/bf47cb49-54dd-4c57-a70a-8124733c9221/aggregates" status: 404 len: 235 microversion: 1.1 [pid: 7|app: 0|req: 351/706] 10.0.0.114 () {32 vars in 816 bytes} [Fri Jul 10 22:40:03 2026] GET /resource_providers/bf47cb49-54dd-4c57-a70a-8124733c9221/aggregates => generated 235 bytes in 9 msecs (HTTP/1.1 404) 5 headers in 202 bytes (1 switches on core 0)
2026-07-10 22:40:03.488 8 INFO placement.requestlog [None req-8d7c3c04-7ab4-488b-8ccc-a14aa2286c5f 8c4fc92b989844e48879191966621bba 1eacaff5e0a2406a9121a5f318368127 - - 9c8d723f42a64131b6a38bc67060f52c 9c8d723f42a64131b6a38bc67060f52c] 10.0.0.114 "GET /resource_providers/bf47cb49-54dd-4c57-a70a-8124733c9221/aggregates" status: 404 len: 235 microversion: 1.1 [pid: 8|app: 0|req: 356/707] 10.0.0.114 () {32 vars in 816 bytes} [Fri Jul 10 22:40:03 2026] GET /resource_providers/bf47cb49-54dd-4c57-a70a-8124733c9221/aggregates => generated 235 bytes in 11 msecs (HTTP/1.1 404) 5 headers in 202 bytes (1 switches on core 0)
2026-07-10 22:40:03.506 7 INFO placement.requestlog [None req-b2890548-f934-49c6-ac29-b5f631b1aff4 8c4fc92b989844e48879191966621bba 1eacaff5e0a2406a9121a5f318368127 - - 9c8d723f42a64131b6a38bc67060f52c 9c8d723f42a64131b6a38bc67060f52c] 10.0.0.114 "DELETE /resource_providers/bf47cb49-54dd-4c57-a70a-8124733c9221" status: 404 len: 246 microversion: 1.1 [pid: 7|app: 0|req: 352/708] 10.0.0.114 () {34 vars in 816 bytes} [Fri Jul 10 22:40:03 2026] DELETE /resource_providers/bf47cb49-54dd-4c57-a70a-8124733c9221 => generated 246 bytes in 9 msecs (HTTP/1.1 404) 6 headers in 231 bytes (1 switches on core 0)
2026-07-10 22:40:03.511 8 INFO placement.requestlog [None req-788e0f49-0612-4045-801d-53b19457451d 8c4fc92b989844e48879191966621bba 1eacaff5e0a2406a9121a5f318368127 - - 9c8d723f42a64131b6a38bc67060f52c 9c8d723f42a64131b6a38bc67060f52c] 10.0.0.114 "DELETE /resource_providers/bf47cb49-54dd-4c57-a70a-8124733c9221" status: 404 len: 246 microversion: 1.1 [pid: 8|app: 0|req: 357/709] 10.0.0.114 () {34 vars in 816 bytes} [Fri Jul 10 22:40:03 2026] DELETE /resource_providers/bf47cb49-54dd-4c57-a70a-8124733c9221 => generated 246 bytes in 10 msecs (HTTP/1.1 404) 6 headers in 231 bytes (1 switches on core 0)
2026-07-10 22:40:03.800 7 INFO placement.requestlog [None req-ed98a78a-881b-4ac3-99b1-d30a19c07be5 8c4fc92b989844e48879191966621bba 1eacaff5e0a2406a9121a5f318368127 - - 9c8d723f42a64131b6a38bc67060f52c 9c8d723f42a64131b6a38bc67060f52c] 10.0.0.114 "GET /resource_providers/d43a09f5-5b49-4512-946c-bb9d22f23b50/aggregates" status: 404 len: 235 microversion: 1.1 [pid: 7|app: 0|req: 353/710] 10.0.0.114 () {32 vars in 816 bytes} [Fri Jul 10 22:40:03 2026] GET /resource_providers/d43a09f5-5b49-4512-946c-bb9d22f23b50/aggregates => generated 235 bytes in 18 msecs (HTTP/1.1 404) 5 headers in 202 bytes (1 switches on core 0)
2026-07-10 22:40:03.803 8 INFO placement.requestlog [None req-ee3f1fb9-33ee-4ed2-8776-cf2f4103ff6e 8c4fc92b989844e48879191966621bba 1eacaff5e0a2406a9121a5f318368127 - - 9c8d723f42a64131b6a38bc67060f52c 9c8d723f42a64131b6a38bc67060f52c] 10.0.0.114 "GET /resource_providers/d43a09f5-5b49-4512-946c-bb9d22f23b50/aggregates" status: 404 len: 235 microversion: 1.1 [pid: 8|app: 0|req: 358/711] 10.0.0.114 () {32 vars in 816 bytes} [Fri Jul 10 22:40:03 2026] GET /resource_providers/d43a09f5-5b49-4512-946c-bb9d22f23b50/aggregates => generated 235 bytes in 10 msecs (HTTP/1.1 404) 5 headers in 202 bytes (1 switches on core 0)
2026-07-10 22:40:03.820 7 INFO placement.requestlog [None req-c92c8514-de5b-44d1-8981-801d2261663e 8c4fc92b989844e48879191966621bba 1eacaff5e0a2406a9121a5f318368127 - - 9c8d723f42a64131b6a38bc67060f52c 9c8d723f42a64131b6a38bc67060f52c] 10.0.0.114 "DELETE /resource_providers/d43a09f5-5b49-4512-946c-bb9d22f23b50" status: 404 len: 246 microversion: 1.1 [pid: 7|app: 0|req: 354/712] 10.0.0.114 () {34 vars in 816 bytes} [Fri Jul 10 22:40:03 2026] DELETE /resource_providers/d43a09f5-5b49-4512-946c-bb9d22f23b50 => generated 246 bytes in 10 msecs (HTTP/1.1 404) 6 headers in 231 bytes (1 switches on core 0)
2026-07-10 22:40:03.820 8 INFO placement.requestlog [None req-d0163b3e-2bc1-44c7-a6d9-bdb44df997a6 8c4fc92b989844e48879191966621bba 1eacaff5e0a2406a9121a5f318368127 - - 9c8d723f42a64131b6a38bc67060f52c 9c8d723f42a64131b6a38bc67060f52c] 10.0.0.114 "DELETE /resource_providers/d43a09f5-5b49-4512-946c-bb9d22f23b50" status: 404 len: 246 microversion: 1.1 [pid: 8|app: 0|req: 359/713] 10.0.0.114 () {34 vars in 816 bytes} [Fri Jul 10 22:40:03 2026] DELETE /resource_providers/d43a09f5-5b49-4512-946c-bb9d22f23b50 => generated 246 bytes in 9 msecs (HTTP/1.1 404) 6 headers in 231 bytes (1 switches on core 0)
2026-07-10 22:40:03.837 7 INFO placement.requestlog [None req-b64a5a63-bd57-42fb-b9d8-544a675afaa0 8c4fc92b989844e48879191966621bba 1eacaff5e0a2406a9121a5f318368127 - - 9c8d723f42a64131b6a38bc67060f52c 9c8d723f42a64131b6a38bc67060f52c] 10.0.0.114 "GET /resource_providers/23a2fa75-e6cf-46b8-9b00-acd583caa809/aggregates" status: 404 len: 235 microversion: 1.1 [pid: 7|app: 0|req: 355/714] 10.0.0.114 () {32 vars in 816 bytes} [Fri Jul 10 22:40:03 2026] GET /resource_providers/23a2fa75-e6cf-46b8-9b00-acd583caa809/aggregates => generated 235 bytes in 8 msecs (HTTP/1.1 404) 5 headers in 202 bytes (1 switches on core 0)
2026-07-10 22:40:03.839 8 INFO placement.requestlog [None req-714be513-01a8-45b9-b9c4-bc1ee439cf4c 8c4fc92b989844e48879191966621bba 1eacaff5e0a2406a9121a5f318368127 - - 9c8d723f42a64131b6a38bc67060f52c 9c8d723f42a64131b6a38bc67060f52c] 10.0.0.114 "GET /resource_providers/23a2fa75-e6cf-46b8-9b00-acd583caa809/aggregates" status: 404 len: 235 microversion: 1.1 [pid: 8|app: 0|req: 360/715] 10.0.0.114 () {32 vars in 816 bytes} [Fri Jul 10 22:40:03 2026] GET /resource_providers/23a2fa75-e6cf-46b8-9b00-acd583caa809/aggregates => generated 235 bytes in 7 msecs (HTTP/1.1 404) 5 headers in 202 bytes (1 switches on core 0)
2026-07-10 22:40:03.858 7 INFO placement.requestlog [None req-2d29417f-b875-46bc-b493-53997f4c4d4a 8c4fc92b989844e48879191966621bba 1eacaff5e0a2406a9121a5f318368127 - - 9c8d723f42a64131b6a38bc67060f52c 9c8d723f42a64131b6a38bc67060f52c] 10.0.0.114 "DELETE /resource_providers/23a2fa75-e6cf-46b8-9b00-acd583caa809" status: 404 len: 246 microversion: 1.1 [pid: 7|app: 0|req: 356/716] 10.0.0.114 () {34 vars in 816 bytes} [Fri Jul 10 22:40:03 2026] DELETE /resource_providers/23a2fa75-e6cf-46b8-9b00-acd583caa809 => generated 246 bytes in 10 msecs (HTTP/1.1 404) 6 headers in 231 bytes (1 switches on core 0)
2026-07-10 22:40:03.861 8 INFO placement.requestlog [None req-e3ad484a-6aec-4bd4-bfd2-33233073d5d2 8c4fc92b989844e48879191966621bba 1eacaff5e0a2406a9121a5f318368127 - - 9c8d723f42a64131b6a38bc67060f52c 9c8d723f42a64131b6a38bc67060f52c] 10.0.0.114 "DELETE /resource_providers/23a2fa75-e6cf-46b8-9b00-acd583caa809" status: 404 len: 246 microversion: 1.1 [pid: 8|app: 0|req: 361/717] 10.0.0.114 () {34 vars in 816 bytes} [Fri Jul 10 22:40:03 2026] DELETE /resource_providers/23a2fa75-e6cf-46b8-9b00-acd583caa809 => generated 246 bytes in 11 msecs (HTTP/1.1 404) 6 headers in 231 bytes (1 switches on core 0)
2026-07-10 22:40:05.884 7 INFO placement.requestlog [None req-698816e0-ef17-468a-b486-58e30d4312ec 8c4fc92b989844e48879191966621bba 1eacaff5e0a2406a9121a5f318368127 - - 9c8d723f42a64131b6a38bc67060f52c 9c8d723f42a64131b6a38bc67060f52c] 10.0.0.114 "GET /resource_providers/d214d922-63fb-432e-98be-1cba9e6aa4d2/aggregates" status: 404 len: 235 microversion: 1.1 [pid: 7|app: 0|req: 357/718] 10.0.0.114 () {32 vars in 816 bytes} [Fri Jul 10 22:40:05 2026] GET /resource_providers/d214d922-63fb-432e-98be-1cba9e6aa4d2/aggregates => generated 235 bytes in 6 msecs (HTTP/1.1 404) 5 headers in 202 bytes (1 switches on core 0)
2026-07-10 22:40:05.890 8 INFO placement.requestlog [None req-bc852c2a-3c7d-4c3e-aaa7-1dc343a3b979 8c4fc92b989844e48879191966621bba 1eacaff5e0a2406a9121a5f318368127 - - 9c8d723f42a64131b6a38bc67060f52c 9c8d723f42a64131b6a38bc67060f52c] 10.0.0.114 "GET /resource_providers/d214d922-63fb-432e-98be-1cba9e6aa4d2/aggregates" status: 404 len: 235 microversion: 1.1 [pid: 8|app: 0|req: 362/719] 10.0.0.114 () {32 vars in 816 bytes} [Fri Jul 10 22:40:05 2026] GET /resource_providers/d214d922-63fb-432e-98be-1cba9e6aa4d2/aggregates => generated 235 bytes in 11 msecs (HTTP/1.1 404) 5 headers in 202 bytes (1 switches on core 0)
2026-07-10 22:40:05.900 7 INFO placement.requestlog [None req-f14d496e-5838-4c14-8e4c-8b09915076b1 8c4fc92b989844e48879191966621bba 1eacaff5e0a2406a9121a5f318368127 - - 9c8d723f42a64131b6a38bc67060f52c 9c8d723f42a64131b6a38bc67060f52c] 10.0.0.114 "DELETE /resource_providers/d214d922-63fb-432e-98be-1cba9e6aa4d2" status: 404 len: 246 microversion: 1.1 [pid: 7|app: 0|req: 358/720] 10.0.0.114 () {34 vars in 816 bytes} [Fri Jul 10 22:40:05 2026] DELETE /resource_providers/d214d922-63fb-432e-98be-1cba9e6aa4d2 => generated 246 bytes in 9 msecs (HTTP/1.1 404) 6 headers in 231 bytes (1 switches on core 0)
2026-07-10 22:40:05.905 8 INFO placement.requestlog [None req-43801931-8adf-4914-9d2a-3b1754c8e630 8c4fc92b989844e48879191966621bba 1eacaff5e0a2406a9121a5f318368127 - - 9c8d723f42a64131b6a38bc67060f52c 9c8d723f42a64131b6a38bc67060f52c] 10.0.0.114 "DELETE /resource_providers/d214d922-63fb-432e-98be-1cba9e6aa4d2" status: 404 len: 246 microversion: 1.1 [pid: 8|app: 0|req: 363/721] 10.0.0.114 () {34 vars in 816 bytes} [Fri Jul 10 22:40:05 2026] DELETE /resource_providers/d214d922-63fb-432e-98be-1cba9e6aa4d2 => generated 246 bytes in 8 msecs (HTTP/1.1 404) 6 headers in 231 bytes (1 switches on core 0)
2026-07-10 22:40:07.927 7 INFO placement.requestlog [None req-d49ae6c9-b159-432d-adeb-36de38dc0657 8c4fc92b989844e48879191966621bba 1eacaff5e0a2406a9121a5f318368127 - - 9c8d723f42a64131b6a38bc67060f52c 9c8d723f42a64131b6a38bc67060f52c] 10.0.0.114 "GET /resource_providers/24211889-88ad-472f-80cf-d41b53f33e93/aggregates" status: 404 len: 235 microversion: 1.1 [pid: 7|app: 0|req: 359/722] 10.0.0.114 () {32 vars in 816 bytes} [Fri Jul 10 22:40:07 2026] GET /resource_providers/24211889-88ad-472f-80cf-d41b53f33e93/aggregates => generated 235 bytes in 9 msecs (HTTP/1.1 404) 5 headers in 202 bytes (1 switches on core 0)
2026-07-10 22:40:07.943 7 INFO placement.requestlog [None req-da0f85c1-0335-4971-8d64-699b2e9d1719 8c4fc92b989844e48879191966621bba 1eacaff5e0a2406a9121a5f318368127 - - 9c8d723f42a64131b6a38bc67060f52c 9c8d723f42a64131b6a38bc67060f52c] 10.0.0.114 "DELETE /resource_providers/24211889-88ad-472f-80cf-d41b53f33e93" status: 404 len: 246 microversion: 1.1 [pid: 7|app: 0|req: 360/723] 10.0.0.114 () {34 vars in 816 bytes} [Fri Jul 10 22:40:07 2026] DELETE /resource_providers/24211889-88ad-472f-80cf-d41b53f33e93 => generated 246 bytes in 8 msecs (HTTP/1.1 404) 6 headers in 231 bytes (1 switches on core 0)
2026-07-10 22:40:07.947 8 INFO placement.requestlog [None req-7417be36-5ddf-4fb7-8ddf-8e8eab5dd7a4 8c4fc92b989844e48879191966621bba 1eacaff5e0a2406a9121a5f318368127 - - 9c8d723f42a64131b6a38bc67060f52c 9c8d723f42a64131b6a38bc67060f52c] 10.0.0.114 "GET /resource_providers/24211889-88ad-472f-80cf-d41b53f33e93/aggregates" status: 404 len: 235 microversion: 1.1 [pid: 8|app: 0|req: 364/724] 10.0.0.114 () {32 vars in 816 bytes} [Fri Jul 10 22:40:07 2026] GET /resource_providers/24211889-88ad-472f-80cf-d41b53f33e93/aggregates => generated 235 bytes in 26 msecs (HTTP/1.1 404) 5 headers in 202 bytes (1 switches on core 0)
2026-07-10 22:40:07.962 7 INFO placement.requestlog [None req-8ef1410b-ebfb-4c9a-a092-98994abe1213 8c4fc92b989844e48879191966621bba 1eacaff5e0a2406a9121a5f318368127 - - 9c8d723f42a64131b6a38bc67060f52c 9c8d723f42a64131b6a38bc67060f52c] 10.0.0.114 "DELETE /resource_providers/24211889-88ad-472f-80cf-d41b53f33e93" status: 404 len: 246 microversion: 1.1 [pid: 7|app: 0|req: 361/725] 10.0.0.114 () {34 vars in 816 bytes} [Fri Jul 10 22:40:07 2026] DELETE /resource_providers/24211889-88ad-472f-80cf-d41b53f33e93 => generated 246 bytes in 9 msecs (HTTP/1.1 404) 6 headers in 231 bytes (1 switches on core 0)
2026-07-10 22:40:09.118 8 INFO placement.requestlog [None req-3068be47-1c3b-4d87-9e32-69fdc2c180b6 - - - - - -] 10.0.0.119 "GET /" status: 200 len: 136 microversion: 1.0
2026-07-10 22:40:09.120 7 INFO placement.requestlog [None req-47c8f044-1b79-49ec-a57b-e64d2bcc8643 - - - - - -] 10.0.0.119 "GET /" status: 200 len: 136 microversion: 1.0
2026-07-10 22:40:11.967 8 INFO placement.requestlog [req-508e4e81-9452-41fe-b154-2f9c66fdb5fa req-41b5505b-3cb5-42dd-afeb-50c7c85919ee db08cbffc1214b3fbeb4f6ca493cd9f9 1eacaff5e0a2406a9121a5f318368127 - - 9c8d723f42a64131b6a38bc67060f52c 9c8d723f42a64131b6a38bc67060f52c] 10.0.0.193 "GET /allocation_candidates?limit=1000&resources=DISK_GB%3A1%2CMEMORY_MB%3A512%2CVCPU%3A1&root_required=%21COMPUTE_STATUS_DISABLED" status: 200 len: 2781 microversion: 1.36 [pid: 8|app: 0|req: 366/728] 10.0.0.193 () {34 vars in 1012 bytes} [Fri Jul 10 22:40:11 2026] GET /allocation_candidates?limit=1000&resources=DISK_GB%3A1%2CMEMORY_MB%3A512%2CVCPU%3A1&root_required=%21COMPUTE_STATUS_DISABLED => generated 2781 bytes in 60 msecs (HTTP/1.1 200) 8 headers in 297 bytes (1 switches on core 0)
2026-07-10 22:40:12.004 7 INFO placement.requestlog [req-508e4e81-9452-41fe-b154-2f9c66fdb5fa req-60d2a3a8-fd73-4eca-9451-5515d8e4dc52 db08cbffc1214b3fbeb4f6ca493cd9f9 1eacaff5e0a2406a9121a5f318368127 - - 9c8d723f42a64131b6a38bc67060f52c 9c8d723f42a64131b6a38bc67060f52c] 10.0.0.193 "GET /allocations/e3e5c0c9-92c8-44d5-bcef-bfc30d176cf9" status: 200 len: 19 microversion: 1.28 [pid: 7|app: 0|req: 363/729] 10.0.0.193 () {34 vars in 861 bytes} [Fri Jul 10 22:40:11 2026] GET /allocations/e3e5c0c9-92c8-44d5-bcef-bfc30d176cf9 => generated 19 bytes in 9 msecs (HTTP/1.1 200) 8 headers in 295 bytes (1 switches on core 0)
2026-07-10 22:40:12.079 8 INFO placement.requestlog [req-508e4e81-9452-41fe-b154-2f9c66fdb5fa req-afa13d5c-6ea3-4e72-b2f8-4d8fe963e6a4 db08cbffc1214b3fbeb4f6ca493cd9f9 1eacaff5e0a2406a9121a5f318368127 - - 9c8d723f42a64131b6a38bc67060f52c 9c8d723f42a64131b6a38bc67060f52c] 10.0.0.193 "PUT /allocations/e3e5c0c9-92c8-44d5-bcef-bfc30d176cf9" status: 204 len: 0 microversion: 1.36 [pid: 8|app: 0|req: 367/730] 10.0.0.193 () {38 vars in 914 bytes} [Fri Jul 10 22:40:12 2026] PUT /allocations/e3e5c0c9-92c8-44d5-bcef-bfc30d176cf9 => generated 0 bytes in 70 msecs (HTTP/1.1 204) 5 headers in 199 bytes (1 switches on core 0)
2026-07-10 22:40:12.375 7 INFO placement.requestlog [req-5de4881f-ee8e-4ec3-99fe-ad4b44dcd4ed req-5a7ee7bd-0eb0-46a8-a407-2ddad3b2884e db08cbffc1214b3fbeb4f6ca493cd9f9 1eacaff5e0a2406a9121a5f318368127 - - 9c8d723f42a64131b6a38bc67060f52c 9c8d723f42a64131b6a38bc67060f52c] 10.0.0.193 "GET /allocation_candidates?limit=1000&resources=DISK_GB%3A1%2CMEMORY_MB%3A512%2CVCPU%3A1&root_required=%21COMPUTE_STATUS_DISABLED" status: 200 len: 2783 microversion: 1.36 [pid: 7|app: 0|req: 364/731] 10.0.0.193 () {34 vars in 1012 bytes} [Fri Jul 10 22:40:12 2026] GET /allocation_candidates?limit=1000&resources=DISK_GB%3A1%2CMEMORY_MB%3A512%2CVCPU%3A1&root_required=%21COMPUTE_STATUS_DISABLED => generated 2783 bytes in 58 msecs (HTTP/1.1 200) 8 headers in 297 bytes (1 switches on core 0)
2026-07-10 22:40:12.410 8 INFO placement.requestlog [req-5de4881f-ee8e-4ec3-99fe-ad4b44dcd4ed req-a0d3e6fc-dd5b-4d15-b421-6414ecb2eb2f db08cbffc1214b3fbeb4f6ca493cd9f9 1eacaff5e0a2406a9121a5f318368127 - - 9c8d723f42a64131b6a38bc67060f52c 9c8d723f42a64131b6a38bc67060f52c] 10.0.0.193 "GET /allocations/2c9796bc-57ac-4caa-80bd-50f77fd7128a" status: 200 len: 19 microversion: 1.28 [pid: 8|app: 0|req: 368/732] 10.0.0.193 () {34 vars in 861 bytes} [Fri Jul 10 22:40:12 2026] GET /allocations/2c9796bc-57ac-4caa-80bd-50f77fd7128a => generated 19 bytes in 14 msecs (HTTP/1.1 200) 8 headers in 295 bytes (1 switches on core 0)
2026-07-10 22:40:12.525 7 INFO placement.requestlog [req-5de4881f-ee8e-4ec3-99fe-ad4b44dcd4ed req-08ffed29-0d2c-4d1a-8d13-89e18fbec7c8 db08cbffc1214b3fbeb4f6ca493cd9f9 1eacaff5e0a2406a9121a5f318368127 - - 9c8d723f42a64131b6a38bc67060f52c 9c8d723f42a64131b6a38bc67060f52c] 10.0.0.193 "PUT /allocations/2c9796bc-57ac-4caa-80bd-50f77fd7128a" status: 204 len: 0 microversion: 1.36 [pid: 7|app: 0|req: 365/733] 10.0.0.193 () {38 vars in 914 bytes} [Fri Jul 10 22:40:12 2026] PUT /allocations/2c9796bc-57ac-4caa-80bd-50f77fd7128a => generated 0 bytes in 107 msecs (HTTP/1.1 204) 5 headers in 199 bytes (1 switches on core 0)
2026-07-10 22:40:13.569 8 INFO placement.requestlog [req-508e4e81-9452-41fe-b154-2f9c66fdb5fa req-706b04f3-d0de-40ac-a13f-5fe994a2f22b db08cbffc1214b3fbeb4f6ca493cd9f9 1eacaff5e0a2406a9121a5f318368127 - - 9c8d723f42a64131b6a38bc67060f52c 9c8d723f42a64131b6a38bc67060f52c] 199.204.45.77 "GET /allocations/e3e5c0c9-92c8-44d5-bcef-bfc30d176cf9" status: 200 len: 257 microversion: 1.28 [pid: 8|app: 0|req: 369/734] 199.204.45.77 () {34 vars in 862 bytes} [Fri Jul 10 22:40:13 2026] GET /allocations/e3e5c0c9-92c8-44d5-bcef-bfc30d176cf9 => generated 257 bytes in 16 msecs (HTTP/1.1 200) 8 headers in 296 bytes (1 switches on core 0)
2026-07-10 22:40:13.962 7 INFO placement.requestlog [req-5de4881f-ee8e-4ec3-99fe-ad4b44dcd4ed req-2fa54c1e-d794-40de-a71b-19853f81e883 db08cbffc1214b3fbeb4f6ca493cd9f9 1eacaff5e0a2406a9121a5f318368127 - - 9c8d723f42a64131b6a38bc67060f52c 9c8d723f42a64131b6a38bc67060f52c] 199.204.45.77 "GET /allocations/2c9796bc-57ac-4caa-80bd-50f77fd7128a" status: 200 len: 257 microversion: 1.28 [pid: 7|app: 0|req: 366/735] 199.204.45.77 () {34 vars in 862 bytes} [Fri Jul 10 22:40:13 2026] GET /allocations/2c9796bc-57ac-4caa-80bd-50f77fd7128a => generated 257 bytes in 13 msecs (HTTP/1.1 200) 8 headers in 296 bytes (1 switches on core 0)
2026-07-10 22:40:14.609 8 INFO placement.requestlog [req-508e4e81-9452-41fe-b154-2f9c66fdb5fa req-f0211257-74b9-40d6-afec-ffb731bd8d20 db08cbffc1214b3fbeb4f6ca493cd9f9 1eacaff5e0a2406a9121a5f318368127 - - 9c8d723f42a64131b6a38bc67060f52c 9c8d723f42a64131b6a38bc67060f52c] 199.204.45.77 "GET /resource_providers/605bf2ab-29de-45db-aac0-f6d7238f2cbe/allocations" status: 200 len: 252 microversion: 1.0 [pid: 8|app: 0|req: 370/736] 199.204.45.77 () {32 vars in 856 bytes} [Fri Jul 10 22:40:14 2026] GET /resource_providers/605bf2ab-29de-45db-aac0-f6d7238f2cbe/allocations => generated 252 bytes in 19 msecs (HTTP/1.1 200) 6 headers in 224 bytes (1 switches on core 0)
2026-07-10 22:40:14.636 7 INFO placement.requestlog [req-508e4e81-9452-41fe-b154-2f9c66fdb5fa req-97e3ec38-980b-4bbb-a8c5-b5084b53f0f4 db08cbffc1214b3fbeb4f6ca493cd9f9 1eacaff5e0a2406a9121a5f318368127 - - 9c8d723f42a64131b6a38bc67060f52c 9c8d723f42a64131b6a38bc67060f52c] 199.204.45.77 "GET /allocations/2c9796bc-57ac-4caa-80bd-50f77fd7128a" status: 200 len: 257 microversion: 1.28 [pid: 7|app: 0|req: 367/737] 199.204.45.77 () {34 vars in 862 bytes} [Fri Jul 10 22:40:14 2026] GET /allocations/2c9796bc-57ac-4caa-80bd-50f77fd7128a => generated 257 bytes in 13 msecs (HTTP/1.1 200) 8 headers in 296 bytes (1 switches on core 0)
2026-07-10 22:40:14.658 8 INFO placement.requestlog [req-508e4e81-9452-41fe-b154-2f9c66fdb5fa req-8547bc7a-51e4-4a73-ab5b-a656c325dc51 db08cbffc1214b3fbeb4f6ca493cd9f9 1eacaff5e0a2406a9121a5f318368127 - - 9c8d723f42a64131b6a38bc67060f52c 9c8d723f42a64131b6a38bc67060f52c] 199.204.45.77 "GET /allocations/e3e5c0c9-92c8-44d5-bcef-bfc30d176cf9" status: 200 len: 257 microversion: 1.28 [pid: 8|app: 0|req: 371/738] 199.204.45.77 () {34 vars in 862 bytes} [Fri Jul 10 22:40:14 2026] GET /allocations/e3e5c0c9-92c8-44d5-bcef-bfc30d176cf9 => generated 257 bytes in 14 msecs (HTTP/1.1 200) 8 headers in 296 bytes (1 switches on core 0)
2026-07-10 22:40:16.723 7 INFO placement.requestlog [req-5de4881f-ee8e-4ec3-99fe-ad4b44dcd4ed req-e83613f6-1890-43f4-ab1b-63ed8cdbf461 db08cbffc1214b3fbeb4f6ca493cd9f9 1eacaff5e0a2406a9121a5f318368127 - - 9c8d723f42a64131b6a38bc67060f52c 9c8d723f42a64131b6a38bc67060f52c] 199.204.45.77 "GET /resource_providers/605bf2ab-29de-45db-aac0-f6d7238f2cbe/allocations" status: 200 len: 252 microversion: 1.0 [pid: 7|app: 0|req: 368/739] 199.204.45.77 () {32 vars in 856 bytes} [Fri Jul 10 22:40:16 2026] GET /resource_providers/605bf2ab-29de-45db-aac0-f6d7238f2cbe/allocations => generated 252 bytes in 15 msecs (HTTP/1.1 200) 6 headers in 224 bytes (1 switches on core 0)
2026-07-10 22:40:16.743 8 INFO placement.requestlog [req-5de4881f-ee8e-4ec3-99fe-ad4b44dcd4ed req-d5c982a3-bfbd-47e2-9963-8b3368666974 db08cbffc1214b3fbeb4f6ca493cd9f9 1eacaff5e0a2406a9121a5f318368127 - - 9c8d723f42a64131b6a38bc67060f52c 9c8d723f42a64131b6a38bc67060f52c] 199.204.45.77 "GET /allocations/2c9796bc-57ac-4caa-80bd-50f77fd7128a" status: 200 len: 257 microversion: 1.28 [pid: 8|app: 0|req: 372/740] 199.204.45.77 () {34 vars in 862 bytes} [Fri Jul 10 22:40:16 2026] GET /allocations/2c9796bc-57ac-4caa-80bd-50f77fd7128a => generated 257 bytes in 13 msecs (HTTP/1.1 200) 8 headers in 296 bytes (1 switches on core 0)
2026-07-10 22:40:16.764 7 INFO placement.requestlog [req-5de4881f-ee8e-4ec3-99fe-ad4b44dcd4ed req-571aabaa-200f-4624-a65d-37d705024e47 db08cbffc1214b3fbeb4f6ca493cd9f9 1eacaff5e0a2406a9121a5f318368127 - - 9c8d723f42a64131b6a38bc67060f52c 9c8d723f42a64131b6a38bc67060f52c] 199.204.45.77 "GET /allocations/e3e5c0c9-92c8-44d5-bcef-bfc30d176cf9" status: 200 len: 257 microversion: 1.28 [pid: 7|app: 0|req: 369/741] 199.204.45.77 () {34 vars in 862 bytes} [Fri Jul 10 22:40:16 2026] GET /allocations/e3e5c0c9-92c8-44d5-bcef-bfc30d176cf9 => generated 257 bytes in 15 msecs (HTTP/1.1 200) 8 headers in 296 bytes (1 switches on core 0)
2026-07-10 22:40:19.118 8 INFO placement.requestlog [None req-19d4eb8e-fe03-43c1-92dd-e5d9fa19cb99 - - - - - -] 10.0.0.119 "GET /" status: 200 len: 136 microversion: 1.0
2026-07-10 22:40:19.118 7 INFO placement.requestlog [None req-6c0d1ea3-07a1-4b13-bac6-9bef7c2318e1 - - - - - -] 10.0.0.119 "GET /" status: 200 len: 136 microversion: 1.0
2026-07-10 22:40:23.124 7 INFO placement.requestlog [req-508e4e81-9452-41fe-b154-2f9c66fdb5fa req-1f6d622c-2c5b-4790-9201-42d38170fef8 db08cbffc1214b3fbeb4f6ca493cd9f9 1eacaff5e0a2406a9121a5f318368127 - - 9c8d723f42a64131b6a38bc67060f52c 9c8d723f42a64131b6a38bc67060f52c] 199.204.45.77 "GET /resource_providers/605bf2ab-29de-45db-aac0-f6d7238f2cbe/allocations" status: 200 len: 252 microversion: 1.0 [pid: 7|app: 0|req: 371/744] 199.204.45.77 () {32 vars in 856 bytes} [Fri Jul 10 22:40:23 2026] GET /resource_providers/605bf2ab-29de-45db-aac0-f6d7238f2cbe/allocations => generated 252 bytes in 12 msecs (HTTP/1.1 200) 6 headers in 224 bytes (1 switches on core 0)
2026-07-10 22:40:23.146 8 INFO placement.requestlog [req-508e4e81-9452-41fe-b154-2f9c66fdb5fa req-52692bd1-9749-447a-b6fe-3fa7f2eb7ace db08cbffc1214b3fbeb4f6ca493cd9f9 1eacaff5e0a2406a9121a5f318368127 - - 9c8d723f42a64131b6a38bc67060f52c 9c8d723f42a64131b6a38bc67060f52c] 199.204.45.77 "GET /allocations/2c9796bc-57ac-4caa-80bd-50f77fd7128a" status: 200 len: 257 microversion: 1.28 [pid: 8|app: 0|req: 374/745] 199.204.45.77 () {34 vars in 862 bytes} [Fri Jul 10 22:40:23 2026] GET /allocations/2c9796bc-57ac-4caa-80bd-50f77fd7128a => generated 257 bytes in 13 msecs (HTTP/1.1 200) 8 headers in 296 bytes (1 switches on core 0)
2026-07-10 22:40:23.167 7 INFO placement.requestlog [req-508e4e81-9452-41fe-b154-2f9c66fdb5fa req-9640c61e-1554-488c-93d4-d1aa68705672 db08cbffc1214b3fbeb4f6ca493cd9f9 1eacaff5e0a2406a9121a5f318368127 - - 9c8d723f42a64131b6a38bc67060f52c 9c8d723f42a64131b6a38bc67060f52c] 199.204.45.77 "GET /allocations/e3e5c0c9-92c8-44d5-bcef-bfc30d176cf9" status: 200 len: 257 microversion: 1.28 [pid: 7|app: 0|req: 372/746] 199.204.45.77 () {34 vars in 862 bytes} [Fri Jul 10 22:40:23 2026] GET /allocations/e3e5c0c9-92c8-44d5-bcef-bfc30d176cf9 => generated 257 bytes in 14 msecs (HTTP/1.1 200) 8 headers in 296 bytes (1 switches on core 0)
2026-07-10 22:40:24.719 8 INFO placement.requestlog [req-5de4881f-ee8e-4ec3-99fe-ad4b44dcd4ed req-f4fbb73a-2bbf-4869-b681-0a0a0df5b8d3 db08cbffc1214b3fbeb4f6ca493cd9f9 1eacaff5e0a2406a9121a5f318368127 - - 9c8d723f42a64131b6a38bc67060f52c 9c8d723f42a64131b6a38bc67060f52c] 199.204.45.77 "GET /resource_providers/605bf2ab-29de-45db-aac0-f6d7238f2cbe/allocations" status: 200 len: 252 microversion: 1.0 [pid: 8|app: 0|req: 375/747] 199.204.45.77 () {32 vars in 856 bytes} [Fri Jul 10 22:40:24 2026] GET /resource_providers/605bf2ab-29de-45db-aac0-f6d7238f2cbe/allocations => generated 252 bytes in 17 msecs (HTTP/1.1 200) 6 headers in 224 bytes (1 switches on core 0)
2026-07-10 22:40:24.740 7 INFO placement.requestlog [req-5de4881f-ee8e-4ec3-99fe-ad4b44dcd4ed req-56671022-8c4a-4305-b1e1-5c6caafe02e5 db08cbffc1214b3fbeb4f6ca493cd9f9 1eacaff5e0a2406a9121a5f318368127 - - 9c8d723f42a64131b6a38bc67060f52c 9c8d723f42a64131b6a38bc67060f52c] 199.204.45.77 "GET /allocations/2c9796bc-57ac-4caa-80bd-50f77fd7128a" status: 200 len: 257 microversion: 1.28 [pid: 7|app: 0|req: 373/748] 199.204.45.77 () {34 vars in 862 bytes} [Fri Jul 10 22:40:24 2026] GET /allocations/2c9796bc-57ac-4caa-80bd-50f77fd7128a => generated 257 bytes in 15 msecs (HTTP/1.1 200) 8 headers in 296 bytes (1 switches on core 0)
2026-07-10 22:40:24.760 8 INFO placement.requestlog [req-5de4881f-ee8e-4ec3-99fe-ad4b44dcd4ed req-6bba97ba-eaed-42ec-a997-1437b8f5c9af db08cbffc1214b3fbeb4f6ca493cd9f9 1eacaff5e0a2406a9121a5f318368127 - - 9c8d723f42a64131b6a38bc67060f52c 9c8d723f42a64131b6a38bc67060f52c] 199.204.45.77 "GET /allocations/e3e5c0c9-92c8-44d5-bcef-bfc30d176cf9" status: 200 len: 257 microversion: 1.28 [pid: 8|app: 0|req: 376/749] 199.204.45.77 () {34 vars in 862 bytes} [Fri Jul 10 22:40:24 2026] GET /allocations/e3e5c0c9-92c8-44d5-bcef-bfc30d176cf9 => generated 257 bytes in 13 msecs (HTTP/1.1 200) 8 headers in 296 bytes (1 switches on core 0)
2026-07-10 22:40:26.730 7 INFO placement.requestlog [req-508e4e81-9452-41fe-b154-2f9c66fdb5fa req-e060367c-d145-4f92-bf4f-e939666feb5a db08cbffc1214b3fbeb4f6ca493cd9f9 1eacaff5e0a2406a9121a5f318368127 - - 9c8d723f42a64131b6a38bc67060f52c 9c8d723f42a64131b6a38bc67060f52c] 199.204.45.77 "DELETE /allocations/e3e5c0c9-92c8-44d5-bcef-bfc30d176cf9" status: 204 len: 0 microversion: 1.0 [pid: 7|app: 0|req: 374/750] 199.204.45.77 () {34 vars in 840 bytes} [Fri Jul 10 22:40:26 2026] DELETE /allocations/e3e5c0c9-92c8-44d5-bcef-bfc30d176cf9 => generated 0 bytes in 37 msecs (HTTP/1.1 204) 5 headers in 198 bytes (1 switches on core 0)
2026-07-10 22:40:27.177 8 INFO placement.requestlog [req-deecfdf6-8e22-41c2-b176-0518222545a9 req-d740e3ef-d815-40fc-9c6b-e4c65edc1e88 db08cbffc1214b3fbeb4f6ca493cd9f9 1eacaff5e0a2406a9121a5f318368127 - - 9c8d723f42a64131b6a38bc67060f52c 9c8d723f42a64131b6a38bc67060f52c] 10.0.0.95 "DELETE /allocations/e3e5c0c9-92c8-44d5-bcef-bfc30d176cf9" status: 404 len: 228 microversion: 1.0 [pid: 8|app: 0|req: 377/751] 10.0.0.95 () {34 vars in 829 bytes} [Fri Jul 10 22:40:27 2026] DELETE /allocations/e3e5c0c9-92c8-44d5-bcef-bfc30d176cf9 => generated 228 bytes in 10 msecs (HTTP/1.1 404) 6 headers in 231 bytes (1 switches on core 0)
2026-07-10 22:40:27.856 7 INFO placement.requestlog [None req-4408cf1d-b993-4f13-b0c8-82877d516953 8c4fc92b989844e48879191966621bba 1eacaff5e0a2406a9121a5f318368127 - - 9c8d723f42a64131b6a38bc67060f52c 9c8d723f42a64131b6a38bc67060f52c] 10.0.0.114 "GET /resource_providers/9e59d541-bdeb-43f6-8d08-93df72d08cbd/aggregates" status: 404 len: 235 microversion: 1.1 [pid: 7|app: 0|req: 375/752] 10.0.0.114 () {32 vars in 816 bytes} [Fri Jul 10 22:40:27 2026] GET /resource_providers/9e59d541-bdeb-43f6-8d08-93df72d08cbd/aggregates => generated 235 bytes in 17 msecs (HTTP/1.1 404) 5 headers in 202 bytes (1 switches on core 0)
2026-07-10 22:40:27.859 8 INFO placement.requestlog [None req-5109c5e9-6315-4eae-b099-ecf01b4a4d60 8c4fc92b989844e48879191966621bba 1eacaff5e0a2406a9121a5f318368127 - - 9c8d723f42a64131b6a38bc67060f52c 9c8d723f42a64131b6a38bc67060f52c] 10.0.0.114 "GET /resource_providers/9e59d541-bdeb-43f6-8d08-93df72d08cbd/aggregates" status: 404 len: 235 microversion: 1.1 [pid: 8|app: 0|req: 378/753] 10.0.0.114 () {32 vars in 816 bytes} [Fri Jul 10 22:40:27 2026] GET /resource_providers/9e59d541-bdeb-43f6-8d08-93df72d08cbd/aggregates => generated 235 bytes in 13 msecs (HTTP/1.1 404) 5 headers in 202 bytes (1 switches on core 0)
2026-07-10 22:40:27.878 8 INFO placement.requestlog [None req-85990264-eda2-48b1-93de-f80837d985d4 8c4fc92b989844e48879191966621bba 1eacaff5e0a2406a9121a5f318368127 - - 9c8d723f42a64131b6a38bc67060f52c 9c8d723f42a64131b6a38bc67060f52c] 10.0.0.114 "DELETE /resource_providers/9e59d541-bdeb-43f6-8d08-93df72d08cbd" status: 404 len: 246 microversion: 1.1 [pid: 8|app: 0|req: 379/754] 10.0.0.114 () {34 vars in 816 bytes} [Fri Jul 10 22:40:27 2026] DELETE /resource_providers/9e59d541-bdeb-43f6-8d08-93df72d08cbd => generated 246 bytes in 4 msecs (HTTP/1.1 404) 6 headers in 231 bytes (1 switches on core 0)
2026-07-10 22:40:27.885 7 INFO placement.requestlog [None req-a049564a-6f67-42b3-b076-f74077f56d71 8c4fc92b989844e48879191966621bba 1eacaff5e0a2406a9121a5f318368127 - - 9c8d723f42a64131b6a38bc67060f52c 9c8d723f42a64131b6a38bc67060f52c] 10.0.0.114 "DELETE /resource_providers/9e59d541-bdeb-43f6-8d08-93df72d08cbd" status: 404 len: 246 microversion: 1.1 [pid: 7|app: 0|req: 376/755] 10.0.0.114 () {34 vars in 816 bytes} [Fri Jul 10 22:40:27 2026] DELETE /resource_providers/9e59d541-bdeb-43f6-8d08-93df72d08cbd => generated 246 bytes in 17 msecs (HTTP/1.1 404) 6 headers in 231 bytes (1 switches on core 0)
2026-07-10 22:40:28.196 8 INFO placement.requestlog [req-5de4881f-ee8e-4ec3-99fe-ad4b44dcd4ed req-16d21e02-489a-40a0-bc8a-b26f80031798 db08cbffc1214b3fbeb4f6ca493cd9f9 1eacaff5e0a2406a9121a5f318368127 - - 9c8d723f42a64131b6a38bc67060f52c 9c8d723f42a64131b6a38bc67060f52c] 199.204.45.77 "DELETE /allocations/2c9796bc-57ac-4caa-80bd-50f77fd7128a" status: 204 len: 0 microversion: 1.0 [pid: 8|app: 0|req: 380/756] 199.204.45.77 () {34 vars in 840 bytes} [Fri Jul 10 22:40:28 2026] DELETE /allocations/2c9796bc-57ac-4caa-80bd-50f77fd7128a => generated 0 bytes in 36 msecs (HTTP/1.1 204) 5 headers in 198 bytes (1 switches on core 0)
2026-07-10 22:40:28.947 7 INFO placement.requestlog [None req-767bc884-e46e-4135-a729-0d43169bde68 8c4fc92b989844e48879191966621bba 1eacaff5e0a2406a9121a5f318368127 - - 9c8d723f42a64131b6a38bc67060f52c 9c8d723f42a64131b6a38bc67060f52c] 10.0.0.114 "GET /resource_providers/cdc539fb-b7a6-43bc-91b0-f68baea3ad25/aggregates" status: 404 len: 235 microversion: 1.1 [pid: 7|app: 0|req: 377/757] 10.0.0.114 () {32 vars in 816 bytes} [Fri Jul 10 22:40:28 2026] GET /resource_providers/cdc539fb-b7a6-43bc-91b0-f68baea3ad25/aggregates => generated 235 bytes in 10 msecs (HTTP/1.1 404) 5 headers in 202 bytes (1 switches on core 0)
2026-07-10 22:40:28.953 8 INFO placement.requestlog [None req-24dcdce6-d42c-463e-ab5e-f84e521a6b9e 8c4fc92b989844e48879191966621bba 1eacaff5e0a2406a9121a5f318368127 - - 9c8d723f42a64131b6a38bc67060f52c 9c8d723f42a64131b6a38bc67060f52c] 10.0.0.114 "GET /resource_providers/cdc539fb-b7a6-43bc-91b0-f68baea3ad25/aggregates" status: 404 len: 235 microversion: 1.1 [pid: 8|app: 0|req: 381/758] 10.0.0.114 () {32 vars in 816 bytes} [Fri Jul 10 22:40:28 2026] GET /resource_providers/cdc539fb-b7a6-43bc-91b0-f68baea3ad25/aggregates => generated 235 bytes in 10 msecs (HTTP/1.1 404) 5 headers in 202 bytes (1 switches on core 0)
2026-07-10 22:40:28.967 7 INFO placement.requestlog [None req-649b4a9b-d66f-471e-8b83-4f10fb6ea2a4 8c4fc92b989844e48879191966621bba 1eacaff5e0a2406a9121a5f318368127 - - 9c8d723f42a64131b6a38bc67060f52c 9c8d723f42a64131b6a38bc67060f52c] 10.0.0.114 "DELETE /resource_providers/cdc539fb-b7a6-43bc-91b0-f68baea3ad25" status: 404 len: 246 microversion: 1.1 [pid: 7|app: 0|req: 378/759] 10.0.0.114 () {34 vars in 816 bytes} [Fri Jul 10 22:40:28 2026] DELETE /resource_providers/cdc539fb-b7a6-43bc-91b0-f68baea3ad25 => generated 246 bytes in 10 msecs (HTTP/1.1 404) 6 headers in 231 bytes (1 switches on core 0)
2026-07-10 22:40:28.974 8 INFO placement.requestlog [None req-dba40fdc-2a24-4d53-b420-99038251e993 8c4fc92b989844e48879191966621bba 1eacaff5e0a2406a9121a5f318368127 - - 9c8d723f42a64131b6a38bc67060f52c 9c8d723f42a64131b6a38bc67060f52c] 10.0.0.114 "DELETE /resource_providers/cdc539fb-b7a6-43bc-91b0-f68baea3ad25" status: 404 len: 246 microversion: 1.1 [pid: 8|app: 0|req: 382/760] 10.0.0.114 () {34 vars in 816 bytes} [Fri Jul 10 22:40:28 2026] DELETE /resource_providers/cdc539fb-b7a6-43bc-91b0-f68baea3ad25 => generated 246 bytes in 13 msecs (HTTP/1.1 404) 6 headers in 231 bytes (1 switches on core 0)
2026-07-10 22:40:29.118 7 INFO placement.requestlog [None req-91d02245-6cc1-4a12-95c1-afb7112820f7 - - - - - -] 10.0.0.119 "GET /" status: 200 len: 136 microversion: 1.0
2026-07-10 22:40:29.119 8 INFO placement.requestlog [None req-98d8ba3c-d40e-4b12-9c70-1c47fed9a5d1 - - - - - -] 10.0.0.119 "GET /" status: 200 len: 136 microversion: 1.0
2026-07-10 22:40:29.448 7 INFO placement.requestlog [req-258f18c2-4d24-475f-8dc9-411cd18dbd56 req-ed214550-ad47-4d75-a257-efb88d867414 db08cbffc1214b3fbeb4f6ca493cd9f9 1eacaff5e0a2406a9121a5f318368127 - - 9c8d723f42a64131b6a38bc67060f52c 9c8d723f42a64131b6a38bc67060f52c] 10.0.0.95 "DELETE /allocations/2c9796bc-57ac-4caa-80bd-50f77fd7128a" status: 404 len: 228 microversion: 1.0 [pid: 7|app: 0|req: 380/763] 10.0.0.95 () {34 vars in 829 bytes} [Fri Jul 10 22:40:29 2026] DELETE /allocations/2c9796bc-57ac-4caa-80bd-50f77fd7128a => generated 228 bytes in 15 msecs (HTTP/1.1 404) 6 headers in 231 bytes (1 switches on core 0)
2026-07-10 22:40:29.909 8 INFO placement.requestlog [None req-e0fa8490-8bce-46cf-98ad-7f29718866e7 8c4fc92b989844e48879191966621bba 1eacaff5e0a2406a9121a5f318368127 - - 9c8d723f42a64131b6a38bc67060f52c 9c8d723f42a64131b6a38bc67060f52c] 10.0.0.114 "GET /resource_providers/c157d78e-d032-41e9-95f0-23fa12af4181/aggregates" status: 404 len: 235 microversion: 1.1 [pid: 8|app: 0|req: 384/764] 10.0.0.114 () {32 vars in 816 bytes} [Fri Jul 10 22:40:29 2026] GET /resource_providers/c157d78e-d032-41e9-95f0-23fa12af4181/aggregates => generated 235 bytes in 21 msecs (HTTP/1.1 404) 5 headers in 202 bytes (1 switches on core 0)
