2026-07-10 22:43:01.620 7 WARNING neutron.db.securitygroups_db [None req-559b65e6-6256-4bac-9f48-db31deaf423c ec2ce38fa77d4c7c8e107def4f77449e 5c437ec3d1a34a6d871b149edeb89d9a - - default default] project_id key not found in filters, using tenant_id instead. This support has been deprecated and will be removed in a future release. [pid: 7|app: 0|req: 1119/2293] 10.0.0.100 () {32 vars in 774 bytes} [Fri Jul 10 22:43:01 2026] GET /v2.0/security-groups?tenant_id=f6f23d94bd8b44cc931370c14cca6c9a&name=default => generated 2929 bytes in 302 msecs (HTTP/1.1 200) 4 headers in 158 bytes (1 switches on core 0) [pid: 8|app: 0|req: 1175/2294] 10.0.0.100 () {32 vars in 740 bytes} [Fri Jul 10 22:43:01 2026] DELETE /v2.0/security-groups/1a9e4011-1e36-40b2-b17b-5bb9d105f7e8 => generated 0 bytes in 116 msecs (HTTP/1.1 204) 2 headers in 112 bytes (1 switches on core 0)
2026-07-10 22:43:01.965 7 WARNING neutron.db.securitygroups_db [None req-f0d15105-a928-4d68-81ef-bc45819a15b6 ec2ce38fa77d4c7c8e107def4f77449e 5c437ec3d1a34a6d871b149edeb89d9a - - default default] project_id key not found in filters, using tenant_id instead. This support has been deprecated and will be removed in a future release. [pid: 7|app: 0|req: 1120/2295] 10.0.0.100 () {32 vars in 774 bytes} [Fri Jul 10 22:43:01 2026] GET /v2.0/security-groups?tenant_id=4ed72b75f5d54bcd99e3dfd836d4ac46&name=default => generated 2929 bytes in 129 msecs (HTTP/1.1 200) 4 headers in 158 bytes (1 switches on core 0) [pid: 8|app: 0|req: 1176/2296] 10.0.0.100 () {32 vars in 740 bytes} [Fri Jul 10 22:43:02 2026] DELETE /v2.0/security-groups/e659064f-76b9-4737-9ff7-44b1a1c62bc8 => generated 0 bytes in 98 msecs (HTTP/1.1 204) 2 headers in 112 bytes (1 switches on core 0) [pid: 7|app: 0|req: 1121/2297] 199.204.45.77 () {34 vars in 985 bytes} [Fri Jul 10 22:43:04 2026] GET /v2.0/networks?id=ebdaebe5-a4f0-412b-89dd-333eddb89a9d => generated 705 bytes in 50 msecs (HTTP/1.1 200) 4 headers in 157 bytes (1 switches on core 0)
2026-07-10 22:43:04.589 8 WARNING neutron.db.securitygroups_db [req-4937842d-aa73-4217-90ad-ee7834c22f97 req-b35dc355-d432-4ac0-bf3e-6f592e86e52b 64ca500b2f444bb696257c7e5c89728a 32d8758717cb48d3b78fdb8903450299 - - default default] project_id key not found in filters, using tenant_id instead. This support has been deprecated and will be removed in a future release. [pid: 8|app: 0|req: 1177/2298] 199.204.45.77 () {34 vars in 1049 bytes} [Fri Jul 10 22:43:04 2026] GET /v2.0/security-groups?fields=id&fields=name&tenant_id=32d8758717cb48d3b78fdb8903450299 => generated 178 bytes in 32 msecs (HTTP/1.1 200) 4 headers in 157 bytes (1 switches on core 0) [pid: 7|app: 0|req: 1122/2299] 199.204.45.77 () {38 vars in 954 bytes} [Fri Jul 10 22:43:04 2026] POST /v2.0/ports => generated 1183 bytes in 358 msecs (HTTP/1.1 201) 4 headers in 163 bytes (1 switches on core 0) /var/lib/openstack/lib/python3.12/site-packages/pycadf/identifier.py:70: UserWarning: Invalid uuid: neutron. To ensure interoperability, identifiers should be a valid uuid. warnings.warn(('Invalid uuid: %s. To ensure interoperability, ' [pid: 7|app: 0|req: 1123/2300] 10.0.0.95 () {34 vars in 1069 bytes} [Fri Jul 10 22:43:05 2026] GET /v2.0/ports?fields=security_groups&fields=device_id&device_id=df7e2a84-dd4d-48da-9600-f934a46aab58 => generated 123 bytes in 31 msecs (HTTP/1.1 200) 4 headers in 157 bytes (1 switches on core 0) [pid: 8|app: 0|req: 1178/2301] 199.204.45.77 () {38 vars in 1027 bytes} [Fri Jul 10 22:43:04 2026] PUT /v2.0/ports/a3fa5904-69d7-415a-826d-ad35f600e1bf => generated 1464 bytes in 458 msecs (HTTP/1.1 200) 4 headers in 158 bytes (1 switches on core 0) [pid: 7|app: 0|req: 1124/2302] 10.0.0.95 () {34 vars in 1039 bytes} [Fri Jul 10 22:43:05 2026] GET /v2.0/security-groups?id=09b0c11d-d141-4d39-9fdd-77fea0c30936&fields=id&fields=name => generated 111 bytes in 33 msecs (HTTP/1.1 200) 4 headers in 157 bytes (1 switches on core 0)
2026-07-10 22:43:05.477 8 INFO neutron.notifiers.nova [-] Nova event matching ['req-d719d75d-3e79-4e0a-9ce8-4b11812179c0'] response: {'name': 'network-changed', 'server_uuid': 'df7e2a84-dd4d-48da-9600-f934a46aab58', 'tag': 'a3fa5904-69d7-415a-826d-ad35f600e1bf', 'status': 'completed', 'code': 200} /var/lib/openstack/lib/python3.12/site-packages/pycadf/identifier.py:70: UserWarning: Invalid uuid: neutron. To ensure interoperability, identifiers should be a valid uuid. warnings.warn(('Invalid uuid: %s. To ensure interoperability, ' [pid: 8|app: 0|req: 1179/2303] 199.204.45.77 () {34 vars in 1079 bytes} [Fri Jul 10 22:43:05 2026] GET /v2.0/ports?tenant_id=32d8758717cb48d3b78fdb8903450299&device_id=df7e2a84-dd4d-48da-9600-f934a46aab58 => generated 1467 bytes in 37 msecs (HTTP/1.1 200) 4 headers in 158 bytes (1 switches on core 0) [pid: 7|app: 0|req: 1125/2304] 199.204.45.77 () {34 vars in 1017 bytes} [Fri Jul 10 22:43:06 2026] GET /v2.0/networks?tenant_id=32d8758717cb48d3b78fdb8903450299&shared=False => generated 2376 bytes in 47 msecs (HTTP/1.1 200) 4 headers in 158 bytes (1 switches on core 0) [pid: 8|app: 0|req: 1180/2305] 199.204.45.77 () {34 vars in 929 bytes} [Fri Jul 10 22:43:06 2026] GET /v2.0/networks?shared=True => generated 753 bytes in 36 msecs (HTTP/1.1 200) 4 headers in 157 bytes (1 switches on core 0) [pid: 7|app: 0|req: 1126/2306] 199.204.45.77 () {34 vars in 1079 bytes} [Fri Jul 10 22:43:07 2026] GET /v2.0/ports?tenant_id=32d8758717cb48d3b78fdb8903450299&device_id=df7e2a84-dd4d-48da-9600-f934a46aab58 => generated 1467 bytes in 32 msecs (HTTP/1.1 200) 4 headers in 158 bytes (1 switches on core 0) [pid: 8|app: 0|req: 1181/2307] 199.204.45.77 () {34 vars in 1057 bytes} [Fri Jul 10 22:43:07 2026] GET /v2.0/floatingips?fixed_ip_address=10.2.1.116&port_id=a3fa5904-69d7-415a-826d-ad35f600e1bf => generated 19 bytes in 19 msecs (HTTP/1.1 200) 4 headers in 156 bytes (1 switches on core 0) [pid: 7|app: 0|req: 1127/2308] 199.204.45.77 () {34 vars in 1103 bytes} [Fri Jul 10 22:43:07 2026] GET /v2.0/floatingips?fixed_ip_address=fd7b%3Af9f7%3Afff%3A4eca%3A%3A3a3&port_id=a3fa5904-69d7-415a-826d-ad35f600e1bf => generated 19 bytes in 20 msecs (HTTP/1.1 200) 4 headers in 156 bytes (1 switches on core 0) [pid: 8|app: 0|req: 1182/2309] 199.204.45.77 () {34 vars in 1063 bytes} [Fri Jul 10 22:43:07 2026] GET /v2.0/subnets?id=7cd17270-fd9c-45f4-b386-9ce9301d5c24&id=da30a591-21eb-491c-9da0-af48386820e2 => generated 1411 bytes in 37 msecs (HTTP/1.1 200) 4 headers in 158 bytes (1 switches on core 0) [pid: 7|app: 0|req: 1128/2310] 199.204.45.77 () {34 vars in 1051 bytes} [Fri Jul 10 22:43:07 2026] GET /v2.0/ports?network_id=ebdaebe5-a4f0-412b-89dd-333eddb89a9d&device_owner=network%3Adhcp => generated 1457 bytes in 43 msecs (HTTP/1.1 200) 4 headers in 158 bytes (1 switches on core 0) [pid: 8|app: 0|req: 1183/2311] 199.204.45.77 () {34 vars in 1051 bytes} [Fri Jul 10 22:43:07 2026] GET /v2.0/ports?network_id=ebdaebe5-a4f0-412b-89dd-333eddb89a9d&device_owner=network%3Adhcp => generated 1457 bytes in 47 msecs (HTTP/1.1 200) 4 headers in 158 bytes (1 switches on core 0) [pid: 7|app: 0|req: 1129/2312] 199.204.45.77 () {34 vars in 1011 bytes} [Fri Jul 10 22:43:07 2026] GET /v2.0/networks/ebdaebe5-a4f0-412b-89dd-333eddb89a9d?fields=segments => generated 14 bytes in 37 msecs (HTTP/1.1 200) 4 headers in 156 bytes (1 switches on core 0) [pid: 8|app: 0|req: 1184/2313] 199.204.45.77 () {34 vars in 1111 bytes} [Fri Jul 10 22:43:07 2026] GET /v2.0/networks/ebdaebe5-a4f0-412b-89dd-333eddb89a9d?fields=provider%3Aphysical_network&fields=provider%3Anetwork_type => generated 78 bytes in 47 msecs (HTTP/1.1 200) 4 headers in 156 bytes (1 switches on core 0) [pid: 7|app: 0|req: 1130/2314] 10.0.0.95 () {34 vars in 1069 bytes} [Fri Jul 10 22:43:10 2026] GET /v2.0/ports?fields=security_groups&fields=device_id&device_id=df7e2a84-dd4d-48da-9600-f934a46aab58 => generated 123 bytes in 71 msecs (HTTP/1.1 200) 4 headers in 157 bytes (1 switches on core 0) [pid: 8|app: 0|req: 1185/2315] 10.0.0.95 () {34 vars in 1039 bytes} [Fri Jul 10 22:43:10 2026] GET /v2.0/security-groups?id=09b0c11d-d141-4d39-9fdd-77fea0c30936&fields=id&fields=name => generated 111 bytes in 32 msecs (HTTP/1.1 200) 4 headers in 157 bytes (1 switches on core 0) [pid: 7|app: 0|req: 1132/2318] 199.204.45.77 () {34 vars in 993 bytes} [Fri Jul 10 22:43:11 2026] GET /v2.0/ports?device_id=df7e2a84-dd4d-48da-9600-f934a46aab58 => generated 1198 bytes in 41 msecs (HTTP/1.1 200) 4 headers in 158 bytes (1 switches on core 0)
2026-07-10 22:43:11.855 8 INFO neutron_taas.services.taas.taas_plugin [req-4937842d-aa73-4217-90ad-ee7834c22f97 req-64a5eefb-22ec-44a2-925c-f70ad74660d5 64ca500b2f444bb696257c7e5c89728a 32d8758717cb48d3b78fdb8903450299 - - default default] TaaS: Handle Delete Port: a3fa5904-69d7-415a-826d-ad35f600e1bf
2026-07-10 22:43:11.858 8 INFO neutron_taas.services.taas.tap_mirror_plugin [req-4937842d-aa73-4217-90ad-ee7834c22f97 req-64a5eefb-22ec-44a2-925c-f70ad74660d5 64ca500b2f444bb696257c7e5c89728a 32d8758717cb48d3b78fdb8903450299 - - default default] Tap Mirror: Handle Delete Port: a3fa5904-69d7-415a-826d-ad35f600e1bf [pid: 8|app: 0|req: 1187/2319] 199.204.45.77 () {36 vars in 996 bytes} [Fri Jul 10 22:43:11 2026] DELETE /v2.0/ports/a3fa5904-69d7-415a-826d-ad35f600e1bf => generated 0 bytes in 376 msecs (HTTP/1.1 204) 3 headers in 131 bytes (1 switches on core 0)
2026-07-10 22:43:12.078 8 WARNING neutron.notifiers.nova [-] Nova event matching ['req-7c36e458-f338-4d04-9ab1-ba00ad84e1be']: {'server_uuid': 'df7e2a84-dd4d-48da-9600-f934a46aab58', 'name': 'network-vif-deleted', 'tag': 'a3fa5904-69d7-415a-826d-ad35f600e1bf', 'status': 'failed', 'code': 422} returned with failed status [pid: 7|app: 0|req: 1133/2320] 10.0.0.205 () {34 vars in 990 bytes} [Fri Jul 10 22:43:14 2026] GET /v2.0/ports?device_id=df7e2a84-dd4d-48da-9600-f934a46aab58 => generated 12 bytes in 31 msecs (HTTP/1.1 200) 4 headers in 156 bytes (1 switches on core 0) [pid: 8|app: 0|req: 1188/2321] 10.0.0.95 () {34 vars in 1069 bytes} [Fri Jul 10 22:43:15 2026] GET /v2.0/ports?fields=security_groups&fields=device_id&device_id=df7e2a84-dd4d-48da-9600-f934a46aab58 => generated 12 bytes in 24 msecs (HTTP/1.1 200) 4 headers in 156 bytes (1 switches on core 0) [pid: 7|app: 0|req: 1134/2322] 10.0.0.95 () {34 vars in 989 bytes} [Fri Jul 10 22:43:15 2026] GET /v2.0/ports?device_id=df7e2a84-dd4d-48da-9600-f934a46aab58 => generated 12 bytes in 20 msecs (HTTP/1.1 200) 4 headers in 156 bytes (1 switches on core 0) [pid: 8|app: 0|req: 1189/2323] 10.0.0.100 () {32 vars in 750 bytes} [Fri Jul 10 22:43:16 2026] DELETE /v2.0/security-group-rules/cd969148-ae10-4af7-a11a-675483a058f2 => generated 0 bytes in 79 msecs (HTTP/1.1 204) 2 headers in 112 bytes (1 switches on core 0)
2026-07-10 22:43:16.171 7 INFO neutron.api.v2.resource [None req-72078a32-1347-4af4-9fb0-19c360029ebc 64ca500b2f444bb696257c7e5c89728a 32d8758717cb48d3b78fdb8903450299 - - default default] show failed (client error): The resource could not be found. [pid: 7|app: 0|req: 1135/2324] 10.0.0.100 () {32 vars in 747 bytes} [Fri Jul 10 22:43:16 2026] GET /v2.0/security-group-rules/cd969148-ae10-4af7-a11a-675483a058f2 => generated 155 bytes in 13 msecs (HTTP/1.1 404) 4 headers in 164 bytes (1 switches on core 0) [pid: 8|app: 0|req: 1190/2325] 10.0.0.100 () {32 vars in 750 bytes} [Fri Jul 10 22:43:16 2026] DELETE /v2.0/security-group-rules/57fa46e9-432c-47d5-9cef-ac4bfac95c67 => generated 0 bytes in 65 msecs (HTTP/1.1 204) 2 headers in 112 bytes (1 switches on core 0)
2026-07-10 22:43:16.265 7 INFO neutron.api.v2.resource [None req-a160f739-826b-4f79-b3b3-a7d99f86194d 64ca500b2f444bb696257c7e5c89728a 32d8758717cb48d3b78fdb8903450299 - - default default] show failed (client error): The resource could not be found. [pid: 7|app: 0|req: 1136/2326] 10.0.0.100 () {32 vars in 747 bytes} [Fri Jul 10 22:43:16 2026] GET /v2.0/security-group-rules/57fa46e9-432c-47d5-9cef-ac4bfac95c67 => generated 155 bytes in 20 msecs (HTTP/1.1 404) 4 headers in 164 bytes (1 switches on core 0) [pid: 8|app: 0|req: 1191/2327] 10.0.0.100 () {32 vars in 750 bytes} [Fri Jul 10 22:43:16 2026] DELETE /v2.0/security-group-rules/f2d3a003-095c-4a58-961e-635d98d511c6 => generated 0 bytes in 84 msecs (HTTP/1.1 204) 2 headers in 112 bytes (1 switches on core 0)
2026-07-10 22:43:16.373 7 INFO neutron.api.v2.resource [None req-634132cc-f507-499f-ad0b-25805e411b59 64ca500b2f444bb696257c7e5c89728a 32d8758717cb48d3b78fdb8903450299 - - default default] show failed (client error): The resource could not be found. [pid: 7|app: 0|req: 1137/2328] 10.0.0.100 () {32 vars in 747 bytes} [Fri Jul 10 22:43:16 2026] GET /v2.0/security-group-rules/f2d3a003-095c-4a58-961e-635d98d511c6 => generated 155 bytes in 12 msecs (HTTP/1.1 404) 4 headers in 164 bytes (1 switches on core 0) [pid: 8|app: 0|req: 1192/2329] 10.0.0.100 () {32 vars in 750 bytes} [Fri Jul 10 22:43:16 2026] DELETE /v2.0/security-group-rules/a6104e34-ea6b-4b67-ac9e-ac0510e8f967 => generated 0 bytes in 68 msecs (HTTP/1.1 204) 2 headers in 112 bytes (1 switches on core 0)
2026-07-10 22:43:16.459 7 INFO neutron.api.v2.resource [None req-498de4f1-d0a8-40c5-9ced-ecf2077cfa54 64ca500b2f444bb696257c7e5c89728a 32d8758717cb48d3b78fdb8903450299 - - default default] show failed (client error): The resource could not be found. [pid: 7|app: 0|req: 1138/2330] 10.0.0.100 () {32 vars in 747 bytes} [Fri Jul 10 22:43:16 2026] GET /v2.0/security-group-rules/a6104e34-ea6b-4b67-ac9e-ac0510e8f967 => generated 155 bytes in 10 msecs (HTTP/1.1 404) 4 headers in 164 bytes (1 switches on core 0) [pid: 8|app: 0|req: 1193/2331] 10.0.0.100 () {32 vars in 750 bytes} [Fri Jul 10 22:43:16 2026] DELETE /v2.0/security-group-rules/90afc8a1-28ba-47aa-aab0-4b813e3f1351 => generated 0 bytes in 66 msecs (HTTP/1.1 204) 2 headers in 112 bytes (1 switches on core 0)
2026-07-10 22:43:16.542 7 INFO neutron.api.v2.resource [None req-3cd5a867-92e9-4014-96ec-cfd80184827e 64ca500b2f444bb696257c7e5c89728a 32d8758717cb48d3b78fdb8903450299 - - default default] show failed (client error): The resource could not be found. [pid: 7|app: 0|req: 1139/2332] 10.0.0.100 () {32 vars in 747 bytes} [Fri Jul 10 22:43:16 2026] GET /v2.0/security-group-rules/90afc8a1-28ba-47aa-aab0-4b813e3f1351 => generated 155 bytes in 11 msecs (HTTP/1.1 404) 4 headers in 164 bytes (1 switches on core 0) [pid: 8|app: 0|req: 1194/2333] 10.0.0.100 () {32 vars in 750 bytes} [Fri Jul 10 22:43:16 2026] DELETE /v2.0/security-group-rules/2439fcf1-0c67-428b-95d6-aad0c44d54b0 => generated 0 bytes in 56 msecs (HTTP/1.1 204) 2 headers in 112 bytes (1 switches on core 0)
2026-07-10 22:43:16.615 7 INFO neutron.api.v2.resource [None req-e4126098-8d63-42a6-bc51-30225dc5eaf3 64ca500b2f444bb696257c7e5c89728a 32d8758717cb48d3b78fdb8903450299 - - default default] show failed (client error): The resource could not be found. [pid: 7|app: 0|req: 1140/2334] 10.0.0.100 () {32 vars in 747 bytes} [Fri Jul 10 22:43:16 2026] GET /v2.0/security-group-rules/2439fcf1-0c67-428b-95d6-aad0c44d54b0 => generated 155 bytes in 8 msecs (HTTP/1.1 404) 4 headers in 164 bytes (1 switches on core 0) [pid: 8|app: 0|req: 1195/2335] 10.0.0.100 () {32 vars in 750 bytes} [Fri Jul 10 22:43:16 2026] DELETE /v2.0/security-group-rules/6ce73f93-87ae-4650-8c47-0e4c3b462ff8 => generated 0 bytes in 56 msecs (HTTP/1.1 204) 2 headers in 112 bytes (1 switches on core 0)
2026-07-10 22:43:16.689 7 INFO neutron.api.v2.resource [None req-f04d3854-7cd4-407e-b3ee-5eb328c62815 64ca500b2f444bb696257c7e5c89728a 32d8758717cb48d3b78fdb8903450299 - - default default] show failed (client error): The resource could not be found. [pid: 7|app: 0|req: 1141/2336] 10.0.0.100 () {32 vars in 747 bytes} [Fri Jul 10 22:43:16 2026] GET /v2.0/security-group-rules/6ce73f93-87ae-4650-8c47-0e4c3b462ff8 => generated 155 bytes in 8 msecs (HTTP/1.1 404) 4 headers in 164 bytes (1 switches on core 0) [pid: 8|app: 0|req: 1196/2337] 10.0.0.100 () {32 vars in 750 bytes} [Fri Jul 10 22:43:16 2026] DELETE /v2.0/security-group-rules/966bd937-d00c-4cf1-b147-0844b244825a => generated 0 bytes in 64 msecs (HTTP/1.1 204) 2 headers in 112 bytes (1 switches on core 0)
2026-07-10 22:43:16.774 7 INFO neutron.api.v2.resource [None req-316bcaf3-064c-4791-be16-c1c427015f41 64ca500b2f444bb696257c7e5c89728a 32d8758717cb48d3b78fdb8903450299 - - default default] show failed (client error): The resource could not be found. [pid: 7|app: 0|req: 1142/2338] 10.0.0.100 () {32 vars in 747 bytes} [Fri Jul 10 22:43:16 2026] GET /v2.0/security-group-rules/966bd937-d00c-4cf1-b147-0844b244825a => generated 155 bytes in 11 msecs (HTTP/1.1 404) 4 headers in 164 bytes (1 switches on core 0) [pid: 8|app: 0|req: 1197/2339] 10.0.0.100 () {32 vars in 750 bytes} [Fri Jul 10 22:43:16 2026] DELETE /v2.0/security-group-rules/fbe35159-865f-42e7-b1e3-1e35372ab096 => generated 0 bytes in 73 msecs (HTTP/1.1 204) 2 headers in 112 bytes (1 switches on core 0)
2026-07-10 22:43:16.876 7 INFO neutron.api.v2.resource [None req-bc7add95-556a-4503-a310-1b50e20e6212 64ca500b2f444bb696257c7e5c89728a 32d8758717cb48d3b78fdb8903450299 - - default default] show failed (client error): The resource could not be found. [pid: 7|app: 0|req: 1143/2340] 10.0.0.100 () {32 vars in 747 bytes} [Fri Jul 10 22:43:16 2026] GET /v2.0/security-group-rules/fbe35159-865f-42e7-b1e3-1e35372ab096 => generated 155 bytes in 12 msecs (HTTP/1.1 404) 4 headers in 164 bytes (1 switches on core 0) [pid: 8|app: 0|req: 1198/2341] 10.0.0.100 () {32 vars in 750 bytes} [Fri Jul 10 22:43:16 2026] DELETE /v2.0/security-group-rules/5a4bd7dc-97ac-41ad-8148-3b37b28d32b2 => generated 0 bytes in 72 msecs (HTTP/1.1 204) 2 headers in 112 bytes (1 switches on core 0)
2026-07-10 22:43:16.972 7 INFO neutron.api.v2.resource [None req-48211e53-4873-444b-8c5f-2b32a6fe982b 64ca500b2f444bb696257c7e5c89728a 32d8758717cb48d3b78fdb8903450299 - - default default] show failed (client error): The resource could not be found. [pid: 7|app: 0|req: 1144/2342] 10.0.0.100 () {32 vars in 747 bytes} [Fri Jul 10 22:43:16 2026] GET /v2.0/security-group-rules/5a4bd7dc-97ac-41ad-8148-3b37b28d32b2 => generated 155 bytes in 14 msecs (HTTP/1.1 404) 4 headers in 164 bytes (1 switches on core 0) [pid: 8|app: 0|req: 1199/2343] 10.0.0.100 () {32 vars in 750 bytes} [Fri Jul 10 22:43:16 2026] DELETE /v2.0/security-group-rules/68c587f3-cf9c-4a3b-9d83-7018623dbf89 => generated 0 bytes in 65 msecs (HTTP/1.1 204) 2 headers in 112 bytes (1 switches on core 0)
2026-07-10 22:43:17.060 7 INFO neutron.api.v2.resource [None req-5152948b-7278-420c-a4b0-21dd3a974fd2 64ca500b2f444bb696257c7e5c89728a 32d8758717cb48d3b78fdb8903450299 - - default default] show failed (client error): The resource could not be found. [pid: 7|app: 0|req: 1145/2344] 10.0.0.100 () {32 vars in 747 bytes} [Fri Jul 10 22:43:17 2026] GET /v2.0/security-group-rules/68c587f3-cf9c-4a3b-9d83-7018623dbf89 => generated 155 bytes in 13 msecs (HTTP/1.1 404) 4 headers in 164 bytes (1 switches on core 0) [pid: 8|app: 0|req: 1200/2345] 10.0.0.100 () {32 vars in 740 bytes} [Fri Jul 10 22:43:17 2026] DELETE /v2.0/security-groups/09b0c11d-d141-4d39-9fdd-77fea0c30936 => generated 0 bytes in 70 msecs (HTTP/1.1 204) 2 headers in 112 bytes (1 switches on core 0)
2026-07-10 22:43:17.152 7 INFO neutron.api.v2.resource [None req-567a5918-7232-424b-8391-8c7fc1f358ec 64ca500b2f444bb696257c7e5c89728a 32d8758717cb48d3b78fdb8903450299 - - default default] show failed (client error): The resource could not be found. [pid: 7|app: 0|req: 1146/2346] 10.0.0.100 () {32 vars in 737 bytes} [Fri Jul 10 22:43:17 2026] GET /v2.0/security-groups/09b0c11d-d141-4d39-9fdd-77fea0c30936 => generated 146 bytes in 14 msecs (HTTP/1.1 404) 4 headers in 164 bytes (1 switches on core 0)
2026-07-10 22:43:17.593 8 INFO neutron_taas.services.taas.taas_plugin [None req-48b245da-8ebb-46c0-9a7d-01f8c9a327b3 64ca500b2f444bb696257c7e5c89728a 32d8758717cb48d3b78fdb8903450299 - - default default] TaaS: Handle Delete Port: e0f580d0-d80b-4212-a84a-fe559c253620
2026-07-10 22:43:17.596 8 INFO neutron_taas.services.taas.tap_mirror_plugin [None req-48b245da-8ebb-46c0-9a7d-01f8c9a327b3 64ca500b2f444bb696257c7e5c89728a 32d8758717cb48d3b78fdb8903450299 - - default default] Tap Mirror: Handle Delete Port: e0f580d0-d80b-4212-a84a-fe559c253620 [pid: 8|app: 0|req: 1201/2347] 10.0.0.100 () {34 vars in 789 bytes} [Fri Jul 10 22:43:17 2026] PUT /v2.0/routers/1773ab63-72e3-467f-b170-72e45778d61a/remove_router_interface => generated 310 bytes in 911 msecs (HTTP/1.1 200) 4 headers in 157 bytes (1 switches on core 0)
2026-07-10 22:43:18.337 7 INFO neutron.api.v2.resource [None req-a1cbe3c6-85bd-4a7a-926f-6eed040aec87 64ca500b2f444bb696257c7e5c89728a 32d8758717cb48d3b78fdb8903450299 - - default default] remove_router_interface failed (client error): The resource could not be found. [pid: 7|app: 0|req: 1147/2348] 10.0.0.100 () {34 vars in 789 bytes} [Fri Jul 10 22:43:18 2026] PUT /v2.0/routers/1773ab63-72e3-467f-b170-72e45778d61a/remove_router_interface => generated 198 bytes in 228 msecs (HTTP/1.1 404) 4 headers in 164 bytes (1 switches on core 0)
2026-07-10 22:43:18.722 8 INFO neutron_taas.services.taas.taas_plugin [None req-c9d7218f-ff4f-43f0-9197-87a54f2a3454 64ca500b2f444bb696257c7e5c89728a 32d8758717cb48d3b78fdb8903450299 - - default default] TaaS: Handle Delete Port: 1d4ec63b-da16-4445-9a63-172d67e58030
2026-07-10 22:43:18.725 8 INFO neutron_taas.services.taas.tap_mirror_plugin [None req-c9d7218f-ff4f-43f0-9197-87a54f2a3454 64ca500b2f444bb696257c7e5c89728a 32d8758717cb48d3b78fdb8903450299 - - default default] Tap Mirror: Handle Delete Port: 1d4ec63b-da16-4445-9a63-172d67e58030 [pid: 8|app: 0|req: 1202/2349] 10.0.0.100 () {34 vars in 789 bytes} [Fri Jul 10 22:43:18 2026] PUT /v2.0/routers/1773ab63-72e3-467f-b170-72e45778d61a/remove_router_interface => generated 310 bytes in 980 msecs (HTTP/1.1 200) 4 headers in 157 bytes (1 switches on core 0)
2026-07-10 22:43:19.514 7 INFO neutron.api.v2.resource [None req-cb624816-e652-4f91-9506-c45e37c726f5 64ca500b2f444bb696257c7e5c89728a 32d8758717cb48d3b78fdb8903450299 - - default default] remove_router_interface failed (client error): The resource could not be found. [pid: 7|app: 0|req: 1148/2350] 10.0.0.100 () {34 vars in 789 bytes} [Fri Jul 10 22:43:19 2026] PUT /v2.0/routers/1773ab63-72e3-467f-b170-72e45778d61a/remove_router_interface => generated 198 bytes in 186 msecs (HTTP/1.1 404) 4 headers in 164 bytes (1 switches on core 0)
2026-07-10 22:43:19.892 8 INFO neutron_taas.services.taas.taas_plugin [None req-ec40c3fc-dba5-49d5-bb88-c845ceeebf89 64ca500b2f444bb696257c7e5c89728a 32d8758717cb48d3b78fdb8903450299 - - default default] TaaS: Handle Delete Port: 91bdd2ce-f765-4b81-8452-27222e762105
2026-07-10 22:43:19.896 8 INFO neutron_taas.services.taas.tap_mirror_plugin [None req-ec40c3fc-dba5-49d5-bb88-c845ceeebf89 64ca500b2f444bb696257c7e5c89728a 32d8758717cb48d3b78fdb8903450299 - - default default] Tap Mirror: Handle Delete Port: 91bdd2ce-f765-4b81-8452-27222e762105 [pid: 8|app: 0|req: 1203/2351] 10.0.0.100 () {34 vars in 789 bytes} [Fri Jul 10 22:43:19 2026] PUT /v2.0/routers/1773ab63-72e3-467f-b170-72e45778d61a/remove_router_interface => generated 310 bytes in 955 msecs (HTTP/1.1 200) 4 headers in 157 bytes (1 switches on core 0)
2026-07-10 22:43:20.648 7 INFO neutron.api.v2.resource [None req-bbbcf5bb-e132-44ef-b7d3-2844b5867661 64ca500b2f444bb696257c7e5c89728a 32d8758717cb48d3b78fdb8903450299 - - default default] remove_router_interface failed (client error): The resource could not be found. [pid: 7|app: 0|req: 1149/2352] 10.0.0.100 () {34 vars in 789 bytes} [Fri Jul 10 22:43:20 2026] PUT /v2.0/routers/1773ab63-72e3-467f-b170-72e45778d61a/remove_router_interface => generated 198 bytes in 167 msecs (HTTP/1.1 404) 4 headers in 164 bytes (1 switches on core 0)
2026-07-10 22:43:20.841 8 INFO neutron_taas.services.taas.taas_plugin [None req-1141d2aa-2e99-4eca-a960-3c02a40ead5e 64ca500b2f444bb696257c7e5c89728a 32d8758717cb48d3b78fdb8903450299 - - default default] TaaS: Handle Delete Port: c0ed3bfb-dfe5-47cb-8f0c-ae9f7fdb47e3
2026-07-10 22:43:20.843 8 INFO neutron_taas.services.taas.tap_mirror_plugin [None req-1141d2aa-2e99-4eca-a960-3c02a40ead5e 64ca500b2f444bb696257c7e5c89728a 32d8758717cb48d3b78fdb8903450299 - - default default] Tap Mirror: Handle Delete Port: c0ed3bfb-dfe5-47cb-8f0c-ae9f7fdb47e3
2026-07-10 22:43:21.065 8 INFO neutron_taas.services.taas.taas_plugin [None req-1141d2aa-2e99-4eca-a960-3c02a40ead5e 64ca500b2f444bb696257c7e5c89728a 32d8758717cb48d3b78fdb8903450299 - - default default] TaaS: Handle Delete Port: 28ce9479-35e8-4767-b27a-26c062a5195a
2026-07-10 22:43:21.067 8 INFO neutron_taas.services.taas.tap_mirror_plugin [None req-1141d2aa-2e99-4eca-a960-3c02a40ead5e 64ca500b2f444bb696257c7e5c89728a 32d8758717cb48d3b78fdb8903450299 - - default default] Tap Mirror: Handle Delete Port: 28ce9479-35e8-4767-b27a-26c062a5195a
2026-07-10 22:43:21.426 8 INFO neutron.services.segments.plugin [-] Segment c508242a-4704-4956-b269-c38a48743858 resource provider aggregate not found
2026-07-10 22:43:21.428 8 INFO neutron.services.segments.plugin [-] Segment c508242a-4704-4956-b269-c38a48743858 resource provider aggregate not found
2026-07-10 22:43:21.447 8 INFO neutron.services.segments.plugin [-] Client error retrieving segment c508242a-4704-4956-b269-c38a48743858 resource provider; error: Placement Client Error (4xx): {"errors": [{"status": 404, "title": "Not Found", "detail": "The resource could not be found.\n\n No resource provider with uuid c508242a-4704-4956-b269-c38a48743858 found for delete ", "request_id": "req-35f2e2cb-3508-4b49-9ac7-9605fe407182"}]}
2026-07-10 22:43:21.448 8 INFO neutron.services.segments.plugin [-] Client error retrieving segment c508242a-4704-4956-b269-c38a48743858 resource provider; error: Placement Client Error (4xx): {"errors": [{"status": 404, "title": "Not Found", "detail": "The resource could not be found.\n\n No resource provider with uuid c508242a-4704-4956-b269-c38a48743858 found for delete ", "request_id": "req-b5333b51-bf22-4111-af34-70cf55d434fa"}]}
2026-07-10 22:43:21.455 8 INFO neutron.db.l3_hamode_db [None req-1141d2aa-2e99-4eca-a960-3c02a40ead5e 64ca500b2f444bb696257c7e5c89728a 32d8758717cb48d3b78fdb8903450299 - - default default] HA network 71e5d0ad-c256-4461-95c8-0e4c9b417ce6 was deleted as no HA routers are present in project 32d8758717cb48d3b78fdb8903450299. [pid: 8|app: 0|req: 1204/2353] 10.0.0.100 () {32 vars in 724 bytes} [Fri Jul 10 22:43:20 2026] DELETE /v2.0/routers/1773ab63-72e3-467f-b170-72e45778d61a => generated 0 bytes in 808 msecs (HTTP/1.1 204) 2 headers in 112 bytes (1 switches on core 0)
2026-07-10 22:43:21.483 7 INFO neutron.api.v2.resource [None req-1a84437c-4bbb-4858-a0f5-5d7d1161695e 64ca500b2f444bb696257c7e5c89728a 32d8758717cb48d3b78fdb8903450299 - - default default] show failed (client error): The resource could not be found. [pid: 7|app: 0|req: 1150/2354] 10.0.0.100 () {32 vars in 721 bytes} [Fri Jul 10 22:43:21 2026] GET /v2.0/routers/1773ab63-72e3-467f-b170-72e45778d61a => generated 135 bytes in 18 msecs (HTTP/1.1 404) 4 headers in 164 bytes (1 switches on core 0) [pid: 8|app: 0|req: 1205/2355] 10.0.0.100 () {32 vars in 724 bytes} [Fri Jul 10 22:43:21 2026] DELETE /v2.0/subnets/819b7910-de48-48c9-b4f5-530de48cfeda => generated 0 bytes in 156 msecs (HTTP/1.1 204) 3 headers in 131 bytes (1 switches on core 0)
2026-07-10 22:43:21.664 7 INFO neutron.pecan_wsgi.hooks.translation [None req-788498eb-30d6-430e-b423-da5e0bfb93e0 64ca500b2f444bb696257c7e5c89728a 32d8758717cb48d3b78fdb8903450299 - - default default] GET failed (client error): The resource could not be found. [pid: 7|app: 0|req: 1151/2356] 10.0.0.100 () {32 vars in 721 bytes} [Fri Jul 10 22:43:21 2026] GET /v2.0/subnets/819b7910-de48-48c9-b4f5-530de48cfeda => generated 136 bytes in 16 msecs (HTTP/1.1 404) 4 headers in 164 bytes (1 switches on core 0) [pid: 8|app: 0|req: 1206/2357] 10.0.0.100 () {32 vars in 724 bytes} [Fri Jul 10 22:43:21 2026] DELETE /v2.0/subnets/bcd3954f-7e88-4153-af40-606c4eec5373 => generated 0 bytes in 144 msecs (HTTP/1.1 204) 3 headers in 131 bytes (1 switches on core 0)
2026-07-10 22:43:21.834 7 INFO neutron.pecan_wsgi.hooks.translation [None req-4137e4d1-0b1a-4d30-9c94-8670f6b91979 64ca500b2f444bb696257c7e5c89728a 32d8758717cb48d3b78fdb8903450299 - - default default] GET failed (client error): The resource could not be found. [pid: 7|app: 0|req: 1152/2358] 10.0.0.100 () {32 vars in 721 bytes} [Fri Jul 10 22:43:21 2026] GET /v2.0/subnets/bcd3954f-7e88-4153-af40-606c4eec5373 => generated 136 bytes in 17 msecs (HTTP/1.1 404) 4 headers in 164 bytes (1 switches on core 0)
2026-07-10 22:43:21.919 8 INFO neutron_taas.services.taas.taas_plugin [None req-5b87233d-ce09-443c-8091-e182dc3e5f2a 64ca500b2f444bb696257c7e5c89728a 32d8758717cb48d3b78fdb8903450299 - - default default] TaaS: Handle Delete Port: 5e4518eb-5371-4ff8-9c9d-f2142438d315
2026-07-10 22:43:21.921 8 INFO neutron_taas.services.taas.tap_mirror_plugin [None req-5b87233d-ce09-443c-8091-e182dc3e5f2a 64ca500b2f444bb696257c7e5c89728a 32d8758717cb48d3b78fdb8903450299 - - default default] Tap Mirror: Handle Delete Port: 5e4518eb-5371-4ff8-9c9d-f2142438d315 [pid: 8|app: 0|req: 1207/2359] 10.0.0.100 () {32 vars in 726 bytes} [Fri Jul 10 22:43:21 2026] DELETE /v2.0/networks/fadfd6ce-53bd-4800-a4d1-5aac57769763 => generated 0 bytes in 224 msecs (HTTP/1.1 204) 3 headers in 131 bytes (1 switches on core 0)
2026-07-10 22:43:22.081 7 INFO neutron.pecan_wsgi.hooks.translation [None req-4f4ecd24-60fc-4fa0-9aa2-adeef4d6fa01 64ca500b2f444bb696257c7e5c89728a 32d8758717cb48d3b78fdb8903450299 - - default default] GET failed (client error): The resource could not be found. [pid: 7|app: 0|req: 1153/2360] 10.0.0.100 () {32 vars in 723 bytes} [Fri Jul 10 22:43:22 2026] GET /v2.0/networks/fadfd6ce-53bd-4800-a4d1-5aac57769763 => generated 138 bytes in 15 msecs (HTTP/1.1 404) 4 headers in 164 bytes (1 switches on core 0) [pid: 8|app: 0|req: 1208/2361] 10.0.0.100 () {32 vars in 724 bytes} [Fri Jul 10 22:43:22 2026] DELETE /v2.0/subnets/da30a591-21eb-491c-9da0-af48386820e2 => generated 0 bytes in 149 msecs (HTTP/1.1 204) 3 headers in 131 bytes (1 switches on core 0)
2026-07-10 22:43:22.258 7 INFO neutron.pecan_wsgi.hooks.translation [None req-9c63e40c-ab16-4d02-8be9-486a43961eba 64ca500b2f444bb696257c7e5c89728a 32d8758717cb48d3b78fdb8903450299 - - default default] GET failed (client error): The resource could not be found. [pid: 7|app: 0|req: 1154/2362] 10.0.0.100 () {32 vars in 721 bytes} [Fri Jul 10 22:43:22 2026] GET /v2.0/subnets/da30a591-21eb-491c-9da0-af48386820e2 => generated 136 bytes in 17 msecs (HTTP/1.1 404) 4 headers in 164 bytes (1 switches on core 0) [pid: 8|app: 0|req: 1209/2363] 10.0.0.100 () {32 vars in 724 bytes} [Fri Jul 10 22:43:22 2026] DELETE /v2.0/subnets/7cd17270-fd9c-45f4-b386-9ce9301d5c24 => generated 0 bytes in 182 msecs (HTTP/1.1 204) 3 headers in 131 bytes (1 switches on core 0)
2026-07-10 22:43:22.467 7 INFO neutron.pecan_wsgi.hooks.translation [None req-152de66b-cbf1-4c75-a60c-ec320df59fe5 64ca500b2f444bb696257c7e5c89728a 32d8758717cb48d3b78fdb8903450299 - - default default] GET failed (client error): The resource could not be found. [pid: 7|app: 0|req: 1155/2364] 10.0.0.100 () {32 vars in 721 bytes} [Fri Jul 10 22:43:22 2026] GET /v2.0/subnets/7cd17270-fd9c-45f4-b386-9ce9301d5c24 => generated 136 bytes in 19 msecs (HTTP/1.1 404) 4 headers in 164 bytes (1 switches on core 0)
2026-07-10 22:43:22.576 8 INFO neutron_taas.services.taas.taas_plugin [None req-342957fc-e0fb-4ec2-af3a-5d2522a33478 64ca500b2f444bb696257c7e5c89728a 32d8758717cb48d3b78fdb8903450299 - - default default] TaaS: Handle Delete Port: d430f8a4-c3f9-46c1-9986-e7a6790ae41d
2026-07-10 22:43:22.579 8 INFO neutron_taas.services.taas.tap_mirror_plugin [None req-342957fc-e0fb-4ec2-af3a-5d2522a33478 64ca500b2f444bb696257c7e5c89728a 32d8758717cb48d3b78fdb8903450299 - - default default] Tap Mirror: Handle Delete Port: d430f8a4-c3f9-46c1-9986-e7a6790ae41d [pid: 8|app: 0|req: 1210/2365] 10.0.0.100 () {32 vars in 726 bytes} [Fri Jul 10 22:43:22 2026] DELETE /v2.0/networks/ebdaebe5-a4f0-412b-89dd-333eddb89a9d => generated 0 bytes in 305 msecs (HTTP/1.1 204) 3 headers in 131 bytes (1 switches on core 0)
2026-07-10 22:43:22.799 7 INFO neutron.pecan_wsgi.hooks.translation [None req-b1113e9e-b6c4-48d3-870d-a2d1eb5095d2 64ca500b2f444bb696257c7e5c89728a 32d8758717cb48d3b78fdb8903450299 - - default default] GET failed (client error): The resource could not be found. [pid: 7|app: 0|req: 1156/2366] 10.0.0.100 () {32 vars in 723 bytes} [Fri Jul 10 22:43:22 2026] GET /v2.0/networks/ebdaebe5-a4f0-412b-89dd-333eddb89a9d => generated 138 bytes in 14 msecs (HTTP/1.1 404) 4 headers in 164 bytes (1 switches on core 0) [pid: 8|app: 0|req: 1211/2367] 10.0.0.100 () {32 vars in 724 bytes} [Fri Jul 10 22:43:22 2026] DELETE /v2.0/subnets/786d2544-8603-453e-9763-8513f58e8699 => generated 0 bytes in 137 msecs (HTTP/1.1 204) 3 headers in 131 bytes (1 switches on core 0)
2026-07-10 22:43:22.964 7 INFO neutron.pecan_wsgi.hooks.translation [None req-0ae2ea75-8d12-48b5-bd67-707f91c5f153 64ca500b2f444bb696257c7e5c89728a 32d8758717cb48d3b78fdb8903450299 - - default default] GET failed (client error): The resource could not be found. [pid: 7|app: 0|req: 1157/2368] 10.0.0.100 () {32 vars in 721 bytes} [Fri Jul 10 22:43:22 2026] GET /v2.0/subnets/786d2544-8603-453e-9763-8513f58e8699 => generated 136 bytes in 16 msecs (HTTP/1.1 404) 4 headers in 164 bytes (1 switches on core 0) [pid: 8|app: 0|req: 1212/2369] 10.0.0.100 () {32 vars in 724 bytes} [Fri Jul 10 22:43:22 2026] DELETE /v2.0/subnets/d3a4b94c-22cc-45ea-b5ad-a852c56ba9af => generated 0 bytes in 157 msecs (HTTP/1.1 204) 3 headers in 131 bytes (1 switches on core 0)
2026-07-10 22:43:23.148 7 INFO neutron.pecan_wsgi.hooks.translation [None req-e410975a-833a-44b4-9f7f-1b9be767c942 64ca500b2f444bb696257c7e5c89728a 32d8758717cb48d3b78fdb8903450299 - - default default] GET failed (client error): The resource could not be found. [pid: 7|app: 0|req: 1158/2370] 10.0.0.100 () {32 vars in 721 bytes} [Fri Jul 10 22:43:23 2026] GET /v2.0/subnets/d3a4b94c-22cc-45ea-b5ad-a852c56ba9af => generated 136 bytes in 13 msecs (HTTP/1.1 404) 4 headers in 164 bytes (1 switches on core 0)
2026-07-10 22:43:23.246 8 INFO neutron_taas.services.taas.taas_plugin [None req-c0c54144-a97e-4075-8982-fa3d71f7247e 64ca500b2f444bb696257c7e5c89728a 32d8758717cb48d3b78fdb8903450299 - - default default] TaaS: Handle Delete Port: d4471aee-5845-425c-9956-ba23f09863d8
2026-07-10 22:43:23.248 8 INFO neutron_taas.services.taas.tap_mirror_plugin [None req-c0c54144-a97e-4075-8982-fa3d71f7247e 64ca500b2f444bb696257c7e5c89728a 32d8758717cb48d3b78fdb8903450299 - - default default] Tap Mirror: Handle Delete Port: d4471aee-5845-425c-9956-ba23f09863d8
2026-07-10 22:43:23.468 8 INFO neutron.services.segments.plugin [-] Segment 0c341b5a-415b-402d-b543-18c91ee75fea resource provider aggregate not found
2026-07-10 22:43:23.476 8 INFO neutron.services.segments.plugin [-] Segment 0c341b5a-415b-402d-b543-18c91ee75fea resource provider aggregate not found
2026-07-10 22:43:23.488 8 INFO neutron.services.segments.plugin [-] Client error retrieving segment 0c341b5a-415b-402d-b543-18c91ee75fea resource provider; error: Placement Client Error (4xx): {"errors": [{"status": 404, "title": "Not Found", "detail": "The resource could not be found.\n\n No resource provider with uuid 0c341b5a-415b-402d-b543-18c91ee75fea found for delete ", "request_id": "req-11287e19-8ee3-4b55-8423-35b2cd873700"}]} [pid: 8|app: 0|req: 1213/2371] 10.0.0.100 () {32 vars in 726 bytes} [Fri Jul 10 22:43:23 2026] DELETE /v2.0/networks/b7c0539a-2c77-41eb-934b-7d9e31071d85 => generated 0 bytes in 343 msecs (HTTP/1.1 204) 3 headers in 131 bytes (1 switches on core 0)
2026-07-10 22:43:23.498 8 INFO neutron.services.segments.plugin [-] Client error retrieving segment 0c341b5a-415b-402d-b543-18c91ee75fea resource provider; error: Placement Client Error (4xx): {"errors": [{"status": 404, "title": "Not Found", "detail": "The resource could not be found.\n\n No resource provider with uuid 0c341b5a-415b-402d-b543-18c91ee75fea found for delete ", "request_id": "req-cc46b00a-5edb-4c65-851d-2b3cf7ad35ed"}]}
2026-07-10 22:43:23.508 8 INFO neutron.services.segments.plugin [-] Segment f261a813-e3c6-43ee-ac27-dcae7f26979c resource provider aggregate not found
2026-07-10 22:43:23.511 8 INFO neutron.services.segments.plugin [-] Segment f261a813-e3c6-43ee-ac27-dcae7f26979c resource provider aggregate not found
2026-07-10 22:43:23.518 7 INFO neutron.pecan_wsgi.hooks.translation [None req-77931b42-0d75-4600-bc26-c422baac693a 64ca500b2f444bb696257c7e5c89728a 32d8758717cb48d3b78fdb8903450299 - - default default] GET failed (client error): The resource could not be found. [pid: 7|app: 0|req: 1159/2372] 10.0.0.100 () {32 vars in 723 bytes} [Fri Jul 10 22:43:23 2026] GET /v2.0/networks/b7c0539a-2c77-41eb-934b-7d9e31071d85 => generated 138 bytes in 17 msecs (HTTP/1.1 404) 4 headers in 164 bytes (1 switches on core 0)
2026-07-10 22:43:23.522 8 INFO neutron.services.segments.plugin [-] Client error retrieving segment f261a813-e3c6-43ee-ac27-dcae7f26979c resource provider; error: Placement Client Error (4xx): {"errors": [{"status": 404, "title": "Not Found", "detail": "The resource could not be found.\n\n No resource provider with uuid f261a813-e3c6-43ee-ac27-dcae7f26979c found for delete ", "request_id": "req-1e2a0036-ef4d-4806-8397-f4cc87b1cbc9"}]}
2026-07-10 22:43:23.525 8 INFO neutron.services.segments.plugin [-] Client error retrieving segment f261a813-e3c6-43ee-ac27-dcae7f26979c resource provider; error: Placement Client Error (4xx): {"errors": [{"status": 404, "title": "Not Found", "detail": "The resource could not be found.\n\n No resource provider with uuid f261a813-e3c6-43ee-ac27-dcae7f26979c found for delete ", "request_id": "req-2f100bec-0cbf-4b65-8519-26e4025c37e7"}]}
2026-07-10 22:43:23.537 8 INFO neutron.services.segments.plugin [-] Segment 717ee1d1-91c4-4fe0-a478-2b52135e747c resource provider aggregate not found
2026-07-10 22:43:23.544 8 INFO neutron.services.segments.plugin [-] Segment 717ee1d1-91c4-4fe0-a478-2b52135e747c resource provider aggregate not found
2026-07-10 22:43:23.549 8 INFO neutron.services.segments.plugin [-] Client error retrieving segment 717ee1d1-91c4-4fe0-a478-2b52135e747c resource provider; error: Placement Client Error (4xx): {"errors": [{"status": 404, "title": "Not Found", "detail": "The resource could not be found.\n\n No resource provider with uuid 717ee1d1-91c4-4fe0-a478-2b52135e747c found for delete ", "request_id": "req-9dee9241-98d1-4bc6-bd3e-cf922023ee22"}]}
2026-07-10 22:43:23.559 8 INFO neutron.services.segments.plugin [-] Client error retrieving segment 717ee1d1-91c4-4fe0-a478-2b52135e747c resource provider; error: Placement Client Error (4xx): {"errors": [{"status": 404, "title": "Not Found", "detail": "The resource could not be found.\n\n No resource provider with uuid 717ee1d1-91c4-4fe0-a478-2b52135e747c found for delete ", "request_id": "req-d11b3338-f3f9-4f09-bb21-e86214ad7216"}]}
2026-07-10 22:43:25.670 8 WARNING neutron.db.securitygroups_db [None req-f73089f3-f4d3-4033-b07c-037921c69116 ec2ce38fa77d4c7c8e107def4f77449e 5c437ec3d1a34a6d871b149edeb89d9a - - default default] project_id key not found in filters, using tenant_id instead. This support has been deprecated and will be removed in a future release. [pid: 8|app: 0|req: 1214/2373] 10.0.0.100 () {32 vars in 774 bytes} [Fri Jul 10 22:43:25 2026] GET /v2.0/security-groups?tenant_id=57254f75632649ff8c5705fc028b66fd&name=default => generated 2929 bytes in 266 msecs (HTTP/1.1 200) 4 headers in 158 bytes (1 switches on core 0) [pid: 7|app: 0|req: 1160/2374] 10.0.0.100 () {32 vars in 740 bytes} [Fri Jul 10 22:43:25 2026] DELETE /v2.0/security-groups/329ae5bd-94a4-4fde-86a5-1b55d309ee88 => generated 0 bytes in 124 msecs (HTTP/1.1 204) 2 headers in 112 bytes (1 switches on core 0)
2026-07-10 22:43:26.015 8 WARNING neutron.db.securitygroups_db [None req-0c80f06c-4796-4fd3-a803-aafff1cf1a8a ec2ce38fa77d4c7c8e107def4f77449e 5c437ec3d1a34a6d871b149edeb89d9a - - default default] project_id key not found in filters, using tenant_id instead. This support has been deprecated and will be removed in a future release. [pid: 8|app: 0|req: 1215/2375] 10.0.0.100 () {32 vars in 774 bytes} [Fri Jul 10 22:43:26 2026] GET /v2.0/security-groups?tenant_id=296e70a61ceb40ac9eb32b5373b5ba38&name=default => generated 2929 bytes in 147 msecs (HTTP/1.1 200) 4 headers in 158 bytes (1 switches on core 0) [pid: 7|app: 0|req: 1161/2376] 10.0.0.100 () {32 vars in 740 bytes} [Fri Jul 10 22:43:26 2026] DELETE /v2.0/security-groups/53a1784c-5ec8-4b03-934f-b98822848ebd => generated 0 bytes in 124 msecs (HTTP/1.1 204) 2 headers in 112 bytes (1 switches on core 0)
2026-07-10 22:43:26.473 8 WARNING neutron.db.securitygroups_db [None req-e2db0d5e-09d7-43df-b723-59afbc11d362 ec2ce38fa77d4c7c8e107def4f77449e 5c437ec3d1a34a6d871b149edeb89d9a - - default default] project_id key not found in filters, using tenant_id instead. This support has been deprecated and will be removed in a future release. [pid: 8|app: 0|req: 1216/2379] 10.0.0.100 () {32 vars in 774 bytes} [Fri Jul 10 22:43:26 2026] GET /v2.0/security-groups?tenant_id=bdaaf83758a149e88da745cbd71b6f58&name=default => generated 2929 bytes in 148 msecs (HTTP/1.1 200) 4 headers in 158 bytes (1 switches on core 0) [pid: 7|app: 0|req: 1164/2380] 10.0.0.100 () {32 vars in 740 bytes} [Fri Jul 10 22:43:26 2026] DELETE /v2.0/security-groups/90a93576-e950-4862-b456-76f0921612c5 => generated 0 bytes in 96 msecs (HTTP/1.1 204) 2 headers in 112 bytes (1 switches on core 0)
2026-07-10 22:43:26.840 8 WARNING neutron.db.securitygroups_db [None req-4e41b426-0a69-4201-964e-00ddc59fd4b8 ec2ce38fa77d4c7c8e107def4f77449e 5c437ec3d1a34a6d871b149edeb89d9a - - default default] project_id key not found in filters, using tenant_id instead. This support has been deprecated and will be removed in a future release. [pid: 8|app: 0|req: 1217/2381] 10.0.0.100 () {32 vars in 774 bytes} [Fri Jul 10 22:43:26 2026] GET /v2.0/security-groups?tenant_id=18976b93538147c781f5e549c3609b9e&name=default => generated 2929 bytes in 141 msecs (HTTP/1.1 200) 4 headers in 158 bytes (1 switches on core 0) [pid: 7|app: 0|req: 1165/2382] 10.0.0.100 () {32 vars in 740 bytes} [Fri Jul 10 22:43:26 2026] DELETE /v2.0/security-groups/e5c7ff71-a843-46c7-830e-515f6df357b2 => generated 0 bytes in 103 msecs (HTTP/1.1 204) 2 headers in 112 bytes (1 switches on core 0)
2026-07-10 22:43:27.216 8 WARNING neutron.db.securitygroups_db [None req-d0f1a120-e4b8-4d03-a2da-a8196ebecde6 ec2ce38fa77d4c7c8e107def4f77449e 5c437ec3d1a34a6d871b149edeb89d9a - - default default] project_id key not found in filters, using tenant_id instead. This support has been deprecated and will be removed in a future release. [pid: 8|app: 0|req: 1218/2383] 10.0.0.100 () {32 vars in 774 bytes} [Fri Jul 10 22:43:27 2026] GET /v2.0/security-groups?tenant_id=278fa35e64334e94992768931562dd06&name=default => generated 2929 bytes in 163 msecs (HTTP/1.1 200) 4 headers in 158 bytes (1 switches on core 0) [pid: 7|app: 0|req: 1166/2384] 10.0.0.100 () {32 vars in 740 bytes} [Fri Jul 10 22:43:27 2026] DELETE /v2.0/security-groups/0040d5ab-36fe-40a3-8b44-ba52c6f05d2d => generated 0 bytes in 111 msecs (HTTP/1.1 204) 2 headers in 112 bytes (1 switches on core 0)
2026-07-10 22:43:27.624 8 WARNING neutron.db.securitygroups_db [None req-8d9b3bfd-4bb3-44be-8d76-26590b07f57a ec2ce38fa77d4c7c8e107def4f77449e 5c437ec3d1a34a6d871b149edeb89d9a - - default default] project_id key not found in filters, using tenant_id instead. This support has been deprecated and will be removed in a future release. [pid: 8|app: 0|req: 1219/2385] 10.0.0.100 () {32 vars in 774 bytes} [Fri Jul 10 22:43:27 2026] GET /v2.0/security-groups?tenant_id=32d8758717cb48d3b78fdb8903450299&name=default => generated 2929 bytes in 29 msecs (HTTP/1.1 200) 4 headers in 158 bytes (1 switches on core 0) [pid: 7|app: 0|req: 1167/2386] 10.0.0.100 () {32 vars in 740 bytes} [Fri Jul 10 22:43:27 2026] DELETE /v2.0/security-groups/61af4581-2785-4fb8-a517-fd302a65f613 => generated 0 bytes in 109 msecs (HTTP/1.1 204) 2 headers in 112 bytes (1 switches on core 0)
2026-07-10 22:43:27.903 8 WARNING neutron.db.securitygroups_db [None req-8546346d-4378-4dc1-af2b-b09aa750955f ec2ce38fa77d4c7c8e107def4f77449e 5c437ec3d1a34a6d871b149edeb89d9a - - default default] project_id key not found in filters, using tenant_id instead. This support has been deprecated and will be removed in a future release. [pid: 8|app: 0|req: 1220/2387] 10.0.0.100 () {32 vars in 774 bytes} [Fri Jul 10 22:43:27 2026] GET /v2.0/security-groups?tenant_id=0ddefb40cbb6484dbc52553cea1fc768&name=default => generated 2929 bytes in 103 msecs (HTTP/1.1 200) 4 headers in 158 bytes (1 switches on core 0) [pid: 7|app: 0|req: 1168/2388] 10.0.0.100 () {32 vars in 740 bytes} [Fri Jul 10 22:43:28 2026] DELETE /v2.0/security-groups/b22bfcd8-45a4-4377-bf7f-bd3757b8cd7a => generated 0 bytes in 113 msecs (HTTP/1.1 204) 2 headers in 112 bytes (1 switches on core 0)