+ COMMAND=start + start + for KEYSTONE_WSGI_SCRIPT in keystone-wsgi-public ++ type -p keystone-wsgi-public + cp -a /var/lib/openstack/bin/keystone-wsgi-public /var/www/cgi-bin/keystone/ + '[' -f /etc/apache2/envvars ']' + source /etc/apache2/envvars ++ unset HOME ++ '[' '' '!=' '' ']' ++ SUFFIX= ++ export APACHE_RUN_USER=www-data ++ APACHE_RUN_USER=www-data ++ export APACHE_RUN_GROUP=www-data ++ APACHE_RUN_GROUP=www-data ++ export APACHE_PID_FILE=/var/run/apache2/apache2.pid ++ APACHE_PID_FILE=/var/run/apache2/apache2.pid ++ export APACHE_RUN_DIR=/var/run/apache2 ++ APACHE_RUN_DIR=/var/run/apache2 ++ export APACHE_LOCK_DIR=/var/lock/apache2 ++ APACHE_LOCK_DIR=/var/lock/apache2 ++ export APACHE_LOG_DIR=/var/log/apache2 ++ APACHE_LOG_DIR=/var/log/apache2 ++ export LANG=C ++ LANG=C ++ export LANG + '[' -f /var/run/apache2/apache2.pid ']' + exec apache2 -DFOREGROUND AH00558: apache2: Could not reliably determine the server's fully qualified domain name, using 10.0.0.26. Set the 'ServerName' directive globally to suppress this message AH00558: apache2: Could not reliably determine the server's fully qualified domain name, using 10.0.0.26. Set the 'ServerName' directive globally to suppress this message
[Fri Jul 10 21:38:36.552312 2026] [mpm_event:notice] [pid 1:tid 140106666555264] AH00489: Apache/2.4.58 (Ubuntu) mod_wsgi/5.0.0 Python/3.12 configured -- resuming normal operations
[Fri Jul 10 21:38:36.552448 2026] [core:notice] [pid 1:tid 140106666555264] AH00094: Command line: 'apache2 -D FOREGROUND'
[Fri Jul 10 21:39:34.053854 2026] [wsgi:error] [pid 10:tid 140106029782720] /var/lib/openstack/lib/python3.12/site-packages/oslo_utils/importutils.py:77: EventletDeprecationWarning:
[Fri Jul 10 21:39:34.053905 2026] [wsgi:error] [pid 10:tid 140106029782720] Eventlet is deprecated. It is currently being maintained in bugfix mode, and
[Fri Jul 10 21:39:34.053907 2026] [wsgi:error] [pid 10:tid 140106029782720] we strongly recommend against using it for new projects.
[Fri Jul 10 21:39:34.053909 2026] [wsgi:error] [pid 10:tid 140106029782720]
[Fri Jul 10 21:39:34.053910 2026] [wsgi:error] [pid 10:tid 140106029782720] If you are already using Eventlet, we recommend migrating to a different
[Fri Jul 10 21:39:34.053911 2026] [wsgi:error] [pid 10:tid 140106029782720] framework. For more detail see
[Fri Jul 10 21:39:34.053912 2026] [wsgi:error] [pid 10:tid 140106029782720] https://eventlet.readthedocs.io/en/latest/asyncio/migration.html
[Fri Jul 10 21:39:34.053914 2026] [wsgi:error] [pid 10:tid 140106029782720]
[Fri Jul 10 21:39:34.053915 2026] [wsgi:error] [pid 10:tid 140106029782720] __import__(import_str)
[Fri Jul 10 21:39:34.065964 2026] [wsgi:error] [pid 11:tid 140106029782720] /var/lib/openstack/lib/python3.12/site-packages/oslo_utils/importutils.py:77: EventletDeprecationWarning:
[Fri Jul 10 21:39:34.066013 2026] [wsgi:error] [pid 11:tid 140106029782720] Eventlet is deprecated. It is currently being maintained in bugfix mode, and
[Fri Jul 10 21:39:34.066015 2026] [wsgi:error] [pid 11:tid 140106029782720] we strongly recommend against using it for new projects.
[Fri Jul 10 21:39:34.066017 2026] [wsgi:error] [pid 11:tid 140106029782720]
[Fri Jul 10 21:39:34.066018 2026] [wsgi:error] [pid 11:tid 140106029782720] If you are already using Eventlet, we recommend migrating to a different
[Fri Jul 10 21:39:34.066019 2026] [wsgi:error] [pid 11:tid 140106029782720] framework. For more detail see
[Fri Jul 10 21:39:34.066021 2026] [wsgi:error] [pid 11:tid 140106029782720] https://eventlet.readthedocs.io/en/latest/asyncio/migration.html
[Fri Jul 10 21:39:34.066022 2026] [wsgi:error] [pid 11:tid 140106029782720]
[Fri Jul 10 21:39:34.066023 2026] [wsgi:error] [pid 11:tid 140106029782720] __import__(import_str) 10.0.0.119 - - [10/Jul/2026:21:39:33 +0000] "GET /v3/ HTTP/1.1" 200 249 10.0.0.119 - - [10/Jul/2026:21:39:33 +0000] "GET /v3/ HTTP/1.1" 200 249
[Fri Jul 10 21:39:46.799081 2026] [wsgi:error] [pid 12:tid 140106029782720] /var/lib/openstack/lib/python3.12/site-packages/oslo_utils/importutils.py:77: EventletDeprecationWarning:
[Fri Jul 10 21:39:46.799129 2026] [wsgi:error] [pid 12:tid 140106029782720] Eventlet is deprecated. It is currently being maintained in bugfix mode, and
[Fri Jul 10 21:39:46.799131 2026] [wsgi:error] [pid 12:tid 140106029782720] we strongly recommend against using it for new projects.
[Fri Jul 10 21:39:46.799132 2026] [wsgi:error] [pid 12:tid 140106029782720]
[Fri Jul 10 21:39:46.799134 2026] [wsgi:error] [pid 12:tid 140106029782720] If you are already using Eventlet, we recommend migrating to a different
[Fri Jul 10 21:39:46.799135 2026] [wsgi:error] [pid 12:tid 140106029782720] framework. For more detail see
[Fri Jul 10 21:39:46.799136 2026] [wsgi:error] [pid 12:tid 140106029782720] https://eventlet.readthedocs.io/en/latest/asyncio/migration.html
[Fri Jul 10 21:39:46.799137 2026] [wsgi:error] [pid 12:tid 140106029782720]
[Fri Jul 10 21:39:46.799138 2026] [wsgi:error] [pid 12:tid 140106029782720] __import__(import_str) 10.0.0.135 - - [10/Jul/2026:21:39:45 +0000] "GET / HTTP/1.1" 300 295
[Fri Jul 10 21:39:52.094365 2026] [wsgi:error] [pid 9:tid 140106029782720] /var/lib/openstack/lib/python3.12/site-packages/oslo_utils/importutils.py:77: EventletDeprecationWarning:
[Fri Jul 10 21:39:52.094409 2026] [wsgi:error] [pid 9:tid 140106029782720] Eventlet is deprecated. It is currently being maintained in bugfix mode, and
[Fri Jul 10 21:39:52.094411 2026] [wsgi:error] [pid 9:tid 140106029782720] we strongly recommend against using it for new projects.
[Fri Jul 10 21:39:52.094412 2026] [wsgi:error] [pid 9:tid 140106029782720]
[Fri Jul 10 21:39:52.094414 2026] [wsgi:error] [pid 9:tid 140106029782720] If you are already using Eventlet, we recommend migrating to a different
[Fri Jul 10 21:39:52.094415 2026] [wsgi:error] [pid 9:tid 140106029782720] framework. For more detail see
[Fri Jul 10 21:39:52.094416 2026] [wsgi:error] [pid 9:tid 140106029782720] https://eventlet.readthedocs.io/en/latest/asyncio/migration.html
[Fri Jul 10 21:39:52.094417 2026] [wsgi:error] [pid 9:tid 140106029782720]
[Fri Jul 10 21:39:52.094418 2026] [wsgi:error] [pid 9:tid 140106029782720] __import__(import_str)
[Fri Jul 10 21:39:56.743740 2026] [wsgi:error] [pid 9:tid 140106029782720] [remote 10.0.0.135:43326] 2026-07-10 21:39:56.740 9 WARNING keystone.identity.core [None req-2558c3e8-ca7d-4fff-a711-e6af640b35ca - - - - - -] Invalid domain name (atmosphere) found in config file name: keystone.exception.DomainNotFound: Could not find domain: atmosphere.
[Fri Jul 10 21:39:56.803729 2026] [wsgi:error] [pid 9:tid 140106029782720] [remote 10.0.0.135:43326] 2026-07-10 21:39:56.803 9 WARNING keystone.common.password_hashing [None req-2558c3e8-ca7d-4fff-a711-e6af640b35ca - - - - - -] Truncating password to algorithm specific maximum length 72 characters.
[Fri Jul 10 21:39:57.087820 2026] [wsgi:error] [pid 9:tid 140106029782720] [remote 10.0.0.135:43326] 2026-07-10 21:39:57.087 9 WARNING keystone.common.fernet_utils [None req-2558c3e8-ca7d-4fff-a711-e6af640b35ca - - - - - -] key_repository is world readable: /etc/keystone/fernet-keys/ 10.0.0.135 - - [10/Jul/2026:21:39:51 +0000] "POST /v3/auth/tokens HTTP/1.1" 201 1359
[Fri Jul 10 21:39:57.471144 2026] [wsgi:error] [pid 10:tid 140106029782720] [remote 10.0.0.135:43326] 2026-07-10 21:39:57.467 10 WARNING keystone.identity.core [None req-58e82914-8d3c-4489-a034-d6b81b2900c4 - - - - - -] Invalid domain name (atmosphere) found in config file name: keystone.exception.DomainNotFound: Could not find domain: atmosphere. 10.0.0.135 - - [10/Jul/2026:21:39:57 +0000] "POST /v3/domains HTTP/1.1" 201 261 10.0.0.237 - - [10/Jul/2026:21:40:10 +0000] "GET / HTTP/1.1" 300 295
[Fri Jul 10 21:40:10.537963 2026] [wsgi:error] [pid 12:tid 140106029782720] [remote 10.0.0.237:55494] 2026-07-10 21:40:10.537 12 WARNING keystone.common.password_hashing [None req-19f2c73b-20c5-46fd-bb71-3b22f3bd7097 - - - - - -] Truncating password to algorithm specific maximum length 72 characters.
[Fri Jul 10 21:40:10.815880 2026] [wsgi:error] [pid 12:tid 140106029782720] [remote 10.0.0.237:55494] 2026-07-10 21:40:10.815 12 WARNING keystone.common.fernet_utils [None req-19f2c73b-20c5-46fd-bb71-3b22f3bd7097 - - - - - -] key_repository is world readable: /etc/keystone/fernet-keys/ 10.0.0.237 - - [10/Jul/2026:21:40:10 +0000] "POST /v3/auth/tokens HTTP/1.1" 201 1359 10.0.0.237 - - [10/Jul/2026:21:40:11 +0000] "GET /v3/roles/admin HTTP/1.1" 404 83
[Fri Jul 10 21:40:11.094231 2026] [wsgi:error] [pid 10:tid 140106029782720] [remote 10.0.0.237:55494] 2026-07-10 21:40:11.093 10 WARNING keystone.common.rbac_enforcer.enforcer [None req-e6721b8b-eeca-4bab-a7d4-28141ac20ff0 ec2ce38fa77d4c7c8e107def4f77449e 5c437ec3d1a34a6d871b149edeb89d9a - - default default] Deprecated policy rules found. Use oslopolicy-policy-generator and oslopolicy-policy-upgrade to detect and resolve deprecated policies in your configuration. 10.0.0.237 - - [10/Jul/2026:21:40:11 +0000] "GET /v3/roles?name=admin HTTP/1.1" 200 389
[Fri Jul 10 21:40:11.673858 2026] [wsgi:error] [pid 11:tid 140106029782720] [remote 10.0.0.237:55494] 2026-07-10 21:40:11.673 11 WARNING keystone.common.rbac_enforcer.enforcer [None req-e06a94fc-88cb-4edd-91b4-ebc28ff0313c ec2ce38fa77d4c7c8e107def4f77449e 5c437ec3d1a34a6d871b149edeb89d9a - - default default] Deprecated policy rules found. Use oslopolicy-policy-generator and oslopolicy-policy-upgrade to detect and resolve deprecated policies in your configuration. 10.0.0.237 - - [10/Jul/2026:21:40:11 +0000] "GET /v3/users/admin-RegionOne HTTP/1.1" 404 93
[Fri Jul 10 21:40:11.823580 2026] [wsgi:error] [pid 12:tid 140106029782720] [remote 10.0.0.237:55494] 2026-07-10 21:40:11.823 12 WARNING keystone.common.rbac_enforcer.enforcer [None req-d44b9264-f43e-42b5-ae60-221187974a39 ec2ce38fa77d4c7c8e107def4f77449e 5c437ec3d1a34a6d871b149edeb89d9a - - default default] Deprecated policy rules found. Use oslopolicy-policy-generator and oslopolicy-policy-upgrade to detect and resolve deprecated policies in your configuration. 10.0.0.237 - - [10/Jul/2026:21:40:11 +0000] "GET /v3/users?name=admin-RegionOne HTTP/1.1" 200 422
[Fri Jul 10 21:40:11.995780 2026] [wsgi:error] [pid 9:tid 140106029782720] [remote 10.0.0.237:55494] 2026-07-10 21:40:11.995 9 WARNING keystone.common.rbac_enforcer.enforcer [None req-efc753aa-0218-440f-81b7-4a9057e7a3ac ec2ce38fa77d4c7c8e107def4f77449e 5c437ec3d1a34a6d871b149edeb89d9a - - default default] Deprecated policy rules found. Use oslopolicy-policy-generator and oslopolicy-policy-upgrade to detect and resolve deprecated policies in your configuration. 10.0.0.237 - - [10/Jul/2026:21:40:11 +0000] "GET /v3/domains/default HTTP/1.1" 200 224 10.0.0.237 - - [10/Jul/2026:21:40:12 +0000] "PUT /v3/domains/default/users/ec2ce38fa77d4c7c8e107def4f77449e/roles/e97df030376b44a6b836ba3302b96cca HTTP/1.1" 204 - 10.0.0.119 - - [10/Jul/2026:21:40:22 +0000] "GET / HTTP/1.1" 300 280 10.0.0.119 - - [10/Jul/2026:21:40:23 +0000] "GET /v3 HTTP/1.1" 200 265
[Fri Jul 10 21:40:23.623324 2026] [wsgi:error] [pid 9:tid 140106029782720] [remote 10.0.0.119:48720] 2026-07-10 21:40:23.622 9 WARNING keystone.common.password_hashing [None req-9b89dfd5-b44d-43be-b7a2-ee4e9efa437a - - - - - -] Truncating password to algorithm specific maximum length 72 characters.
[Fri Jul 10 21:40:23.904517 2026] [wsgi:error] [pid 9:tid 140106029782720] [remote 10.0.0.119:48720] 2026-07-10 21:40:23.904 9 WARNING keystone.common.fernet_utils [None req-9b89dfd5-b44d-43be-b7a2-ee4e9efa437a - - - - - -] key_repository is world readable: /etc/keystone/fernet-keys/ 10.0.0.119 - - [10/Jul/2026:21:40:23 +0000] "POST /v3/auth/tokens HTTP/1.1" 201 1359 10.0.0.119 - - [10/Jul/2026:21:40:23 +0000] "GET / HTTP/1.1" 300 280 10.0.0.119 - - [10/Jul/2026:21:40:23 +0000] "GET /v3/domains/atmosphere HTTP/1.1" 404 90 10.0.0.119 - - [10/Jul/2026:21:40:24 +0000] "GET /v3/domains?name=atmosphere HTTP/1.1" 200 368 10.0.0.119 - - [10/Jul/2026:21:40:24 +0000] "GET /v3/domains/a3c0eba4ba774428a844cbc988fa4da5 HTTP/1.1" 200 246 10.0.0.119 - - [10/Jul/2026:21:40:25 +0000] "GET /v3 HTTP/1.1" 200 265
[Fri Jul 10 21:40:25.061684 2026] [wsgi:error] [pid 11:tid 140106029782720] [remote 10.0.0.119:48720] 2026-07-10 21:40:25.061 11 WARNING keystone.common.password_hashing [None req-1b4e609d-ac89-4666-a49b-e1f83e7e4e6d - - - - - -] Truncating password to algorithm specific maximum length 72 characters.
[Fri Jul 10 21:40:25.342482 2026] [wsgi:error] [pid 11:tid 140106029782720] [remote 10.0.0.119:48720] 2026-07-10 21:40:25.342 11 WARNING keystone.common.fernet_utils [None req-1b4e609d-ac89-4666-a49b-e1f83e7e4e6d - - - - - -] key_repository is world readable: /etc/keystone/fernet-keys/ 10.0.0.119 - - [10/Jul/2026:21:40:25 +0000] "POST /v3/auth/tokens HTTP/1.1" 201 1359 10.0.0.119 - - [10/Jul/2026:21:40:25 +0000] "GET / HTTP/1.1" 300 280 10.0.0.119 - - [10/Jul/2026:21:40:25 +0000] "GET /v3/OS-FEDERATION/identity_providers/atmosphere HTTP/1.1" 404 101 10.0.0.119 - - [10/Jul/2026:21:40:25 +0000] "GET /v3/OS-FEDERATION/identity_providers HTTP/1.1" 200 155 10.0.0.119 - - [10/Jul/2026:21:40:25 +0000] "PUT /v3/OS-FEDERATION/identity_providers/atmosphere HTTP/1.1" 201 340 10.0.0.119 - - [10/Jul/2026:21:40:26 +0000] "GET /v3 HTTP/1.1" 200 265
[Fri Jul 10 21:40:26.085220 2026] [wsgi:error] [pid 9:tid 140106029782720] [remote 10.0.0.119:48720] 2026-07-10 21:40:26.085 9 WARNING keystone.common.password_hashing [None req-d7e075bf-e29d-4de6-a709-b79a55095793 - - - - - -] Truncating password to algorithm specific maximum length 72 characters.
[Fri Jul 10 21:40:26.383512 2026] [wsgi:error] [pid 9:tid 140106029782720] [remote 10.0.0.119:48720] 2026-07-10 21:40:26.383 9 WARNING keystone.common.fernet_utils [None req-d7e075bf-e29d-4de6-a709-b79a55095793 - - - - - -] key_repository is world readable: /etc/keystone/fernet-keys/ 10.0.0.119 - - [10/Jul/2026:21:40:26 +0000] "POST /v3/auth/tokens HTTP/1.1" 201 1359 10.0.0.119 - - [10/Jul/2026:21:40:26 +0000] "GET / HTTP/1.1" 300 280 10.0.0.119 - - [10/Jul/2026:21:40:26 +0000] "GET /v3/OS-FEDERATION/mappings/atmosphere-openid HTTP/1.1" 404 98 10.0.0.119 - - [10/Jul/2026:21:40:26 +0000] "GET /v3/OS-FEDERATION/mappings HTTP/1.1" 200 135 10.0.0.119 - - [10/Jul/2026:21:40:26 +0000] "PUT /v3/OS-FEDERATION/mappings/atmosphere-openid HTTP/1.1" 201 356 10.0.0.119 - - [10/Jul/2026:21:40:27 +0000] "GET /v3 HTTP/1.1" 200 265
[Fri Jul 10 21:40:27.162756 2026] [wsgi:error] [pid 11:tid 140106029782720] [remote 10.0.0.119:38552] 2026-07-10 21:40:27.162 11 WARNING keystone.common.password_hashing [None req-0871f2ff-6682-416e-b541-a674fd18f815 - - - - - -] Truncating password to algorithm specific maximum length 72 characters.
[Fri Jul 10 21:40:27.452091 2026] [wsgi:error] [pid 11:tid 140106029782720] [remote 10.0.0.119:38552] 2026-07-10 21:40:27.451 11 WARNING keystone.common.fernet_utils [None req-0871f2ff-6682-416e-b541-a674fd18f815 - - - - - -] key_repository is world readable: /etc/keystone/fernet-keys/ 10.0.0.119 - - [10/Jul/2026:21:40:27 +0000] "POST /v3/auth/tokens HTTP/1.1" 201 1359 10.0.0.119 - - [10/Jul/2026:21:40:27 +0000] "GET / HTTP/1.1" 300 280 10.0.0.119 - - [10/Jul/2026:21:40:27 +0000] "GET /v3/OS-FEDERATION/identity_providers/atmosphere/protocols/openid?idp_id=atmosphere HTTP/1.1" 404 131 10.0.0.119 - - [10/Jul/2026:21:40:27 +0000] "GET /v3/OS-FEDERATION/identity_providers/atmosphere/protocols HTTP/1.1" 200 167 10.0.0.119 - - [10/Jul/2026:21:40:27 +0000] "PUT /v3/OS-FEDERATION/identity_providers/atmosphere/protocols/openid HTTP/1.1" 201 222 10.0.0.119 - - [10/Jul/2026:21:40:33 +0000] "GET /v3/ HTTP/1.1" 200 249 10.0.0.119 - - [10/Jul/2026:21:40:33 +0000] "GET /v3/ HTTP/1.1" 200 249 10.0.0.119 - - [10/Jul/2026:21:41:33 +0000] "GET /v3/ HTTP/1.1" 200 249 10.0.0.119 - - [10/Jul/2026:21:41:33 +0000] "GET /v3/ HTTP/1.1" 200 249 10.0.0.94 - - [10/Jul/2026:21:41:51 +0000] "GET / HTTP/1.1" 300 295
[Fri Jul 10 21:41:52.020120 2026] [wsgi:error] [pid 9:tid 140106029782720] [remote 10.0.0.94:38818] 2026-07-10 21:41:52.019 9 WARNING keystone.common.password_hashing [None req-af8300f7-b09d-45c1-b732-b96e2a9192dc - - - - - -] Truncating password to algorithm specific maximum length 72 characters.
[Fri Jul 10 21:41:52.310221 2026] [wsgi:error] [pid 9:tid 140106029782720] [remote 10.0.0.94:38818] 2026-07-10 21:41:52.310 9 WARNING keystone.common.fernet_utils [None req-af8300f7-b09d-45c1-b732-b96e2a9192dc - - - - - -] key_repository is world readable: /etc/keystone/fernet-keys/ 10.0.0.94 - - [10/Jul/2026:21:41:52 +0000] "POST /v3/auth/tokens HTTP/1.1" 201 1359 10.0.0.94 - - [10/Jul/2026:21:41:52 +0000] "GET /v3/services HTTP/1.1" 200 355 10.0.0.94 - - [10/Jul/2026:21:41:55 +0000] "GET / HTTP/1.1" 300 295
[Fri Jul 10 21:41:55.975348 2026] [wsgi:error] [pid 12:tid 140106029782720] [remote 10.0.0.94:41512] 2026-07-10 21:41:55.975 12 WARNING keystone.common.password_hashing [None req-19c8b4c9-3770-443f-9466-f8cf234b6a31 - - - - - -] Truncating password to algorithm specific maximum length 72 characters.
[Fri Jul 10 21:41:56.260556 2026] [wsgi:error] [pid 12:tid 140106029782720] [remote 10.0.0.94:41512] 2026-07-10 21:41:56.260 12 WARNING keystone.common.fernet_utils [None req-19c8b4c9-3770-443f-9466-f8cf234b6a31 - - - - - -] key_repository is world readable: /etc/keystone/fernet-keys/ 10.0.0.94 - - [10/Jul/2026:21:41:55 +0000] "POST /v3/auth/tokens HTTP/1.1" 201 1359 10.0.0.94 - - [10/Jul/2026:21:41:56 +0000] "GET /v3/services HTTP/1.1" 200 355 10.0.0.94 - - [10/Jul/2026:21:41:59 +0000] "GET / HTTP/1.1" 300 295
[Fri Jul 10 21:41:59.876376 2026] [wsgi:error] [pid 11:tid 140106029782720] [remote 10.0.0.94:41518] 2026-07-10 21:41:59.876 11 WARNING keystone.common.password_hashing [None req-a42a4287-604f-4569-be17-881662b0335d - - - - - -] Truncating password to algorithm specific maximum length 72 characters.
[Fri Jul 10 21:42:00.150685 2026] [wsgi:error] [pid 11:tid 140106029782720] [remote 10.0.0.94:41518] 2026-07-10 21:42:00.150 11 WARNING keystone.common.fernet_utils [None req-a42a4287-604f-4569-be17-881662b0335d - - - - - -] key_repository is world readable: /etc/keystone/fernet-keys/ 10.0.0.94 - - [10/Jul/2026:21:41:59 +0000] "POST /v3/auth/tokens HTTP/1.1" 201 1359 10.0.0.94 - - [10/Jul/2026:21:42:00 +0000] "GET /v3/services HTTP/1.1" 200 355 10.0.0.94 - - [10/Jul/2026:21:42:03 +0000] "GET / HTTP/1.1" 300 295
[Fri Jul 10 21:42:03.834382 2026] [wsgi:error] [pid 10:tid 140106029782720] [remote 10.0.0.94:35226] 2026-07-10 21:42:03.833 10 WARNING keystone.common.password_hashing [None req-3d225325-e3cc-4e25-84a8-24a7fbfbce73 - - - - - -] Truncating password to algorithm specific maximum length 72 characters.
[Fri Jul 10 21:42:04.115493 2026] [wsgi:error] [pid 10:tid 140106029782720] [remote 10.0.0.94:35226] 2026-07-10 21:42:04.115 10 WARNING keystone.common.fernet_utils [None req-3d225325-e3cc-4e25-84a8-24a7fbfbce73 - - - - - -] key_repository is world readable: /etc/keystone/fernet-keys/ 10.0.0.94 - - [10/Jul/2026:21:42:03 +0000] "POST /v3/auth/tokens HTTP/1.1" 201 1359 10.0.0.94 - - [10/Jul/2026:21:42:04 +0000] "POST /v3/services HTTP/1.1" 201 296 10.0.0.113 - - [10/Jul/2026:21:42:15 +0000] "GET / HTTP/1.1" 300 295
[Fri Jul 10 21:42:15.098137 2026] [wsgi:error] [pid 9:tid 140106029782720] [remote 10.0.0.113:54050] 2026-07-10 21:42:15.097 9 WARNING keystone.common.password_hashing [None req-9216d3c8-d739-47af-bf6d-6daaf3167304 - - - - - -] Truncating password to algorithm specific maximum length 72 characters. 10.0.0.113 - - [10/Jul/2026:21:42:15 +0000] "GET / HTTP/1.1" 300 295
[Fri Jul 10 21:42:15.248928 2026] [wsgi:error] [pid 11:tid 140106029782720] [remote 10.0.0.113:54066] 2026-07-10 21:42:15.248 11 WARNING keystone.common.password_hashing [None req-99ca20b3-ddaf-4178-bfd0-c146b6cf1317 - - - - - -] Truncating password to algorithm specific maximum length 72 characters.
[Fri Jul 10 21:42:15.379342 2026] [wsgi:error] [pid 9:tid 140106029782720] [remote 10.0.0.113:54050] 2026-07-10 21:42:15.379 9 WARNING keystone.common.fernet_utils [None req-9216d3c8-d739-47af-bf6d-6daaf3167304 - - - - - -] key_repository is world readable: /etc/keystone/fernet-keys/ 10.0.0.113 - - [10/Jul/2026:21:42:15 +0000] "POST /v3/auth/tokens HTTP/1.1" 201 1463 10.0.0.113 - - [10/Jul/2026:21:42:15 +0000] "GET /v3/services HTTP/1.1" 200 639 10.0.0.113 - - [10/Jul/2026:21:42:15 +0000] "GET / HTTP/1.1" 300 295
[Fri Jul 10 21:42:15.534970 2026] [wsgi:error] [pid 11:tid 140106029782720] [remote 10.0.0.113:54066] 2026-07-10 21:42:15.534 11 WARNING keystone.common.fernet_utils [None req-99ca20b3-ddaf-4178-bfd0-c146b6cf1317 - - - - - -] key_repository is world readable: /etc/keystone/fernet-keys/ 10.0.0.113 - - [10/Jul/2026:21:42:15 +0000] "POST /v3/auth/tokens HTTP/1.1" 201 1463
[Fri Jul 10 21:42:15.544944 2026] [wsgi:error] [pid 9:tid 140106029782720] [remote 10.0.0.113:54076] 2026-07-10 21:42:15.544 9 WARNING keystone.common.password_hashing [None req-e5f09e65-779e-4b0b-b869-be1027f21fda - - - - - -] Truncating password to algorithm specific maximum length 72 characters. 10.0.0.113 - - [10/Jul/2026:21:42:15 +0000] "GET /v3/services HTTP/1.1" 200 639
[Fri Jul 10 21:42:15.817242 2026] [wsgi:error] [pid 9:tid 140106029782720] [remote 10.0.0.113:54076] 2026-07-10 21:42:15.817 9 WARNING keystone.common.fernet_utils [None req-e5f09e65-779e-4b0b-b869-be1027f21fda - - - - - -] key_repository is world readable: /etc/keystone/fernet-keys/ 10.0.0.113 - - [10/Jul/2026:21:42:15 +0000] "POST /v3/auth/tokens HTTP/1.1" 201 1463 10.0.0.113 - - [10/Jul/2026:21:42:15 +0000] "GET /v3/services HTTP/1.1" 200 639 10.0.0.113 - - [10/Jul/2026:21:42:17 +0000] "GET / HTTP/1.1" 300 295
[Fri Jul 10 21:42:17.231420 2026] [wsgi:error] [pid 12:tid 140106029782720] [remote 10.0.0.113:54086] 2026-07-10 21:42:17.231 12 WARNING keystone.common.password_hashing [None req-5920113a-6bca-47f6-b0d6-7c7542ca849c - - - - - -] Truncating password to algorithm specific maximum length 72 characters. 10.0.0.113 - - [10/Jul/2026:21:42:17 +0000] "GET / HTTP/1.1" 300 295
[Fri Jul 10 21:42:17.306893 2026] [wsgi:error] [pid 10:tid 140106029782720] [remote 10.0.0.113:54098] 2026-07-10 21:42:17.306 10 WARNING keystone.common.password_hashing [None req-bcc344d3-bf71-464c-b218-781d7d862735 - - - - - -] Truncating password to algorithm specific maximum length 72 characters.
[Fri Jul 10 21:42:17.514885 2026] [wsgi:error] [pid 12:tid 140106029782720] [remote 10.0.0.113:54086] 2026-07-10 21:42:17.514 12 WARNING keystone.common.fernet_utils [None req-5920113a-6bca-47f6-b0d6-7c7542ca849c - - - - - -] key_repository is world readable: /etc/keystone/fernet-keys/ 10.0.0.113 - - [10/Jul/2026:21:42:17 +0000] "POST /v3/auth/tokens HTTP/1.1" 201 1463 10.0.0.113 - - [10/Jul/2026:21:42:17 +0000] "GET / HTTP/1.1" 300 295
[Fri Jul 10 21:42:17.584880 2026] [wsgi:error] [pid 9:tid 140106029782720] [remote 10.0.0.113:54108] 2026-07-10 21:42:17.584 9 WARNING keystone.common.password_hashing [None req-4d24e087-307d-4caa-b9aa-acdf6f5163e8 - - - - - -] Truncating password to algorithm specific maximum length 72 characters.
[Fri Jul 10 21:42:17.586994 2026] [wsgi:error] [pid 10:tid 140106029782720] [remote 10.0.0.113:54098] 2026-07-10 21:42:17.586 10 WARNING keystone.common.fernet_utils [None req-bcc344d3-bf71-464c-b218-781d7d862735 - - - - - -] key_repository is world readable: /etc/keystone/fernet-keys/ 10.0.0.113 - - [10/Jul/2026:21:42:17 +0000] "POST /v3/auth/tokens HTTP/1.1" 201 1463 10.0.0.113 - - [10/Jul/2026:21:42:17 +0000] "GET /v3/endpoints HTTP/1.1" 200 1226 10.0.0.113 - - [10/Jul/2026:21:42:17 +0000] "GET /v3/services/4a7cc4b3a108405fb442595dbad74e60 HTTP/1.1" 200 233 10.0.0.113 - - [10/Jul/2026:21:42:17 +0000] "GET /v3/services/4a7cc4b3a108405fb442595dbad74e60 HTTP/1.1" 200 233 10.0.0.113 - - [10/Jul/2026:21:42:17 +0000] "GET /v3/services/4a7cc4b3a108405fb442595dbad74e60 HTTP/1.1" 200 233 10.0.0.113 - - [10/Jul/2026:21:42:17 +0000] "GET /v3/endpoints HTTP/1.1" 200 1226 10.0.0.113 - - [10/Jul/2026:21:42:17 +0000] "GET /v3/services/4a7cc4b3a108405fb442595dbad74e60 HTTP/1.1" 200 233 10.0.0.113 - - [10/Jul/2026:21:42:17 +0000] "GET /v3/services/4a7cc4b3a108405fb442595dbad74e60 HTTP/1.1" 200 233 10.0.0.113 - - [10/Jul/2026:21:42:17 +0000] "GET /v3/services/4a7cc4b3a108405fb442595dbad74e60 HTTP/1.1" 200 233
[Fri Jul 10 21:42:17.887982 2026] [wsgi:error] [pid 9:tid 140106029782720] [remote 10.0.0.113:54108] 2026-07-10 21:42:17.887 9 WARNING keystone.common.fernet_utils [None req-4d24e087-307d-4caa-b9aa-acdf6f5163e8 - - - - - -] key_repository is world readable: /etc/keystone/fernet-keys/ 10.0.0.113 - - [10/Jul/2026:21:42:17 +0000] "POST /v3/auth/tokens HTTP/1.1" 201 1463 10.0.0.113 - - [10/Jul/2026:21:42:17 +0000] "GET /v3/endpoints HTTP/1.1" 200 1226 10.0.0.113 - - [10/Jul/2026:21:42:18 +0000] "GET /v3/services/4a7cc4b3a108405fb442595dbad74e60 HTTP/1.1" 200 233 10.0.0.113 - - [10/Jul/2026:21:42:18 +0000] "GET /v3/services/4a7cc4b3a108405fb442595dbad74e60 HTTP/1.1" 200 233 10.0.0.113 - - [10/Jul/2026:21:42:18 +0000] "GET /v3/services/4a7cc4b3a108405fb442595dbad74e60 HTTP/1.1" 200 233 10.0.0.113 - - [10/Jul/2026:21:42:19 +0000] "GET / HTTP/1.1" 300 295
[Fri Jul 10 21:42:19.240269 2026] [wsgi:error] [pid 12:tid 140106029782720] [remote 10.0.0.113:54118] 2026-07-10 21:42:19.240 12 WARNING keystone.common.password_hashing [None req-5849b820-bd1c-4f88-9194-740aa0744092 - - - - - -] Truncating password to algorithm specific maximum length 72 characters. 10.0.0.113 - - [10/Jul/2026:21:42:19 +0000] "GET / HTTP/1.1" 300 295
[Fri Jul 10 21:42:19.338297 2026] [wsgi:error] [pid 9:tid 140106029782720] [remote 10.0.0.113:54128] 2026-07-10 21:42:19.338 9 WARNING keystone.common.password_hashing [None req-311077a6-1509-4e4d-b880-9cf5e3fefe9a - - - - - -] Truncating password to algorithm specific maximum length 72 characters.
[Fri Jul 10 21:42:19.547129 2026] [wsgi:error] [pid 12:tid 140106029782720] [remote 10.0.0.113:54118] 2026-07-10 21:42:19.546 12 WARNING keystone.common.fernet_utils [None req-5849b820-bd1c-4f88-9194-740aa0744092 - - - - - -] key_repository is world readable: /etc/keystone/fernet-keys/ 10.0.0.113 - - [10/Jul/2026:21:42:19 +0000] "POST /v3/auth/tokens HTTP/1.1" 201 1463
[Fri Jul 10 21:42:19.618748 2026] [wsgi:error] [pid 9:tid 140106029782720] [remote 10.0.0.113:54128] 2026-07-10 21:42:19.618 9 WARNING keystone.common.fernet_utils [None req-311077a6-1509-4e4d-b880-9cf5e3fefe9a - - - - - -] key_repository is world readable: /etc/keystone/fernet-keys/ 10.0.0.113 - - [10/Jul/2026:21:42:19 +0000] "POST /v3/auth/tokens HTTP/1.1" 201 1463 10.0.0.113 - - [10/Jul/2026:21:42:19 +0000] "GET / HTTP/1.1" 300 295
[Fri Jul 10 21:42:19.658884 2026] [wsgi:error] [pid 11:tid 140106029782720] [remote 10.0.0.113:54144] 2026-07-10 21:42:19.658 11 WARNING keystone.common.password_hashing [None req-07ee3605-2502-4f87-a467-82e9814f64a2 - - - - - -] Truncating password to algorithm specific maximum length 72 characters. 10.0.0.113 - - [10/Jul/2026:21:42:19 +0000] "GET /v3/services/4dfd0f7583ef4c0aaba5c25e2b827867 HTTP/1.1" 200 296 10.0.0.113 - - [10/Jul/2026:21:42:19 +0000] "GET /v3/regions/RegionOne HTTP/1.1" 200 173 10.0.0.113 - - [10/Jul/2026:21:42:19 +0000] "POST /v3/endpoints HTTP/1.1" 201 380 10.0.0.113 - - [10/Jul/2026:21:42:19 +0000] "GET /v3/services/4dfd0f7583ef4c0aaba5c25e2b827867 HTTP/1.1" 200 296 10.0.0.113 - - [10/Jul/2026:21:42:19 +0000] "GET /v3/regions/RegionOne HTTP/1.1" 200 173 10.0.0.113 - - [10/Jul/2026:21:42:19 +0000] "POST /v3/endpoints HTTP/1.1" 201 383
[Fri Jul 10 21:42:19.929116 2026] [wsgi:error] [pid 11:tid 140106029782720] [remote 10.0.0.113:54144] 2026-07-10 21:42:19.928 11 WARNING keystone.common.fernet_utils [None req-07ee3605-2502-4f87-a467-82e9814f64a2 - - - - - -] key_repository is world readable: /etc/keystone/fernet-keys/ 10.0.0.113 - - [10/Jul/2026:21:42:19 +0000] "POST /v3/auth/tokens HTTP/1.1" 201 1822 10.0.0.113 - - [10/Jul/2026:21:42:20 +0000] "GET /v3/services/4dfd0f7583ef4c0aaba5c25e2b827867 HTTP/1.1" 200 296 10.0.0.113 - - [10/Jul/2026:21:42:20 +0000] "GET /v3/regions/RegionOne HTTP/1.1" 200 173 10.0.0.113 - - [10/Jul/2026:21:42:20 +0000] "POST /v3/endpoints HTTP/1.1" 201 369 10.0.0.113 - - [10/Jul/2026:21:42:21 +0000] "GET / HTTP/1.1" 300 295
[Fri Jul 10 21:42:21.214469 2026] [wsgi:error] [pid 12:tid 140106029782720] [remote 10.0.0.113:54160] 2026-07-10 21:42:21.214 12 WARNING keystone.common.password_hashing [None req-b709ce14-6a92-40aa-b0fa-cd921f4eb4e3 - - - - - -] Truncating password to algorithm specific maximum length 72 characters. 10.0.0.113 - - [10/Jul/2026:21:42:21 +0000] "GET / HTTP/1.1" 300 295
[Fri Jul 10 21:42:21.266023 2026] [wsgi:error] [pid 10:tid 140106029782720] [remote 10.0.0.113:54174] 2026-07-10 21:42:21.265 10 WARNING keystone.common.password_hashing [None req-d3e91119-6f12-4b49-b6e2-82ab4236d6c9 - - - - - -] Truncating password to algorithm specific maximum length 72 characters.
[Fri Jul 10 21:42:21.519851 2026] [wsgi:error] [pid 12:tid 140106029782720] [remote 10.0.0.113:54160] 2026-07-10 21:42:21.519 12 WARNING keystone.common.fernet_utils [None req-b709ce14-6a92-40aa-b0fa-cd921f4eb4e3 - - - - - -] key_repository is world readable: /etc/keystone/fernet-keys/ 10.0.0.113 - - [10/Jul/2026:21:42:21 +0000] "POST /v3/auth/tokens HTTP/1.1" 201 1990
[Fri Jul 10 21:42:21.561591 2026] [wsgi:error] [pid 10:tid 140106029782720] [remote 10.0.0.113:54174] 2026-07-10 21:42:21.561 10 WARNING keystone.common.fernet_utils [None req-d3e91119-6f12-4b49-b6e2-82ab4236d6c9 - - - - - -] key_repository is world readable: /etc/keystone/fernet-keys/ 10.0.0.113 - - [10/Jul/2026:21:42:21 +0000] "POST /v3/auth/tokens HTTP/1.1" 201 1990 10.0.0.113 - - [10/Jul/2026:21:42:21 +0000] "GET / HTTP/1.1" 300 295
[Fri Jul 10 21:42:21.612193 2026] [wsgi:error] [pid 9:tid 140106029782720] [remote 10.0.0.113:54176] 2026-07-10 21:42:21.611 9 WARNING keystone.common.password_hashing [None req-da9d0938-9261-4832-91c9-7d5bead0d363 - - - - - -] Truncating password to algorithm specific maximum length 72 characters. 10.0.0.113 - - [10/Jul/2026:21:42:21 +0000] "GET /v3/endpoints/6d64856aa0e844abbafa7d29d26ed1c1 HTTP/1.1" 200 380 10.0.0.113 - - [10/Jul/2026:21:42:21 +0000] "GET /v3/services/4dfd0f7583ef4c0aaba5c25e2b827867 HTTP/1.1" 200 296 10.0.0.113 - - [10/Jul/2026:21:42:21 +0000] "GET /v3/endpoints/8a82013bf610446594a2e288dd788e98 HTTP/1.1" 200 383 10.0.0.113 - - [10/Jul/2026:21:42:21 +0000] "GET /v3/services/4dfd0f7583ef4c0aaba5c25e2b827867 HTTP/1.1" 200 296
[Fri Jul 10 21:42:21.891224 2026] [wsgi:error] [pid 9:tid 140106029782720] [remote 10.0.0.113:54176] 2026-07-10 21:42:21.890 9 WARNING keystone.common.fernet_utils [None req-da9d0938-9261-4832-91c9-7d5bead0d363 - - - - - -] key_repository is world readable: /etc/keystone/fernet-keys/ 10.0.0.113 - - [10/Jul/2026:21:42:21 +0000] "POST /v3/auth/tokens HTTP/1.1" 201 1990 10.0.0.113 - - [10/Jul/2026:21:42:21 +0000] "GET /v3/endpoints/178b65a9581a4c329b855cad95ecd424 HTTP/1.1" 200 369 10.0.0.113 - - [10/Jul/2026:21:42:22 +0000] "GET /v3/services/4dfd0f7583ef4c0aaba5c25e2b827867 HTTP/1.1" 200 296 10.0.0.119 - - [10/Jul/2026:21:42:33 +0000] "GET /v3/ HTTP/1.1" 200 249 10.0.0.119 - - [10/Jul/2026:21:42:33 +0000] "GET /v3/ HTTP/1.1" 200 249 10.0.0.143 - - [10/Jul/2026:21:42:33 +0000] "GET / HTTP/1.1" 300 295
[Fri Jul 10 21:42:33.363068 2026] [wsgi:error] [pid 11:tid 140106029782720] [remote 10.0.0.143:59670] 2026-07-10 21:42:33.362 11 WARNING keystone.common.password_hashing [None req-caa20c07-192e-4c35-bba4-52ef156067d9 - - - - - -] Truncating password to algorithm specific maximum length 72 characters.
[Fri Jul 10 21:42:33.637890 2026] [wsgi:error] [pid 11:tid 140106029782720] [remote 10.0.0.143:59670] 2026-07-10 21:42:33.637 11 WARNING keystone.common.fernet_utils [None req-caa20c07-192e-4c35-bba4-52ef156067d9 - - - - - -] key_repository is world readable: /etc/keystone/fernet-keys/ 10.0.0.143 - - [10/Jul/2026:21:42:33 +0000] "POST /v3/auth/tokens HTTP/1.1" 201 1990 10.0.0.143 - - [10/Jul/2026:21:42:33 +0000] "POST /v3/domains HTTP/1.1" 201 284 10.0.0.143 - - [10/Jul/2026:21:42:35 +0000] "GET / HTTP/1.1" 300 295
[Fri Jul 10 21:42:35.497495 2026] [wsgi:error] [pid 10:tid 140106029782720] [remote 10.0.0.143:59686] 2026-07-10 21:42:35.497 10 WARNING keystone.common.password_hashing [None req-0f4502b5-e442-480c-83a3-9a33a3d9d70c - - - - - -] Truncating password to algorithm specific maximum length 72 characters.
[Fri Jul 10 21:42:35.765316 2026] [wsgi:error] [pid 10:tid 140106029782720] [remote 10.0.0.143:59686] 2026-07-10 21:42:35.765 10 WARNING keystone.common.fernet_utils [None req-0f4502b5-e442-480c-83a3-9a33a3d9d70c - - - - - -] key_repository is world readable: /etc/keystone/fernet-keys/ 10.0.0.143 - - [10/Jul/2026:21:42:35 +0000] "POST /v3/auth/tokens HTTP/1.1" 201 1990
[Fri Jul 10 21:42:35.954544 2026] [wsgi:error] [pid 11:tid 140106029782720] [remote 10.0.0.143:59686] 2026-07-10 21:42:35.940 11 ERROR keystone.server.flask.application [None req-c77b8a01-22a9-4307-ba10-16bab4d5fc44 ec2ce38fa77d4c7c8e107def4f77449e 5c437ec3d1a34a6d871b149edeb89d9a - - default default] Conflict occurred attempting to store project - it is not permitted to have two projects acting as domains with the same name: service.: keystone.exception.Conflict: Conflict occurred attempting to store project - it is not permitted to have two projects acting as domains with the same name: service.
[Fri Jul 10 21:42:35.954588 2026] [wsgi:error] [pid 11:tid 140106029782720] [remote 10.0.0.143:59686] 2026-07-10 21:42:35.940 11 ERROR keystone.server.flask.application
Traceback (most recent call last):
[Fri Jul 10 21:42:35.954591 2026] [wsgi:error] [pid 11:tid 140106029782720] [remote 10.0.0.143:59686] 2026-07-10 21:42:35.940 11 ERROR keystone.server.flask.application
File "/var/lib/openstack/lib/python3.12/site-packages/sqlalchemy/engine/base.py", line 1969, in _exec_single_context
[Fri Jul 10 21:42:35.954593 2026] [wsgi:error] [pid 11:tid 140106029782720] [remote 10.0.0.143:59686] 2026-07-10 21:42:35.940 11 ERROR keystone.server.flask.application self.dialect.do_execute(
[Fri Jul 10 21:42:35.954595 2026] [wsgi:error] [pid 11:tid 140106029782720] [remote 10.0.0.143:59686] 2026-07-10 21:42:35.940 11 ERROR keystone.server.flask.application
File "/var/lib/openstack/lib/python3.12/site-packages/sqlalchemy/engine/default.py", line 952, in do_execute
[Fri Jul 10 21:42:35.954597 2026] [wsgi:error] [pid 11:tid 140106029782720] [remote 10.0.0.143:59686] 2026-07-10 21:42:35.940 11 ERROR keystone.server.flask.application cursor.execute(statement, parameters)
[Fri Jul 10 21:42:35.954599 2026] [wsgi:error] [pid 11:tid 140106029782720] [remote 10.0.0.143:59686] 2026-07-10 21:42:35.940 11 ERROR keystone.server.flask.application
File "/var/lib/openstack/lib/python3.12/site-packages/pymysql/cursors.py", line 159, in execute
[Fri Jul 10 21:42:35.954601 2026] [wsgi:error] [pid 11:tid 140106029782720] [remote 10.0.0.143:59686] 2026-07-10 21:42:35.940 11 ERROR keystone.server.flask.application result = self._query(query)
[Fri Jul 10 21:42:35.954603 2026] [wsgi:error] [pid 11:tid 140106029782720] [remote 10.0.0.143:59686] 2026-07-10 21:42:35.940 11 ERROR keystone.server.flask.application ^^^^^^^^^^^^^^^^^^
[Fri Jul 10 21:42:35.954605 2026] [wsgi:error] [pid 11:tid 140106029782720] [remote 10.0.0.143:59686] 2026-07-10 21:42:35.940 11 ERROR keystone.server.flask.application
File "/var/lib/openstack/lib/python3.12/site-packages/pymysql/cursors.py", line 330, in _query
[Fri Jul 10 21:42:35.954607 2026] [wsgi:error] [pid 11:tid 140106029782720] [remote 10.0.0.143:59686] 2026-07-10 21:42:35.940 11 ERROR keystone.server.flask.application conn.query(q)
[Fri Jul 10 21:42:35.954610 2026] [wsgi:error] [pid 11:tid 140106029782720] [remote 10.0.0.143:59686] 2026-07-10 21:42:35.940 11 ERROR keystone.server.flask.application
File "/var/lib/openstack/lib/python3.12/site-packages/pymysql/connections.py", line 582, in query
[Fri Jul 10 21:42:35.954612 2026] [wsgi:error] [pid 11:tid 140106029782720] [remote 10.0.0.143:59686] 2026-07-10 21:42:35.940 11 ERROR keystone.server.flask.application self._affected_rows = self._read_query_result(unbuffered=unbuffered)
[Fri Jul 10 21:42:35.954615 2026] [wsgi:error] [pid 11:tid 140106029782720] [remote 10.0.0.143:59686] 2026-07-10 21:42:35.940 11 ERROR keystone.server.flask.application ^^^^^^^^^^^^^^^^^^^^^^^^^^^^^^^^^^^^^^^^^^^^^^
[Fri Jul 10 21:42:35.954616 2026] [wsgi:error] [pid 11:tid 140106029782720] [remote 10.0.0.143:59686] 2026-07-10 21:42:35.940 11 ERROR keystone.server.flask.application
File "/var/lib/openstack/lib/python3.12/site-packages/pymysql/connections.py", line 847, in _read_query_result
[Fri Jul 10 21:42:35.954618 2026] [wsgi:error] [pid 11:tid 140106029782720] [remote 10.0.0.143:59686] 2026-07-10 21:42:35.940 11 ERROR keystone.server.flask.application result.read()
[Fri Jul 10 21:42:35.954625 2026] [wsgi:error] [pid 11:tid 140106029782720] [remote 10.0.0.143:59686] 2026-07-10 21:42:35.940 11 ERROR keystone.server.flask.application
File "/var/lib/openstack/lib/python3.12/site-packages/pymysql/connections.py", line 1245, in read
[Fri Jul 10 21:42:35.954628 2026] [wsgi:error] [pid 11:tid 140106029782720] [remote 10.0.0.143:59686] 2026-07-10 21:42:35.940 11 ERROR keystone.server.flask.application first_packet = self.connection._read_packet()
[Fri Jul 10 21:42:35.954629 2026] [wsgi:error] [pid 11:tid 140106029782720] [remote 10.0.0.143:59686] 2026-07-10 21:42:35.940 11 ERROR keystone.server.flask.application ^^^^^^^^^^^^^^^^^^^^^^^^^^^^^^
[Fri Jul 10 21:42:35.954631 2026] [wsgi:error] [pid 11:tid 140106029782720] [remote 10.0.0.143:59686] 2026-07-10 21:42:35.940 11 ERROR keystone.server.flask.application
File "/var/lib/openstack/lib/python3.12/site-packages/pymysql/connections.py", line 803, in _read_packet
[Fri Jul 10 21:42:35.954633 2026] [wsgi:error] [pid 11:tid 140106029782720] [remote 10.0.0.143:59686] 2026-07-10 21:42:35.940 11 ERROR keystone.server.flask.application packet.raise_for_error()
[Fri Jul 10 21:42:35.954634 2026] [wsgi:error] [pid 11:tid 140106029782720] [remote 10.0.0.143:59686] 2026-07-10 21:42:35.940 11 ERROR keystone.server.flask.application
File "/var/lib/openstack/lib/python3.12/site-packages/pymysql/protocol.py", line 219, in raise_for_error
[Fri Jul 10 21:42:35.954636 2026] [wsgi:error] [pid 11:tid 140106029782720] [remote 10.0.0.143:59686] 2026-07-10 21:42:35.940 11 ERROR keystone.server.flask.application err.raise_mysql_exception(self._data)
[Fri Jul 10 21:42:35.954638 2026] [wsgi:error] [pid 11:tid 140106029782720] [remote 10.0.0.143:59686] 2026-07-10 21:42:35.940 11 ERROR keystone.server.flask.application
File "/var/lib/openstack/lib/python3.12/site-packages/pymysql/err.py", line 154, in raise_mysql_exception
[Fri Jul 10 21:42:35.954640 2026] [wsgi:error] [pid 11:tid 140106029782720] [remote 10.0.0.143:59686] 2026-07-10 21:42:35.940 11 ERROR keystone.server.flask.application raise errorclass(errno, errval, sqlstate=sqlstate)
[Fri Jul 10 21:42:35.954642 2026] [wsgi:error] [pid 11:tid 140106029782720] [remote 10.0.0.143:59686] 2026-07-10 21:42:35.940 11 ERROR keystone.server.flask.application pymysql.err.IntegrityError: (1062, "Duplicate entry '<>-service' for key 'project.ixu_project_name_domain_id'")
[Fri Jul 10 21:42:35.954644 2026] [wsgi:error] [pid 11:tid 140106029782720] [remote 10.0.0.143:59686] 2026-07-10 21:42:35.940 11 ERROR keystone.server.flask.application
[Fri Jul 10 21:42:35.954646 2026] [wsgi:error] [pid 11:tid 140106029782720] [remote 10.0.0.143:59686] 2026-07-10 21:42:35.940 11 ERROR keystone.server.flask.application The above exception was the direct cause of the following exception:
[Fri Jul 10 21:42:35.954648 2026] [wsgi:error] [pid 11:tid 140106029782720] [remote 10.0.0.143:59686] 2026-07-10 21:42:35.940 11 ERROR keystone.server.flask.application
[Fri Jul 10 21:42:35.954650 2026] [wsgi:error] [pid 11:tid 140106029782720] [remote 10.0.0.143:59686] 2026-07-10 21:42:35.940 11 ERROR keystone.server.flask.application
Traceback (most recent call last):
[Fri Jul 10 21:42:35.954661 2026] [wsgi:error] [pid 11:tid 140106029782720] [remote 10.0.0.143:59686] 2026-07-10 21:42:35.940 11 ERROR keystone.server.flask.application
File "/var/lib/openstack/lib/python3.12/site-packages/keystone/common/sql/core.py", line 575, in wrapper
[Fri Jul 10 21:42:35.954663 2026] [wsgi:error] [pid 11:tid 140106029782720] [remote 10.0.0.143:59686] 2026-07-10 21:42:35.940 11 ERROR keystone.server.flask.application return method(*args, **kwargs)
[Fri Jul 10 21:42:35.954665 2026] [wsgi:error] [pid 11:tid 140106029782720] [remote 10.0.0.143:59686] 2026-07-10 21:42:35.940 11 ERROR keystone.server.flask.application ^^^^^^^^^^^^^^^^^^^^^^^
[Fri Jul 10 21:42:35.954667 2026] [wsgi:error] [pid 11:tid 140106029782720] [remote 10.0.0.143:59686] 2026-07-10 21:42:35.940 11 ERROR keystone.server.flask.application
File "/var/lib/openstack/lib/python3.12/site-packages/keystone/resource/backends/sql.py", line 278, in create_project
[Fri Jul 10 21:42:35.954670 2026] [wsgi:error] [pid 11:tid 140106029782720] [remote 10.0.0.143:59686] 2026-07-10 21:42:35.940 11 ERROR keystone.server.flask.application with sql.session_for_write() as session:
[Fri Jul 10 21:42:35.954672 2026] [wsgi:error] [pid 11:tid 140106029782720] [remote 10.0.0.143:59686] 2026-07-10 21:42:35.940 11 ERROR keystone.server.flask.application
File "/usr/lib/python3.12/contextlib.py", line 144, in __exit__
[Fri Jul 10 21:42:35.954674 2026] [wsgi:error] [pid 11:tid 140106029782720] [remote 10.0.0.143:59686] 2026-07-10 21:42:35.940 11 ERROR keystone.server.flask.application next(self.gen)
[Fri Jul 10 21:42:35.954676 2026] [wsgi:error] [pid 11:tid 140106029782720] [remote 10.0.0.143:59686] 2026-07-10 21:42:35.940 11 ERROR keystone.server.flask.application
File "/var/lib/openstack/lib/python3.12/site-packages/oslo_db/sqlalchemy/enginefacade.py", line 1175, in _transaction_scope
[Fri Jul 10 21:42:35.954679 2026] [wsgi:error] [pid 11:tid 140106029782720] [remote 10.0.0.143:59686] 2026-07-10 21:42:35.940 11 ERROR keystone.server.flask.application with current._produce_block(
[Fri Jul 10 21:42:35.954682 2026] [wsgi:error] [pid 11:tid 140106029782720] [remote 10.0.0.143:59686] 2026-07-10 21:42:35.940 11 ERROR keystone.server.flask.application
File "/usr/lib/python3.12/contextlib.py", line 144, in __exit__
[Fri Jul 10 21:42:35.954683 2026] [wsgi:error] [pid 11:tid 140106029782720] [remote 10.0.0.143:59686] 2026-07-10 21:42:35.940 11 ERROR keystone.server.flask.application next(self.gen)
[Fri Jul 10 21:42:35.954685 2026] [wsgi:error] [pid 11:tid 140106029782720] [remote 10.0.0.143:59686] 2026-07-10 21:42:35.940 11 ERROR keystone.server.flask.application
File "/var/lib/openstack/lib/python3.12/site-packages/oslo_db/sqlalchemy/enginefacade.py", line 837, in _session
[Fri Jul 10 21:42:35.954686 2026] [wsgi:error] [pid 11:tid 140106029782720] [remote 10.0.0.143:59686] 2026-07-10 21:42:35.940 11 ERROR keystone.server.flask.application with excutils.save_and_reraise_exception():
[Fri Jul 10 21:42:35.954688 2026] [wsgi:error] [pid 11:tid 140106029782720] [remote 10.0.0.143:59686] 2026-07-10 21:42:35.940 11 ERROR keystone.server.flask.application
File "/var/lib/openstack/lib/python3.12/site-packages/oslo_utils/excutils.py", line 266, in __exit__
[Fri Jul 10 21:42:35.954690 2026] [wsgi:error] [pid 11:tid 140106029782720] [remote 10.0.0.143:59686] 2026-07-10 21:42:35.940 11 ERROR keystone.server.flask.application self.force_reraise()
[Fri Jul 10 21:42:35.954691 2026] [wsgi:error] [pid 11:tid 140106029782720] [remote 10.0.0.143:59686] 2026-07-10 21:42:35.940 11 ERROR keystone.server.flask.application
File "/var/lib/openstack/lib/python3.12/site-packages/oslo_utils/excutils.py", line 232, in force_reraise
[Fri Jul 10 21:42:35.954693 2026] [wsgi:error] [pid 11:tid 140106029782720] [remote 10.0.0.143:59686] 2026-07-10 21:42:35.940 11 ERROR keystone.server.flask.application raise self.value
[Fri Jul 10 21:42:35.954695 2026] [wsgi:error] [pid 11:tid 140106029782720] [remote 10.0.0.143:59686] 2026-07-10 21:42:35.940 11 ERROR keystone.server.flask.application
File "/var/lib/openstack/lib/python3.12/site-packages/oslo_db/sqlalchemy/enginefacade.py", line 835, in _session
[Fri Jul 10 21:42:35.954700 2026] [wsgi:error] [pid 11:tid 140106029782720] [remote 10.0.0.143:59686] 2026-07-10 21:42:35.940 11 ERROR keystone.server.flask.application self._end_session_transaction(self.session)
[Fri Jul 10 21:42:35.954701 2026] [wsgi:error] [pid 11:tid 140106029782720] [remote 10.0.0.143:59686] 2026-07-10 21:42:35.940 11 ERROR keystone.server.flask.application
File "/var/lib/openstack/lib/python3.12/site-packages/oslo_db/sqlalchemy/enginefacade.py", line 748, in _end_session_transaction
[Fri Jul 10 21:42:35.954704 2026] [wsgi:error] [pid 11:tid 140106029782720] [remote 10.0.0.143:59686] 2026-07-10 21:42:35.940 11 ERROR keystone.server.flask.application session.commit()
[Fri Jul 10 21:42:35.954706 2026] [wsgi:error] [pid 11:tid 140106029782720] [remote 10.0.0.143:59686] 2026-07-10 21:42:35.940 11 ERROR keystone.server.flask.application
File "/var/lib/openstack/lib/python3.12/site-packages/sqlalchemy/orm/session.py", line 2034, in commit
[Fri Jul 10 21:42:35.954708 2026] [wsgi:error] [pid 11:tid 140106029782720] [remote 10.0.0.143:59686] 2026-07-10 21:42:35.940 11 ERROR keystone.server.flask.application trans.commit(_to_root=True)
[Fri Jul 10 21:42:35.954709 2026] [wsgi:error] [pid 11:tid 140106029782720] [remote 10.0.0.143:59686] 2026-07-10 21:42:35.940 11 ERROR keystone.server.flask.application File "", line 2, in commit
[Fri Jul 10 21:42:35.954711 2026] [wsgi:error] [pid 11:tid 140106029782720] [remote 10.0.0.143:59686] 2026-07-10 21:42:35.940 11 ERROR keystone.server.flask.application
File "/var/lib/openstack/lib/python3.12/site-packages/sqlalchemy/orm/state_changes.py", line 137, in _go
[Fri Jul 10 21:42:35.954713 2026] [wsgi:error] [pid 11:tid 140106029782720] [remote 10.0.0.143:59686] 2026-07-10 21:42:35.940 11 ERROR keystone.server.flask.application ret_value = fn(self, *arg, **kw)
[Fri Jul 10 21:42:35.954717 2026] [wsgi:error] [pid 11:tid 140106029782720] [remote 10.0.0.143:59686] 2026-07-10 21:42:35.940 11 ERROR keystone.server.flask.application ^^^^^^^^^^^^^^^^^^^^
[Fri Jul 10 21:42:35.954718 2026] [wsgi:error] [pid 11:tid 140106029782720] [remote 10.0.0.143:59686] 2026-07-10 21:42:35.940 11 ERROR keystone.server.flask.application
File "/var/lib/openstack/lib/python3.12/site-packages/sqlalchemy/orm/session.py", line 1315, in commit
[Fri Jul 10 21:42:35.954720 2026] [wsgi:error] [pid 11:tid 140106029782720] [remote 10.0.0.143:59686] 2026-07-10 21:42:35.940 11 ERROR keystone.server.flask.application self._prepare_impl()
[Fri Jul 10 21:42:35.954723 2026] [wsgi:error] [pid 11:tid 140106029782720] [remote 10.0.0.143:59686] 2026-07-10 21:42:35.940 11 ERROR keystone.server.flask.application File "", line 2, in _prepare_impl
[Fri Jul 10 21:42:35.954725 2026] [wsgi:error] [pid 11:tid 140106029782720] [remote 10.0.0.143:59686] 2026-07-10 21:42:35.940 11 ERROR keystone.server.flask.application
File "/var/lib/openstack/lib/python3.12/site-packages/sqlalchemy/orm/state_changes.py", line 137, in _go
[Fri Jul 10 21:42:35.954727 2026] [wsgi:error] [pid 11:tid 140106029782720] [remote 10.0.0.143:59686] 2026-07-10 21:42:35.940 11 ERROR keystone.server.flask.application ret_value = fn(self, *arg, **kw)
[Fri Jul 10 21:42:35.954729 2026] [wsgi:error] [pid 11:tid 140106029782720] [remote 10.0.0.143:59686] 2026-07-10 21:42:35.940 11 ERROR keystone.server.flask.application ^^^^^^^^^^^^^^^^^^^^
[Fri Jul 10 21:42:35.954731 2026] [wsgi:error] [pid 11:tid 140106029782720] [remote 10.0.0.143:59686] 2026-07-10 21:42:35.940 11 ERROR keystone.server.flask.application
File "/var/lib/openstack/lib/python3.12/site-packages/sqlalchemy/orm/session.py", line 1290, in _prepare_impl
[Fri Jul 10 21:42:35.954733 2026] [wsgi:error] [pid 11:tid 140106029782720] [remote 10.0.0.143:59686] 2026-07-10 21:42:35.940 11 ERROR keystone.server.flask.application self.session.flush()
[Fri Jul 10 21:42:35.954736 2026] [wsgi:error] [pid 11:tid 140106029782720] [remote 10.0.0.143:59686] 2026-07-10 21:42:35.940 11 ERROR keystone.server.flask.application
File "/var/lib/openstack/lib/python3.12/site-packages/sqlalchemy/orm/session.py", line 4352, in flush
[Fri Jul 10 21:42:35.954738 2026] [wsgi:error] [pid 11:tid 140106029782720] [remote 10.0.0.143:59686] 2026-07-10 21:42:35.940 11 ERROR keystone.server.flask.application self._flush(objects)
[Fri Jul 10 21:42:35.954741 2026] [wsgi:error] [pid 11:tid 140106029782720] [remote 10.0.0.143:59686] 2026-07-10 21:42:35.940 11 ERROR keystone.server.flask.application
File "/var/lib/openstack/lib/python3.12/site-packages/sqlalchemy/orm/session.py", line 4487, in _flush
[Fri Jul 10 21:42:35.954744 2026] [wsgi:error] [pid 11:tid 140106029782720] [remote 10.0.0.143:59686] 2026-07-10 21:42:35.940 11 ERROR keystone.server.flask.application with util.safe_reraise():
[Fri Jul 10 21:42:35.954745 2026] [wsgi:error] [pid 11:tid 140106029782720] [remote 10.0.0.143:59686] 2026-07-10 21:42:35.940 11 ERROR keystone.server.flask.application
File "/var/lib/openstack/lib/python3.12/site-packages/sqlalchemy/util/langhelpers.py", line 122, in __exit__
[Fri Jul 10 21:42:35.954747 2026] [wsgi:error] [pid 11:tid 140106029782720] [remote 10.0.0.143:59686] 2026-07-10 21:42:35.940 11 ERROR keystone.server.flask.application raise exc_value.with_traceback(exc_tb)
[Fri Jul 10 21:42:35.954748 2026] [wsgi:error] [pid 11:tid 140106029782720] [remote 10.0.0.143:59686] 2026-07-10 21:42:35.940 11 ERROR keystone.server.flask.application
File "/var/lib/openstack/lib/python3.12/site-packages/sqlalchemy/orm/session.py", line 4448, in _flush
[Fri Jul 10 21:42:35.954750 2026] [wsgi:error] [pid 11:tid 140106029782720] [remote 10.0.0.143:59686] 2026-07-10 21:42:35.940 11 ERROR keystone.server.flask.application flush_context.execute()
