Feb 24 01:21:40.992926 np0000156680 neutron-periodic-workers[105091]: DEBUG cotyledon.oslo_config_glue [-] database.connection = **** {{(pid=105091) log_opt_values /opt/stack/data/venv/lib/python3.12/site-packages/oslo_config/cfg.py:3006}}
Feb 24 01:21:40.992963 np0000156680 neutron-periodic-workers[105091]: DEBUG cotyledon.oslo_config_glue [-] database.connection_debug = 0 {{(pid=105091) log_opt_values /opt/stack/data/venv/lib/python3.12/site-packages/oslo_config/cfg.py:3006}}
Feb 24 01:21:40.993015 np0000156680 neutron-periodic-workers[105091]: DEBUG cotyledon.oslo_config_glue [-] database.connection_parameters = {{(pid=105091) log_opt_values /opt/stack/data/venv/lib/python3.12/site-packages/oslo_config/cfg.py:3006}}
Feb 24 01:21:40.993072 np0000156680 neutron-periodic-workers[105091]: DEBUG cotyledon.oslo_config_glue [-] database.connection_recycle_time = 3600 {{(pid=105091) log_opt_values /opt/stack/data/venv/lib/python3.12/site-packages/oslo_config/cfg.py:3006}}
Feb 24 01:21:40.993122 np0000156680 neutron-periodic-workers[105091]: DEBUG cotyledon.oslo_config_glue [-] database.connection_trace = False {{(pid=105091) log_opt_values /opt/stack/data/venv/lib/python3.12/site-packages/oslo_config/cfg.py:3006}}
Feb 24 01:21:40.993152 np0000156680 neutron-periodic-workers[105091]: DEBUG cotyledon.oslo_config_glue [-] database.db_inc_retry_interval = True {{(pid=105091) log_opt_values /opt/stack/data/venv/lib/python3.12/site-packages/oslo_config/cfg.py:3006}}
Feb 24 01:21:40.993194 np0000156680 neutron-periodic-workers[105091]: DEBUG cotyledon.oslo_config_glue [-] database.db_max_retries = 20 {{(pid=105091) log_opt_values /opt/stack/data/venv/lib/python3.12/site-packages/oslo_config/cfg.py:3006}}
Feb 24 01:21:40.993225 np0000156680 neutron-periodic-workers[105091]: DEBUG cotyledon.oslo_config_glue [-] database.db_max_retry_interval = 10 {{(pid=105091) log_opt_values /opt/stack/data/venv/lib/python3.12/site-packages/oslo_config/cfg.py:3006}}
Feb 24 01:21:40.993272 np0000156680 neutron-periodic-workers[105091]: DEBUG cotyledon.oslo_config_glue [-] database.db_retry_interval = 1 {{(pid=105091) log_opt_values /opt/stack/data/venv/lib/python3.12/site-packages/oslo_config/cfg.py:3006}}
Feb 24 01:21:40.993308 np0000156680 neutron-periodic-workers[105091]: DEBUG cotyledon.oslo_config_glue [-] database.max_overflow = 50 {{(pid=105091) log_opt_values /opt/stack/data/venv/lib/python3.12/site-packages/oslo_config/cfg.py:3006}}
Feb 24 01:21:40.993366 np0000156680 neutron-periodic-workers[105091]: DEBUG cotyledon.oslo_config_glue [-] database.max_pool_size = 5 {{(pid=105091) log_opt_values /opt/stack/data/venv/lib/python3.12/site-packages/oslo_config/cfg.py:3006}}
Feb 24 01:21:40.993402 np0000156680 neutron-periodic-workers[105091]: DEBUG cotyledon.oslo_config_glue [-] database.max_retries = 10 {{(pid=105091) log_opt_values /opt/stack/data/venv/lib/python3.12/site-packages/oslo_config/cfg.py:3006}}
Feb 24 01:21:40.993457 np0000156680 neutron-periodic-workers[105091]: DEBUG cotyledon.oslo_config_glue [-] database.mysql_sql_mode = TRADITIONAL {{(pid=105091) log_opt_values /opt/stack/data/venv/lib/python3.12/site-packages/oslo_config/cfg.py:3006}}
Feb 24 01:21:40.993507 np0000156680 neutron-periodic-workers[105091]: DEBUG cotyledon.oslo_config_glue [-] database.mysql_wsrep_sync_wait = None {{(pid=105091) log_opt_values /opt/stack/data/venv/lib/python3.12/site-packages/oslo_config/cfg.py:3006}}
Feb 24 01:21:40.993538 np0000156680 neutron-periodic-workers[105091]: DEBUG cotyledon.oslo_config_glue [-] database.pool_timeout = None {{(pid=105091) log_opt_values /opt/stack/data/venv/lib/python3.12/site-packages/oslo_config/cfg.py:3006}}
Feb 24 01:21:40.993589 np0000156680 neutron-periodic-workers[105091]: DEBUG cotyledon.oslo_config_glue [-] database.retry_interval = 10 {{(pid=105091) log_opt_values /opt/stack/data/venv/lib/python3.12/site-packages/oslo_config/cfg.py:3006}}
Feb 24 01:21:40.993649 np0000156680 neutron-periodic-workers[105091]: DEBUG cotyledon.oslo_config_glue [-] database.slave_connection = **** {{(pid=105091) log_opt_values /opt/stack/data/venv/lib/python3.12/site-packages/oslo_config/cfg.py:3006}}
Feb 24 01:21:40.993700 np0000156680 neutron-periodic-workers[105091]: DEBUG cotyledon.oslo_config_glue [-] database.sqlite_synchronous = True {{(pid=105091) log_opt_values /opt/stack/data/venv/lib/python3.12/site-packages/oslo_config/cfg.py:3006}}
Feb 24 01:21:40.993749 np0000156680 neutron-periodic-workers[105091]: DEBUG cotyledon.oslo_config_glue [-] database.synchronous_reader = True {{(pid=105091) log_opt_values /opt/stack/data/venv/lib/python3.12/site-packages/oslo_config/cfg.py:3006}}
Feb 24 01:21:40.993793 np0000156680 neutron-periodic-workers[105091]: DEBUG cotyledon.oslo_config_glue [-] database.use_db_reconnect = False {{(pid=105091) log_opt_values /opt/stack/data/venv/lib/python3.12/site-packages/oslo_config/cfg.py:3006}}
Feb 24 01:21:40.993863 np0000156680 neutron-periodic-workers[105091]: DEBUG cotyledon.oslo_config_glue [-] ovn.broadcast_arps_to_all_routers = True {{(pid=105091) log_opt_values /opt/stack/data/venv/lib/python3.12/site-packages/oslo_config/cfg.py:3006}}
Feb 24 01:21:40.993903 np0000156680 neutron-periodic-workers[105091]: DEBUG cotyledon.oslo_config_glue [-] ovn.dhcp_default_lease_time = 43200 {{(pid=105091) log_opt_values /opt/stack/data/venv/lib/python3.12/site-packages/oslo_config/cfg.py:3006}}
Feb 24 01:21:40.993943 np0000156680 neutron-periodic-workers[105091]: DEBUG cotyledon.oslo_config_glue [-] ovn.disable_ovn_dhcp_for_baremetal_ports = False {{(pid=105091) log_opt_values /opt/stack/data/venv/lib/python3.12/site-packages/oslo_config/cfg.py:3006}}
Feb 24 01:21:40.993986 np0000156680 neutron-periodic-workers[105091]: DEBUG cotyledon.oslo_config_glue [-] ovn.dns_records_ovn_owned = False {{(pid=105091) log_opt_values /opt/stack/data/venv/lib/python3.12/site-packages/oslo_config/cfg.py:3006}}
Feb 24 01:21:40.994021 np0000156680 neutron-periodic-workers[105091]: DEBUG cotyledon.oslo_config_glue [-] ovn.dns_servers = [] {{(pid=105091) log_opt_values /opt/stack/data/venv/lib/python3.12/site-packages/oslo_config/cfg.py:3006}}
Feb 24 01:21:40.994064 np0000156680 neutron-periodic-workers[105091]: DEBUG cotyledon.oslo_config_glue [-] ovn.enable_distributed_floating_ip = False {{(pid=105091) log_opt_values /opt/stack/data/venv/lib/python3.12/site-packages/oslo_config/cfg.py:3006}}
Feb 24 01:21:40.994095 np0000156680 neutron-periodic-workers[105091]: DEBUG cotyledon.oslo_config_glue [-] ovn.fdb_age_threshold = 0 {{(pid=105091) log_opt_values /opt/stack/data/venv/lib/python3.12/site-packages/oslo_config/cfg.py:3006}}
Feb 24 01:21:40.994154 np0000156680 neutron-periodic-workers[105091]: DEBUG cotyledon.oslo_config_glue [-] ovn.live_migration_activation_strategy = rarp {{(pid=105091) log_opt_values /opt/stack/data/venv/lib/python3.12/site-packages/oslo_config/cfg.py:3006}}
Feb 24 01:21:40.994184 np0000156680 neutron-periodic-workers[105091]: DEBUG cotyledon.oslo_config_glue [-] ovn.localnet_learn_fdb = False {{(pid=105091) log_opt_values /opt/stack/data/venv/lib/python3.12/site-packages/oslo_config/cfg.py:3006}}
Feb 24 01:21:40.994233 np0000156680 neutron-periodic-workers[105091]: DEBUG cotyledon.oslo_config_glue [-] ovn.mac_binding_age_threshold = 0 {{(pid=105091) log_opt_values /opt/stack/data/venv/lib/python3.12/site-packages/oslo_config/cfg.py:3006}}
Feb 24 01:21:40.994555 np0000156680 neutron-periodic-workers[105091]: DEBUG cotyledon.oslo_config_glue [-] ovn.neutron_sync_mode = log {{(pid=105091) log_opt_values /opt/stack/data/venv/lib/python3.12/site-packages/oslo_config/cfg.py:3006}}
Feb 24 01:21:40.994591 np0000156680 neutron-periodic-workers[105091]: DEBUG cotyledon.oslo_config_glue [-] ovn.ovn_dhcp4_global_options = {} {{(pid=105091) log_opt_values /opt/stack/data/venv/lib/python3.12/site-packages/oslo_config/cfg.py:3006}}
Feb 24 01:21:40.994724 np0000156680 neutron-periodic-workers[105091]: DEBUG cotyledon.oslo_config_glue [-] ovn.ovn_dhcp6_global_options = {} {{(pid=105091) log_opt_values /opt/stack/data/venv/lib/python3.12/site-packages/oslo_config/cfg.py:3006}}
Feb 24 01:21:40.994724 np0000156680 neutron-periodic-workers[105091]: DEBUG cotyledon.oslo_config_glue [-] ovn.ovn_l3_scheduler = leastloaded {{(pid=105091) log_opt_values /opt/stack/data/venv/lib/python3.12/site-packages/oslo_config/cfg.py:3006}}
Feb 24 01:21:40.994778 np0000156680 neutron-periodic-workers[105091]: DEBUG cotyledon.oslo_config_glue [-] ovn.ovn_metadata_enabled = True {{(pid=105091) log_opt_values /opt/stack/data/venv/lib/python3.12/site-packages/oslo_config/cfg.py:3006}}
Feb 24 01:21:40.994924 np0000156680 neutron-periodic-workers[105091]: DEBUG cotyledon.oslo_config_glue [-] ovn.ovn_nb_ca_cert = /opt/stack/data/CA/int-ca/ca-chain.pem {{(pid=105091) log_opt_values /opt/stack/data/venv/lib/python3.12/site-packages/oslo_config/cfg.py:3006}}
Feb 24 01:21:40.994924 np0000156680 neutron-periodic-workers[105091]: DEBUG cotyledon.oslo_config_glue [-] ovn.ovn_nb_certificate = /opt/stack/data/CA/int-ca/devstack-cert.crt {{(pid=105091) log_opt_values /opt/stack/data/venv/lib/python3.12/site-packages/oslo_config/cfg.py:3006}}
Feb 24 01:21:40.994924 np0000156680 neutron-periodic-workers[105091]: DEBUG cotyledon.oslo_config_glue [-] ovn.ovn_nb_connection = ['ssl:162.253.55.52:6641'] {{(pid=105091) log_opt_values /opt/stack/data/venv/lib/python3.12/site-packages/oslo_config/cfg.py:3006}}
Feb 24 01:21:40.994924 np0000156680 neutron-periodic-workers[105091]: DEBUG cotyledon.oslo_config_glue [-] ovn.ovn_nb_private_key = /opt/stack/data/CA/int-ca/private/devstack-cert.key {{(pid=105091) log_opt_values /opt/stack/data/venv/lib/python3.12/site-packages/oslo_config/cfg.py:3006}}
Feb 24 01:21:40.995075 np0000156680 neutron-periodic-workers[105091]: DEBUG cotyledon.oslo_config_glue [-] ovn.ovn_router_indirect_snat = False {{(pid=105091) log_opt_values /opt/stack/data/venv/lib/python3.12/site-packages/oslo_config/cfg.py:3006}}
Feb 24 01:21:40.995075 np0000156680 neutron-periodic-workers[105091]: DEBUG cotyledon.oslo_config_glue [-] ovn.ovn_sb_ca_cert = /opt/stack/data/CA/int-ca/ca-chain.pem {{(pid=105091) log_opt_values /opt/stack/data/venv/lib/python3.12/site-packages/oslo_config/cfg.py:3006}}
Feb 24 01:21:40.995075 np0000156680 neutron-periodic-workers[105091]: DEBUG cotyledon.oslo_config_glue [-] ovn.ovn_sb_certificate = /opt/stack/data/CA/int-ca/devstack-cert.crt {{(pid=105091) log_opt_values /opt/stack/data/venv/lib/python3.12/site-packages/oslo_config/cfg.py:3006}}
Feb 24 01:21:40.995075 np0000156680 neutron-periodic-workers[105091]: DEBUG cotyledon.oslo_config_glue [-] ovn.ovn_sb_connection = ['ssl:162.253.55.52:6642'] {{(pid=105091) log_opt_values /opt/stack/data/venv/lib/python3.12/site-packages/oslo_config/cfg.py:3006}}
Feb 24 01:21:40.995225 np0000156680 neutron-periodic-workers[105091]: DEBUG cotyledon.oslo_config_glue [-] ovn.ovn_sb_private_key = /opt/stack/data/CA/int-ca/private/devstack-cert.key {{(pid=105091) log_opt_values /opt/stack/data/venv/lib/python3.12/site-packages/oslo_config/cfg.py:3006}}
Feb 24 01:21:40.995225 np0000156680 neutron-periodic-workers[105091]: DEBUG cotyledon.oslo_config_glue [-] ovn.ovs_create_tap = False {{(pid=105091) log_opt_values /opt/stack/data/venv/lib/python3.12/site-packages/oslo_config/cfg.py:3006}}
Feb 24 01:21:40.995225 np0000156680 neutron-periodic-workers[105091]: DEBUG cotyledon.oslo_config_glue [-] ovn.ovsdb_connection_timeout = 180 {{(pid=105091) log_opt_values /opt/stack/data/venv/lib/python3.12/site-packages/oslo_config/cfg.py:3006}}
Feb 24 01:21:40.995225 np0000156680 neutron-periodic-workers[105091]: DEBUG cotyledon.oslo_config_glue [-] ovn.ovsdb_log_level = INFO {{(pid=105091) log_opt_values /opt/stack/data/venv/lib/python3.12/site-packages/oslo_config/cfg.py:3006}}
Feb 24 01:21:40.995367 np0000156680 neutron-periodic-workers[105091]: DEBUG cotyledon.oslo_config_glue [-] ovn.ovsdb_probe_interval = 60000 {{(pid=105091) log_opt_values /opt/stack/data/venv/lib/python3.12/site-packages/oslo_config/cfg.py:3006}}
Feb 24 01:21:40.995367 np0000156680 neutron-periodic-workers[105091]: DEBUG cotyledon.oslo_config_glue [-] ovn.ovsdb_retry_max_interval = 180 {{(pid=105091) log_opt_values /opt/stack/data/venv/lib/python3.12/site-packages/oslo_config/cfg.py:3006}}
Feb 24 01:21:40.995367 np0000156680 neutron-periodic-workers[105091]: DEBUG cotyledon.oslo_config_glue [-] ovn.stateless_nat_enabled = False {{(pid=105091) log_opt_values /opt/stack/data/venv/lib/python3.12/site-packages/oslo_config/cfg.py:3006}}
Feb 24 01:21:40.995645 np0000156680 neutron-periodic-workers[105091]: DEBUG cotyledon.oslo_config_glue [-] ovn.vhost_sock_dir = /var/run/openvswitch {{(pid=105091) log_opt_values /opt/stack/data/venv/lib/python3.12/site-packages/oslo_config/cfg.py:3006}}
Feb 24 01:21:40.995645 np0000156680 neutron-periodic-workers[105091]: DEBUG cotyledon.oslo_config_glue [-] OVS.bridge_mac_table_size = 50000 {{(pid=105091) log_opt_values /opt/stack/data/venv/lib/python3.12/site-packages/oslo_config/cfg.py:3006}}
Feb 24 01:21:40.995645 np0000156680 neutron-periodic-workers[105091]: DEBUG cotyledon.oslo_config_glue [-] OVS.igmp_flood = False {{(pid=105091) log_opt_values /opt/stack/data/venv/lib/python3.12/site-packages/oslo_config/cfg.py:3006}}
Feb 24 01:21:40.995645 np0000156680 neutron-periodic-workers[105091]: DEBUG cotyledon.oslo_config_glue [-] OVS.igmp_flood_reports = True {{(pid=105091) log_opt_values /opt/stack/data/venv/lib/python3.12/site-packages/oslo_config/cfg.py:3006}}
Feb 24 01:21:40.995645 np0000156680 neutron-periodic-workers[105091]: DEBUG cotyledon.oslo_config_glue [-] OVS.igmp_flood_unregistered = False {{(pid=105091) log_opt_values /opt/stack/data/venv/lib/python3.12/site-packages/oslo_config/cfg.py:3006}}
Feb 24 01:21:40.995645 np0000156680 neutron-periodic-workers[105091]: DEBUG cotyledon.oslo_config_glue [-] OVS.igmp_snooping_enable = False {{(pid=105091) log_opt_values /opt/stack/data/venv/lib/python3.12/site-packages/oslo_config/cfg.py:3006}}
Feb 24 01:21:40.995837 np0000156680 neutron-periodic-workers[105091]: DEBUG cotyledon.oslo_config_glue [-] OVS.ovsdb_timeout = 10 {{(pid=105091) log_opt_values /opt/stack/data/venv/lib/python3.12/site-packages/oslo_config/cfg.py:3006}}
Feb 24 01:21:40.995837 np0000156680 neutron-periodic-workers[105091]: DEBUG cotyledon.oslo_config_glue [-] ovn_nb_global.fdb_removal_limit = 0 {{(pid=105091) log_opt_values /opt/stack/data/venv/lib/python3.12/site-packages/oslo_config/cfg.py:3006}}
Feb 24 01:21:40.995837 np0000156680 neutron-periodic-workers[105091]: DEBUG cotyledon.oslo_config_glue [-] ovn_nb_global.ignore_lsp_down = False {{(pid=105091) log_opt_values /opt/stack/data/venv/lib/python3.12/site-packages/oslo_config/cfg.py:3006}}
Feb 24 01:21:40.995837 np0000156680 neutron-periodic-workers[105091]: DEBUG cotyledon.oslo_config_glue [-] ovn_nb_global.mac_binding_removal_limit = 0 {{(pid=105091) log_opt_values /opt/stack/data/venv/lib/python3.12/site-packages/oslo_config/cfg.py:3006}}
Feb 24 01:21:40.995936 np0000156680 neutron-periodic-workers[105091]: DEBUG cotyledon.oslo_config_glue [-] ******************************************************************************** {{(pid=105091) log_opt_values /opt/stack/data/venv/lib/python3.12/site-packages/oslo_config/cfg.py:3013}}
Feb 24 01:21:40.996080 np0000156680 neutron-periodic-workers[105091]: DEBUG cotyledon._service_worker [-] Run service ServiceWrapper(0) [105091] {{(pid=105091) wait_forever /opt/stack/data/venv/lib/python3.12/site-packages/cotyledon/_service_worker.py:218}}
Feb 24 01:21:50.629567 np0000156680 neutron-periodic-workers[104337]: DEBUG dbcounter [-] [104337] Writing DB stats neutron:SELECT=4 {{(pid=104337) stat_writer /opt/stack/data/venv/lib/python3.12/site-packages/dbcounter.py:115}}
Feb 24 01:22:32.984411 np0000156680 neutron-periodic-workers[105080]: DEBUG oslo_db.sqlalchemy.engines [None req-fa7b6d46-42bd-4d85-acb4-428d033a0785 None None] Parent process 104337 forked (105080) with an open database connection, which is being discarded and recreated. {{(pid=105080) checkout /opt/stack/data/venv/lib/python3.12/site-packages/oslo_db/sqlalchemy/engines.py:402}}
Feb 24 01:22:32.999970 np0000156680 neutron-periodic-workers[105080]: DEBUG dbcounter [-] [105080] Writer thread running {{(pid=105080) stat_writer /opt/stack/data/venv/lib/python3.12/site-packages/dbcounter.py:102}}
Feb 24 01:22:32.999970 np0000156680 neutron-periodic-workers[105080]: DEBUG neutron.db.agents_db [None req-fa7b6d46-42bd-4d85-acb4-428d033a0785 None None] Agent healthcheck: found 0 active agents {{(pid=105080) agent_health_check /opt/stack/neutron/neutron/db/agents_db.py:317}}
Feb 24 01:22:32.999970 np0000156680 neutron-periodic-workers[105080]: DEBUG oslo.service.backend._threading.loopingcall [None req-fa7b6d46-42bd-4d85-acb4-428d033a0785 None None] Fixed interval looping call 'neutron.plugins.ml2.plugin.AgentDbMixin.agent_health_check' sleeping for 36.98 seconds {{(pid=105080) _run_loop /opt/stack/data/venv/lib/python3.12/site-packages/oslo_service/backend/_threading/loopingcall.py:125}}
Feb 24 01:22:42.994478 np0000156680 neutron-periodic-workers[105080]: DEBUG dbcounter [-] [105080] Writing DB stats neutron:SELECT=1 {{(pid=105080) stat_writer /opt/stack/data/venv/lib/python3.12/site-packages/dbcounter.py:115}}
Feb 24 01:22:44.978754 np0000156680 neutron-periodic-workers[105066]: DEBUG dbcounter [-] [105066] Writer thread running {{(pid=105066) stat_writer /opt/stack/data/venv/lib/python3.12/site-packages/dbcounter.py:102}}
Feb 24 01:22:45.560261 np0000156680 neutron-periodic-workers[105066]: DEBUG oslo.service.backend._threading.loopingcall [None req-15262c60-1702-4674-b85e-7f9b26969d36 None None] Fixed interval looping call 'neutron.plugins.ml2.plugin.DhcpAgentSchedulerDbMixin.remove_networks_from_down_agents' sleeping for 36.40 seconds {{(pid=105066) _run_loop /opt/stack/data/venv/lib/python3.12/site-packages/oslo_service/backend/_threading/loopingcall.py:125}}
Feb 24 01:22:55.557758 np0000156680 neutron-periodic-workers[105066]: DEBUG dbcounter [-] [105066] Writing DB stats neutron:SELECT=3 {{(pid=105066) stat_writer /opt/stack/data/venv/lib/python3.12/site-packages/dbcounter.py:115}}
Feb 24 01:23:09.982731 np0000156680 neutron-periodic-workers[105080]: DEBUG neutron.db.agents_db [None req-fa7b6d46-42bd-4d85-acb4-428d033a0785 None None] Agent healthcheck: found 0 active agents {{(pid=105080) agent_health_check /opt/stack/neutron/neutron/db/agents_db.py:317}}
Feb 24 01:23:09.983225 np0000156680 neutron-periodic-workers[105080]: DEBUG oslo.service.backend._threading.loopingcall [None req-fa7b6d46-42bd-4d85-acb4-428d033a0785 None None] Fixed interval looping call 'neutron.plugins.ml2.plugin.AgentDbMixin.agent_health_check' sleeping for 37.00 seconds {{(pid=105080) _run_loop /opt/stack/data/venv/lib/python3.12/site-packages/oslo_service/backend/_threading/loopingcall.py:125}}
Feb 24 01:23:16.165906 np0000156680 neutron-periodic-workers[105057]: DEBUG dbcounter [-] [105057] Writer thread running {{(pid=105057) stat_writer /opt/stack/data/venv/lib/python3.12/site-packages/dbcounter.py:102}}
Feb 24 01:23:16.598597 np0000156680 neutron-periodic-workers[105057]: DEBUG oslo.service.backend._threading.loopingcall [None req-01f211e2-b264-4a52-92d1-567fada2051b None None] Fixed interval looping call 'neutron.services.ovn_l3.plugin.L3_NAT_dbonly_mixin._clean_garbage' sleeping for 299.34 seconds {{(pid=105057) _run_loop /opt/stack/data/venv/lib/python3.12/site-packages/oslo_service/backend/_threading/loopingcall.py:125}}
Feb 24 01:23:19.981582 np0000156680 neutron-periodic-workers[105080]: DEBUG dbcounter [-] [105080] Writing DB stats neutron:SELECT=1 {{(pid=105080) stat_writer /opt/stack/data/venv/lib/python3.12/site-packages/dbcounter.py:115}}
Feb 24 01:23:21.968139 np0000156680 neutron-periodic-workers[105066]: DEBUG oslo.service.backend._threading.loopingcall [None req-15262c60-1702-4674-b85e-7f9b26969d36 None None] Fixed interval looping call 'neutron.plugins.ml2.plugin.DhcpAgentSchedulerDbMixin.remove_networks_from_down_agents' sleeping for 36.99 seconds {{(pid=105066) _run_loop /opt/stack/data/venv/lib/python3.12/site-packages/oslo_service/backend/_threading/loopingcall.py:125}}
Feb 24 01:23:25.972372 np0000156680 neutron-periodic-workers[105057]: DEBUG dbcounter [-] [105057] Writing DB stats neutron:SELECT=1 {{(pid=105057) stat_writer /opt/stack/data/venv/lib/python3.12/site-packages/dbcounter.py:115}}
Feb 24 01:23:31.967535 np0000156680 neutron-periodic-workers[105066]: DEBUG dbcounter [-] [105066] Writing DB stats neutron:SELECT=3 {{(pid=105066) stat_writer /opt/stack/data/venv/lib/python3.12/site-packages/dbcounter.py:115}}
Feb 24 01:23:41.012916 np0000156680 neutron-periodic-workers[105091]: DEBUG dbcounter [-] [105091] Writer thread running {{(pid=105091) stat_writer /opt/stack/data/venv/lib/python3.12/site-packages/dbcounter.py:102}}
Feb 24 01:23:41.015015 np0000156680 neutron-periodic-workers[105091]: DEBUG oslo.service.backend._threading.loopingcall [None req-61fbbc90-21da-4ce5-9bf5-2e21f5c8b7c0 None None] Fixed interval looping call 'neutron.db.quota.driver_nolock.DbQuotaNoLockDriver._remove_expired_reservations' sleeping for 119.98 seconds {{(pid=105091) _run_loop /opt/stack/data/venv/lib/python3.12/site-packages/oslo_service/backend/_threading/loopingcall.py:125}}
Feb 24 01:23:46.988508 np0000156680 neutron-periodic-workers[105080]: DEBUG neutron.db.agents_db [None req-fa7b6d46-42bd-4d85-acb4-428d033a0785 None None] Agent healthcheck: found 0 active agents {{(pid=105080) agent_health_check /opt/stack/neutron/neutron/db/agents_db.py:317}}
Feb 24 01:23:46.989060 np0000156680 neutron-periodic-workers[105080]: DEBUG oslo.service.backend._threading.loopingcall [None req-fa7b6d46-42bd-4d85-acb4-428d033a0785 None None] Fixed interval looping call 'neutron.plugins.ml2.plugin.AgentDbMixin.agent_health_check' sleeping for 36.99 seconds {{(pid=105080) _run_loop /opt/stack/data/venv/lib/python3.12/site-packages/oslo_service/backend/_threading/loopingcall.py:125}}
Feb 24 01:23:51.013505 np0000156680 neutron-periodic-workers[105091]: DEBUG dbcounter [-] [105091] Writing DB stats neutron:DELETE=1 {{(pid=105091) stat_writer /opt/stack/data/venv/lib/python3.12/site-packages/dbcounter.py:115}}
Feb 24 01:23:56.986548 np0000156680 neutron-periodic-workers[105080]: DEBUG dbcounter [-] [105080] Writing DB stats neutron:SELECT=1 {{(pid=105080) stat_writer /opt/stack/data/venv/lib/python3.12/site-packages/dbcounter.py:115}}
Feb 24 01:23:58.970144 np0000156680 neutron-periodic-workers[105066]: DEBUG oslo.service.backend._threading.loopingcall [None req-15262c60-1702-4674-b85e-7f9b26969d36 None None] Fixed interval looping call 'neutron.plugins.ml2.plugin.DhcpAgentSchedulerDbMixin.remove_networks_from_down_agents' sleeping for 36.99 seconds {{(pid=105066) _run_loop /opt/stack/data/venv/lib/python3.12/site-packages/oslo_service/backend/_threading/loopingcall.py:125}}
Feb 24 01:24:08.968462 np0000156680 neutron-periodic-workers[105066]: DEBUG dbcounter [-] [105066] Writing DB stats neutron:SELECT=3 {{(pid=105066) stat_writer /opt/stack/data/venv/lib/python3.12/site-packages/dbcounter.py:115}}
Feb 24 01:24:24.004660 np0000156680 neutron-periodic-workers[105080]: DEBUG neutron.db.agents_db [None req-fa7b6d46-42bd-4d85-acb4-428d033a0785 None None] Agent healthcheck: found 0 active agents {{(pid=105080) agent_health_check /opt/stack/neutron/neutron/db/agents_db.py:317}}
Feb 24 01:24:24.005293 np0000156680 neutron-periodic-workers[105080]: DEBUG oslo.service.backend._threading.loopingcall [None req-fa7b6d46-42bd-4d85-acb4-428d033a0785 None None] Fixed interval looping call 'neutron.plugins.ml2.plugin.AgentDbMixin.agent_health_check' sleeping for 36.98 seconds {{(pid=105080) _run_loop /opt/stack/data/venv/lib/python3.12/site-packages/oslo_service/backend/_threading/loopingcall.py:125}}
Feb 24 01:24:34.006072 np0000156680 neutron-periodic-workers[105080]: DEBUG dbcounter [-] [105080] Writing DB stats neutron:SELECT=1 {{(pid=105080) stat_writer /opt/stack/data/venv/lib/python3.12/site-packages/dbcounter.py:115}}
Feb 24 01:24:35.970752 np0000156680 neutron-periodic-workers[105066]: DEBUG oslo.service.backend._threading.loopingcall [None req-15262c60-1702-4674-b85e-7f9b26969d36 None None] Fixed interval looping call 'neutron.plugins.ml2.plugin.DhcpAgentSchedulerDbMixin.remove_networks_from_down_agents' sleeping for 36.99 seconds {{(pid=105066) _run_loop /opt/stack/data/venv/lib/python3.12/site-packages/oslo_service/backend/_threading/loopingcall.py:125}}
Feb 24 01:24:45.969519 np0000156680 neutron-periodic-workers[105066]: DEBUG dbcounter [-] [105066] Writing DB stats neutron:SELECT=3 {{(pid=105066) stat_writer /opt/stack/data/venv/lib/python3.12/site-packages/dbcounter.py:115}}
Feb 24 01:25:00.989067 np0000156680 neutron-periodic-workers[105080]: DEBUG neutron.db.agents_db [None req-fa7b6d46-42bd-4d85-acb4-428d033a0785 None None] Agent healthcheck: found 0 active agents {{(pid=105080) agent_health_check /opt/stack/neutron/neutron/db/agents_db.py:317}}
Feb 24 01:25:00.989807 np0000156680 neutron-periodic-workers[105080]: DEBUG oslo.service.backend._threading.loopingcall [None req-fa7b6d46-42bd-4d85-acb4-428d033a0785 None None] Fixed interval looping call 'neutron.plugins.ml2.plugin.AgentDbMixin.agent_health_check' sleeping for 37.00 seconds {{(pid=105080) _run_loop /opt/stack/data/venv/lib/python3.12/site-packages/oslo_service/backend/_threading/loopingcall.py:125}}
Feb 24 01:25:10.987847 np0000156680 neutron-periodic-workers[105080]: DEBUG dbcounter [-] [105080] Writing DB stats neutron:SELECT=1 {{(pid=105080) stat_writer /opt/stack/data/venv/lib/python3.12/site-packages/dbcounter.py:115}}
Feb 24 01:25:12.970361 np0000156680 neutron-periodic-workers[105066]: DEBUG oslo.service.backend._threading.loopingcall [None req-15262c60-1702-4674-b85e-7f9b26969d36 None None] Fixed interval looping call 'neutron.plugins.ml2.plugin.DhcpAgentSchedulerDbMixin.remove_networks_from_down_agents' sleeping for 36.99 seconds {{(pid=105066) _run_loop /opt/stack/data/venv/lib/python3.12/site-packages/oslo_service/backend/_threading/loopingcall.py:125}}
Feb 24 01:25:22.968743 np0000156680 neutron-periodic-workers[105066]: DEBUG dbcounter [-] [105066] Writing DB stats neutron:SELECT=3 {{(pid=105066) stat_writer /opt/stack/data/venv/lib/python3.12/site-packages/dbcounter.py:115}}
Feb 24 01:25:37.995289 np0000156680 neutron-periodic-workers[105080]: DEBUG neutron.db.agents_db [None req-fa7b6d46-42bd-4d85-acb4-428d033a0785 None None] Agent healthcheck: found 0 active agents {{(pid=105080) agent_health_check /opt/stack/neutron/neutron/db/agents_db.py:317}}
Feb 24 01:25:37.995289 np0000156680 neutron-periodic-workers[105080]: DEBUG oslo.service.backend._threading.loopingcall [None req-fa7b6d46-42bd-4d85-acb4-428d033a0785 None None] Fixed interval looping call 'neutron.plugins.ml2.plugin.AgentDbMixin.agent_health_check' sleeping for 36.99 seconds {{(pid=105080) _run_loop /opt/stack/data/venv/lib/python3.12/site-packages/oslo_service/backend/_threading/loopingcall.py:125}}
Feb 24 01:25:40.999690 np0000156680 neutron-periodic-workers[105091]: DEBUG oslo.service.backend._threading.loopingcall [None req-61fbbc90-21da-4ce5-9bf5-2e21f5c8b7c0 None None] Fixed interval looping call 'neutron.db.quota.driver_nolock.DbQuotaNoLockDriver._remove_expired_reservations' sleeping for 120.00 seconds {{(pid=105091) _run_loop /opt/stack/data/venv/lib/python3.12/site-packages/oslo_service/backend/_threading/loopingcall.py:125}}
Feb 24 01:25:47.993673 np0000156680 neutron-periodic-workers[105080]: DEBUG dbcounter [-] [105080] Writing DB stats neutron:SELECT=1 {{(pid=105080) stat_writer /opt/stack/data/venv/lib/python3.12/site-packages/dbcounter.py:115}}
Feb 24 01:25:49.968789 np0000156680 neutron-periodic-workers[105066]: DEBUG oslo.service.backend._threading.loopingcall [None req-15262c60-1702-4674-b85e-7f9b26969d36 None None] Fixed interval looping call 'neutron.plugins.ml2.plugin.DhcpAgentSchedulerDbMixin.remove_networks_from_down_agents' sleeping for 36.99 seconds {{(pid=105066) _run_loop /opt/stack/data/venv/lib/python3.12/site-packages/oslo_service/backend/_threading/loopingcall.py:125}}
Feb 24 01:25:51.001224 np0000156680 neutron-periodic-workers[105091]: DEBUG dbcounter [-] [105091] Writing DB stats neutron:DELETE=1 {{(pid=105091) stat_writer /opt/stack/data/venv/lib/python3.12/site-packages/dbcounter.py:115}}
Feb 24 01:25:59.967661 np0000156680 neutron-periodic-workers[105066]: DEBUG dbcounter [-] [105066] Writing DB stats neutron:SELECT=3 {{(pid=105066) stat_writer /opt/stack/data/venv/lib/python3.12/site-packages/dbcounter.py:115}}
Feb 24 01:26:15.011950 np0000156680 neutron-periodic-workers[105080]: DEBUG neutron.db.agents_db [None req-fa7b6d46-42bd-4d85-acb4-428d033a0785 None None] Agent healthcheck: found 0 active agents {{(pid=105080) agent_health_check /opt/stack/neutron/neutron/db/agents_db.py:317}}
Feb 24 01:26:15.012679 np0000156680 neutron-periodic-workers[105080]: DEBUG oslo.service.backend._threading.loopingcall [None req-fa7b6d46-42bd-4d85-acb4-428d033a0785 None None] Fixed interval looping call 'neutron.plugins.ml2.plugin.AgentDbMixin.agent_health_check' sleeping for 36.97 seconds {{(pid=105080) _run_loop /opt/stack/data/venv/lib/python3.12/site-packages/oslo_service/backend/_threading/loopingcall.py:125}}
Feb 24 01:26:24.988028 np0000156680 neutron-periodic-workers[105080]: DEBUG dbcounter [-] [105080] Writing DB stats neutron:SELECT=1 {{(pid=105080) stat_writer /opt/stack/data/venv/lib/python3.12/site-packages/dbcounter.py:115}}
Feb 24 01:26:26.969358 np0000156680 neutron-periodic-workers[105066]: DEBUG oslo.service.backend._threading.loopingcall [None req-15262c60-1702-4674-b85e-7f9b26969d36 None None] Fixed interval looping call 'neutron.plugins.ml2.plugin.DhcpAgentSchedulerDbMixin.remove_networks_from_down_agents' sleeping for 36.99 seconds {{(pid=105066) _run_loop /opt/stack/data/venv/lib/python3.12/site-packages/oslo_service/backend/_threading/loopingcall.py:125}}
Feb 24 01:26:36.967515 np0000156680 neutron-periodic-workers[105066]: DEBUG dbcounter [-] [105066] Writing DB stats neutron:SELECT=3 {{(pid=105066) stat_writer /opt/stack/data/venv/lib/python3.12/site-packages/dbcounter.py:115}}
Feb 24 01:26:51.988176 np0000156680 neutron-periodic-workers[105080]: DEBUG neutron.db.agents_db [None req-fa7b6d46-42bd-4d85-acb4-428d033a0785 None None] Agent healthcheck: found 0 active agents {{(pid=105080) agent_health_check /opt/stack/neutron/neutron/db/agents_db.py:317}}
Feb 24 01:26:51.988859 np0000156680 neutron-periodic-workers[105080]: DEBUG oslo.service.backend._threading.loopingcall [None req-fa7b6d46-42bd-4d85-acb4-428d033a0785 None None] Fixed interval looping call 'neutron.plugins.ml2.plugin.AgentDbMixin.agent_health_check' sleeping for 36.99 seconds {{(pid=105080) _run_loop /opt/stack/data/venv/lib/python3.12/site-packages/oslo_service/backend/_threading/loopingcall.py:125}}
Feb 24 01:27:01.985919 np0000156680 neutron-periodic-workers[105080]: DEBUG dbcounter [-] [105080] Writing DB stats neutron:SELECT=1 {{(pid=105080) stat_writer /opt/stack/data/venv/lib/python3.12/site-packages/dbcounter.py:115}}
Feb 24 01:27:04.024921 np0000156680 neutron-periodic-workers[105066]: DEBUG oslo.service.backend._threading.loopingcall [None req-15262c60-1702-4674-b85e-7f9b26969d36 None None] Fixed interval looping call 'neutron.plugins.ml2.plugin.DhcpAgentSchedulerDbMixin.remove_networks_from_down_agents' sleeping for 36.94 seconds {{(pid=105066) _run_loop /opt/stack/data/venv/lib/python3.12/site-packages/oslo_service/backend/_threading/loopingcall.py:125}}
Feb 24 01:27:14.025103 np0000156680 neutron-periodic-workers[105066]: DEBUG dbcounter [-] [105066] Writing DB stats neutron:SELECT=3 {{(pid=105066) stat_writer /opt/stack/data/venv/lib/python3.12/site-packages/dbcounter.py:115}}
Feb 24 01:27:28.983944 np0000156680 neutron-periodic-workers[105080]: DEBUG neutron.db.agents_db [None req-fa7b6d46-42bd-4d85-acb4-428d033a0785 None None] Agent healthcheck: found 0 active agents {{(pid=105080) agent_health_check /opt/stack/neutron/neutron/db/agents_db.py:317}}
Feb 24 01:27:28.983944 np0000156680 neutron-periodic-workers[105080]: DEBUG oslo.service.backend._threading.loopingcall [None req-fa7b6d46-42bd-4d85-acb4-428d033a0785 None None] Fixed interval looping call 'neutron.plugins.ml2.plugin.AgentDbMixin.agent_health_check' sleeping for 37.00 seconds {{(pid=105080) _run_loop /opt/stack/data/venv/lib/python3.12/site-packages/oslo_service/backend/_threading/loopingcall.py:125}}
Feb 24 01:27:38.982414 np0000156680 neutron-periodic-workers[105080]: DEBUG dbcounter [-] [105080] Writing DB stats neutron:SELECT=1 {{(pid=105080) stat_writer /opt/stack/data/venv/lib/python3.12/site-packages/dbcounter.py:115}}
Feb 24 01:27:40.975361 np0000156680 neutron-periodic-workers[105066]: DEBUG oslo.service.backend._threading.loopingcall [None req-15262c60-1702-4674-b85e-7f9b26969d36 None None] Fixed interval looping call 'neutron.plugins.ml2.plugin.DhcpAgentSchedulerDbMixin.remove_networks_from_down_agents' sleeping for 36.99 seconds {{(pid=105066) _run_loop /opt/stack/data/venv/lib/python3.12/site-packages/oslo_service/backend/_threading/loopingcall.py:125}}
Feb 24 01:27:41.021983 np0000156680 neutron-periodic-workers[105091]: DEBUG oslo.service.backend._threading.loopingcall [None req-61fbbc90-21da-4ce5-9bf5-2e21f5c8b7c0 None None] Fixed interval looping call 'neutron.db.quota.driver_nolock.DbQuotaNoLockDriver._remove_expired_reservations' sleeping for 119.98 seconds {{(pid=105091) _run_loop /opt/stack/data/venv/lib/python3.12/site-packages/oslo_service/backend/_threading/loopingcall.py:125}}
Feb 24 01:27:50.974599 np0000156680 neutron-periodic-workers[105066]: DEBUG dbcounter [-] [105066] Writing DB stats neutron:SELECT=3 {{(pid=105066) stat_writer /opt/stack/data/venv/lib/python3.12/site-packages/dbcounter.py:115}}
Feb 24 01:27:51.020398 np0000156680 neutron-periodic-workers[105091]: DEBUG dbcounter [-] [105091] Writing DB stats neutron:DELETE=1 {{(pid=105091) stat_writer /opt/stack/data/venv/lib/python3.12/site-packages/dbcounter.py:115}}
Feb 24 01:28:05.990337 np0000156680 neutron-periodic-workers[105080]: DEBUG neutron.db.agents_db [None req-fa7b6d46-42bd-4d85-acb4-428d033a0785 None None] Agent healthcheck: found 0 active agents {{(pid=105080) agent_health_check /opt/stack/neutron/neutron/db/agents_db.py:317}}
Feb 24 01:28:05.990946 np0000156680 neutron-periodic-workers[105080]: DEBUG oslo.service.backend._threading.loopingcall [None req-fa7b6d46-42bd-4d85-acb4-428d033a0785 None None] Fixed interval looping call 'neutron.plugins.ml2.plugin.AgentDbMixin.agent_health_check' sleeping for 36.99 seconds {{(pid=105080) _run_loop /opt/stack/data/venv/lib/python3.12/site-packages/oslo_service/backend/_threading/loopingcall.py:125}}
Feb 24 01:28:15.948055 np0000156680 neutron-periodic-workers[105057]: DEBUG oslo.service.backend._threading.loopingcall [None req-01f211e2-b264-4a52-92d1-567fada2051b None None] Fixed interval looping call 'neutron.services.ovn_l3.plugin.L3_NAT_dbonly_mixin._clean_garbage' sleeping for 299.99 seconds {{(pid=105057) _run_loop /opt/stack/data/venv/lib/python3.12/site-packages/oslo_service/backend/_threading/loopingcall.py:125}}
Feb 24 01:28:15.988791 np0000156680 neutron-periodic-workers[105080]: DEBUG dbcounter [-] [105080] Writing DB stats neutron:SELECT=1 {{(pid=105080) stat_writer /opt/stack/data/venv/lib/python3.12/site-packages/dbcounter.py:115}}
Feb 24 01:28:17.975816 np0000156680 neutron-periodic-workers[105066]: DEBUG oslo.service.backend._threading.loopingcall [None req-15262c60-1702-4674-b85e-7f9b26969d36 None None] Fixed interval looping call 'neutron.plugins.ml2.plugin.DhcpAgentSchedulerDbMixin.remove_networks_from_down_agents' sleeping for 36.99 seconds {{(pid=105066) _run_loop /opt/stack/data/venv/lib/python3.12/site-packages/oslo_service/backend/_threading/loopingcall.py:125}}
Feb 24 01:28:25.941395 np0000156680 neutron-periodic-workers[105057]: DEBUG dbcounter [-] [105057] Writing DB stats neutron:SELECT=1 {{(pid=105057) stat_writer /opt/stack/data/venv/lib/python3.12/site-packages/dbcounter.py:115}}
Feb 24 01:28:27.975181 np0000156680 neutron-periodic-workers[105066]: DEBUG dbcounter [-] [105066] Writing DB stats neutron:SELECT=3 {{(pid=105066) stat_writer /opt/stack/data/venv/lib/python3.12/site-packages/dbcounter.py:115}}
Feb 24 01:28:42.986587 np0000156680 neutron-periodic-workers[105080]: DEBUG neutron.db.agents_db [None req-fa7b6d46-42bd-4d85-acb4-428d033a0785 None None] Agent healthcheck: found 0 active agents {{(pid=105080) agent_health_check /opt/stack/neutron/neutron/db/agents_db.py:317}}
Feb 24 01:28:42.987143 np0000156680 neutron-periodic-workers[105080]: DEBUG oslo.service.backend._threading.loopingcall [None req-fa7b6d46-42bd-4d85-acb4-428d033a0785 None None] Fixed interval looping call 'neutron.plugins.ml2.plugin.AgentDbMixin.agent_health_check' sleeping for 36.99 seconds {{(pid=105080) _run_loop /opt/stack/data/venv/lib/python3.12/site-packages/oslo_service/backend/_threading/loopingcall.py:125}}
Feb 24 01:28:52.984617 np0000156680 neutron-periodic-workers[105080]: DEBUG dbcounter [-] [105080] Writing DB stats neutron:SELECT=1 {{(pid=105080) stat_writer /opt/stack/data/venv/lib/python3.12/site-packages/dbcounter.py:115}}
Feb 24 01:28:54.974892 np0000156680 neutron-periodic-workers[105066]: DEBUG oslo.service.backend._threading.loopingcall [None req-15262c60-1702-4674-b85e-7f9b26969d36 None None] Fixed interval looping call 'neutron.plugins.ml2.plugin.DhcpAgentSchedulerDbMixin.remove_networks_from_down_agents' sleeping for 36.99 seconds {{(pid=105066) _run_loop /opt/stack/data/venv/lib/python3.12/site-packages/oslo_service/backend/_threading/loopingcall.py:125}}
Feb 24 01:29:04.973931 np0000156680 neutron-periodic-workers[105066]: DEBUG dbcounter [-] [105066] Writing DB stats neutron:SELECT=3 {{(pid=105066) stat_writer /opt/stack/data/venv/lib/python3.12/site-packages/dbcounter.py:115}}
Feb 24 01:29:19.985076 np0000156680 neutron-periodic-workers[105080]: DEBUG neutron.db.agents_db [None req-fa7b6d46-42bd-4d85-acb4-428d033a0785 None None] Agent healthcheck: found 0 active agents {{(pid=105080) agent_health_check /opt/stack/neutron/neutron/db/agents_db.py:317}}
Feb 24 01:29:19.985076 np0000156680 neutron-periodic-workers[105080]: DEBUG oslo.service.backend._threading.loopingcall [None req-fa7b6d46-42bd-4d85-acb4-428d033a0785 None None] Fixed interval looping call 'neutron.plugins.ml2.plugin.AgentDbMixin.agent_health_check' sleeping for 36.99 seconds {{(pid=105080) _run_loop /opt/stack/data/venv/lib/python3.12/site-packages/oslo_service/backend/_threading/loopingcall.py:125}}
Feb 24 01:29:29.983506 np0000156680 neutron-periodic-workers[105080]: DEBUG dbcounter [-] [105080] Writing DB stats neutron:SELECT=1 {{(pid=105080) stat_writer /opt/stack/data/venv/lib/python3.12/site-packages/dbcounter.py:115}}
Feb 24 01:29:31.974676 np0000156680 neutron-periodic-workers[105066]: DEBUG oslo.service.backend._threading.loopingcall [None req-15262c60-1702-4674-b85e-7f9b26969d36 None None] Fixed interval looping call 'neutron.plugins.ml2.plugin.DhcpAgentSchedulerDbMixin.remove_networks_from_down_agents' sleeping for 36.99 seconds {{(pid=105066) _run_loop /opt/stack/data/venv/lib/python3.12/site-packages/oslo_service/backend/_threading/loopingcall.py:125}}
Feb 24 01:29:41.009907 np0000156680 neutron-periodic-workers[105091]: DEBUG oslo.service.backend._threading.loopingcall [None req-61fbbc90-21da-4ce5-9bf5-2e21f5c8b7c0 None None] Fixed interval looping call 'neutron.db.quota.driver_nolock.DbQuotaNoLockDriver._remove_expired_reservations' sleeping for 119.99 seconds {{(pid=105091) _run_loop /opt/stack/data/venv/lib/python3.12/site-packages/oslo_service/backend/_threading/loopingcall.py:125}}
Feb 24 01:29:41.974484 np0000156680 neutron-periodic-workers[105066]: DEBUG dbcounter [-] [105066] Writing DB stats neutron:SELECT=3 {{(pid=105066) stat_writer /opt/stack/data/venv/lib/python3.12/site-packages/dbcounter.py:115}}
Feb 24 01:29:51.009093 np0000156680 neutron-periodic-workers[105091]: DEBUG dbcounter [-] [105091] Writing DB stats neutron:DELETE=1 {{(pid=105091) stat_writer /opt/stack/data/venv/lib/python3.12/site-packages/dbcounter.py:115}}
Feb 24 01:29:56.980302 np0000156680 neutron-periodic-workers[105080]: DEBUG neutron.db.agents_db [None req-fa7b6d46-42bd-4d85-acb4-428d033a0785 None None] Agent healthcheck: found 0 active agents {{(pid=105080) agent_health_check /opt/stack/neutron/neutron/db/agents_db.py:317}}
Feb 24 01:29:56.981345 np0000156680 neutron-periodic-workers[105080]: DEBUG oslo.service.backend._threading.loopingcall [None req-fa7b6d46-42bd-4d85-acb4-428d033a0785 None None] Fixed interval looping call 'neutron.plugins.ml2.plugin.AgentDbMixin.agent_health_check' sleeping for 37.00 seconds {{(pid=105080) _run_loop /opt/stack/data/venv/lib/python3.12/site-packages/oslo_service/backend/_threading/loopingcall.py:125}}
Feb 24 01:30:06.979190 np0000156680 neutron-periodic-workers[105080]: DEBUG dbcounter [-] [105080] Writing DB stats neutron:SELECT=1 {{(pid=105080) stat_writer /opt/stack/data/venv/lib/python3.12/site-packages/dbcounter.py:115}}
Feb 24 01:30:08.974586 np0000156680 neutron-periodic-workers[105066]: DEBUG oslo.service.backend._threading.loopingcall [None req-15262c60-1702-4674-b85e-7f9b26969d36 None None] Fixed interval looping call 'neutron.plugins.ml2.plugin.DhcpAgentSchedulerDbMixin.remove_networks_from_down_agents' sleeping for 36.99 seconds {{(pid=105066) _run_loop /opt/stack/data/venv/lib/python3.12/site-packages/oslo_service/backend/_threading/loopingcall.py:125}}
Feb 24 01:30:18.973256 np0000156680 neutron-periodic-workers[105066]: DEBUG dbcounter [-] [105066] Writing DB stats neutron:SELECT=3 {{(pid=105066) stat_writer /opt/stack/data/venv/lib/python3.12/site-packages/dbcounter.py:115}}
Feb 24 01:30:33.985768 np0000156680 neutron-periodic-workers[105080]: DEBUG neutron.db.agents_db [None req-fa7b6d46-42bd-4d85-acb4-428d033a0785 None None] Agent healthcheck: found 0 active agents {{(pid=105080) agent_health_check /opt/stack/neutron/neutron/db/agents_db.py:317}}
Feb 24 01:30:33.986129 np0000156680 neutron-periodic-workers[105080]: DEBUG oslo.service.backend._threading.loopingcall [None req-fa7b6d46-42bd-4d85-acb4-428d033a0785 None None] Fixed interval looping call 'neutron.plugins.ml2.plugin.AgentDbMixin.agent_health_check' sleeping for 36.99 seconds {{(pid=105080) _run_loop /opt/stack/data/venv/lib/python3.12/site-packages/oslo_service/backend/_threading/loopingcall.py:125}}
Feb 24 01:30:43.984014 np0000156680 neutron-periodic-workers[105080]: DEBUG dbcounter [-] [105080] Writing DB stats neutron:SELECT=1 {{(pid=105080) stat_writer /opt/stack/data/venv/lib/python3.12/site-packages/dbcounter.py:115}}
Feb 24 01:30:45.973672 np0000156680 neutron-periodic-workers[105066]: DEBUG oslo.service.backend._threading.loopingcall [None req-15262c60-1702-4674-b85e-7f9b26969d36 None None] Fixed interval looping call 'neutron.plugins.ml2.plugin.DhcpAgentSchedulerDbMixin.remove_networks_from_down_agents' sleeping for 36.99 seconds {{(pid=105066) _run_loop /opt/stack/data/venv/lib/python3.12/site-packages/oslo_service/backend/_threading/loopingcall.py:125}}
Feb 24 01:30:55.972797 np0000156680 neutron-periodic-workers[105066]: DEBUG dbcounter [-] [105066] Writing DB stats neutron:SELECT=3 {{(pid=105066) stat_writer /opt/stack/data/venv/lib/python3.12/site-packages/dbcounter.py:115}}
Feb 24 01:31:10.982734 np0000156680 neutron-periodic-workers[105080]: DEBUG neutron.db.agents_db [None req-fa7b6d46-42bd-4d85-acb4-428d033a0785 None None] Agent healthcheck: found 0 active agents {{(pid=105080) agent_health_check /opt/stack/neutron/neutron/db/agents_db.py:317}}
Feb 24 01:31:10.983583 np0000156680 neutron-periodic-workers[105080]: DEBUG oslo.service.backend._threading.loopingcall [None req-fa7b6d46-42bd-4d85-acb4-428d033a0785 None None] Fixed interval looping call 'neutron.plugins.ml2.plugin.AgentDbMixin.agent_health_check' sleeping for 36.99 seconds {{(pid=105080) _run_loop /opt/stack/data/venv/lib/python3.12/site-packages/oslo_service/backend/_threading/loopingcall.py:125}}
Feb 24 01:31:20.980463 np0000156680 neutron-periodic-workers[105080]: DEBUG dbcounter [-] [105080] Writing DB stats neutron:SELECT=1 {{(pid=105080) stat_writer /opt/stack/data/venv/lib/python3.12/site-packages/dbcounter.py:115}}
Feb 24 01:31:22.976070 np0000156680 neutron-periodic-workers[105066]: DEBUG oslo.service.backend._threading.loopingcall [None req-15262c60-1702-4674-b85e-7f9b26969d36 None None] Fixed interval looping call 'neutron.plugins.ml2.plugin.DhcpAgentSchedulerDbMixin.remove_networks_from_down_agents' sleeping for 36.99 seconds {{(pid=105066) _run_loop /opt/stack/data/venv/lib/python3.12/site-packages/oslo_service/backend/_threading/loopingcall.py:125}}
Feb 24 01:31:32.974438 np0000156680 neutron-periodic-workers[105066]: DEBUG dbcounter [-] [105066] Writing DB stats neutron:SELECT=3 {{(pid=105066) stat_writer /opt/stack/data/venv/lib/python3.12/site-packages/dbcounter.py:115}}
Feb 24 01:31:41.004853 np0000156680 neutron-periodic-workers[105091]: DEBUG oslo.service.backend._threading.loopingcall [None req-61fbbc90-21da-4ce5-9bf5-2e21f5c8b7c0 None None] Fixed interval looping call 'neutron.db.quota.driver_nolock.DbQuotaNoLockDriver._remove_expired_reservations' sleeping for 120.00 seconds {{(pid=105091) _run_loop /opt/stack/data/venv/lib/python3.12/site-packages/oslo_service/backend/_threading/loopingcall.py:125}}
Feb 24 01:31:47.979548 np0000156680 neutron-periodic-workers[105080]: DEBUG neutron.db.agents_db [None req-fa7b6d46-42bd-4d85-acb4-428d033a0785 None None] Agent healthcheck: found 0 active agents {{(pid=105080) agent_health_check /opt/stack/neutron/neutron/db/agents_db.py:317}}
Feb 24 01:31:47.979548 np0000156680 neutron-periodic-workers[105080]: DEBUG oslo.service.backend._threading.loopingcall [None req-fa7b6d46-42bd-4d85-acb4-428d033a0785 None None] Fixed interval looping call 'neutron.plugins.ml2.plugin.AgentDbMixin.agent_health_check' sleeping for 36.99 seconds {{(pid=105080) _run_loop /opt/stack/data/venv/lib/python3.12/site-packages/oslo_service/backend/_threading/loopingcall.py:125}}
Feb 24 01:31:51.003756 np0000156680 neutron-periodic-workers[105091]: DEBUG dbcounter [-] [105091] Writing DB stats neutron:DELETE=1 {{(pid=105091) stat_writer /opt/stack/data/venv/lib/python3.12/site-packages/dbcounter.py:115}}
Feb 24 01:31:57.977395 np0000156680 neutron-periodic-workers[105080]: DEBUG dbcounter [-] [105080] Writing DB stats neutron:SELECT=1 {{(pid=105080) stat_writer /opt/stack/data/venv/lib/python3.12/site-packages/dbcounter.py:115}}
Feb 24 01:31:59.974552 np0000156680 neutron-periodic-workers[105066]: DEBUG oslo.service.backend._threading.loopingcall [None req-15262c60-1702-4674-b85e-7f9b26969d36 None None] Fixed interval looping call 'neutron.plugins.ml2.plugin.DhcpAgentSchedulerDbMixin.remove_networks_from_down_agents' sleeping for 36.99 seconds {{(pid=105066) _run_loop /opt/stack/data/venv/lib/python3.12/site-packages/oslo_service/backend/_threading/loopingcall.py:125}}
Feb 24 01:32:09.973316 np0000156680 neutron-periodic-workers[105066]: DEBUG dbcounter [-] [105066] Writing DB stats neutron:SELECT=3 {{(pid=105066) stat_writer /opt/stack/data/venv/lib/python3.12/site-packages/dbcounter.py:115}}
Feb 24 01:32:24.974583 np0000156680 neutron-periodic-workers[105080]: DEBUG neutron.db.agents_db [None req-fa7b6d46-42bd-4d85-acb4-428d033a0785 None None] Agent healthcheck: found 0 active agents {{(pid=105080) agent_health_check /opt/stack/neutron/neutron/db/agents_db.py:317}}
Feb 24 01:32:24.975139 np0000156680 neutron-periodic-workers[105080]: DEBUG oslo.service.backend._threading.loopingcall [None req-fa7b6d46-42bd-4d85-acb4-428d033a0785 None None] Fixed interval looping call 'neutron.plugins.ml2.plugin.AgentDbMixin.agent_health_check' sleeping for 37.00 seconds {{(pid=105080) _run_loop /opt/stack/data/venv/lib/python3.12/site-packages/oslo_service/backend/_threading/loopingcall.py:125}}
Feb 24 01:32:34.973478 np0000156680 neutron-periodic-workers[105080]: DEBUG dbcounter [-] [105080] Writing DB stats neutron:SELECT=1 {{(pid=105080) stat_writer /opt/stack/data/venv/lib/python3.12/site-packages/dbcounter.py:115}}
Feb 24 01:32:36.974010 np0000156680 neutron-periodic-workers[105066]: DEBUG oslo.service.backend._threading.loopingcall [None req-15262c60-1702-4674-b85e-7f9b26969d36 None None] Fixed interval looping call 'neutron.plugins.ml2.plugin.DhcpAgentSchedulerDbMixin.remove_networks_from_down_agents' sleeping for 36.99 seconds {{(pid=105066) _run_loop /opt/stack/data/venv/lib/python3.12/site-packages/oslo_service/backend/_threading/loopingcall.py:125}}
Feb 24 01:32:46.974664 np0000156680 neutron-periodic-workers[105066]: DEBUG dbcounter [-] [105066] Writing DB stats neutron:SELECT=3 {{(pid=105066) stat_writer /opt/stack/data/venv/lib/python3.12/site-packages/dbcounter.py:115}}
Feb 24 01:33:01.978613 np0000156680 neutron-periodic-workers[105080]: DEBUG neutron.db.agents_db [None req-fa7b6d46-42bd-4d85-acb4-428d033a0785 None None] Agent healthcheck: found 0 active agents {{(pid=105080) agent_health_check /opt/stack/neutron/neutron/db/agents_db.py:317}}
Feb 24 01:33:01.979942 np0000156680 neutron-periodic-workers[105080]: DEBUG oslo.service.backend._threading.loopingcall [None req-fa7b6d46-42bd-4d85-acb4-428d033a0785 None None] Fixed interval looping call 'neutron.plugins.ml2.plugin.AgentDbMixin.agent_health_check' sleeping for 37.00 seconds {{(pid=105080) _run_loop /opt/stack/data/venv/lib/python3.12/site-packages/oslo_service/backend/_threading/loopingcall.py:125}}
