2026-07-10 01:10:12.591 8 INFO neutron.db.ovn_revision_numbers_db [None req-04efb269-c723-498a-a1e0-99e342c73f54 2f18755ed4c449138d06bb6800267a88 ff32b370bb2a409bb219cd0898acab6f - - default default] Successfully bumped revision number for resource e723a36f-d0b5-438f-8e0b-9dded34c23a6 (type: security_group_rules) to 0 [pid: 8|app: 0|req: 1201/2516] 10.0.0.38 () {32 vars in 773 bytes} [Fri Jul 10 01:10:12 2026] GET /v2.0/security-groups?tenant_id=ad99c87b5dd6474b998c93ac709d6c37&name=default => generated 2929 bytes in 230 msecs (HTTP/1.1 200) 4 headers in 158 bytes (1 switches on core 0) [pid: 7|app: 0|req: 1316/2517] 10.0.0.38 () {32 vars in 739 bytes} [Fri Jul 10 01:10:12 2026] DELETE /v2.0/security-groups/58c3a22a-f8c4-4fa9-a284-11da0c7e370a => generated 0 bytes in 185 msecs (HTTP/1.1 204) 2 headers in 112 bytes (1 switches on core 0) [pid: 8|app: 0|req: 1202/2518] 10.0.0.43 () {28 vars in 582 bytes} [Fri Jul 10 01:10:19 2026] GET /v2.0/routers => generated 15 bytes in 132 msecs (HTTP/1.1 200) 4 headers in 156 bytes (1 switches on core 0) [pid: 7|app: 0|req: 1317/2519] 10.0.0.43 () {28 vars in 623 bytes} [Fri Jul 10 01:10:19 2026] GET /v2.0/agents?binary=ovn-controller => generated 416 bytes in 55 msecs (HTTP/1.1 200) 4 headers in 157 bytes (1 switches on core 0) [pid: 8|app: 0|req: 1203/2520] 10.0.0.43 () {28 vars in 578 bytes} [Fri Jul 10 01:10:19 2026] GET /v2.0/ports => generated 5215 bytes in 39 msecs (HTTP/1.1 200) 4 headers in 158 bytes (1 switches on core 0) [pid: 7|app: 0|req: 1318/2521] 10.0.0.43 () {28 vars in 618 bytes} [Fri Jul 10 01:10:19 2026] GET /v2.0/network-ip-availabilities => generated 1867 bytes in 20 msecs (HTTP/1.1 200) 4 headers in 158 bytes (1 switches on core 0) [pid: 8|app: 0|req: 1204/2522] 10.0.0.43 () {28 vars in 582 bytes} [Fri Jul 10 01:10:19 2026] GET /v2.0/subnets => generated 1308 bytes in 43 msecs (HTTP/1.1 200) 4 headers in 158 bytes (1 switches on core 0) [pid: 7|app: 0|req: 1319/2523] 10.0.0.43 () {28 vars in 590 bytes} [Fri Jul 10 01:10:19 2026] GET /v2.0/subnetpools => generated 19 bytes in 16 msecs (HTTP/1.1 200) 4 headers in 156 bytes (1 switches on core 0) [pid: 8|app: 0|req: 1205/2524] 10.0.0.43 () {28 vars in 590 bytes} [Fri Jul 10 01:10:19 2026] GET /v2.0/floatingips => generated 19 bytes in 24 msecs (HTTP/1.1 200) 4 headers in 156 bytes (1 switches on core 0) [pid: 7|app: 0|req: 1320/2525] 10.0.0.43 () {28 vars in 584 bytes} [Fri Jul 10 01:10:20 2026] GET /v2.0/networks => generated 2288 bytes in 53 msecs (HTTP/1.1 200) 4 headers in 158 bytes (1 switches on core 0) [pid: 8|app: 0|req: 1206/2526] 10.0.0.43 () {28 vars in 582 bytes} [Fri Jul 10 01:10:20 2026] GET /v2.0/subnets => generated 1308 bytes in 28 msecs (HTTP/1.1 200) 4 headers in 158 bytes (1 switches on core 0) [pid: 7|app: 0|req: 1321/2527] 10.0.0.43 () {28 vars in 598 bytes} [Fri Jul 10 01:10:20 2026] GET /v2.0/security-groups => generated 17397 bytes in 37 msecs (HTTP/1.1 200) 4 headers in 159 bytes (1 switches on core 0) [pid: 8|app: 0|req: 1207/2528] 10.0.0.43 () {28 vars in 580 bytes} [Fri Jul 10 01:10:20 2026] GET /v2.0/agents => generated 1214 bytes in 15 msecs (HTTP/1.1 200) 4 headers in 158 bytes (1 switches on core 0)
2026-07-10 01:10:21.846 7 INFO neutron.db.ovn_revision_numbers_db [None req-871c75e1-665f-48f1-bc0d-180cf3e816fc c6738cf48317465a9fbfb1d6da8cf2bd 793d78180462449391e6a8f0c66fd59e - - default default] Successfully bumped revision number for resource e57c09f4-dcb9-4236-b3fb-324cdb8c6190 (type: security_groups) to 1
2026-07-10 01:10:21.860 7 INFO neutron.db.ovn_revision_numbers_db [None req-871c75e1-665f-48f1-bc0d-180cf3e816fc c6738cf48317465a9fbfb1d6da8cf2bd 793d78180462449391e6a8f0c66fd59e - - default default] Successfully bumped revision number for resource 13f8ee2f-4874-4679-9465-9f14c815b682 (type: security_group_rules) to 0
2026-07-10 01:10:21.870 7 INFO neutron.db.ovn_revision_numbers_db [None req-871c75e1-665f-48f1-bc0d-180cf3e816fc c6738cf48317465a9fbfb1d6da8cf2bd 793d78180462449391e6a8f0c66fd59e - - default default] Successfully bumped revision number for resource e07a33b2-76d6-4bb0-a9c8-a156ef3ea2f5 (type: security_group_rules) to 0
2026-07-10 01:10:21.884 7 INFO neutron.db.ovn_revision_numbers_db [None req-871c75e1-665f-48f1-bc0d-180cf3e816fc c6738cf48317465a9fbfb1d6da8cf2bd 793d78180462449391e6a8f0c66fd59e - - default default] Successfully bumped revision number for resource e321dae3-17e0-47a9-a015-4f43eec27c46 (type: security_group_rules) to 0
2026-07-10 01:10:21.903 7 INFO neutron.db.ovn_revision_numbers_db [None req-871c75e1-665f-48f1-bc0d-180cf3e816fc c6738cf48317465a9fbfb1d6da8cf2bd 793d78180462449391e6a8f0c66fd59e - - default default] Successfully bumped revision number for resource fd2ebae5-8b7c-42d1-bea7-fc778140226f (type: security_group_rules) to 0
2026-07-10 01:10:21.992 7 INFO neutron.db.segments_db [None req-871c75e1-665f-48f1-bc0d-180cf3e816fc c6738cf48317465a9fbfb1d6da8cf2bd 793d78180462449391e6a8f0c66fd59e - - default default] Added segment c6f04b03-9c8a-41cd-aa95-e684f9a14c6f of type geneve for network 8a75be6a-d1c7-4717-9dbd-6eef86bbe0c4
2026-07-10 01:10:22.120 7 INFO neutron.db.ovn_revision_numbers_db [None req-871c75e1-665f-48f1-bc0d-180cf3e816fc c6738cf48317465a9fbfb1d6da8cf2bd 793d78180462449391e6a8f0c66fd59e - - default default] Successfully bumped revision number for resource 8a75be6a-d1c7-4717-9dbd-6eef86bbe0c4 (type: networks) to 1
2026-07-10 01:10:22.289 7 WARNING neutron.scheduler.dhcp_agent_scheduler [None req-871c75e1-665f-48f1-bc0d-180cf3e816fc c6738cf48317465a9fbfb1d6da8cf2bd 793d78180462449391e6a8f0c66fd59e - - default default] No more DHCP agents
2026-07-10 01:10:22.290 7 WARNING neutron.api.rpc.agentnotifiers.dhcp_rpc_agent_api [None req-871c75e1-665f-48f1-bc0d-180cf3e816fc c6738cf48317465a9fbfb1d6da8cf2bd 793d78180462449391e6a8f0c66fd59e - - default default] Unable to schedule network 8a75be6a-d1c7-4717-9dbd-6eef86bbe0c4: no agents available; will retry on subsequent port and subnet creation events.
2026-07-10 01:10:22.331 7 INFO neutron.plugins.ml2.drivers.ovn.mech_driver.mech_driver [None req-eddc7a81-eb8e-42ae-9a99-ab575bbdb1a9 - - - - - -] OVN reports status down for port: 2928d47b-c07a-46ae-b309-de01ede3ad74
2026-07-10 01:10:22.379 7 INFO neutron.db.ovn_revision_numbers_db [None req-871c75e1-665f-48f1-bc0d-180cf3e816fc c6738cf48317465a9fbfb1d6da8cf2bd 793d78180462449391e6a8f0c66fd59e - - default default] Successfully bumped revision number for resource 2928d47b-c07a-46ae-b309-de01ede3ad74 (type: ports) to 1 [pid: 7|app: 0|req: 1322/2529] 10.0.0.38 () {34 vars in 669 bytes} [Fri Jul 10 01:10:21 2026] POST /v2.0/networks => generated 677 bytes in 883 msecs (HTTP/1.1 201) 4 headers in 162 bytes (1 switches on core 0)
2026-07-10 01:10:22.599 8 WARNING neutron.scheduler.dhcp_agent_scheduler [None req-c9b4e047-1a69-4515-a1fb-90319cf7f1b1 c6738cf48317465a9fbfb1d6da8cf2bd 793d78180462449391e6a8f0c66fd59e - - default default] No more DHCP agents
2026-07-10 01:10:22.600 8 WARNING neutron.api.rpc.agentnotifiers.dhcp_rpc_agent_api [None req-c9b4e047-1a69-4515-a1fb-90319cf7f1b1 c6738cf48317465a9fbfb1d6da8cf2bd 793d78180462449391e6a8f0c66fd59e - - default default] Unable to schedule network 8a75be6a-d1c7-4717-9dbd-6eef86bbe0c4: no agents available; will retry on subsequent port and subnet creation events.
2026-07-10 01:10:23.058 8 INFO neutron.db.ovn_revision_numbers_db [None req-c9b4e047-1a69-4515-a1fb-90319cf7f1b1 c6738cf48317465a9fbfb1d6da8cf2bd 793d78180462449391e6a8f0c66fd59e - - default default] Successfully bumped revision number for resource 2928d47b-c07a-46ae-b309-de01ede3ad74 (type: ports) to 2
2026-07-10 01:10:23.088 8 INFO neutron.db.ovn_revision_numbers_db [None req-c9b4e047-1a69-4515-a1fb-90319cf7f1b1 c6738cf48317465a9fbfb1d6da8cf2bd 793d78180462449391e6a8f0c66fd59e - - default default] Successfully bumped revision number for resource ebb24c0e-6dcd-4be3-b81c-6ea52239a48b (type: subnets) to 0 [pid: 8|app: 0|req: 1208/2530] 10.0.0.38 () {34 vars in 668 bytes} [Fri Jul 10 01:10:22 2026] POST /v2.0/subnets => generated 657 bytes in 668 msecs (HTTP/1.1 201) 4 headers in 162 bytes (1 switches on core 0) [pid: 7|app: 0|req: 1323/2531] 10.0.0.38 () {32 vars in 721 bytes} [Fri Jul 10 01:10:23 2026] GET /v2.0/subnetpools?name=shared-default-subnetpool-v6 => generated 19 bytes in 41 msecs (HTTP/1.1 200) 4 headers in 156 bytes (1 switches on core 0)
2026-07-10 01:10:23.316 8 WARNING neutron.scheduler.dhcp_agent_scheduler [None req-28cac240-3d5b-474d-8d08-0e4d6a6f981d c6738cf48317465a9fbfb1d6da8cf2bd 793d78180462449391e6a8f0c66fd59e - - default default] No more DHCP agents
2026-07-10 01:10:23.318 8 WARNING neutron.api.rpc.agentnotifiers.dhcp_rpc_agent_api [None req-28cac240-3d5b-474d-8d08-0e4d6a6f981d c6738cf48317465a9fbfb1d6da8cf2bd 793d78180462449391e6a8f0c66fd59e - - default default] Unable to schedule network 8a75be6a-d1c7-4717-9dbd-6eef86bbe0c4: no agents available; will retry on subsequent port and subnet creation events.
2026-07-10 01:10:23.344 8 INFO neutron.db.ovn_revision_numbers_db [None req-28cac240-3d5b-474d-8d08-0e4d6a6f981d c6738cf48317465a9fbfb1d6da8cf2bd 793d78180462449391e6a8f0c66fd59e - - default default] Successfully bumped revision number for resource 6eb89776-8b0c-4082-8f34-d4cc7cc44628 (type: subnets) to 0 [pid: 8|app: 0|req: 1209/2532] 10.0.0.38 () {34 vars in 668 bytes} [Fri Jul 10 01:10:23 2026] POST /v2.0/subnets => generated 732 bytes in 207 msecs (HTTP/1.1 201) 4 headers in 162 bytes (1 switches on core 0)
2026-07-10 01:10:23.471 7 INFO neutron.db.segments_db [None req-6f9be97f-0db9-4047-a803-543d62aa550e c6738cf48317465a9fbfb1d6da8cf2bd 793d78180462449391e6a8f0c66fd59e - - default default] Added segment 4150a4c3-4bac-4af9-9fdd-619872fa3e19 of type geneve for network 2b0d8832-626f-4126-bd3f-cc926bea129a
2026-07-10 01:10:23.579 7 INFO neutron.db.ovn_revision_numbers_db [None req-6f9be97f-0db9-4047-a803-543d62aa550e c6738cf48317465a9fbfb1d6da8cf2bd 793d78180462449391e6a8f0c66fd59e - - default default] Successfully bumped revision number for resource 2b0d8832-626f-4126-bd3f-cc926bea129a (type: networks) to 1
2026-07-10 01:10:23.740 7 WARNING neutron.scheduler.dhcp_agent_scheduler [None req-6f9be97f-0db9-4047-a803-543d62aa550e c6738cf48317465a9fbfb1d6da8cf2bd 793d78180462449391e6a8f0c66fd59e - - default default] No more DHCP agents
2026-07-10 01:10:23.741 7 WARNING neutron.api.rpc.agentnotifiers.dhcp_rpc_agent_api [None req-6f9be97f-0db9-4047-a803-543d62aa550e c6738cf48317465a9fbfb1d6da8cf2bd 793d78180462449391e6a8f0c66fd59e - - default default] Unable to schedule network 2b0d8832-626f-4126-bd3f-cc926bea129a: no agents available; will retry on subsequent port and subnet creation events.
2026-07-10 01:10:23.780 8 INFO neutron.plugins.ml2.drivers.ovn.mech_driver.mech_driver [None req-85f150b8-368e-477d-83da-c97d98299a9f - - - - - -] OVN reports status down for port: 346f93db-f7cf-4e27-bbe2-782526d4c480
2026-07-10 01:10:23.808 7 INFO neutron.db.ovn_revision_numbers_db [None req-6f9be97f-0db9-4047-a803-543d62aa550e c6738cf48317465a9fbfb1d6da8cf2bd 793d78180462449391e6a8f0c66fd59e - - default default] Successfully bumped revision number for resource 346f93db-f7cf-4e27-bbe2-782526d4c480 (type: ports) to 1 [pid: 7|app: 0|req: 1324/2533] 10.0.0.38 () {34 vars in 669 bytes} [Fri Jul 10 01:10:23 2026] POST /v2.0/networks => generated 676 bytes in 469 msecs (HTTP/1.1 201) 4 headers in 162 bytes (1 switches on core 0)
2026-07-10 01:10:24.017 8 WARNING neutron.scheduler.dhcp_agent_scheduler [None req-d5ba0d36-fa82-4644-a742-97e38f0c7556 c6738cf48317465a9fbfb1d6da8cf2bd 793d78180462449391e6a8f0c66fd59e - - default default] No more DHCP agents
2026-07-10 01:10:24.018 8 WARNING neutron.api.rpc.agentnotifiers.dhcp_rpc_agent_api [None req-d5ba0d36-fa82-4644-a742-97e38f0c7556 c6738cf48317465a9fbfb1d6da8cf2bd 793d78180462449391e6a8f0c66fd59e - - default default] Unable to schedule network 2b0d8832-626f-4126-bd3f-cc926bea129a: no agents available; will retry on subsequent port and subnet creation events.
2026-07-10 01:10:24.469 8 INFO neutron.db.ovn_revision_numbers_db [None req-d5ba0d36-fa82-4644-a742-97e38f0c7556 c6738cf48317465a9fbfb1d6da8cf2bd 793d78180462449391e6a8f0c66fd59e - - default default] Successfully bumped revision number for resource 346f93db-f7cf-4e27-bbe2-782526d4c480 (type: ports) to 2
2026-07-10 01:10:24.499 8 INFO neutron.db.ovn_revision_numbers_db [None req-d5ba0d36-fa82-4644-a742-97e38f0c7556 c6738cf48317465a9fbfb1d6da8cf2bd 793d78180462449391e6a8f0c66fd59e - - default default] Successfully bumped revision number for resource f5493278-6ffc-4688-856d-fbddac500476 (type: subnets) to 0 [pid: 8|app: 0|req: 1210/2534] 10.0.0.38 () {34 vars in 668 bytes} [Fri Jul 10 01:10:23 2026] POST /v2.0/subnets => generated 656 bytes in 674 msecs (HTTP/1.1 201) 4 headers in 162 bytes (1 switches on core 0)
2026-07-10 01:10:24.724 7 WARNING neutron.scheduler.dhcp_agent_scheduler [None req-d4d6f3ad-e1c7-41df-897c-acc323b928f9 c6738cf48317465a9fbfb1d6da8cf2bd 793d78180462449391e6a8f0c66fd59e - - default default] No more DHCP agents
2026-07-10 01:10:24.725 7 WARNING neutron.api.rpc.agentnotifiers.dhcp_rpc_agent_api [None req-d4d6f3ad-e1c7-41df-897c-acc323b928f9 c6738cf48317465a9fbfb1d6da8cf2bd 793d78180462449391e6a8f0c66fd59e - - default default] Unable to schedule network 2b0d8832-626f-4126-bd3f-cc926bea129a: no agents available; will retry on subsequent port and subnet creation events.
2026-07-10 01:10:24.753 7 INFO neutron.db.ovn_revision_numbers_db [None req-d4d6f3ad-e1c7-41df-897c-acc323b928f9 c6738cf48317465a9fbfb1d6da8cf2bd 793d78180462449391e6a8f0c66fd59e - - default default] Successfully bumped revision number for resource 9ee756e1-a9c0-426a-8105-bd7274b5268a (type: subnets) to 0 [pid: 7|app: 0|req: 1325/2535] 10.0.0.38 () {34 vars in 668 bytes} [Fri Jul 10 01:10:24 2026] POST /v2.0/subnets => generated 726 bytes in 246 msecs (HTTP/1.1 201) 4 headers in 162 bytes (1 switches on core 0)
2026-07-10 01:10:24.870 8 INFO neutron.db.segments_db [None req-95c96378-ab82-4ba8-823d-7a19f1aeeb2b c6738cf48317465a9fbfb1d6da8cf2bd 793d78180462449391e6a8f0c66fd59e - - default default] Added segment a2b85782-f914-41dd-ab8f-031c9e69177e of type geneve for network 8ab9aefb-3757-44da-9253-d8f88b4c159c
2026-07-10 01:10:24.979 8 INFO neutron.db.ovn_revision_numbers_db [None req-95c96378-ab82-4ba8-823d-7a19f1aeeb2b c6738cf48317465a9fbfb1d6da8cf2bd 793d78180462449391e6a8f0c66fd59e - - default default] Successfully bumped revision number for resource 8ab9aefb-3757-44da-9253-d8f88b4c159c (type: networks) to 1
2026-07-10 01:10:25.189 8 WARNING neutron.scheduler.dhcp_agent_scheduler [None req-95c96378-ab82-4ba8-823d-7a19f1aeeb2b c6738cf48317465a9fbfb1d6da8cf2bd 793d78180462449391e6a8f0c66fd59e - - default default] No more DHCP agents
2026-07-10 01:10:25.191 8 WARNING neutron.api.rpc.agentnotifiers.dhcp_rpc_agent_api [None req-95c96378-ab82-4ba8-823d-7a19f1aeeb2b c6738cf48317465a9fbfb1d6da8cf2bd 793d78180462449391e6a8f0c66fd59e - - default default] Unable to schedule network 8ab9aefb-3757-44da-9253-d8f88b4c159c: no agents available; will retry on subsequent port and subnet creation events.
2026-07-10 01:10:25.231 8 INFO neutron.plugins.ml2.drivers.ovn.mech_driver.mech_driver [None req-85f150b8-368e-477d-83da-c97d98299a9f - - - - - -] OVN reports status down for port: 21599e56-82a3-4601-a1ff-22070f80d562
2026-07-10 01:10:25.285 8 INFO neutron.db.ovn_revision_numbers_db [None req-95c96378-ab82-4ba8-823d-7a19f1aeeb2b c6738cf48317465a9fbfb1d6da8cf2bd 793d78180462449391e6a8f0c66fd59e - - default default] Successfully bumped revision number for resource 21599e56-82a3-4601-a1ff-22070f80d562 (type: ports) to 1 [pid: 8|app: 0|req: 1211/2536] 10.0.0.38 () {34 vars in 669 bytes} [Fri Jul 10 01:10:24 2026] POST /v2.0/networks => generated 675 bytes in 550 msecs (HTTP/1.1 201) 4 headers in 162 bytes (1 switches on core 0)
2026-07-10 01:10:25.495 7 WARNING neutron.scheduler.dhcp_agent_scheduler [None req-901554b7-7c84-4f54-ac3a-48f2fdee4763 c6738cf48317465a9fbfb1d6da8cf2bd 793d78180462449391e6a8f0c66fd59e - - default default] No more DHCP agents
2026-07-10 01:10:25.496 7 WARNING neutron.api.rpc.agentnotifiers.dhcp_rpc_agent_api [None req-901554b7-7c84-4f54-ac3a-48f2fdee4763 c6738cf48317465a9fbfb1d6da8cf2bd 793d78180462449391e6a8f0c66fd59e - - default default] Unable to schedule network 8ab9aefb-3757-44da-9253-d8f88b4c159c: no agents available; will retry on subsequent port and subnet creation events.
2026-07-10 01:10:25.953 7 INFO neutron.db.ovn_revision_numbers_db [None req-901554b7-7c84-4f54-ac3a-48f2fdee4763 c6738cf48317465a9fbfb1d6da8cf2bd 793d78180462449391e6a8f0c66fd59e - - default default] Successfully bumped revision number for resource 21599e56-82a3-4601-a1ff-22070f80d562 (type: ports) to 2
2026-07-10 01:10:25.994 7 INFO neutron.db.ovn_revision_numbers_db [None req-901554b7-7c84-4f54-ac3a-48f2fdee4763 c6738cf48317465a9fbfb1d6da8cf2bd 793d78180462449391e6a8f0c66fd59e - - default default] Successfully bumped revision number for resource fe78b44b-b2df-4e92-9e37-28f4e6b9736c (type: subnets) to 0 [pid: 7|app: 0|req: 1326/2537] 10.0.0.38 () {34 vars in 668 bytes} [Fri Jul 10 01:10:25 2026] POST /v2.0/subnets => generated 655 bytes in 689 msecs (HTTP/1.1 201) 4 headers in 162 bytes (1 switches on core 0)
2026-07-10 01:10:26.208 8 WARNING neutron.scheduler.dhcp_agent_scheduler [None req-047f3cfa-5b6a-43cf-b32e-4e42d72367e4 c6738cf48317465a9fbfb1d6da8cf2bd 793d78180462449391e6a8f0c66fd59e - - default default] No more DHCP agents
2026-07-10 01:10:26.210 8 WARNING neutron.api.rpc.agentnotifiers.dhcp_rpc_agent_api [None req-047f3cfa-5b6a-43cf-b32e-4e42d72367e4 c6738cf48317465a9fbfb1d6da8cf2bd 793d78180462449391e6a8f0c66fd59e - - default default] Unable to schedule network 8ab9aefb-3757-44da-9253-d8f88b4c159c: no agents available; will retry on subsequent port and subnet creation events.
2026-07-10 01:10:26.235 8 INFO neutron.db.ovn_revision_numbers_db [None req-047f3cfa-5b6a-43cf-b32e-4e42d72367e4 c6738cf48317465a9fbfb1d6da8cf2bd 793d78180462449391e6a8f0c66fd59e - - default default] Successfully bumped revision number for resource 8d750223-fd9b-4c7f-a3c7-edec675205da (type: subnets) to 0 [pid: 8|app: 0|req: 1212/2538] 10.0.0.38 () {34 vars in 668 bytes} [Fri Jul 10 01:10:26 2026] POST /v2.0/subnets => generated 730 bytes in 232 msecs (HTTP/1.1 201) 4 headers in 162 bytes (1 switches on core 0)
2026-07-10 01:10:26.649 7 WARNING neutron.scheduler.dhcp_agent_scheduler [None req-869e3077-debf-41a4-bac1-8195622f7d8c c6738cf48317465a9fbfb1d6da8cf2bd 793d78180462449391e6a8f0c66fd59e - - default default] No more DHCP agents
2026-07-10 01:10:26.650 7 WARNING neutron.api.rpc.agentnotifiers.dhcp_rpc_agent_api [None req-869e3077-debf-41a4-bac1-8195622f7d8c c6738cf48317465a9fbfb1d6da8cf2bd 793d78180462449391e6a8f0c66fd59e - - default default] Unable to schedule network eae92309-f94b-432e-8f5f-2514d5979199: no agents available; will retry on subsequent port and subnet creation events.
2026-07-10 01:10:26.768 8 INFO neutron.plugins.ml2.drivers.ovn.mech_driver.mech_driver [None req-85f150b8-368e-477d-83da-c97d98299a9f - - - - - -] OVN reports status down for port: 3aa974b8-9e69-4d26-8ade-6a8d822fddc1
2026-07-10 01:10:26.811 7 INFO neutron.db.ovn_revision_numbers_db [None req-869e3077-debf-41a4-bac1-8195622f7d8c c6738cf48317465a9fbfb1d6da8cf2bd 793d78180462449391e6a8f0c66fd59e - - default default] Successfully bumped revision number for resource 3aa974b8-9e69-4d26-8ade-6a8d822fddc1 (type: ports) to 1
2026-07-10 01:10:27.376 7 INFO neutron.plugins.ml2.drivers.ovn.mech_driver.ovsdb.ovsdb_monitor [None req-b3194937-bdeb-40bb-b524-2053285f4c6d - - - - - -] Router 6260019b-1806-4b0f-87ba-212a0321a7de is bound to host instance
2026-07-10 01:10:27.381 8 INFO neutron.plugins.ml2.drivers.ovn.mech_driver.mech_driver [None req-85f150b8-368e-477d-83da-c97d98299a9f - - - - - -] OVN reports status up for port: 3aa974b8-9e69-4d26-8ade-6a8d822fddc1
2026-07-10 01:10:27.395 8 INFO neutron.plugins.ml2.plugin [None req-85f150b8-368e-477d-83da-c97d98299a9f - - - - - -] Attempt 1 to provision port 3aa974b8-9e69-4d26-8ade-6a8d822fddc1
2026-07-10 01:10:27.416 7 INFO neutron.db.ovn_revision_numbers_db [None req-869e3077-debf-41a4-bac1-8195622f7d8c c6738cf48317465a9fbfb1d6da8cf2bd 793d78180462449391e6a8f0c66fd59e - - default default] Successfully bumped revision number for resource 3aa974b8-9e69-4d26-8ade-6a8d822fddc1 (type: router_ports) to 1
2026-07-10 01:10:27.539 7 INFO neutron.db.ovn_revision_numbers_db [None req-869e3077-debf-41a4-bac1-8195622f7d8c c6738cf48317465a9fbfb1d6da8cf2bd 793d78180462449391e6a8f0c66fd59e - - default default] Successfully bumped revision number for resource 6260019b-1806-4b0f-87ba-212a0321a7de (type: routers) to 2 [pid: 7|app: 0|req: 1327/2541] 10.0.0.38 () {34 vars in 668 bytes} [Fri Jul 10 01:10:26 2026] POST /v2.0/routers => generated 965 bytes in 1313 msecs (HTTP/1.1 201) 4 headers in 162 bytes (1 switches on core 0)
2026-07-10 01:10:28.110 8 WARNING neutron.scheduler.dhcp_agent_scheduler [None req-d1a366c2-41f8-4da3-9a55-ad40bc98d9aa c6738cf48317465a9fbfb1d6da8cf2bd 793d78180462449391e6a8f0c66fd59e - - default default] No more DHCP agents
2026-07-10 01:10:28.112 8 WARNING neutron.api.rpc.agentnotifiers.dhcp_rpc_agent_api [None req-d1a366c2-41f8-4da3-9a55-ad40bc98d9aa c6738cf48317465a9fbfb1d6da8cf2bd 793d78180462449391e6a8f0c66fd59e - - default default] Unable to schedule network 8a75be6a-d1c7-4717-9dbd-6eef86bbe0c4: no agents available; will retry on subsequent port and subnet creation events.
2026-07-10 01:10:28.213 7 INFO neutron.db.ovn_revision_numbers_db [None req-d57d1361-582d-42ee-bf0c-0ef268064d54 - - - - - -] Successfully bumped revision number for resource 3aa974b8-9e69-4d26-8ade-6a8d822fddc1 (type: ports) to 4
2026-07-10 01:10:28.241 7 INFO neutron.plugins.ml2.drivers.ovn.mech_driver.mech_driver [None req-eddc7a81-eb8e-42ae-9a99-ab575bbdb1a9 - - - - - -] OVN reports status down for port: a95489c5-ccb7-41b5-9594-c634af393050
2026-07-10 01:10:28.285 8 INFO neutron.db.ovn_revision_numbers_db [None req-d1a366c2-41f8-4da3-9a55-ad40bc98d9aa c6738cf48317465a9fbfb1d6da8cf2bd 793d78180462449391e6a8f0c66fd59e - - default default] Successfully bumped revision number for resource a95489c5-ccb7-41b5-9594-c634af393050 (type: ports) to 1
2026-07-10 01:10:28.611 7 INFO neutron.db.ovn_revision_numbers_db [None req-d57d1361-582d-42ee-bf0c-0ef268064d54 - - - - - -] Successfully bumped revision number for resource 3aa974b8-9e69-4d26-8ade-6a8d822fddc1 (type: ports) to 5
2026-07-10 01:10:28.946 7 INFO neutron.plugins.ml2.drivers.ovn.mech_driver.mech_driver [None req-eddc7a81-eb8e-42ae-9a99-ab575bbdb1a9 - - - - - -] OVN reports status up for port: a95489c5-ccb7-41b5-9594-c634af393050
2026-07-10 01:10:28.963 7 INFO neutron.plugins.ml2.plugin [None req-eddc7a81-eb8e-42ae-9a99-ab575bbdb1a9 - - - - - -] Attempt 1 to provision port a95489c5-ccb7-41b5-9594-c634af393050
2026-07-10 01:10:29.018 8 WARNING neutron.scheduler.dhcp_agent_scheduler [None req-d1a366c2-41f8-4da3-9a55-ad40bc98d9aa c6738cf48317465a9fbfb1d6da8cf2bd 793d78180462449391e6a8f0c66fd59e - - default default] No more DHCP agents
2026-07-10 01:10:29.019 8 WARNING neutron.api.rpc.agentnotifiers.dhcp_rpc_agent_api [None req-d1a366c2-41f8-4da3-9a55-ad40bc98d9aa c6738cf48317465a9fbfb1d6da8cf2bd 793d78180462449391e6a8f0c66fd59e - - default default] Unable to schedule network 8a75be6a-d1c7-4717-9dbd-6eef86bbe0c4: no agents available; will retry on subsequent port and subnet creation events.
2026-07-10 01:10:29.301 8 INFO neutron.db.ovn_revision_numbers_db [None req-d1a366c2-41f8-4da3-9a55-ad40bc98d9aa c6738cf48317465a9fbfb1d6da8cf2bd 793d78180462449391e6a8f0c66fd59e - - default default] Successfully bumped revision number for resource a95489c5-ccb7-41b5-9594-c634af393050 (type: router_ports) to 1 [pid: 8|app: 0|req: 1215/2542] 10.0.0.38 () {34 vars in 782 bytes} [Fri Jul 10 01:10:27 2026] PUT /v2.0/routers/6260019b-1806-4b0f-87ba-212a0321a7de/add_router_interface => generated 310 bytes in 1732 msecs (HTTP/1.1 200) 4 headers in 157 bytes (1 switches on core 0)
2026-07-10 01:10:29.563 7 INFO neutron.db.ovn_revision_numbers_db [None req-eddc7a81-eb8e-42ae-9a99-ab575bbdb1a9 - - - - - -] Successfully bumped revision number for resource a95489c5-ccb7-41b5-9594-c634af393050 (type: ports) to 2
2026-07-10 01:10:29.869 8 INFO neutron.common.ovn.utils [None req-85f150b8-368e-477d-83da-c97d98299a9f - - - - - -] HA Chassis Group neutron-8a75be6a-d1c7-4717-9dbd-6eef86bbe0c4 synchronized; highest priority chassis 22ab7a0a-6038-4ce8-be50-c938d9462415
2026-07-10 01:10:30.027 7 WARNING neutron.scheduler.dhcp_agent_scheduler [None req-ed64bff0-849c-4126-8133-0785de8201a6 c6738cf48317465a9fbfb1d6da8cf2bd 793d78180462449391e6a8f0c66fd59e - - default default] No more DHCP agents
2026-07-10 01:10:30.027 7 WARNING neutron.api.rpc.agentnotifiers.dhcp_rpc_agent_api [None req-ed64bff0-849c-4126-8133-0785de8201a6 c6738cf48317465a9fbfb1d6da8cf2bd 793d78180462449391e6a8f0c66fd59e - - default default] Unable to schedule network 2b0d8832-626f-4126-bd3f-cc926bea129a: no agents available; will retry on subsequent port and subnet creation events.
2026-07-10 01:10:30.164 7 INFO neutron.db.ovn_revision_numbers_db [None req-ed64bff0-849c-4126-8133-0785de8201a6 c6738cf48317465a9fbfb1d6da8cf2bd 793d78180462449391e6a8f0c66fd59e - - default default] Successfully bumped revision number for resource 4c813bde-3a51-4b9d-94bc-f55337f3e3b1 (type: ports) to 1
2026-07-10 01:10:30.776 7 WARNING neutron.scheduler.dhcp_agent_scheduler [None req-ed64bff0-849c-4126-8133-0785de8201a6 c6738cf48317465a9fbfb1d6da8cf2bd 793d78180462449391e6a8f0c66fd59e - - default default] No more DHCP agents
2026-07-10 01:10:30.778 7 WARNING neutron.api.rpc.agentnotifiers.dhcp_rpc_agent_api [None req-ed64bff0-849c-4126-8133-0785de8201a6 c6738cf48317465a9fbfb1d6da8cf2bd 793d78180462449391e6a8f0c66fd59e - - default default] Unable to schedule network 2b0d8832-626f-4126-bd3f-cc926bea129a: no agents available; will retry on subsequent port and subnet creation events.
2026-07-10 01:10:31.145 7 INFO neutron.db.ovn_revision_numbers_db [None req-ed64bff0-849c-4126-8133-0785de8201a6 c6738cf48317465a9fbfb1d6da8cf2bd 793d78180462449391e6a8f0c66fd59e - - default default] Successfully bumped revision number for resource 4c813bde-3a51-4b9d-94bc-f55337f3e3b1 (type: router_ports) to 1 [pid: 7|app: 0|req: 1328/2543] 10.0.0.38 () {34 vars in 782 bytes} [Fri Jul 10 01:10:29 2026] PUT /v2.0/routers/6260019b-1806-4b0f-87ba-212a0321a7de/add_router_interface => generated 310 bytes in 1836 msecs (HTTP/1.1 200) 4 headers in 157 bytes (1 switches on core 0)
2026-07-10 01:10:31.667 8 WARNING neutron.scheduler.dhcp_agent_scheduler [None req-4a76546c-888c-4921-8bb6-6e7660bd12fe c6738cf48317465a9fbfb1d6da8cf2bd 793d78180462449391e6a8f0c66fd59e - - default default] No more DHCP agents
2026-07-10 01:10:31.668 8 WARNING neutron.api.rpc.agentnotifiers.dhcp_rpc_agent_api [None req-4a76546c-888c-4921-8bb6-6e7660bd12fe c6738cf48317465a9fbfb1d6da8cf2bd 793d78180462449391e6a8f0c66fd59e - - default default] Unable to schedule network 8ab9aefb-3757-44da-9253-d8f88b4c159c: no agents available; will retry on subsequent port and subnet creation events.
2026-07-10 01:10:31.831 8 INFO neutron.db.ovn_revision_numbers_db [None req-4a76546c-888c-4921-8bb6-6e7660bd12fe c6738cf48317465a9fbfb1d6da8cf2bd 793d78180462449391e6a8f0c66fd59e - - default default] Successfully bumped revision number for resource 196896f6-326f-426c-9a43-33e9503b9641 (type: ports) to 1
2026-07-10 01:10:32.612 8 WARNING neutron.scheduler.dhcp_agent_scheduler [None req-4a76546c-888c-4921-8bb6-6e7660bd12fe c6738cf48317465a9fbfb1d6da8cf2bd 793d78180462449391e6a8f0c66fd59e - - default default] No more DHCP agents
2026-07-10 01:10:32.613 8 WARNING neutron.api.rpc.agentnotifiers.dhcp_rpc_agent_api [None req-4a76546c-888c-4921-8bb6-6e7660bd12fe c6738cf48317465a9fbfb1d6da8cf2bd 793d78180462449391e6a8f0c66fd59e - - default default] Unable to schedule network 8ab9aefb-3757-44da-9253-d8f88b4c159c: no agents available; will retry on subsequent port and subnet creation events.
2026-07-10 01:10:32.890 8 INFO neutron.db.ovn_revision_numbers_db [None req-4a76546c-888c-4921-8bb6-6e7660bd12fe c6738cf48317465a9fbfb1d6da8cf2bd 793d78180462449391e6a8f0c66fd59e - - default default] Successfully bumped revision number for resource 196896f6-326f-426c-9a43-33e9503b9641 (type: router_ports) to 1 [pid: 8|app: 0|req: 1216/2544] 10.0.0.38 () {34 vars in 782 bytes} [Fri Jul 10 01:10:31 2026] PUT /v2.0/routers/6260019b-1806-4b0f-87ba-212a0321a7de/add_router_interface => generated 310 bytes in 1741 msecs (HTTP/1.1 200) 4 headers in 157 bytes (1 switches on core 0)
2026-07-10 01:10:33.098 7 INFO neutron.db.ovn_revision_numbers_db [None req-7accf0e0-d655-45f3-b37e-7a79d481bec0 c6738cf48317465a9fbfb1d6da8cf2bd 793d78180462449391e6a8f0c66fd59e - - default default] Successfully bumped revision number for resource 8b90ceb7-d9ba-4ca3-b2e6-af8cd2c161f2 (type: security_groups) to 1
2026-07-10 01:10:33.111 7 INFO neutron.db.ovn_revision_numbers_db [None req-7accf0e0-d655-45f3-b37e-7a79d481bec0 c6738cf48317465a9fbfb1d6da8cf2bd 793d78180462449391e6a8f0c66fd59e - - default default] Successfully bumped revision number for resource 63a63869-0040-4502-8316-27391f269019 (type: security_group_rules) to 0
2026-07-10 01:10:33.123 7 INFO neutron.db.ovn_revision_numbers_db [None req-7accf0e0-d655-45f3-b37e-7a79d481bec0 c6738cf48317465a9fbfb1d6da8cf2bd 793d78180462449391e6a8f0c66fd59e - - default default] Successfully bumped revision number for resource 78552ddd-aebb-41af-901f-8da99fc1da69 (type: security_group_rules) to 0 [pid: 7|app: 0|req: 1329/2545] 10.0.0.38 () {34 vars in 683 bytes} [Fri Jul 10 01:10:32 2026] POST /v2.0/security-groups => generated 1630 bytes in 198 msecs (HTTP/1.1 201) 4 headers in 163 bytes (1 switches on core 0)
2026-07-10 01:10:33.295 8 INFO neutron.db.ovn_revision_numbers_db [None req-2eb437cf-46a2-45e2-8719-97f452e18c9d c6738cf48317465a9fbfb1d6da8cf2bd 793d78180462449391e6a8f0c66fd59e - - default default] Successfully bumped revision number for resource 5e88dcd8-eed9-4cbf-939e-558b94bf5554 (type: security_group_rules) to 0 [pid: 8|app: 0|req: 1217/2546] 10.0.0.38 () {34 vars in 694 bytes} [Fri Jul 10 01:10:33 2026] POST /v2.0/security-group-rules => generated 597 bytes in 159 msecs (HTTP/1.1 201) 4 headers in 162 bytes (1 switches on core 0)
2026-07-10 01:10:33.442 7 INFO neutron.db.ovn_revision_numbers_db [None req-12050a1d-932b-407e-af99-e5d27fff5428 c6738cf48317465a9fbfb1d6da8cf2bd 793d78180462449391e6a8f0c66fd59e - - default default] Successfully bumped revision number for resource 9accf34e-e25c-43ef-81b6-678162cfceae (type: security_group_rules) to 0 [pid: 7|app: 0|req: 1330/2547] 10.0.0.38 () {34 vars in 694 bytes} [Fri Jul 10 01:10:33 2026] POST /v2.0/security-group-rules => generated 597 bytes in 139 msecs (HTTP/1.1 201) 4 headers in 162 bytes (1 switches on core 0)
2026-07-10 01:10:33.598 8 INFO neutron.db.ovn_revision_numbers_db [None req-6b75bfef-3e43-4863-847e-721d52f7870e c6738cf48317465a9fbfb1d6da8cf2bd 793d78180462449391e6a8f0c66fd59e - - default default] Successfully bumped revision number for resource f84fe1a0-6716-4bf6-92e5-c1a0b18f3505 (type: security_group_rules) to 0 [pid: 8|app: 0|req: 1218/2548] 10.0.0.38 () {34 vars in 694 bytes} [Fri Jul 10 01:10:33 2026] POST /v2.0/security-group-rules => generated 599 bytes in 150 msecs (HTTP/1.1 201) 4 headers in 162 bytes (1 switches on core 0)
2026-07-10 01:10:33.749 7 INFO neutron.db.ovn_revision_numbers_db [None req-b9c227d9-3d9a-41ff-9cb1-8d166ef5bb02 c6738cf48317465a9fbfb1d6da8cf2bd 793d78180462449391e6a8f0c66fd59e - - default default] Successfully bumped revision number for resource 92001b68-a3f6-46cf-a84f-ef81d9e69a5f (type: security_group_rules) to 0 [pid: 7|app: 0|req: 1331/2549] 10.0.0.38 () {34 vars in 694 bytes} [Fri Jul 10 01:10:33 2026] POST /v2.0/security-group-rules => generated 601 bytes in 146 msecs (HTTP/1.1 201) 4 headers in 162 bytes (1 switches on core 0)
2026-07-10 01:10:33.903 8 INFO neutron.db.ovn_revision_numbers_db [None req-cd682b17-c807-4f11-9dd5-f8dedaebcb9d c6738cf48317465a9fbfb1d6da8cf2bd 793d78180462449391e6a8f0c66fd59e - - default default] Successfully bumped revision number for resource f7898831-d0f4-4cb8-97ef-73ca70dff62f (type: security_group_rules) to 0 [pid: 8|app: 0|req: 1219/2550] 10.0.0.38 () {34 vars in 694 bytes} [Fri Jul 10 01:10:33 2026] POST /v2.0/security-group-rules => generated 601 bytes in 158 msecs (HTTP/1.1 201) 4 headers in 162 bytes (1 switches on core 0)
2026-07-10 01:10:34.073 7 INFO neutron.db.ovn_revision_numbers_db [None req-97eb3b55-3258-4c24-829c-6c9583bb6de6 c6738cf48317465a9fbfb1d6da8cf2bd 793d78180462449391e6a8f0c66fd59e - - default default] Successfully bumped revision number for resource 11769c3e-1415-4eb2-b1bf-836c86acc412 (type: security_group_rules) to 0 [pid: 7|app: 0|req: 1332/2551] 10.0.0.38 () {34 vars in 694 bytes} [Fri Jul 10 01:10:33 2026] POST /v2.0/security-group-rules => generated 597 bytes in 154 msecs (HTTP/1.1 201) 4 headers in 162 bytes (1 switches on core 0)
2026-07-10 01:10:34.220 8 INFO neutron.db.ovn_revision_numbers_db [None req-6f2c6861-4d69-40ed-af8a-a0e32a56e793 c6738cf48317465a9fbfb1d6da8cf2bd 793d78180462449391e6a8f0c66fd59e - - default default] Successfully bumped revision number for resource 91813804-4196-4664-b20b-4b50e32f847f (type: security_group_rules) to 0 [pid: 8|app: 0|req: 1220/2552] 10.0.0.38 () {34 vars in 694 bytes} [Fri Jul 10 01:10:34 2026] POST /v2.0/security-group-rules => generated 597 bytes in 143 msecs (HTTP/1.1 201) 4 headers in 162 bytes (1 switches on core 0)
2026-07-10 01:10:34.357 7 INFO neutron.db.ovn_revision_numbers_db [None req-f47fbdf8-c3bb-4716-bbdd-d07d123cc606 c6738cf48317465a9fbfb1d6da8cf2bd 793d78180462449391e6a8f0c66fd59e - - default default] Successfully bumped revision number for resource c139cc41-5f75-411d-a8cf-eea1409388b9 (type: security_group_rules) to 0 [pid: 7|app: 0|req: 1333/2553] 10.0.0.38 () {34 vars in 694 bytes} [Fri Jul 10 01:10:34 2026] POST /v2.0/security-group-rules => generated 597 bytes in 133 msecs (HTTP/1.1 201) 4 headers in 162 bytes (1 switches on core 0)
2026-07-10 01:10:34.509 8 INFO neutron.db.ovn_revision_numbers_db [None req-4a4dcd61-eb61-4b9d-a12e-be87c9be5427 c6738cf48317465a9fbfb1d6da8cf2bd 793d78180462449391e6a8f0c66fd59e - - default default] Successfully bumped revision number for resource 4f1736da-bd8f-40aa-b0ba-4fcfa3bfcd70 (type: security_group_rules) to 0 [pid: 8|app: 0|req: 1221/2554] 10.0.0.38 () {34 vars in 694 bytes} [Fri Jul 10 01:10:34 2026] POST /v2.0/security-group-rules => generated 599 bytes in 150 msecs (HTTP/1.1 201) 4 headers in 162 bytes (1 switches on core 0)
2026-07-10 01:10:34.670 7 INFO neutron.db.ovn_revision_numbers_db [None req-64283112-579c-46ea-b099-7db84b71c9c9 c6738cf48317465a9fbfb1d6da8cf2bd 793d78180462449391e6a8f0c66fd59e - - default default] Successfully bumped revision number for resource 59ab399c-e339-467b-ae7d-78c00dd77e2f (type: security_group_rules) to 0 [pid: 7|app: 0|req: 1334/2555] 10.0.0.38 () {34 vars in 694 bytes} [Fri Jul 10 01:10:34 2026] POST /v2.0/security-group-rules => generated 601 bytes in 153 msecs (HTTP/1.1 201) 4 headers in 162 bytes (1 switches on core 0)
2026-07-10 01:10:34.865 8 INFO neutron.db.ovn_revision_numbers_db [None req-f90869e5-18e8-499c-9260-793bdba59e2f c6738cf48317465a9fbfb1d6da8cf2bd 793d78180462449391e6a8f0c66fd59e - - default default] Successfully bumped revision number for resource fab6d340-778e-46d6-98cc-90af0b1b2194 (type: security_group_rules) to 0 [pid: 8|app: 0|req: 1222/2556] 10.0.0.38 () {34 vars in 694 bytes} [Fri Jul 10 01:10:34 2026] POST /v2.0/security-group-rules => generated 597 bytes in 196 msecs (HTTP/1.1 201) 4 headers in 162 bytes (1 switches on core 0)
2026-07-10 01:10:35.205 7 WARNING neutron.db.securitygroups_db [req-a85de526-9e6f-45e6-808b-cec5d6529568 req-81446b85-417b-47af-8975-12c1464de916 c6738cf48317465a9fbfb1d6da8cf2bd 793d78180462449391e6a8f0c66fd59e - - default default] project_id key not found in filters, using tenant_id instead. This support has been deprecated and will be removed in a future release. [pid: 7|app: 0|req: 1335/2557] 10.0.0.113 () {34 vars in 1096 bytes} [Fri Jul 10 01:10:35 2026] GET /v2.0/security-groups?name=tempest-lb_member_SG-2102829085&fields=id&tenant_id=793d78180462449391e6a8f0c66fd59e => generated 69 bytes in 37 msecs (HTTP/1.1 200) 4 headers in 156 bytes (1 switches on core 0) [pid: 8|app: 0|req: 1223/2558] 10.0.0.113 () {34 vars in 982 bytes} [Fri Jul 10 01:10:35 2026] GET /v2.0/networks?id=2b0d8832-626f-4126-bd3f-cc926bea129a => generated 743 bytes in 50 msecs (HTTP/1.1 200) 4 headers in 157 bytes (1 switches on core 0) [pid: 7|app: 0|req: 1336/2559] 10.0.0.113 () {34 vars in 965 bytes} [Fri Jul 10 01:10:35 2026] GET /v2.0/quotas/793d78180462449391e6a8f0c66fd59e => generated 312 bytes in 10 msecs (HTTP/1.1 200) 4 headers in 157 bytes (1 switches on core 0)
2026-07-10 01:10:35.343 7 WARNING neutron.plugins.ml2.drivers.ovn.mech_driver.ovsdb.ovn_client [None req-24fd97c4-5b97-4072-90a1-c88c7c3f543a - - - - - -] No hosting information found for port a95489c5-ccb7-41b5-9594-c634af393050: RuntimeError: No hosting information found for port a95489c5-ccb7-41b5-9594-c634af393050
2026-07-10 01:10:35.415 7 INFO neutron.db.ovn_revision_numbers_db [None req-24fd97c4-5b97-4072-90a1-c88c7c3f543a - - - - - -] Successfully bumped revision number for resource a95489c5-ccb7-41b5-9594-c634af393050 (type: router_ports) to 2
2026-07-10 01:10:35.458 7 INFO neutron.plugins.ml2.drivers.ovn.mech_driver.mech_driver [None req-24fd97c4-5b97-4072-90a1-c88c7c3f543a - - - - - -] OVN reports status down for port: 4c813bde-3a51-4b9d-94bc-f55337f3e3b1 [pid: 8|app: 0|req: 1224/2560] 10.0.0.113 () {34 vars in 1002 bytes} [Fri Jul 10 01:10:35 2026] GET /v2.0/ports?tenant_id=793d78180462449391e6a8f0c66fd59e&fields=id => generated 287 bytes in 151 msecs (HTTP/1.1 200) 4 headers in 157 bytes (1 switches on core 0)
2026-07-10 01:10:35.529 7 WARNING neutron.plugins.ml2.drivers.ovn.mech_driver.ovsdb.ovn_client [None req-24fd97c4-5b97-4072-90a1-c88c7c3f543a - - - - - -] Logical_Switch_Port 4c813bde-3a51-4b9d-94bc-f55337f3e3b1 host information not removed, the port state is up
2026-07-10 01:10:35.529 7 INFO neutron.plugins.ml2.drivers.ovn.mech_driver.mech_driver [None req-24fd97c4-5b97-4072-90a1-c88c7c3f543a - - - - - -] OVN reports status up for port: 4c813bde-3a51-4b9d-94bc-f55337f3e3b1 [pid: 7|app: 0|req: 1337/2561] 10.0.0.113 () {34 vars in 1008 bytes} [Fri Jul 10 01:10:35 2026] GET /v2.0/networks/2b0d8832-626f-4126-bd3f-cc926bea129a?fields=segments => generated 14 bytes in 59 msecs (HTTP/1.1 200) 4 headers in 156 bytes (1 switches on core 0)
2026-07-10 01:10:35.547 7 INFO neutron.plugins.ml2.plugin [None req-24fd97c4-5b97-4072-90a1-c88c7c3f543a - - - - - -] Attempt 1 to provision port 4c813bde-3a51-4b9d-94bc-f55337f3e3b1 [pid: 8|app: 0|req: 1225/2562] 10.0.0.113 () {34 vars in 1108 bytes} [Fri Jul 10 01:10:35 2026] GET /v2.0/networks/2b0d8832-626f-4126-bd3f-cc926bea129a?fields=provider%3Aphysical_network&fields=provider%3Anetwork_type => generated 79 bytes in 42 msecs (HTTP/1.1 200) 4 headers in 156 bytes (1 switches on core 0) [pid: 7|app: 0|req: 1338/2563] 10.0.0.113 () {34 vars in 1070 bytes} [Fri Jul 10 01:10:35 2026] GET /v2.0/ports?fields=security_groups&fields=device_id&device_id=adaf27ef-dbbd-4d86-ba83-8ee06f8e2137 => generated 12 bytes in 37 msecs (HTTP/1.1 200) 4 headers in 156 bytes (1 switches on core 0)
2026-07-10 01:10:35.984 7 INFO neutron.db.ovn_revision_numbers_db [None req-24fd97c4-5b97-4072-90a1-c88c7c3f543a - - - - - -] Successfully bumped revision number for resource 4c813bde-3a51-4b9d-94bc-f55337f3e3b1 (type: ports) to 2 [pid: 8|app: 0|req: 1226/2564] 199.204.45.210 () {34 vars in 986 bytes} [Fri Jul 10 01:10:39 2026] GET /v2.0/networks?id=2b0d8832-626f-4126-bd3f-cc926bea129a => generated 743 bytes in 68 msecs (HTTP/1.1 200) 4 headers in 157 bytes (1 switches on core 0)
2026-07-10 01:10:40.001 7 WARNING neutron.db.securitygroups_db [req-a85de526-9e6f-45e6-808b-cec5d6529568 req-5217c929-e631-4982-9831-b078a372270a c6738cf48317465a9fbfb1d6da8cf2bd 793d78180462449391e6a8f0c66fd59e - - default default] project_id key not found in filters, using tenant_id instead. This support has been deprecated and will be removed in a future release. [pid: 7|app: 0|req: 1339/2565] 199.204.45.210 () {34 vars in 1050 bytes} [Fri Jul 10 01:10:39 2026] GET /v2.0/security-groups?fields=id&fields=name&tenant_id=793d78180462449391e6a8f0c66fd59e => generated 179 bytes in 52 msecs (HTTP/1.1 200) 4 headers in 157 bytes (1 switches on core 0)
2026-07-10 01:10:40.354 8 WARNING neutron.scheduler.dhcp_agent_scheduler [req-a85de526-9e6f-45e6-808b-cec5d6529568 req-75a4b43b-c833-47a1-871d-c6e1acaba668 c6738cf48317465a9fbfb1d6da8cf2bd 793d78180462449391e6a8f0c66fd59e - - default default] No more DHCP agents
2026-07-10 01:10:40.356 8 WARNING neutron.api.rpc.agentnotifiers.dhcp_rpc_agent_api [req-a85de526-9e6f-45e6-808b-cec5d6529568 req-75a4b43b-c833-47a1-871d-c6e1acaba668 c6738cf48317465a9fbfb1d6da8cf2bd 793d78180462449391e6a8f0c66fd59e - - default default] Unable to schedule network 2b0d8832-626f-4126-bd3f-cc926bea129a: no agents available; will retry on subsequent port and subnet creation events.
2026-07-10 01:10:40.540 8 INFO neutron.db.ovn_revision_numbers_db [req-a85de526-9e6f-45e6-808b-cec5d6529568 req-75a4b43b-c833-47a1-871d-c6e1acaba668 c6738cf48317465a9fbfb1d6da8cf2bd 793d78180462449391e6a8f0c66fd59e - - default default] Successfully bumped revision number for resource 12f1d5cc-6309-4d71-98c0-b75cef59f4ef (type: ports) to 1 [pid: 8|app: 0|req: 1227/2566] 199.204.45.210 () {38 vars in 955 bytes} [Fri Jul 10 01:10:40 2026] POST /v2.0/ports => generated 1183 bytes in 536 msecs (HTTP/1.1 201) 4 headers in 163 bytes (1 switches on core 0) /var/lib/openstack/lib/python3.12/site-packages/pycadf/identifier.py:70: UserWarning: Invalid uuid: neutron. To ensure interoperability, identifiers should be a valid uuid. warnings.warn(('Invalid uuid: %s. To ensure interoperability, ' [pid: 8|app: 0|req: 1228/2567] 10.0.0.113 () {34 vars in 1070 bytes} [Fri Jul 10 01:10:40 2026] GET /v2.0/ports?fields=security_groups&fields=device_id&device_id=adaf27ef-dbbd-4d86-ba83-8ee06f8e2137 => generated 123 bytes in 32 msecs (HTTP/1.1 200) 4 headers in 157 bytes (1 switches on core 0) [pid: 8|app: 0|req: 1229/2568] 10.0.0.113 () {34 vars in 1040 bytes} [Fri Jul 10 01:10:40 2026] GET /v2.0/security-groups?id=8b90ceb7-d9ba-4ca3-b2e6-af8cd2c161f2&fields=id&fields=name => generated 112 bytes in 30 msecs (HTTP/1.1 200) 4 headers in 157 bytes (1 switches on core 0)
2026-07-10 01:10:41.057 7 INFO neutron.db.ovn_revision_numbers_db [req-a85de526-9e6f-45e6-808b-cec5d6529568 req-639e4fdd-6a4c-49e4-8ca2-de29f3d76979 6c716197b3654f2bac79ad19cba907fd 852ad09ed4fc4c00a47de11d5c387436 - - 6948e355b4a64b09880a2f37cdc3243a 6948e355b4a64b09880a2f37cdc3243a] Successfully bumped revision number for resource 12f1d5cc-6309-4d71-98c0-b75cef59f4ef (type: ports) to 2
2026-07-10 01:10:41.283 7 INFO neutron.db.ovn_revision_numbers_db [req-a85de526-9e6f-45e6-808b-cec5d6529568 req-639e4fdd-6a4c-49e4-8ca2-de29f3d76979 6c716197b3654f2bac79ad19cba907fd 852ad09ed4fc4c00a47de11d5c387436 - - 6948e355b4a64b09880a2f37cdc3243a 6948e355b4a64b09880a2f37cdc3243a] Successfully bumped revision number for resource 12f1d5cc-6309-4d71-98c0-b75cef59f4ef (type: ports) to 4 [pid: 7|app: 0|req: 1340/2569] 199.204.45.210 () {38 vars in 1028 bytes} [Fri Jul 10 01:10:40 2026] PUT /v2.0/ports/12f1d5cc-6309-4d71-98c0-b75cef59f4ef => generated 1455 bytes in 705 msecs (HTTP/1.1 200) 4 headers in 158 bytes (1 switches on core 0)
2026-07-10 01:10:41.388 7 INFO neutron.notifiers.nova [-] Nova event matching ['req-14bcb47c-3fa6-4926-b283-f8412221fcad'] response: {'name': 'network-changed', 'server_uuid': 'adaf27ef-dbbd-4d86-ba83-8ee06f8e2137', 'tag': '12f1d5cc-6309-4d71-98c0-b75cef59f4ef', 'status': 'completed', 'code': 200}
2026-07-10 01:10:41.875 7 WARNING neutron.plugins.ml2.drivers.ovn.mech_driver.ovsdb.ovn_client [None req-5777df37-f288-4d0c-9866-6d29b2397fb6 - - - - - -] No hosting information found for port 4c813bde-3a51-4b9d-94bc-f55337f3e3b1: RuntimeError: No hosting information found for port 4c813bde-3a51-4b9d-94bc-f55337f3e3b1
2026-07-10 01:10:41.911 7 INFO neutron.common.ovn.utils [None req-5777df37-f288-4d0c-9866-6d29b2397fb6 - - - - - -] HA Chassis Group neutron-2b0d8832-626f-4126-bd3f-cc926bea129a synchronized; highest priority chassis 22ab7a0a-6038-4ce8-be50-c938d9462415 [pid: 8|app: 0|req: 1230/2571] 199.204.45.210 () {34 vars in 1080 bytes} [Fri Jul 10 01:10:41 2026] GET /v2.0/ports?tenant_id=793d78180462449391e6a8f0c66fd59e&device_id=adaf27ef-dbbd-4d86-ba83-8ee06f8e2137 => generated 1458 bytes in 61 msecs (HTTP/1.1 200) 4 headers in 158 bytes (1 switches on core 0)
2026-07-10 01:10:42.029 7 INFO neutron.db.ovn_revision_numbers_db [None req-5777df37-f288-4d0c-9866-6d29b2397fb6 - - - - - -] Successfully bumped revision number for resource 4c813bde-3a51-4b9d-94bc-f55337f3e3b1 (type: router_ports) to 2
2026-07-10 01:10:42.029 7 INFO neutron.plugins.ml2.drivers.ovn.mech_driver.mech_driver [None req-5777df37-f288-4d0c-9866-6d29b2397fb6 - - - - - -] OVN reports status down for port: 196896f6-326f-426c-9a43-33e9503b9641 [pid: 8|app: 0|req: 1231/2573] 199.204.45.210 () {34 vars in 1018 bytes} [Fri Jul 10 01:10:41 2026] GET /v2.0/networks?tenant_id=793d78180462449391e6a8f0c66fd59e&shared=False => generated 2498 bytes in 65 msecs (HTTP/1.1 200) 4 headers in 158 bytes (1 switches on core 0) /var/lib/openstack/lib/python3.12/site-packages/pycadf/identifier.py:70: UserWarning: Invalid uuid: neutron. To ensure interoperability, identifiers should be a valid uuid. warnings.warn(('Invalid uuid: %s. To ensure interoperability, ' [pid: 7|app: 0|req: 1343/2574] 199.204.45.210 () {34 vars in 930 bytes} [Fri Jul 10 01:10:42 2026] GET /v2.0/networks?shared=True => generated 791 bytes in 85 msecs (HTTP/1.1 200) 4 headers in 157 bytes (1 switches on core 0)
2026-07-10 01:10:42.137 7 WARNING neutron.plugins.ml2.drivers.ovn.mech_driver.ovsdb.ovn_client [None req-5777df37-f288-4d0c-9866-6d29b2397fb6 - - - - - -] Logical_Switch_Port 196896f6-326f-426c-9a43-33e9503b9641 host information not removed, the port state is up
2026-07-10 01:10:42.138 7 INFO neutron.plugins.ml2.drivers.ovn.mech_driver.mech_driver [None req-5777df37-f288-4d0c-9866-6d29b2397fb6 - - - - - -] OVN reports status up for port: 196896f6-326f-426c-9a43-33e9503b9641
2026-07-10 01:10:42.147 7 INFO neutron.plugins.ml2.plugin [None req-5777df37-f288-4d0c-9866-6d29b2397fb6 - - - - - -] Attempt 1 to provision port 196896f6-326f-426c-9a43-33e9503b9641
2026-07-10 01:10:42.513 7 INFO neutron.db.ovn_revision_numbers_db [None req-5777df37-f288-4d0c-9866-6d29b2397fb6 - - - - - -] Successfully bumped revision number for resource 196896f6-326f-426c-9a43-33e9503b9641 (type: ports) to 2 [pid: 8|app: 0|req: 1232/2575] 199.204.45.210 () {34 vars in 1080 bytes} [Fri Jul 10 01:10:43 2026] GET /v2.0/ports?tenant_id=793d78180462449391e6a8f0c66fd59e&device_id=adaf27ef-dbbd-4d86-ba83-8ee06f8e2137 => generated 1458 bytes in 41 msecs (HTTP/1.1 200) 4 headers in 158 bytes (1 switches on core 0) [pid: 7|app: 0|req: 1344/2576] 199.204.45.210 () {34 vars in 1058 bytes} [Fri Jul 10 01:10:43 2026] GET /v2.0/floatingips?fixed_ip_address=10.2.1.220&port_id=12f1d5cc-6309-4d71-98c0-b75cef59f4ef => generated 19 bytes in 23 msecs (HTTP/1.1 200) 4 headers in 156 bytes (1 switches on core 0) [pid: 8|app: 0|req: 1233/2577] 199.204.45.210 () {34 vars in 1104 bytes} [Fri Jul 10 01:10:43 2026] GET /v2.0/floatingips?fixed_ip_address=fd7b%3Af9f7%3Afff%3A4eca%3A%3A1bd&port_id=12f1d5cc-6309-4d71-98c0-b75cef59f4ef => generated 19 bytes in 17 msecs (HTTP/1.1 200) 4 headers in 156 bytes (1 switches on core 0) [pid: 7|app: 0|req: 1345/2578] 199.204.45.210 () {34 vars in 1064 bytes} [Fri Jul 10 01:10:43 2026] GET /v2.0/subnets?id=f5493278-6ffc-4688-856d-fbddac500476&id=9ee756e1-a9c0-426a-8105-bd7274b5268a => generated 1411 bytes in 35 msecs (HTTP/1.1 200) 4 headers in 158 bytes (1 switches on core 0) [pid: 8|app: 0|req: 1234/2579] 199.204.45.210 () {34 vars in 1052 bytes} [Fri Jul 10 01:10:43 2026] GET /v2.0/ports?network_id=2b0d8832-626f-4126-bd3f-cc926bea129a&device_owner=network%3Adhcp => generated 12 bytes in 19 msecs (HTTP/1.1 200) 4 headers in 156 bytes (1 switches on core 0) [pid: 7|app: 0|req: 1346/2580] 199.204.45.210 () {34 vars in 1052 bytes} [Fri Jul 10 01:10:43 2026] GET /v2.0/ports?network_id=2b0d8832-626f-4126-bd3f-cc926bea129a&device_owner=network%3Adhcp => generated 12 bytes in 25 msecs (HTTP/1.1 200) 4 headers in 156 bytes (1 switches on core 0) [pid: 8|app: 0|req: 1235/2581] 199.204.45.210 () {34 vars in 1012 bytes} [Fri Jul 10 01:10:43 2026] GET /v2.0/networks/2b0d8832-626f-4126-bd3f-cc926bea129a?fields=segments => generated 14 bytes in 36 msecs (HTTP/1.1 200) 4 headers in 156 bytes (1 switches on core 0) [pid: 7|app: 0|req: 1347/2582] 199.204.45.210 () {34 vars in 1112 bytes} [Fri Jul 10 01:10:43 2026] GET /v2.0/networks/2b0d8832-626f-4126-bd3f-cc926bea129a?fields=provider%3Aphysical_network&fields=provider%3Anetwork_type => generated 79 bytes in 45 msecs (HTTP/1.1 200) 4 headers in 156 bytes (1 switches on core 0) [pid: 8|app: 0|req: 1236/2583] 10.0.0.113 () {34 vars in 1070 bytes} [Fri Jul 10 01:10:45 2026] GET /v2.0/ports?fields=security_groups&fields=device_id&device_id=adaf27ef-dbbd-4d86-ba83-8ee06f8e2137 => generated 123 bytes in 85 msecs (HTTP/1.1 200) 4 headers in 157 bytes (1 switches on core 0) [pid: 7|app: 0|req: 1348/2584] 10.0.0.113 () {34 vars in 1040 bytes} [Fri Jul 10 01:10:46 2026] GET /v2.0/security-groups?id=8b90ceb7-d9ba-4ca3-b2e6-af8cd2c161f2&fields=id&fields=name => generated 112 bytes in 42 msecs (HTTP/1.1 200) 4 headers in 157 bytes (1 switches on core 0)
