2026-07-10 01:07:34.693 7 WARNING neutron.db.securitygroups_db [None req-054e9587-7a98-4fd1-99ba-e71e0f96636c 2f18755ed4c449138d06bb6800267a88 ff32b370bb2a409bb219cd0898acab6f - - default default] project_id key not found in filters, using tenant_id instead. This support has been deprecated and will be removed in a future release.
2026-07-10 01:07:34.815 7 INFO neutron.db.ovn_revision_numbers_db [None req-054e9587-7a98-4fd1-99ba-e71e0f96636c 2f18755ed4c449138d06bb6800267a88 ff32b370bb2a409bb219cd0898acab6f - - default default] Successfully bumped revision number for resource 1f70785e-e888-4e89-8bcc-1a5d3656f595 (type: security_groups) to 1
2026-07-10 01:07:34.831 7 INFO neutron.db.ovn_revision_numbers_db [None req-054e9587-7a98-4fd1-99ba-e71e0f96636c 2f18755ed4c449138d06bb6800267a88 ff32b370bb2a409bb219cd0898acab6f - - default default] Successfully bumped revision number for resource 1a192095-bd77-4bc9-bf6c-bef0aa4f4edb (type: security_group_rules) to 0
2026-07-10 01:07:34.849 7 INFO neutron.db.ovn_revision_numbers_db [None req-054e9587-7a98-4fd1-99ba-e71e0f96636c 2f18755ed4c449138d06bb6800267a88 ff32b370bb2a409bb219cd0898acab6f - - default default] Successfully bumped revision number for resource 21f61870-070c-4798-a270-f1ff47c5c257 (type: security_group_rules) to 0
2026-07-10 01:07:34.870 7 INFO neutron.db.ovn_revision_numbers_db [None req-054e9587-7a98-4fd1-99ba-e71e0f96636c 2f18755ed4c449138d06bb6800267a88 ff32b370bb2a409bb219cd0898acab6f - - default default] Successfully bumped revision number for resource 78b5ee74-8fb0-4c42-8373-1f576298c38b (type: security_group_rules) to 0
2026-07-10 01:07:34.896 7 INFO neutron.db.ovn_revision_numbers_db [None req-054e9587-7a98-4fd1-99ba-e71e0f96636c 2f18755ed4c449138d06bb6800267a88 ff32b370bb2a409bb219cd0898acab6f - - default default] Successfully bumped revision number for resource e5003b21-0470-4e47-a9bb-6cfcf01724cf (type: security_group_rules) to 0 [pid: 7|app: 0|req: 808/1481] 10.0.0.38 () {32 vars in 773 bytes} [Fri Jul 10 01:07:34 2026] GET /v2.0/security-groups?tenant_id=0d0e6e0996044979b2b351edf2fa9ac3&name=default => generated 2925 bytes in 338 msecs (HTTP/1.1 200) 4 headers in 158 bytes (1 switches on core 0) [pid: 8|app: 0|req: 674/1482] 10.0.0.38 () {32 vars in 739 bytes} [Fri Jul 10 01:07:34 2026] DELETE /v2.0/security-groups/1f70785e-e888-4e89-8bcc-1a5d3656f595 => generated 0 bytes in 208 msecs (HTTP/1.1 204) 2 headers in 112 bytes (1 switches on core 0)
2026-07-10 01:07:35.908 7 INFO neutron.db.ovn_revision_numbers_db [None req-7ec662a3-46d7-474f-8395-ba83b8c17051 4a4be8f839574c1ab27692fc2fca3af4 416b5c7620cb48e19059af8a02b3e68b - - default default] Successfully bumped revision number for resource c96233ea-781a-4e3c-9b85-171590751647 (type: security_groups) to 1
2026-07-10 01:07:35.920 7 INFO neutron.db.ovn_revision_numbers_db [None req-7ec662a3-46d7-474f-8395-ba83b8c17051 4a4be8f839574c1ab27692fc2fca3af4 416b5c7620cb48e19059af8a02b3e68b - - default default] Successfully bumped revision number for resource 32f89d4e-9d92-41c0-99bf-e814c15a6326 (type: security_group_rules) to 0
2026-07-10 01:07:35.933 7 INFO neutron.db.ovn_revision_numbers_db [None req-7ec662a3-46d7-474f-8395-ba83b8c17051 4a4be8f839574c1ab27692fc2fca3af4 416b5c7620cb48e19059af8a02b3e68b - - default default] Successfully bumped revision number for resource 69b0b0e7-cfcc-4cfe-93d7-0c5715b3961d (type: security_group_rules) to 0
2026-07-10 01:07:35.947 7 INFO neutron.db.ovn_revision_numbers_db [None req-7ec662a3-46d7-474f-8395-ba83b8c17051 4a4be8f839574c1ab27692fc2fca3af4 416b5c7620cb48e19059af8a02b3e68b - - default default] Successfully bumped revision number for resource c708f102-e42f-4938-8be4-a6d562d24c98 (type: security_group_rules) to 0
2026-07-10 01:07:35.960 7 INFO neutron.db.ovn_revision_numbers_db [None req-7ec662a3-46d7-474f-8395-ba83b8c17051 4a4be8f839574c1ab27692fc2fca3af4 416b5c7620cb48e19059af8a02b3e68b - - default default] Successfully bumped revision number for resource f40fa7a2-d951-4f39-89c1-72f804183ba3 (type: security_group_rules) to 0
2026-07-10 01:07:36.038 7 INFO neutron.db.segments_db [None req-7ec662a3-46d7-474f-8395-ba83b8c17051 4a4be8f839574c1ab27692fc2fca3af4 416b5c7620cb48e19059af8a02b3e68b - - default default] Added segment e0bb899b-405c-4196-96b7-a0f3d97bd904 of type geneve for network d813cad5-4e3a-466a-b1b5-87c13e9a76e8
2026-07-10 01:07:36.164 7 INFO neutron.db.ovn_revision_numbers_db [None req-7ec662a3-46d7-474f-8395-ba83b8c17051 4a4be8f839574c1ab27692fc2fca3af4 416b5c7620cb48e19059af8a02b3e68b - - default default] Successfully bumped revision number for resource d813cad5-4e3a-466a-b1b5-87c13e9a76e8 (type: networks) to 1
2026-07-10 01:07:36.319 7 WARNING neutron.scheduler.dhcp_agent_scheduler [None req-7ec662a3-46d7-474f-8395-ba83b8c17051 4a4be8f839574c1ab27692fc2fca3af4 416b5c7620cb48e19059af8a02b3e68b - - default default] No more DHCP agents
2026-07-10 01:07:36.320 7 WARNING neutron.api.rpc.agentnotifiers.dhcp_rpc_agent_api [None req-7ec662a3-46d7-474f-8395-ba83b8c17051 4a4be8f839574c1ab27692fc2fca3af4 416b5c7620cb48e19059af8a02b3e68b - - default default] Unable to schedule network d813cad5-4e3a-466a-b1b5-87c13e9a76e8: no agents available; will retry on subsequent port and subnet creation events.
2026-07-10 01:07:36.372 8 INFO neutron.plugins.ml2.drivers.ovn.mech_driver.mech_driver [None req-dc14c443-293f-443b-814b-2de992d35077 - - - - - -] OVN reports status down for port: 13dce19d-c80d-416b-9cc8-5fbda018c3e7
2026-07-10 01:07:36.405 7 INFO neutron.db.ovn_revision_numbers_db [None req-7ec662a3-46d7-474f-8395-ba83b8c17051 4a4be8f839574c1ab27692fc2fca3af4 416b5c7620cb48e19059af8a02b3e68b - - default default] Successfully bumped revision number for resource 13dce19d-c80d-416b-9cc8-5fbda018c3e7 (type: ports) to 1 [pid: 7|app: 0|req: 809/1483] 10.0.0.38 () {34 vars in 670 bytes} [Fri Jul 10 01:07:35 2026] POST /v2.0/networks => generated 671 bytes in 795 msecs (HTTP/1.1 201) 4 headers in 162 bytes (1 switches on core 0)
2026-07-10 01:07:36.874 8 WARNING neutron.scheduler.dhcp_agent_scheduler [None req-a034877a-0409-4766-af7a-397814d66e3f 4a4be8f839574c1ab27692fc2fca3af4 416b5c7620cb48e19059af8a02b3e68b - - default default] No more DHCP agents
2026-07-10 01:07:36.877 8 WARNING neutron.api.rpc.agentnotifiers.dhcp_rpc_agent_api [None req-a034877a-0409-4766-af7a-397814d66e3f 4a4be8f839574c1ab27692fc2fca3af4 416b5c7620cb48e19059af8a02b3e68b - - default default] Unable to schedule network eae92309-f94b-432e-8f5f-2514d5979199: no agents available; will retry on subsequent port and subnet creation events.
2026-07-10 01:07:37.024 8 INFO neutron.plugins.ml2.drivers.ovn.mech_driver.mech_driver [None req-dc14c443-293f-443b-814b-2de992d35077 - - - - - -] OVN reports status down for port: ca89dcc8-11dd-4966-9e74-7e485e6c5b63
2026-07-10 01:07:37.106 8 INFO neutron.db.ovn_revision_numbers_db [None req-a034877a-0409-4766-af7a-397814d66e3f 4a4be8f839574c1ab27692fc2fca3af4 416b5c7620cb48e19059af8a02b3e68b - - default default] Successfully bumped revision number for resource ca89dcc8-11dd-4966-9e74-7e485e6c5b63 (type: ports) to 1
2026-07-10 01:07:37.209 7 INFO neutron.db.ovn_revision_numbers_db [None req-e8419fda-7396-41fd-ab4e-a3d77071fd64 fae8dadb2ec5421f8930b35eccaff946 2e2bfb4fcae5417dae68af0f64443175 - - default default] Successfully bumped revision number for resource 512b61b7-01d1-4dc2-9e7b-51ec5822f0f2 (type: security_groups) to 1
2026-07-10 01:07:37.226 7 INFO neutron.db.ovn_revision_numbers_db [None req-e8419fda-7396-41fd-ab4e-a3d77071fd64 fae8dadb2ec5421f8930b35eccaff946 2e2bfb4fcae5417dae68af0f64443175 - - default default] Successfully bumped revision number for resource 588315cb-03cd-4a4d-9dc0-df3449bbda7e (type: security_group_rules) to 0
2026-07-10 01:07:37.249 7 INFO neutron.db.ovn_revision_numbers_db [None req-e8419fda-7396-41fd-ab4e-a3d77071fd64 fae8dadb2ec5421f8930b35eccaff946 2e2bfb4fcae5417dae68af0f64443175 - - default default] Successfully bumped revision number for resource e487b02c-20ac-41eb-83d4-317a2264b600 (type: security_group_rules) to 0
2026-07-10 01:07:37.265 7 INFO neutron.db.ovn_revision_numbers_db [None req-e8419fda-7396-41fd-ab4e-a3d77071fd64 fae8dadb2ec5421f8930b35eccaff946 2e2bfb4fcae5417dae68af0f64443175 - - default default] Successfully bumped revision number for resource eda0a72c-42c9-459d-99bb-2cce9be08b31 (type: security_group_rules) to 0
2026-07-10 01:07:37.281 7 INFO neutron.db.ovn_revision_numbers_db [None req-e8419fda-7396-41fd-ab4e-a3d77071fd64 fae8dadb2ec5421f8930b35eccaff946 2e2bfb4fcae5417dae68af0f64443175 - - default default] Successfully bumped revision number for resource ff3b51a1-f6c5-42ef-bd59-878345bb0ebb (type: security_group_rules) to 0
2026-07-10 01:07:37.391 7 INFO neutron.db.segments_db [None req-e8419fda-7396-41fd-ab4e-a3d77071fd64 fae8dadb2ec5421f8930b35eccaff946 2e2bfb4fcae5417dae68af0f64443175 - - default default] Added segment e7b6e9cb-93ac-48b8-81d6-5337eacbfbd5 of type geneve for network 727217b0-6138-4c41-9c0c-c676c4ebaf48
2026-07-10 01:07:37.515 7 INFO neutron.db.ovn_revision_numbers_db [None req-e8419fda-7396-41fd-ab4e-a3d77071fd64 fae8dadb2ec5421f8930b35eccaff946 2e2bfb4fcae5417dae68af0f64443175 - - default default] Successfully bumped revision number for resource 727217b0-6138-4c41-9c0c-c676c4ebaf48 (type: networks) to 1
2026-07-10 01:07:37.694 7 WARNING neutron.scheduler.dhcp_agent_scheduler [None req-e8419fda-7396-41fd-ab4e-a3d77071fd64 fae8dadb2ec5421f8930b35eccaff946 2e2bfb4fcae5417dae68af0f64443175 - - default default] No more DHCP agents
2026-07-10 01:07:37.695 7 WARNING neutron.api.rpc.agentnotifiers.dhcp_rpc_agent_api [None req-e8419fda-7396-41fd-ab4e-a3d77071fd64 fae8dadb2ec5421f8930b35eccaff946 2e2bfb4fcae5417dae68af0f64443175 - - default default] Unable to schedule network 727217b0-6138-4c41-9c0c-c676c4ebaf48: no agents available; will retry on subsequent port and subnet creation events.
2026-07-10 01:07:37.771 8 INFO neutron.plugins.ml2.drivers.ovn.mech_driver.mech_driver [None req-dc14c443-293f-443b-814b-2de992d35077 - - - - - -] OVN reports status down for port: 0f998326-8827-4f85-a247-140ffcb974f8
2026-07-10 01:07:37.785 7 INFO neutron.db.ovn_revision_numbers_db [None req-e8419fda-7396-41fd-ab4e-a3d77071fd64 fae8dadb2ec5421f8930b35eccaff946 2e2bfb4fcae5417dae68af0f64443175 - - default default] Successfully bumped revision number for resource 0f998326-8827-4f85-a247-140ffcb974f8 (type: ports) to 1 [pid: 7|app: 0|req: 810/1484] 10.0.0.38 () {34 vars in 669 bytes} [Fri Jul 10 01:07:36 2026] POST /v2.0/networks => generated 685 bytes in 927 msecs (HTTP/1.1 201) 4 headers in 162 bytes (1 switches on core 0)
2026-07-10 01:07:37.941 8 INFO neutron.plugins.ml2.drivers.ovn.mech_driver.ovsdb.ovsdb_monitor [None req-0f86613d-54c3-472d-927d-95925217f8fe - - - - - -] Router d9722793-8a2b-479b-a805-6c46c4bc1834 is bound to host instance
2026-07-10 01:07:38.043 8 INFO neutron.plugins.ml2.drivers.ovn.mech_driver.mech_driver [None req-dc14c443-293f-443b-814b-2de992d35077 - - - - - -] OVN reports status up for port: ca89dcc8-11dd-4966-9e74-7e485e6c5b63
2026-07-10 01:07:38.077 8 INFO neutron.db.ovn_revision_numbers_db [None req-a034877a-0409-4766-af7a-397814d66e3f 4a4be8f839574c1ab27692fc2fca3af4 416b5c7620cb48e19059af8a02b3e68b - - default default] Successfully bumped revision number for resource ca89dcc8-11dd-4966-9e74-7e485e6c5b63 (type: router_ports) to 1
2026-07-10 01:07:38.078 8 INFO neutron.plugins.ml2.plugin [None req-dc14c443-293f-443b-814b-2de992d35077 - - - - - -] Attempt 1 to provision port ca89dcc8-11dd-4966-9e74-7e485e6c5b63
2026-07-10 01:07:38.152 7 WARNING neutron.db.securitygroups_db [None req-c2d21a4b-b7b9-4623-aa9a-4dff5d707127 2f18755ed4c449138d06bb6800267a88 ff32b370bb2a409bb219cd0898acab6f - - default default] project_id key not found in filters, using tenant_id instead. This support has been deprecated and will be removed in a future release.
2026-07-10 01:07:38.289 7 INFO neutron.db.ovn_revision_numbers_db [None req-c2d21a4b-b7b9-4623-aa9a-4dff5d707127 2f18755ed4c449138d06bb6800267a88 ff32b370bb2a409bb219cd0898acab6f - - default default] Successfully bumped revision number for resource 79897023-b2aa-4130-b33b-99e06624ec1f (type: security_groups) to 1
2026-07-10 01:07:38.301 7 INFO neutron.db.ovn_revision_numbers_db [None req-c2d21a4b-b7b9-4623-aa9a-4dff5d707127 2f18755ed4c449138d06bb6800267a88 ff32b370bb2a409bb219cd0898acab6f - - default default] Successfully bumped revision number for resource 1b13343b-4ccb-48af-a574-654c896fbe03 (type: security_group_rules) to 0
2026-07-10 01:07:38.308 8 INFO neutron.db.ovn_revision_numbers_db [None req-a034877a-0409-4766-af7a-397814d66e3f 4a4be8f839574c1ab27692fc2fca3af4 416b5c7620cb48e19059af8a02b3e68b - - default default] Successfully bumped revision number for resource d9722793-8a2b-479b-a805-6c46c4bc1834 (type: routers) to 2
2026-07-10 01:07:38.317 7 INFO neutron.db.ovn_revision_numbers_db [None req-c2d21a4b-b7b9-4623-aa9a-4dff5d707127 2f18755ed4c449138d06bb6800267a88 ff32b370bb2a409bb219cd0898acab6f - - default default] Successfully bumped revision number for resource 3122b206-8a4c-422a-b643-0f4f6758df43 (type: security_group_rules) to 0
2026-07-10 01:07:38.333 7 INFO neutron.db.ovn_revision_numbers_db [None req-c2d21a4b-b7b9-4623-aa9a-4dff5d707127 2f18755ed4c449138d06bb6800267a88 ff32b370bb2a409bb219cd0898acab6f - - default default] Successfully bumped revision number for resource 76bcb70d-a9e7-45bc-ac34-c5441da32685 (type: security_group_rules) to 0
2026-07-10 01:07:38.349 7 INFO neutron.db.ovn_revision_numbers_db [None req-c2d21a4b-b7b9-4623-aa9a-4dff5d707127 2f18755ed4c449138d06bb6800267a88 ff32b370bb2a409bb219cd0898acab6f - - default default] Successfully bumped revision number for resource 82edeec1-4e7f-4e34-8141-9370ce161c1b (type: security_group_rules) to 0 [pid: 8|app: 0|req: 675/1485] 10.0.0.38 () {34 vars in 668 bytes} [Fri Jul 10 01:07:36 2026] POST /v2.0/routers => generated 975 bytes in 1927 msecs (HTTP/1.1 201) 4 headers in 162 bytes (1 switches on core 0) [pid: 7|app: 0|req: 811/1486] 10.0.0.38 () {32 vars in 773 bytes} [Fri Jul 10 01:07:38 2026] GET /v2.0/security-groups?tenant_id=46154630b3524c198fde78d6e300f924&name=default => generated 2925 bytes in 394 msecs (HTTP/1.1 200) 4 headers in 158 bytes (1 switches on core 0) [pid: 7|app: 0|req: 812/1487] 10.0.0.38 () {32 vars in 775 bytes} [Fri Jul 10 01:07:38 2026] GET /v2.0/subnets?project_id=416b5c7620cb48e19059af8a02b3e68b&cidr=10.100.0.0%2F28 => generated 14 bytes in 143 msecs (HTTP/1.1 200) 4 headers in 156 bytes (1 switches on core 0)
2026-07-10 01:07:38.742 8 WARNING neutron.scheduler.dhcp_agent_scheduler [None req-438fdf43-eea8-4c53-bc15-511d45a07e73 fae8dadb2ec5421f8930b35eccaff946 2e2bfb4fcae5417dae68af0f64443175 - - default default] No more DHCP agents
2026-07-10 01:07:38.746 8 WARNING neutron.api.rpc.agentnotifiers.dhcp_rpc_agent_api [None req-438fdf43-eea8-4c53-bc15-511d45a07e73 fae8dadb2ec5421f8930b35eccaff946 2e2bfb4fcae5417dae68af0f64443175 - - default default] Unable to schedule network 727217b0-6138-4c41-9c0c-c676c4ebaf48: no agents available; will retry on subsequent port and subnet creation events. [pid: 7|app: 0|req: 813/1488] 10.0.0.38 () {32 vars in 739 bytes} [Fri Jul 10 01:07:38 2026] DELETE /v2.0/security-groups/79897023-b2aa-4130-b33b-99e06624ec1f => generated 0 bytes in 207 msecs (HTTP/1.1 204) 2 headers in 112 bytes (1 switches on core 0)
2026-07-10 01:07:38.797 8 INFO neutron.db.ovn_revision_numbers_db [None req-438fdf43-eea8-4c53-bc15-511d45a07e73 fae8dadb2ec5421f8930b35eccaff946 2e2bfb4fcae5417dae68af0f64443175 - - default default] Successfully bumped revision number for resource a5ff060f-2d9f-4ca7-9120-bce18e099578 (type: subnets) to 0 [pid: 7|app: 0|req: 814/1489] 10.0.0.38 () {32 vars in 693 bytes} [Fri Jul 10 01:07:38 2026] GET /v2.0/networks?router%3Aexternal=True => generated 791 bytes in 59 msecs (HTTP/1.1 200) 4 headers in 157 bytes (1 switches on core 0) [pid: 8|app: 0|req: 676/1490] 10.0.0.38 () {34 vars in 668 bytes} [Fri Jul 10 01:07:38 2026] POST /v2.0/subnets => generated 673 bytes in 473 msecs (HTTP/1.1 201) 4 headers in 162 bytes (1 switches on core 0) [pid: 7|app: 0|req: 815/1491] 10.0.0.38 () {32 vars in 783 bytes} [Fri Jul 10 01:07:38 2026] GET /v2.0/subnets?network_id=eae92309-f94b-432e-8f5f-2514d5979199&cidr=10.100.0.0%2F28 => generated 14 bytes in 22 msecs (HTTP/1.1 200) 4 headers in 156 bytes (1 switches on core 0)
2026-07-10 01:07:38.990 8 INFO neutron.db.segments_db [None req-122e7e5c-0955-4ec8-bb44-3504c6cfd107 fae8dadb2ec5421f8930b35eccaff946 2e2bfb4fcae5417dae68af0f64443175 - - default default] Added segment 571e49e0-70de-4d7c-a4a5-371808c1a372 of type geneve for network 43456cdc-44d5-4a37-acd0-af22f1dfd511
2026-07-10 01:07:39.021 7 WARNING neutron.scheduler.dhcp_agent_scheduler [None req-c15df616-6b2e-4f20-b92c-894b98063373 4a4be8f839574c1ab27692fc2fca3af4 416b5c7620cb48e19059af8a02b3e68b - - default default] No more DHCP agents
2026-07-10 01:07:39.023 7 WARNING neutron.api.rpc.agentnotifiers.dhcp_rpc_agent_api [None req-c15df616-6b2e-4f20-b92c-894b98063373 4a4be8f839574c1ab27692fc2fca3af4 416b5c7620cb48e19059af8a02b3e68b - - default default] Unable to schedule network d813cad5-4e3a-466a-b1b5-87c13e9a76e8: no agents available; will retry on subsequent port and subnet creation events.
2026-07-10 01:07:39.228 8 INFO neutron.db.ovn_revision_numbers_db [None req-122e7e5c-0955-4ec8-bb44-3504c6cfd107 fae8dadb2ec5421f8930b35eccaff946 2e2bfb4fcae5417dae68af0f64443175 - - default default] Successfully bumped revision number for resource 43456cdc-44d5-4a37-acd0-af22f1dfd511 (type: networks) to 1
2026-07-10 01:07:39.486 7 INFO neutron.db.ovn_revision_numbers_db [None req-c15df616-6b2e-4f20-b92c-894b98063373 4a4be8f839574c1ab27692fc2fca3af4 416b5c7620cb48e19059af8a02b3e68b - - default default] Successfully bumped revision number for resource 13dce19d-c80d-416b-9cc8-5fbda018c3e7 (type: ports) to 2
2026-07-10 01:07:39.525 7 INFO neutron.db.ovn_revision_numbers_db [None req-c15df616-6b2e-4f20-b92c-894b98063373 4a4be8f839574c1ab27692fc2fca3af4 416b5c7620cb48e19059af8a02b3e68b - - default default] Successfully bumped revision number for resource c3fc0002-115d-461c-9683-449df7819074 (type: subnets) to 0
2026-07-10 01:07:39.529 8 WARNING neutron.scheduler.dhcp_agent_scheduler [None req-122e7e5c-0955-4ec8-bb44-3504c6cfd107 fae8dadb2ec5421f8930b35eccaff946 2e2bfb4fcae5417dae68af0f64443175 - - default default] No more DHCP agents
2026-07-10 01:07:39.533 8 WARNING neutron.api.rpc.agentnotifiers.dhcp_rpc_agent_api [None req-122e7e5c-0955-4ec8-bb44-3504c6cfd107 fae8dadb2ec5421f8930b35eccaff946 2e2bfb4fcae5417dae68af0f64443175 - - default default] Unable to schedule network 43456cdc-44d5-4a37-acd0-af22f1dfd511: no agents available; will retry on subsequent port and subnet creation events. [pid: 7|app: 0|req: 816/1492] 10.0.0.38 () {34 vars in 668 bytes} [Fri Jul 10 01:07:38 2026] POST /v2.0/subnets => generated 657 bytes in 691 msecs (HTTP/1.1 201) 4 headers in 162 bytes (1 switches on core 0)
2026-07-10 01:07:39.687 8 INFO neutron.db.ovn_revision_numbers_db [None req-122e7e5c-0955-4ec8-bb44-3504c6cfd107 fae8dadb2ec5421f8930b35eccaff946 2e2bfb4fcae5417dae68af0f64443175 - - default default] Successfully bumped revision number for resource c17fe12b-1109-4be3-b4c4-ecfd3ad6afac (type: ports) to 1
2026-07-10 01:07:39.693 8 INFO neutron.db.ovn_revision_numbers_db [None req-7507297b-f05c-4286-83a7-7099244fa51d - - - - - -] Successfully bumped revision number for resource ca89dcc8-11dd-4966-9e74-7e485e6c5b63 (type: ports) to 4 [pid: 8|app: 0|req: 677/1493] 10.0.0.38 () {34 vars in 669 bytes} [Fri Jul 10 01:07:38 2026] POST /v2.0/networks => generated 686 bytes in 892 msecs (HTTP/1.1 201) 4 headers in 162 bytes (1 switches on core 0)
2026-07-10 01:07:40.011 8 INFO neutron.db.ovn_revision_numbers_db [None req-1138bc5d-c55d-4a7c-8245-a18aef1f6cc5 fae8dadb2ec5421f8930b35eccaff946 2e2bfb4fcae5417dae68af0f64443175 - - default default] Successfully bumped revision number for resource 43456cdc-44d5-4a37-acd0-af22f1dfd511 (type: networks) to 2 [pid: 8|app: 0|req: 678/1494] 10.0.0.38 () {34 vars in 742 bytes} [Fri Jul 10 01:07:39 2026] PUT /v2.0/networks/43456cdc-44d5-4a37-acd0-af22f1dfd511 => generated 636 bytes in 296 msecs (HTTP/1.1 200) 4 headers in 157 bytes (1 switches on core 0)
2026-07-10 01:07:40.129 7 WARNING neutron.scheduler.dhcp_agent_scheduler [None req-8664a1eb-15f4-4ad5-a071-6a7517667765 4a4be8f839574c1ab27692fc2fca3af4 416b5c7620cb48e19059af8a02b3e68b - - default default] No more DHCP agents
2026-07-10 01:07:40.131 7 WARNING neutron.api.rpc.agentnotifiers.dhcp_rpc_agent_api [None req-8664a1eb-15f4-4ad5-a071-6a7517667765 4a4be8f839574c1ab27692fc2fca3af4 416b5c7620cb48e19059af8a02b3e68b - - default default] Unable to schedule network d813cad5-4e3a-466a-b1b5-87c13e9a76e8: no agents available; will retry on subsequent port and subnet creation events.
2026-07-10 01:07:40.297 7 INFO neutron.db.ovn_revision_numbers_db [None req-8664a1eb-15f4-4ad5-a071-6a7517667765 4a4be8f839574c1ab27692fc2fca3af4 416b5c7620cb48e19059af8a02b3e68b - - default default] Successfully bumped revision number for resource 111d2cb2-291d-4ea9-bf86-b9705894dc65 (type: ports) to 1
2026-07-10 01:07:40.392 8 INFO neutron.db.ovn_revision_numbers_db [None req-7507297b-f05c-4286-83a7-7099244fa51d - - - - - -] Successfully bumped revision number for resource ca89dcc8-11dd-4966-9e74-7e485e6c5b63 (type: ports) to 5
2026-07-10 01:07:40.442 8 WARNING neutron.scheduler.dhcp_agent_scheduler [None req-a29e942a-52d6-4888-a91e-22e28c3b02e2 fae8dadb2ec5421f8930b35eccaff946 2e2bfb4fcae5417dae68af0f64443175 - - default default] No more DHCP agents
2026-07-10 01:07:40.445 8 WARNING neutron.api.rpc.agentnotifiers.dhcp_rpc_agent_api [None req-a29e942a-52d6-4888-a91e-22e28c3b02e2 fae8dadb2ec5421f8930b35eccaff946 2e2bfb4fcae5417dae68af0f64443175 - - default default] Unable to schedule network 43456cdc-44d5-4a37-acd0-af22f1dfd511: no agents available; will retry on subsequent port and subnet creation events.
2026-07-10 01:07:40.498 8 INFO neutron.db.ovn_revision_numbers_db [None req-a29e942a-52d6-4888-a91e-22e28c3b02e2 fae8dadb2ec5421f8930b35eccaff946 2e2bfb4fcae5417dae68af0f64443175 - - default default] Successfully bumped revision number for resource 290da3a6-5670-43a1-84f0-3450f5c33637 (type: subnets) to 0 [pid: 8|app: 0|req: 679/1495] 10.0.0.38 () {34 vars in 668 bytes} [Fri Jul 10 01:07:40 2026] POST /v2.0/subnets => generated 646 bytes in 490 msecs (HTTP/1.1 201) 4 headers in 162 bytes (1 switches on core 0)
2026-07-10 01:07:40.777 8 INFO neutron.plugins.ml2.drivers.ovn.mech_driver.mech_driver [None req-dc14c443-293f-443b-814b-2de992d35077 - - - - - -] OVN reports status down for port: c17fe12b-1109-4be3-b4c4-ecfd3ad6afac
2026-07-10 01:07:40.894 8 INFO neutron.plugins.ml2.drivers.ovn.mech_driver.mech_driver [None req-dc14c443-293f-443b-814b-2de992d35077 - - - - - -] OVN reports status down for port: 111d2cb2-291d-4ea9-bf86-b9705894dc65
2026-07-10 01:07:41.077 7 WARNING neutron.scheduler.dhcp_agent_scheduler [None req-8664a1eb-15f4-4ad5-a071-6a7517667765 4a4be8f839574c1ab27692fc2fca3af4 416b5c7620cb48e19059af8a02b3e68b - - default default] No more DHCP agents
2026-07-10 01:07:41.078 7 WARNING neutron.api.rpc.agentnotifiers.dhcp_rpc_agent_api [None req-8664a1eb-15f4-4ad5-a071-6a7517667765 4a4be8f839574c1ab27692fc2fca3af4 416b5c7620cb48e19059af8a02b3e68b - - default default] Unable to schedule network d813cad5-4e3a-466a-b1b5-87c13e9a76e8: no agents available; will retry on subsequent port and subnet creation events.
2026-07-10 01:07:41.080 8 WARNING neutron.plugins.ml2.drivers.ovn.mech_driver.ovsdb.ovn_client [None req-dc14c443-293f-443b-814b-2de992d35077 - - - - - -] Logical_Switch_Port 111d2cb2-291d-4ea9-bf86-b9705894dc65 host information not removed, the port state is up
2026-07-10 01:07:41.080 8 INFO neutron.plugins.ml2.drivers.ovn.mech_driver.mech_driver [None req-dc14c443-293f-443b-814b-2de992d35077 - - - - - -] OVN reports status up for port: 111d2cb2-291d-4ea9-bf86-b9705894dc65
2026-07-10 01:07:41.107 8 INFO neutron.plugins.ml2.plugin [None req-dc14c443-293f-443b-814b-2de992d35077 - - - - - -] Attempt 1 to provision port 111d2cb2-291d-4ea9-bf86-b9705894dc65
2026-07-10 01:07:41.707 8 INFO neutron.db.ovn_revision_numbers_db [None req-2704801c-cd39-4991-b332-fb49ac5bf265 fae8dadb2ec5421f8930b35eccaff946 2e2bfb4fcae5417dae68af0f64443175 - - default default] Successfully bumped revision number for resource c17fe12b-1109-4be3-b4c4-ecfd3ad6afac (type: ports) to 2
2026-07-10 01:07:41.828 8 INFO neutron.db.ovn_revision_numbers_db [None req-2704801c-cd39-4991-b332-fb49ac5bf265 fae8dadb2ec5421f8930b35eccaff946 2e2bfb4fcae5417dae68af0f64443175 - - default default] Successfully bumped revision number for resource 290da3a6-5670-43a1-84f0-3450f5c33637 (type: subnets) to 1 [pid: 8|app: 0|req: 680/1496] 10.0.0.38 () {34 vars in 740 bytes} [Fri Jul 10 01:07:40 2026] PUT /v2.0/subnets/290da3a6-5670-43a1-84f0-3450f5c33637 => generated 656 bytes in 1316 msecs (HTTP/1.1 200) 4 headers in 157 bytes (1 switches on core 0)
2026-07-10 01:07:41.921 7 INFO neutron.db.ovn_revision_numbers_db [None req-8664a1eb-15f4-4ad5-a071-6a7517667765 4a4be8f839574c1ab27692fc2fca3af4 416b5c7620cb48e19059af8a02b3e68b - - default default] Successfully bumped revision number for resource 111d2cb2-291d-4ea9-bf86-b9705894dc65 (type: router_ports) to 1 [pid: 7|app: 0|req: 817/1497] 10.0.0.38 () {34 vars in 782 bytes} [Fri Jul 10 01:07:39 2026] PUT /v2.0/routers/d9722793-8a2b-479b-a805-6c46c4bc1834/add_router_interface => generated 310 bytes in 2387 msecs (HTTP/1.1 200) 4 headers in 157 bytes (1 switches on core 0)
2026-07-10 01:07:41.948 7 INFO neutron.common.ovn.utils [None req-e8be4492-a212-49ec-b54c-19e6bf65c2c9 - - - - - -] HA Chassis Group neutron-d813cad5-4e3a-466a-b1b5-87c13e9a76e8 synchronized; highest priority chassis 22ab7a0a-6038-4ce8-be50-c938d9462415 [pid: 7|app: 0|req: 818/1498] 10.0.0.38 () {32 vars in 648 bytes} [Fri Jul 10 01:07:41 2026] GET /v2.0/networks => generated 4630 bytes in 54 msecs (HTTP/1.1 200) 4 headers in 158 bytes (1 switches on core 0)
2026-07-10 01:07:42.013 8 INFO neutron.db.ovn_revision_numbers_db [None req-dc14c443-293f-443b-814b-2de992d35077 - - - - - -] Successfully bumped revision number for resource 111d2cb2-291d-4ea9-bf86-b9705894dc65 (type: ports) to 2 [pid: 7|app: 0|req: 821/1501] 10.0.0.38 () {32 vars in 646 bytes} [Fri Jul 10 01:07:41 2026] GET /v2.0/subnets => generated 3318 bytes in 45 msecs (HTTP/1.1 200) 4 headers in 158 bytes (1 switches on core 0) [pid: 7|app: 0|req: 822/1502] 10.0.0.38 () {32 vars in 646 bytes} [Fri Jul 10 01:07:42 2026] GET /v2.0/routers => generated 996 bytes in 71 msecs (HTTP/1.1 200) 4 headers in 157 bytes (1 switches on core 0)
2026-07-10 01:07:42.175 8 INFO neutron_taas.services.taas.taas_plugin [None req-84380716-f44c-4b4f-b8a8-d969179f054b fae8dadb2ec5421f8930b35eccaff946 2e2bfb4fcae5417dae68af0f64443175 - - default default] TaaS: Handle Delete Port: c17fe12b-1109-4be3-b4c4-ecfd3ad6afac
2026-07-10 01:07:42.180 8 INFO neutron_taas.services.taas.tap_mirror_plugin [None req-84380716-f44c-4b4f-b8a8-d969179f054b fae8dadb2ec5421f8930b35eccaff946 2e2bfb4fcae5417dae68af0f64443175 - - default default] Tap Mirror: Handle Delete Port: c17fe12b-1109-4be3-b4c4-ecfd3ad6afac
2026-07-10 01:07:42.333 7 INFO neutron.db.ovn_revision_numbers_db [None req-0fb247f2-01c6-4a86-a002-1a7a063daa65 4a4be8f839574c1ab27692fc2fca3af4 416b5c7620cb48e19059af8a02b3e68b - - default default] Successfully bumped revision number for resource a90c16db-49a9-4210-95c0-e78301b74cb6 (type: security_groups) to 1
2026-07-10 01:07:42.345 7 INFO neutron.db.ovn_revision_numbers_db [None req-0fb247f2-01c6-4a86-a002-1a7a063daa65 4a4be8f839574c1ab27692fc2fca3af4 416b5c7620cb48e19059af8a02b3e68b - - default default] Successfully bumped revision number for resource 6cbb9b3e-5c11-468a-8cfc-f2c44e01cddd (type: security_group_rules) to 0
2026-07-10 01:07:42.356 7 INFO neutron.db.ovn_revision_numbers_db [None req-0fb247f2-01c6-4a86-a002-1a7a063daa65 4a4be8f839574c1ab27692fc2fca3af4 416b5c7620cb48e19059af8a02b3e68b - - default default] Successfully bumped revision number for resource aea30059-72fa-4ab2-b28b-518b16429d36 (type: security_group_rules) to 0 [pid: 7|app: 0|req: 823/1503] 10.0.0.38 () {34 vars in 684 bytes} [Fri Jul 10 01:07:42 2026] POST /v2.0/security-groups => generated 1673 bytes in 214 msecs (HTTP/1.1 201) 4 headers in 163 bytes (1 switches on core 0)
2026-07-10 01:07:42.457 8 INFO neutron.services.segments.plugin [-] Segment 571e49e0-70de-4d7c-a4a5-371808c1a372 resource provider aggregate not found
2026-07-10 01:07:42.461 8 INFO neutron.services.segments.plugin [-] Segment 571e49e0-70de-4d7c-a4a5-371808c1a372 resource provider aggregate not found
2026-07-10 01:07:42.477 8 INFO neutron.services.segments.plugin [-] Client error retrieving segment 571e49e0-70de-4d7c-a4a5-371808c1a372 resource provider; error: Placement Client Error (4xx): {"errors": [{"status": 404, "title": "Not Found", "detail": "The resource could not be found.\n\n No resource provider with uuid 571e49e0-70de-4d7c-a4a5-371808c1a372 found for delete ", "request_id": "req-dd4a6f7b-9ece-489a-894f-db4a427fd979"}]}
2026-07-10 01:07:42.480 8 INFO neutron.services.segments.plugin [-] Client error retrieving segment 571e49e0-70de-4d7c-a4a5-371808c1a372 resource provider; error: Placement Client Error (4xx): {"errors": [{"status": 404, "title": "Not Found", "detail": "The resource could not be found.\n\n No resource provider with uuid 571e49e0-70de-4d7c-a4a5-371808c1a372 found for delete ", "request_id": "req-bbb9b4c9-bb7e-48e5-8c73-a25524a6a4e4"}]} [pid: 8|app: 0|req: 681/1504] 10.0.0.38 () {32 vars in 725 bytes} [Fri Jul 10 01:07:41 2026] DELETE /v2.0/networks/43456cdc-44d5-4a37-acd0-af22f1dfd511 => generated 0 bytes in 650 msecs (HTTP/1.1 204) 3 headers in 131 bytes (1 switches on core 0)
2026-07-10 01:07:42.508 8 INFO neutron.pecan_wsgi.hooks.translation [None req-c53a86b4-4625-4086-ac99-783a65bf3d75 fae8dadb2ec5421f8930b35eccaff946 2e2bfb4fcae5417dae68af0f64443175 - - default default] DELETE failed (client error): The resource could not be found. [pid: 8|app: 0|req: 682/1505] 10.0.0.38 () {32 vars in 725 bytes} [Fri Jul 10 01:07:42 2026] DELETE /v2.0/networks/43456cdc-44d5-4a37-acd0-af22f1dfd511 => generated 138 bytes in 11 msecs (HTTP/1.1 404) 4 headers in 164 bytes (1 switches on core 0)
2026-07-10 01:07:42.544 7 INFO neutron.db.ovn_revision_numbers_db [None req-10d88465-faf8-4be4-9a75-28384f24a153 4a4be8f839574c1ab27692fc2fca3af4 416b5c7620cb48e19059af8a02b3e68b - - default default] Successfully bumped revision number for resource b5c0be09-6d4a-4e63-adf4-5023f13ecf54 (type: security_group_rules) to 0 [pid: 8|app: 0|req: 683/1506] 10.0.0.38 () {32 vars in 693 bytes} [Fri Jul 10 01:07:42 2026] GET /v2.0/networks?router%3Aexternal=True => generated 689 bytes in 43 msecs (HTTP/1.1 200) 4 headers in 157 bytes (1 switches on core 0) [pid: 7|app: 0|req: 824/1507] 10.0.0.38 () {34 vars in 694 bytes} [Fri Jul 10 01:07:42 2026] POST /v2.0/security-group-rules => generated 597 bytes in 173 msecs (HTTP/1.1 201) 4 headers in 162 bytes (1 switches on core 0) [pid: 8|app: 0|req: 684/1508] 10.0.0.38 () {32 vars in 741 bytes} [Fri Jul 10 01:07:42 2026] GET /v2.0/subnets?network_id=eae92309-f94b-432e-8f5f-2514d5979199 => generated 649 bytes in 18 msecs (HTTP/1.1 200) 4 headers in 157 bytes (1 switches on core 0) [pid: 8|app: 0|req: 685/1509] 10.0.0.38 () {32 vars in 652 bytes} [Fri Jul 10 01:07:42 2026] GET /v2.0/extensions => generated 22668 bytes in 4 msecs (HTTP/1.1 200) 4 headers in 159 bytes (1 switches on core 0) [pid: 8|app: 0|req: 686/1510] 10.0.0.38 () {32 vars in 648 bytes} [Fri Jul 10 01:07:42 2026] GET /v2.0/networks => generated 1388 bytes in 33 msecs (HTTP/1.1 200) 4 headers in 158 bytes (1 switches on core 0) [pid: 8|app: 0|req: 687/1511] 10.0.0.38 () {32 vars in 646 bytes} [Fri Jul 10 01:07:42 2026] GET /v2.0/subnets => generated 1312 bytes in 33 msecs (HTTP/1.1 200) 4 headers in 158 bytes (1 switches on core 0)
2026-07-10 01:07:42.688 7 INFO neutron.db.ovn_revision_numbers_db [None req-c726aa69-5f04-4bf7-9671-df37f36030d1 4a4be8f839574c1ab27692fc2fca3af4 416b5c7620cb48e19059af8a02b3e68b - - default default] Successfully bumped revision number for resource d498b1e6-ff3f-4060-9c5d-e2cecc0785a6 (type: security_group_rules) to 0 [pid: 7|app: 0|req: 825/1512] 10.0.0.38 () {34 vars in 694 bytes} [Fri Jul 10 01:07:42 2026] POST /v2.0/security-group-rules => generated 596 bytes in 152 msecs (HTTP/1.1 201) 4 headers in 162 bytes (1 switches on core 0)
2026-07-10 01:07:42.859 7 INFO neutron.db.ovn_revision_numbers_db [None req-3a4c7272-5a57-4349-b9a1-b7edeeb84d59 4a4be8f839574c1ab27692fc2fca3af4 416b5c7620cb48e19059af8a02b3e68b - - default default] Successfully bumped revision number for resource 72af3d6b-8196-4d67-a8aa-98afdaf96509 (type: security_group_rules) to 0 [pid: 7|app: 0|req: 826/1513] 10.0.0.38 () {34 vars in 694 bytes} [Fri Jul 10 01:07:42 2026] POST /v2.0/security-group-rules => generated 602 bytes in 152 msecs (HTTP/1.1 201) 4 headers in 162 bytes (1 switches on core 0)
2026-07-10 01:07:43.033 7 INFO neutron.db.ovn_revision_numbers_db [None req-8d9fcebd-7c5f-49b9-9c10-696eb0983c83 4a4be8f839574c1ab27692fc2fca3af4 416b5c7620cb48e19059af8a02b3e68b - - default default] Successfully bumped revision number for resource 3e3c4b20-3ea8-48e8-8c65-2f627a80bf83 (type: security_group_rules) to 0 [pid: 7|app: 0|req: 827/1514] 10.0.0.38 () {34 vars in 694 bytes} [Fri Jul 10 01:07:42 2026] POST /v2.0/security-group-rules => generated 601 bytes in 174 msecs (HTTP/1.1 201) 4 headers in 162 bytes (1 switches on core 0)
2026-07-10 01:07:43.106 7 INFO neutron.db.securitygroups_db [None req-6c5a1f0c-fbe8-407d-9706-a3a41db4f6e3 4a4be8f839574c1ab27692fc2fca3af4 416b5c7620cb48e19059af8a02b3e68b - - default default] Project 416b5c7620cb48e19059af8a02b3e68b added a security group rule with legacy IPv6 ICMP protocol name icmp, ipv6-icmp should be used instead. It was automatically converted. [pid: 8|app: 0|req: 688/1515] 10.0.0.38 () {32 vars in 722 bytes} [Fri Jul 10 01:07:42 2026] GET /v2.0/networks/727217b0-6138-4c41-9c0c-c676c4ebaf48 => generated 710 bytes in 510 msecs (HTTP/1.1 200) 4 headers in 157 bytes (1 switches on core 0)
2026-07-10 01:07:43.199 7 INFO neutron.db.ovn_revision_numbers_db [None req-6c5a1f0c-fbe8-407d-9706-a3a41db4f6e3 4a4be8f839574c1ab27692fc2fca3af4 416b5c7620cb48e19059af8a02b3e68b - - default default] Successfully bumped revision number for resource 138b6f63-cd47-44f0-b917-416995d05b03 (type: security_group_rules) to 0 [pid: 8|app: 0|req: 689/1516] 10.0.0.38 () {32 vars in 720 bytes} [Fri Jul 10 01:07:43 2026] GET /v2.0/subnets/a5ff060f-2d9f-4ca7-9120-bce18e099578 => generated 673 bytes in 23 msecs (HTTP/1.1 200) 4 headers in 157 bytes (1 switches on core 0)
2026-07-10 01:07:43.233 8 INFO neutron.pecan_wsgi.hooks.translation [None req-a3309572-4cd9-4c72-bed8-3448272dec69 fae8dadb2ec5421f8930b35eccaff946 2e2bfb4fcae5417dae68af0f64443175 - - default default] DELETE failed (client error): The resource could not be found. [pid: 7|app: 0|req: 828/1517] 10.0.0.38 () {34 vars in 694 bytes} [Fri Jul 10 01:07:43 2026] POST /v2.0/security-group-rules => generated 607 bytes in 161 msecs (HTTP/1.1 201) 4 headers in 162 bytes (1 switches on core 0) [pid: 8|app: 0|req: 690/1518] 10.0.0.38 () {32 vars in 723 bytes} [Fri Jul 10 01:07:43 2026] DELETE /v2.0/subnets/290da3a6-5670-43a1-84f0-3450f5c33637 => generated 136 bytes in 14 msecs (HTTP/1.1 404) 4 headers in 164 bytes (1 switches on core 0)
2026-07-10 01:07:43.252 7 INFO neutron.pecan_wsgi.hooks.translation [None req-73fef376-24cf-4498-910d-4df11f862912 fae8dadb2ec5421f8930b35eccaff946 2e2bfb4fcae5417dae68af0f64443175 - - default default] DELETE failed (client error): The resource could not be found. [pid: 7|app: 0|req: 829/1519] 10.0.0.38 () {32 vars in 725 bytes} [Fri Jul 10 01:07:43 2026] DELETE /v2.0/networks/43456cdc-44d5-4a37-acd0-af22f1dfd511 => generated 138 bytes in 14 msecs (HTTP/1.1 404) 4 headers in 164 bytes (1 switches on core 0)
2026-07-10 01:07:43.289 8 INFO neutron.db.securitygroups_db [None req-648b8159-2ed8-4951-b426-503000265487 4a4be8f839574c1ab27692fc2fca3af4 416b5c7620cb48e19059af8a02b3e68b - - default default] Project 416b5c7620cb48e19059af8a02b3e68b added a security group rule with legacy IPv6 ICMP protocol name icmp, ipv6-icmp should be used instead. It was automatically converted.
2026-07-10 01:07:43.370 8 INFO neutron.db.ovn_revision_numbers_db [None req-648b8159-2ed8-4951-b426-503000265487 4a4be8f839574c1ab27692fc2fca3af4 416b5c7620cb48e19059af8a02b3e68b - - default default] Successfully bumped revision number for resource 8e1c4b98-af36-422d-8c88-5200ec17d571 (type: security_group_rules) to 0 [pid: 8|app: 0|req: 691/1520] 10.0.0.38 () {34 vars in 694 bytes} [Fri Jul 10 01:07:43 2026] POST /v2.0/security-group-rules => generated 606 bytes in 160 msecs (HTTP/1.1 201) 4 headers in 162 bytes (1 switches on core 0) [pid: 7|app: 0|req: 830/1521] 10.0.0.38 () {32 vars in 723 bytes} [Fri Jul 10 01:07:43 2026] DELETE /v2.0/subnets/a5ff060f-2d9f-4ca7-9120-bce18e099578 => generated 0 bytes in 143 msecs (HTTP/1.1 204) 3 headers in 131 bytes (1 switches on core 0)
2026-07-10 01:07:43.508 8 INFO neutron_taas.services.taas.taas_plugin [None req-4440752d-bf59-44e1-8606-e8b36b3e5d2e fae8dadb2ec5421f8930b35eccaff946 2e2bfb4fcae5417dae68af0f64443175 - - default default] TaaS: Handle Delete Port: 0f998326-8827-4f85-a247-140ffcb974f8
2026-07-10 01:07:43.511 8 INFO neutron_taas.services.taas.tap_mirror_plugin [None req-4440752d-bf59-44e1-8606-e8b36b3e5d2e fae8dadb2ec5421f8930b35eccaff946 2e2bfb4fcae5417dae68af0f64443175 - - default default] Tap Mirror: Handle Delete Port: 0f998326-8827-4f85-a247-140ffcb974f8 [pid: 8|app: 0|req: 692/1522] 10.0.0.38 () {32 vars in 725 bytes} [Fri Jul 10 01:07:43 2026] DELETE /v2.0/networks/727217b0-6138-4c41-9c0c-c676c4ebaf48 => generated 0 bytes in 309 msecs (HTTP/1.1 204) 3 headers in 131 bytes (1 switches on core 0) [pid: 7|app: 0|req: 831/1523] 10.0.0.38 () {32 vars in 648 bytes} [Fri Jul 10 01:07:43 2026] GET /v2.0/networks => generated 1374 bytes in 255 msecs (HTTP/1.1 200) 4 headers in 158 bytes (1 switches on core 0)
2026-07-10 01:07:44.119 8 WARNING neutron.db.securitygroups_db [req-0b22f70f-1e81-4b9d-9640-1e07cd656e32 req-312d9b04-dfd5-45e3-896b-ae2ee080b0e9 4a4be8f839574c1ab27692fc2fca3af4 416b5c7620cb48e19059af8a02b3e68b - - default default] project_id key not found in filters, using tenant_id instead. This support has been deprecated and will be removed in a future release. [pid: 8|app: 0|req: 693/1524] 10.0.0.113 () {34 vars in 1098 bytes} [Fri Jul 10 01:07:44 2026] GET /v2.0/security-groups?name=tempest-secgroup-smoke-257143875&fields=id&tenant_id=416b5c7620cb48e19059af8a02b3e68b => generated 69 bytes in 36 msecs (HTTP/1.1 200) 4 headers in 156 bytes (1 switches on core 0) [pid: 7|app: 0|req: 832/1525] 10.0.0.113 () {34 vars in 982 bytes} [Fri Jul 10 01:07:44 2026] GET /v2.0/networks?id=d813cad5-4e3a-466a-b1b5-87c13e9a76e8 => generated 699 bytes in 42 msecs (HTTP/1.1 200) 4 headers in 157 bytes (1 switches on core 0) [pid: 8|app: 0|req: 694/1526] 10.0.0.113 () {34 vars in 965 bytes} [Fri Jul 10 01:07:44 2026] GET /v2.0/quotas/416b5c7620cb48e19059af8a02b3e68b => generated 312 bytes in 12 msecs (HTTP/1.1 200) 4 headers in 157 bytes (1 switches on core 0) [pid: 7|app: 0|req: 833/1527] 10.0.0.113 () {34 vars in 1002 bytes} [Fri Jul 10 01:07:44 2026] GET /v2.0/ports?tenant_id=416b5c7620cb48e19059af8a02b3e68b&fields=id => generated 103 bytes in 71 msecs (HTTP/1.1 200) 4 headers in 157 bytes (1 switches on core 0)
2026-07-10 01:07:44.340 8 WARNING neutron.db.securitygroups_db [None req-8bacda57-2803-498d-9481-9ac7d28d5915 2f18755ed4c449138d06bb6800267a88 ff32b370bb2a409bb219cd0898acab6f - - default default] project_id key not found in filters, using tenant_id instead. This support has been deprecated and will be removed in a future release. [pid: 7|app: 0|req: 834/1528] 10.0.0.113 () {34 vars in 1008 bytes} [Fri Jul 10 01:07:44 2026] GET /v2.0/networks/d813cad5-4e3a-466a-b1b5-87c13e9a76e8?fields=segments => generated 14 bytes in 44 msecs (HTTP/1.1 200) 4 headers in 156 bytes (1 switches on core 0) [pid: 8|app: 0|req: 695/1529] 10.0.0.38 () {32 vars in 773 bytes} [Fri Jul 10 01:07:44 2026] GET /v2.0/security-groups?tenant_id=2e2bfb4fcae5417dae68af0f64443175&name=default => generated 2925 bytes in 131 msecs (HTTP/1.1 200) 4 headers in 158 bytes (1 switches on core 0) [pid: 7|app: 0|req: 835/1530] 10.0.0.113 () {34 vars in 1108 bytes} [Fri Jul 10 01:07:44 2026] GET /v2.0/networks/d813cad5-4e3a-466a-b1b5-87c13e9a76e8?fields=provider%3Aphysical_network&fields=provider%3Anetwork_type => generated 79 bytes in 40 msecs (HTTP/1.1 200) 4 headers in 156 bytes (1 switches on core 0)
2026-07-10 01:07:44.509 8 INFO neutron.services.segments.plugin [-] Segment e7b6e9cb-93ac-48b8-81d6-5337eacbfbd5 resource provider aggregate not found
2026-07-10 01:07:44.514 8 INFO neutron.services.segments.plugin [-] Segment e7b6e9cb-93ac-48b8-81d6-5337eacbfbd5 resource provider aggregate not found
2026-07-10 01:07:44.533 8 INFO neutron.services.segments.plugin [-] Client error retrieving segment e7b6e9cb-93ac-48b8-81d6-5337eacbfbd5 resource provider; error: Placement Client Error (4xx): {"errors": [{"status": 404, "title": "Not Found", "detail": "The resource could not be found.\n\n No resource provider with uuid e7b6e9cb-93ac-48b8-81d6-5337eacbfbd5 found for delete ", "request_id": "req-f36b77cf-8af9-4b75-aa3a-e5fd68831c18"}]}
2026-07-10 01:07:44.535 8 INFO neutron.services.segments.plugin [-] Client error retrieving segment e7b6e9cb-93ac-48b8-81d6-5337eacbfbd5 resource provider; error: Placement Client Error (4xx): {"errors": [{"status": 404, "title": "Not Found", "detail": "The resource could not be found.\n\n No resource provider with uuid e7b6e9cb-93ac-48b8-81d6-5337eacbfbd5 found for delete ", "request_id": "req-51517a5f-81de-4e6d-be04-62fa4465b658"}]} [pid: 7|app: 0|req: 836/1531] 10.0.0.113 () {34 vars in 1070 bytes} [Fri Jul 10 01:07:44 2026] GET /v2.0/ports?fields=security_groups&fields=device_id&device_id=12ff6086-44de-4d42-a47e-542160c206a9 => generated 12 bytes in 26 msecs (HTTP/1.1 200) 4 headers in 156 bytes (1 switches on core 0) [pid: 8|app: 0|req: 696/1532] 10.0.0.38 () {32 vars in 739 bytes} [Fri Jul 10 01:07:44 2026] DELETE /v2.0/security-groups/512b61b7-01d1-4dc2-9e7b-51ec5822f0f2 => generated 0 bytes in 203 msecs (HTTP/1.1 204) 2 headers in 112 bytes (1 switches on core 0)
2026-07-10 01:07:45.606 7 WARNING neutron.db.securitygroups_db [None req-776b10c0-8ca8-4cdc-ace7-734cca108c39 2f18755ed4c449138d06bb6800267a88 ff32b370bb2a409bb219cd0898acab6f - - default default] project_id key not found in filters, using tenant_id instead. This support has been deprecated and will be removed in a future release. [pid: 8|app: 0|req: 697/1533] 10.0.0.113 () {34 vars in 1070 bytes} [Fri Jul 10 01:07:45 2026] GET /v2.0/ports?fields=security_groups&fields=device_id&device_id=12ff6086-44de-4d42-a47e-542160c206a9 => generated 12 bytes in 19 msecs (HTTP/1.1 200) 4 headers in 156 bytes (1 switches on core 0)
2026-07-10 01:07:45.740 7 INFO neutron.db.ovn_revision_numbers_db [None req-776b10c0-8ca8-4cdc-ace7-734cca108c39 2f18755ed4c449138d06bb6800267a88 ff32b370bb2a409bb219cd0898acab6f - - default default] Successfully bumped revision number for resource cdf1e0bf-1b74-4042-a0a6-8c15bcbba5cc (type: security_groups) to 1
2026-07-10 01:07:45.762 7 INFO neutron.db.ovn_revision_numbers_db [None req-776b10c0-8ca8-4cdc-ace7-734cca108c39 2f18755ed4c449138d06bb6800267a88 ff32b370bb2a409bb219cd0898acab6f - - default default] Successfully bumped revision number for resource 58435221-0fb9-486a-8c50-39595c9508b6 (type: security_group_rules) to 0
2026-07-10 01:07:45.776 7 INFO neutron.db.ovn_revision_numbers_db [None req-776b10c0-8ca8-4cdc-ace7-734cca108c39 2f18755ed4c449138d06bb6800267a88 ff32b370bb2a409bb219cd0898acab6f - - default default] Successfully bumped revision number for resource 92b4a646-c1d8-47bb-84f8-ef39048f2dc2 (type: security_group_rules) to 0
2026-07-10 01:07:45.788 7 INFO neutron.db.ovn_revision_numbers_db [None req-776b10c0-8ca8-4cdc-ace7-734cca108c39 2f18755ed4c449138d06bb6800267a88 ff32b370bb2a409bb219cd0898acab6f - - default default] Successfully bumped revision number for resource aea74a89-6469-44ce-9b2c-58555b773548 (type: security_group_rules) to 0
2026-07-10 01:07:45.801 7 INFO neutron.db.ovn_revision_numbers_db [None req-776b10c0-8ca8-4cdc-ace7-734cca108c39 2f18755ed4c449138d06bb6800267a88 ff32b370bb2a409bb219cd0898acab6f - - default default] Successfully bumped revision number for resource dd342339-bbd2-4ffb-b1cc-8e53801e94d8 (type: security_group_rules) to 0 [pid: 7|app: 0|req: 837/1534] 10.0.0.38 () {32 vars in 773 bytes} [Fri Jul 10 01:07:45 2026] GET /v2.0/security-groups?tenant_id=3f52dcd43aed4c5c918585890bd965ca&name=default => generated 2925 bytes in 364 msecs (HTTP/1.1 200) 4 headers in 158 bytes (1 switches on core 0) [pid: 8|app: 0|req: 698/1535] 10.0.0.38 () {32 vars in 739 bytes} [Fri Jul 10 01:07:45 2026] DELETE /v2.0/security-groups/cdf1e0bf-1b74-4042-a0a6-8c15bcbba5cc => generated 0 bytes in 197 msecs (HTTP/1.1 204) 2 headers in 112 bytes (1 switches on core 0)
2026-07-10 01:07:46.616 7 INFO neutron.db.ovn_revision_numbers_db [None req-6f18a5e9-c531-4623-ac6e-19ea141c8674 e5b7a60bd5a94dd7947bbc9dc4d8d434 1540f242e80847a080b176263f9ea887 - - default default] Successfully bumped revision number for resource bd414e3b-fefa-4421-acfa-512171db109e (type: security_groups) to 1
2026-07-10 01:07:46.631 7 INFO neutron.db.ovn_revision_numbers_db [None req-6f18a5e9-c531-4623-ac6e-19ea141c8674 e5b7a60bd5a94dd7947bbc9dc4d8d434 1540f242e80847a080b176263f9ea887 - - default default] Successfully bumped revision number for resource 0cdfaed2-36a2-44f8-b4bc-8822ea51bbd9 (type: security_group_rules) to 0
2026-07-10 01:07:46.646 7 INFO neutron.db.ovn_revision_numbers_db [None req-6f18a5e9-c531-4623-ac6e-19ea141c8674 e5b7a60bd5a94dd7947bbc9dc4d8d434 1540f242e80847a080b176263f9ea887 - - default default] Successfully bumped revision number for resource 2f436a2d-c456-4bb6-bc0b-9917d3c31b1a (type: security_group_rules) to 0
2026-07-10 01:07:46.657 7 INFO neutron.db.ovn_revision_numbers_db [None req-6f18a5e9-c531-4623-ac6e-19ea141c8674 e5b7a60bd5a94dd7947bbc9dc4d8d434 1540f242e80847a080b176263f9ea887 - - default default] Successfully bumped revision number for resource 378a6424-d9b9-4483-b33c-85bbf2d18b55 (type: security_group_rules) to 0
2026-07-10 01:07:46.672 7 INFO neutron.db.ovn_revision_numbers_db [None req-6f18a5e9-c531-4623-ac6e-19ea141c8674 e5b7a60bd5a94dd7947bbc9dc4d8d434 1540f242e80847a080b176263f9ea887 - - default default] Successfully bumped revision number for resource b7516f77-dd8f-4c97-b86d-e5b7227d35f2 (type: security_group_rules) to 0 [pid: 8|app: 0|req: 699/1536] 10.0.0.113 () {34 vars in 1070 bytes} [Fri Jul 10 01:07:46 2026] GET /v2.0/ports?fields=security_groups&fields=device_id&device_id=12ff6086-44de-4d42-a47e-542160c206a9 => generated 12 bytes in 18 msecs (HTTP/1.1 200) 4 headers in 156 bytes (1 switches on core 0)
2026-07-10 01:07:46.773 7 INFO neutron.db.segments_db [None req-6f18a5e9-c531-4623-ac6e-19ea141c8674 e5b7a60bd5a94dd7947bbc9dc4d8d434 1540f242e80847a080b176263f9ea887 - - default default] Added segment 44f59184-c8e6-436d-8ff8-db20a86295d1 of type geneve for network 2cb7460a-5dc6-45a1-b2c0-4429ba3d9c67
2026-07-10 01:07:46.881 7 INFO neutron.db.ovn_revision_numbers_db [None req-6f18a5e9-c531-4623-ac6e-19ea141c8674 e5b7a60bd5a94dd7947bbc9dc4d8d434 1540f242e80847a080b176263f9ea887 - - default default] Successfully bumped revision number for resource 2cb7460a-5dc6-45a1-b2c0-4429ba3d9c67 (type: networks) to 1
2026-07-10 01:07:47.080 7 WARNING neutron.scheduler.dhcp_agent_scheduler [None req-6f18a5e9-c531-4623-ac6e-19ea141c8674 e5b7a60bd5a94dd7947bbc9dc4d8d434 1540f242e80847a080b176263f9ea887 - - default default] No more DHCP agents
2026-07-10 01:07:47.082 7 WARNING neutron.api.rpc.agentnotifiers.dhcp_rpc_agent_api [None req-6f18a5e9-c531-4623-ac6e-19ea141c8674 e5b7a60bd5a94dd7947bbc9dc4d8d434 1540f242e80847a080b176263f9ea887 - - default default] Unable to schedule network 2cb7460a-5dc6-45a1-b2c0-4429ba3d9c67: no agents available; will retry on subsequent port and subnet creation events.
2026-07-10 01:07:47.179 7 INFO neutron.db.ovn_revision_numbers_db [None req-6f18a5e9-c531-4623-ac6e-19ea141c8674 e5b7a60bd5a94dd7947bbc9dc4d8d434 1540f242e80847a080b176263f9ea887 - - default default] Successfully bumped revision number for resource e770f6d9-6506-404f-81c2-79a4c1e4736a (type: ports) to 1 [pid: 7|app: 0|req: 838/1537] 10.0.0.38 () {34 vars in 669 bytes} [Fri Jul 10 01:07:46 2026] POST /v2.0/networks => generated 672 bytes in 910 msecs (HTTP/1.1 201) 4 headers in 162 bytes (1 switches on core 0)
2026-07-10 01:07:47.321 8 INFO neutron.db.segments_db [None req-6fc742c1-047d-4581-af99-bafccb1882f6 e5b7a60bd5a94dd7947bbc9dc4d8d434 1540f242e80847a080b176263f9ea887 - - default default] Added segment 650c3f1d-0fa2-4437-9b40-906f4078958f of type geneve for network ea8db9bc-f296-4cf1-9ad5-4d32c79d26fb
2026-07-10 01:07:47.442 8 INFO neutron.db.ovn_revision_numbers_db [None req-6fc742c1-047d-4581-af99-bafccb1882f6 e5b7a60bd5a94dd7947bbc9dc4d8d434 1540f242e80847a080b176263f9ea887 - - default default] Successfully bumped revision number for resource ea8db9bc-f296-4cf1-9ad5-4d32c79d26fb (type: networks) to 1
2026-07-10 01:07:47.448 8 WARNING neutron.plugins.ml2.drivers.ovn.mech_driver.ovsdb.ovn_client [None req-216db36a-e14a-4f05-8f3d-ffee02a33d85 - - - - - -] No hosting information found for port 111d2cb2-291d-4ea9-bf86-b9705894dc65: RuntimeError: No hosting information found for port 111d2cb2-291d-4ea9-bf86-b9705894dc65
