2026-07-10 01:08:33.581 8 WARNING tagging [None req-9aa919af-e22b-4878-9b31-a3324f1e8361 57c8875ec0a14eef87c062262e487302 aee3d077d8434527b63188429da04bd4 - - default default] project_id key not found in request, using tenant_id instead. This support has been deprecated and will be removed in a future release. [pid: 7|app: 0|req: 965/1840] 10.0.0.38 () {34 vars in 750 bytes} [Fri Jul 10 01:08:33 2026] PUT /v2.0/subnets/89dfaee5-3fe8-46ff-b4e6-f3219d2c16f0/tags => generated 34 bytes in 60 msecs (HTTP/1.1 200) 4 headers in 156 bytes (1 switches on core 0) [pid: 8|app: 0|req: 876/1841] 10.0.0.38 () {34 vars in 766 bytes} [Fri Jul 10 01:08:33 2026] PUT /v2.0/security-groups/a4544d87-fc40-434d-aa94-7cb847d9f1cf/tags => generated 25 bytes in 60 msecs (HTTP/1.1 200) 4 headers in 156 bytes (1 switches on core 0) [pid: 7|app: 0|req: 966/1842] 10.0.0.38 () {32 vars in 716 bytes} [Fri Jul 10 01:08:33 2026] GET /v2.0/ports/b20f9f93-9e05-422f-94b3-96b57cf83054 => generated 943 bytes in 61 msecs (HTTP/1.1 200) 4 headers in 157 bytes (1 switches on core 0) [pid: 7|app: 0|req: 967/1843] 10.0.0.38 () {34 vars in 750 bytes} [Fri Jul 10 01:08:33 2026] PUT /v2.0/subnets/bb7af87b-3a5d-4c3c-9160-569de677c216/tags => generated 19 bytes in 43 msecs (HTTP/1.1 200) 4 headers in 156 bytes (1 switches on core 0)
2026-07-10 01:08:33.723 7 WARNING tagging [None req-df73f11b-f6bb-4603-9872-cd844c89af5b 57c8875ec0a14eef87c062262e487302 aee3d077d8434527b63188429da04bd4 - - default default] project_id key not found in request, using tenant_id instead. This support has been deprecated and will be removed in a future release. [pid: 7|app: 0|req: 968/1844] 10.0.0.38 () {34 vars in 766 bytes} [Fri Jul 10 01:08:33 2026] PUT /v2.0/security-groups/6ffeaa77-975b-4526-a4b8-6af692b3b253/tags => generated 34 bytes in 58 msecs (HTTP/1.1 200) 4 headers in 156 bytes (1 switches on core 0) [pid: 8|app: 0|req: 877/1845] 10.0.0.38 () {32 vars in 739 bytes} [Fri Jul 10 01:08:33 2026] DELETE /v2.0/security-groups/1c975736-6e42-49c6-931e-69d3d954d12e => generated 0 bytes in 164 msecs (HTTP/1.1 204) 2 headers in 112 bytes (1 switches on core 0) [pid: 8|app: 0|req: 878/1846] 10.0.0.38 () {32 vars in 663 bytes} [Fri Jul 10 01:08:33 2026] GET /v2.0/subnets?tags=red => generated 1904 bytes in 38 msecs (HTTP/1.1 200) 4 headers in 158 bytes (1 switches on core 0)
2026-07-10 01:08:33.825 8 WARNING tagging [None req-2f1d078b-8e34-4e1f-9733-7711b05168dc 57c8875ec0a14eef87c062262e487302 aee3d077d8434527b63188429da04bd4 - - default default] project_id key not found in request, using tenant_id instead. This support has been deprecated and will be removed in a future release. [pid: 8|app: 0|req: 879/1847] 10.0.0.38 () {34 vars in 766 bytes} [Fri Jul 10 01:08:33 2026] PUT /v2.0/security-groups/7f2745a9-9899-4038-9a35-76d467d1c4d8/tags => generated 19 bytes in 40 msecs (HTTP/1.1 200) 4 headers in 156 bytes (1 switches on core 0)
2026-07-10 01:08:34.058 7 INFO neutron_taas.services.taas.taas_plugin [None req-f155a817-56e9-4508-b7d8-36426ea331ca 3d98f3868d984f51a3e5f221f626f629 266b74b2d39f493ca100d77c85984e77 - - default default] TaaS: Handle Delete Port: b20f9f93-9e05-422f-94b3-96b57cf83054
2026-07-10 01:08:34.062 7 INFO neutron_taas.services.taas.tap_mirror_plugin [None req-f155a817-56e9-4508-b7d8-36426ea331ca 3d98f3868d984f51a3e5f221f626f629 266b74b2d39f493ca100d77c85984e77 - - default default] Tap Mirror: Handle Delete Port: b20f9f93-9e05-422f-94b3-96b57cf83054
2026-07-10 01:08:34.139 8 INFO neutron_taas.services.taas.taas_plugin [None req-53c8ba7d-1d0a-4356-bcdd-51ce98bf5b6b 2f18755ed4c449138d06bb6800267a88 ff32b370bb2a409bb219cd0898acab6f - - default default] TaaS: Handle Delete Port: ce05debc-2520-41bb-8a75-db13939b3d61
2026-07-10 01:08:34.142 8 INFO neutron_taas.services.taas.tap_mirror_plugin [None req-53c8ba7d-1d0a-4356-bcdd-51ce98bf5b6b 2f18755ed4c449138d06bb6800267a88 ff32b370bb2a409bb219cd0898acab6f - - default default] Tap Mirror: Handle Delete Port: ce05debc-2520-41bb-8a75-db13939b3d61 [pid: 7|app: 0|req: 969/1848] 10.0.0.38 () {34 vars in 788 bytes} [Fri Jul 10 01:08:33 2026] PUT /v2.0/routers/71f57937-704f-4dc5-80ad-b97f492edfa9/remove_router_interface => generated 310 bytes in 640 msecs (HTTP/1.1 200) 4 headers in 157 bytes (1 switches on core 0) /var/lib/openstack/lib/python3.12/site-packages/pycadf/identifier.py:70: UserWarning: Invalid uuid: neutron. To ensure interoperability, identifiers should be a valid uuid. warnings.warn(('Invalid uuid: %s. To ensure interoperability, ' [pid: 7|app: 0|req: 970/1849] 10.0.0.38 () {32 vars in 677 bytes} [Fri Jul 10 01:08:34 2026] GET /v2.0/subnets?tags=red%2Cblue => generated 1283 bytes in 57 msecs (HTTP/1.1 200) 4 headers in 158 bytes (1 switches on core 0) [pid: 7|app: 0|req: 971/1850] 10.0.0.38 () {32 vars in 679 bytes} [Fri Jul 10 01:08:34 2026] GET /v2.0/security-groups?tags=red => generated 4804 bytes in 45 msecs (HTTP/1.1 200) 4 headers in 158 bytes (1 switches on core 0) [pid: 7|app: 0|req: 972/1851] 10.0.0.38 () {32 vars in 735 bytes} [Fri Jul 10 01:08:34 2026] GET /v2.0/ports?device_id=71f57937-704f-4dc5-80ad-b97f492edfa9 => generated 12 bytes in 15 msecs (HTTP/1.1 200) 4 headers in 156 bytes (1 switches on core 0) [pid: 7|app: 0|req: 973/1852] 10.0.0.38 () {32 vars in 673 bytes} [Fri Jul 10 01:08:34 2026] GET /v2.0/subnets?tags-any=blue => generated 1283 bytes in 34 msecs (HTTP/1.1 200) 4 headers in 158 bytes (1 switches on core 0) [pid: 7|app: 0|req: 974/1853] 10.0.0.38 () {32 vars in 693 bytes} [Fri Jul 10 01:08:34 2026] GET /v2.0/security-groups?tags=red%2Cblue => generated 3218 bytes in 34 msecs (HTTP/1.1 200) 4 headers in 158 bytes (1 switches on core 0) [pid: 8|app: 0|req: 880/1854] 10.0.0.38 () {34 vars in 788 bytes} [Fri Jul 10 01:08:33 2026] PUT /v2.0/routers/d5727abe-8f93-49d2-a011-b3d9f5f7b18a/remove_router_interface => generated 310 bytes in 833 msecs (HTTP/1.1 200) 4 headers in 157 bytes (1 switches on core 0) /var/lib/openstack/lib/python3.12/site-packages/pycadf/identifier.py:70: UserWarning: Invalid uuid: neutron. To ensure interoperability, identifiers should be a valid uuid. warnings.warn(('Invalid uuid: %s. To ensure interoperability, ' [pid: 8|app: 0|req: 881/1855] 10.0.0.38 () {32 vars in 685 bytes} [Fri Jul 10 01:08:34 2026] GET /v2.0/subnets?tags-any=red%2Cblue => generated 1904 bytes in 46 msecs (HTTP/1.1 200) 4 headers in 158 bytes (1 switches on core 0) [pid: 7|app: 0|req: 975/1856] 10.0.0.38 () {32 vars in 723 bytes} [Fri Jul 10 01:08:34 2026] DELETE /v2.0/routers/71f57937-704f-4dc5-80ad-b97f492edfa9 => generated 0 bytes in 161 msecs (HTTP/1.1 204) 2 headers in 112 bytes (1 switches on core 0) [pid: 8|app: 0|req: 882/1857] 10.0.0.38 () {32 vars in 689 bytes} [Fri Jul 10 01:08:34 2026] GET /v2.0/security-groups?tags-any=blue => generated 3218 bytes in 42 msecs (HTTP/1.1 200) 4 headers in 158 bytes (1 switches on core 0) [pid: 8|app: 0|req: 883/1858] 10.0.0.38 () {32 vars in 671 bytes} [Fri Jul 10 01:08:34 2026] GET /v2.0/subnets?not-tags=red => generated 1894 bytes in 33 msecs (HTTP/1.1 200) 4 headers in 158 bytes (1 switches on core 0) [pid: 8|app: 0|req: 884/1859] 10.0.0.38 () {32 vars in 723 bytes} [Fri Jul 10 01:08:34 2026] DELETE /v2.0/subnets/a8f6f145-61aa-4cec-afd6-046870b1c32b => generated 0 bytes in 162 msecs (HTTP/1.1 204) 3 headers in 131 bytes (1 switches on core 0) [pid: 8|app: 0|req: 885/1860] 10.0.0.38 () {32 vars in 701 bytes} [Fri Jul 10 01:08:34 2026] GET /v2.0/security-groups?tags-any=red%2Cblue => generated 4804 bytes in 49 msecs (HTTP/1.1 200) 4 headers in 158 bytes (1 switches on core 0) [pid: 8|app: 0|req: 886/1861] 10.0.0.38 () {32 vars in 685 bytes} [Fri Jul 10 01:08:35 2026] GET /v2.0/subnets?not-tags=red%2Cblue => generated 2515 bytes in 57 msecs (HTTP/1.1 200) 4 headers in 158 bytes (1 switches on core 0)
2026-07-10 01:08:35.123 7 INFO neutron_taas.services.taas.taas_plugin [None req-baa9e1f9-b234-4e7b-9636-ba9be8161b3b 2f18755ed4c449138d06bb6800267a88 ff32b370bb2a409bb219cd0898acab6f - - default default] TaaS: Handle Delete Port: 337dc6b2-1d85-4814-8f11-2ad4bdae42a6
2026-07-10 01:08:35.127 7 INFO neutron_taas.services.taas.tap_mirror_plugin [None req-baa9e1f9-b234-4e7b-9636-ba9be8161b3b 2f18755ed4c449138d06bb6800267a88 ff32b370bb2a409bb219cd0898acab6f - - default default] Tap Mirror: Handle Delete Port: 337dc6b2-1d85-4814-8f11-2ad4bdae42a6 [pid: 8|app: 0|req: 887/1862] 10.0.0.38 () {32 vars in 723 bytes} [Fri Jul 10 01:08:35 2026] DELETE /v2.0/subnets/5cfdc186-c42d-4463-a7db-aa4c5300b71d => generated 0 bytes in 161 msecs (HTTP/1.1 204) 3 headers in 131 bytes (1 switches on core 0) [pid: 8|app: 0|req: 888/1863] 10.0.0.38 () {32 vars in 687 bytes} [Fri Jul 10 01:08:35 2026] GET /v2.0/security-groups?not-tags=red => generated 6094 bytes in 39 msecs (HTTP/1.1 200) 4 headers in 158 bytes (1 switches on core 0) [pid: 8|app: 0|req: 889/1864] 10.0.0.38 () {32 vars in 681 bytes} [Fri Jul 10 01:08:35 2026] GET /v2.0/subnets?not-tags-any=blue => generated 2515 bytes in 52 msecs (HTTP/1.1 200) 4 headers in 158 bytes (1 switches on core 0)
2026-07-10 01:08:35.454 8 INFO neutron_taas.services.taas.taas_plugin [None req-08e7e49d-d142-418a-befc-7209bb1e31ee 3d98f3868d984f51a3e5f221f626f629 266b74b2d39f493ca100d77c85984e77 - - default default] TaaS: Handle Delete Port: 074f46f8-ccb2-4b8c-8f1e-bf07c92a27c8
2026-07-10 01:08:35.457 8 INFO neutron_taas.services.taas.tap_mirror_plugin [None req-08e7e49d-d142-418a-befc-7209bb1e31ee 3d98f3868d984f51a3e5f221f626f629 266b74b2d39f493ca100d77c85984e77 - - default default] Tap Mirror: Handle Delete Port: 074f46f8-ccb2-4b8c-8f1e-bf07c92a27c8 [pid: 7|app: 0|req: 976/1865] 10.0.0.38 () {32 vars in 723 bytes} [Fri Jul 10 01:08:34 2026] DELETE /v2.0/routers/d5727abe-8f93-49d2-a011-b3d9f5f7b18a => generated 0 bytes in 764 msecs (HTTP/1.1 204) 2 headers in 112 bytes (1 switches on core 0) [pid: 7|app: 0|req: 977/1866] 10.0.0.38 () {32 vars in 701 bytes} [Fri Jul 10 01:08:35 2026] GET /v2.0/security-groups?not-tags=red%2Cblue => generated 7680 bytes in 38 msecs (HTTP/1.1 200) 4 headers in 158 bytes (1 switches on core 0) [pid: 7|app: 0|req: 978/1867] 10.0.0.38 () {32 vars in 693 bytes} [Fri Jul 10 01:08:35 2026] GET /v2.0/subnets?not-tags-any=red%2Cblue => generated 1894 bytes in 48 msecs (HTTP/1.1 200) 4 headers in 158 bytes (1 switches on core 0)
2026-07-10 01:08:35.679 8 INFO neutron.services.segments.plugin [-] Segment 3e0c0076-fc5e-47c3-94c2-d3e4f9707e02 resource provider aggregate not found
2026-07-10 01:08:35.685 8 INFO neutron.services.segments.plugin [-] Segment 3e0c0076-fc5e-47c3-94c2-d3e4f9707e02 resource provider aggregate not found
2026-07-10 01:08:35.701 8 INFO neutron.services.segments.plugin [-] Client error retrieving segment 3e0c0076-fc5e-47c3-94c2-d3e4f9707e02 resource provider; error: Placement Client Error (4xx): {"errors": [{"status": 404, "title": "Not Found", "detail": "The resource could not be found.\n\n No resource provider with uuid 3e0c0076-fc5e-47c3-94c2-d3e4f9707e02 found for delete ", "request_id": "req-2286b318-e736-4e17-8f5e-c0d1a4bf6ac0"}]}
2026-07-10 01:08:35.704 8 INFO neutron.services.segments.plugin [-] Client error retrieving segment 3e0c0076-fc5e-47c3-94c2-d3e4f9707e02 resource provider; error: Placement Client Error (4xx): {"errors": [{"status": 404, "title": "Not Found", "detail": "The resource could not be found.\n\n No resource provider with uuid 3e0c0076-fc5e-47c3-94c2-d3e4f9707e02 found for delete ", "request_id": "req-4b1f2669-58af-4f77-94cb-3e8b579d99a2"}]} [pid: 8|app: 0|req: 890/1868] 10.0.0.38 () {32 vars in 725 bytes} [Fri Jul 10 01:08:35 2026] DELETE /v2.0/networks/2a5ecdb7-d67e-44f9-9059-350a2d5e2a65 => generated 0 bytes in 408 msecs (HTTP/1.1 204) 3 headers in 131 bytes (1 switches on core 0) [pid: 8|app: 0|req: 891/1869] 10.0.0.38 () {32 vars in 697 bytes} [Fri Jul 10 01:08:35 2026] GET /v2.0/security-groups?not-tags-any=blue => generated 7680 bytes in 42 msecs (HTTP/1.1 200) 4 headers in 158 bytes (1 switches on core 0) [pid: 7|app: 0|req: 979/1870] 10.0.0.38 () {32 vars in 723 bytes} [Fri Jul 10 01:08:35 2026] DELETE /v2.0/subnets/c397b735-4ef2-499a-a83e-a58d8306431d => generated 0 bytes in 186 msecs (HTTP/1.1 204) 3 headers in 131 bytes (1 switches on core 0)
2026-07-10 01:08:35.900 7 INFO neutron_taas.services.taas.taas_plugin [None req-679004b6-b9e9-4515-bcb6-710ace9b9ed9 3d98f3868d984f51a3e5f221f626f629 266b74b2d39f493ca100d77c85984e77 - - default default] TaaS: Handle Delete Port: 678a13c6-0923-4fab-9320-b739002e7ada
2026-07-10 01:08:35.903 7 INFO neutron_taas.services.taas.tap_mirror_plugin [None req-679004b6-b9e9-4515-bcb6-710ace9b9ed9 3d98f3868d984f51a3e5f221f626f629 266b74b2d39f493ca100d77c85984e77 - - default default] Tap Mirror: Handle Delete Port: 678a13c6-0923-4fab-9320-b739002e7ada [pid: 8|app: 0|req: 892/1871] 10.0.0.38 () {32 vars in 723 bytes} [Fri Jul 10 01:08:35 2026] DELETE /v2.0/subnets/7533df50-9f1e-4f1b-b4a4-b96422012358 => generated 0 bytes in 150 msecs (HTTP/1.1 204) 3 headers in 131 bytes (1 switches on core 0) [pid: 8|app: 0|req: 893/1872] 10.0.0.38 () {32 vars in 709 bytes} [Fri Jul 10 01:08:35 2026] GET /v2.0/security-groups?not-tags-any=red%2Cblue => generated 6094 bytes in 33 msecs (HTTP/1.1 200) 4 headers in 158 bytes (1 switches on core 0)
2026-07-10 01:08:36.119 8 INFO neutron_taas.services.taas.taas_plugin [None req-78d23818-9a0f-45b7-8e09-52aaf0e2f2a9 2f18755ed4c449138d06bb6800267a88 ff32b370bb2a409bb219cd0898acab6f - - default default] TaaS: Handle Delete Port: c781100b-3608-4738-9676-cb06e26ee7ce
2026-07-10 01:08:36.122 8 WARNING neutron.plugins.ml2.drivers.ovn.mech_driver.ovsdb.ovn_client [None req-68ffc294-d8cd-4d2d-8ebe-0596bc8b4645 - - - - - -] No port found with ID b20f9f93-9e05-422f-94b3-96b57cf83054: RuntimeError: No port found with ID b20f9f93-9e05-422f-94b3-96b57cf83054
2026-07-10 01:08:36.123 8 INFO neutron_taas.services.taas.tap_mirror_plugin [None req-78d23818-9a0f-45b7-8e09-52aaf0e2f2a9 2f18755ed4c449138d06bb6800267a88 ff32b370bb2a409bb219cd0898acab6f - - default default] Tap Mirror: Handle Delete Port: c781100b-3608-4738-9676-cb06e26ee7ce
2026-07-10 01:08:36.142 7 INFO neutron.services.segments.plugin [-] Segment b1c3ac34-7250-4277-a2aa-f327ae4bbfd6 resource provider aggregate not found
2026-07-10 01:08:36.145 7 INFO neutron.services.segments.plugin [-] Segment b1c3ac34-7250-4277-a2aa-f327ae4bbfd6 resource provider aggregate not found
2026-07-10 01:08:36.151 8 INFO neutron.plugins.ml2.drivers.ovn.mech_driver.mech_driver [None req-68ffc294-d8cd-4d2d-8ebe-0596bc8b4645 - - - - - -] OVN reports status down for port: b3766d8e-318d-48dc-b818-e7ad9db9f3ea
2026-07-10 01:08:36.163 7 INFO neutron.services.segments.plugin [-] Client error retrieving segment b1c3ac34-7250-4277-a2aa-f327ae4bbfd6 resource provider; error: Placement Client Error (4xx): {"errors": [{"status": 404, "title": "Not Found", "detail": "The resource could not be found.\n\n No resource provider with uuid b1c3ac34-7250-4277-a2aa-f327ae4bbfd6 found for delete ", "request_id": "req-d35ac78e-f7a5-4b56-a1ec-c9ba2bc8a519"}]}
2026-07-10 01:08:36.167 7 INFO neutron.services.segments.plugin [-] Client error retrieving segment b1c3ac34-7250-4277-a2aa-f327ae4bbfd6 resource provider; error: Placement Client Error (4xx): {"errors": [{"status": 404, "title": "Not Found", "detail": "The resource could not be found.\n\n No resource provider with uuid b1c3ac34-7250-4277-a2aa-f327ae4bbfd6 found for delete ", "request_id": "req-29167b5c-25c1-4c8c-9729-2d30b1394ba2"}]} [pid: 7|app: 0|req: 980/1873] 10.0.0.38 () {32 vars in 725 bytes} [Fri Jul 10 01:08:35 2026] DELETE /v2.0/networks/e14b72a2-38b7-45b5-9471-d098bdc6671e => generated 0 bytes in 414 msecs (HTTP/1.1 204) 3 headers in 131 bytes (1 switches on core 0) [pid: 7|app: 0|req: 981/1874] 10.0.0.38 () {32 vars in 723 bytes} [Fri Jul 10 01:08:36 2026] DELETE /v2.0/subnets/3677c494-ec38-433f-8bf7-406c4b58dc3c => generated 0 bytes in 179 msecs (HTTP/1.1 204) 3 headers in 131 bytes (1 switches on core 0) [pid: 8|app: 0|req: 894/1875] 10.0.0.38 () {32 vars in 725 bytes} [Fri Jul 10 01:08:35 2026] DELETE /v2.0/networks/7126fde3-d5e0-4499-aaf9-da07e1ce2a6d => generated 0 bytes in 464 msecs (HTTP/1.1 204) 3 headers in 131 bytes (1 switches on core 0)
2026-07-10 01:08:36.514 8 INFO neutron.db.segments_db [None req-6c5aa8f7-08ea-4094-844b-c512cf470d92 3d98f3868d984f51a3e5f221f626f629 266b74b2d39f493ca100d77c85984e77 - - default default] Added segment b5d0d04d-6f06-4e15-8666-b7c6ff195be9 of type geneve for network fbdbb07b-60c7-4f55-8263-90185b18729f [pid: 7|app: 0|req: 982/1876] 10.0.0.38 () {32 vars in 739 bytes} [Fri Jul 10 01:08:36 2026] DELETE /v2.0/security-groups/fc7ac1b9-6f6e-448c-90a3-d75898541eaf => generated 0 bytes in 144 msecs (HTTP/1.1 204) 2 headers in 112 bytes (1 switches on core 0)
2026-07-10 01:08:36.630 8 INFO neutron.db.ovn_revision_numbers_db [None req-6c5aa8f7-08ea-4094-844b-c512cf470d92 3d98f3868d984f51a3e5f221f626f629 266b74b2d39f493ca100d77c85984e77 - - default default] Successfully bumped revision number for resource fbdbb07b-60c7-4f55-8263-90185b18729f (type: networks) to 1 [pid: 7|app: 0|req: 983/1877] 10.0.0.38 () {32 vars in 723 bytes} [Fri Jul 10 01:08:36 2026] DELETE /v2.0/subnets/89dfaee5-3fe8-46ff-b4e6-f3219d2c16f0 => generated 0 bytes in 170 msecs (HTTP/1.1 204) 3 headers in 131 bytes (1 switches on core 0)
2026-07-10 01:08:36.803 8 WARNING neutron.scheduler.dhcp_agent_scheduler [None req-6c5aa8f7-08ea-4094-844b-c512cf470d92 3d98f3868d984f51a3e5f221f626f629 266b74b2d39f493ca100d77c85984e77 - - default default] No more DHCP agents
2026-07-10 01:08:36.804 8 WARNING neutron.api.rpc.agentnotifiers.dhcp_rpc_agent_api [None req-6c5aa8f7-08ea-4094-844b-c512cf470d92 3d98f3868d984f51a3e5f221f626f629 266b74b2d39f493ca100d77c85984e77 - - default default] Unable to schedule network fbdbb07b-60c7-4f55-8263-90185b18729f: no agents available; will retry on subsequent port and subnet creation events.
2026-07-10 01:08:36.867 8 INFO neutron.plugins.ml2.drivers.ovn.mech_driver.mech_driver [None req-68ffc294-d8cd-4d2d-8ebe-0596bc8b4645 - - - - - -] OVN reports status down for port: c6e4afb2-defa-445e-b6a9-112a35daf9f1
2026-07-10 01:08:36.938 8 INFO neutron.db.ovn_revision_numbers_db [None req-6c5aa8f7-08ea-4094-844b-c512cf470d92 3d98f3868d984f51a3e5f221f626f629 266b74b2d39f493ca100d77c85984e77 - - default default] Successfully bumped revision number for resource c6e4afb2-defa-445e-b6a9-112a35daf9f1 (type: ports) to 1 [pid: 8|app: 0|req: 895/1878] 10.0.0.38 () {34 vars in 669 bytes} [Fri Jul 10 01:08:36 2026] POST /v2.0/networks => generated 668 bytes in 578 msecs (HTTP/1.1 201) 4 headers in 162 bytes (1 switches on core 0)
2026-07-10 01:08:37.016 7 INFO neutron_taas.services.taas.taas_plugin [None req-8c164b93-36bd-4e04-a569-880e721cd00a 2f18755ed4c449138d06bb6800267a88 ff32b370bb2a409bb219cd0898acab6f - - default default] TaaS: Handle Delete Port: fa8e2315-0bc3-4280-a140-4412e5eec6a9
2026-07-10 01:08:37.018 7 WARNING neutron.plugins.ml2.drivers.ovn.mech_driver.ovsdb.ovn_client [None req-3dbfd66c-6c52-4682-9b62-77cb7a508bf6 - - - - - -] No port found with ID 3a6fe0ff-f8c9-40b6-9a69-d09cfce7599d: RuntimeError: No port found with ID 3a6fe0ff-f8c9-40b6-9a69-d09cfce7599d
2026-07-10 01:08:37.025 7 INFO neutron_taas.services.taas.tap_mirror_plugin [None req-8c164b93-36bd-4e04-a569-880e721cd00a 2f18755ed4c449138d06bb6800267a88 ff32b370bb2a409bb219cd0898acab6f - - default default] Tap Mirror: Handle Delete Port: fa8e2315-0bc3-4280-a140-4412e5eec6a9 [pid: 8|app: 0|req: 896/1879] 10.0.0.38 () {32 vars in 739 bytes} [Fri Jul 10 01:08:37 2026] DELETE /v2.0/security-groups/a4544d87-fc40-434d-aa94-7cb847d9f1cf => generated 0 bytes in 173 msecs (HTTP/1.1 204) 2 headers in 112 bytes (1 switches on core 0) [pid: 8|app: 0|req: 897/1880] 10.0.0.38 () {32 vars in 723 bytes} [Fri Jul 10 01:08:37 2026] DELETE /v2.0/subnets/bb7af87b-3a5d-4c3c-9160-569de677c216 => generated 0 bytes in 215 msecs (HTTP/1.1 204) 3 headers in 131 bytes (1 switches on core 0)
2026-07-10 01:08:37.595 8 WARNING neutron.scheduler.dhcp_agent_scheduler [None req-6de4cbc5-7cf4-47ee-95da-996fea259229 3d98f3868d984f51a3e5f221f626f629 266b74b2d39f493ca100d77c85984e77 - - default default] No more DHCP agents
2026-07-10 01:08:37.598 8 WARNING neutron.api.rpc.agentnotifiers.dhcp_rpc_agent_api [None req-6de4cbc5-7cf4-47ee-95da-996fea259229 3d98f3868d984f51a3e5f221f626f629 266b74b2d39f493ca100d77c85984e77 - - default default] Unable to schedule network fbdbb07b-60c7-4f55-8263-90185b18729f: no agents available; will retry on subsequent port and subnet creation events. [pid: 7|app: 0|req: 984/1881] 10.0.0.38 () {34 vars in 788 bytes} [Fri Jul 10 01:08:36 2026] PUT /v2.0/routers/4274c0d2-3e79-43af-b60a-1a0873c4ba6a/remove_router_interface => generated 310 bytes in 992 msecs (HTTP/1.1 200) 4 headers in 157 bytes (1 switches on core 0) /var/lib/openstack/lib/python3.12/site-packages/pycadf/identifier.py:70: UserWarning: Invalid uuid: neutron. To ensure interoperability, identifiers should be a valid uuid. warnings.warn(('Invalid uuid: %s. To ensure interoperability, '
2026-07-10 01:08:37.722 8 INFO neutron.services.segments.plugin [-] Segment 572fdc1d-f12a-4be6-a07f-bd363d6c7bfa resource provider aggregate not found
2026-07-10 01:08:37.730 8 INFO neutron.services.segments.plugin [-] Segment 572fdc1d-f12a-4be6-a07f-bd363d6c7bfa resource provider aggregate not found
2026-07-10 01:08:37.747 8 INFO neutron.services.segments.plugin [-] Client error retrieving segment 572fdc1d-f12a-4be6-a07f-bd363d6c7bfa resource provider; error: Placement Client Error (4xx): {"errors": [{"status": 404, "title": "Not Found", "detail": "The resource could not be found.\n\n No resource provider with uuid 572fdc1d-f12a-4be6-a07f-bd363d6c7bfa found for delete ", "request_id": "req-6322521b-b051-40d4-af67-148ed489da83"}]}
2026-07-10 01:08:37.754 8 INFO neutron.services.segments.plugin [-] Client error retrieving segment 572fdc1d-f12a-4be6-a07f-bd363d6c7bfa resource provider; error: Placement Client Error (4xx): {"errors": [{"status": 404, "title": "Not Found", "detail": "The resource could not be found.\n\n No resource provider with uuid 572fdc1d-f12a-4be6-a07f-bd363d6c7bfa found for delete ", "request_id": "req-b39c986a-8d4e-4a84-b0a3-b3d6780d4082"}]} [pid: 7|app: 0|req: 985/1882] 10.0.0.38 () {32 vars in 739 bytes} [Fri Jul 10 01:08:37 2026] DELETE /v2.0/security-groups/6ffeaa77-975b-4526-a4b8-6af692b3b253 => generated 0 bytes in 193 msecs (HTTP/1.1 204) 2 headers in 112 bytes (1 switches on core 0) [pid: 7|app: 0|req: 986/1883] 10.0.0.38 () {32 vars in 723 bytes} [Fri Jul 10 01:08:37 2026] DELETE /v2.0/subnets/25d96a2c-6d3c-4d90-bab7-4c2d844c5b70 => generated 0 bytes in 194 msecs (HTTP/1.1 204) 3 headers in 131 bytes (1 switches on core 0)
2026-07-10 01:08:38.159 8 INFO neutron.db.ovn_revision_numbers_db [None req-6de4cbc5-7cf4-47ee-95da-996fea259229 3d98f3868d984f51a3e5f221f626f629 266b74b2d39f493ca100d77c85984e77 - - default default] Successfully bumped revision number for resource c6e4afb2-defa-445e-b6a9-112a35daf9f1 (type: ports) to 2
2026-07-10 01:08:38.195 8 INFO neutron.db.ovn_revision_numbers_db [None req-6de4cbc5-7cf4-47ee-95da-996fea259229 3d98f3868d984f51a3e5f221f626f629 266b74b2d39f493ca100d77c85984e77 - - default default] Successfully bumped revision number for resource 4ca95af4-fa37-40c9-8d12-0aa1d53e0bb6 (type: subnets) to 0 [pid: 8|app: 0|req: 898/1884] 10.0.0.38 () {34 vars in 668 bytes} [Fri Jul 10 01:08:37 2026] POST /v2.0/subnets => generated 626 bytes in 824 msecs (HTTP/1.1 201) 4 headers in 162 bytes (1 switches on core 0) [pid: 8|app: 0|req: 899/1885] 10.0.0.38 () {32 vars in 739 bytes} [Fri Jul 10 01:08:38 2026] DELETE /v2.0/security-groups/7f2745a9-9899-4038-9a35-76d467d1c4d8 => generated 0 bytes in 140 msecs (HTTP/1.1 204) 2 headers in 112 bytes (1 switches on core 0)
2026-07-10 01:08:38.520 8 INFO neutron_taas.services.taas.taas_plugin [None req-855112cd-8557-46d2-9aed-7ffb209dfcf8 46e6a36f1086421e9713f1fc7b77b305 6f91dd3c56e0422fa56d7df528b0f650 - - default default] TaaS: Handle Delete Port: 90379ec9-226e-429f-8ce3-ff924ba2cb61
2026-07-10 01:08:38.522 8 INFO neutron_taas.services.taas.tap_mirror_plugin [None req-855112cd-8557-46d2-9aed-7ffb209dfcf8 46e6a36f1086421e9713f1fc7b77b305 6f91dd3c56e0422fa56d7df528b0f650 - - default default] Tap Mirror: Handle Delete Port: 90379ec9-226e-429f-8ce3-ff924ba2cb61 [pid: 8|app: 0|req: 900/1886] 10.0.0.38 () {32 vars in 725 bytes} [Fri Jul 10 01:08:38 2026] DELETE /v2.0/networks/ee8cfe16-0445-48a6-bbcc-e268f5a73b20 => generated 0 bytes in 383 msecs (HTTP/1.1 204) 3 headers in 131 bytes (1 switches on core 0)
2026-07-10 01:08:38.848 8 INFO neutron.db.ovn_revision_numbers_db [None req-c6feb76b-f45f-48b3-b898-6ea892c37a03 3d98f3868d984f51a3e5f221f626f629 266b74b2d39f493ca100d77c85984e77 - - default default] Successfully bumped revision number for resource 2498ced2-9702-4b8d-b802-d5fdd0a1fdad (type: routers) to 1 [pid: 8|app: 0|req: 901/1887] 10.0.0.38 () {34 vars in 668 bytes} [Fri Jul 10 01:08:38 2026] POST /v2.0/routers => generated 624 bytes in 122 msecs (HTTP/1.1 201) 4 headers in 162 bytes (1 switches on core 0)
2026-07-10 01:08:38.938 7 INFO neutron_taas.services.taas.taas_plugin [None req-c99d8973-af16-4180-8dfd-2a7aa6686504 2f18755ed4c449138d06bb6800267a88 ff32b370bb2a409bb219cd0898acab6f - - default default] TaaS: Handle Delete Port: 03c10861-552f-4300-8b22-11d1448fc972
2026-07-10 01:08:38.943 7 INFO neutron_taas.services.taas.tap_mirror_plugin [None req-c99d8973-af16-4180-8dfd-2a7aa6686504 2f18755ed4c449138d06bb6800267a88 ff32b370bb2a409bb219cd0898acab6f - - default default] Tap Mirror: Handle Delete Port: 03c10861-552f-4300-8b22-11d1448fc972 [pid: 8|app: 0|req: 902/1888] 10.0.0.38 () {32 vars in 739 bytes} [Fri Jul 10 01:08:38 2026] DELETE /v2.0/security-groups/856e4493-88cc-4d5d-a30e-5c172d26af73 => generated 0 bytes in 123 msecs (HTTP/1.1 204) 2 headers in 112 bytes (1 switches on core 0)
2026-07-10 01:08:39.155 8 INFO neutron_taas.services.taas.taas_plugin [None req-0cb52fe0-d51c-4153-a524-d1fdcf74f749 46e6a36f1086421e9713f1fc7b77b305 6f91dd3c56e0422fa56d7df528b0f650 - - default default] TaaS: Handle Delete Port: f689e964-e946-4eb3-8c52-00a769a3a70e
2026-07-10 01:08:39.161 8 INFO neutron_taas.services.taas.tap_mirror_plugin [None req-0cb52fe0-d51c-4153-a524-d1fdcf74f749 46e6a36f1086421e9713f1fc7b77b305 6f91dd3c56e0422fa56d7df528b0f650 - - default default] Tap Mirror: Handle Delete Port: f689e964-e946-4eb3-8c52-00a769a3a70e [pid: 7|app: 0|req: 987/1889] 10.0.0.38 () {32 vars in 723 bytes} [Fri Jul 10 01:08:38 2026] DELETE /v2.0/routers/4274c0d2-3e79-43af-b60a-1a0873c4ba6a => generated 0 bytes in 1353 msecs (HTTP/1.1 204) 2 headers in 112 bytes (1 switches on core 0) [pid: 8|app: 0|req: 903/1890] 10.0.0.38 () {32 vars in 725 bytes} [Fri Jul 10 01:08:38 2026] DELETE /v2.0/networks/c81bd14e-6531-46e2-b507-54c71dc1290f => generated 0 bytes in 455 msecs (HTTP/1.1 204) 3 headers in 131 bytes (1 switches on core 0) [pid: 8|app: 0|req: 904/1891] 10.0.0.38 () {32 vars in 723 bytes} [Fri Jul 10 01:08:39 2026] DELETE /v2.0/subnets/daa72984-53ec-4603-9f82-78c641379901 => generated 0 bytes in 164 msecs (HTTP/1.1 204) 3 headers in 131 bytes (1 switches on core 0)
2026-07-10 01:08:39.717 7 WARNING neutron.scheduler.dhcp_agent_scheduler [None req-0be0e251-053b-4891-9108-a17798031282 3d98f3868d984f51a3e5f221f626f629 266b74b2d39f493ca100d77c85984e77 - - default default] No more DHCP agents
2026-07-10 01:08:39.719 7 WARNING neutron.api.rpc.agentnotifiers.dhcp_rpc_agent_api [None req-0be0e251-053b-4891-9108-a17798031282 3d98f3868d984f51a3e5f221f626f629 266b74b2d39f493ca100d77c85984e77 - - default default] Unable to schedule network fbdbb07b-60c7-4f55-8263-90185b18729f: no agents available; will retry on subsequent port and subnet creation events.
2026-07-10 01:08:39.735 8 INFO neutron_taas.services.taas.taas_plugin [None req-91f916f4-4fa6-4572-af43-3c0bd11529e6 46e6a36f1086421e9713f1fc7b77b305 6f91dd3c56e0422fa56d7df528b0f650 - - default default] TaaS: Handle Delete Port: cac7ac50-f7f1-46e4-84af-560875cf7890
2026-07-10 01:08:39.739 8 INFO neutron_taas.services.taas.tap_mirror_plugin [None req-91f916f4-4fa6-4572-af43-3c0bd11529e6 46e6a36f1086421e9713f1fc7b77b305 6f91dd3c56e0422fa56d7df528b0f650 - - default default] Tap Mirror: Handle Delete Port: cac7ac50-f7f1-46e4-84af-560875cf7890
2026-07-10 01:08:39.776 8 INFO neutron.services.segments.plugin [-] Segment cc646d1d-5b01-48ec-9d36-6898a8b5c983 resource provider aggregate not found
2026-07-10 01:08:39.780 8 INFO neutron.services.segments.plugin [-] Segment cc646d1d-5b01-48ec-9d36-6898a8b5c983 resource provider aggregate not found
2026-07-10 01:08:39.795 8 INFO neutron.services.segments.plugin [-] Client error retrieving segment cc646d1d-5b01-48ec-9d36-6898a8b5c983 resource provider; error: Placement Client Error (4xx): {"errors": [{"status": 404, "title": "Not Found", "detail": "The resource could not be found.\n\n No resource provider with uuid cc646d1d-5b01-48ec-9d36-6898a8b5c983 found for delete ", "request_id": "req-dc15695a-6a11-4637-b327-121cc7e82e61"}]}
2026-07-10 01:08:39.807 8 INFO neutron.services.segments.plugin [-] Client error retrieving segment cc646d1d-5b01-48ec-9d36-6898a8b5c983 resource provider; error: Placement Client Error (4xx): {"errors": [{"status": 404, "title": "Not Found", "detail": "The resource could not be found.\n\n No resource provider with uuid cc646d1d-5b01-48ec-9d36-6898a8b5c983 found for delete ", "request_id": "req-c18f7ef0-1c0b-4154-84f9-a567aacb2c1e"}]}
2026-07-10 01:08:39.812 8 INFO neutron.services.segments.plugin [-] Segment 31ce4f73-9584-4f97-92b6-a411a9bf6a2d resource provider aggregate not found
2026-07-10 01:08:39.838 7 INFO neutron.plugins.ml2.drivers.ovn.mech_driver.mech_driver [None req-3dbfd66c-6c52-4682-9b62-77cb7a508bf6 - - - - - -] OVN reports status down for port: 99fa33a9-4d4d-4415-99d6-d2ac90fbf964
2026-07-10 01:08:39.842 8 INFO neutron.services.segments.plugin [-] Segment 31ce4f73-9584-4f97-92b6-a411a9bf6a2d resource provider aggregate not found
2026-07-10 01:08:39.847 8 INFO neutron.services.segments.plugin [-] Client error retrieving segment 31ce4f73-9584-4f97-92b6-a411a9bf6a2d resource provider; error: Placement Client Error (4xx): {"errors": [{"status": 404, "title": "Not Found", "detail": "The resource could not be found.\n\n No resource provider with uuid 31ce4f73-9584-4f97-92b6-a411a9bf6a2d found for delete ", "request_id": "req-72958723-fbaf-4ea9-bc5f-9e0d01d004f1"}]}
2026-07-10 01:08:39.858 8 INFO neutron.services.segments.plugin [-] Client error retrieving segment 31ce4f73-9584-4f97-92b6-a411a9bf6a2d resource provider; error: Placement Client Error (4xx): {"errors": [{"status": 404, "title": "Not Found", "detail": "The resource could not be found.\n\n No resource provider with uuid 31ce4f73-9584-4f97-92b6-a411a9bf6a2d found for delete ", "request_id": "req-41f25377-90be-46b1-b17a-3974e6ba7228"}]}
2026-07-10 01:08:39.926 7 INFO neutron.db.ovn_revision_numbers_db [None req-0be0e251-053b-4891-9108-a17798031282 3d98f3868d984f51a3e5f221f626f629 266b74b2d39f493ca100d77c85984e77 - - default default] Successfully bumped revision number for resource 99fa33a9-4d4d-4415-99d6-d2ac90fbf964 (type: ports) to 1 [pid: 7|app: 0|req: 988/1892] 10.0.0.38 () {34 vars in 664 bytes} [Fri Jul 10 01:08:39 2026] POST /v2.0/ports => generated 948 bytes in 577 msecs (HTTP/1.1 201) 4 headers in 162 bytes (1 switches on core 0) /var/lib/openstack/lib/python3.12/site-packages/pycadf/identifier.py:70: UserWarning: Invalid uuid: neutron. To ensure interoperability, identifiers should be a valid uuid. warnings.warn(('Invalid uuid: %s. To ensure interoperability, ' [pid: 8|app: 0|req: 905/1893] 10.0.0.38 () {32 vars in 725 bytes} [Fri Jul 10 01:08:39 2026] DELETE /v2.0/networks/bad1edf2-a743-4326-8312-8ebdc51198a3 => generated 0 bytes in 434 msecs (HTTP/1.1 204) 3 headers in 131 bytes (1 switches on core 0)
2026-07-10 01:08:40.149 7 INFO neutron_taas.services.taas.taas_plugin [None req-44ac42a3-9f21-4446-9894-71a820cb00a6 2f18755ed4c449138d06bb6800267a88 ff32b370bb2a409bb219cd0898acab6f - - default default] TaaS: Handle Delete Port: 9f31e879-19ce-4144-a66f-4639cb9b33d8
2026-07-10 01:08:40.152 7 INFO neutron_taas.services.taas.tap_mirror_plugin [None req-44ac42a3-9f21-4446-9894-71a820cb00a6 2f18755ed4c449138d06bb6800267a88 ff32b370bb2a409bb219cd0898acab6f - - default default] Tap Mirror: Handle Delete Port: 9f31e879-19ce-4144-a66f-4639cb9b33d8
2026-07-10 01:08:40.211 8 WARNING neutron.db.securitygroups_db [None req-3070ebf9-bfab-44a9-b052-ae15d3bde521 2f18755ed4c449138d06bb6800267a88 ff32b370bb2a409bb219cd0898acab6f - - default default] project_id key not found in filters, using tenant_id instead. This support has been deprecated and will be removed in a future release.
2026-07-10 01:08:40.339 7 INFO neutron.services.segments.plugin [-] Segment c4f120d0-5d8f-4bff-b060-89bb6a0ab8c7 resource provider aggregate not found
2026-07-10 01:08:40.345 7 INFO neutron.services.segments.plugin [-] Segment c4f120d0-5d8f-4bff-b060-89bb6a0ab8c7 resource provider aggregate not found
2026-07-10 01:08:40.356 7 INFO neutron.services.segments.plugin [-] Client error retrieving segment c4f120d0-5d8f-4bff-b060-89bb6a0ab8c7 resource provider; error: Placement Client Error (4xx): {"errors": [{"status": 404, "title": "Not Found", "detail": "The resource could not be found.\n\n No resource provider with uuid c4f120d0-5d8f-4bff-b060-89bb6a0ab8c7 found for delete ", "request_id": "req-81a4e902-3d5a-43a2-8658-6de348baed68"}]}
2026-07-10 01:08:40.367 7 INFO neutron.services.segments.plugin [-] Client error retrieving segment c4f120d0-5d8f-4bff-b060-89bb6a0ab8c7 resource provider; error: Placement Client Error (4xx): {"errors": [{"status": 404, "title": "Not Found", "detail": "The resource could not be found.\n\n No resource provider with uuid c4f120d0-5d8f-4bff-b060-89bb6a0ab8c7 found for delete ", "request_id": "req-e9f29821-cc4b-4282-b8d0-6cb5377d6a13"}]}
2026-07-10 01:08:40.367 8 INFO neutron.db.ovn_revision_numbers_db [None req-3070ebf9-bfab-44a9-b052-ae15d3bde521 2f18755ed4c449138d06bb6800267a88 ff32b370bb2a409bb219cd0898acab6f - - default default] Successfully bumped revision number for resource 4462ef83-1682-4870-9fd7-3f4fe1452690 (type: security_groups) to 1
2026-07-10 01:08:40.386 8 INFO neutron.db.ovn_revision_numbers_db [None req-3070ebf9-bfab-44a9-b052-ae15d3bde521 2f18755ed4c449138d06bb6800267a88 ff32b370bb2a409bb219cd0898acab6f - - default default] Successfully bumped revision number for resource 287f45fb-494c-4c68-afc1-09cdee14dd4a (type: security_group_rules) to 0
2026-07-10 01:08:40.401 8 INFO neutron.db.ovn_revision_numbers_db [None req-3070ebf9-bfab-44a9-b052-ae15d3bde521 2f18755ed4c449138d06bb6800267a88 ff32b370bb2a409bb219cd0898acab6f - - default default] Successfully bumped revision number for resource 5ee50b31-df2c-4247-a81a-0381aa5e61ab (type: security_group_rules) to 0 [pid: 7|app: 0|req: 989/1894] 10.0.0.38 () {32 vars in 725 bytes} [Fri Jul 10 01:08:40 2026] DELETE /v2.0/networks/f765ea15-7f8c-4cc0-9287-7b3d6558f636 => generated 0 bytes in 402 msecs (HTTP/1.1 204) 3 headers in 131 bytes (1 switches on core 0)
2026-07-10 01:08:40.415 8 INFO neutron.db.ovn_revision_numbers_db [None req-3070ebf9-bfab-44a9-b052-ae15d3bde521 2f18755ed4c449138d06bb6800267a88 ff32b370bb2a409bb219cd0898acab6f - - default default] Successfully bumped revision number for resource 92bfe168-c14b-4667-9290-931a8f99c410 (type: security_group_rules) to 0
2026-07-10 01:08:40.431 8 INFO neutron.db.ovn_revision_numbers_db [None req-3070ebf9-bfab-44a9-b052-ae15d3bde521 2f18755ed4c449138d06bb6800267a88 ff32b370bb2a409bb219cd0898acab6f - - default default] Successfully bumped revision number for resource ec5e599f-7af1-4be6-9374-e97908e99b9f (type: security_group_rules) to 0 [pid: 8|app: 0|req: 906/1895] 10.0.0.38 () {32 vars in 773 bytes} [Fri Jul 10 01:08:40 2026] GET /v2.0/security-groups?tenant_id=106aecc91ad243d5857e00d06de79223&name=default => generated 2925 bytes in 429 msecs (HTTP/1.1 200) 4 headers in 158 bytes (1 switches on core 0)
2026-07-10 01:08:40.590 8 INFO neutron_taas.services.taas.taas_plugin [None req-0de50714-b03b-4771-bbe1-aa8530ff25cc 46e6a36f1086421e9713f1fc7b77b305 6f91dd3c56e0422fa56d7df528b0f650 - - default default] TaaS: Handle Delete Port: 2a2432c8-1754-42c9-9e70-b80d7ffebedd
2026-07-10 01:08:40.593 8 INFO neutron_taas.services.taas.tap_mirror_plugin [None req-0de50714-b03b-4771-bbe1-aa8530ff25cc 46e6a36f1086421e9713f1fc7b77b305 6f91dd3c56e0422fa56d7df528b0f650 - - default default] Tap Mirror: Handle Delete Port: 2a2432c8-1754-42c9-9e70-b80d7ffebedd [pid: 8|app: 0|req: 907/1896] 10.0.0.38 () {32 vars in 725 bytes} [Fri Jul 10 01:08:40 2026] DELETE /v2.0/networks/c61ac60c-e28d-47de-98e9-cdb56f42aabe => generated 0 bytes in 358 msecs (HTTP/1.1 204) 3 headers in 131 bytes (1 switches on core 0)
2026-07-10 01:08:40.940 7 INFO neutron.plugins.ml2.drivers.ovn.mech_driver.mech_driver [None req-3dbfd66c-6c52-4682-9b62-77cb7a508bf6 - - - - - -] OVN reports status up for port: 99fa33a9-4d4d-4415-99d6-d2ac90fbf964
2026-07-10 01:08:40.977 7 INFO neutron.plugins.ml2.plugin [None req-3dbfd66c-6c52-4682-9b62-77cb7a508bf6 - - - - - -] Attempt 1 to provision port 99fa33a9-4d4d-4415-99d6-d2ac90fbf964
2026-07-10 01:08:41.018 7 INFO neutron.db.ovn_revision_numbers_db [None req-e60d2013-2d96-402a-9b9b-bb1fd2a5d506 3d98f3868d984f51a3e5f221f626f629 266b74b2d39f493ca100d77c85984e77 - - default default] Successfully bumped revision number for resource 99fa33a9-4d4d-4415-99d6-d2ac90fbf964 (type: ports) to 2 [pid: 8|app: 0|req: 908/1897] 10.0.0.38 () {32 vars in 739 bytes} [Fri Jul 10 01:08:40 2026] DELETE /v2.0/security-groups/4462ef83-1682-4870-9fd7-3f4fe1452690 => generated 0 bytes in 225 msecs (HTTP/1.1 204) 2 headers in 112 bytes (1 switches on core 0)
2026-07-10 01:08:41.061 8 WARNING neutron.db.securitygroups_db [None req-2e43c5fe-6f1d-4f68-a330-65e84a2a655a 2f18755ed4c449138d06bb6800267a88 ff32b370bb2a409bb219cd0898acab6f - - default default] project_id key not found in filters, using tenant_id instead. This support has been deprecated and will be removed in a future release. [pid: 8|app: 0|req: 909/1898] 10.0.0.38 () {32 vars in 773 bytes} [Fri Jul 10 01:08:41 2026] GET /v2.0/security-groups?tenant_id=c69bc97703014921a10c56c4a1215b60&name=default => generated 2925 bytes in 29 msecs (HTTP/1.1 200) 4 headers in 158 bytes (1 switches on core 0)
2026-07-10 01:08:41.216 8 INFO neutron_taas.services.taas.taas_plugin [None req-3796e7f9-39f8-4915-a1d2-e5f1f5012ac7 46e6a36f1086421e9713f1fc7b77b305 6f91dd3c56e0422fa56d7df528b0f650 - - default default] TaaS: Handle Delete Port: b3766d8e-318d-48dc-b818-e7ad9db9f3ea
2026-07-10 01:08:41.219 8 INFO neutron_taas.services.taas.tap_mirror_plugin [None req-3796e7f9-39f8-4915-a1d2-e5f1f5012ac7 46e6a36f1086421e9713f1fc7b77b305 6f91dd3c56e0422fa56d7df528b0f650 - - default default] Tap Mirror: Handle Delete Port: b3766d8e-318d-48dc-b818-e7ad9db9f3ea [pid: 8|app: 0|req: 910/1899] 10.0.0.38 () {32 vars in 725 bytes} [Fri Jul 10 01:08:41 2026] DELETE /v2.0/networks/cabee18b-bd63-4717-80c4-a77f71c0dafe => generated 0 bytes in 370 msecs (HTTP/1.1 204) 3 headers in 131 bytes (1 switches on core 0) [pid: 8|app: 0|req: 911/1900] 10.0.0.38 () {32 vars in 739 bytes} [Fri Jul 10 01:08:41 2026] DELETE /v2.0/security-groups/8dc5388c-2ebb-4977-92be-07f55d9c7863 => generated 0 bytes in 181 msecs (HTTP/1.1 204) 2 headers in 112 bytes (1 switches on core 0)
2026-07-10 01:08:41.643 8 WARNING neutron.db.securitygroups_db [None req-961f8d7b-63b6-48d3-8d93-09a7f3023662 2f18755ed4c449138d06bb6800267a88 ff32b370bb2a409bb219cd0898acab6f - - default default] project_id key not found in filters, using tenant_id instead. This support has been deprecated and will be removed in a future release. [pid: 8|app: 0|req: 912/1901] 10.0.0.38 () {32 vars in 773 bytes} [Fri Jul 10 01:08:41 2026] GET /v2.0/security-groups?tenant_id=aee3d077d8434527b63188429da04bd4&name=default => generated 2925 bytes in 29 msecs (HTTP/1.1 200) 4 headers in 158 bytes (1 switches on core 0)
2026-07-10 01:08:41.815 7 INFO neutron.db.ovn_revision_numbers_db [None req-3dbfd66c-6c52-4682-9b62-77cb7a508bf6 - - - - - -] Successfully bumped revision number for resource 99fa33a9-4d4d-4415-99d6-d2ac90fbf964 (type: ports) to 3
2026-07-10 01:08:41.867 8 INFO neutron.services.segments.plugin [-] Segment 963c7787-1ad7-448e-bb5a-59452fd17e13 resource provider aggregate not found
2026-07-10 01:08:41.881 8 INFO neutron.services.segments.plugin [-] Segment 963c7787-1ad7-448e-bb5a-59452fd17e13 resource provider aggregate not found
2026-07-10 01:08:41.888 8 INFO neutron.services.segments.plugin [-] Client error retrieving segment 963c7787-1ad7-448e-bb5a-59452fd17e13 resource provider; error: Placement Client Error (4xx): {"errors": [{"status": 404, "title": "Not Found", "detail": "The resource could not be found.\n\n No resource provider with uuid 963c7787-1ad7-448e-bb5a-59452fd17e13 found for delete ", "request_id": "req-d6355053-15ea-454e-a3c0-81b7be49500f"}]}
2026-07-10 01:08:41.907 8 INFO neutron.services.segments.plugin [-] Client error retrieving segment 963c7787-1ad7-448e-bb5a-59452fd17e13 resource provider; error: Placement Client Error (4xx): {"errors": [{"status": 404, "title": "Not Found", "detail": "The resource could not be found.\n\n No resource provider with uuid 963c7787-1ad7-448e-bb5a-59452fd17e13 found for delete ", "request_id": "req-09a190b6-361f-4ca7-9e30-7afcf7ae3f2e"}]}
2026-07-10 01:08:41.913 8 INFO neutron.services.segments.plugin [-] Segment b6e29704-2d2f-4608-9316-6401dba01fee resource provider aggregate not found [pid: 8|app: 0|req: 913/1902] 10.0.0.38 () {32 vars in 739 bytes} [Fri Jul 10 01:08:41 2026] DELETE /v2.0/security-groups/565e0b34-56cc-4e1e-8eb7-5a678b947eeb => generated 0 bytes in 240 msecs (HTTP/1.1 204) 2 headers in 112 bytes (1 switches on core 0)
2026-07-10 01:08:41.923 8 WARNING neutron.db.securitygroups_db [None req-5cef62f0-f8f5-40fb-90cd-43a3859b4432 2f18755ed4c449138d06bb6800267a88 ff32b370bb2a409bb219cd0898acab6f - - default default] project_id key not found in filters, using tenant_id instead. This support has been deprecated and will be removed in a future release.
2026-07-10 01:08:41.946 8 INFO neutron.services.segments.plugin [-] Segment b6e29704-2d2f-4608-9316-6401dba01fee resource provider aggregate not found
2026-07-10 01:08:41.952 8 INFO neutron.services.segments.plugin [-] Client error retrieving segment b6e29704-2d2f-4608-9316-6401dba01fee resource provider; error: Placement Client Error (4xx): {"errors": [{"status": 404, "title": "Not Found", "detail": "The resource could not be found.\n\n No resource provider with uuid b6e29704-2d2f-4608-9316-6401dba01fee found for delete ", "request_id": "req-887aec17-8578-4a53-9216-d6d84689b210"}]}
2026-07-10 01:08:41.966 8 INFO neutron.services.segments.plugin [-] Segment f55c1ad7-c5fd-4ce5-9525-922ec5c80c33 resource provider aggregate not found [pid: 8|app: 0|req: 914/1903] 10.0.0.38 () {32 vars in 773 bytes} [Fri Jul 10 01:08:41 2026] GET /v2.0/security-groups?tenant_id=544dd2f930f440f59d96a60846cd0ed2&name=default => generated 2925 bytes in 56 msecs (HTTP/1.1 200) 4 headers in 158 bytes (1 switches on core 0)
2026-07-10 01:08:41.981 8 INFO neutron.services.segments.plugin [-] Client error retrieving segment b6e29704-2d2f-4608-9316-6401dba01fee resource provider; error: Placement Client Error (4xx): {"errors": [{"status": 404, "title": "Not Found", "detail": "The resource could not be found.\n\n No resource provider with uuid b6e29704-2d2f-4608-9316-6401dba01fee found for delete ", "request_id": "req-ccef4d90-1142-4598-8f34-69d96a47add7"}]}
2026-07-10 01:08:41.989 8 INFO neutron.services.segments.plugin [-] Client error retrieving segment f55c1ad7-c5fd-4ce5-9525-922ec5c80c33 resource provider; error: Placement Client Error (4xx): {"errors": [{"status": 404, "title": "Not Found", "detail": "The resource could not be found.\n\n No resource provider with uuid f55c1ad7-c5fd-4ce5-9525-922ec5c80c33 found for delete ", "request_id": "req-9cf3c57f-d4ee-4a37-a2a2-8a610b1920b1"}]}
2026-07-10 01:08:42.005 8 INFO neutron.services.segments.plugin [-] Segment f55c1ad7-c5fd-4ce5-9525-922ec5c80c33 resource provider aggregate not found
2026-07-10 01:08:42.023 8 INFO neutron.services.segments.plugin [-] Client error retrieving segment f55c1ad7-c5fd-4ce5-9525-922ec5c80c33 resource provider; error: Placement Client Error (4xx): {"errors": [{"status": 404, "title": "Not Found", "detail": "The resource could not be found.\n\n No resource provider with uuid f55c1ad7-c5fd-4ce5-9525-922ec5c80c33 found for delete ", "request_id": "req-4513efa3-6e4e-4365-b560-262ad8e15c76"}]} [pid: 8|app: 0|req: 917/1906] 10.0.0.38 () {32 vars in 739 bytes} [Fri Jul 10 01:08:41 2026] DELETE /v2.0/security-groups/3c32d2e7-36e7-4b71-9222-8cffb5b4b508 => generated 0 bytes in 218 msecs (HTTP/1.1 204) 2 headers in 112 bytes (1 switches on core 0)
2026-07-10 01:08:42.197 8 WARNING neutron.db.securitygroups_db [None req-237fa6c8-7961-4f51-83fc-80e1e09833e8 2f18755ed4c449138d06bb6800267a88 ff32b370bb2a409bb219cd0898acab6f - - default default] project_id key not found in filters, using tenant_id instead. This support has been deprecated and will be removed in a future release.
2026-07-10 01:08:42.228 7 WARNING neutron.scheduler.dhcp_agent_scheduler [None req-e60d2013-2d96-402a-9b9b-bb1fd2a5d506 3d98f3868d984f51a3e5f221f626f629 266b74b2d39f493ca100d77c85984e77 - - default default] No more DHCP agents
2026-07-10 01:08:42.229 7 WARNING neutron.api.rpc.agentnotifiers.dhcp_rpc_agent_api [None req-e60d2013-2d96-402a-9b9b-bb1fd2a5d506 3d98f3868d984f51a3e5f221f626f629 266b74b2d39f493ca100d77c85984e77 - - default default] Unable to schedule network fbdbb07b-60c7-4f55-8263-90185b18729f: no agents available; will retry on subsequent port and subnet creation events.
2026-07-10 01:08:42.313 8 INFO neutron.db.ovn_revision_numbers_db [None req-237fa6c8-7961-4f51-83fc-80e1e09833e8 2f18755ed4c449138d06bb6800267a88 ff32b370bb2a409bb219cd0898acab6f - - default default] Successfully bumped revision number for resource 63801334-f3d6-4c5c-baa8-2010aed824dc (type: security_groups) to 1
2026-07-10 01:08:42.327 8 INFO neutron.db.ovn_revision_numbers_db [None req-237fa6c8-7961-4f51-83fc-80e1e09833e8 2f18755ed4c449138d06bb6800267a88 ff32b370bb2a409bb219cd0898acab6f - - default default] Successfully bumped revision number for resource 20ba819c-985f-4422-b941-45339bd329d9 (type: security_group_rules) to 0
2026-07-10 01:08:42.342 8 INFO neutron.db.ovn_revision_numbers_db [None req-237fa6c8-7961-4f51-83fc-80e1e09833e8 2f18755ed4c449138d06bb6800267a88 ff32b370bb2a409bb219cd0898acab6f - - default default] Successfully bumped revision number for resource a7af728e-b939-4e95-8030-73cbe3e71a88 (type: security_group_rules) to 0
2026-07-10 01:08:42.354 8 INFO neutron.db.ovn_revision_numbers_db [None req-237fa6c8-7961-4f51-83fc-80e1e09833e8 2f18755ed4c449138d06bb6800267a88 ff32b370bb2a409bb219cd0898acab6f - - default default] Successfully bumped revision number for resource bc789964-21ea-480f-8388-43fa6da02598 (type: security_group_rules) to 0
2026-07-10 01:08:42.369 8 INFO neutron.db.ovn_revision_numbers_db [None req-237fa6c8-7961-4f51-83fc-80e1e09833e8 2f18755ed4c449138d06bb6800267a88 ff32b370bb2a409bb219cd0898acab6f - - default default] Successfully bumped revision number for resource ee701fc7-ccb0-46e2-992a-15a124700487 (type: security_group_rules) to 0 [pid: 8|app: 0|req: 918/1907] 10.0.0.38 () {32 vars in 773 bytes} [Fri Jul 10 01:08:42 2026] GET /v2.0/security-groups?tenant_id=0bb49c76e1584e4089e68e7d60b9ee5b&name=default => generated 2925 bytes in 247 msecs (HTTP/1.1 200) 4 headers in 158 bytes (1 switches on core 0)
2026-07-10 01:08:42.493 7 INFO neutron.db.ovn_revision_numbers_db [None req-e60d2013-2d96-402a-9b9b-bb1fd2a5d506 3d98f3868d984f51a3e5f221f626f629 266b74b2d39f493ca100d77c85984e77 - - default default] Successfully bumped revision number for resource 99fa33a9-4d4d-4415-99d6-d2ac90fbf964 (type: router_ports) to 3 [pid: 7|app: 0|req: 990/1908] 10.0.0.38 () {34 vars in 782 bytes} [Fri Jul 10 01:08:40 2026] PUT /v2.0/routers/2498ced2-9702-4b8d-b802-d5fdd0a1fdad/add_router_interface => generated 310 bytes in 2089 msecs (HTTP/1.1 200) 4 headers in 157 bytes (1 switches on core 0) /var/lib/openstack/lib/python3.12/site-packages/pycadf/identifier.py:70: UserWarning: Invalid uuid: neutron. To ensure interoperability, identifiers should be a valid uuid. warnings.warn(('Invalid uuid: %s. To ensure interoperability, '
2026-07-10 01:08:42.675 8 WARNING neutron.db.securitygroups_db [None req-4a904b2f-9193-48ea-b356-8404b42457ff 2f18755ed4c449138d06bb6800267a88 ff32b370bb2a409bb219cd0898acab6f - - default default] project_id key not found in filters, using tenant_id instead. This support has been deprecated and will be removed in a future release. [pid: 7|app: 0|req: 991/1909] 10.0.0.38 () {32 vars in 739 bytes} [Fri Jul 10 01:08:42 2026] DELETE /v2.0/security-groups/63801334-f3d6-4c5c-baa8-2010aed824dc => generated 0 bytes in 206 msecs (HTTP/1.1 204) 2 headers in 112 bytes (1 switches on core 0) [pid: 7|app: 0|req: 992/1910] 10.0.0.38 () {32 vars in 716 bytes} [Fri Jul 10 01:08:42 2026] GET /v2.0/ports/99fa33a9-4d4d-4415-99d6-d2ac90fbf964 => generated 1010 bytes in 39 msecs (HTTP/1.1 200) 4 headers in 158 bytes (1 switches on core 0)
2026-07-10 01:08:42.829 8 INFO neutron.db.ovn_revision_numbers_db [None req-4a904b2f-9193-48ea-b356-8404b42457ff 2f18755ed4c449138d06bb6800267a88 ff32b370bb2a409bb219cd0898acab6f - - default default] Successfully bumped revision number for resource 51ec5147-f14a-4dd4-882a-99cb2dadcede (type: security_groups) to 1
