2026-07-10 01:08:59.024 8 INFO neutron_taas.services.taas.tap_mirror_plugin [None req-9b71cbe2-f555-4560-b0a1-99c7dd5e1040 a1f9024adfd74f998de55ec6821a3be4 d544756d42a84699a7abcdece15515b2 - - default default] Tap Mirror: Handle Delete Port: 0a671b6c-bc1e-4abd-87c1-c14a23fc362d [pid: 7|app: 0|req: 1060/2042] 10.0.0.38 () {32 vars in 716 bytes} [Fri Jul 10 01:08:58 2026] GET /v2.0/ports/61f2eded-390f-49ab-8b78-58214f0899d5 => generated 826 bytes in 142 msecs (HTTP/1.1 200) 4 headers in 157 bytes (1 switches on core 0) [pid: 7|app: 0|req: 1061/2043] 10.0.0.38 () {32 vars in 721 bytes} [Fri Jul 10 01:08:59 2026] DELETE /v2.0/trunks/8ba3b5e3-c2ad-4ca1-b90a-b4a7df90276a => generated 0 bytes in 108 msecs (HTTP/1.1 204) 2 headers in 112 bytes (1 switches on core 0) [pid: 7|app: 0|req: 1062/2044] 10.0.0.38 () {32 vars in 718 bytes} [Fri Jul 10 01:08:59 2026] GET /v2.0/trunks/173e2cee-3357-4508-99dd-fa9983192ac3 => generated 422 bytes in 26 msecs (HTTP/1.1 200) 4 headers in 157 bytes (1 switches on core 0) [pid: 8|app: 0|req: 983/2045] 10.0.0.38 () {32 vars in 725 bytes} [Fri Jul 10 01:08:58 2026] DELETE /v2.0/networks/4ebb13ff-4035-4dff-95bd-1d3da170f70b => generated 0 bytes in 354 msecs (HTTP/1.1 204) 3 headers in 131 bytes (1 switches on core 0) [pid: 7|app: 0|req: 1063/2046] 10.0.0.38 () {32 vars in 716 bytes} [Fri Jul 10 01:08:59 2026] GET /v2.0/ports/af69245f-b42b-447e-92a3-adb34c472bdf => generated 826 bytes in 101 msecs (HTTP/1.1 200) 4 headers in 157 bytes (1 switches on core 0)
2026-07-10 01:08:59.368 8 INFO neutron_taas.services.taas.taas_plugin [None req-fc9165b8-bd41-4ed5-8c86-b0b173173c60 a1f9024adfd74f998de55ec6821a3be4 d544756d42a84699a7abcdece15515b2 - - default default] TaaS: Handle Delete Port: 961872ac-6c97-435e-920f-aea4007ec0bd
2026-07-10 01:08:59.371 8 INFO neutron_taas.services.taas.tap_mirror_plugin [None req-fc9165b8-bd41-4ed5-8c86-b0b173173c60 a1f9024adfd74f998de55ec6821a3be4 d544756d42a84699a7abcdece15515b2 - - default default] Tap Mirror: Handle Delete Port: 961872ac-6c97-435e-920f-aea4007ec0bd [pid: 7|app: 0|req: 1064/2047] 10.0.0.38 () {32 vars in 721 bytes} [Fri Jul 10 01:08:59 2026] DELETE /v2.0/trunks/173e2cee-3357-4508-99dd-fa9983192ac3 => generated 0 bytes in 80 msecs (HTTP/1.1 204) 2 headers in 112 bytes (1 switches on core 0) [pid: 7|app: 0|req: 1065/2048] 10.0.0.38 () {32 vars in 718 bytes} [Fri Jul 10 01:08:59 2026] GET /v2.0/trunks/05be0ce8-594b-4f07-a2bf-8bc267fdc777 => generated 431 bytes in 14 msecs (HTTP/1.1 200) 4 headers in 157 bytes (1 switches on core 0) [pid: 7|app: 0|req: 1066/2049] 10.0.0.38 () {32 vars in 716 bytes} [Fri Jul 10 01:08:59 2026] GET /v2.0/ports/e01eef1c-974f-445a-8eac-fa3d6f86cd93 => generated 826 bytes in 77 msecs (HTTP/1.1 200) 4 headers in 157 bytes (1 switches on core 0)
2026-07-10 01:08:59.520 8 WARNING neutron.plugins.ml2.drivers.ovn.mech_driver.ovsdb.ovn_client [None req-62ac5f4f-abbf-49ce-9ef4-ff0c8d099e83 - - - - - -] No port found with ID 03844ede-9f31-4c9c-acd7-70bb214920ab: RuntimeError: No port found with ID 03844ede-9f31-4c9c-acd7-70bb214920ab
2026-07-10 01:08:59.520 8 INFO neutron.plugins.ml2.drivers.ovn.mech_driver.mech_driver [None req-62ac5f4f-abbf-49ce-9ef4-ff0c8d099e83 - - - - - -] OVN reports status down for port: 338f23de-5986-4048-a319-0a6e07cb9f5e
2026-07-10 01:08:59.537 8 INFO neutron.plugins.ml2.drivers.ovn.mech_driver.mech_driver [None req-62ac5f4f-abbf-49ce-9ef4-ff0c8d099e83 - - - - - -] OVN reports status down for port: e01eef1c-974f-445a-8eac-fa3d6f86cd93 [pid: 7|app: 0|req: 1067/2050] 10.0.0.38 () {32 vars in 721 bytes} [Fri Jul 10 01:08:59 2026] DELETE /v2.0/trunks/05be0ce8-594b-4f07-a2bf-8bc267fdc777 => generated 0 bytes in 76 msecs (HTTP/1.1 204) 2 headers in 112 bytes (1 switches on core 0) [pid: 7|app: 0|req: 1068/2051] 10.0.0.38 () {32 vars in 718 bytes} [Fri Jul 10 01:08:59 2026] GET /v2.0/trunks/710f7ccd-b28e-47ef-89d5-38fb949a8b06 => generated 416 bytes in 12 msecs (HTTP/1.1 200) 4 headers in 157 bytes (1 switches on core 0) [pid: 8|app: 0|req: 984/2052] 10.0.0.38 () {32 vars in 725 bytes} [Fri Jul 10 01:08:59 2026] DELETE /v2.0/networks/0f12b7aa-808a-467c-8ca9-62720c390fba => generated 0 bytes in 403 msecs (HTTP/1.1 204) 3 headers in 131 bytes (1 switches on core 0) [pid: 7|app: 0|req: 1069/2053] 10.0.0.38 () {32 vars in 716 bytes} [Fri Jul 10 01:08:59 2026] GET /v2.0/ports/1094bfe8-bee6-48af-a203-4f3b2ccdc095 => generated 826 bytes in 58 msecs (HTTP/1.1 200) 4 headers in 157 bytes (1 switches on core 0)
2026-07-10 01:08:59.672 8 INFO neutron.plugins.ml2.drivers.ovn.mech_driver.mech_driver [None req-62ac5f4f-abbf-49ce-9ef4-ff0c8d099e83 - - - - - -] OVN reports status down for port: 04b77107-d1de-4be9-93dd-506b76c4300d [pid: 7|app: 0|req: 1070/2054] 10.0.0.38 () {32 vars in 721 bytes} [Fri Jul 10 01:08:59 2026] DELETE /v2.0/trunks/710f7ccd-b28e-47ef-89d5-38fb949a8b06 => generated 0 bytes in 66 msecs (HTTP/1.1 204) 2 headers in 112 bytes (1 switches on core 0) [pid: 7|app: 0|req: 1071/2055] 10.0.0.38 () {32 vars in 718 bytes} [Fri Jul 10 01:08:59 2026] GET /v2.0/trunks/13082e4a-43c6-4a1d-a97d-47c32871e110 => generated 409 bytes in 12 msecs (HTTP/1.1 200) 4 headers in 157 bytes (1 switches on core 0)
2026-07-10 01:08:59.780 8 INFO neutron.plugins.ml2.drivers.ovn.mech_driver.mech_driver [None req-62ac5f4f-abbf-49ce-9ef4-ff0c8d099e83 - - - - - -] OVN reports status down for port: b1927c55-b8ec-4de9-a4ba-dfef3307931d [pid: 7|app: 0|req: 1072/2056] 10.0.0.38 () {32 vars in 716 bytes} [Fri Jul 10 01:08:59 2026] GET /v2.0/ports/3fd7e2ab-8ff3-4820-a083-a53be4a2290c => generated 826 bytes in 80 msecs (HTTP/1.1 200) 4 headers in 157 bytes (1 switches on core 0)
2026-07-10 01:08:59.839 8 INFO neutron_taas.services.taas.taas_plugin [None req-94d9cc99-e5e6-41b9-b560-e8aad128bc27 a1f9024adfd74f998de55ec6821a3be4 d544756d42a84699a7abcdece15515b2 - - default default] TaaS: Handle Delete Port: acd98ed9-d339-46c9-98c3-5c8518df3066
2026-07-10 01:08:59.843 8 INFO neutron_taas.services.taas.tap_mirror_plugin [None req-94d9cc99-e5e6-41b9-b560-e8aad128bc27 a1f9024adfd74f998de55ec6821a3be4 d544756d42a84699a7abcdece15515b2 - - default default] Tap Mirror: Handle Delete Port: acd98ed9-d339-46c9-98c3-5c8518df3066 [pid: 7|app: 0|req: 1073/2057] 10.0.0.38 () {32 vars in 721 bytes} [Fri Jul 10 01:08:59 2026] DELETE /v2.0/trunks/13082e4a-43c6-4a1d-a97d-47c32871e110 => generated 0 bytes in 66 msecs (HTTP/1.1 204) 2 headers in 112 bytes (1 switches on core 0)
2026-07-10 01:09:00.045 7 INFO neutron_taas.services.taas.taas_plugin [None req-f2cfa159-bfa5-4ede-8c41-a5c6fd2f3621 b03de771b3394351968ea9526addf4d1 000d52b211ae4d868f98a666c48ba233 - - default default] TaaS: Handle Delete Port: 61f2eded-390f-49ab-8b78-58214f0899d5
2026-07-10 01:09:00.049 7 INFO neutron_taas.services.taas.tap_mirror_plugin [None req-f2cfa159-bfa5-4ede-8c41-a5c6fd2f3621 b03de771b3394351968ea9526addf4d1 000d52b211ae4d868f98a666c48ba233 - - default default] Tap Mirror: Handle Delete Port: 61f2eded-390f-49ab-8b78-58214f0899d5 [pid: 8|app: 0|req: 985/2058] 10.0.0.38 () {32 vars in 725 bytes} [Fri Jul 10 01:08:59 2026] DELETE /v2.0/networks/22ea5637-7c88-4f84-a572-1bf7334d0992 => generated 0 bytes in 450 msecs (HTTP/1.1 204) 3 headers in 131 bytes (1 switches on core 0) [pid: 7|app: 0|req: 1074/2059] 10.0.0.38 () {32 vars in 719 bytes} [Fri Jul 10 01:08:59 2026] DELETE /v2.0/ports/61f2eded-390f-49ab-8b78-58214f0899d5 => generated 0 bytes in 285 msecs (HTTP/1.1 204) 3 headers in 131 bytes (1 switches on core 0)
2026-07-10 01:09:00.332 8 INFO neutron_taas.services.taas.taas_plugin [None req-f4cd9171-0d6d-4a49-b0aa-912933e5d3c6 b03de771b3394351968ea9526addf4d1 000d52b211ae4d868f98a666c48ba233 - - default default] TaaS: Handle Delete Port: af69245f-b42b-447e-92a3-adb34c472bdf
2026-07-10 01:09:00.335 8 INFO neutron_taas.services.taas.tap_mirror_plugin [None req-f4cd9171-0d6d-4a49-b0aa-912933e5d3c6 b03de771b3394351968ea9526addf4d1 000d52b211ae4d868f98a666c48ba233 - - default default] Tap Mirror: Handle Delete Port: af69245f-b42b-447e-92a3-adb34c472bdf [pid: 8|app: 0|req: 986/2060] 10.0.0.38 () {32 vars in 719 bytes} [Fri Jul 10 01:09:00 2026] DELETE /v2.0/ports/af69245f-b42b-447e-92a3-adb34c472bdf => generated 0 bytes in 286 msecs (HTTP/1.1 204) 3 headers in 131 bytes (1 switches on core 0)
2026-07-10 01:09:00.604 7 INFO neutron.db.ovn_revision_numbers_db [None req-c9b4bba9-1c47-4be4-b1b9-9fed48d19d1b 6fd6f4c9f0cc43e285c71e1b6dec09c6 8e681d09d3614098895501eed89ab24a - - default default] Successfully bumped revision number for resource 2040f158-3a0d-450b-9bdf-a922db1e669b (type: security_groups) to 1
2026-07-10 01:09:00.616 7 INFO neutron.db.ovn_revision_numbers_db [None req-c9b4bba9-1c47-4be4-b1b9-9fed48d19d1b 6fd6f4c9f0cc43e285c71e1b6dec09c6 8e681d09d3614098895501eed89ab24a - - default default] Successfully bumped revision number for resource 038f5d92-2366-4cbe-8607-4470c43e69a8 (type: security_group_rules) to 0
2026-07-10 01:09:00.623 8 INFO neutron_taas.services.taas.taas_plugin [None req-254dc4b9-80e5-4473-977d-0c5e2cdbe517 b03de771b3394351968ea9526addf4d1 000d52b211ae4d868f98a666c48ba233 - - default default] TaaS: Handle Delete Port: e01eef1c-974f-445a-8eac-fa3d6f86cd93
2026-07-10 01:09:00.626 8 INFO neutron_taas.services.taas.tap_mirror_plugin [None req-254dc4b9-80e5-4473-977d-0c5e2cdbe517 b03de771b3394351968ea9526addf4d1 000d52b211ae4d868f98a666c48ba233 - - default default] Tap Mirror: Handle Delete Port: e01eef1c-974f-445a-8eac-fa3d6f86cd93
2026-07-10 01:09:00.631 7 INFO neutron.db.ovn_revision_numbers_db [None req-c9b4bba9-1c47-4be4-b1b9-9fed48d19d1b 6fd6f4c9f0cc43e285c71e1b6dec09c6 8e681d09d3614098895501eed89ab24a - - default default] Successfully bumped revision number for resource 140fe5f5-a1f0-4380-ab11-ae7aabe0dc9d (type: security_group_rules) to 0
2026-07-10 01:09:00.642 7 INFO neutron.db.ovn_revision_numbers_db [None req-c9b4bba9-1c47-4be4-b1b9-9fed48d19d1b 6fd6f4c9f0cc43e285c71e1b6dec09c6 8e681d09d3614098895501eed89ab24a - - default default] Successfully bumped revision number for resource 83fd426b-1e79-40ae-92c4-175779e7dac2 (type: security_group_rules) to 0
2026-07-10 01:09:00.653 7 INFO neutron.db.ovn_revision_numbers_db [None req-c9b4bba9-1c47-4be4-b1b9-9fed48d19d1b 6fd6f4c9f0cc43e285c71e1b6dec09c6 8e681d09d3614098895501eed89ab24a - - default default] Successfully bumped revision number for resource aa71c005-5d24-4435-b74a-12b4e78f7d08 (type: security_group_rules) to 0
2026-07-10 01:09:00.767 7 INFO neutron.db.ovn_revision_numbers_db [None req-c9b4bba9-1c47-4be4-b1b9-9fed48d19d1b 6fd6f4c9f0cc43e285c71e1b6dec09c6 8e681d09d3614098895501eed89ab24a - - default default] Successfully bumped revision number for resource 0a929c1f-7132-4199-93ea-efad5d3adf4e (type: security_groups) to 1
2026-07-10 01:09:00.779 7 INFO neutron.db.ovn_revision_numbers_db [None req-c9b4bba9-1c47-4be4-b1b9-9fed48d19d1b 6fd6f4c9f0cc43e285c71e1b6dec09c6 8e681d09d3614098895501eed89ab24a - - default default] Successfully bumped revision number for resource 56575a58-784c-4c83-9b9b-923a2e9a5ff6 (type: security_group_rules) to 0 [pid: 8|app: 0|req: 987/2061] 10.0.0.38 () {32 vars in 719 bytes} [Fri Jul 10 01:09:00 2026] DELETE /v2.0/ports/e01eef1c-974f-445a-8eac-fa3d6f86cd93 => generated 0 bytes in 312 msecs (HTTP/1.1 204) 3 headers in 131 bytes (1 switches on core 0)
2026-07-10 01:09:00.790 7 INFO neutron.db.ovn_revision_numbers_db [None req-c9b4bba9-1c47-4be4-b1b9-9fed48d19d1b 6fd6f4c9f0cc43e285c71e1b6dec09c6 8e681d09d3614098895501eed89ab24a - - default default] Successfully bumped revision number for resource ced2f61b-4f72-4031-95d7-dcfde3449992 (type: security_group_rules) to 0 [pid: 7|app: 0|req: 1075/2062] 10.0.0.38 () {34 vars in 683 bytes} [Fri Jul 10 01:09:00 2026] POST /v2.0/security-groups => generated 1623 bytes in 543 msecs (HTTP/1.1 201) 4 headers in 163 bytes (1 switches on core 0)
2026-07-10 01:09:00.860 8 INFO neutron.services.segments.plugin [-] Segment 92a7cd3e-8d3c-4d18-aa18-b4c6faf71e22 resource provider aggregate not found
2026-07-10 01:09:00.867 8 INFO neutron.services.segments.plugin [-] Segment 92a7cd3e-8d3c-4d18-aa18-b4c6faf71e22 resource provider aggregate not found [pid: 7|app: 0|req: 1076/2063] 10.0.0.38 () {32 vars in 662 bytes} [Fri Jul 10 01:09:00 2026] GET /v2.0/security-groups => generated 4528 bytes in 37 msecs (HTTP/1.1 200) 4 headers in 158 bytes (1 switches on core 0)
2026-07-10 01:09:00.879 8 INFO neutron.services.segments.plugin [-] Client error retrieving segment 92a7cd3e-8d3c-4d18-aa18-b4c6faf71e22 resource provider; error: Placement Client Error (4xx): {"errors": [{"status": 404, "title": "Not Found", "detail": "The resource could not be found.\n\n No resource provider with uuid 92a7cd3e-8d3c-4d18-aa18-b4c6faf71e22 found for delete ", "request_id": "req-a3b7b01b-f64c-4cb7-96bd-54f8e57802a0"}]}
2026-07-10 01:09:00.884 8 INFO neutron.services.segments.plugin [-] Client error retrieving segment 92a7cd3e-8d3c-4d18-aa18-b4c6faf71e22 resource provider; error: Placement Client Error (4xx): {"errors": [{"status": 404, "title": "Not Found", "detail": "The resource could not be found.\n\n No resource provider with uuid 92a7cd3e-8d3c-4d18-aa18-b4c6faf71e22 found for delete ", "request_id": "req-783921ea-9322-4ae1-83f6-9324d85740a3"}]}
2026-07-10 01:09:00.898 8 INFO neutron.services.segments.plugin [-] Segment 0dbac9db-577b-41a1-b151-0e2fcf653dfe resource provider aggregate not found
2026-07-10 01:09:00.908 8 INFO neutron.services.segments.plugin [-] Client error retrieving segment 0dbac9db-577b-41a1-b151-0e2fcf653dfe resource provider; error: Placement Client Error (4xx): {"errors": [{"status": 404, "title": "Not Found", "detail": "The resource could not be found.\n\n No resource provider with uuid 0dbac9db-577b-41a1-b151-0e2fcf653dfe found for delete ", "request_id": "req-b3011b30-ef23-4b2f-916e-8285b5f4dfd6"}]}
2026-07-10 01:09:00.914 8 INFO neutron.services.segments.plugin [-] Segment 0dbac9db-577b-41a1-b151-0e2fcf653dfe resource provider aggregate not found
2026-07-10 01:09:00.925 8 INFO neutron.services.segments.plugin [-] Segment 98092dce-f359-45eb-9cec-cb72eafaf41a resource provider aggregate not found
2026-07-10 01:09:00.931 8 INFO neutron.services.segments.plugin [-] Client error retrieving segment 0dbac9db-577b-41a1-b151-0e2fcf653dfe resource provider; error: Placement Client Error (4xx): {"errors": [{"status": 404, "title": "Not Found", "detail": "The resource could not be found.\n\n No resource provider with uuid 0dbac9db-577b-41a1-b151-0e2fcf653dfe found for delete ", "request_id": "req-3c271b7f-7c63-4785-9b65-4b2158f9a38b"}]}
2026-07-10 01:09:00.943 7 INFO neutron.db.ovn_revision_numbers_db [None req-a810ef1b-6697-408c-afdb-19a82c4f0978 6fd6f4c9f0cc43e285c71e1b6dec09c6 8e681d09d3614098895501eed89ab24a - - default default] Successfully bumped revision number for resource 0a929c1f-7132-4199-93ea-efad5d3adf4e (type: security_groups) to 2
2026-07-10 01:09:00.946 8 INFO neutron.services.segments.plugin [-] Client error retrieving segment 98092dce-f359-45eb-9cec-cb72eafaf41a resource provider; error: Placement Client Error (4xx): {"errors": [{"status": 404, "title": "Not Found", "detail": "The resource could not be found.\n\n No resource provider with uuid 98092dce-f359-45eb-9cec-cb72eafaf41a found for delete ", "request_id": "req-25e233bb-7be7-4873-9186-745d12565342"}]}
2026-07-10 01:09:00.963 8 INFO neutron.services.segments.plugin [-] Segment 98092dce-f359-45eb-9cec-cb72eafaf41a resource provider aggregate not found [pid: 7|app: 0|req: 1077/2064] 10.0.0.38 () {34 vars in 757 bytes} [Fri Jul 10 01:09:00 2026] PUT /v2.0/security-groups/0a929c1f-7132-4199-93ea-efad5d3adf4e => generated 1663 bytes in 90 msecs (HTTP/1.1 200) 4 headers in 158 bytes (1 switches on core 0)
2026-07-10 01:09:00.993 8 INFO neutron.services.segments.plugin [-] Client error retrieving segment 98092dce-f359-45eb-9cec-cb72eafaf41a resource provider; error: Placement Client Error (4xx): {"errors": [{"status": 404, "title": "Not Found", "detail": "The resource could not be found.\n\n No resource provider with uuid 98092dce-f359-45eb-9cec-cb72eafaf41a found for delete ", "request_id": "req-50b86e26-d009-462f-aa94-389ad50a8406"}]}
2026-07-10 01:09:01.012 8 INFO neutron_taas.services.taas.taas_plugin [None req-c289df7c-9bf4-45f9-adc5-c2d5cb9106a3 b03de771b3394351968ea9526addf4d1 000d52b211ae4d868f98a666c48ba233 - - default default] TaaS: Handle Delete Port: 1094bfe8-bee6-48af-a203-4f3b2ccdc095
2026-07-10 01:09:01.015 8 INFO neutron_taas.services.taas.tap_mirror_plugin [None req-c289df7c-9bf4-45f9-adc5-c2d5cb9106a3 b03de771b3394351968ea9526addf4d1 000d52b211ae4d868f98a666c48ba233 - - default default] Tap Mirror: Handle Delete Port: 1094bfe8-bee6-48af-a203-4f3b2ccdc095 [pid: 8|app: 0|req: 988/2065] 10.0.0.38 () {32 vars in 719 bytes} [Fri Jul 10 01:09:00 2026] DELETE /v2.0/ports/1094bfe8-bee6-48af-a203-4f3b2ccdc095 => generated 0 bytes in 355 msecs (HTTP/1.1 204) 3 headers in 131 bytes (1 switches on core 0)
2026-07-10 01:09:01.145 7 WARNING neutron.db.securitygroups_db [None req-f4cdf43d-3ab9-410e-a5bb-050ec4edc25b 2f18755ed4c449138d06bb6800267a88 ff32b370bb2a409bb219cd0898acab6f - - default default] project_id key not found in filters, using tenant_id instead. This support has been deprecated and will be removed in a future release. [pid: 8|app: 0|req: 989/2066] 10.0.0.38 () {32 vars in 736 bytes} [Fri Jul 10 01:09:01 2026] GET /v2.0/security-groups/0a929c1f-7132-4199-93ea-efad5d3adf4e => generated 1663 bytes in 23 msecs (HTTP/1.1 200) 4 headers in 158 bytes (1 switches on core 0)
2026-07-10 01:09:01.267 7 INFO neutron.db.ovn_revision_numbers_db [None req-f4cdf43d-3ab9-410e-a5bb-050ec4edc25b 2f18755ed4c449138d06bb6800267a88 ff32b370bb2a409bb219cd0898acab6f - - default default] Successfully bumped revision number for resource 4167573e-4ee8-4ab8-a07d-29604d513ba1 (type: security_groups) to 1
2026-07-10 01:09:01.278 7 INFO neutron.db.ovn_revision_numbers_db [None req-f4cdf43d-3ab9-410e-a5bb-050ec4edc25b 2f18755ed4c449138d06bb6800267a88 ff32b370bb2a409bb219cd0898acab6f - - default default] Successfully bumped revision number for resource 6ffc09d1-aa09-4a9a-a488-31c044d8b4a1 (type: security_group_rules) to 0
2026-07-10 01:09:01.293 7 INFO neutron.db.ovn_revision_numbers_db [None req-f4cdf43d-3ab9-410e-a5bb-050ec4edc25b 2f18755ed4c449138d06bb6800267a88 ff32b370bb2a409bb219cd0898acab6f - - default default] Successfully bumped revision number for resource a583df7e-fa8d-4a8a-92c2-53639a5e8849 (type: security_group_rules) to 0
2026-07-10 01:09:01.303 8 INFO neutron_taas.services.taas.taas_plugin [None req-82b17c2c-0e76-4708-a36e-56c6381095b9 b03de771b3394351968ea9526addf4d1 000d52b211ae4d868f98a666c48ba233 - - default default] TaaS: Handle Delete Port: 3fd7e2ab-8ff3-4820-a083-a53be4a2290c
2026-07-10 01:09:01.306 8 INFO neutron_taas.services.taas.tap_mirror_plugin [None req-82b17c2c-0e76-4708-a36e-56c6381095b9 b03de771b3394351968ea9526addf4d1 000d52b211ae4d868f98a666c48ba233 - - default default] Tap Mirror: Handle Delete Port: 3fd7e2ab-8ff3-4820-a083-a53be4a2290c
2026-07-10 01:09:01.308 7 INFO neutron.db.ovn_revision_numbers_db [None req-f4cdf43d-3ab9-410e-a5bb-050ec4edc25b 2f18755ed4c449138d06bb6800267a88 ff32b370bb2a409bb219cd0898acab6f - - default default] Successfully bumped revision number for resource fbf7479e-f543-4119-adfe-ee29c97d989c (type: security_group_rules) to 0
2026-07-10 01:09:01.319 7 INFO neutron.db.ovn_revision_numbers_db [None req-f4cdf43d-3ab9-410e-a5bb-050ec4edc25b 2f18755ed4c449138d06bb6800267a88 ff32b370bb2a409bb219cd0898acab6f - - default default] Successfully bumped revision number for resource fd4902ae-7381-45f5-8fa6-e9fcb3b71b2c (type: security_group_rules) to 0 [pid: 7|app: 0|req: 1078/2067] 10.0.0.38 () {32 vars in 773 bytes} [Fri Jul 10 01:09:00 2026] GET /v2.0/security-groups?tenant_id=fd66b1ef8d784cf2825985cc1d0f2fd2&name=default => generated 2925 bytes in 392 msecs (HTTP/1.1 200) 4 headers in 158 bytes (1 switches on core 0) [pid: 8|app: 0|req: 990/2068] 10.0.0.38 () {32 vars in 719 bytes} [Fri Jul 10 01:09:01 2026] DELETE /v2.0/ports/3fd7e2ab-8ff3-4820-a083-a53be4a2290c => generated 0 bytes in 301 msecs (HTTP/1.1 204) 3 headers in 131 bytes (1 switches on core 0) [pid: 7|app: 0|req: 1079/2069] 10.0.0.38 () {32 vars in 739 bytes} [Fri Jul 10 01:09:01 2026] DELETE /v2.0/security-groups/0a929c1f-7132-4199-93ea-efad5d3adf4e => generated 0 bytes in 145 msecs (HTTP/1.1 204) 2 headers in 112 bytes (1 switches on core 0)
2026-07-10 01:09:01.626 7 INFO neutron_taas.services.taas.taas_plugin [None req-3ef1e3cb-981b-4974-aa1b-10c6ac9eabfe b03de771b3394351968ea9526addf4d1 000d52b211ae4d868f98a666c48ba233 - - default default] TaaS: Handle Delete Port: ebd5db0f-5381-4d01-9711-61e3b4d7ce43
2026-07-10 01:09:01.629 7 INFO neutron_taas.services.taas.tap_mirror_plugin [None req-3ef1e3cb-981b-4974-aa1b-10c6ac9eabfe b03de771b3394351968ea9526addf4d1 000d52b211ae4d868f98a666c48ba233 - - default default] Tap Mirror: Handle Delete Port: ebd5db0f-5381-4d01-9711-61e3b4d7ce43 [pid: 8|app: 0|req: 991/2070] 10.0.0.38 () {32 vars in 739 bytes} [Fri Jul 10 01:09:01 2026] DELETE /v2.0/security-groups/4167573e-4ee8-4ab8-a07d-29604d513ba1 => generated 0 bytes in 239 msecs (HTTP/1.1 204) 2 headers in 112 bytes (1 switches on core 0) [pid: 8|app: 0|req: 992/2071] 10.0.0.38 () {32 vars in 662 bytes} [Fri Jul 10 01:09:01 2026] GET /v2.0/security-groups => generated 2925 bytes in 39 msecs (HTTP/1.1 200) 4 headers in 158 bytes (1 switches on core 0)
2026-07-10 01:09:01.763 8 INFO neutron.api.v2.resource [None req-17c7e188-1b47-4c7f-bbe4-41ed44c2829c 6fd6f4c9f0cc43e285c71e1b6dec09c6 8e681d09d3614098895501eed89ab24a - - default default] delete failed (client error): The resource could not be found. [pid: 8|app: 0|req: 993/2072] 10.0.0.38 () {32 vars in 739 bytes} [Fri Jul 10 01:09:01 2026] DELETE /v2.0/security-groups/0a929c1f-7132-4199-93ea-efad5d3adf4e => generated 146 bytes in 11 msecs (HTTP/1.1 404) 4 headers in 164 bytes (1 switches on core 0)
2026-07-10 01:09:01.831 7 INFO neutron.services.segments.plugin [-] Segment 70a50218-a382-4af9-984b-ddb29cc2e39f resource provider aggregate not found
2026-07-10 01:09:01.836 7 INFO neutron.services.segments.plugin [-] Segment 70a50218-a382-4af9-984b-ddb29cc2e39f resource provider aggregate not found
2026-07-10 01:09:01.849 7 INFO neutron.services.segments.plugin [-] Client error retrieving segment 70a50218-a382-4af9-984b-ddb29cc2e39f resource provider; error: Placement Client Error (4xx): {"errors": [{"status": 404, "title": "Not Found", "detail": "The resource could not be found.\n\n No resource provider with uuid 70a50218-a382-4af9-984b-ddb29cc2e39f found for delete ", "request_id": "req-5fcf5795-8e26-40b9-ac33-5e91e9aea103"}]}
2026-07-10 01:09:01.866 7 INFO neutron.services.segments.plugin [-] Client error retrieving segment 70a50218-a382-4af9-984b-ddb29cc2e39f resource provider; error: Placement Client Error (4xx): {"errors": [{"status": 404, "title": "Not Found", "detail": "The resource could not be found.\n\n No resource provider with uuid 70a50218-a382-4af9-984b-ddb29cc2e39f found for delete ", "request_id": "req-a5b22299-a276-4aa0-946a-8a87f040d737"}]} [pid: 7|app: 0|req: 1080/2073] 10.0.0.38 () {32 vars in 725 bytes} [Fri Jul 10 01:09:01 2026] DELETE /v2.0/networks/f5167a13-6869-4af5-a0f0-0f703508bd92 => generated 0 bytes in 394 msecs (HTTP/1.1 204) 3 headers in 131 bytes (1 switches on core 0)
2026-07-10 01:09:01.902 7 WARNING neutron.db.securitygroups_db [None req-775312a9-7092-4342-ac6f-8b0ffcfacf5a 2f18755ed4c449138d06bb6800267a88 ff32b370bb2a409bb219cd0898acab6f - - default default] project_id key not found in filters, using tenant_id instead. This support has been deprecated and will be removed in a future release.
2026-07-10 01:09:01.904 8 INFO neutron.db.ovn_revision_numbers_db [None req-db71deda-5874-486b-85cf-8c9c914f6958 6fd6f4c9f0cc43e285c71e1b6dec09c6 8e681d09d3614098895501eed89ab24a - - default default] Successfully bumped revision number for resource 1d409eab-916a-4135-8d29-018234d53e38 (type: security_groups) to 1
2026-07-10 01:09:01.912 8 INFO neutron.db.ovn_revision_numbers_db [None req-db71deda-5874-486b-85cf-8c9c914f6958 6fd6f4c9f0cc43e285c71e1b6dec09c6 8e681d09d3614098895501eed89ab24a - - default default] Successfully bumped revision number for resource 66587cc8-ee30-45e9-822d-72da0a6d2a4d (type: security_group_rules) to 0
2026-07-10 01:09:01.920 8 INFO neutron.db.ovn_revision_numbers_db [None req-db71deda-5874-486b-85cf-8c9c914f6958 6fd6f4c9f0cc43e285c71e1b6dec09c6 8e681d09d3614098895501eed89ab24a - - default default] Successfully bumped revision number for resource c57fe146-1150-49f1-a3d9-59c0e4407472 (type: security_group_rules) to 0 [pid: 8|app: 0|req: 994/2074] 10.0.0.38 () {34 vars in 683 bytes} [Fri Jul 10 01:09:01 2026] POST /v2.0/security-groups => generated 1625 bytes in 182 msecs (HTTP/1.1 201) 4 headers in 163 bytes (1 switches on core 0)
2026-07-10 01:09:02.058 7 INFO neutron.db.ovn_revision_numbers_db [None req-775312a9-7092-4342-ac6f-8b0ffcfacf5a 2f18755ed4c449138d06bb6800267a88 ff32b370bb2a409bb219cd0898acab6f - - default default] Successfully bumped revision number for resource c39a78e3-d522-443f-b50c-06817127fdc1 (type: security_groups) to 1
2026-07-10 01:09:02.067 7 INFO neutron.db.ovn_revision_numbers_db [None req-775312a9-7092-4342-ac6f-8b0ffcfacf5a 2f18755ed4c449138d06bb6800267a88 ff32b370bb2a409bb219cd0898acab6f - - default default] Successfully bumped revision number for resource 46479d07-c296-482d-b370-a279ce3b6cc6 (type: security_group_rules) to 0
2026-07-10 01:09:02.077 8 INFO neutron_taas.services.taas.taas_plugin [None req-0e90563c-69b7-4f44-8175-8882391b629a b03de771b3394351968ea9526addf4d1 000d52b211ae4d868f98a666c48ba233 - - default default] TaaS: Handle Delete Port: 6ef33411-ecd2-4d6d-9738-a09691904b4c
2026-07-10 01:09:02.077 7 INFO neutron.db.ovn_revision_numbers_db [None req-775312a9-7092-4342-ac6f-8b0ffcfacf5a 2f18755ed4c449138d06bb6800267a88 ff32b370bb2a409bb219cd0898acab6f - - default default] Successfully bumped revision number for resource b147b417-3d9a-4700-99a7-1c3eb3fa9cad (type: security_group_rules) to 0
2026-07-10 01:09:02.080 8 INFO neutron_taas.services.taas.tap_mirror_plugin [None req-0e90563c-69b7-4f44-8175-8882391b629a b03de771b3394351968ea9526addf4d1 000d52b211ae4d868f98a666c48ba233 - - default default] Tap Mirror: Handle Delete Port: 6ef33411-ecd2-4d6d-9738-a09691904b4c
2026-07-10 01:09:02.086 7 INFO neutron.db.ovn_revision_numbers_db [None req-775312a9-7092-4342-ac6f-8b0ffcfacf5a 2f18755ed4c449138d06bb6800267a88 ff32b370bb2a409bb219cd0898acab6f - - default default] Successfully bumped revision number for resource bf95ea91-c9fd-4bdf-9437-dab7ac00def4 (type: security_group_rules) to 0
2026-07-10 01:09:02.097 7 INFO neutron.db.ovn_revision_numbers_db [None req-775312a9-7092-4342-ac6f-8b0ffcfacf5a 2f18755ed4c449138d06bb6800267a88 ff32b370bb2a409bb219cd0898acab6f - - default default] Successfully bumped revision number for resource faf1f78a-3188-4715-82d9-55de245a4aba (type: security_group_rules) to 0 [pid: 7|app: 0|req: 1081/2075] 10.0.0.38 () {32 vars in 773 bytes} [Fri Jul 10 01:09:01 2026] GET /v2.0/security-groups?tenant_id=aba3e05a7cbf4afb9f655b60eb64b2b2&name=default => generated 2925 bytes in 234 msecs (HTTP/1.1 200) 4 headers in 158 bytes (1 switches on core 0) [pid: 8|app: 0|req: 995/2076] 10.0.0.38 () {32 vars in 725 bytes} [Fri Jul 10 01:09:01 2026] DELETE /v2.0/networks/0c611cef-0246-43a3-9826-b0abcee2c79f => generated 0 bytes in 327 msecs (HTTP/1.1 204) 3 headers in 131 bytes (1 switches on core 0)
2026-07-10 01:09:02.406 8 INFO neutron.db.ovn_revision_numbers_db [None req-aa534768-954b-45c8-b420-67dca661827d 6fd6f4c9f0cc43e285c71e1b6dec09c6 8e681d09d3614098895501eed89ab24a - - default default] Successfully bumped revision number for resource 99848558-eed1-4afe-86d1-0c528d8529af (type: security_group_rules) to 0 [pid: 8|app: 0|req: 996/2077] 10.0.0.38 () {34 vars in 694 bytes} [Fri Jul 10 01:09:02 2026] POST /v2.0/security-group-rules => generated 601 bytes in 161 msecs (HTTP/1.1 201) 4 headers in 162 bytes (1 switches on core 0)
2026-07-10 01:09:02.541 7 WARNING neutron.scheduler.dhcp_agent_scheduler [None req-27e9b429-7eeb-49b3-a465-db7ecab846dd 8cf45b0b3188455c86da3ee2c356cc85 d96f59f24e164eeba31f129c9c9c38b9 - - default default] No more DHCP agents
2026-07-10 01:09:02.542 7 WARNING neutron.api.rpc.agentnotifiers.dhcp_rpc_agent_api [None req-27e9b429-7eeb-49b3-a465-db7ecab846dd 8cf45b0b3188455c86da3ee2c356cc85 d96f59f24e164eeba31f129c9c9c38b9 - - default default] Unable to schedule network eae92309-f94b-432e-8f5f-2514d5979199: no agents available; will retry on subsequent port and subnet creation events. [pid: 8|app: 0|req: 997/2078] 10.0.0.38 () {32 vars in 739 bytes} [Fri Jul 10 01:09:02 2026] DELETE /v2.0/security-groups/c39a78e3-d522-443f-b50c-06817127fdc1 => generated 0 bytes in 184 msecs (HTTP/1.1 204) 2 headers in 112 bytes (1 switches on core 0)
2026-07-10 01:09:02.736 8 INFO neutron_taas.services.taas.taas_plugin [None req-1a0cdc82-4851-4856-a486-36d8b71b22dc b03de771b3394351968ea9526addf4d1 000d52b211ae4d868f98a666c48ba233 - - default default] TaaS: Handle Delete Port: 48d86fa7-222c-49a0-84cb-5e4ab2a1b2b9
2026-07-10 01:09:02.739 8 INFO neutron_taas.services.taas.tap_mirror_plugin [None req-1a0cdc82-4851-4856-a486-36d8b71b22dc b03de771b3394351968ea9526addf4d1 000d52b211ae4d868f98a666c48ba233 - - default default] Tap Mirror: Handle Delete Port: 48d86fa7-222c-49a0-84cb-5e4ab2a1b2b9 [pid: 7|app: 0|req: 1082/2079] 10.0.0.38 () {34 vars in 675 bytes} [Fri Jul 10 01:09:02 2026] POST /v2.0/floatingips => generated 552 bytes in 718 msecs (HTTP/1.1 201) 4 headers in 162 bytes (1 switches on core 0) [pid: 7|app: 0|req: 1083/2080] 10.0.0.38 () {32 vars in 746 bytes} [Fri Jul 10 01:09:02 2026] GET /v2.0/security-group-rules/99848558-eed1-4afe-86d1-0c528d8529af => generated 601 bytes in 24 msecs (HTTP/1.1 200) 4 headers in 157 bytes (1 switches on core 0)
2026-07-10 01:09:02.881 7 WARNING neutron.db.securitygroups_db [None req-7dcb5d24-cbcd-4e33-b798-7117908ca5cb 2f18755ed4c449138d06bb6800267a88 ff32b370bb2a409bb219cd0898acab6f - - default default] project_id key not found in filters, using tenant_id instead. This support has been deprecated and will be removed in a future release. [pid: 7|app: 0|req: 1084/2081] 10.0.0.38 () {32 vars in 773 bytes} [Fri Jul 10 01:09:02 2026] GET /v2.0/security-groups?tenant_id=d544756d42a84699a7abcdece15515b2&name=default => generated 2925 bytes in 29 msecs (HTTP/1.1 200) 4 headers in 158 bytes (1 switches on core 0) [pid: 8|app: 0|req: 998/2082] 10.0.0.38 () {32 vars in 725 bytes} [Fri Jul 10 01:09:02 2026] DELETE /v2.0/networks/1e2a24f2-6b6a-4695-a149-24af0ed27d8d => generated 0 bytes in 307 msecs (HTTP/1.1 204) 3 headers in 131 bytes (1 switches on core 0)
2026-07-10 01:09:02.973 8 INFO neutron.services.segments.plugin [-] Segment dd099971-0b18-4e84-98cf-bb3ed3b614a2 resource provider aggregate not found
2026-07-10 01:09:02.984 7 WARNING tagging [None req-82282e61-a565-48e4-9968-819e45c89a74 8cf45b0b3188455c86da3ee2c356cc85 d96f59f24e164eeba31f129c9c9c38b9 - - default default] project_id key not found in request, using tenant_id instead. This support has been deprecated and will be removed in a future release.
2026-07-10 01:09:02.992 8 INFO neutron.services.segments.plugin [-] Client error retrieving segment dd099971-0b18-4e84-98cf-bb3ed3b614a2 resource provider; error: Placement Client Error (4xx): {"errors": [{"status": 404, "title": "Not Found", "detail": "The resource could not be found.\n\n No resource provider with uuid dd099971-0b18-4e84-98cf-bb3ed3b614a2 found for delete ", "request_id": "req-cde18f6a-d72b-4f5b-a4b7-3cfc12c025e6"}]}
2026-07-10 01:09:03.017 8 INFO neutron.services.segments.plugin [-] Segment bcfea853-6851-4686-8efb-5011110bdc1f resource provider aggregate not found
2026-07-10 01:09:03.039 8 INFO neutron.services.segments.plugin [-] Segment dd099971-0b18-4e84-98cf-bb3ed3b614a2 resource provider aggregate not found
2026-07-10 01:09:03.050 8 INFO neutron.services.segments.plugin [-] Client error retrieving segment bcfea853-6851-4686-8efb-5011110bdc1f resource provider; error: Placement Client Error (4xx): {"errors": [{"status": 404, "title": "Not Found", "detail": "The resource could not be found.\n\n No resource provider with uuid bcfea853-6851-4686-8efb-5011110bdc1f found for delete ", "request_id": "req-05d03a72-902f-41cd-b567-e5584fd9e670"}]} [pid: 7|app: 0|req: 1085/2083] 10.0.0.38 () {34 vars in 758 bytes} [Fri Jul 10 01:09:02 2026] PUT /v2.0/floatingips/fa719492-c273-4c6c-90a7-da40f17e32a1/tags => generated 25 bytes in 156 msecs (HTTP/1.1 200) 4 headers in 156 bytes (1 switches on core 0)
2026-07-10 01:09:03.064 8 INFO neutron.services.segments.plugin [-] Client error retrieving segment dd099971-0b18-4e84-98cf-bb3ed3b614a2 resource provider; error: Placement Client Error (4xx): {"errors": [{"status": 404, "title": "Not Found", "detail": "The resource could not be found.\n\n No resource provider with uuid dd099971-0b18-4e84-98cf-bb3ed3b614a2 found for delete ", "request_id": "req-3900597d-7097-44ba-9fcc-4f58d2505bb6"}]} [pid: 8|app: 0|req: 999/2084] 10.0.0.38 () {32 vars in 672 bytes} [Fri Jul 10 01:09:02 2026] GET /v2.0/security-group-rules => generated 4138 bytes in 139 msecs (HTTP/1.1 200) 4 headers in 158 bytes (1 switches on core 0)
2026-07-10 01:09:03.086 8 INFO neutron.services.segments.plugin [-] Segment bcfea853-6851-4686-8efb-5011110bdc1f resource provider aggregate not found
2026-07-10 01:09:03.103 8 INFO neutron.services.segments.plugin [-] Client error retrieving segment bcfea853-6851-4686-8efb-5011110bdc1f resource provider; error: Placement Client Error (4xx): {"errors": [{"status": 404, "title": "Not Found", "detail": "The resource could not be found.\n\n No resource provider with uuid bcfea853-6851-4686-8efb-5011110bdc1f found for delete ", "request_id": "req-698462dd-1806-4541-b4bc-f05ab87e5d27"}]}
2026-07-10 01:09:03.217 8 INFO neutron_taas.services.taas.taas_plugin [None req-f34a790e-4167-4c71-be0c-a545fd6ce999 b03de771b3394351968ea9526addf4d1 000d52b211ae4d868f98a666c48ba233 - - default default] TaaS: Handle Delete Port: 04b77107-d1de-4be9-93dd-506b76c4300d
2026-07-10 01:09:03.221 8 INFO neutron_taas.services.taas.tap_mirror_plugin [None req-f34a790e-4167-4c71-be0c-a545fd6ce999 b03de771b3394351968ea9526addf4d1 000d52b211ae4d868f98a666c48ba233 - - default default] Tap Mirror: Handle Delete Port: 04b77107-d1de-4be9-93dd-506b76c4300d [pid: 7|app: 0|req: 1086/2085] 10.0.0.38 () {32 vars in 739 bytes} [Fri Jul 10 01:09:03 2026] DELETE /v2.0/security-groups/99094122-c8b1-4ff3-9a20-b3ce286ce4fb => generated 0 bytes in 175 msecs (HTTP/1.1 204) 2 headers in 112 bytes (1 switches on core 0)
2026-07-10 01:09:03.261 7 WARNING tagging [None req-a5a673cb-f661-41f5-a84e-58bca8862a04 8cf45b0b3188455c86da3ee2c356cc85 d96f59f24e164eeba31f129c9c9c38b9 - - default default] project_id key not found in request, using tenant_id instead. This support has been deprecated and will be removed in a future release. [pid: 7|app: 0|req: 1087/2086] 10.0.0.38 () {32 vars in 738 bytes} [Fri Jul 10 01:09:03 2026] GET /v2.0/floatingips/fa719492-c273-4c6c-90a7-da40f17e32a1/tags => generated 25 bytes in 38 msecs (HTTP/1.1 200) 4 headers in 156 bytes (1 switches on core 0) [pid: 7|app: 0|req: 1088/2087] 10.0.0.38 () {32 vars in 749 bytes} [Fri Jul 10 01:09:03 2026] DELETE /v2.0/security-group-rules/99848558-eed1-4afe-86d1-0c528d8529af => generated 0 bytes in 111 msecs (HTTP/1.1 204) 2 headers in 112 bytes (1 switches on core 0)
2026-07-10 01:09:03.416 7 WARNING tagging [None req-c5fae9c9-4f4d-4d97-a297-d07454ec0387 8cf45b0b3188455c86da3ee2c356cc85 d96f59f24e164eeba31f129c9c9c38b9 - - default default] project_id key not found in request, using tenant_id instead. This support has been deprecated and will be removed in a future release. [pid: 8|app: 0|req: 1000/2088] 10.0.0.38 () {32 vars in 725 bytes} [Fri Jul 10 01:09:03 2026] DELETE /v2.0/networks/cd219350-5cfd-45e6-b132-fc425956c334 => generated 0 bytes in 380 msecs (HTTP/1.1 204) 3 headers in 131 bytes (1 switches on core 0) [pid: 7|app: 0|req: 1089/2089] 10.0.0.38 () {34 vars in 769 bytes} [Fri Jul 10 01:09:03 2026] PUT /v2.0/floatingips/fa719492-c273-4c6c-90a7-da40f17e32a1/tags/green => generated 4 bytes in 85 msecs (HTTP/1.1 201) 4 headers in 160 bytes (1 switches on core 0) [pid: 8|app: 0|req: 1001/2090] 10.0.0.38 () {32 vars in 672 bytes} [Fri Jul 10 01:09:03 2026] GET /v2.0/security-group-rules => generated 3560 bytes in 45 msecs (HTTP/1.1 200) 4 headers in 158 bytes (1 switches on core 0)
2026-07-10 01:09:03.517 8 WARNING tagging [None req-636dec53-64be-4e84-8f06-1f3dbe78cb91 8cf45b0b3188455c86da3ee2c356cc85 d96f59f24e164eeba31f129c9c9c38b9 - - default default] project_id key not found in request, using tenant_id instead. This support has been deprecated and will be removed in a future release. [pid: 8|app: 0|req: 1002/2091] 10.0.0.38 () {32 vars in 738 bytes} [Fri Jul 10 01:09:03 2026] GET /v2.0/floatingips/fa719492-c273-4c6c-90a7-da40f17e32a1/tags => generated 34 bytes in 53 msecs (HTTP/1.1 200) 4 headers in 156 bytes (1 switches on core 0)
2026-07-10 01:09:03.590 7 INFO neutron_taas.services.taas.taas_plugin [None req-e1b389c9-f378-42f8-9db8-3635ba1f93c2 b03de771b3394351968ea9526addf4d1 000d52b211ae4d868f98a666c48ba233 - - default default] TaaS: Handle Delete Port: b1927c55-b8ec-4de9-a4ba-dfef3307931d
2026-07-10 01:09:03.592 7 INFO neutron_taas.services.taas.tap_mirror_plugin [None req-e1b389c9-f378-42f8-9db8-3635ba1f93c2 b03de771b3394351968ea9526addf4d1 000d52b211ae4d868f98a666c48ba233 - - default default] Tap Mirror: Handle Delete Port: b1927c55-b8ec-4de9-a4ba-dfef3307931d
2026-07-10 01:09:03.651 8 INFO neutron.db.ovn_revision_numbers_db [None req-a18615fd-c31d-4a83-9d33-98fad72aa098 6fd6f4c9f0cc43e285c71e1b6dec09c6 8e681d09d3614098895501eed89ab24a - - default default] Successfully bumped revision number for resource 5b0b51de-7ed0-469b-bb61-6af896783ddd (type: security_group_rules) to 0 [pid: 8|app: 0|req: 1003/2092] 10.0.0.38 () {34 vars in 694 bytes} [Fri Jul 10 01:09:03 2026] POST /v2.0/security-group-rules => generated 601 bytes in 138 msecs (HTTP/1.1 201) 4 headers in 162 bytes (1 switches on core 0)
2026-07-10 01:09:03.719 8 WARNING tagging [None req-c6d733da-1d6a-4821-98db-95905e61869f 8cf45b0b3188455c86da3ee2c356cc85 d96f59f24e164eeba31f129c9c9c38b9 - - default default] project_id key not found in request, using tenant_id instead. This support has been deprecated and will be removed in a future release. [pid: 8|app: 0|req: 1004/2093] 10.0.0.38 () {34 vars in 765 bytes} [Fri Jul 10 01:09:03 2026] PUT /v2.0/floatingips/fa719492-c273-4c6c-90a7-da40f17e32a1/tags/red => generated 4 bytes in 60 msecs (HTTP/1.1 201) 4 headers in 160 bytes (1 switches on core 0) [pid: 8|app: 0|req: 1005/2094] 10.0.0.38 () {32 vars in 746 bytes} [Fri Jul 10 01:09:03 2026] GET /v2.0/security-group-rules/5b0b51de-7ed0-469b-bb61-6af896783ddd => generated 601 bytes in 15 msecs (HTTP/1.1 200) 4 headers in 157 bytes (1 switches on core 0) [pid: 7|app: 0|req: 1090/2095] 10.0.0.38 () {32 vars in 725 bytes} [Fri Jul 10 01:09:03 2026] DELETE /v2.0/networks/e290f174-7f26-4c50-aa7b-9a638a05df38 => generated 0 bytes in 318 msecs (HTTP/1.1 204) 3 headers in 131 bytes (1 switches on core 0)
2026-07-10 01:09:03.801 8 WARNING tagging [None req-f76760d0-7fce-494a-b0b7-a700bf1038cc 8cf45b0b3188455c86da3ee2c356cc85 d96f59f24e164eeba31f129c9c9c38b9 - - default default] project_id key not found in request, using tenant_id instead. This support has been deprecated and will be removed in a future release. [pid: 8|app: 0|req: 1006/2096] 10.0.0.38 () {32 vars in 738 bytes} [Fri Jul 10 01:09:03 2026] GET /v2.0/floatingips/fa719492-c273-4c6c-90a7-da40f17e32a1/tags => generated 34 bytes in 49 msecs (HTTP/1.1 200) 4 headers in 156 bytes (1 switches on core 0)
2026-07-10 01:09:03.843 8 WARNING tagging [None req-bad25c45-802a-48eb-8992-d87faa01588b 8cf45b0b3188455c86da3ee2c356cc85 d96f59f24e164eeba31f129c9c9c38b9 - - default default] project_id key not found in request, using tenant_id instead. This support has been deprecated and will be removed in a future release. [pid: 7|app: 0|req: 1091/2097] 10.0.0.38 () {32 vars in 672 bytes} [Fri Jul 10 01:09:03 2026] GET /v2.0/security-group-rules => generated 4138 bytes in 82 msecs (HTTP/1.1 200) 4 headers in 158 bytes (1 switches on core 0)
2026-07-10 01:09:03.875 7 INFO neutron.services.segments.plugin [-] Segment c1859a6a-abcc-4c7e-8d6c-6cc4a52ba499 resource provider aggregate not found [pid: 8|app: 0|req: 1007/2098] 10.0.0.38 () {34 vars in 787 bytes} [Fri Jul 10 01:09:03 2026] PUT /v2.0/floatingips/fa719492-c273-4c6c-90a7-da40f17e32a1/tags/black.or.white => generated 4 bytes in 68 msecs (HTTP/1.1 201) 4 headers in 160 bytes (1 switches on core 0)
2026-07-10 01:09:03.896 7 INFO neutron.services.segments.plugin [-] Segment c1859a6a-abcc-4c7e-8d6c-6cc4a52ba499 resource provider aggregate not found
2026-07-10 01:09:03.904 7 INFO neutron.services.segments.plugin [-] Client error retrieving segment c1859a6a-abcc-4c7e-8d6c-6cc4a52ba499 resource provider; error: Placement Client Error (4xx): {"errors": [{"status": 404, "title": "Not Found", "detail": "The resource could not be found.\n\n No resource provider with uuid c1859a6a-abcc-4c7e-8d6c-6cc4a52ba499 found for delete ", "request_id": "req-e68d95f4-011d-4b8f-a143-ced0ea8916c2"}]}
2026-07-10 01:09:03.918 7 INFO neutron.services.segments.plugin [-] Client error retrieving segment c1859a6a-abcc-4c7e-8d6c-6cc4a52ba499 resource provider; error: Placement Client Error (4xx): {"errors": [{"status": 404, "title": "Not Found", "detail": "The resource could not be found.\n\n No resource provider with uuid c1859a6a-abcc-4c7e-8d6c-6cc4a52ba499 found for delete ", "request_id": "req-d836481a-0dd9-4536-b34c-52941ae519d7"}]}
2026-07-10 01:09:03.919 8 WARNING tagging [None req-9122d463-afce-4a17-aabf-8429a7e9bb63 8cf45b0b3188455c86da3ee2c356cc85 d96f59f24e164eeba31f129c9c9c38b9 - - default default] project_id key not found in request, using tenant_id instead. This support has been deprecated and will be removed in a future release. [pid: 8|app: 0|req: 1008/2099] 10.0.0.38 () {32 vars in 738 bytes} [Fri Jul 10 01:09:03 2026] GET /v2.0/floatingips/fa719492-c273-4c6c-90a7-da40f17e32a1/tags => generated 52 bytes in 37 msecs (HTTP/1.1 200) 4 headers in 156 bytes (1 switches on core 0)
2026-07-10 01:09:03.976 8 WARNING tagging [None req-ef8b5e65-9f74-49b5-8b6e-f6b6f87ef211 8cf45b0b3188455c86da3ee2c356cc85 d96f59f24e164eeba31f129c9c9c38b9 - - default default] project_id key not found in request, using tenant_id instead. This support has been deprecated and will be removed in a future release. [pid: 7|app: 0|req: 1092/2100] 10.0.0.38 () {32 vars in 749 bytes} [Fri Jul 10 01:09:03 2026] DELETE /v2.0/security-group-rules/5b0b51de-7ed0-469b-bb61-6af896783ddd => generated 0 bytes in 126 msecs (HTTP/1.1 204) 2 headers in 112 bytes (1 switches on core 0) [pid: 8|app: 0|req: 1009/2101] 10.0.0.38 () {34 vars in 758 bytes} [Fri Jul 10 01:09:03 2026] PUT /v2.0/floatingips/fa719492-c273-4c6c-90a7-da40f17e32a1/tags => generated 37 bytes in 81 msecs (HTTP/1.1 200) 4 headers in 156 bytes (1 switches on core 0)
2026-07-10 01:09:04.056 8 WARNING tagging [None req-430c9be5-a6a5-42a5-9cd8-e6c59b1ad29d 8cf45b0b3188455c86da3ee2c356cc85 d96f59f24e164eeba31f129c9c9c38b9 - - default default] project_id key not found in request, using tenant_id instead. This support has been deprecated and will be removed in a future release. [pid: 7|app: 0|req: 1093/2102] 10.0.0.38 () {32 vars in 672 bytes} [Fri Jul 10 01:09:04 2026] GET /v2.0/security-group-rules => generated 3560 bytes in 54 msecs (HTTP/1.1 200) 4 headers in 158 bytes (1 switches on core 0) [pid: 8|app: 0|req: 1010/2103] 10.0.0.38 () {32 vars in 738 bytes} [Fri Jul 10 01:09:04 2026] GET /v2.0/floatingips/fa719492-c273-4c6c-90a7-da40f17e32a1/tags => generated 37 bytes in 48 msecs (HTTP/1.1 200) 4 headers in 156 bytes (1 switches on core 0)
2026-07-10 01:09:04.110 8 WARNING tagging [None req-bedb1a2d-bd12-44a6-841a-2740fe254be7 8cf45b0b3188455c86da3ee2c356cc85 d96f59f24e164eeba31f129c9c9c38b9 - - default default] project_id key not found in request, using tenant_id instead. This support has been deprecated and will be removed in a future release. [pid: 8|app: 0|req: 1011/2104] 10.0.0.38 () {32 vars in 746 bytes} [Fri Jul 10 01:09:04 2026] GET /v2.0/floatingips/fa719492-c273-4c6c-90a7-da40f17e32a1/tags/red => generated 0 bytes in 47 msecs (HTTP/1.1 204) 2 headers in 112 bytes (1 switches on core 0)
2026-07-10 01:09:04.158 8 WARNING tagging [None req-109e7936-979a-4589-862d-895cdeb0e740 8cf45b0b3188455c86da3ee2c356cc85 d96f59f24e164eeba31f129c9c9c38b9 - - default default] project_id key not found in request, using tenant_id instead. This support has been deprecated and will be removed in a future release.
2026-07-10 01:09:04.181 8 INFO neutron.api.v2.resource [None req-109e7936-979a-4589-862d-895cdeb0e740 8cf45b0b3188455c86da3ee2c356cc85 d96f59f24e164eeba31f129c9c9c38b9 - - default default] show failed (client error): The resource could not be found. [pid: 8|app: 0|req: 1012/2105] 10.0.0.38 () {32 vars in 750 bytes} [Fri Jul 10 01:09:04 2026] GET /v2.0/floatingips/fa719492-c273-4c6c-90a7-da40f17e32a1/tags/green => generated 99 bytes in 50 msecs (HTTP/1.1 404) 4 headers in 163 bytes (1 switches on core 0)
2026-07-10 01:09:04.194 7 INFO neutron.db.ovn_revision_numbers_db [None req-6475bd6f-4924-460d-b5b6-7359d2864eea 6fd6f4c9f0cc43e285c71e1b6dec09c6 8e681d09d3614098895501eed89ab24a - - default default] Successfully bumped revision number for resource 99939bac-29b1-41bc-86c6-227b37bdd59a (type: security_group_rules) to 0
2026-07-10 01:09:04.218 8 WARNING tagging [None req-6fd621ae-b2c9-4c60-b008-5ce6fed4e03e 8cf45b0b3188455c86da3ee2c356cc85 d96f59f24e164eeba31f129c9c9c38b9 - - default default] project_id key not found in request, using tenant_id instead. This support has been deprecated and will be removed in a future release. [pid: 7|app: 0|req: 1094/2106] 10.0.0.38 () {34 vars in 694 bytes} [Fri Jul 10 01:09:04 2026] POST /v2.0/security-group-rules => generated 602 bytes in 153 msecs (HTTP/1.1 201) 4 headers in 162 bytes (1 switches on core 0) [pid: 7|app: 0|req: 1095/2107] 10.0.0.38 () {32 vars in 746 bytes} [Fri Jul 10 01:09:04 2026] GET /v2.0/security-group-rules/99939bac-29b1-41bc-86c6-227b37bdd59a => generated 602 bytes in 16 msecs (HTTP/1.1 200) 4 headers in 157 bytes (1 switches on core 0) [pid: 8|app: 0|req: 1013/2108] 10.0.0.38 () {32 vars in 749 bytes} [Fri Jul 10 01:09:04 2026] DELETE /v2.0/floatingips/fa719492-c273-4c6c-90a7-da40f17e32a1/tags/red => generated 0 bytes in 62 msecs (HTTP/1.1 204) 2 headers in 112 bytes (1 switches on core 0)
2026-07-10 01:09:04.274 8 WARNING tagging [None req-4995556b-5869-43a5-a4d9-b5b396ae5dc7 8cf45b0b3188455c86da3ee2c356cc85 d96f59f24e164eeba31f129c9c9c38b9 - - default default] project_id key not found in request, using tenant_id instead. This support has been deprecated and will be removed in a future release. [pid: 8|app: 0|req: 1014/2109] 10.0.0.38 () {32 vars in 738 bytes} [Fri Jul 10 01:09:04 2026] GET /v2.0/floatingips/fa719492-c273-4c6c-90a7-da40f17e32a1/tags => generated 30 bytes in 32 msecs (HTTP/1.1 200) 4 headers in 156 bytes (1 switches on core 0)
2026-07-10 01:09:04.313 8 WARNING tagging [None req-fd2e4783-a4ed-495e-997d-263faf7ee9f1 8cf45b0b3188455c86da3ee2c356cc85 d96f59f24e164eeba31f129c9c9c38b9 - - default default] project_id key not found in request, using tenant_id instead. This support has been deprecated and will be removed in a future release. [pid: 7|app: 0|req: 1096/2110] 10.0.0.38 () {32 vars in 672 bytes} [Fri Jul 10 01:09:04 2026] GET /v2.0/security-group-rules => generated 4139 bytes in 62 msecs (HTTP/1.1 200) 4 headers in 158 bytes (1 switches on core 0)
2026-07-10 01:09:04.331 8 INFO neutron.api.v2.resource [None req-fd2e4783-a4ed-495e-997d-263faf7ee9f1 8cf45b0b3188455c86da3ee2c356cc85 d96f59f24e164eeba31f129c9c9c38b9 - - default default] delete failed (client error): The resource could not be found. [pid: 8|app: 0|req: 1015/2111] 10.0.0.38 () {32 vars in 753 bytes} [Fri Jul 10 01:09:04 2026] DELETE /v2.0/floatingips/fa719492-c273-4c6c-90a7-da40f17e32a1/tags/green => generated 99 bytes in 40 msecs (HTTP/1.1 404) 4 headers in 163 bytes (1 switches on core 0)
2026-07-10 01:09:04.355 8 WARNING tagging [None req-099f9d5d-ccf2-44c6-846a-bc31ff91b8ff 8cf45b0b3188455c86da3ee2c356cc85 d96f59f24e164eeba31f129c9c9c38b9 - - default default] project_id key not found in request, using tenant_id instead. This support has been deprecated and will be removed in a future release. [pid: 8|app: 0|req: 1016/2112] 10.0.0.38 () {32 vars in 741 bytes} [Fri Jul 10 01:09:04 2026] DELETE /v2.0/floatingips/fa719492-c273-4c6c-90a7-da40f17e32a1/tags => generated 0 bytes in 50 msecs (HTTP/1.1 204) 2 headers in 112 bytes (1 switches on core 0)
