2026-07-10 01:08:42.843 8 INFO neutron.db.ovn_revision_numbers_db [None req-4a904b2f-9193-48ea-b356-8404b42457ff 2f18755ed4c449138d06bb6800267a88 ff32b370bb2a409bb219cd0898acab6f - - default default] Successfully bumped revision number for resource 1656e714-d74a-4662-b5e4-8abc12655352 (type: security_group_rules) to 0
2026-07-10 01:08:42.858 8 INFO neutron.db.ovn_revision_numbers_db [None req-4a904b2f-9193-48ea-b356-8404b42457ff 2f18755ed4c449138d06bb6800267a88 ff32b370bb2a409bb219cd0898acab6f - - default default] Successfully bumped revision number for resource 5195fab0-2523-4ce7-8f60-d06f2929808c (type: security_group_rules) to 0
2026-07-10 01:08:42.869 8 INFO neutron.db.ovn_revision_numbers_db [None req-4a904b2f-9193-48ea-b356-8404b42457ff 2f18755ed4c449138d06bb6800267a88 ff32b370bb2a409bb219cd0898acab6f - - default default] Successfully bumped revision number for resource 5c181236-eaac-4013-8882-01027b064648 (type: security_group_rules) to 0
2026-07-10 01:08:42.883 8 INFO neutron.db.ovn_revision_numbers_db [None req-4a904b2f-9193-48ea-b356-8404b42457ff 2f18755ed4c449138d06bb6800267a88 ff32b370bb2a409bb219cd0898acab6f - - default default] Successfully bumped revision number for resource 6ba4e996-87c1-4381-b7dd-4c80c8b52b11 (type: security_group_rules) to 0 [pid: 8|app: 0|req: 919/1911] 10.0.0.38 () {32 vars in 773 bytes} [Fri Jul 10 01:08:42 2026] GET /v2.0/security-groups?tenant_id=325615037fce470ea434e4951f6cf3a1&name=default => generated 2925 bytes in 486 msecs (HTTP/1.1 200) 4 headers in 158 bytes (1 switches on core 0)
2026-07-10 01:08:43.052 7 INFO neutron_taas.services.taas.taas_plugin [None req-a4452926-cae7-428c-999d-d4f92d29b553 3d98f3868d984f51a3e5f221f626f629 266b74b2d39f493ca100d77c85984e77 - - default default] TaaS: Handle Delete Port: 99fa33a9-4d4d-4415-99d6-d2ac90fbf964
2026-07-10 01:08:43.055 7 INFO neutron_taas.services.taas.tap_mirror_plugin [None req-a4452926-cae7-428c-999d-d4f92d29b553 3d98f3868d984f51a3e5f221f626f629 266b74b2d39f493ca100d77c85984e77 - - default default] Tap Mirror: Handle Delete Port: 99fa33a9-4d4d-4415-99d6-d2ac90fbf964 [pid: 8|app: 0|req: 920/1912] 10.0.0.38 () {32 vars in 739 bytes} [Fri Jul 10 01:08:42 2026] DELETE /v2.0/security-groups/51ec5147-f14a-4dd4-882a-99cb2dadcede => generated 0 bytes in 205 msecs (HTTP/1.1 204) 2 headers in 112 bytes (1 switches on core 0)
2026-07-10 01:08:43.228 8 WARNING neutron.db.securitygroups_db [None req-23125f21-2fac-44f3-88dc-e7da411304e5 2f18755ed4c449138d06bb6800267a88 ff32b370bb2a409bb219cd0898acab6f - - default default] project_id key not found in filters, using tenant_id instead. This support has been deprecated and will be removed in a future release.
2026-07-10 01:08:43.384 8 INFO neutron.db.ovn_revision_numbers_db [None req-23125f21-2fac-44f3-88dc-e7da411304e5 2f18755ed4c449138d06bb6800267a88 ff32b370bb2a409bb219cd0898acab6f - - default default] Successfully bumped revision number for resource 5c5d1013-9000-442b-9087-5975721a93cf (type: security_groups) to 1
2026-07-10 01:08:43.396 8 INFO neutron.db.ovn_revision_numbers_db [None req-23125f21-2fac-44f3-88dc-e7da411304e5 2f18755ed4c449138d06bb6800267a88 ff32b370bb2a409bb219cd0898acab6f - - default default] Successfully bumped revision number for resource 3048f5b8-854c-4cc4-8c3f-22bff162a13a (type: security_group_rules) to 0
2026-07-10 01:08:43.408 8 INFO neutron.db.ovn_revision_numbers_db [None req-23125f21-2fac-44f3-88dc-e7da411304e5 2f18755ed4c449138d06bb6800267a88 ff32b370bb2a409bb219cd0898acab6f - - default default] Successfully bumped revision number for resource b175defa-e0cd-4f47-ad39-714699467b24 (type: security_group_rules) to 0
2026-07-10 01:08:43.421 8 INFO neutron.db.ovn_revision_numbers_db [None req-23125f21-2fac-44f3-88dc-e7da411304e5 2f18755ed4c449138d06bb6800267a88 ff32b370bb2a409bb219cd0898acab6f - - default default] Successfully bumped revision number for resource beadd296-ed96-4f5d-a0cc-d9988a7ddd82 (type: security_group_rules) to 0
2026-07-10 01:08:43.435 8 INFO neutron.db.ovn_revision_numbers_db [None req-23125f21-2fac-44f3-88dc-e7da411304e5 2f18755ed4c449138d06bb6800267a88 ff32b370bb2a409bb219cd0898acab6f - - default default] Successfully bumped revision number for resource e1074325-4027-4f75-90f8-811fddef9308 (type: security_group_rules) to 0 [pid: 7|app: 0|req: 993/1913] 10.0.0.38 () {34 vars in 788 bytes} [Fri Jul 10 01:08:42 2026] PUT /v2.0/routers/2498ced2-9702-4b8d-b802-d5fdd0a1fdad/remove_router_interface => generated 310 bytes in 708 msecs (HTTP/1.1 200) 4 headers in 157 bytes (1 switches on core 0) /var/lib/openstack/lib/python3.12/site-packages/pycadf/identifier.py:70: UserWarning: Invalid uuid: neutron. To ensure interoperability, identifiers should be a valid uuid. warnings.warn(('Invalid uuid: %s. To ensure interoperability, ' [pid: 8|app: 0|req: 921/1914] 10.0.0.38 () {32 vars in 773 bytes} [Fri Jul 10 01:08:43 2026] GET /v2.0/security-groups?tenant_id=8d85ea75b7ca4bf6811c7a2e5902a307&name=default => generated 2925 bytes in 258 msecs (HTTP/1.1 200) 4 headers in 158 bytes (1 switches on core 0)
2026-07-10 01:08:43.517 7 INFO neutron.api.v2.resource [None req-f253d2c4-4dc5-4742-bde5-a1b2a80e4db6 3d98f3868d984f51a3e5f221f626f629 266b74b2d39f493ca100d77c85984e77 - - default default] remove_router_interface failed (client error): The resource could not be found. [pid: 7|app: 0|req: 994/1915] 10.0.0.38 () {34 vars in 788 bytes} [Fri Jul 10 01:08:43 2026] PUT /v2.0/routers/2498ced2-9702-4b8d-b802-d5fdd0a1fdad/remove_router_interface => generated 197 bytes in 55 msecs (HTTP/1.1 404) 4 headers in 164 bytes (1 switches on core 0) [pid: 7|app: 0|req: 995/1916] 10.0.0.38 () {32 vars in 735 bytes} [Fri Jul 10 01:08:43 2026] GET /v2.0/ports?device_id=2498ced2-9702-4b8d-b802-d5fdd0a1fdad => generated 12 bytes in 18 msecs (HTTP/1.1 200) 4 headers in 156 bytes (1 switches on core 0) [pid: 8|app: 0|req: 922/1917] 10.0.0.38 () {32 vars in 739 bytes} [Fri Jul 10 01:08:43 2026] DELETE /v2.0/security-groups/5c5d1013-9000-442b-9087-5975721a93cf => generated 0 bytes in 199 msecs (HTTP/1.1 204) 2 headers in 112 bytes (1 switches on core 0) [pid: 7|app: 0|req: 996/1918] 10.0.0.38 () {32 vars in 723 bytes} [Fri Jul 10 01:08:43 2026] DELETE /v2.0/routers/2498ced2-9702-4b8d-b802-d5fdd0a1fdad => generated 0 bytes in 201 msecs (HTTP/1.1 204) 2 headers in 112 bytes (1 switches on core 0)
2026-07-10 01:08:43.847 7 WARNING neutron.db.securitygroups_db [None req-1f2e0be6-9507-46ea-a41d-7bbdffe7f4f8 2f18755ed4c449138d06bb6800267a88 ff32b370bb2a409bb219cd0898acab6f - - default default] project_id key not found in filters, using tenant_id instead. This support has been deprecated and will be removed in a future release. [pid: 7|app: 0|req: 997/1919] 10.0.0.38 () {32 vars in 773 bytes} [Fri Jul 10 01:08:43 2026] GET /v2.0/security-groups?tenant_id=6f91dd3c56e0422fa56d7df528b0f650&name=default => generated 2925 bytes in 29 msecs (HTTP/1.1 200) 4 headers in 158 bytes (1 switches on core 0) [pid: 8|app: 0|req: 923/1920] 10.0.0.38 () {32 vars in 723 bytes} [Fri Jul 10 01:08:43 2026] DELETE /v2.0/subnets/4ca95af4-fa37-40c9-8d12-0aa1d53e0bb6 => generated 0 bytes in 162 msecs (HTTP/1.1 204) 3 headers in 131 bytes (1 switches on core 0) [pid: 7|app: 0|req: 998/1921] 10.0.0.38 () {32 vars in 739 bytes} [Fri Jul 10 01:08:43 2026] DELETE /v2.0/security-groups/231ee0df-e1e4-405c-bfa5-c91723a9abf4 => generated 0 bytes in 199 msecs (HTTP/1.1 204) 2 headers in 112 bytes (1 switches on core 0)
2026-07-10 01:08:44.085 8 INFO neutron_taas.services.taas.taas_plugin [None req-b7412853-3e1d-462a-afdc-7774a3d96c88 3d98f3868d984f51a3e5f221f626f629 266b74b2d39f493ca100d77c85984e77 - - default default] TaaS: Handle Delete Port: c6e4afb2-defa-445e-b6a9-112a35daf9f1
2026-07-10 01:08:44.088 8 INFO neutron_taas.services.taas.tap_mirror_plugin [None req-b7412853-3e1d-462a-afdc-7774a3d96c88 3d98f3868d984f51a3e5f221f626f629 266b74b2d39f493ca100d77c85984e77 - - default default] Tap Mirror: Handle Delete Port: c6e4afb2-defa-445e-b6a9-112a35daf9f1
2026-07-10 01:08:44.303 8 INFO neutron.services.segments.plugin [-] Segment b5d0d04d-6f06-4e15-8666-b7c6ff195be9 resource provider aggregate not found
2026-07-10 01:08:44.309 8 INFO neutron.services.segments.plugin [-] Segment b5d0d04d-6f06-4e15-8666-b7c6ff195be9 resource provider aggregate not found
2026-07-10 01:08:44.336 8 INFO neutron.services.segments.plugin [-] Client error retrieving segment b5d0d04d-6f06-4e15-8666-b7c6ff195be9 resource provider; error: Placement Client Error (4xx): {"errors": [{"status": 404, "title": "Not Found", "detail": "The resource could not be found.\n\n No resource provider with uuid b5d0d04d-6f06-4e15-8666-b7c6ff195be9 found for delete ", "request_id": "req-3cda2697-040e-4a14-a860-495ed3513f19"}]}
2026-07-10 01:08:44.338 8 INFO neutron.services.segments.plugin [-] Client error retrieving segment b5d0d04d-6f06-4e15-8666-b7c6ff195be9 resource provider; error: Placement Client Error (4xx): {"errors": [{"status": 404, "title": "Not Found", "detail": "The resource could not be found.\n\n No resource provider with uuid b5d0d04d-6f06-4e15-8666-b7c6ff195be9 found for delete ", "request_id": "req-05e7d87c-e386-4da7-8fe3-abc0038ef755"}]} [pid: 8|app: 0|req: 924/1922] 10.0.0.38 () {32 vars in 725 bytes} [Fri Jul 10 01:08:43 2026] DELETE /v2.0/networks/fbdbb07b-60c7-4f55-8263-90185b18729f => generated 0 bytes in 432 msecs (HTTP/1.1 204) 3 headers in 131 bytes (1 switches on core 0)
2026-07-10 01:08:44.462 7 INFO neutron.db.segments_db [None req-9396559d-55aa-443d-9e6a-206ad745a0e9 3d98f3868d984f51a3e5f221f626f629 266b74b2d39f493ca100d77c85984e77 - - default default] Added segment 346b20da-e46b-4044-a175-e5acf12da279 of type geneve for network 563300b2-1e28-4d67-b113-c0d4def1ac27
2026-07-10 01:08:44.600 7 INFO neutron.db.ovn_revision_numbers_db [None req-9396559d-55aa-443d-9e6a-206ad745a0e9 3d98f3868d984f51a3e5f221f626f629 266b74b2d39f493ca100d77c85984e77 - - default default] Successfully bumped revision number for resource 563300b2-1e28-4d67-b113-c0d4def1ac27 (type: networks) to 1
2026-07-10 01:08:44.765 7 WARNING neutron.scheduler.dhcp_agent_scheduler [None req-9396559d-55aa-443d-9e6a-206ad745a0e9 3d98f3868d984f51a3e5f221f626f629 266b74b2d39f493ca100d77c85984e77 - - default default] No more DHCP agents
2026-07-10 01:08:44.767 7 WARNING neutron.api.rpc.agentnotifiers.dhcp_rpc_agent_api [None req-9396559d-55aa-443d-9e6a-206ad745a0e9 3d98f3868d984f51a3e5f221f626f629 266b74b2d39f493ca100d77c85984e77 - - default default] Unable to schedule network 563300b2-1e28-4d67-b113-c0d4def1ac27: no agents available; will retry on subsequent port and subnet creation events.
2026-07-10 01:08:44.827 8 INFO neutron.plugins.ml2.drivers.ovn.mech_driver.mech_driver [None req-68ffc294-d8cd-4d2d-8ebe-0596bc8b4645 - - - - - -] OVN reports status down for port: 83002fa3-9d3f-4d2a-b4b3-9333acaf87ae
2026-07-10 01:08:44.843 7 INFO neutron.db.ovn_revision_numbers_db [None req-9396559d-55aa-443d-9e6a-206ad745a0e9 3d98f3868d984f51a3e5f221f626f629 266b74b2d39f493ca100d77c85984e77 - - default default] Successfully bumped revision number for resource 83002fa3-9d3f-4d2a-b4b3-9333acaf87ae (type: ports) to 1 [pid: 7|app: 0|req: 999/1923] 10.0.0.38 () {34 vars in 669 bytes} [Fri Jul 10 01:08:44 2026] POST /v2.0/networks => generated 667 bytes in 504 msecs (HTTP/1.1 201) 4 headers in 162 bytes (1 switches on core 0)
2026-07-10 01:08:45.099 8 WARNING neutron.scheduler.dhcp_agent_scheduler [None req-1699bed4-1841-408b-8376-4882211cca1f 3d98f3868d984f51a3e5f221f626f629 266b74b2d39f493ca100d77c85984e77 - - default default] No more DHCP agents
2026-07-10 01:08:45.101 8 WARNING neutron.api.rpc.agentnotifiers.dhcp_rpc_agent_api [None req-1699bed4-1841-408b-8376-4882211cca1f 3d98f3868d984f51a3e5f221f626f629 266b74b2d39f493ca100d77c85984e77 - - default default] Unable to schedule network 563300b2-1e28-4d67-b113-c0d4def1ac27: no agents available; will retry on subsequent port and subnet creation events.
2026-07-10 01:08:45.557 8 INFO neutron.db.ovn_revision_numbers_db [None req-1699bed4-1841-408b-8376-4882211cca1f 3d98f3868d984f51a3e5f221f626f629 266b74b2d39f493ca100d77c85984e77 - - default default] Successfully bumped revision number for resource 83002fa3-9d3f-4d2a-b4b3-9333acaf87ae (type: ports) to 2
2026-07-10 01:08:45.589 8 INFO neutron.db.ovn_revision_numbers_db [None req-1699bed4-1841-408b-8376-4882211cca1f 3d98f3868d984f51a3e5f221f626f629 266b74b2d39f493ca100d77c85984e77 - - default default] Successfully bumped revision number for resource 022aa1f9-1f21-48d4-ab24-6beb78c29d67 (type: subnets) to 0 [pid: 8|app: 0|req: 925/1924] 10.0.0.38 () {34 vars in 668 bytes} [Fri Jul 10 01:08:44 2026] POST /v2.0/subnets => generated 626 bytes in 735 msecs (HTTP/1.1 201) 4 headers in 162 bytes (1 switches on core 0)
2026-07-10 01:08:45.728 7 INFO neutron.db.ovn_revision_numbers_db [None req-07729e85-a262-466a-a4af-421f340897f7 3d98f3868d984f51a3e5f221f626f629 266b74b2d39f493ca100d77c85984e77 - - default default] Successfully bumped revision number for resource 429e014f-3958-4ff1-91b6-5ac93a5c06c9 (type: routers) to 1 [pid: 7|app: 0|req: 1000/1925] 10.0.0.38 () {34 vars in 668 bytes} [Fri Jul 10 01:08:45 2026] POST /v2.0/routers => generated 623 bytes in 133 msecs (HTTP/1.1 201) 4 headers in 162 bytes (1 switches on core 0)
2026-07-10 01:08:46.552 8 WARNING neutron.scheduler.dhcp_agent_scheduler [None req-ab7497be-c071-43ae-8f02-0a21147dcdc1 3d98f3868d984f51a3e5f221f626f629 266b74b2d39f493ca100d77c85984e77 - - default default] No more DHCP agents
2026-07-10 01:08:46.554 8 WARNING neutron.api.rpc.agentnotifiers.dhcp_rpc_agent_api [None req-ab7497be-c071-43ae-8f02-0a21147dcdc1 3d98f3868d984f51a3e5f221f626f629 266b74b2d39f493ca100d77c85984e77 - - default default] Unable to schedule network 563300b2-1e28-4d67-b113-c0d4def1ac27: no agents available; will retry on subsequent port and subnet creation events.
2026-07-10 01:08:46.688 8 INFO neutron.plugins.ml2.drivers.ovn.mech_driver.mech_driver [None req-68ffc294-d8cd-4d2d-8ebe-0596bc8b4645 - - - - - -] OVN reports status down for port: 161a4d00-5d82-43e1-874f-a13a5ff884af
2026-07-10 01:08:46.758 8 INFO neutron.db.ovn_revision_numbers_db [None req-ab7497be-c071-43ae-8f02-0a21147dcdc1 3d98f3868d984f51a3e5f221f626f629 266b74b2d39f493ca100d77c85984e77 - - default default] Successfully bumped revision number for resource 161a4d00-5d82-43e1-874f-a13a5ff884af (type: ports) to 1
2026-07-10 01:08:46.778 7 INFO neutron.db.ovn_revision_numbers_db [None req-ffcc008b-bd2f-49c4-ad0c-5183c3a154f2 a1f9024adfd74f998de55ec6821a3be4 d544756d42a84699a7abcdece15515b2 - - default default] Successfully bumped revision number for resource 99094122-c8b1-4ff3-9a20-b3ce286ce4fb (type: security_groups) to 1
2026-07-10 01:08:46.794 7 INFO neutron.db.ovn_revision_numbers_db [None req-ffcc008b-bd2f-49c4-ad0c-5183c3a154f2 a1f9024adfd74f998de55ec6821a3be4 d544756d42a84699a7abcdece15515b2 - - default default] Successfully bumped revision number for resource 52b0b716-199c-4606-8503-e05091da227a (type: security_group_rules) to 0
2026-07-10 01:08:46.806 7 INFO neutron.db.ovn_revision_numbers_db [None req-ffcc008b-bd2f-49c4-ad0c-5183c3a154f2 a1f9024adfd74f998de55ec6821a3be4 d544756d42a84699a7abcdece15515b2 - - default default] Successfully bumped revision number for resource 868343e6-8410-4ebe-820e-03e6a407a9bf (type: security_group_rules) to 0
2026-07-10 01:08:46.819 7 INFO neutron.db.ovn_revision_numbers_db [None req-ffcc008b-bd2f-49c4-ad0c-5183c3a154f2 a1f9024adfd74f998de55ec6821a3be4 d544756d42a84699a7abcdece15515b2 - - default default] Successfully bumped revision number for resource d18a62d5-f8fe-43c3-ab59-51a83010ebef (type: security_group_rules) to 0
2026-07-10 01:08:46.834 7 INFO neutron.db.ovn_revision_numbers_db [None req-ffcc008b-bd2f-49c4-ad0c-5183c3a154f2 a1f9024adfd74f998de55ec6821a3be4 d544756d42a84699a7abcdece15515b2 - - default default] Successfully bumped revision number for resource d64c0e06-174e-4b90-a739-7d49eb5008a6 (type: security_group_rules) to 0
2026-07-10 01:08:46.903 7 INFO neutron.db.segments_db [None req-ffcc008b-bd2f-49c4-ad0c-5183c3a154f2 a1f9024adfd74f998de55ec6821a3be4 d544756d42a84699a7abcdece15515b2 - - default default] Added segment 007b3ed2-d522-45ab-9452-0e32401bd331 of type geneve for network b898d9d0-e99b-4e69-924d-d278be4e8bdd
2026-07-10 01:08:47.037 7 INFO neutron.db.ovn_revision_numbers_db [None req-ffcc008b-bd2f-49c4-ad0c-5183c3a154f2 a1f9024adfd74f998de55ec6821a3be4 d544756d42a84699a7abcdece15515b2 - - default default] Successfully bumped revision number for resource b898d9d0-e99b-4e69-924d-d278be4e8bdd (type: networks) to 1
2026-07-10 01:08:47.242 7 WARNING neutron.scheduler.dhcp_agent_scheduler [None req-ffcc008b-bd2f-49c4-ad0c-5183c3a154f2 a1f9024adfd74f998de55ec6821a3be4 d544756d42a84699a7abcdece15515b2 - - default default] No more DHCP agents
2026-07-10 01:08:47.243 7 WARNING neutron.api.rpc.agentnotifiers.dhcp_rpc_agent_api [None req-ffcc008b-bd2f-49c4-ad0c-5183c3a154f2 a1f9024adfd74f998de55ec6821a3be4 d544756d42a84699a7abcdece15515b2 - - default default] Unable to schedule network b898d9d0-e99b-4e69-924d-d278be4e8bdd: no agents available; will retry on subsequent port and subnet creation events.
2026-07-10 01:08:47.363 7 WARNING neutron.plugins.ml2.drivers.ovn.mech_driver.ovsdb.ovn_client [None req-eddc7a81-eb8e-42ae-9a99-ab575bbdb1a9 - - - - - -] No port found with ID 99fa33a9-4d4d-4415-99d6-d2ac90fbf964: RuntimeError: No port found with ID 99fa33a9-4d4d-4415-99d6-d2ac90fbf964
2026-07-10 01:08:47.377 7 INFO neutron.db.ovn_revision_numbers_db [None req-ffcc008b-bd2f-49c4-ad0c-5183c3a154f2 a1f9024adfd74f998de55ec6821a3be4 d544756d42a84699a7abcdece15515b2 - - default default] Successfully bumped revision number for resource f7aedcb0-b95f-4286-96e3-1478d80a566e (type: ports) to 1
2026-07-10 01:08:47.379 7 INFO neutron.plugins.ml2.drivers.ovn.mech_driver.mech_driver [None req-eddc7a81-eb8e-42ae-9a99-ab575bbdb1a9 - - - - - -] OVN reports status down for port: f7aedcb0-b95f-4286-96e3-1478d80a566e
2026-07-10 01:08:47.410 8 INFO neutron.plugins.ml2.drivers.ovn.mech_driver.mech_driver [None req-68ffc294-d8cd-4d2d-8ebe-0596bc8b4645 - - - - - -] OVN reports status up for port: 161a4d00-5d82-43e1-874f-a13a5ff884af [pid: 7|app: 0|req: 1001/1926] 10.0.0.38 () {34 vars in 669 bytes} [Fri Jul 10 01:08:46 2026] POST /v2.0/networks => generated 670 bytes in 941 msecs (HTTP/1.1 201) 4 headers in 162 bytes (1 switches on core 0)
2026-07-10 01:08:47.440 8 INFO neutron.plugins.ml2.plugin [None req-68ffc294-d8cd-4d2d-8ebe-0596bc8b4645 - - - - - -] Attempt 1 to provision port 161a4d00-5d82-43e1-874f-a13a5ff884af
2026-07-10 01:08:47.563 8 WARNING neutron.scheduler.dhcp_agent_scheduler [None req-ab7497be-c071-43ae-8f02-0a21147dcdc1 3d98f3868d984f51a3e5f221f626f629 266b74b2d39f493ca100d77c85984e77 - - default default] No more DHCP agents
2026-07-10 01:08:47.572 8 WARNING neutron.api.rpc.agentnotifiers.dhcp_rpc_agent_api [None req-ab7497be-c071-43ae-8f02-0a21147dcdc1 3d98f3868d984f51a3e5f221f626f629 266b74b2d39f493ca100d77c85984e77 - - default default] Unable to schedule network 563300b2-1e28-4d67-b113-c0d4def1ac27: no agents available; will retry on subsequent port and subnet creation events. [pid: 7|app: 0|req: 1002/1927] 10.0.0.38 () {34 vars in 675 bytes} [Fri Jul 10 01:08:47 2026] POST /v2.0/subnetpools => generated 516 bytes in 292 msecs (HTTP/1.1 201) 4 headers in 162 bytes (1 switches on core 0)
2026-07-10 01:08:48.021 7 WARNING neutron.scheduler.dhcp_agent_scheduler [None req-4b7b5ac0-236c-4991-9f81-d5475ee00862 a1f9024adfd74f998de55ec6821a3be4 d544756d42a84699a7abcdece15515b2 - - default default] No more DHCP agents
2026-07-10 01:08:48.022 7 WARNING neutron.api.rpc.agentnotifiers.dhcp_rpc_agent_api [None req-4b7b5ac0-236c-4991-9f81-d5475ee00862 a1f9024adfd74f998de55ec6821a3be4 d544756d42a84699a7abcdece15515b2 - - default default] Unable to schedule network b898d9d0-e99b-4e69-924d-d278be4e8bdd: no agents available; will retry on subsequent port and subnet creation events.
2026-07-10 01:08:48.083 8 INFO neutron.db.ovn_revision_numbers_db [None req-ab7497be-c071-43ae-8f02-0a21147dcdc1 3d98f3868d984f51a3e5f221f626f629 266b74b2d39f493ca100d77c85984e77 - - default default] Successfully bumped revision number for resource 161a4d00-5d82-43e1-874f-a13a5ff884af (type: router_ports) to 1
2026-07-10 01:08:48.085 7 INFO neutron.plugins.ml2.drivers.ovn.mech_driver.mech_driver [None req-eddc7a81-eb8e-42ae-9a99-ab575bbdb1a9 - - - - - -] OVN reports status down for port: 83fe8e84-77c3-448a-ae90-21ad29cf8293 [pid: 8|app: 0|req: 926/1928] 10.0.0.38 () {34 vars in 782 bytes} [Fri Jul 10 01:08:45 2026] PUT /v2.0/routers/429e014f-3958-4ff1-91b6-5ac93a5c06c9/add_router_interface => generated 310 bytes in 2347 msecs (HTTP/1.1 200) 4 headers in 157 bytes (1 switches on core 0)
2026-07-10 01:08:48.136 7 INFO neutron.db.ovn_revision_numbers_db [None req-4b7b5ac0-236c-4991-9f81-d5475ee00862 a1f9024adfd74f998de55ec6821a3be4 d544756d42a84699a7abcdece15515b2 - - default default] Successfully bumped revision number for resource 83fe8e84-77c3-448a-ae90-21ad29cf8293 (type: ports) to 1 [pid: 7|app: 0|req: 1003/1929] 10.0.0.38 () {34 vars in 663 bytes} [Fri Jul 10 01:08:47 2026] POST /v2.0/ports => generated 743 bytes in 446 msecs (HTTP/1.1 201) 4 headers in 162 bytes (1 switches on core 0) /var/lib/openstack/lib/python3.12/site-packages/pycadf/identifier.py:70: UserWarning: Invalid uuid: neutron. To ensure interoperability, identifiers should be a valid uuid. warnings.warn(('Invalid uuid: %s. To ensure interoperability, ' [pid: 8|app: 0|req: 927/1930] 10.0.0.38 () {34 vars in 675 bytes} [Fri Jul 10 01:08:48 2026] POST /v2.0/subnetpools => generated 516 bytes in 149 msecs (HTTP/1.1 201) 4 headers in 162 bytes (1 switches on core 0) [pid: 7|app: 0|req: 1004/1931] 10.0.0.38 () {32 vars in 716 bytes} [Fri Jul 10 01:08:48 2026] GET /v2.0/ports/161a4d00-5d82-43e1-874f-a13a5ff884af => generated 943 bytes in 78 msecs (HTTP/1.1 200) 4 headers in 157 bytes (1 switches on core 0) [pid: 7|app: 0|req: 1005/1932] 10.0.0.38 () {34 vars in 675 bytes} [Fri Jul 10 01:08:48 2026] POST /v2.0/subnetpools => generated 516 bytes in 50 msecs (HTTP/1.1 201) 4 headers in 162 bytes (1 switches on core 0)
2026-07-10 01:08:48.310 8 INFO neutron.db.ovn_revision_numbers_db [None req-68ffc294-d8cd-4d2d-8ebe-0596bc8b4645 - - - - - -] Successfully bumped revision number for resource 161a4d00-5d82-43e1-874f-a13a5ff884af (type: ports) to 2 [pid: 7|app: 0|req: 1006/1933] 10.0.0.38 () {32 vars in 716 bytes} [Fri Jul 10 01:08:48 2026] GET /v2.0/ports/161a4d00-5d82-43e1-874f-a13a5ff884af => generated 943 bytes in 38 msecs (HTTP/1.1 200) 4 headers in 157 bytes (1 switches on core 0)
2026-07-10 01:08:48.367 8 INFO neutron.db.segments_db [None req-15f8df0e-d80d-4ad1-a5bb-00a4d9304d21 a1f9024adfd74f998de55ec6821a3be4 d544756d42a84699a7abcdece15515b2 - - default default] Added segment 8f5fc6c1-6421-45f9-9602-709889ba53f1 of type geneve for network d185e8ad-91e5-460e-9c6f-ca91dbd1fb46 [pid: 7|app: 0|req: 1007/1934] 10.0.0.38 () {34 vars in 675 bytes} [Fri Jul 10 01:08:48 2026] POST /v2.0/subnetpools => generated 516 bytes in 56 msecs (HTTP/1.1 201) 4 headers in 162 bytes (1 switches on core 0)
2026-07-10 01:08:48.516 8 INFO neutron.db.ovn_revision_numbers_db [None req-15f8df0e-d80d-4ad1-a5bb-00a4d9304d21 a1f9024adfd74f998de55ec6821a3be4 d544756d42a84699a7abcdece15515b2 - - default default] Successfully bumped revision number for resource d185e8ad-91e5-460e-9c6f-ca91dbd1fb46 (type: networks) to 1
2026-07-10 01:08:48.680 7 INFO neutron_taas.services.taas.taas_plugin [None req-803b4156-35f3-44dc-9481-23da34088716 3d98f3868d984f51a3e5f221f626f629 266b74b2d39f493ca100d77c85984e77 - - default default] TaaS: Handle Delete Port: 161a4d00-5d82-43e1-874f-a13a5ff884af
2026-07-10 01:08:48.680 8 WARNING neutron.scheduler.dhcp_agent_scheduler [None req-15f8df0e-d80d-4ad1-a5bb-00a4d9304d21 a1f9024adfd74f998de55ec6821a3be4 d544756d42a84699a7abcdece15515b2 - - default default] No more DHCP agents
2026-07-10 01:08:48.682 8 WARNING neutron.api.rpc.agentnotifiers.dhcp_rpc_agent_api [None req-15f8df0e-d80d-4ad1-a5bb-00a4d9304d21 a1f9024adfd74f998de55ec6821a3be4 d544756d42a84699a7abcdece15515b2 - - default default] Unable to schedule network d185e8ad-91e5-460e-9c6f-ca91dbd1fb46: no agents available; will retry on subsequent port and subnet creation events.
2026-07-10 01:08:48.684 7 INFO neutron_taas.services.taas.tap_mirror_plugin [None req-803b4156-35f3-44dc-9481-23da34088716 3d98f3868d984f51a3e5f221f626f629 266b74b2d39f493ca100d77c85984e77 - - default default] Tap Mirror: Handle Delete Port: 161a4d00-5d82-43e1-874f-a13a5ff884af
2026-07-10 01:08:48.749 7 INFO neutron.plugins.ml2.drivers.ovn.mech_driver.mech_driver [None req-eddc7a81-eb8e-42ae-9a99-ab575bbdb1a9 - - - - - -] OVN reports status down for port: 116b78d6-c135-4fce-ab1a-ed85e6b91464
2026-07-10 01:08:48.767 8 INFO neutron.db.ovn_revision_numbers_db [None req-15f8df0e-d80d-4ad1-a5bb-00a4d9304d21 a1f9024adfd74f998de55ec6821a3be4 d544756d42a84699a7abcdece15515b2 - - default default] Successfully bumped revision number for resource 116b78d6-c135-4fce-ab1a-ed85e6b91464 (type: ports) to 1 [pid: 8|app: 0|req: 928/1935] 10.0.0.38 () {34 vars in 669 bytes} [Fri Jul 10 01:08:48 2026] POST /v2.0/networks => generated 670 bytes in 549 msecs (HTTP/1.1 201) 4 headers in 162 bytes (1 switches on core 0)
2026-07-10 01:08:49.146 8 INFO neutron.db.ovn_revision_numbers_db [None req-e5472544-bbc3-43b4-aaeb-9cdb680a9665 b03de771b3394351968ea9526addf4d1 000d52b211ae4d868f98a666c48ba233 - - default default] Successfully bumped revision number for resource 0d80b0ed-afd5-4f89-bf26-56f9d71b5fb1 (type: security_groups) to 1 [pid: 7|app: 0|req: 1008/1936] 10.0.0.38 () {34 vars in 788 bytes} [Fri Jul 10 01:08:48 2026] PUT /v2.0/routers/429e014f-3958-4ff1-91b6-5ac93a5c06c9/remove_router_interface => generated 310 bytes in 748 msecs (HTTP/1.1 200) 4 headers in 157 bytes (1 switches on core 0) /var/lib/openstack/lib/python3.12/site-packages/pycadf/identifier.py:70: UserWarning: Invalid uuid: neutron. To ensure interoperability, identifiers should be a valid uuid. warnings.warn(('Invalid uuid: %s. To ensure interoperability, '
2026-07-10 01:08:49.166 8 INFO neutron.db.ovn_revision_numbers_db [None req-e5472544-bbc3-43b4-aaeb-9cdb680a9665 b03de771b3394351968ea9526addf4d1 000d52b211ae4d868f98a666c48ba233 - - default default] Successfully bumped revision number for resource 189ee2f9-8587-4fb8-9824-887e879301b3 (type: security_group_rules) to 0
2026-07-10 01:08:49.183 8 INFO neutron.db.ovn_revision_numbers_db [None req-e5472544-bbc3-43b4-aaeb-9cdb680a9665 b03de771b3394351968ea9526addf4d1 000d52b211ae4d868f98a666c48ba233 - - default default] Successfully bumped revision number for resource 27e224d0-1ba3-4c6c-b888-9b176f94ea01 (type: security_group_rules) to 0
2026-07-10 01:08:49.195 8 INFO neutron.db.ovn_revision_numbers_db [None req-e5472544-bbc3-43b4-aaeb-9cdb680a9665 b03de771b3394351968ea9526addf4d1 000d52b211ae4d868f98a666c48ba233 - - default default] Successfully bumped revision number for resource 87856919-2b46-46a2-8f6a-f11c1f6fede8 (type: security_group_rules) to 0
2026-07-10 01:08:49.208 8 INFO neutron.db.ovn_revision_numbers_db [None req-e5472544-bbc3-43b4-aaeb-9cdb680a9665 b03de771b3394351968ea9526addf4d1 000d52b211ae4d868f98a666c48ba233 - - default default] Successfully bumped revision number for resource c7d00d6f-c5c9-41a3-a268-a5cd7722a5ac (type: security_group_rules) to 0 [pid: 7|app: 0|req: 1009/1937] 10.0.0.38 () {34 vars in 675 bytes} [Fri Jul 10 01:08:49 2026] POST /v2.0/subnetpools => generated 516 bytes in 61 msecs (HTTP/1.1 201) 4 headers in 162 bytes (1 switches on core 0)
2026-07-10 01:08:49.292 8 INFO neutron.db.segments_db [None req-e5472544-bbc3-43b4-aaeb-9cdb680a9665 b03de771b3394351968ea9526addf4d1 000d52b211ae4d868f98a666c48ba233 - - default default] Added segment 70a50218-a382-4af9-984b-ddb29cc2e39f of type geneve for network f5167a13-6869-4af5-a0f0-0f703508bd92
2026-07-10 01:08:49.397 8 INFO neutron.db.ovn_revision_numbers_db [None req-e5472544-bbc3-43b4-aaeb-9cdb680a9665 b03de771b3394351968ea9526addf4d1 000d52b211ae4d868f98a666c48ba233 - - default default] Successfully bumped revision number for resource f5167a13-6869-4af5-a0f0-0f703508bd92 (type: networks) to 1
2026-07-10 01:08:49.436 7 WARNING neutron.scheduler.dhcp_agent_scheduler [None req-4b8ab66c-9c0a-48e8-9259-5a896dcd937e a1f9024adfd74f998de55ec6821a3be4 d544756d42a84699a7abcdece15515b2 - - default default] No more DHCP agents
2026-07-10 01:08:49.438 7 WARNING neutron.api.rpc.agentnotifiers.dhcp_rpc_agent_api [None req-4b8ab66c-9c0a-48e8-9259-5a896dcd937e a1f9024adfd74f998de55ec6821a3be4 d544756d42a84699a7abcdece15515b2 - - default default] Unable to schedule network d185e8ad-91e5-460e-9c6f-ca91dbd1fb46: no agents available; will retry on subsequent port and subnet creation events.
2026-07-10 01:08:49.497 7 INFO neutron.plugins.ml2.drivers.ovn.mech_driver.mech_driver [None req-eddc7a81-eb8e-42ae-9a99-ab575bbdb1a9 - - - - - -] OVN reports status down for port: 15d2f816-4f9d-4eea-ab8b-04e98fe7ecab
2026-07-10 01:08:49.560 7 INFO neutron.db.ovn_revision_numbers_db [None req-4b8ab66c-9c0a-48e8-9259-5a896dcd937e a1f9024adfd74f998de55ec6821a3be4 d544756d42a84699a7abcdece15515b2 - - default default] Successfully bumped revision number for resource 15d2f816-4f9d-4eea-ab8b-04e98fe7ecab (type: ports) to 1 [pid: 7|app: 0|req: 1010/1938] 10.0.0.38 () {34 vars in 663 bytes} [Fri Jul 10 01:08:49 2026] POST /v2.0/ports => generated 743 bytes in 391 msecs (HTTP/1.1 201) 4 headers in 162 bytes (1 switches on core 0) /var/lib/openstack/lib/python3.12/site-packages/pycadf/identifier.py:70: UserWarning: Invalid uuid: neutron. To ensure interoperability, identifiers should be a valid uuid. warnings.warn(('Invalid uuid: %s. To ensure interoperability, '
2026-07-10 01:08:49.626 8 WARNING neutron.scheduler.dhcp_agent_scheduler [None req-e5472544-bbc3-43b4-aaeb-9cdb680a9665 b03de771b3394351968ea9526addf4d1 000d52b211ae4d868f98a666c48ba233 - - default default] No more DHCP agents
2026-07-10 01:08:49.628 8 WARNING neutron.api.rpc.agentnotifiers.dhcp_rpc_agent_api [None req-e5472544-bbc3-43b4-aaeb-9cdb680a9665 b03de771b3394351968ea9526addf4d1 000d52b211ae4d868f98a666c48ba233 - - default default] Unable to schedule network f5167a13-6869-4af5-a0f0-0f703508bd92: no agents available; will retry on subsequent port and subnet creation events. [pid: 7|app: 0|req: 1011/1939] 10.0.0.38 () {32 vars in 735 bytes} [Fri Jul 10 01:08:49 2026] GET /v2.0/ports?device_id=429e014f-3958-4ff1-91b6-5ac93a5c06c9 => generated 12 bytes in 27 msecs (HTTP/1.1 200) 4 headers in 156 bytes (1 switches on core 0) [pid: 7|app: 0|req: 1012/1940] 10.0.0.38 () {34 vars in 758 bytes} [Fri Jul 10 01:08:49 2026] PUT /v2.0/subnetpools/a125c392-f92d-414a-ad7b-c8c942617493/tags => generated 17 bytes in 62 msecs (HTTP/1.1 200) 4 headers in 156 bytes (1 switches on core 0)
2026-07-10 01:08:49.705 7 INFO neutron.plugins.ml2.drivers.ovn.mech_driver.mech_driver [None req-eddc7a81-eb8e-42ae-9a99-ab575bbdb1a9 - - - - - -] OVN reports status down for port: ebd5db0f-5381-4d01-9711-61e3b4d7ce43
2026-07-10 01:08:49.707 8 INFO neutron.db.ovn_revision_numbers_db [None req-e5472544-bbc3-43b4-aaeb-9cdb680a9665 b03de771b3394351968ea9526addf4d1 000d52b211ae4d868f98a666c48ba233 - - default default] Successfully bumped revision number for resource ebd5db0f-5381-4d01-9711-61e3b4d7ce43 (type: ports) to 1 [pid: 8|app: 0|req: 929/1941] 10.0.0.38 () {34 vars in 669 bytes} [Fri Jul 10 01:08:48 2026] POST /v2.0/networks => generated 670 bytes in 939 msecs (HTTP/1.1 201) 4 headers in 162 bytes (1 switches on core 0)
2026-07-10 01:08:49.819 7 INFO neutron.db.segments_db [None req-73f55268-5cda-4792-9e2c-b68e4683862d a1f9024adfd74f998de55ec6821a3be4 d544756d42a84699a7abcdece15515b2 - - default default] Added segment 92a7cd3e-8d3c-4d18-aa18-b4c6faf71e22 of type geneve for network 4ebb13ff-4035-4dff-95bd-1d3da170f70b
2026-07-10 01:08:49.945 7 INFO neutron.db.ovn_revision_numbers_db [None req-73f55268-5cda-4792-9e2c-b68e4683862d a1f9024adfd74f998de55ec6821a3be4 d544756d42a84699a7abcdece15515b2 - - default default] Successfully bumped revision number for resource 4ebb13ff-4035-4dff-95bd-1d3da170f70b (type: networks) to 1 [pid: 8|app: 0|req: 930/1942] 10.0.0.38 () {32 vars in 723 bytes} [Fri Jul 10 01:08:49 2026] DELETE /v2.0/routers/429e014f-3958-4ff1-91b6-5ac93a5c06c9 => generated 0 bytes in 221 msecs (HTTP/1.1 204) 2 headers in 112 bytes (1 switches on core 0) [pid: 8|app: 0|req: 931/1943] 10.0.0.38 () {34 vars in 758 bytes} [Fri Jul 10 01:08:49 2026] PUT /v2.0/subnetpools/fe38826d-7841-4b7a-9d90-5f7acb880b79/tags => generated 25 bytes in 62 msecs (HTTP/1.1 200) 4 headers in 156 bytes (1 switches on core 0)
2026-07-10 01:08:50.151 7 WARNING neutron.scheduler.dhcp_agent_scheduler [None req-73f55268-5cda-4792-9e2c-b68e4683862d a1f9024adfd74f998de55ec6821a3be4 d544756d42a84699a7abcdece15515b2 - - default default] No more DHCP agents
2026-07-10 01:08:50.153 7 WARNING neutron.api.rpc.agentnotifiers.dhcp_rpc_agent_api [None req-73f55268-5cda-4792-9e2c-b68e4683862d a1f9024adfd74f998de55ec6821a3be4 d544756d42a84699a7abcdece15515b2 - - default default] Unable to schedule network 4ebb13ff-4035-4dff-95bd-1d3da170f70b: no agents available; will retry on subsequent port and subnet creation events.
2026-07-10 01:08:50.232 7 INFO neutron.db.ovn_revision_numbers_db [None req-73f55268-5cda-4792-9e2c-b68e4683862d a1f9024adfd74f998de55ec6821a3be4 d544756d42a84699a7abcdece15515b2 - - default default] Successfully bumped revision number for resource 0a671b6c-bc1e-4abd-87c1-c14a23fc362d (type: ports) to 1 [pid: 7|app: 0|req: 1013/1944] 10.0.0.38 () {34 vars in 669 bytes} [Fri Jul 10 01:08:49 2026] POST /v2.0/networks => generated 669 bytes in 559 msecs (HTTP/1.1 201) 4 headers in 162 bytes (1 switches on core 0)
2026-07-10 01:08:50.279 8 WARNING neutron.scheduler.dhcp_agent_scheduler [None req-88f68c01-cd67-4035-aafb-686cbe7ac966 b03de771b3394351968ea9526addf4d1 000d52b211ae4d868f98a666c48ba233 - - default default] No more DHCP agents
2026-07-10 01:08:50.281 8 WARNING neutron.api.rpc.agentnotifiers.dhcp_rpc_agent_api [None req-88f68c01-cd67-4035-aafb-686cbe7ac966 b03de771b3394351968ea9526addf4d1 000d52b211ae4d868f98a666c48ba233 - - default default] Unable to schedule network f5167a13-6869-4af5-a0f0-0f703508bd92: no agents available; will retry on subsequent port and subnet creation events.
2026-07-10 01:08:50.387 8 INFO neutron.db.ovn_revision_numbers_db [None req-88f68c01-cd67-4035-aafb-686cbe7ac966 b03de771b3394351968ea9526addf4d1 000d52b211ae4d868f98a666c48ba233 - - default default] Successfully bumped revision number for resource 61f2eded-390f-49ab-8b78-58214f0899d5 (type: ports) to 1 [pid: 8|app: 0|req: 932/1945] 10.0.0.38 () {34 vars in 663 bytes} [Fri Jul 10 01:08:50 2026] POST /v2.0/ports => generated 743 bytes in 392 msecs (HTTP/1.1 201) 4 headers in 162 bytes (1 switches on core 0) /var/lib/openstack/lib/python3.12/site-packages/pycadf/identifier.py:70: UserWarning: Invalid uuid: neutron. To ensure interoperability, identifiers should be a valid uuid. warnings.warn(('Invalid uuid: %s. To ensure interoperability, ' [pid: 7|app: 0|req: 1014/1946] 10.0.0.38 () {32 vars in 723 bytes} [Fri Jul 10 01:08:50 2026] DELETE /v2.0/subnets/022aa1f9-1f21-48d4-ab24-6beb78c29d67 => generated 0 bytes in 206 msecs (HTTP/1.1 204) 3 headers in 131 bytes (1 switches on core 0) [pid: 8|app: 0|req: 933/1947] 10.0.0.38 () {34 vars in 758 bytes} [Fri Jul 10 01:08:50 2026] PUT /v2.0/subnetpools/d90d33c0-e13a-4ccf-9d8d-31895e0352aa/tags => generated 34 bytes in 56 msecs (HTTP/1.1 200) 4 headers in 156 bytes (1 switches on core 0)
2026-07-10 01:08:50.678 7 WARNING neutron.scheduler.dhcp_agent_scheduler [None req-ae8cfa01-3363-4389-a534-c47cdd1970b1 a1f9024adfd74f998de55ec6821a3be4 d544756d42a84699a7abcdece15515b2 - - default default] No more DHCP agents
2026-07-10 01:08:50.680 7 WARNING neutron.api.rpc.agentnotifiers.dhcp_rpc_agent_api [None req-ae8cfa01-3363-4389-a534-c47cdd1970b1 a1f9024adfd74f998de55ec6821a3be4 d544756d42a84699a7abcdece15515b2 - - default default] Unable to schedule network 4ebb13ff-4035-4dff-95bd-1d3da170f70b: no agents available; will retry on subsequent port and subnet creation events. [pid: 8|app: 0|req: 934/1948] 10.0.0.38 () {34 vars in 665 bytes} [Fri Jul 10 01:08:50 2026] POST /v2.0/trunks => generated 409 bytes in 248 msecs (HTTP/1.1 201) 4 headers in 162 bytes (1 switches on core 0)
2026-07-10 01:08:50.741 7 INFO neutron.plugins.ml2.drivers.ovn.mech_driver.mech_driver [None req-eddc7a81-eb8e-42ae-9a99-ab575bbdb1a9 - - - - - -] OVN reports status down for port: 5675e270-bf4e-4b15-99d6-102b237c6e9f
2026-07-10 01:08:50.814 7 INFO neutron.db.ovn_revision_numbers_db [None req-ae8cfa01-3363-4389-a534-c47cdd1970b1 a1f9024adfd74f998de55ec6821a3be4 d544756d42a84699a7abcdece15515b2 - - default default] Successfully bumped revision number for resource 5675e270-bf4e-4b15-99d6-102b237c6e9f (type: ports) to 1 [pid: 7|app: 0|req: 1015/1949] 10.0.0.38 () {34 vars in 663 bytes} [Fri Jul 10 01:08:50 2026] POST /v2.0/ports => generated 743 bytes in 383 msecs (HTTP/1.1 201) 4 headers in 162 bytes (1 switches on core 0) /var/lib/openstack/lib/python3.12/site-packages/pycadf/identifier.py:70: UserWarning: Invalid uuid: neutron. To ensure interoperability, identifiers should be a valid uuid. warnings.warn(('Invalid uuid: %s. To ensure interoperability, '
2026-07-10 01:08:50.866 8 INFO neutron_taas.services.taas.taas_plugin [None req-65885d59-b38c-457a-916c-70b5edc785cf 3d98f3868d984f51a3e5f221f626f629 266b74b2d39f493ca100d77c85984e77 - - default default] TaaS: Handle Delete Port: 83002fa3-9d3f-4d2a-b4b3-9333acaf87ae
2026-07-10 01:08:50.869 8 INFO neutron_taas.services.taas.tap_mirror_plugin [None req-65885d59-b38c-457a-916c-70b5edc785cf 3d98f3868d984f51a3e5f221f626f629 266b74b2d39f493ca100d77c85984e77 - - default default] Tap Mirror: Handle Delete Port: 83002fa3-9d3f-4d2a-b4b3-9333acaf87ae [pid: 7|app: 0|req: 1016/1950] 10.0.0.38 () {34 vars in 758 bytes} [Fri Jul 10 01:08:50 2026] PUT /v2.0/subnetpools/15ac315b-224f-4032-9d8d-a68994603cd4/tags => generated 19 bytes in 58 msecs (HTTP/1.1 200) 4 headers in 156 bytes (1 switches on core 0)
2026-07-10 01:08:50.993 7 INFO neutron.db.segments_db [None req-6f3cdb59-38c4-4a37-b7d9-fd01cf9fe550 b03de771b3394351968ea9526addf4d1 000d52b211ae4d868f98a666c48ba233 - - default default] Added segment dd099971-0b18-4e84-98cf-bb3ed3b614a2 of type geneve for network 0c611cef-0246-43a3-9826-b0abcee2c79f
2026-07-10 01:08:51.075 8 INFO neutron.services.segments.plugin [-] Segment 346b20da-e46b-4044-a175-e5acf12da279 resource provider aggregate not found
2026-07-10 01:08:51.077 8 INFO neutron.services.segments.plugin [-] Segment 346b20da-e46b-4044-a175-e5acf12da279 resource provider aggregate not found
2026-07-10 01:08:51.102 8 INFO neutron.services.segments.plugin [-] Client error retrieving segment 346b20da-e46b-4044-a175-e5acf12da279 resource provider; error: Placement Client Error (4xx): {"errors": [{"status": 404, "title": "Not Found", "detail": "The resource could not be found.\n\n No resource provider with uuid 346b20da-e46b-4044-a175-e5acf12da279 found for delete ", "request_id": "req-4736faa3-149c-4e15-a897-67126ac9cffc"}]}
2026-07-10 01:08:51.107 8 INFO neutron.services.segments.plugin [-] Client error retrieving segment 346b20da-e46b-4044-a175-e5acf12da279 resource provider; error: Placement Client Error (4xx): {"errors": [{"status": 404, "title": "Not Found", "detail": "The resource could not be found.\n\n No resource provider with uuid 346b20da-e46b-4044-a175-e5acf12da279 found for delete ", "request_id": "req-ed5a39a5-e545-41dd-a424-8b99b200f8a5"}]}
2026-07-10 01:08:51.114 7 INFO neutron.db.ovn_revision_numbers_db [None req-6f3cdb59-38c4-4a37-b7d9-fd01cf9fe550 b03de771b3394351968ea9526addf4d1 000d52b211ae4d868f98a666c48ba233 - - default default] Successfully bumped revision number for resource 0c611cef-0246-43a3-9826-b0abcee2c79f (type: networks) to 1 [pid: 8|app: 0|req: 935/1951] 10.0.0.38 () {32 vars in 725 bytes} [Fri Jul 10 01:08:50 2026] DELETE /v2.0/networks/563300b2-1e28-4d67-b113-c0d4def1ac27 => generated 0 bytes in 434 msecs (HTTP/1.1 204) 3 headers in 131 bytes (1 switches on core 0)
2026-07-10 01:08:51.220 8 INFO neutron.db.segments_db [None req-b11c6630-45dc-4646-b54e-456e15c3e502 a1f9024adfd74f998de55ec6821a3be4 d544756d42a84699a7abcdece15515b2 - - default default] Added segment 0dbac9db-577b-41a1-b151-0e2fcf653dfe of type geneve for network 0f12b7aa-808a-467c-8ca9-62720c390fba
2026-07-10 01:08:51.305 7 WARNING neutron.scheduler.dhcp_agent_scheduler [None req-6f3cdb59-38c4-4a37-b7d9-fd01cf9fe550 b03de771b3394351968ea9526addf4d1 000d52b211ae4d868f98a666c48ba233 - - default default] No more DHCP agents
2026-07-10 01:08:51.306 7 WARNING neutron.api.rpc.agentnotifiers.dhcp_rpc_agent_api [None req-6f3cdb59-38c4-4a37-b7d9-fd01cf9fe550 b03de771b3394351968ea9526addf4d1 000d52b211ae4d868f98a666c48ba233 - - default default] Unable to schedule network 0c611cef-0246-43a3-9826-b0abcee2c79f: no agents available; will retry on subsequent port and subnet creation events.
2026-07-10 01:08:51.365 8 INFO neutron.db.ovn_revision_numbers_db [None req-b11c6630-45dc-4646-b54e-456e15c3e502 a1f9024adfd74f998de55ec6821a3be4 d544756d42a84699a7abcdece15515b2 - - default default] Successfully bumped revision number for resource 0f12b7aa-808a-467c-8ca9-62720c390fba (type: networks) to 1
2026-07-10 01:08:51.385 7 INFO neutron.plugins.ml2.drivers.ovn.mech_driver.mech_driver [None req-eddc7a81-eb8e-42ae-9a99-ab575bbdb1a9 - - - - - -] OVN reports status down for port: 6ef33411-ecd2-4d6d-9738-a09691904b4c
2026-07-10 01:08:51.470 7 INFO neutron.db.ovn_revision_numbers_db [None req-6f3cdb59-38c4-4a37-b7d9-fd01cf9fe550 b03de771b3394351968ea9526addf4d1 000d52b211ae4d868f98a666c48ba233 - - default default] Successfully bumped revision number for resource 6ef33411-ecd2-4d6d-9738-a09691904b4c (type: ports) to 1 [pid: 7|app: 0|req: 1017/1952] 10.0.0.38 () {34 vars in 669 bytes} [Fri Jul 10 01:08:50 2026] POST /v2.0/networks => generated 669 bytes in 620 msecs (HTTP/1.1 201) 4 headers in 162 bytes (1 switches on core 0) [pid: 7|app: 0|req: 1018/1953] 10.0.0.38 () {32 vars in 671 bytes} [Fri Jul 10 01:08:51 2026] GET /v2.0/subnetpools?tags=red => generated 1563 bytes in 24 msecs (HTTP/1.1 200) 4 headers in 158 bytes (1 switches on core 0)
2026-07-10 01:08:51.575 8 WARNING neutron.scheduler.dhcp_agent_scheduler [None req-b11c6630-45dc-4646-b54e-456e15c3e502 a1f9024adfd74f998de55ec6821a3be4 d544756d42a84699a7abcdece15515b2 - - default default] No more DHCP agents
2026-07-10 01:08:51.576 8 WARNING neutron.api.rpc.agentnotifiers.dhcp_rpc_agent_api [None req-b11c6630-45dc-4646-b54e-456e15c3e502 a1f9024adfd74f998de55ec6821a3be4 d544756d42a84699a7abcdece15515b2 - - default default] Unable to schedule network 0f12b7aa-808a-467c-8ca9-62720c390fba: no agents available; will retry on subsequent port and subnet creation events.
2026-07-10 01:08:51.634 7 INFO neutron.plugins.ml2.drivers.ovn.mech_driver.mech_driver [None req-eddc7a81-eb8e-42ae-9a99-ab575bbdb1a9 - - - - - -] OVN reports status down for port: 961872ac-6c97-435e-920f-aea4007ec0bd
2026-07-10 01:08:51.656 8 INFO neutron.db.ovn_revision_numbers_db [None req-b11c6630-45dc-4646-b54e-456e15c3e502 a1f9024adfd74f998de55ec6821a3be4 d544756d42a84699a7abcdece15515b2 - - default default] Successfully bumped revision number for resource 961872ac-6c97-435e-920f-aea4007ec0bd (type: ports) to 1 [pid: 8|app: 0|req: 936/1954] 10.0.0.38 () {34 vars in 669 bytes} [Fri Jul 10 01:08:51 2026] POST /v2.0/networks => generated 669 bytes in 533 msecs (HTTP/1.1 201) 4 headers in 162 bytes (1 switches on core 0)
2026-07-10 01:08:51.938 8 WARNING neutron.scheduler.dhcp_agent_scheduler [None req-ccffa8d5-2e33-48f8-86f5-f9d8bf623e51 b03de771b3394351968ea9526addf4d1 000d52b211ae4d868f98a666c48ba233 - - default default] No more DHCP agents
2026-07-10 01:08:51.939 8 WARNING neutron.api.rpc.agentnotifiers.dhcp_rpc_agent_api [None req-ccffa8d5-2e33-48f8-86f5-f9d8bf623e51 b03de771b3394351968ea9526addf4d1 000d52b211ae4d868f98a666c48ba233 - - default default] Unable to schedule network 0c611cef-0246-43a3-9826-b0abcee2c79f: no agents available; will retry on subsequent port and subnet creation events.
2026-07-10 01:08:52.039 8 INFO neutron.db.ovn_revision_numbers_db [None req-ccffa8d5-2e33-48f8-86f5-f9d8bf623e51 b03de771b3394351968ea9526addf4d1 000d52b211ae4d868f98a666c48ba233 - - default default] Successfully bumped revision number for resource af69245f-b42b-447e-92a3-adb34c472bdf (type: ports) to 1
2026-07-10 01:08:52.044 7 INFO neutron.plugins.ml2.drivers.ovn.mech_driver.mech_driver [None req-eddc7a81-eb8e-42ae-9a99-ab575bbdb1a9 - - - - - -] OVN reports status down for port: af69245f-b42b-447e-92a3-adb34c472bdf [pid: 8|app: 0|req: 937/1955] 10.0.0.38 () {34 vars in 663 bytes} [Fri Jul 10 01:08:51 2026] POST /v2.0/ports => generated 743 bytes in 384 msecs (HTTP/1.1 201) 4 headers in 162 bytes (1 switches on core 0) /var/lib/openstack/lib/python3.12/site-packages/pycadf/identifier.py:70: UserWarning: Invalid uuid: neutron. To ensure interoperability, identifiers should be a valid uuid. warnings.warn(('Invalid uuid: %s. To ensure interoperability, ' [pid: 8|app: 0|req: 938/1956] 10.0.0.38 () {32 vars in 685 bytes} [Fri Jul 10 01:08:52 2026] GET /v2.0/subnetpools?tags=red%2Cblue => generated 1056 bytes in 26 msecs (HTTP/1.1 200) 4 headers in 158 bytes (1 switches on core 0)
2026-07-10 01:08:52.143 7 WARNING neutron.scheduler.dhcp_agent_scheduler [None req-f67e5955-d29d-4e76-9029-d551915d96b4 3d98f3868d984f51a3e5f221f626f629 266b74b2d39f493ca100d77c85984e77 - - default default] No more DHCP agents
2026-07-10 01:08:52.144 7 WARNING neutron.api.rpc.agentnotifiers.dhcp_rpc_agent_api [None req-f67e5955-d29d-4e76-9029-d551915d96b4 3d98f3868d984f51a3e5f221f626f629 266b74b2d39f493ca100d77c85984e77 - - default default] Unable to schedule network eae92309-f94b-432e-8f5f-2514d5979199: no agents available; will retry on subsequent port and subnet creation events.
2026-07-10 01:08:52.322 8 WARNING neutron.scheduler.dhcp_agent_scheduler [None req-44854e5b-b3e1-4856-bda2-c426a1a8ae17 a1f9024adfd74f998de55ec6821a3be4 d544756d42a84699a7abcdece15515b2 - - default default] No more DHCP agents
2026-07-10 01:08:52.323 8 WARNING neutron.api.rpc.agentnotifiers.dhcp_rpc_agent_api [None req-44854e5b-b3e1-4856-bda2-c426a1a8ae17 a1f9024adfd74f998de55ec6821a3be4 d544756d42a84699a7abcdece15515b2 - - default default] Unable to schedule network 0f12b7aa-808a-467c-8ca9-62720c390fba: no agents available; will retry on subsequent port and subnet creation events.
2026-07-10 01:08:52.332 7 INFO neutron.db.ovn_revision_numbers_db [None req-f67e5955-d29d-4e76-9029-d551915d96b4 3d98f3868d984f51a3e5f221f626f629 266b74b2d39f493ca100d77c85984e77 - - default default] Successfully bumped revision number for resource 03844ede-9f31-4c9c-acd7-70bb214920ab (type: ports) to 1
2026-07-10 01:08:52.408 7 INFO neutron.plugins.ml2.drivers.ovn.mech_driver.mech_driver [None req-eddc7a81-eb8e-42ae-9a99-ab575bbdb1a9 - - - - - -] OVN reports status down for port: c9ea65f1-677e-4d20-9e00-b81ad9f10173
2026-07-10 01:08:52.421 8 INFO neutron.db.ovn_revision_numbers_db [None req-44854e5b-b3e1-4856-bda2-c426a1a8ae17 a1f9024adfd74f998de55ec6821a3be4 d544756d42a84699a7abcdece15515b2 - - default default] Successfully bumped revision number for resource c9ea65f1-677e-4d20-9e00-b81ad9f10173 (type: ports) to 1 [pid: 8|app: 0|req: 939/1957] 10.0.0.38 () {34 vars in 663 bytes} [Fri Jul 10 01:08:52 2026] POST /v2.0/ports => generated 743 bytes in 353 msecs (HTTP/1.1 201) 4 headers in 162 bytes (1 switches on core 0) /var/lib/openstack/lib/python3.12/site-packages/pycadf/identifier.py:70: UserWarning: Invalid uuid: neutron. To ensure interoperability, identifiers should be a valid uuid. warnings.warn(('Invalid uuid: %s. To ensure interoperability, ' [pid: 8|app: 0|req: 940/1958] 10.0.0.38 () {34 vars in 665 bytes} [Fri Jul 10 01:08:52 2026] POST /v2.0/trunks => generated 409 bytes in 161 msecs (HTTP/1.1 201) 4 headers in 162 bytes (1 switches on core 0) [pid: 8|app: 0|req: 941/1959] 10.0.0.38 () {32 vars in 681 bytes} [Fri Jul 10 01:08:52 2026] GET /v2.0/subnetpools?tags-any=blue => generated 1056 bytes in 20 msecs (HTTP/1.1 200) 4 headers in 158 bytes (1 switches on core 0)
2026-07-10 01:08:52.713 8 INFO neutron.db.segments_db [None req-dd89fdbd-7446-4301-9036-ad200717ffb4 a1f9024adfd74f998de55ec6821a3be4 d544756d42a84699a7abcdece15515b2 - - default default] Added segment 98092dce-f359-45eb-9cec-cb72eafaf41a of type geneve for network 22ea5637-7c88-4f84-a572-1bf7334d0992
2026-07-10 01:08:52.823 8 INFO neutron.db.ovn_revision_numbers_db [None req-dd89fdbd-7446-4301-9036-ad200717ffb4 a1f9024adfd74f998de55ec6821a3be4 d544756d42a84699a7abcdece15515b2 - - default default] Successfully bumped revision number for resource 22ea5637-7c88-4f84-a572-1bf7334d0992 (type: networks) to 1
2026-07-10 01:08:53.040 8 WARNING neutron.scheduler.dhcp_agent_scheduler [None req-dd89fdbd-7446-4301-9036-ad200717ffb4 a1f9024adfd74f998de55ec6821a3be4 d544756d42a84699a7abcdece15515b2 - - default default] No more DHCP agents
2026-07-10 01:08:53.043 8 WARNING neutron.api.rpc.agentnotifiers.dhcp_rpc_agent_api [None req-dd89fdbd-7446-4301-9036-ad200717ffb4 a1f9024adfd74f998de55ec6821a3be4 d544756d42a84699a7abcdece15515b2 - - default default] Unable to schedule network 22ea5637-7c88-4f84-a572-1bf7334d0992: no agents available; will retry on subsequent port and subnet creation events.
