2026-07-10 01:06:49.744 7 INFO neutron.db.ovn_revision_numbers_db [None req-c6ee0b83-e61a-4673-b331-de2b1666b6f4 067a4d14d34e4dd680d229a86b90f5f9 310f2300575d4e6a8487d3bab0b0dd10 - - default default] Successfully bumped revision number for resource 67938d67-df12-412c-a339-036ecc4a2fdf (type: networks) to 1
2026-07-10 01:06:49.891 8 INFO neutron.db.ovn_revision_numbers_db [None req-3c15d9e4-e985-4bc1-aea0-78f01d5a925c - - - - - -] Successfully bumped revision number for resource 3dfe6519-10a3-44b5-8b30-cb15b71964eb (type: ports) to 2
2026-07-10 01:06:49.896 8 INFO neutron.db.ovn_revision_numbers_db [None req-276105b6-79f9-4f1f-a5a4-b94e3857c0e9 1472d614724e4728a1c0da6536e6e1d6 ca05e157a9a94ee7903530a76e7e6e04 - - default default] Successfully bumped revision number for resource ddad2160-0ebc-41d2-a9ba-454d341967a8 (type: security_groups) to 1
2026-07-10 01:06:49.917 8 INFO neutron.db.ovn_revision_numbers_db [None req-276105b6-79f9-4f1f-a5a4-b94e3857c0e9 1472d614724e4728a1c0da6536e6e1d6 ca05e157a9a94ee7903530a76e7e6e04 - - default default] Successfully bumped revision number for resource 21118f98-2ed2-4169-9667-eab9227c2c2f (type: security_group_rules) to 0
2026-07-10 01:06:49.941 7 WARNING neutron.scheduler.dhcp_agent_scheduler [None req-c6ee0b83-e61a-4673-b331-de2b1666b6f4 067a4d14d34e4dd680d229a86b90f5f9 310f2300575d4e6a8487d3bab0b0dd10 - - default default] No more DHCP agents
2026-07-10 01:06:49.944 7 WARNING neutron.api.rpc.agentnotifiers.dhcp_rpc_agent_api [None req-c6ee0b83-e61a-4673-b331-de2b1666b6f4 067a4d14d34e4dd680d229a86b90f5f9 310f2300575d4e6a8487d3bab0b0dd10 - - default default] Unable to schedule network 67938d67-df12-412c-a339-036ecc4a2fdf: no agents available; will retry on subsequent port and subnet creation events.
2026-07-10 01:06:49.945 8 INFO neutron.db.ovn_revision_numbers_db [None req-276105b6-79f9-4f1f-a5a4-b94e3857c0e9 1472d614724e4728a1c0da6536e6e1d6 ca05e157a9a94ee7903530a76e7e6e04 - - default default] Successfully bumped revision number for resource ae4d8ca6-ec8c-46fc-9ba0-ea5d390ae958 (type: security_group_rules) to 0
2026-07-10 01:06:50.054 7 INFO neutron.db.ovn_revision_numbers_db [None req-c6ee0b83-e61a-4673-b331-de2b1666b6f4 067a4d14d34e4dd680d229a86b90f5f9 310f2300575d4e6a8487d3bab0b0dd10 - - default default] Successfully bumped revision number for resource 510ed627-7b93-4f63-a292-a32660b392e8 (type: ports) to 1 [pid: 8|app: 0|req: 546/1191] 10.0.0.38 () {34 vars in 684 bytes} [Fri Jul 10 01:06:49 2026] POST /v2.0/security-groups => generated 1659 bytes in 730 msecs (HTTP/1.1 201) 4 headers in 163 bytes (1 switches on core 0) [pid: 7|app: 0|req: 646/1192] 10.0.0.38 () {34 vars in 669 bytes} [Fri Jul 10 01:06:49 2026] POST /v2.0/networks => generated 691 bytes in 583 msecs (HTTP/1.1 201) 4 headers in 162 bytes (1 switches on core 0)
2026-07-10 01:06:50.168 7 INFO neutron.db.segments_db [None req-29b91292-9fba-4c4f-8976-327bfdfd933d 067a4d14d34e4dd680d229a86b90f5f9 310f2300575d4e6a8487d3bab0b0dd10 - - default default] Added segment c345d541-c79b-4bad-a34c-073a9cb1c135 of type geneve for network 8874eb31-6375-419b-b919-fab2b0a2ce68
2026-07-10 01:06:50.207 8 INFO neutron.db.ovn_revision_numbers_db [None req-11a5a399-8973-4a3c-a407-349741cef7d9 1472d614724e4728a1c0da6536e6e1d6 ca05e157a9a94ee7903530a76e7e6e04 - - default default] Successfully bumped revision number for resource 1173266a-21c6-4631-bba2-f87e522d965a (type: security_group_rules) to 0 [pid: 8|app: 0|req: 547/1193] 10.0.0.38 () {34 vars in 694 bytes} [Fri Jul 10 01:06:50 2026] POST /v2.0/security-group-rules => generated 597 bytes in 175 msecs (HTTP/1.1 201) 4 headers in 162 bytes (1 switches on core 0)
2026-07-10 01:06:50.276 7 INFO neutron.db.ovn_revision_numbers_db [None req-29b91292-9fba-4c4f-8976-327bfdfd933d 067a4d14d34e4dd680d229a86b90f5f9 310f2300575d4e6a8487d3bab0b0dd10 - - default default] Successfully bumped revision number for resource 8874eb31-6375-419b-b919-fab2b0a2ce68 (type: networks) to 1
2026-07-10 01:06:50.369 8 INFO neutron.db.ovn_revision_numbers_db [None req-e5dae5c6-b216-498b-be96-367fe4010566 1472d614724e4728a1c0da6536e6e1d6 ca05e157a9a94ee7903530a76e7e6e04 - - default default] Successfully bumped revision number for resource ba3bec17-79c8-4c71-93ca-521381c1546d (type: security_group_rules) to 0 [pid: 8|app: 0|req: 548/1194] 10.0.0.38 () {34 vars in 694 bytes} [Fri Jul 10 01:06:50 2026] POST /v2.0/security-group-rules => generated 602 bytes in 152 msecs (HTTP/1.1 201) 4 headers in 162 bytes (1 switches on core 0)
2026-07-10 01:06:50.486 7 WARNING neutron.scheduler.dhcp_agent_scheduler [None req-29b91292-9fba-4c4f-8976-327bfdfd933d 067a4d14d34e4dd680d229a86b90f5f9 310f2300575d4e6a8487d3bab0b0dd10 - - default default] No more DHCP agents
2026-07-10 01:06:50.487 7 WARNING neutron.api.rpc.agentnotifiers.dhcp_rpc_agent_api [None req-29b91292-9fba-4c4f-8976-327bfdfd933d 067a4d14d34e4dd680d229a86b90f5f9 310f2300575d4e6a8487d3bab0b0dd10 - - default default] Unable to schedule network 8874eb31-6375-419b-b919-fab2b0a2ce68: no agents available; will retry on subsequent port and subnet creation events.
2026-07-10 01:06:50.542 7 INFO neutron.plugins.ml2.drivers.ovn.mech_driver.mech_driver [None req-e8be4492-a212-49ec-b54c-19e6bf65c2c9 - - - - - -] OVN reports status down for port: e1bd3ae4-d5b7-4e5a-aaab-2776b6a201f4
2026-07-10 01:06:50.600 7 INFO neutron.db.ovn_revision_numbers_db [None req-29b91292-9fba-4c4f-8976-327bfdfd933d 067a4d14d34e4dd680d229a86b90f5f9 310f2300575d4e6a8487d3bab0b0dd10 - - default default] Successfully bumped revision number for resource e1bd3ae4-d5b7-4e5a-aaab-2776b6a201f4 (type: ports) to 1
2026-07-10 01:06:50.633 8 WARNING neutron.scheduler.dhcp_agent_scheduler [None req-8ec61e7d-7d9a-42de-bb33-673f6ecffe48 1472d614724e4728a1c0da6536e6e1d6 ca05e157a9a94ee7903530a76e7e6e04 - - default default] No more DHCP agents
2026-07-10 01:06:50.635 8 WARNING neutron.api.rpc.agentnotifiers.dhcp_rpc_agent_api [None req-8ec61e7d-7d9a-42de-bb33-673f6ecffe48 1472d614724e4728a1c0da6536e6e1d6 ca05e157a9a94ee7903530a76e7e6e04 - - default default] Unable to schedule network eae92309-f94b-432e-8f5f-2514d5979199: no agents available; will retry on subsequent port and subnet creation events. [pid: 7|app: 0|req: 647/1195] 10.0.0.38 () {34 vars in 669 bytes} [Fri Jul 10 01:06:50 2026] POST /v2.0/networks => generated 692 bytes in 559 msecs (HTTP/1.1 201) 4 headers in 162 bytes (1 switches on core 0)
2026-07-10 01:06:50.861 7 INFO neutron.services.segments.plugin [-] Segment 3de484a4-2aba-48aa-bb84-6f48d4d9ac8e resource provider aggregate not found
2026-07-10 01:06:50.871 7 INFO neutron.services.segments.plugin [-] Segment 3de484a4-2aba-48aa-bb84-6f48d4d9ac8e resource provider aggregate not found
2026-07-10 01:06:50.892 7 INFO neutron.services.segments.plugin [-] Client error retrieving segment 3de484a4-2aba-48aa-bb84-6f48d4d9ac8e resource provider; error: Placement Client Error (4xx): {"errors": [{"status": 404, "title": "Not Found", "detail": "The resource could not be found.\n\n No resource provider with uuid 3de484a4-2aba-48aa-bb84-6f48d4d9ac8e found for delete ", "request_id": "req-54a938a4-0110-4e74-b1e5-dfb8e1559a84"}]}
2026-07-10 01:06:50.893 7 INFO neutron.services.segments.plugin [-] Client error retrieving segment 3de484a4-2aba-48aa-bb84-6f48d4d9ac8e resource provider; error: Placement Client Error (4xx): {"errors": [{"status": 404, "title": "Not Found", "detail": "The resource could not be found.\n\n No resource provider with uuid 3de484a4-2aba-48aa-bb84-6f48d4d9ac8e found for delete ", "request_id": "req-6fb99e29-47d8-4693-8780-8acc2d5ad248"}]} [pid: 8|app: 0|req: 549/1196] 10.0.0.38 () {34 vars in 675 bytes} [Fri Jul 10 01:06:50 2026] POST /v2.0/floatingips => generated 552 bytes in 547 msecs (HTTP/1.1 201) 4 headers in 162 bytes (1 switches on core 0)
2026-07-10 01:06:51.080 7 WARNING neutron.scheduler.dhcp_agent_scheduler [None req-b0e1bee1-2720-4ec9-9300-5f1c13fab321 067a4d14d34e4dd680d229a86b90f5f9 310f2300575d4e6a8487d3bab0b0dd10 - - default default] No more DHCP agents
2026-07-10 01:06:51.081 7 WARNING neutron.api.rpc.agentnotifiers.dhcp_rpc_agent_api [None req-b0e1bee1-2720-4ec9-9300-5f1c13fab321 067a4d14d34e4dd680d229a86b90f5f9 310f2300575d4e6a8487d3bab0b0dd10 - - default default] Unable to schedule network 67938d67-df12-412c-a339-036ecc4a2fdf: no agents available; will retry on subsequent port and subnet creation events.
2026-07-10 01:06:51.187 7 INFO neutron.db.ovn_revision_numbers_db [None req-b0e1bee1-2720-4ec9-9300-5f1c13fab321 067a4d14d34e4dd680d229a86b90f5f9 310f2300575d4e6a8487d3bab0b0dd10 - - default default] Successfully bumped revision number for resource 3ba1218b-6321-41ea-b38c-b5c73e238505 (type: ports) to 1
2026-07-10 01:06:51.237 7 WARNING neutron.scheduler.dhcp_agent_scheduler [None req-b0e1bee1-2720-4ec9-9300-5f1c13fab321 067a4d14d34e4dd680d229a86b90f5f9 310f2300575d4e6a8487d3bab0b0dd10 - - default default] No more DHCP agents
2026-07-10 01:06:51.238 7 WARNING neutron.api.rpc.agentnotifiers.dhcp_rpc_agent_api [None req-b0e1bee1-2720-4ec9-9300-5f1c13fab321 067a4d14d34e4dd680d229a86b90f5f9 310f2300575d4e6a8487d3bab0b0dd10 - - default default] Unable to schedule network 8874eb31-6375-419b-b919-fab2b0a2ce68: no agents available; will retry on subsequent port and subnet creation events.
2026-07-10 01:06:51.297 7 INFO neutron.plugins.ml2.drivers.ovn.mech_driver.mech_driver [None req-e8be4492-a212-49ec-b54c-19e6bf65c2c9 - - - - - -] OVN reports status down for port: 7d9061b5-3d4a-4b58-bd62-4c653c255515
2026-07-10 01:06:51.379 7 INFO neutron.db.ovn_revision_numbers_db [None req-b0e1bee1-2720-4ec9-9300-5f1c13fab321 067a4d14d34e4dd680d229a86b90f5f9 310f2300575d4e6a8487d3bab0b0dd10 - - default default] Successfully bumped revision number for resource 7d9061b5-3d4a-4b58-bd62-4c653c255515 (type: ports) to 1
2026-07-10 01:06:51.415 8 INFO neutron.db.ovn_revision_numbers_db [None req-345f74c4-5e45-4189-8e55-1c93fa7bcfab a9bbe6289ce74b32ab9d6796cfa92370 b395bb00b055478a89bc7fe639bd3ac7 - - default default] Successfully bumped revision number for resource ab1cc083-ef5c-4d34-9eb2-604758029851 (type: security_groups) to 1
2026-07-10 01:06:51.430 8 INFO neutron.db.ovn_revision_numbers_db [None req-345f74c4-5e45-4189-8e55-1c93fa7bcfab a9bbe6289ce74b32ab9d6796cfa92370 b395bb00b055478a89bc7fe639bd3ac7 - - default default] Successfully bumped revision number for resource 3478fe1e-6d33-4089-8f5c-9983c53e6937 (type: security_group_rules) to 0
2026-07-10 01:06:51.444 8 INFO neutron.db.ovn_revision_numbers_db [None req-345f74c4-5e45-4189-8e55-1c93fa7bcfab a9bbe6289ce74b32ab9d6796cfa92370 b395bb00b055478a89bc7fe639bd3ac7 - - default default] Successfully bumped revision number for resource 3b875108-a996-48aa-b43e-7366bea5bfe6 (type: security_group_rules) to 0 [pid: 7|app: 0|req: 648/1197] 10.0.0.38 () {34 vars in 664 bytes} [Fri Jul 10 01:06:50 2026] POST /v2.0/ports => generated 1505 bytes in 789 msecs (HTTP/1.1 201) 4 headers in 163 bytes (1 switches on core 0) /var/lib/openstack/lib/python3.12/site-packages/pycadf/identifier.py:70: UserWarning: Invalid uuid: neutron. To ensure interoperability, identifiers should be a valid uuid. warnings.warn(('Invalid uuid: %s. To ensure interoperability, '
2026-07-10 01:06:51.450 7 WARNING neutron.db.securitygroups_db [req-d40db961-b894-40a6-b7e8-222c7872622b req-a8221283-6a15-4172-8b47-e20d8dc3a24d 1472d614724e4728a1c0da6536e6e1d6 ca05e157a9a94ee7903530a76e7e6e04 - - default default] project_id key not found in filters, using tenant_id instead. This support has been deprecated and will be removed in a future release.
2026-07-10 01:06:51.458 8 INFO neutron.db.ovn_revision_numbers_db [None req-345f74c4-5e45-4189-8e55-1c93fa7bcfab a9bbe6289ce74b32ab9d6796cfa92370 b395bb00b055478a89bc7fe639bd3ac7 - - default default] Successfully bumped revision number for resource 457a32f3-0953-48e1-875f-074d090765ee (type: security_group_rules) to 0
2026-07-10 01:06:51.469 8 INFO neutron.db.ovn_revision_numbers_db [None req-345f74c4-5e45-4189-8e55-1c93fa7bcfab a9bbe6289ce74b32ab9d6796cfa92370 b395bb00b055478a89bc7fe639bd3ac7 - - default default] Successfully bumped revision number for resource e60f34ce-d540-45da-b96d-4467b5b9a0c2 (type: security_group_rules) to 0 [pid: 7|app: 0|req: 649/1198] 10.0.0.113 () {34 vars in 1098 bytes} [Fri Jul 10 01:06:51 2026] GET /v2.0/security-groups?name=tempest-securitygroup--803120482&fields=id&tenant_id=ca05e157a9a94ee7903530a76e7e6e04 => generated 69 bytes in 28 msecs (HTTP/1.1 200) 4 headers in 156 bytes (1 switches on core 0)
2026-07-10 01:06:51.546 8 INFO neutron.db.segments_db [None req-345f74c4-5e45-4189-8e55-1c93fa7bcfab a9bbe6289ce74b32ab9d6796cfa92370 b395bb00b055478a89bc7fe639bd3ac7 - - default default] Added segment 1811b649-6d8b-4316-bf2e-4fc0552f027d of type geneve for network 195ee823-616d-483f-8fa9-628456aa4ecb [pid: 7|app: 0|req: 650/1199] 10.0.0.38 () {32 vars in 642 bytes} [Fri Jul 10 01:06:51 2026] GET /v2.0/ports => generated 3017 bytes in 73 msecs (HTTP/1.1 200) 4 headers in 158 bytes (1 switches on core 0) [pid: 7|app: 0|req: 651/1200] 10.0.0.113 () {34 vars in 982 bytes} [Fri Jul 10 01:06:51 2026] GET /v2.0/networks?id=bd6f2fef-5591-4e09-8ae4-ce1cc09a33a9 => generated 713 bytes in 59 msecs (HTTP/1.1 200) 4 headers in 157 bytes (1 switches on core 0)
2026-07-10 01:06:51.662 8 INFO neutron.db.ovn_revision_numbers_db [None req-345f74c4-5e45-4189-8e55-1c93fa7bcfab a9bbe6289ce74b32ab9d6796cfa92370 b395bb00b055478a89bc7fe639bd3ac7 - - default default] Successfully bumped revision number for resource 195ee823-616d-483f-8fa9-628456aa4ecb (type: networks) to 1
2026-07-10 01:06:51.763 7 INFO neutron_taas.services.taas.taas_plugin [None req-c7e9b300-4d29-45c1-b455-a1be97ed28c9 067a4d14d34e4dd680d229a86b90f5f9 310f2300575d4e6a8487d3bab0b0dd10 - - default default] TaaS: Handle Delete Port: 3ba1218b-6321-41ea-b38c-b5c73e238505
2026-07-10 01:06:51.766 7 INFO neutron_taas.services.taas.tap_mirror_plugin [None req-c7e9b300-4d29-45c1-b455-a1be97ed28c9 067a4d14d34e4dd680d229a86b90f5f9 310f2300575d4e6a8487d3bab0b0dd10 - - default default] Tap Mirror: Handle Delete Port: 3ba1218b-6321-41ea-b38c-b5c73e238505 [pid: 7|app: 0|req: 652/1201] 10.0.0.38 () {32 vars in 719 bytes} [Fri Jul 10 01:06:51 2026] DELETE /v2.0/ports/3ba1218b-6321-41ea-b38c-b5c73e238505 => generated 0 bytes in 295 msecs (HTTP/1.1 204) 3 headers in 131 bytes (1 switches on core 0) [pid: 7|app: 0|req: 653/1202] 10.0.0.113 () {34 vars in 965 bytes} [Fri Jul 10 01:06:51 2026] GET /v2.0/quotas/ca05e157a9a94ee7903530a76e7e6e04 => generated 312 bytes in 22 msecs (HTTP/1.1 200) 4 headers in 157 bytes (1 switches on core 0)
2026-07-10 01:06:51.929 8 WARNING neutron.scheduler.dhcp_agent_scheduler [None req-345f74c4-5e45-4189-8e55-1c93fa7bcfab a9bbe6289ce74b32ab9d6796cfa92370 b395bb00b055478a89bc7fe639bd3ac7 - - default default] No more DHCP agents
2026-07-10 01:06:51.930 8 WARNING neutron.api.rpc.agentnotifiers.dhcp_rpc_agent_api [None req-345f74c4-5e45-4189-8e55-1c93fa7bcfab a9bbe6289ce74b32ab9d6796cfa92370 b395bb00b055478a89bc7fe639bd3ac7 - - default default] Unable to schedule network 195ee823-616d-483f-8fa9-628456aa4ecb: no agents available; will retry on subsequent port and subnet creation events.
2026-07-10 01:06:52.013 8 INFO neutron.db.ovn_revision_numbers_db [None req-345f74c4-5e45-4189-8e55-1c93fa7bcfab a9bbe6289ce74b32ab9d6796cfa92370 b395bb00b055478a89bc7fe639bd3ac7 - - default default] Successfully bumped revision number for resource 10553a06-fc81-4204-a53f-cc06e403b0f5 (type: ports) to 1
2026-07-10 01:06:52.015 7 INFO neutron.plugins.ml2.drivers.ovn.mech_driver.mech_driver [None req-e8be4492-a212-49ec-b54c-19e6bf65c2c9 - - - - - -] OVN reports status down for port: 10553a06-fc81-4204-a53f-cc06e403b0f5 [pid: 8|app: 0|req: 550/1203] 10.0.0.38 () {34 vars in 669 bytes} [Fri Jul 10 01:06:51 2026] POST /v2.0/networks => generated 688 bytes in 966 msecs (HTTP/1.1 201) 4 headers in 162 bytes (1 switches on core 0)
2026-07-10 01:06:52.123 7 INFO neutron_taas.services.taas.taas_plugin [None req-7311ca97-0894-4136-88e1-8ee43b08db71 067a4d14d34e4dd680d229a86b90f5f9 310f2300575d4e6a8487d3bab0b0dd10 - - default default] TaaS: Handle Delete Port: 7d9061b5-3d4a-4b58-bd62-4c653c255515 [pid: 8|app: 0|req: 551/1204] 10.0.0.113 () {34 vars in 1002 bytes} [Fri Jul 10 01:06:52 2026] GET /v2.0/ports?tenant_id=ca05e157a9a94ee7903530a76e7e6e04&fields=id => generated 103 bytes in 82 msecs (HTTP/1.1 200) 4 headers in 157 bytes (1 switches on core 0)
2026-07-10 01:06:52.128 7 INFO neutron_taas.services.taas.tap_mirror_plugin [None req-7311ca97-0894-4136-88e1-8ee43b08db71 067a4d14d34e4dd680d229a86b90f5f9 310f2300575d4e6a8487d3bab0b0dd10 - - default default] Tap Mirror: Handle Delete Port: 7d9061b5-3d4a-4b58-bd62-4c653c255515 [pid: 7|app: 0|req: 654/1205] 10.0.0.38 () {32 vars in 719 bytes} [Fri Jul 10 01:06:51 2026] DELETE /v2.0/ports/7d9061b5-3d4a-4b58-bd62-4c653c255515 => generated 0 bytes in 339 msecs (HTTP/1.1 204) 3 headers in 131 bytes (1 switches on core 0) [pid: 7|app: 0|req: 655/1206] 10.0.0.113 () {34 vars in 1008 bytes} [Fri Jul 10 01:06:52 2026] GET /v2.0/networks/bd6f2fef-5591-4e09-8ae4-ce1cc09a33a9?fields=segments => generated 14 bytes in 49 msecs (HTTP/1.1 200) 4 headers in 156 bytes (1 switches on core 0)
2026-07-10 01:06:52.325 8 WARNING neutron.scheduler.dhcp_agent_scheduler [None req-724d280b-b08e-4a22-80f4-cf554897529f a9bbe6289ce74b32ab9d6796cfa92370 b395bb00b055478a89bc7fe639bd3ac7 - - default default] No more DHCP agents
2026-07-10 01:06:52.326 8 WARNING neutron.api.rpc.agentnotifiers.dhcp_rpc_agent_api [None req-724d280b-b08e-4a22-80f4-cf554897529f a9bbe6289ce74b32ab9d6796cfa92370 b395bb00b055478a89bc7fe639bd3ac7 - - default default] Unable to schedule network 195ee823-616d-483f-8fa9-628456aa4ecb: no agents available; will retry on subsequent port and subnet creation events.
2026-07-10 01:06:52.349 8 INFO neutron.db.ovn_revision_numbers_db [None req-724d280b-b08e-4a22-80f4-cf554897529f a9bbe6289ce74b32ab9d6796cfa92370 b395bb00b055478a89bc7fe639bd3ac7 - - default default] Successfully bumped revision number for resource 67c04e0a-6dbb-44e1-a84e-1de270a93b9a (type: subnets) to 0 [pid: 7|app: 0|req: 656/1207] 10.0.0.38 () {32 vars in 642 bytes} [Fri Jul 10 01:06:52 2026] GET /v2.0/ports => generated 1523 bytes in 40 msecs (HTTP/1.1 200) 4 headers in 158 bytes (1 switches on core 0) [pid: 8|app: 0|req: 552/1208] 10.0.0.38 () {34 vars in 668 bytes} [Fri Jul 10 01:06:52 2026] POST /v2.0/subnets => generated 627 bytes in 238 msecs (HTTP/1.1 201) 4 headers in 162 bytes (1 switches on core 0) [pid: 7|app: 0|req: 657/1209] 10.0.0.113 () {34 vars in 1108 bytes} [Fri Jul 10 01:06:52 2026] GET /v2.0/networks/bd6f2fef-5591-4e09-8ae4-ce1cc09a33a9?fields=provider%3Aphysical_network&fields=provider%3Anetwork_type => generated 79 bytes in 42 msecs (HTTP/1.1 200) 4 headers in 156 bytes (1 switches on core 0)
2026-07-10 01:06:52.444 8 INFO neutron.db.segments_db [None req-65ab5f1c-861f-4335-9d96-f7a94135bd3e 067a4d14d34e4dd680d229a86b90f5f9 310f2300575d4e6a8487d3bab0b0dd10 - - default default] Added segment 88ccf20f-2af2-4acb-9d7c-a231ecf13f20 of type geneve for network 7d3dcc31-3c2f-408b-af2a-3fd990a8d236
2026-07-10 01:06:52.560 8 INFO neutron.db.ovn_revision_numbers_db [None req-65ab5f1c-861f-4335-9d96-f7a94135bd3e 067a4d14d34e4dd680d229a86b90f5f9 310f2300575d4e6a8487d3bab0b0dd10 - - default default] Successfully bumped revision number for resource 7d3dcc31-3c2f-408b-af2a-3fd990a8d236 (type: networks) to 1
2026-07-10 01:06:52.729 8 WARNING neutron.scheduler.dhcp_agent_scheduler [None req-65ab5f1c-861f-4335-9d96-f7a94135bd3e 067a4d14d34e4dd680d229a86b90f5f9 310f2300575d4e6a8487d3bab0b0dd10 - - default default] No more DHCP agents
2026-07-10 01:06:52.731 8 WARNING neutron.api.rpc.agentnotifiers.dhcp_rpc_agent_api [None req-65ab5f1c-861f-4335-9d96-f7a94135bd3e 067a4d14d34e4dd680d229a86b90f5f9 310f2300575d4e6a8487d3bab0b0dd10 - - default default] Unable to schedule network 7d3dcc31-3c2f-408b-af2a-3fd990a8d236: no agents available; will retry on subsequent port and subnet creation events.
2026-07-10 01:06:52.796 7 INFO neutron.plugins.ml2.drivers.ovn.mech_driver.mech_driver [None req-e8be4492-a212-49ec-b54c-19e6bf65c2c9 - - - - - -] OVN reports status down for port: 3ce77081-3dbc-45ce-98b3-36767aaa109d
2026-07-10 01:06:52.807 7 WARNING neutron.scheduler.dhcp_agent_scheduler [None req-d5e1ac79-f184-4750-b795-6a4840d5279b a9bbe6289ce74b32ab9d6796cfa92370 b395bb00b055478a89bc7fe639bd3ac7 - - default default] No more DHCP agents
2026-07-10 01:06:52.811 7 WARNING neutron.api.rpc.agentnotifiers.dhcp_rpc_agent_api [None req-d5e1ac79-f184-4750-b795-6a4840d5279b a9bbe6289ce74b32ab9d6796cfa92370 b395bb00b055478a89bc7fe639bd3ac7 - - default default] Unable to schedule network eae92309-f94b-432e-8f5f-2514d5979199: no agents available; will retry on subsequent port and subnet creation events.
2026-07-10 01:06:52.824 8 INFO neutron.db.ovn_revision_numbers_db [None req-65ab5f1c-861f-4335-9d96-f7a94135bd3e 067a4d14d34e4dd680d229a86b90f5f9 310f2300575d4e6a8487d3bab0b0dd10 - - default default] Successfully bumped revision number for resource 3ce77081-3dbc-45ce-98b3-36767aaa109d (type: ports) to 1 [pid: 8|app: 0|req: 553/1210] 10.0.0.38 () {34 vars in 669 bytes} [Fri Jul 10 01:06:52 2026] POST /v2.0/networks => generated 691 bytes in 499 msecs (HTTP/1.1 201) 4 headers in 162 bytes (1 switches on core 0) [pid: 8|app: 0|req: 554/1211] 10.0.0.113 () {34 vars in 1070 bytes} [Fri Jul 10 01:06:52 2026] GET /v2.0/ports?fields=security_groups&fields=device_id&device_id=2efb3119-9fc5-4a9e-8c00-02e52d1fce49 => generated 12 bytes in 19 msecs (HTTP/1.1 200) 4 headers in 156 bytes (1 switches on core 0)
2026-07-10 01:06:52.994 8 INFO neutron.db.segments_db [None req-9fe8455f-f379-4fa8-b9a3-d75064fd43c5 067a4d14d34e4dd680d229a86b90f5f9 310f2300575d4e6a8487d3bab0b0dd10 - - default default] Added segment 8df6ee5c-e5d5-438c-8993-91a0d67ed9e0 of type geneve for network 4241e1d3-f48c-4df0-addc-7a3f667c9d33
2026-07-10 01:06:53.015 7 INFO neutron.db.ovn_revision_numbers_db [None req-d5e1ac79-f184-4750-b795-6a4840d5279b a9bbe6289ce74b32ab9d6796cfa92370 b395bb00b055478a89bc7fe639bd3ac7 - - default default] Successfully bumped revision number for resource 567aca5d-46af-48bd-b534-b18728b39d22 (type: ports) to 1
2026-07-10 01:06:53.111 8 INFO neutron.db.ovn_revision_numbers_db [None req-9fe8455f-f379-4fa8-b9a3-d75064fd43c5 067a4d14d34e4dd680d229a86b90f5f9 310f2300575d4e6a8487d3bab0b0dd10 - - default default] Successfully bumped revision number for resource 4241e1d3-f48c-4df0-addc-7a3f667c9d33 (type: networks) to 1
2026-07-10 01:06:53.270 8 WARNING neutron.scheduler.dhcp_agent_scheduler [None req-9fe8455f-f379-4fa8-b9a3-d75064fd43c5 067a4d14d34e4dd680d229a86b90f5f9 310f2300575d4e6a8487d3bab0b0dd10 - - default default] No more DHCP agents
2026-07-10 01:06:53.272 8 WARNING neutron.api.rpc.agentnotifiers.dhcp_rpc_agent_api [None req-9fe8455f-f379-4fa8-b9a3-d75064fd43c5 067a4d14d34e4dd680d229a86b90f5f9 310f2300575d4e6a8487d3bab0b0dd10 - - default default] Unable to schedule network 4241e1d3-f48c-4df0-addc-7a3f667c9d33: no agents available; will retry on subsequent port and subnet creation events.
2026-07-10 01:06:53.354 8 INFO neutron.db.ovn_revision_numbers_db [None req-9fe8455f-f379-4fa8-b9a3-d75064fd43c5 067a4d14d34e4dd680d229a86b90f5f9 310f2300575d4e6a8487d3bab0b0dd10 - - default default] Successfully bumped revision number for resource 3768181b-897b-4c96-b81d-96be80703b02 (type: ports) to 1 [pid: 8|app: 0|req: 555/1212] 10.0.0.38 () {34 vars in 669 bytes} [Fri Jul 10 01:06:52 2026] POST /v2.0/networks => generated 692 bytes in 491 msecs (HTTP/1.1 201) 4 headers in 162 bytes (1 switches on core 0)
2026-07-10 01:06:53.597 7 INFO neutron.db.ovn_revision_numbers_db [None req-d5e1ac79-f184-4750-b795-6a4840d5279b a9bbe6289ce74b32ab9d6796cfa92370 b395bb00b055478a89bc7fe639bd3ac7 - - default default] Successfully bumped revision number for resource 567aca5d-46af-48bd-b534-b18728b39d22 (type: router_ports) to 1
2026-07-10 01:06:53.668 7 INFO neutron.db.ovn_revision_numbers_db [None req-d5e1ac79-f184-4750-b795-6a4840d5279b a9bbe6289ce74b32ab9d6796cfa92370 b395bb00b055478a89bc7fe639bd3ac7 - - default default] Successfully bumped revision number for resource 6dd167ca-3d1f-45cf-b6e1-69984a43bccc (type: routers) to 2 [pid: 7|app: 0|req: 658/1213] 10.0.0.38 () {34 vars in 668 bytes} [Fri Jul 10 01:06:52 2026] POST /v2.0/routers => generated 975 bytes in 1287 msecs (HTTP/1.1 201) 4 headers in 162 bytes (1 switches on core 0)
2026-07-10 01:06:54.094 7 WARNING neutron.scheduler.dhcp_agent_scheduler [None req-1e678e42-24ef-47c3-b97d-12bfa5ed9cf5 067a4d14d34e4dd680d229a86b90f5f9 310f2300575d4e6a8487d3bab0b0dd10 - - default default] No more DHCP agents
2026-07-10 01:06:54.095 7 WARNING neutron.api.rpc.agentnotifiers.dhcp_rpc_agent_api [None req-1e678e42-24ef-47c3-b97d-12bfa5ed9cf5 067a4d14d34e4dd680d229a86b90f5f9 310f2300575d4e6a8487d3bab0b0dd10 - - default default] Unable to schedule network 7d3dcc31-3c2f-408b-af2a-3fd990a8d236: no agents available; will retry on subsequent port and subnet creation events.
2026-07-10 01:06:54.129 7 INFO neutron.db.ovn_revision_numbers_db [None req-1e678e42-24ef-47c3-b97d-12bfa5ed9cf5 067a4d14d34e4dd680d229a86b90f5f9 310f2300575d4e6a8487d3bab0b0dd10 - - default default] Successfully bumped revision number for resource edcc7ad6-a217-44e2-88f5-bdded8b5732e (type: subnets) to 0
2026-07-10 01:06:54.163 7 WARNING neutron.scheduler.dhcp_agent_scheduler [None req-1e678e42-24ef-47c3-b97d-12bfa5ed9cf5 067a4d14d34e4dd680d229a86b90f5f9 310f2300575d4e6a8487d3bab0b0dd10 - - default default] No more DHCP agents
2026-07-10 01:06:54.165 7 WARNING neutron.api.rpc.agentnotifiers.dhcp_rpc_agent_api [None req-1e678e42-24ef-47c3-b97d-12bfa5ed9cf5 067a4d14d34e4dd680d229a86b90f5f9 310f2300575d4e6a8487d3bab0b0dd10 - - default default] Unable to schedule network 4241e1d3-f48c-4df0-addc-7a3f667c9d33: no agents available; will retry on subsequent port and subnet creation events.
2026-07-10 01:06:54.210 7 INFO neutron.db.ovn_revision_numbers_db [None req-1e678e42-24ef-47c3-b97d-12bfa5ed9cf5 067a4d14d34e4dd680d229a86b90f5f9 310f2300575d4e6a8487d3bab0b0dd10 - - default default] Successfully bumped revision number for resource 7cedeced-5b14-4026-be63-7160aa88d082 (type: subnets) to 0 [pid: 7|app: 0|req: 659/1214] 10.0.0.38 () {34 vars in 668 bytes} [Fri Jul 10 01:06:53 2026] POST /v2.0/subnets => generated 1323 bytes in 401 msecs (HTTP/1.1 201) 4 headers in 163 bytes (1 switches on core 0) [pid: 7|app: 0|req: 660/1215] 10.0.0.113 () {34 vars in 1070 bytes} [Fri Jul 10 01:06:54 2026] GET /v2.0/ports?fields=security_groups&fields=device_id&device_id=2efb3119-9fc5-4a9e-8c00-02e52d1fce49 => generated 12 bytes in 22 msecs (HTTP/1.1 200) 4 headers in 156 bytes (1 switches on core 0)
2026-07-10 01:06:54.280 8 WARNING neutron.scheduler.dhcp_agent_scheduler [None req-f0b66b6d-9124-465f-bba2-bd57b140fa3d a9bbe6289ce74b32ab9d6796cfa92370 b395bb00b055478a89bc7fe639bd3ac7 - - default default] No more DHCP agents
2026-07-10 01:06:54.281 8 WARNING neutron.api.rpc.agentnotifiers.dhcp_rpc_agent_api [None req-f0b66b6d-9124-465f-bba2-bd57b140fa3d a9bbe6289ce74b32ab9d6796cfa92370 b395bb00b055478a89bc7fe639bd3ac7 - - default default] Unable to schedule network 195ee823-616d-483f-8fa9-628456aa4ecb: no agents available; will retry on subsequent port and subnet creation events.
2026-07-10 01:06:54.412 7 WARNING neutron.db.securitygroups_db [None req-ac1d862e-666e-4b58-8de4-fdb6650ae6b8 2f18755ed4c449138d06bb6800267a88 ff32b370bb2a409bb219cd0898acab6f - - default default] project_id key not found in filters, using tenant_id instead. This support has been deprecated and will be removed in a future release.
2026-07-10 01:06:54.422 8 INFO neutron.db.ovn_revision_numbers_db [None req-f0b66b6d-9124-465f-bba2-bd57b140fa3d a9bbe6289ce74b32ab9d6796cfa92370 b395bb00b055478a89bc7fe639bd3ac7 - - default default] Successfully bumped revision number for resource 6babf86d-891e-45aa-9596-5c7815fa687c (type: ports) to 1
2026-07-10 01:06:54.536 7 INFO neutron.db.ovn_revision_numbers_db [None req-ac1d862e-666e-4b58-8de4-fdb6650ae6b8 2f18755ed4c449138d06bb6800267a88 ff32b370bb2a409bb219cd0898acab6f - - default default] Successfully bumped revision number for resource c76bf169-5713-481a-9af7-300333a32e54 (type: security_groups) to 1
2026-07-10 01:06:54.552 7 INFO neutron.db.ovn_revision_numbers_db [None req-ac1d862e-666e-4b58-8de4-fdb6650ae6b8 2f18755ed4c449138d06bb6800267a88 ff32b370bb2a409bb219cd0898acab6f - - default default] Successfully bumped revision number for resource 48ccbf42-a2cf-4e87-8184-8d4a18253c71 (type: security_group_rules) to 0
2026-07-10 01:06:54.567 7 INFO neutron.db.ovn_revision_numbers_db [None req-ac1d862e-666e-4b58-8de4-fdb6650ae6b8 2f18755ed4c449138d06bb6800267a88 ff32b370bb2a409bb219cd0898acab6f - - default default] Successfully bumped revision number for resource 511a983b-486e-4c39-808c-24b4878b914d (type: security_group_rules) to 0
2026-07-10 01:06:54.579 7 INFO neutron.db.ovn_revision_numbers_db [None req-ac1d862e-666e-4b58-8de4-fdb6650ae6b8 2f18755ed4c449138d06bb6800267a88 ff32b370bb2a409bb219cd0898acab6f - - default default] Successfully bumped revision number for resource 97ecd21b-d3ef-42c7-8665-78a4807e2a1d (type: security_group_rules) to 0
2026-07-10 01:06:54.590 7 INFO neutron.db.ovn_revision_numbers_db [None req-ac1d862e-666e-4b58-8de4-fdb6650ae6b8 2f18755ed4c449138d06bb6800267a88 ff32b370bb2a409bb219cd0898acab6f - - default default] Successfully bumped revision number for resource b65f2e7a-460c-4f79-8764-c7006a4f4796 (type: security_group_rules) to 0 [pid: 7|app: 0|req: 661/1216] 10.0.0.38 () {32 vars in 773 bytes} [Fri Jul 10 01:06:54 2026] GET /v2.0/security-groups?tenant_id=309175a1f6e6482c9599611c7ba644d8&name=default => generated 2925 bytes in 377 msecs (HTTP/1.1 200) 4 headers in 158 bytes (1 switches on core 0) [pid: 7|app: 0|req: 662/1217] 10.0.0.38 () {32 vars in 646 bytes} [Fri Jul 10 01:06:54 2026] GET /v2.0/subnets => generated 1959 bytes in 39 msecs (HTTP/1.1 200) 4 headers in 158 bytes (1 switches on core 0) [pid: 7|app: 0|req: 663/1218] 10.0.0.38 () {32 vars in 739 bytes} [Fri Jul 10 01:06:54 2026] DELETE /v2.0/security-groups/c76bf169-5713-481a-9af7-300333a32e54 => generated 0 bytes in 183 msecs (HTTP/1.1 204) 2 headers in 112 bytes (1 switches on core 0) [pid: 7|app: 0|req: 664/1219] 10.0.0.38 () {32 vars in 723 bytes} [Fri Jul 10 01:06:54 2026] DELETE /v2.0/subnets/edcc7ad6-a217-44e2-88f5-bdded8b5732e => generated 0 bytes in 150 msecs (HTTP/1.1 204) 3 headers in 131 bytes (1 switches on core 0)
2026-07-10 01:06:55.005 7 WARNING neutron.db.securitygroups_db [None req-247d80a9-f65f-4be8-bb95-93fb0f167e10 2f18755ed4c449138d06bb6800267a88 ff32b370bb2a409bb219cd0898acab6f - - default default] project_id key not found in filters, using tenant_id instead. This support has been deprecated and will be removed in a future release.
2026-07-10 01:06:55.115 8 WARNING neutron.scheduler.dhcp_agent_scheduler [None req-f0b66b6d-9124-465f-bba2-bd57b140fa3d a9bbe6289ce74b32ab9d6796cfa92370 b395bb00b055478a89bc7fe639bd3ac7 - - default default] No more DHCP agents
2026-07-10 01:06:55.118 8 WARNING neutron.api.rpc.agentnotifiers.dhcp_rpc_agent_api [None req-f0b66b6d-9124-465f-bba2-bd57b140fa3d a9bbe6289ce74b32ab9d6796cfa92370 b395bb00b055478a89bc7fe639bd3ac7 - - default default] Unable to schedule network 195ee823-616d-483f-8fa9-628456aa4ecb: no agents available; will retry on subsequent port and subnet creation events.
2026-07-10 01:06:55.149 7 INFO neutron.db.ovn_revision_numbers_db [None req-247d80a9-f65f-4be8-bb95-93fb0f167e10 2f18755ed4c449138d06bb6800267a88 ff32b370bb2a409bb219cd0898acab6f - - default default] Successfully bumped revision number for resource 057df0bf-92d9-4340-bac6-f00ccaa8d51f (type: security_groups) to 1
2026-07-10 01:06:55.161 7 INFO neutron.db.ovn_revision_numbers_db [None req-247d80a9-f65f-4be8-bb95-93fb0f167e10 2f18755ed4c449138d06bb6800267a88 ff32b370bb2a409bb219cd0898acab6f - - default default] Successfully bumped revision number for resource 25d56ef5-1c29-40f0-a6b6-90e685efec54 (type: security_group_rules) to 0
2026-07-10 01:06:55.173 7 INFO neutron.db.ovn_revision_numbers_db [None req-247d80a9-f65f-4be8-bb95-93fb0f167e10 2f18755ed4c449138d06bb6800267a88 ff32b370bb2a409bb219cd0898acab6f - - default default] Successfully bumped revision number for resource 2ad1e7f2-9610-4faa-8d0c-bd9567c798d2 (type: security_group_rules) to 0
2026-07-10 01:06:55.184 7 INFO neutron.db.ovn_revision_numbers_db [None req-247d80a9-f65f-4be8-bb95-93fb0f167e10 2f18755ed4c449138d06bb6800267a88 ff32b370bb2a409bb219cd0898acab6f - - default default] Successfully bumped revision number for resource 7ecaf9b7-3c61-4437-abff-e4cfd22ccd98 (type: security_group_rules) to 0
2026-07-10 01:06:55.196 7 INFO neutron.db.ovn_revision_numbers_db [None req-247d80a9-f65f-4be8-bb95-93fb0f167e10 2f18755ed4c449138d06bb6800267a88 ff32b370bb2a409bb219cd0898acab6f - - default default] Successfully bumped revision number for resource 9d6c1700-3679-4676-890e-ec9cb1153807 (type: security_group_rules) to 0
2026-07-10 01:06:55.211 8 WARNING neutron.plugins.ml2.drivers.ovn.mech_driver.ovsdb.ovn_client [None req-4524cda3-cccf-4db1-8416-701c7b0539f8 - - - - - -] No hosting information found for port 3dfe6519-10a3-44b5-8b30-cb15b71964eb: RuntimeError: No hosting information found for port 3dfe6519-10a3-44b5-8b30-cb15b71964eb [pid: 7|app: 0|req: 665/1220] 10.0.0.38 () {32 vars in 773 bytes} [Fri Jul 10 01:06:55 2026] GET /v2.0/security-groups?tenant_id=0cb1c13b7db546029baadcfcecfc089b&name=default => generated 2925 bytes in 235 msecs (HTTP/1.1 200) 4 headers in 158 bytes (1 switches on core 0)
2026-07-10 01:06:55.352 8 INFO neutron.db.ovn_revision_numbers_db [None req-4524cda3-cccf-4db1-8416-701c7b0539f8 - - - - - -] Successfully bumped revision number for resource 3dfe6519-10a3-44b5-8b30-cb15b71964eb (type: router_ports) to 2 [pid: 7|app: 0|req: 666/1221] 10.0.0.38 () {32 vars in 723 bytes} [Fri Jul 10 01:06:55 2026] DELETE /v2.0/subnets/7cedeced-5b14-4026-be63-7160aa88d082 => generated 0 bytes in 157 msecs (HTTP/1.1 204) 3 headers in 131 bytes (1 switches on core 0)
2026-07-10 01:06:55.437 8 INFO neutron.plugins.ml2.drivers.ovn.mech_driver.mech_driver [None req-4524cda3-cccf-4db1-8416-701c7b0539f8 - - - - - -] OVN reports status down for port: 510ed627-7b93-4f63-a292-a32660b392e8 [pid: 7|app: 0|req: 667/1222] 10.0.0.38 () {32 vars in 739 bytes} [Fri Jul 10 01:06:55 2026] DELETE /v2.0/security-groups/057df0bf-92d9-4340-bac6-f00ccaa8d51f => generated 0 bytes in 174 msecs (HTTP/1.1 204) 2 headers in 112 bytes (1 switches on core 0) [pid: 7|app: 0|req: 668/1223] 10.0.0.113 () {34 vars in 1070 bytes} [Fri Jul 10 01:06:55 2026] GET /v2.0/ports?fields=security_groups&fields=device_id&device_id=2efb3119-9fc5-4a9e-8c00-02e52d1fce49 => generated 12 bytes in 17 msecs (HTTP/1.1 200) 4 headers in 156 bytes (1 switches on core 0) [pid: 7|app: 0|req: 669/1224] 10.0.0.38 () {32 vars in 646 bytes} [Fri Jul 10 01:06:55 2026] GET /v2.0/subnets => generated 649 bytes in 23 msecs (HTTP/1.1 200) 4 headers in 157 bytes (1 switches on core 0)
2026-07-10 01:06:55.620 8 INFO neutron.plugins.ml2.drivers.ovn.mech_driver.mech_driver [None req-4524cda3-cccf-4db1-8416-701c7b0539f8 - - - - - -] OVN reports status down for port: 3ba1218b-6321-41ea-b38c-b5c73e238505
2026-07-10 01:06:55.647 8 INFO neutron.plugins.ml2.drivers.ovn.mech_driver.mech_driver [None req-4524cda3-cccf-4db1-8416-701c7b0539f8 - - - - - -] OVN reports status down for port: 567aca5d-46af-48bd-b534-b18728b39d22
2026-07-10 01:06:55.667 8 INFO neutron.db.ovn_revision_numbers_db [None req-f0b66b6d-9124-465f-bba2-bd57b140fa3d a9bbe6289ce74b32ab9d6796cfa92370 b395bb00b055478a89bc7fe639bd3ac7 - - default default] Successfully bumped revision number for resource 6babf86d-891e-45aa-9596-5c7815fa687c (type: router_ports) to 1 [pid: 8|app: 0|req: 556/1225] 10.0.0.38 () {34 vars in 782 bytes} [Fri Jul 10 01:06:53 2026] PUT /v2.0/routers/6dd167ca-3d1f-45cf-b6e1-69984a43bccc/add_router_interface => generated 310 bytes in 1981 msecs (HTTP/1.1 200) 4 headers in 157 bytes (1 switches on core 0)
2026-07-10 01:06:55.726 7 INFO neutron_taas.services.taas.taas_plugin [None req-fde00020-92af-4a94-afc4-e3c764faf2c9 067a4d14d34e4dd680d229a86b90f5f9 310f2300575d4e6a8487d3bab0b0dd10 - - default default] TaaS: Handle Delete Port: 3768181b-897b-4c96-b81d-96be80703b02
2026-07-10 01:06:55.728 7 INFO neutron_taas.services.taas.tap_mirror_plugin [None req-fde00020-92af-4a94-afc4-e3c764faf2c9 067a4d14d34e4dd680d229a86b90f5f9 310f2300575d4e6a8487d3bab0b0dd10 - - default default] Tap Mirror: Handle Delete Port: 3768181b-897b-4c96-b81d-96be80703b02
2026-07-10 01:06:55.733 8 WARNING neutron.plugins.ml2.drivers.ovn.mech_driver.ovsdb.ovn_client [None req-4524cda3-cccf-4db1-8416-701c7b0539f8 - - - - - -] Logical_Switch_Port 567aca5d-46af-48bd-b534-b18728b39d22 host information not removed, the port state is up
2026-07-10 01:06:55.734 8 INFO neutron.plugins.ml2.drivers.ovn.mech_driver.mech_driver [None req-4524cda3-cccf-4db1-8416-701c7b0539f8 - - - - - -] OVN reports status down for port: 3768181b-897b-4c96-b81d-96be80703b02
2026-07-10 01:06:55.826 8 INFO neutron.plugins.ml2.db [None req-4524cda3-cccf-4db1-8416-701c7b0539f8 - - - - - -] No ports have port_id starting with 3768181b-897b-4c96-b81d-96be80703b02
2026-07-10 01:06:55.887 8 INFO neutron.common.ovn.utils [None req-4524cda3-cccf-4db1-8416-701c7b0539f8 - - - - - -] HA Chassis Group neutron-195ee823-616d-483f-8fa9-628456aa4ecb synchronized; highest priority chassis 22ab7a0a-6038-4ce8-be50-c938d9462415
2026-07-10 01:06:55.911 7 INFO neutron.services.segments.plugin [-] Segment 8df6ee5c-e5d5-438c-8993-91a0d67ed9e0 resource provider aggregate not found
2026-07-10 01:06:55.917 7 INFO neutron.services.segments.plugin [-] Segment 8df6ee5c-e5d5-438c-8993-91a0d67ed9e0 resource provider aggregate not found
2026-07-10 01:06:55.928 8 INFO neutron.plugins.ml2.drivers.ovn.mech_driver.mech_driver [None req-4524cda3-cccf-4db1-8416-701c7b0539f8 - - - - - -] OVN reports status up for port: 567aca5d-46af-48bd-b534-b18728b39d22
2026-07-10 01:06:55.940 7 INFO neutron.services.segments.plugin [-] Client error retrieving segment 8df6ee5c-e5d5-438c-8993-91a0d67ed9e0 resource provider; error: Placement Client Error (4xx): {"errors": [{"status": 404, "title": "Not Found", "detail": "The resource could not be found.\n\n No resource provider with uuid 8df6ee5c-e5d5-438c-8993-91a0d67ed9e0 found for delete ", "request_id": "req-66e41cac-0194-49df-9fe3-f45fd8314b87"}]}
2026-07-10 01:06:55.942 7 INFO neutron.services.segments.plugin [-] Client error retrieving segment 8df6ee5c-e5d5-438c-8993-91a0d67ed9e0 resource provider; error: Placement Client Error (4xx): {"errors": [{"status": 404, "title": "Not Found", "detail": "The resource could not be found.\n\n No resource provider with uuid 8df6ee5c-e5d5-438c-8993-91a0d67ed9e0 found for delete ", "request_id": "req-181a2f83-5003-4577-aee4-27a007b1cf00"}]}
2026-07-10 01:06:55.950 8 INFO neutron.plugins.ml2.plugin [None req-4524cda3-cccf-4db1-8416-701c7b0539f8 - - - - - -] Attempt 1 to provision port 567aca5d-46af-48bd-b534-b18728b39d22 [pid: 7|app: 0|req: 670/1226] 10.0.0.38 () {32 vars in 725 bytes} [Fri Jul 10 01:06:55 2026] DELETE /v2.0/networks/4241e1d3-f48c-4df0-addc-7a3f667c9d33 => generated 0 bytes in 343 msecs (HTTP/1.1 204) 3 headers in 131 bytes (1 switches on core 0)
2026-07-10 01:06:56.091 7 INFO neutron_taas.services.taas.taas_plugin [None req-f1d7523d-8088-42d0-9144-7ad4616f65a0 067a4d14d34e4dd680d229a86b90f5f9 310f2300575d4e6a8487d3bab0b0dd10 - - default default] TaaS: Handle Delete Port: 3ce77081-3dbc-45ce-98b3-36767aaa109d
2026-07-10 01:06:56.093 7 INFO neutron_taas.services.taas.tap_mirror_plugin [None req-f1d7523d-8088-42d0-9144-7ad4616f65a0 067a4d14d34e4dd680d229a86b90f5f9 310f2300575d4e6a8487d3bab0b0dd10 - - default default] Tap Mirror: Handle Delete Port: 3ce77081-3dbc-45ce-98b3-36767aaa109d
2026-07-10 01:06:56.134 8 WARNING neutron.scheduler.dhcp_agent_scheduler [None req-c4e9b7df-5466-41cb-8cb5-805d66411b6c a9bbe6289ce74b32ab9d6796cfa92370 b395bb00b055478a89bc7fe639bd3ac7 - - default default] No more DHCP agents
2026-07-10 01:06:56.135 8 WARNING neutron.api.rpc.agentnotifiers.dhcp_rpc_agent_api [None req-c4e9b7df-5466-41cb-8cb5-805d66411b6c a9bbe6289ce74b32ab9d6796cfa92370 b395bb00b055478a89bc7fe639bd3ac7 - - default default] Unable to schedule network 195ee823-616d-483f-8fa9-628456aa4ecb: no agents available; will retry on subsequent port and subnet creation events. [pid: 7|app: 0|req: 671/1227] 10.0.0.38 () {32 vars in 725 bytes} [Fri Jul 10 01:06:55 2026] DELETE /v2.0/networks/7d3dcc31-3c2f-408b-af2a-3fd990a8d236 => generated 0 bytes in 373 msecs (HTTP/1.1 204) 3 headers in 131 bytes (1 switches on core 0)
2026-07-10 01:06:56.375 8 INFO neutron.db.ovn_revision_numbers_db [None req-c4e9b7df-5466-41cb-8cb5-805d66411b6c a9bbe6289ce74b32ab9d6796cfa92370 b395bb00b055478a89bc7fe639bd3ac7 - - default default] Successfully bumped revision number for resource b89bda10-d85e-4645-9ccf-9137b45d262e (type: ports) to 1 [pid: 8|app: 0|req: 557/1228] 10.0.0.38 () {34 vars in 664 bytes} [Fri Jul 10 01:06:55 2026] POST /v2.0/ports => generated 955 bytes in 726 msecs (HTTP/1.1 201) 4 headers in 162 bytes (1 switches on core 0) /var/lib/openstack/lib/python3.12/site-packages/pycadf/identifier.py:70: UserWarning: Invalid uuid: neutron. To ensure interoperability, identifiers should be a valid uuid. warnings.warn(('Invalid uuid: %s. To ensure interoperability, '
2026-07-10 01:06:56.480 7 INFO neutron_taas.services.taas.taas_plugin [None req-1a04e93a-e2a0-4ba9-8740-71412961837c 067a4d14d34e4dd680d229a86b90f5f9 310f2300575d4e6a8487d3bab0b0dd10 - - default default] TaaS: Handle Delete Port: e1bd3ae4-d5b7-4e5a-aaab-2776b6a201f4
2026-07-10 01:06:56.482 7 INFO neutron_taas.services.taas.tap_mirror_plugin [None req-1a04e93a-e2a0-4ba9-8740-71412961837c 067a4d14d34e4dd680d229a86b90f5f9 310f2300575d4e6a8487d3bab0b0dd10 - - default default] Tap Mirror: Handle Delete Port: e1bd3ae4-d5b7-4e5a-aaab-2776b6a201f4
2026-07-10 01:06:56.675 8 WARNING neutron.scheduler.dhcp_agent_scheduler [None req-51c30196-6f4d-4214-99fe-b4b0698e6d1a a9bbe6289ce74b32ab9d6796cfa92370 b395bb00b055478a89bc7fe639bd3ac7 - - default default] No more DHCP agents
2026-07-10 01:06:56.677 8 WARNING neutron.api.rpc.agentnotifiers.dhcp_rpc_agent_api [None req-51c30196-6f4d-4214-99fe-b4b0698e6d1a a9bbe6289ce74b32ab9d6796cfa92370 b395bb00b055478a89bc7fe639bd3ac7 - - default default] Unable to schedule network 195ee823-616d-483f-8fa9-628456aa4ecb: no agents available; will retry on subsequent port and subnet creation events. [pid: 7|app: 0|req: 672/1229] 10.0.0.38 () {32 vars in 725 bytes} [Fri Jul 10 01:06:56 2026] DELETE /v2.0/networks/8874eb31-6375-419b-b919-fab2b0a2ce68 => generated 0 bytes in 331 msecs (HTTP/1.1 204) 3 headers in 131 bytes (1 switches on core 0) [pid: 7|app: 0|req: 673/1230] 10.0.0.113 () {34 vars in 1070 bytes} [Fri Jul 10 01:06:56 2026] GET /v2.0/ports?fields=security_groups&fields=device_id&device_id=2efb3119-9fc5-4a9e-8c00-02e52d1fce49 => generated 12 bytes in 13 msecs (HTTP/1.1 200) 4 headers in 156 bytes (1 switches on core 0)
2026-07-10 01:06:56.814 7 INFO neutron.plugins.ml2.drivers.ovn.mech_driver.mech_driver [None req-e8be4492-a212-49ec-b54c-19e6bf65c2c9 - - - - - -] OVN reports status down for port: 18089689-7985-42f9-a02f-960518917e92
2026-07-10 01:06:56.828 8 INFO neutron.db.ovn_revision_numbers_db [None req-51c30196-6f4d-4214-99fe-b4b0698e6d1a a9bbe6289ce74b32ab9d6796cfa92370 b395bb00b055478a89bc7fe639bd3ac7 - - default default] Successfully bumped revision number for resource 18089689-7985-42f9-a02f-960518917e92 (type: ports) to 1
2026-07-10 01:06:56.842 7 INFO neutron_taas.services.taas.taas_plugin [None req-c8701210-0af8-41cd-ba2a-988df33ecb4b 067a4d14d34e4dd680d229a86b90f5f9 310f2300575d4e6a8487d3bab0b0dd10 - - default default] TaaS: Handle Delete Port: 510ed627-7b93-4f63-a292-a32660b392e8
2026-07-10 01:06:56.847 7 INFO neutron_taas.services.taas.tap_mirror_plugin [None req-c8701210-0af8-41cd-ba2a-988df33ecb4b 067a4d14d34e4dd680d229a86b90f5f9 310f2300575d4e6a8487d3bab0b0dd10 - - default default] Tap Mirror: Handle Delete Port: 510ed627-7b93-4f63-a292-a32660b392e8 [pid: 8|app: 0|req: 558/1231] 10.0.0.38 () {34 vars in 664 bytes} [Fri Jul 10 01:06:56 2026] POST /v2.0/ports => generated 955 bytes in 436 msecs (HTTP/1.1 201) 4 headers in 162 bytes (1 switches on core 0) /var/lib/openstack/lib/python3.12/site-packages/pycadf/identifier.py:70: UserWarning: Invalid uuid: neutron. To ensure interoperability, identifiers should be a valid uuid. warnings.warn(('Invalid uuid: %s. To ensure interoperability, ' [pid: 8|app: 0|req: 559/1232] 199.204.45.210 () {34 vars in 986 bytes} [Fri Jul 10 01:06:56 2026] GET /v2.0/networks?id=bd6f2fef-5591-4e09-8ae4-ce1cc09a33a9 => generated 713 bytes in 38 msecs (HTTP/1.1 200) 4 headers in 157 bytes (1 switches on core 0) [pid: 7|app: 0|req: 674/1233] 10.0.0.38 () {32 vars in 725 bytes} [Fri Jul 10 01:06:56 2026] DELETE /v2.0/networks/67938d67-df12-412c-a339-036ecc4a2fdf => generated 0 bytes in 391 msecs (HTTP/1.1 204) 3 headers in 131 bytes (1 switches on core 0)
2026-07-10 01:06:57.088 7 WARNING neutron.db.securitygroups_db [req-d40db961-b894-40a6-b7e8-222c7872622b req-6b09b815-e7ce-493d-88d9-812bc1806ec5 1472d614724e4728a1c0da6536e6e1d6 ca05e157a9a94ee7903530a76e7e6e04 - - default default] project_id key not found in filters, using tenant_id instead. This support has been deprecated and will be removed in a future release. [pid: 7|app: 0|req: 675/1234] 199.204.45.210 () {34 vars in 1050 bytes} [Fri Jul 10 01:06:57 2026] GET /v2.0/security-groups?fields=id&fields=name&tenant_id=ca05e157a9a94ee7903530a76e7e6e04 => generated 180 bytes in 32 msecs (HTTP/1.1 200) 4 headers in 157 bytes (1 switches on core 0)
2026-07-10 01:06:57.155 8 WARNING neutron.scheduler.dhcp_agent_scheduler [None req-515fd045-acd3-4284-a16f-92cebb7fe9d5 a9bbe6289ce74b32ab9d6796cfa92370 b395bb00b055478a89bc7fe639bd3ac7 - - default default] No more DHCP agents
2026-07-10 01:06:57.156 8 WARNING neutron.api.rpc.agentnotifiers.dhcp_rpc_agent_api [None req-515fd045-acd3-4284-a16f-92cebb7fe9d5 a9bbe6289ce74b32ab9d6796cfa92370 b395bb00b055478a89bc7fe639bd3ac7 - - default default] Unable to schedule network eae92309-f94b-432e-8f5f-2514d5979199: no agents available; will retry on subsequent port and subnet creation events.
2026-07-10 01:06:57.394 7 WARNING neutron.scheduler.dhcp_agent_scheduler [req-d40db961-b894-40a6-b7e8-222c7872622b req-b77fa907-ab12-481f-bcd1-19c540d6582a 1472d614724e4728a1c0da6536e6e1d6 ca05e157a9a94ee7903530a76e7e6e04 - - default default] No more DHCP agents
2026-07-10 01:06:57.395 7 WARNING neutron.api.rpc.agentnotifiers.dhcp_rpc_agent_api [req-d40db961-b894-40a6-b7e8-222c7872622b req-b77fa907-ab12-481f-bcd1-19c540d6582a 1472d614724e4728a1c0da6536e6e1d6 ca05e157a9a94ee7903530a76e7e6e04 - - default default] Unable to schedule network bd6f2fef-5591-4e09-8ae4-ce1cc09a33a9: no agents available; will retry on subsequent port and subnet creation events.
2026-07-10 01:06:57.535 7 INFO neutron.db.ovn_revision_numbers_db [req-d40db961-b894-40a6-b7e8-222c7872622b req-b77fa907-ab12-481f-bcd1-19c540d6582a 1472d614724e4728a1c0da6536e6e1d6 ca05e157a9a94ee7903530a76e7e6e04 - - default default] Successfully bumped revision number for resource 0419f187-ea19-4dc1-b67c-850ae3111449 (type: ports) to 1 [pid: 7|app: 0|req: 678/1237] 199.204.45.210 () {38 vars in 955 bytes} [Fri Jul 10 01:06:57 2026] POST /v2.0/ports => generated 954 bytes in 441 msecs (HTTP/1.1 201) 4 headers in 162 bytes (1 switches on core 0) /var/lib/openstack/lib/python3.12/site-packages/pycadf/identifier.py:70: UserWarning: Invalid uuid: neutron. To ensure interoperability, identifiers should be a valid uuid. warnings.warn(('Invalid uuid: %s. To ensure interoperability, '
2026-07-10 01:06:57.954 7 INFO neutron.db.ovn_revision_numbers_db [req-d40db961-b894-40a6-b7e8-222c7872622b req-c1417f42-c315-44a4-b014-2b6f0b746c23 6c716197b3654f2bac79ad19cba907fd 852ad09ed4fc4c00a47de11d5c387436 - - 6948e355b4a64b09880a2f37cdc3243a 6948e355b4a64b09880a2f37cdc3243a] Successfully bumped revision number for resource 0419f187-ea19-4dc1-b67c-850ae3111449 (type: ports) to 2
2026-07-10 01:06:57.957 7 INFO neutron.services.segments.plugin [-] Segment 88ccf20f-2af2-4acb-9d7c-a231ecf13f20 resource provider aggregate not found
2026-07-10 01:06:57.968 7 INFO neutron.services.segments.plugin [-] Segment 88ccf20f-2af2-4acb-9d7c-a231ecf13f20 resource provider aggregate not found
2026-07-10 01:06:57.972 7 INFO neutron.services.segments.plugin [-] Client error retrieving segment 88ccf20f-2af2-4acb-9d7c-a231ecf13f20 resource provider; error: Placement Client Error (4xx): {"errors": [{"status": 404, "title": "Not Found", "detail": "The resource could not be found.\n\n No resource provider with uuid 88ccf20f-2af2-4acb-9d7c-a231ecf13f20 found for delete ", "request_id": "req-cd394508-6bc5-49fa-8a94-6ccf2ed587f3"}]}
2026-07-10 01:06:57.989 7 INFO neutron.services.segments.plugin [-] Segment c345d541-c79b-4bad-a34c-073a9cb1c135 resource provider aggregate not found
2026-07-10 01:06:57.993 7 INFO neutron.services.segments.plugin [-] Client error retrieving segment 88ccf20f-2af2-4acb-9d7c-a231ecf13f20 resource provider; error: Placement Client Error (4xx): {"errors": [{"status": 404, "title": "Not Found", "detail": "The resource could not be found.\n\n No resource provider with uuid 88ccf20f-2af2-4acb-9d7c-a231ecf13f20 found for delete ", "request_id": "req-df873694-9b44-4381-85c3-f71e1ab19e4e"}]}
