2026-07-10 01:07:14.254 8 INFO neutron.services.segments.plugin [-] Client error retrieving segment d1e9ac5d-65d2-4790-9a91-94038330f39f resource provider; error: Placement Client Error (4xx): {"errors": [{"status": 404, "title": "Not Found", "detail": "The resource could not be found.\n\n No resource provider with uuid d1e9ac5d-65d2-4790-9a91-94038330f39f found for delete ", "request_id": "req-1acecdca-be43-440b-9c3d-4fb62b1f26d8"}]} [pid: 8|app: 0|req: 605/1349] 10.0.0.38 () {32 vars in 739 bytes} [Fri Jul 10 01:07:14 2026] DELETE /v2.0/security-groups/598ca5a7-52f1-46e3-8900-2ff5db683e3e => generated 0 bytes in 223 msecs (HTTP/1.1 204) 2 headers in 112 bytes (1 switches on core 0)
2026-07-10 01:07:14.352 8 INFO neutron.pecan_wsgi.hooks.translation [None req-de5d3073-df20-4dab-857a-b9b11d2e407b 83146a53ae9643b18d08f3e4d8d41c31 b254b59a4e8a4bbb8097d14b5ee352f1 - - default default] DELETE failed (client error): The resource could not be found. [pid: 8|app: 0|req: 606/1350] 10.0.0.38 () {32 vars in 723 bytes} [Fri Jul 10 01:07:14 2026] DELETE /v2.0/subnets/10c95786-c70d-4a37-b439-216a981a8862 => generated 136 bytes in 15 msecs (HTTP/1.1 404) 4 headers in 164 bytes (1 switches on core 0)
2026-07-10 01:07:14.368 8 INFO neutron.pecan_wsgi.hooks.translation [None req-b35f0a92-2934-4d28-986c-2be62715d35e 83146a53ae9643b18d08f3e4d8d41c31 b254b59a4e8a4bbb8097d14b5ee352f1 - - default default] DELETE failed (client error): The resource could not be found. [pid: 8|app: 0|req: 607/1351] 10.0.0.38 () {32 vars in 725 bytes} [Fri Jul 10 01:07:14 2026] DELETE /v2.0/networks/24071778-09c4-4b94-b549-a88f2c399995 => generated 138 bytes in 13 msecs (HTTP/1.1 404) 4 headers in 164 bytes (1 switches on core 0) [pid: 7|app: 0|req: 745/1352] 10.0.0.38 () {32 vars in 723 bytes} [Fri Jul 10 01:07:14 2026] DELETE /v2.0/subnets/bb777f85-c1e8-41fc-bd95-d466514ee3c0 => generated 0 bytes in 158 msecs (HTTP/1.1 204) 3 headers in 131 bytes (1 switches on core 0)
2026-07-10 01:07:14.536 7 INFO neutron_taas.services.taas.taas_plugin [None req-ac36015e-e6fb-42c1-a47b-3befd9cc31fd e141ca37b28146e29b7ee147887eb06e 75288cd1ab154319aa6d1880770dbb47 - - default default] TaaS: Handle Delete Port: 90175df8-2081-401c-9ee5-7007f71255f9
2026-07-10 01:07:14.542 7 INFO neutron_taas.services.taas.tap_mirror_plugin [None req-ac36015e-e6fb-42c1-a47b-3befd9cc31fd e141ca37b28146e29b7ee147887eb06e 75288cd1ab154319aa6d1880770dbb47 - - default default] Tap Mirror: Handle Delete Port: 90175df8-2081-401c-9ee5-7007f71255f9 [pid: 8|app: 0|req: 608/1353] 10.0.0.38 () {32 vars in 723 bytes} [Fri Jul 10 01:07:14 2026] DELETE /v2.0/subnets/328ce8d8-2b20-45dd-8b65-23c496d8b94d => generated 0 bytes in 220 msecs (HTTP/1.1 204) 3 headers in 131 bytes (1 switches on core 0)
2026-07-10 01:07:14.625 7 INFO neutron.services.segments.plugin [-] Segment cc815e9e-7083-41c3-87d9-ac5f0306119d resource provider aggregate not found
2026-07-10 01:07:14.632 7 INFO neutron.services.segments.plugin [-] Segment cc815e9e-7083-41c3-87d9-ac5f0306119d resource provider aggregate not found
2026-07-10 01:07:14.647 7 INFO neutron.services.segments.plugin [-] Client error retrieving segment cc815e9e-7083-41c3-87d9-ac5f0306119d resource provider; error: Placement Client Error (4xx): {"errors": [{"status": 404, "title": "Not Found", "detail": "The resource could not be found.\n\n No resource provider with uuid cc815e9e-7083-41c3-87d9-ac5f0306119d found for delete ", "request_id": "req-66ae02ab-58ad-45b4-8956-da66f8cdd254"}]}
2026-07-10 01:07:14.652 7 INFO neutron.services.segments.plugin [-] Client error retrieving segment cc815e9e-7083-41c3-87d9-ac5f0306119d resource provider; error: Placement Client Error (4xx): {"errors": [{"status": 404, "title": "Not Found", "detail": "The resource could not be found.\n\n No resource provider with uuid cc815e9e-7083-41c3-87d9-ac5f0306119d found for delete ", "request_id": "req-5d9e9254-69ce-4d54-8650-dc34d791379e"}]} [pid: 7|app: 0|req: 746/1354] 10.0.0.38 () {32 vars in 725 bytes} [Fri Jul 10 01:07:14 2026] DELETE /v2.0/networks/4d82c2f1-d0ea-4f76-94dd-6848a4619b49 => generated 0 bytes in 406 msecs (HTTP/1.1 204) 3 headers in 131 bytes (1 switches on core 0)
2026-07-10 01:07:14.799 8 INFO neutron_taas.services.taas.taas_plugin [None req-c0bf591d-3bc2-4585-8353-6b7a258a5523 83146a53ae9643b18d08f3e4d8d41c31 b254b59a4e8a4bbb8097d14b5ee352f1 - - default default] TaaS: Handle Delete Port: 2beb6c6e-5261-4fbb-a711-100bd4ff1ff7
2026-07-10 01:07:14.801 8 INFO neutron_taas.services.taas.tap_mirror_plugin [None req-c0bf591d-3bc2-4585-8353-6b7a258a5523 83146a53ae9643b18d08f3e4d8d41c31 b254b59a4e8a4bbb8097d14b5ee352f1 - - default default] Tap Mirror: Handle Delete Port: 2beb6c6e-5261-4fbb-a711-100bd4ff1ff7
2026-07-10 01:07:14.916 7 INFO neutron.db.segments_db [None req-7c6b2759-a729-475a-87be-373daa7d9ae6 e141ca37b28146e29b7ee147887eb06e 75288cd1ab154319aa6d1880770dbb47 - - default default] Added segment 9c4e85a3-04f4-48ec-af54-caf76e63630f of type geneve for network 677e7b8d-e49d-4eb7-97fc-120c6073e80b [pid: 8|app: 0|req: 609/1355] 10.0.0.38 () {32 vars in 725 bytes} [Fri Jul 10 01:07:14 2026] DELETE /v2.0/networks/e7ec9c63-ae91-4c38-a862-cfa47ef6893c => generated 0 bytes in 411 msecs (HTTP/1.1 204) 3 headers in 131 bytes (1 switches on core 0)
2026-07-10 01:07:15.066 7 INFO neutron.db.ovn_revision_numbers_db [None req-7c6b2759-a729-475a-87be-373daa7d9ae6 e141ca37b28146e29b7ee147887eb06e 75288cd1ab154319aa6d1880770dbb47 - - default default] Successfully bumped revision number for resource 677e7b8d-e49d-4eb7-97fc-120c6073e80b (type: networks) to 1
2026-07-10 01:07:15.214 7 WARNING neutron.scheduler.dhcp_agent_scheduler [None req-7c6b2759-a729-475a-87be-373daa7d9ae6 e141ca37b28146e29b7ee147887eb06e 75288cd1ab154319aa6d1880770dbb47 - - default default] No more DHCP agents
2026-07-10 01:07:15.216 7 WARNING neutron.api.rpc.agentnotifiers.dhcp_rpc_agent_api [None req-7c6b2759-a729-475a-87be-373daa7d9ae6 e141ca37b28146e29b7ee147887eb06e 75288cd1ab154319aa6d1880770dbb47 - - default default] Unable to schedule network 677e7b8d-e49d-4eb7-97fc-120c6073e80b: no agents available; will retry on subsequent port and subnet creation events.
2026-07-10 01:07:15.271 7 INFO neutron.plugins.ml2.drivers.ovn.mech_driver.mech_driver [None req-e8be4492-a212-49ec-b54c-19e6bf65c2c9 - - - - - -] OVN reports status down for port: a7c011ae-0aaf-4331-b082-a70cf7ed0fa9
2026-07-10 01:07:15.321 7 INFO neutron.db.ovn_revision_numbers_db [None req-7c6b2759-a729-475a-87be-373daa7d9ae6 e141ca37b28146e29b7ee147887eb06e 75288cd1ab154319aa6d1880770dbb47 - - default default] Successfully bumped revision number for resource a7c011ae-0aaf-4331-b082-a70cf7ed0fa9 (type: ports) to 1 [pid: 7|app: 0|req: 747/1356] 10.0.0.38 () {34 vars in 669 bytes} [Fri Jul 10 01:07:14 2026] POST /v2.0/networks => generated 669 bytes in 566 msecs (HTTP/1.1 201) 4 headers in 162 bytes (1 switches on core 0)
2026-07-10 01:07:15.534 8 WARNING neutron.scheduler.dhcp_agent_scheduler [None req-569eaa56-4aca-46fd-8d38-71583b2e94cd e141ca37b28146e29b7ee147887eb06e 75288cd1ab154319aa6d1880770dbb47 - - default default] No more DHCP agents
2026-07-10 01:07:15.535 8 WARNING neutron.api.rpc.agentnotifiers.dhcp_rpc_agent_api [None req-569eaa56-4aca-46fd-8d38-71583b2e94cd e141ca37b28146e29b7ee147887eb06e 75288cd1ab154319aa6d1880770dbb47 - - default default] Unable to schedule network 677e7b8d-e49d-4eb7-97fc-120c6073e80b: no agents available; will retry on subsequent port and subnet creation events.
2026-07-10 01:07:15.626 7 WARNING neutron.db.securitygroups_db [None req-7d6f16fa-5fcb-4803-98d6-a33c1722eaf8 2f18755ed4c449138d06bb6800267a88 ff32b370bb2a409bb219cd0898acab6f - - default default] project_id key not found in filters, using tenant_id instead. This support has been deprecated and will be removed in a future release. [pid: 7|app: 0|req: 748/1357] 10.0.0.38 () {32 vars in 773 bytes} [Fri Jul 10 01:07:15 2026] GET /v2.0/security-groups?tenant_id=b254b59a4e8a4bbb8097d14b5ee352f1&name=default => generated 2925 bytes in 176 msecs (HTTP/1.1 200) 4 headers in 158 bytes (1 switches on core 0) [pid: 7|app: 0|req: 749/1358] 10.0.0.38 () {32 vars in 739 bytes} [Fri Jul 10 01:07:15 2026] DELETE /v2.0/security-groups/ced85350-b836-461d-b292-0e2b392d3885 => generated 0 bytes in 215 msecs (HTTP/1.1 204) 2 headers in 112 bytes (1 switches on core 0)
2026-07-10 01:07:16.066 8 INFO neutron.db.ovn_revision_numbers_db [None req-569eaa56-4aca-46fd-8d38-71583b2e94cd e141ca37b28146e29b7ee147887eb06e 75288cd1ab154319aa6d1880770dbb47 - - default default] Successfully bumped revision number for resource a7c011ae-0aaf-4331-b082-a70cf7ed0fa9 (type: ports) to 2
2026-07-10 01:07:16.115 8 INFO neutron.db.ovn_revision_numbers_db [None req-569eaa56-4aca-46fd-8d38-71583b2e94cd e141ca37b28146e29b7ee147887eb06e 75288cd1ab154319aa6d1880770dbb47 - - default default] Successfully bumped revision number for resource 3c5d51d1-cea5-4c25-995d-65e4d7c84048 (type: subnets) to 0 [pid: 8|app: 0|req: 610/1359] 10.0.0.38 () {34 vars in 668 bytes} [Fri Jul 10 01:07:15 2026] POST /v2.0/subnets => generated 626 bytes in 760 msecs (HTTP/1.1 201) 4 headers in 162 bytes (1 switches on core 0)
2026-07-10 01:07:16.206 7 INFO neutron.db.ovn_revision_numbers_db [None req-1310add8-5ea2-4377-bee5-6a10b55ff6be c75b789a9de441d6a8017c52deedb99e 83bdcff192334213bda186438fcd6540 - - default default] Successfully bumped revision number for resource cf4c9ee6-30ab-49f3-b4f9-94189001d52d (type: security_groups) to 1
2026-07-10 01:07:16.217 7 INFO neutron.db.ovn_revision_numbers_db [None req-1310add8-5ea2-4377-bee5-6a10b55ff6be c75b789a9de441d6a8017c52deedb99e 83bdcff192334213bda186438fcd6540 - - default default] Successfully bumped revision number for resource 1b903180-c858-421f-aa3f-c8a984d0cb07 (type: security_group_rules) to 0
2026-07-10 01:07:16.239 7 INFO neutron.db.ovn_revision_numbers_db [None req-1310add8-5ea2-4377-bee5-6a10b55ff6be c75b789a9de441d6a8017c52deedb99e 83bdcff192334213bda186438fcd6540 - - default default] Successfully bumped revision number for resource 256896a0-4ab5-4d71-ac7c-36ffc9091221 (type: security_group_rules) to 0
2026-07-10 01:07:16.257 7 INFO neutron.db.ovn_revision_numbers_db [None req-1310add8-5ea2-4377-bee5-6a10b55ff6be c75b789a9de441d6a8017c52deedb99e 83bdcff192334213bda186438fcd6540 - - default default] Successfully bumped revision number for resource 6583b3eb-4f20-453c-964d-327b9fac87c1 (type: security_group_rules) to 0
2026-07-10 01:07:16.265 8 INFO neutron.services.segments.plugin [-] Segment f7cf0462-5649-451c-85cf-672091b15a60 resource provider aggregate not found
2026-07-10 01:07:16.268 7 INFO neutron.db.ovn_revision_numbers_db [None req-1310add8-5ea2-4377-bee5-6a10b55ff6be c75b789a9de441d6a8017c52deedb99e 83bdcff192334213bda186438fcd6540 - - default default] Successfully bumped revision number for resource 826c210e-ade9-4243-a059-6be33a0174d6 (type: security_group_rules) to 0
2026-07-10 01:07:16.278 8 INFO neutron.services.segments.plugin [-] Segment f7cf0462-5649-451c-85cf-672091b15a60 resource provider aggregate not found
2026-07-10 01:07:16.288 8 INFO neutron.services.segments.plugin [-] Client error retrieving segment f7cf0462-5649-451c-85cf-672091b15a60 resource provider; error: Placement Client Error (4xx): {"errors": [{"status": 404, "title": "Not Found", "detail": "The resource could not be found.\n\n No resource provider with uuid f7cf0462-5649-451c-85cf-672091b15a60 found for delete ", "request_id": "req-864cc8a7-1688-4318-aba1-e85bcefd8740"}]}
2026-07-10 01:07:16.301 8 INFO neutron.services.segments.plugin [-] Client error retrieving segment f7cf0462-5649-451c-85cf-672091b15a60 resource provider; error: Placement Client Error (4xx): {"errors": [{"status": 404, "title": "Not Found", "detail": "The resource could not be found.\n\n No resource provider with uuid f7cf0462-5649-451c-85cf-672091b15a60 found for delete ", "request_id": "req-e45cb27c-0422-4add-b913-e056758e26d5"}]}
2026-07-10 01:07:16.352 7 INFO neutron.db.segments_db [None req-1310add8-5ea2-4377-bee5-6a10b55ff6be c75b789a9de441d6a8017c52deedb99e 83bdcff192334213bda186438fcd6540 - - default default] Added segment 03c48a35-900e-4241-9519-d0e65d6b4f5b of type geneve for network eb23ff26-3f02-4fce-a903-a49164993b3f
2026-07-10 01:07:16.413 8 WARNING neutron.scheduler.dhcp_agent_scheduler [None req-41e7cc0b-9ed0-4ddd-804c-771b05192ce3 e141ca37b28146e29b7ee147887eb06e 75288cd1ab154319aa6d1880770dbb47 - - default default] No more DHCP agents
2026-07-10 01:07:16.414 8 WARNING neutron.api.rpc.agentnotifiers.dhcp_rpc_agent_api [None req-41e7cc0b-9ed0-4ddd-804c-771b05192ce3 e141ca37b28146e29b7ee147887eb06e 75288cd1ab154319aa6d1880770dbb47 - - default default] Unable to schedule network 677e7b8d-e49d-4eb7-97fc-120c6073e80b: no agents available; will retry on subsequent port and subnet creation events.
2026-07-10 01:07:16.458 7 INFO neutron.db.ovn_revision_numbers_db [None req-1310add8-5ea2-4377-bee5-6a10b55ff6be c75b789a9de441d6a8017c52deedb99e 83bdcff192334213bda186438fcd6540 - - default default] Successfully bumped revision number for resource eb23ff26-3f02-4fce-a903-a49164993b3f (type: networks) to 1
2026-07-10 01:07:16.571 7 INFO neutron.plugins.ml2.drivers.ovn.mech_driver.mech_driver [None req-e8be4492-a212-49ec-b54c-19e6bf65c2c9 - - - - - -] OVN reports status down for port: 957e8564-dd46-4520-a9b4-3d56cbc71ff2
2026-07-10 01:07:16.602 8 INFO neutron.db.ovn_revision_numbers_db [None req-41e7cc0b-9ed0-4ddd-804c-771b05192ce3 e141ca37b28146e29b7ee147887eb06e 75288cd1ab154319aa6d1880770dbb47 - - default default] Successfully bumped revision number for resource 957e8564-dd46-4520-a9b4-3d56cbc71ff2 (type: ports) to 1 [pid: 8|app: 0|req: 611/1360] 10.0.0.38 () {34 vars in 664 bytes} [Fri Jul 10 01:07:16 2026] POST /v2.0/ports => generated 912 bytes in 489 msecs (HTTP/1.1 201) 4 headers in 162 bytes (1 switches on core 0)
2026-07-10 01:07:16.680 7 INFO neutron.services.segments.plugin [-] Segment c1b6c2a5-86ef-4436-a601-c31953856454 resource provider aggregate not found
2026-07-10 01:07:16.685 7 INFO neutron.services.segments.plugin [-] Segment c1b6c2a5-86ef-4436-a601-c31953856454 resource provider aggregate not found
2026-07-10 01:07:16.711 7 INFO neutron.services.segments.plugin [-] Client error retrieving segment c1b6c2a5-86ef-4436-a601-c31953856454 resource provider; error: Placement Client Error (4xx): {"errors": [{"status": 404, "title": "Not Found", "detail": "The resource could not be found.\n\n No resource provider with uuid c1b6c2a5-86ef-4436-a601-c31953856454 found for delete ", "request_id": "req-c83fe585-def1-46cf-8805-f1be257d9430"}]}
2026-07-10 01:07:16.716 7 INFO neutron.services.segments.plugin [-] Client error retrieving segment c1b6c2a5-86ef-4436-a601-c31953856454 resource provider; error: Placement Client Error (4xx): {"errors": [{"status": 404, "title": "Not Found", "detail": "The resource could not be found.\n\n No resource provider with uuid c1b6c2a5-86ef-4436-a601-c31953856454 found for delete ", "request_id": "req-1904207f-dc51-4329-a21a-c8b1707c3c88"}]}
2026-07-10 01:07:16.752 7 WARNING neutron.scheduler.dhcp_agent_scheduler [None req-1310add8-5ea2-4377-bee5-6a10b55ff6be c75b789a9de441d6a8017c52deedb99e 83bdcff192334213bda186438fcd6540 - - default default] No more DHCP agents
2026-07-10 01:07:16.755 7 WARNING neutron.api.rpc.agentnotifiers.dhcp_rpc_agent_api [None req-1310add8-5ea2-4377-bee5-6a10b55ff6be c75b789a9de441d6a8017c52deedb99e 83bdcff192334213bda186438fcd6540 - - default default] Unable to schedule network eb23ff26-3f02-4fce-a903-a49164993b3f: no agents available; will retry on subsequent port and subnet creation events.
2026-07-10 01:07:16.777 8 INFO neutron_taas.services.taas.taas_plugin [None req-d0d0c346-f606-4ea1-b426-4dd5ca4a60c3 e141ca37b28146e29b7ee147887eb06e 75288cd1ab154319aa6d1880770dbb47 - - default default] TaaS: Handle Delete Port: 957e8564-dd46-4520-a9b4-3d56cbc71ff2
2026-07-10 01:07:16.780 8 INFO neutron_taas.services.taas.tap_mirror_plugin [None req-d0d0c346-f606-4ea1-b426-4dd5ca4a60c3 e141ca37b28146e29b7ee147887eb06e 75288cd1ab154319aa6d1880770dbb47 - - default default] Tap Mirror: Handle Delete Port: 957e8564-dd46-4520-a9b4-3d56cbc71ff2
2026-07-10 01:07:16.848 7 INFO neutron.db.ovn_revision_numbers_db [None req-1310add8-5ea2-4377-bee5-6a10b55ff6be c75b789a9de441d6a8017c52deedb99e 83bdcff192334213bda186438fcd6540 - - default default] Successfully bumped revision number for resource 92eb8cdd-c043-441c-83ab-bc29ad742b0c (type: ports) to 1
2026-07-10 01:07:16.866 8 INFO neutron.plugins.ml2.drivers.ovn.mech_driver.mech_driver [None req-dc14c443-293f-443b-814b-2de992d35077 - - - - - -] OVN reports status down for port: 92eb8cdd-c043-441c-83ab-bc29ad742b0c [pid: 7|app: 0|req: 750/1361] 10.0.0.38 () {34 vars in 669 bytes} [Fri Jul 10 01:07:15 2026] POST /v2.0/networks => generated 687 bytes in 999 msecs (HTTP/1.1 201) 4 headers in 162 bytes (1 switches on core 0) [pid: 8|app: 0|req: 612/1362] 10.0.0.38 () {32 vars in 719 bytes} [Fri Jul 10 01:07:16 2026] DELETE /v2.0/ports/957e8564-dd46-4520-a9b4-3d56cbc71ff2 => generated 0 bytes in 483 msecs (HTTP/1.1 204) 3 headers in 131 bytes (1 switches on core 0)
2026-07-10 01:07:17.134 8 INFO neutron.pecan_wsgi.hooks.translation [None req-e04cee83-9f98-47eb-909d-e49c53a97e13 e141ca37b28146e29b7ee147887eb06e 75288cd1ab154319aa6d1880770dbb47 - - default default] GET failed (client error): The resource could not be found. [pid: 8|app: 0|req: 613/1363] 10.0.0.38 () {32 vars in 716 bytes} [Fri Jul 10 01:07:17 2026] GET /v2.0/ports/957e8564-dd46-4520-a9b4-3d56cbc71ff2 => generated 132 bytes in 18 msecs (HTTP/1.1 404) 4 headers in 164 bytes (1 switches on core 0)
2026-07-10 01:07:17.173 7 WARNING neutron.scheduler.dhcp_agent_scheduler [None req-6c85fb69-56b1-4f2c-938e-0d075cd74443 c75b789a9de441d6a8017c52deedb99e 83bdcff192334213bda186438fcd6540 - - default default] No more DHCP agents
2026-07-10 01:07:17.174 7 WARNING neutron.api.rpc.agentnotifiers.dhcp_rpc_agent_api [None req-6c85fb69-56b1-4f2c-938e-0d075cd74443 c75b789a9de441d6a8017c52deedb99e 83bdcff192334213bda186438fcd6540 - - default default] Unable to schedule network eb23ff26-3f02-4fce-a903-a49164993b3f: no agents available; will retry on subsequent port and subnet creation events.
2026-07-10 01:07:17.258 7 INFO neutron.db.ovn_revision_numbers_db [None req-6c85fb69-56b1-4f2c-938e-0d075cd74443 c75b789a9de441d6a8017c52deedb99e 83bdcff192334213bda186438fcd6540 - - default default] Successfully bumped revision number for resource e722a563-9aea-4536-ada8-6435f80dfd31 (type: ports) to 1
2026-07-10 01:07:17.261 8 INFO neutron.plugins.ml2.drivers.ovn.mech_driver.mech_driver [None req-dc14c443-293f-443b-814b-2de992d35077 - - - - - -] OVN reports status down for port: e722a563-9aea-4536-ada8-6435f80dfd31 [pid: 7|app: 0|req: 751/1364] 10.0.0.38 () {34 vars in 664 bytes} [Fri Jul 10 01:07:16 2026] POST /v2.0/ports => generated 779 bytes in 404 msecs (HTTP/1.1 201) 4 headers in 162 bytes (1 switches on core 0) /var/lib/openstack/lib/python3.12/site-packages/pycadf/identifier.py:70: UserWarning: Invalid uuid: neutron. To ensure interoperability, identifiers should be a valid uuid. warnings.warn(('Invalid uuid: %s. To ensure interoperability, ' [pid: 8|app: 0|req: 614/1365] 10.0.0.38 () {32 vars in 723 bytes} [Fri Jul 10 01:07:17 2026] DELETE /v2.0/subnets/3c5d51d1-cea5-4c25-995d-65e4d7c84048 => generated 0 bytes in 248 msecs (HTTP/1.1 204) 3 headers in 131 bytes (1 switches on core 0)
2026-07-10 01:07:17.406 7 INFO neutron.db.segments_db [None req-5a1c8495-34d6-4bfb-9586-bf67489f5462 c75b789a9de441d6a8017c52deedb99e 83bdcff192334213bda186438fcd6540 - - default default] Added segment 226b8086-b06e-4e93-a52a-710de59a5084 of type geneve for network 73bcdf4e-e45b-458a-b9b8-e44ab5c3ecd1
2026-07-10 01:07:17.515 7 INFO neutron.db.ovn_revision_numbers_db [None req-5a1c8495-34d6-4bfb-9586-bf67489f5462 c75b789a9de441d6a8017c52deedb99e 83bdcff192334213bda186438fcd6540 - - default default] Successfully bumped revision number for resource 73bcdf4e-e45b-458a-b9b8-e44ab5c3ecd1 (type: networks) to 1
2026-07-10 01:07:17.525 8 INFO neutron_taas.services.taas.taas_plugin [None req-4f0c4688-25b1-4cc3-b818-df42d2598c38 e141ca37b28146e29b7ee147887eb06e 75288cd1ab154319aa6d1880770dbb47 - - default default] TaaS: Handle Delete Port: a7c011ae-0aaf-4331-b082-a70cf7ed0fa9
2026-07-10 01:07:17.528 8 INFO neutron_taas.services.taas.tap_mirror_plugin [None req-4f0c4688-25b1-4cc3-b818-df42d2598c38 e141ca37b28146e29b7ee147887eb06e 75288cd1ab154319aa6d1880770dbb47 - - default default] Tap Mirror: Handle Delete Port: a7c011ae-0aaf-4331-b082-a70cf7ed0fa9
2026-07-10 01:07:17.720 7 WARNING neutron.scheduler.dhcp_agent_scheduler [None req-5a1c8495-34d6-4bfb-9586-bf67489f5462 c75b789a9de441d6a8017c52deedb99e 83bdcff192334213bda186438fcd6540 - - default default] No more DHCP agents
2026-07-10 01:07:17.721 7 WARNING neutron.api.rpc.agentnotifiers.dhcp_rpc_agent_api [None req-5a1c8495-34d6-4bfb-9586-bf67489f5462 c75b789a9de441d6a8017c52deedb99e 83bdcff192334213bda186438fcd6540 - - default default] Unable to schedule network 73bcdf4e-e45b-458a-b9b8-e44ab5c3ecd1: no agents available; will retry on subsequent port and subnet creation events.
2026-07-10 01:07:17.783 8 INFO neutron.plugins.ml2.drivers.ovn.mech_driver.mech_driver [None req-dc14c443-293f-443b-814b-2de992d35077 - - - - - -] OVN reports status down for port: a12937a4-f0f0-4a3c-8923-acdec112deb5 [pid: 8|app: 0|req: 615/1366] 10.0.0.38 () {32 vars in 725 bytes} [Fri Jul 10 01:07:17 2026] DELETE /v2.0/networks/677e7b8d-e49d-4eb7-97fc-120c6073e80b => generated 0 bytes in 400 msecs (HTTP/1.1 204) 3 headers in 131 bytes (1 switches on core 0)
2026-07-10 01:07:17.812 7 INFO neutron.db.ovn_revision_numbers_db [None req-5a1c8495-34d6-4bfb-9586-bf67489f5462 c75b789a9de441d6a8017c52deedb99e 83bdcff192334213bda186438fcd6540 - - default default] Successfully bumped revision number for resource a12937a4-f0f0-4a3c-8923-acdec112deb5 (type: ports) to 1 [pid: 7|app: 0|req: 752/1367] 10.0.0.38 () {34 vars in 669 bytes} [Fri Jul 10 01:07:17 2026] POST /v2.0/networks => generated 673 bytes in 535 msecs (HTTP/1.1 201) 4 headers in 162 bytes (1 switches on core 0)
2026-07-10 01:07:18.058 8 WARNING neutron.scheduler.dhcp_agent_scheduler [None req-57cb7100-e666-4c6b-bd1d-5573633f7354 e141ca37b28146e29b7ee147887eb06e 75288cd1ab154319aa6d1880770dbb47 - - default default] No more DHCP agents
2026-07-10 01:07:18.060 8 WARNING neutron.api.rpc.agentnotifiers.dhcp_rpc_agent_api [None req-57cb7100-e666-4c6b-bd1d-5573633f7354 e141ca37b28146e29b7ee147887eb06e 75288cd1ab154319aa6d1880770dbb47 - - default default] Unable to schedule network 5f481206-735d-4856-a2bc-6209b27f3229: no agents available; will retry on subsequent port and subnet creation events.
2026-07-10 01:07:18.113 8 INFO neutron.plugins.ml2.drivers.ovn.mech_driver.mech_driver [None req-dc14c443-293f-443b-814b-2de992d35077 - - - - - -] OVN reports status down for port: 7e5f1517-2812-4acf-9e03-1717f7caff4f
2026-07-10 01:07:18.165 8 INFO neutron.db.ovn_revision_numbers_db [None req-57cb7100-e666-4c6b-bd1d-5573633f7354 e141ca37b28146e29b7ee147887eb06e 75288cd1ab154319aa6d1880770dbb47 - - default default] Successfully bumped revision number for resource 7e5f1517-2812-4acf-9e03-1717f7caff4f (type: ports) to 1
2026-07-10 01:07:18.224 7 INFO neutron.db.ovn_revision_numbers_db [None req-e5bd9e02-3a70-4eff-b220-f91a255333d2 abf66fbc4df1474a80f2fc8730a79cce e11d6dc3e28e49488875dd103599fd50 - - default default] Successfully bumped revision number for resource be48bdd1-ea6e-4d00-b135-d5b1cd602c7b (type: security_groups) to 1 [pid: 8|app: 0|req: 616/1368] 10.0.0.38 () {34 vars in 664 bytes} [Fri Jul 10 01:07:17 2026] POST /v2.0/ports => generated 775 bytes in 437 msecs (HTTP/1.1 201) 4 headers in 162 bytes (1 switches on core 0)
2026-07-10 01:07:18.234 7 INFO neutron.db.ovn_revision_numbers_db [None req-e5bd9e02-3a70-4eff-b220-f91a255333d2 abf66fbc4df1474a80f2fc8730a79cce e11d6dc3e28e49488875dd103599fd50 - - default default] Successfully bumped revision number for resource 0fe5e1a5-8350-447b-abf2-51bdd0d387b1 (type: security_group_rules) to 0 /var/lib/openstack/lib/python3.12/site-packages/pycadf/identifier.py:70: UserWarning: Invalid uuid: neutron. To ensure interoperability, identifiers should be a valid uuid. warnings.warn(('Invalid uuid: %s. To ensure interoperability, '
2026-07-10 01:07:18.245 7 INFO neutron.db.ovn_revision_numbers_db [None req-e5bd9e02-3a70-4eff-b220-f91a255333d2 abf66fbc4df1474a80f2fc8730a79cce e11d6dc3e28e49488875dd103599fd50 - - default default] Successfully bumped revision number for resource 6db18d89-1f78-45d6-adc0-4732c88eafb7 (type: security_group_rules) to 0
2026-07-10 01:07:18.255 7 INFO neutron.db.ovn_revision_numbers_db [None req-e5bd9e02-3a70-4eff-b220-f91a255333d2 abf66fbc4df1474a80f2fc8730a79cce e11d6dc3e28e49488875dd103599fd50 - - default default] Successfully bumped revision number for resource b1ed70d3-7e08-487d-abbe-4021dee49567 (type: security_group_rules) to 0
2026-07-10 01:07:18.266 7 INFO neutron.db.ovn_revision_numbers_db [None req-e5bd9e02-3a70-4eff-b220-f91a255333d2 abf66fbc4df1474a80f2fc8730a79cce e11d6dc3e28e49488875dd103599fd50 - - default default] Successfully bumped revision number for resource b677b42a-141c-4d87-9379-cc5ec5eb4d80 (type: security_group_rules) to 0
2026-07-10 01:07:18.312 8 INFO neutron.services.segments.plugin [-] Segment 9c4e85a3-04f4-48ec-af54-caf76e63630f resource provider aggregate not found
2026-07-10 01:07:18.322 8 INFO neutron.services.segments.plugin [-] Segment 9c4e85a3-04f4-48ec-af54-caf76e63630f resource provider aggregate not found
2026-07-10 01:07:18.328 8 INFO neutron.services.segments.plugin [-] Client error retrieving segment 9c4e85a3-04f4-48ec-af54-caf76e63630f resource provider; error: Placement Client Error (4xx): {"errors": [{"status": 404, "title": "Not Found", "detail": "The resource could not be found.\n\n No resource provider with uuid 9c4e85a3-04f4-48ec-af54-caf76e63630f found for delete ", "request_id": "req-11cebf9c-aee6-46d9-85a1-44296810c6ef"}]}
2026-07-10 01:07:18.337 8 INFO neutron.services.segments.plugin [-] Client error retrieving segment 9c4e85a3-04f4-48ec-af54-caf76e63630f resource provider; error: Placement Client Error (4xx): {"errors": [{"status": 404, "title": "Not Found", "detail": "The resource could not be found.\n\n No resource provider with uuid 9c4e85a3-04f4-48ec-af54-caf76e63630f found for delete ", "request_id": "req-7cd4d5cd-183f-41d3-a721-a1cc3c2f5e05"}]}
2026-07-10 01:07:18.377 7 INFO neutron.db.ovn_revision_numbers_db [None req-e5bd9e02-3a70-4eff-b220-f91a255333d2 abf66fbc4df1474a80f2fc8730a79cce e11d6dc3e28e49488875dd103599fd50 - - default default] Successfully bumped revision number for resource d74cff47-6c40-4a8e-a774-071e556be2c7 (type: security_groups) to 1
2026-07-10 01:07:18.390 7 INFO neutron.db.ovn_revision_numbers_db [None req-e5bd9e02-3a70-4eff-b220-f91a255333d2 abf66fbc4df1474a80f2fc8730a79cce e11d6dc3e28e49488875dd103599fd50 - - default default] Successfully bumped revision number for resource 00dd5850-bdf3-4b62-a685-d6a59ba7c364 (type: security_group_rules) to 0
2026-07-10 01:07:18.400 7 INFO neutron.db.ovn_revision_numbers_db [None req-e5bd9e02-3a70-4eff-b220-f91a255333d2 abf66fbc4df1474a80f2fc8730a79cce e11d6dc3e28e49488875dd103599fd50 - - default default] Successfully bumped revision number for resource 86724521-9169-48dd-b1d3-f948e838673f (type: security_group_rules) to 0
2026-07-10 01:07:18.423 8 WARNING neutron.scheduler.dhcp_agent_scheduler [None req-6889dae1-597b-47e2-8334-a0d16afbd7d0 c75b789a9de441d6a8017c52deedb99e 83bdcff192334213bda186438fcd6540 - - default default] No more DHCP agents
2026-07-10 01:07:18.425 8 WARNING neutron.api.rpc.agentnotifiers.dhcp_rpc_agent_api [None req-6889dae1-597b-47e2-8334-a0d16afbd7d0 c75b789a9de441d6a8017c52deedb99e 83bdcff192334213bda186438fcd6540 - - default default] Unable to schedule network 73bcdf4e-e45b-458a-b9b8-e44ab5c3ecd1: no agents available; will retry on subsequent port and subnet creation events. [pid: 7|app: 0|req: 753/1369] 10.0.0.38 () {34 vars in 683 bytes} [Fri Jul 10 01:07:17 2026] POST /v2.0/security-groups => generated 1624 bytes in 601 msecs (HTTP/1.1 201) 4 headers in 163 bytes (1 switches on core 0)
2026-07-10 01:07:18.451 8 INFO neutron.db.ovn_revision_numbers_db [None req-6889dae1-597b-47e2-8334-a0d16afbd7d0 c75b789a9de441d6a8017c52deedb99e 83bdcff192334213bda186438fcd6540 - - default default] Successfully bumped revision number for resource 982a30dd-891f-4831-ae6d-ac0df64b300f (type: subnets) to 0 [pid: 8|app: 0|req: 617/1370] 10.0.0.38 () {34 vars in 668 bytes} [Fri Jul 10 01:07:18 2026] POST /v2.0/subnets => generated 646 bytes in 233 msecs (HTTP/1.1 201) 4 headers in 162 bytes (1 switches on core 0) [pid: 8|app: 0|req: 618/1371] 10.0.0.38 () {32 vars in 662 bytes} [Fri Jul 10 01:07:18 2026] GET /v2.0/security-groups => generated 4529 bytes in 36 msecs (HTTP/1.1 200) 4 headers in 158 bytes (1 switches on core 0)
2026-07-10 01:07:18.665 8 INFO neutron.plugins.ml2.drivers.ovn.mech_driver.mech_driver [None req-dc14c443-293f-443b-814b-2de992d35077 - - - - - -] OVN reports status down for port: 7e5f1517-2812-4acf-9e03-1717f7caff4f
2026-07-10 01:07:18.667 7 INFO neutron.db.ovn_revision_numbers_db [None req-aef94686-1140-48db-b742-4135f63a9cd3 e141ca37b28146e29b7ee147887eb06e 75288cd1ab154319aa6d1880770dbb47 - - default default] Successfully bumped revision number for resource 7e5f1517-2812-4acf-9e03-1717f7caff4f (type: ports) to 2 [pid: 7|app: 0|req: 754/1372] 10.0.0.38 () {34 vars in 736 bytes} [Fri Jul 10 01:07:18 2026] PUT /v2.0/ports/7e5f1517-2812-4acf-9e03-1717f7caff4f => generated 752 bytes in 294 msecs (HTTP/1.1 200) 4 headers in 157 bytes (1 switches on core 0) /var/lib/openstack/lib/python3.12/site-packages/pycadf/identifier.py:70: UserWarning: Invalid uuid: neutron. To ensure interoperability, identifiers should be a valid uuid. warnings.warn(('Invalid uuid: %s. To ensure interoperability, '
2026-07-10 01:07:18.793 8 WARNING neutron.scheduler.dhcp_agent_scheduler [None req-922de973-b089-4799-aa6e-aaf5572728cd c75b789a9de441d6a8017c52deedb99e 83bdcff192334213bda186438fcd6540 - - default default] No more DHCP agents
2026-07-10 01:07:18.794 8 WARNING neutron.api.rpc.agentnotifiers.dhcp_rpc_agent_api [None req-922de973-b089-4799-aa6e-aaf5572728cd c75b789a9de441d6a8017c52deedb99e 83bdcff192334213bda186438fcd6540 - - default default] Unable to schedule network 73bcdf4e-e45b-458a-b9b8-e44ab5c3ecd1: no agents available; will retry on subsequent port and subnet creation events.
2026-07-10 01:07:18.808 7 INFO neutron.db.ovn_revision_numbers_db [None req-5744f763-753b-4fd3-9518-3dea3ffe3c1f abf66fbc4df1474a80f2fc8730a79cce e11d6dc3e28e49488875dd103599fd50 - - default default] Successfully bumped revision number for resource d74cff47-6c40-4a8e-a774-071e556be2c7 (type: security_groups) to 2 [pid: 7|app: 0|req: 755/1373] 10.0.0.38 () {34 vars in 757 bytes} [Fri Jul 10 01:07:18 2026] PUT /v2.0/security-groups/d74cff47-6c40-4a8e-a774-071e556be2c7 => generated 1664 bytes in 106 msecs (HTTP/1.1 200) 4 headers in 158 bytes (1 switches on core 0)
2026-07-10 01:07:18.914 7 INFO neutron.plugins.ml2.drivers.ovn.mech_driver.mech_driver [None req-e8be4492-a212-49ec-b54c-19e6bf65c2c9 - - - - - -] OVN reports status down for port: 61063f5c-e2ea-48e6-a66d-71029381494b
2026-07-10 01:07:18.931 8 INFO neutron.db.ovn_revision_numbers_db [None req-922de973-b089-4799-aa6e-aaf5572728cd c75b789a9de441d6a8017c52deedb99e 83bdcff192334213bda186438fcd6540 - - default default] Successfully bumped revision number for resource 61063f5c-e2ea-48e6-a66d-71029381494b (type: ports) to 1 [pid: 8|app: 0|req: 619/1374] 10.0.0.38 () {34 vars in 664 bytes} [Fri Jul 10 01:07:18 2026] POST /v2.0/ports => generated 966 bytes in 462 msecs (HTTP/1.1 201) 4 headers in 162 bytes (1 switches on core 0) /var/lib/openstack/lib/python3.12/site-packages/pycadf/identifier.py:70: UserWarning: Invalid uuid: neutron. To ensure interoperability, identifiers should be a valid uuid. warnings.warn(('Invalid uuid: %s. To ensure interoperability, ' [pid: 8|app: 0|req: 620/1375] 10.0.0.38 () {32 vars in 736 bytes} [Fri Jul 10 01:07:18 2026] GET /v2.0/security-groups/d74cff47-6c40-4a8e-a774-071e556be2c7 => generated 1664 bytes in 27 msecs (HTTP/1.1 200) 4 headers in 158 bytes (1 switches on core 0)
2026-07-10 01:07:19.004 7 INFO neutron_taas.services.taas.taas_plugin [None req-dec91c5d-02b8-4dbd-b8bb-027c22bafdc5 e141ca37b28146e29b7ee147887eb06e 75288cd1ab154319aa6d1880770dbb47 - - default default] TaaS: Handle Delete Port: 7e5f1517-2812-4acf-9e03-1717f7caff4f
2026-07-10 01:07:19.015 7 INFO neutron_taas.services.taas.tap_mirror_plugin [None req-dec91c5d-02b8-4dbd-b8bb-027c22bafdc5 e141ca37b28146e29b7ee147887eb06e 75288cd1ab154319aa6d1880770dbb47 - - default default] Tap Mirror: Handle Delete Port: 7e5f1517-2812-4acf-9e03-1717f7caff4f [pid: 7|app: 0|req: 756/1376] 10.0.0.38 () {32 vars in 719 bytes} [Fri Jul 10 01:07:18 2026] DELETE /v2.0/ports/7e5f1517-2812-4acf-9e03-1717f7caff4f => generated 0 bytes in 306 msecs (HTTP/1.1 204) 3 headers in 131 bytes (1 switches on core 0)
2026-07-10 01:07:19.154 8 INFO neutron_taas.services.taas.taas_plugin [None req-32e28689-531b-4151-b409-de6d5c240cc6 c75b789a9de441d6a8017c52deedb99e 83bdcff192334213bda186438fcd6540 - - default default] TaaS: Handle Delete Port: 61063f5c-e2ea-48e6-a66d-71029381494b
2026-07-10 01:07:19.157 8 INFO neutron_taas.services.taas.tap_mirror_plugin [None req-32e28689-531b-4151-b409-de6d5c240cc6 c75b789a9de441d6a8017c52deedb99e 83bdcff192334213bda186438fcd6540 - - default default] Tap Mirror: Handle Delete Port: 61063f5c-e2ea-48e6-a66d-71029381494b [pid: 7|app: 0|req: 757/1377] 10.0.0.38 () {32 vars in 739 bytes} [Fri Jul 10 01:07:19 2026] DELETE /v2.0/security-groups/d74cff47-6c40-4a8e-a774-071e556be2c7 => generated 0 bytes in 117 msecs (HTTP/1.1 204) 2 headers in 112 bytes (1 switches on core 0) [pid: 8|app: 0|req: 621/1378] 10.0.0.38 () {32 vars in 719 bytes} [Fri Jul 10 01:07:18 2026] DELETE /v2.0/ports/61063f5c-e2ea-48e6-a66d-71029381494b => generated 0 bytes in 300 msecs (HTTP/1.1 204) 3 headers in 131 bytes (1 switches on core 0) [pid: 7|app: 0|req: 758/1379] 10.0.0.38 () {32 vars in 642 bytes} [Fri Jul 10 01:07:19 2026] GET /v2.0/ports => generated 1533 bytes in 46 msecs (HTTP/1.1 200) 4 headers in 158 bytes (1 switches on core 0) [pid: 8|app: 0|req: 622/1380] 10.0.0.38 () {32 vars in 662 bytes} [Fri Jul 10 01:07:19 2026] GET /v2.0/security-groups => generated 2925 bytes in 26 msecs (HTTP/1.1 200) 4 headers in 158 bytes (1 switches on core 0)
2026-07-10 01:07:19.323 7 INFO neutron.pecan_wsgi.hooks.translation [None req-dcf0327f-b719-411e-8124-c2d6d42e3e06 c75b789a9de441d6a8017c52deedb99e 83bdcff192334213bda186438fcd6540 - - default default] DELETE failed (client error): The resource could not be found. [pid: 7|app: 0|req: 759/1381] 10.0.0.38 () {32 vars in 719 bytes} [Fri Jul 10 01:07:19 2026] DELETE /v2.0/ports/61063f5c-e2ea-48e6-a66d-71029381494b => generated 132 bytes in 15 msecs (HTTP/1.1 404) 4 headers in 164 bytes (1 switches on core 0)
2026-07-10 01:07:19.335 8 INFO neutron.pecan_wsgi.hooks.translation [None req-e50006cd-3841-4fca-8776-538262bc6015 e141ca37b28146e29b7ee147887eb06e 75288cd1ab154319aa6d1880770dbb47 - - default default] GET failed (client error): The resource could not be found.
2026-07-10 01:07:19.336 7 INFO neutron.api.v2.resource [None req-3715f6e6-3516-4ef4-80bc-278955e95f5d abf66fbc4df1474a80f2fc8730a79cce e11d6dc3e28e49488875dd103599fd50 - - default default] delete failed (client error): The resource could not be found. [pid: 8|app: 0|req: 623/1382] 10.0.0.38 () {32 vars in 716 bytes} [Fri Jul 10 01:07:19 2026] GET /v2.0/ports/7e5f1517-2812-4acf-9e03-1717f7caff4f => generated 132 bytes in 15 msecs (HTTP/1.1 404) 4 headers in 164 bytes (1 switches on core 0) [pid: 7|app: 0|req: 760/1383] 10.0.0.38 () {32 vars in 739 bytes} [Fri Jul 10 01:07:19 2026] DELETE /v2.0/security-groups/d74cff47-6c40-4a8e-a774-071e556be2c7 => generated 146 bytes in 11 msecs (HTTP/1.1 404) 4 headers in 164 bytes (1 switches on core 0)
2026-07-10 01:07:19.350 8 INFO neutron.pecan_wsgi.hooks.translation [None req-d88c2a04-c94b-4033-8f21-dc208187e221 c75b789a9de441d6a8017c52deedb99e 83bdcff192334213bda186438fcd6540 - - default default] GET failed (client error): The resource could not be found. [pid: 8|app: 0|req: 624/1384] 10.0.0.38 () {32 vars in 716 bytes} [Fri Jul 10 01:07:19 2026] GET /v2.0/ports/61063f5c-e2ea-48e6-a66d-71029381494b => generated 132 bytes in 14 msecs (HTTP/1.1 404) 4 headers in 164 bytes (1 switches on core 0) [pid: 8|app: 0|req: 625/1385] 10.0.0.38 () {32 vars in 642 bytes} [Fri Jul 10 01:07:19 2026] GET /v2.0/ports => generated 1533 bytes in 55 msecs (HTTP/1.1 200) 4 headers in 158 bytes (1 switches on core 0)
2026-07-10 01:07:19.459 7 INFO neutron.db.ovn_revision_numbers_db [None req-2aaa0497-d824-4921-9aea-20f30f0bfe83 abf66fbc4df1474a80f2fc8730a79cce e11d6dc3e28e49488875dd103599fd50 - - default default] Successfully bumped revision number for resource c6e9da06-aaa1-488e-bfa0-a83e47d1ad8e (type: security_groups) to 1
2026-07-10 01:07:19.472 7 INFO neutron.db.ovn_revision_numbers_db [None req-2aaa0497-d824-4921-9aea-20f30f0bfe83 abf66fbc4df1474a80f2fc8730a79cce e11d6dc3e28e49488875dd103599fd50 - - default default] Successfully bumped revision number for resource 25092b1c-eb47-4576-9885-eafe4fc6301f (type: security_group_rules) to 0
2026-07-10 01:07:19.505 7 INFO neutron.db.ovn_revision_numbers_db [None req-2aaa0497-d824-4921-9aea-20f30f0bfe83 abf66fbc4df1474a80f2fc8730a79cce e11d6dc3e28e49488875dd103599fd50 - - default default] Successfully bumped revision number for resource 3e0f8270-b8f8-404d-a537-686199ec8d17 (type: security_group_rules) to 0 [pid: 7|app: 0|req: 761/1386] 10.0.0.38 () {34 vars in 683 bytes} [Fri Jul 10 01:07:19 2026] POST /v2.0/security-groups => generated 1625 bytes in 206 msecs (HTTP/1.1 201) 4 headers in 163 bytes (1 switches on core 0) [pid: 8|app: 0|req: 626/1387] 10.0.0.38 () {32 vars in 723 bytes} [Fri Jul 10 01:07:19 2026] DELETE /v2.0/subnets/982a30dd-891f-4831-ae6d-ac0df64b300f => generated 0 bytes in 178 msecs (HTTP/1.1 204) 3 headers in 131 bytes (1 switches on core 0) [pid: 7|app: 0|req: 762/1388] 10.0.0.38 () {32 vars in 716 bytes} [Fri Jul 10 01:07:19 2026] GET /v2.0/ports/52a891f9-b652-4f4e-a1cd-d547e1aa8b25 => generated 774 bytes in 71 msecs (HTTP/1.1 200) 4 headers in 157 bytes (1 switches on core 0)
2026-07-10 01:07:19.692 8 INFO neutron.db.ovn_revision_numbers_db [None req-e9e9d961-4b6c-4b3d-adc0-adccfca23bc1 abf66fbc4df1474a80f2fc8730a79cce e11d6dc3e28e49488875dd103599fd50 - - default default] Successfully bumped revision number for resource 591ea4a0-c521-4120-8613-6bbea71f915f (type: security_group_rules) to 0 [pid: 8|app: 0|req: 627/1389] 10.0.0.38 () {34 vars in 694 bytes} [Fri Jul 10 01:07:19 2026] POST /v2.0/security-group-rules => generated 601 bytes in 132 msecs (HTTP/1.1 201) 4 headers in 162 bytes (1 switches on core 0)
2026-07-10 01:07:19.734 8 INFO neutron.pecan_wsgi.hooks.translation [None req-8e7c6389-34af-4840-9507-d099d47e1d1e e141ca37b28146e29b7ee147887eb06e 75288cd1ab154319aa6d1880770dbb47 - - default default] DELETE failed (client error): The resource could not be found. [pid: 8|app: 0|req: 628/1390] 10.0.0.38 () {32 vars in 719 bytes} [Fri Jul 10 01:07:19 2026] DELETE /v2.0/ports/957e8564-dd46-4520-a9b4-3d56cbc71ff2 => generated 132 bytes in 18 msecs (HTTP/1.1 404) 4 headers in 164 bytes (1 switches on core 0) [pid: 8|app: 0|req: 629/1391] 10.0.0.38 () {32 vars in 746 bytes} [Fri Jul 10 01:07:19 2026] GET /v2.0/security-group-rules/591ea4a0-c521-4120-8613-6bbea71f915f => generated 601 bytes in 21 msecs (HTTP/1.1 200) 4 headers in 157 bytes (1 switches on core 0)
2026-07-10 01:07:19.760 7 INFO neutron_taas.services.taas.taas_plugin [None req-90132166-e356-458a-98bd-1050d78fc0fa c75b789a9de441d6a8017c52deedb99e 83bdcff192334213bda186438fcd6540 - - default default] TaaS: Handle Delete Port: a12937a4-f0f0-4a3c-8923-acdec112deb5
2026-07-10 01:07:19.765 7 INFO neutron_taas.services.taas.tap_mirror_plugin [None req-90132166-e356-458a-98bd-1050d78fc0fa c75b789a9de441d6a8017c52deedb99e 83bdcff192334213bda186438fcd6540 - - default default] Tap Mirror: Handle Delete Port: a12937a4-f0f0-4a3c-8923-acdec112deb5
2026-07-10 01:07:19.866 8 WARNING neutron.db.securitygroups_db [None req-ab3ef741-a830-4d2b-b4f0-db3bc1a90354 2f18755ed4c449138d06bb6800267a88 ff32b370bb2a409bb219cd0898acab6f - - default default] project_id key not found in filters, using tenant_id instead. This support has been deprecated and will be removed in a future release.
2026-07-10 01:07:19.945 7 INFO neutron.services.segments.plugin [-] Segment 226b8086-b06e-4e93-a52a-710de59a5084 resource provider aggregate not found
2026-07-10 01:07:19.950 7 INFO neutron.services.segments.plugin [-] Segment 226b8086-b06e-4e93-a52a-710de59a5084 resource provider aggregate not found
2026-07-10 01:07:19.966 7 INFO neutron.services.segments.plugin [-] Client error retrieving segment 226b8086-b06e-4e93-a52a-710de59a5084 resource provider; error: Placement Client Error (4xx): {"errors": [{"status": 404, "title": "Not Found", "detail": "The resource could not be found.\n\n No resource provider with uuid 226b8086-b06e-4e93-a52a-710de59a5084 found for delete ", "request_id": "req-2afbd6e6-2d66-4ca8-8c53-d1733ee4b791"}]}
2026-07-10 01:07:19.971 7 INFO neutron.services.segments.plugin [-] Client error retrieving segment 226b8086-b06e-4e93-a52a-710de59a5084 resource provider; error: Placement Client Error (4xx): {"errors": [{"status": 404, "title": "Not Found", "detail": "The resource could not be found.\n\n No resource provider with uuid 226b8086-b06e-4e93-a52a-710de59a5084 found for delete ", "request_id": "req-5ec12191-c09b-4c3c-81b2-9800c4981462"}]} [pid: 7|app: 0|req: 763/1392] 10.0.0.38 () {32 vars in 725 bytes} [Fri Jul 10 01:07:19 2026] DELETE /v2.0/networks/73bcdf4e-e45b-458a-b9b8-e44ab5c3ecd1 => generated 0 bytes in 392 msecs (HTTP/1.1 204) 3 headers in 131 bytes (1 switches on core 0)
2026-07-10 01:07:20.020 8 INFO neutron.db.ovn_revision_numbers_db [None req-ab3ef741-a830-4d2b-b4f0-db3bc1a90354 2f18755ed4c449138d06bb6800267a88 ff32b370bb2a409bb219cd0898acab6f - - default default] Successfully bumped revision number for resource 26bbef75-383e-4533-a366-21ef59828ddb (type: security_groups) to 1
2026-07-10 01:07:20.036 8 INFO neutron.db.ovn_revision_numbers_db [None req-ab3ef741-a830-4d2b-b4f0-db3bc1a90354 2f18755ed4c449138d06bb6800267a88 ff32b370bb2a409bb219cd0898acab6f - - default default] Successfully bumped revision number for resource 0d2f6c0a-9729-4bff-9ec5-e038785c7169 (type: security_group_rules) to 0
2026-07-10 01:07:20.052 8 INFO neutron.db.ovn_revision_numbers_db [None req-ab3ef741-a830-4d2b-b4f0-db3bc1a90354 2f18755ed4c449138d06bb6800267a88 ff32b370bb2a409bb219cd0898acab6f - - default default] Successfully bumped revision number for resource 3bb6c4da-d42c-4e83-b6b3-5ffe2c450300 (type: security_group_rules) to 0
2026-07-10 01:07:20.068 8 INFO neutron.db.ovn_revision_numbers_db [None req-ab3ef741-a830-4d2b-b4f0-db3bc1a90354 2f18755ed4c449138d06bb6800267a88 ff32b370bb2a409bb219cd0898acab6f - - default default] Successfully bumped revision number for resource 4f42291c-a1b3-4cac-a4b0-8696d21c3725 (type: security_group_rules) to 0 [pid: 7|app: 0|req: 764/1393] 10.0.0.43 () {28 vars in 590 bytes} [Fri Jul 10 01:07:20 2026] GET /v2.0/floatingips => generated 19 bytes in 66 msecs (HTTP/1.1 200) 4 headers in 156 bytes (1 switches on core 0)
2026-07-10 01:07:20.083 8 INFO neutron.db.ovn_revision_numbers_db [None req-ab3ef741-a830-4d2b-b4f0-db3bc1a90354 2f18755ed4c449138d06bb6800267a88 ff32b370bb2a409bb219cd0898acab6f - - default default] Successfully bumped revision number for resource 588e6c7f-bbe8-4614-bc7a-ff65e1e03d6b (type: security_group_rules) to 0
2026-07-10 01:07:20.088 7 INFO neutron.pecan_wsgi.hooks.translation [None req-2e4b41c1-f31c-4297-af76-9b5b686b861a e141ca37b28146e29b7ee147887eb06e 75288cd1ab154319aa6d1880770dbb47 - - default default] DELETE failed (client error): The resource could not be found. [pid: 7|app: 0|req: 765/1394] 10.0.0.38 () {32 vars in 723 bytes} [Fri Jul 10 01:07:20 2026] DELETE /v2.0/subnets/3c5d51d1-cea5-4c25-995d-65e4d7c84048 => generated 136 bytes in 12 msecs (HTTP/1.1 404) 4 headers in 164 bytes (1 switches on core 0) [pid: 8|app: 0|req: 630/1395] 10.0.0.38 () {32 vars in 773 bytes} [Fri Jul 10 01:07:19 2026] GET /v2.0/security-groups?tenant_id=1ddf521a434a4f249870405e3083d395&name=default => generated 2925 bytes in 366 msecs (HTTP/1.1 200) 4 headers in 158 bytes (1 switches on core 0) [pid: 7|app: 0|req: 766/1396] 10.0.0.38 () {32 vars in 672 bytes} [Fri Jul 10 01:07:20 2026] GET /v2.0/security-group-rules => generated 4138 bytes in 69 msecs (HTTP/1.1 200) 4 headers in 158 bytes (1 switches on core 0) [pid: 7|app: 0|req: 767/1397] 10.0.0.43 () {28 vars in 582 bytes} [Fri Jul 10 01:07:20 2026] GET /v2.0/routers => generated 15 bytes in 15 msecs (HTTP/1.1 200) 4 headers in 156 bytes (1 switches on core 0)
2026-07-10 01:07:20.185 7 INFO neutron.pecan_wsgi.hooks.translation [None req-05635c8b-c119-4ab2-a5a1-3cd1cf704354 e141ca37b28146e29b7ee147887eb06e 75288cd1ab154319aa6d1880770dbb47 - - default default] DELETE failed (client error): The resource could not be found. [pid: 7|app: 0|req: 768/1398] 10.0.0.38 () {32 vars in 723 bytes} [Fri Jul 10 01:07:20 2026] DELETE /v2.0/subnets/bb777f85-c1e8-41fc-bd95-d466514ee3c0 => generated 136 bytes in 11 msecs (HTTP/1.1 404) 4 headers in 164 bytes (1 switches on core 0)
2026-07-10 01:07:20.200 8 INFO neutron.db.segments_db [None req-5f9c034f-6a37-4b6e-8f91-88f4c574168b c75b789a9de441d6a8017c52deedb99e 83bdcff192334213bda186438fcd6540 - - default default] Added segment e23f9e92-9688-4c41-975f-73163eed71a5 of type geneve for network 40fd0c50-a6ca-4d2e-8ce9-ed04b035c767
2026-07-10 01:07:20.326 8 INFO neutron.db.ovn_revision_numbers_db [None req-5f9c034f-6a37-4b6e-8f91-88f4c574168b c75b789a9de441d6a8017c52deedb99e 83bdcff192334213bda186438fcd6540 - - default default] Successfully bumped revision number for resource 40fd0c50-a6ca-4d2e-8ce9-ed04b035c767 (type: networks) to 1 [pid: 7|app: 0|req: 769/1399] 10.0.0.38 () {32 vars in 739 bytes} [Fri Jul 10 01:07:20 2026] DELETE /v2.0/security-groups/26bbef75-383e-4533-a366-21ef59828ddb => generated 0 bytes in 180 msecs (HTTP/1.1 204) 2 headers in 112 bytes (1 switches on core 0) [pid: 7|app: 0|req: 770/1400] 10.0.0.38 () {32 vars in 749 bytes} [Fri Jul 10 01:07:20 2026] DELETE /v2.0/security-group-rules/591ea4a0-c521-4120-8613-6bbea71f915f => generated 0 bytes in 109 msecs (HTTP/1.1 204) 2 headers in 112 bytes (1 switches on core 0) [pid: 7|app: 0|req: 771/1401] 10.0.0.43 () {28 vars in 623 bytes} [Fri Jul 10 01:07:20 2026] GET /v2.0/agents?binary=ovn-controller => generated 416 bytes in 38 msecs (HTTP/1.1 200) 4 headers in 157 bytes (1 switches on core 0)
2026-07-10 01:07:20.525 8 WARNING neutron.scheduler.dhcp_agent_scheduler [None req-5f9c034f-6a37-4b6e-8f91-88f4c574168b c75b789a9de441d6a8017c52deedb99e 83bdcff192334213bda186438fcd6540 - - default default] No more DHCP agents
2026-07-10 01:07:20.527 8 WARNING neutron.api.rpc.agentnotifiers.dhcp_rpc_agent_api [None req-5f9c034f-6a37-4b6e-8f91-88f4c574168b c75b789a9de441d6a8017c52deedb99e 83bdcff192334213bda186438fcd6540 - - default default] Unable to schedule network 40fd0c50-a6ca-4d2e-8ce9-ed04b035c767: no agents available; will retry on subsequent port and subnet creation events.
2026-07-10 01:07:20.571 8 INFO neutron.plugins.ml2.drivers.ovn.mech_driver.mech_driver [None req-dc14c443-293f-443b-814b-2de992d35077 - - - - - -] OVN reports status down for port: 6653d01e-225e-4bcc-8adc-8a685112928c
2026-07-10 01:07:20.619 8 INFO neutron.db.ovn_revision_numbers_db [None req-5f9c034f-6a37-4b6e-8f91-88f4c574168b c75b789a9de441d6a8017c52deedb99e 83bdcff192334213bda186438fcd6540 - - default default] Successfully bumped revision number for resource 6653d01e-225e-4bcc-8adc-8a685112928c (type: ports) to 1
2026-07-10 01:07:20.645 7 INFO neutron_taas.services.taas.taas_plugin [None req-8c8f6068-21fb-4d39-81f7-6065300f607f e141ca37b28146e29b7ee147887eb06e 75288cd1ab154319aa6d1880770dbb47 - - default default] TaaS: Handle Delete Port: 52a891f9-b652-4f4e-a1cd-d547e1aa8b25
2026-07-10 01:07:20.649 7 INFO neutron_taas.services.taas.tap_mirror_plugin [None req-8c8f6068-21fb-4d39-81f7-6065300f607f e141ca37b28146e29b7ee147887eb06e 75288cd1ab154319aa6d1880770dbb47 - - default default] Tap Mirror: Handle Delete Port: 52a891f9-b652-4f4e-a1cd-d547e1aa8b25 [pid: 8|app: 0|req: 631/1402] 10.0.0.38 () {34 vars in 669 bytes} [Fri Jul 10 01:07:20 2026] POST /v2.0/networks => generated 673 bytes in 535 msecs (HTTP/1.1 201) 4 headers in 162 bytes (1 switches on core 0)
2026-07-10 01:07:20.667 8 WARNING neutron.db.securitygroups_db [None req-c0bd7aac-f893-486b-9337-2ecf649191d3 2f18755ed4c449138d06bb6800267a88 ff32b370bb2a409bb219cd0898acab6f - - default default] project_id key not found in filters, using tenant_id instead. This support has been deprecated and will be removed in a future release. [pid: 7|app: 0|req: 772/1403] 10.0.0.38 () {32 vars in 719 bytes} [Fri Jul 10 01:07:20 2026] DELETE /v2.0/ports/52a891f9-b652-4f4e-a1cd-d547e1aa8b25 => generated 0 bytes in 228 msecs (HTTP/1.1 204) 3 headers in 131 bytes (1 switches on core 0)
