+ COMMAND=start + start + for KEYSTONE_WSGI_SCRIPT in keystone-wsgi-public ++ type -p keystone-wsgi-public + cp -a /var/lib/openstack/bin/keystone-wsgi-public /var/www/cgi-bin/keystone/ + '[' -f /etc/apache2/envvars ']' + source /etc/apache2/envvars ++ unset HOME ++ '[' '' '!=' '' ']' ++ SUFFIX= ++ export APACHE_RUN_USER=www-data ++ APACHE_RUN_USER=www-data ++ export APACHE_RUN_GROUP=www-data ++ APACHE_RUN_GROUP=www-data ++ export APACHE_PID_FILE=/var/run/apache2/apache2.pid ++ APACHE_PID_FILE=/var/run/apache2/apache2.pid ++ export APACHE_RUN_DIR=/var/run/apache2 ++ APACHE_RUN_DIR=/var/run/apache2 ++ export APACHE_LOCK_DIR=/var/lock/apache2 ++ APACHE_LOCK_DIR=/var/lock/apache2 ++ export APACHE_LOG_DIR=/var/log/apache2 ++ APACHE_LOG_DIR=/var/log/apache2 ++ export LANG=C ++ LANG=C ++ export LANG + '[' -f /var/run/apache2/apache2.pid ']' + exec apache2 -DFOREGROUND AH00558: apache2: Could not reliably determine the server's fully qualified domain name, using 10.0.0.179. Set the 'ServerName' directive globally to suppress this message AH00558: apache2: Could not reliably determine the server's fully qualified domain name, using 10.0.0.179. Set the 'ServerName' directive globally to suppress this message
[Fri Jul 10 00:01:17.047987 2026] [mpm_event:notice] [pid 1:tid 140485347628928] AH00489: Apache/2.4.58 (Ubuntu) mod_wsgi/5.0.0 Python/3.12 configured -- resuming normal operations
[Fri Jul 10 00:01:17.048146 2026] [core:notice] [pid 1:tid 140485347628928] AH00094: Command line: 'apache2 -D FOREGROUND'
[Fri Jul 10 00:01:46.003100 2026] [wsgi:error] [pid 11:tid 140484709807808] /var/lib/openstack/lib/python3.12/site-packages/oslo_utils/importutils.py:77: EventletDeprecationWarning:
[Fri Jul 10 00:01:46.003142 2026] [wsgi:error] [pid 11:tid 140484709807808] Eventlet is deprecated. It is currently being maintained in bugfix mode, and
[Fri Jul 10 00:01:46.003144 2026] [wsgi:error] [pid 11:tid 140484709807808] we strongly recommend against using it for new projects.
[Fri Jul 10 00:01:46.003145 2026] [wsgi:error] [pid 11:tid 140484709807808]
[Fri Jul 10 00:01:46.003146 2026] [wsgi:error] [pid 11:tid 140484709807808] If you are already using Eventlet, we recommend migrating to a different
[Fri Jul 10 00:01:46.003148 2026] [wsgi:error] [pid 11:tid 140484709807808] framework. For more detail see
[Fri Jul 10 00:01:46.003149 2026] [wsgi:error] [pid 11:tid 140484709807808] https://eventlet.readthedocs.io/en/latest/asyncio/migration.html
[Fri Jul 10 00:01:46.003150 2026] [wsgi:error] [pid 11:tid 140484709807808]
[Fri Jul 10 00:01:46.003151 2026] [wsgi:error] [pid 11:tid 140484709807808] __import__(import_str) 10.0.0.77 - - [10/Jul/2026:00:01:45 +0000] "GET /v3/ HTTP/1.1" 200 250
[Fri Jul 10 00:01:58.858543 2026] [wsgi:error] [pid 9:tid 140484709807808] /var/lib/openstack/lib/python3.12/site-packages/oslo_utils/importutils.py:77: EventletDeprecationWarning:
[Fri Jul 10 00:01:58.858798 2026] [wsgi:error] [pid 9:tid 140484709807808] Eventlet is deprecated. It is currently being maintained in bugfix mode, and
[Fri Jul 10 00:01:58.858878 2026] [wsgi:error] [pid 9:tid 140484709807808] we strongly recommend against using it for new projects.
[Fri Jul 10 00:01:58.858924 2026] [wsgi:error] [pid 9:tid 140484709807808]
[Fri Jul 10 00:01:58.858973 2026] [wsgi:error] [pid 9:tid 140484709807808] If you are already using Eventlet, we recommend migrating to a different
[Fri Jul 10 00:01:58.859023 2026] [wsgi:error] [pid 9:tid 140484709807808] framework. For more detail see
[Fri Jul 10 00:01:58.859064 2026] [wsgi:error] [pid 9:tid 140484709807808] https://eventlet.readthedocs.io/en/latest/asyncio/migration.html
[Fri Jul 10 00:01:58.859103 2026] [wsgi:error] [pid 9:tid 140484709807808]
[Fri Jul 10 00:01:58.859169 2026] [wsgi:error] [pid 9:tid 140484709807808] __import__(import_str) 10.0.0.119 - - [10/Jul/2026:00:01:58 +0000] "GET / HTTP/1.1" 300 295
[Fri Jul 10 00:02:04.243810 2026] [wsgi:error] [pid 10:tid 140484709807808] /var/lib/openstack/lib/python3.12/site-packages/oslo_utils/importutils.py:77: EventletDeprecationWarning:
[Fri Jul 10 00:02:04.243874 2026] [wsgi:error] [pid 10:tid 140484709807808] Eventlet is deprecated. It is currently being maintained in bugfix mode, and
[Fri Jul 10 00:02:04.243877 2026] [wsgi:error] [pid 10:tid 140484709807808] we strongly recommend against using it for new projects.
[Fri Jul 10 00:02:04.243878 2026] [wsgi:error] [pid 10:tid 140484709807808]
[Fri Jul 10 00:02:04.243879 2026] [wsgi:error] [pid 10:tid 140484709807808] If you are already using Eventlet, we recommend migrating to a different
[Fri Jul 10 00:02:04.243880 2026] [wsgi:error] [pid 10:tid 140484709807808] framework. For more detail see
[Fri Jul 10 00:02:04.243882 2026] [wsgi:error] [pid 10:tid 140484709807808] https://eventlet.readthedocs.io/en/latest/asyncio/migration.html
[Fri Jul 10 00:02:04.243883 2026] [wsgi:error] [pid 10:tid 140484709807808]
[Fri Jul 10 00:02:04.243884 2026] [wsgi:error] [pid 10:tid 140484709807808] __import__(import_str)
[Fri Jul 10 00:02:09.133052 2026] [wsgi:error] [pid 10:tid 140484709807808] [remote 10.0.0.119:40866] 2026-07-10 00:02:09.129 10 WARNING keystone.identity.core [None req-c6084101-0276-445a-ab0b-21b6147d5a54 - - - - - -] Invalid domain name (atmosphere) found in config file name: keystone.exception.DomainNotFound: Could not find domain: atmosphere.
[Fri Jul 10 00:02:09.186095 2026] [wsgi:error] [pid 10:tid 140484709807808] [remote 10.0.0.119:40866] 2026-07-10 00:02:09.185 10 WARNING keystone.common.password_hashing [None req-c6084101-0276-445a-ab0b-21b6147d5a54 - - - - - -] Truncating password to algorithm specific maximum length 72 characters.
[Fri Jul 10 00:02:09.473047 2026] [wsgi:error] [pid 10:tid 140484709807808] [remote 10.0.0.119:40866] 2026-07-10 00:02:09.472 10 WARNING keystone.common.fernet_utils [None req-c6084101-0276-445a-ab0b-21b6147d5a54 - - - - - -] key_repository is world readable: /etc/keystone/fernet-keys/ 10.0.0.119 - - [10/Jul/2026:00:02:03 +0000] "POST /v3/auth/tokens HTTP/1.1" 201 1360
[Fri Jul 10 00:02:10.556100 2026] [wsgi:error] [pid 12:tid 140484709807808] /var/lib/openstack/lib/python3.12/site-packages/oslo_utils/importutils.py:77: EventletDeprecationWarning:
[Fri Jul 10 00:02:10.556147 2026] [wsgi:error] [pid 12:tid 140484709807808] Eventlet is deprecated. It is currently being maintained in bugfix mode, and
[Fri Jul 10 00:02:10.556150 2026] [wsgi:error] [pid 12:tid 140484709807808] we strongly recommend against using it for new projects.
[Fri Jul 10 00:02:10.556151 2026] [wsgi:error] [pid 12:tid 140484709807808]
[Fri Jul 10 00:02:10.556153 2026] [wsgi:error] [pid 12:tid 140484709807808] If you are already using Eventlet, we recommend migrating to a different
[Fri Jul 10 00:02:10.556155 2026] [wsgi:error] [pid 12:tid 140484709807808] framework. For more detail see
[Fri Jul 10 00:02:10.556156 2026] [wsgi:error] [pid 12:tid 140484709807808] https://eventlet.readthedocs.io/en/latest/asyncio/migration.html
[Fri Jul 10 00:02:10.556157 2026] [wsgi:error] [pid 12:tid 140484709807808]
[Fri Jul 10 00:02:10.556158 2026] [wsgi:error] [pid 12:tid 140484709807808] __import__(import_str)
[Fri Jul 10 00:02:15.317652 2026] [wsgi:error] [pid 12:tid 140484709807808] [remote 10.0.0.119:40866] 2026-07-10 00:02:15.314 12 WARNING keystone.identity.core [None req-f4e00996-2754-4f42-b287-ba5db954b76e - - - - - -] Invalid domain name (atmosphere) found in config file name: keystone.exception.DomainNotFound: Could not find domain: atmosphere. 10.0.0.119 - - [10/Jul/2026:00:02:09 +0000] "POST /v3/domains HTTP/1.1" 201 261 10.0.0.76 - - [10/Jul/2026:00:02:26 +0000] "GET / HTTP/1.1" 300 295
[Fri Jul 10 00:02:26.808360 2026] [wsgi:error] [pid 9:tid 140484709807808] [remote 10.0.0.76:35976] 2026-07-10 00:02:26.807 9 WARNING keystone.common.password_hashing [None req-147e3cf6-f7a3-4154-9f12-45e81f3fa21a - - - - - -] Truncating password to algorithm specific maximum length 72 characters.
[Fri Jul 10 00:02:27.105369 2026] [wsgi:error] [pid 9:tid 140484709807808] [remote 10.0.0.76:35976] 2026-07-10 00:02:27.104 9 WARNING keystone.common.fernet_utils [None req-147e3cf6-f7a3-4154-9f12-45e81f3fa21a - - - - - -] key_repository is world readable: /etc/keystone/fernet-keys/ 10.0.0.76 - - [10/Jul/2026:00:02:26 +0000] "POST /v3/auth/tokens HTTP/1.1" 201 1360 10.0.0.76 - - [10/Jul/2026:00:02:27 +0000] "GET /v3/roles/admin HTTP/1.1" 404 83
[Fri Jul 10 00:02:27.482282 2026] [wsgi:error] [pid 12:tid 140484709807808] [remote 10.0.0.76:35976] 2026-07-10 00:02:27.482 12 WARNING keystone.common.rbac_enforcer.enforcer [None req-91c0feac-cdf0-4569-883f-69f10ba2e9fc 2f18755ed4c449138d06bb6800267a88 ff32b370bb2a409bb219cd0898acab6f - - default default] Deprecated policy rules found. Use oslopolicy-policy-generator and oslopolicy-policy-upgrade to detect and resolve deprecated policies in your configuration. 10.0.0.76 - - [10/Jul/2026:00:02:27 +0000] "GET /v3/roles?name=admin HTTP/1.1" 200 389
[Fri Jul 10 00:02:27.856442 2026] [wsgi:error] [pid 11:tid 140484709807808] [remote 10.0.0.76:35976] 2026-07-10 00:02:27.856 11 WARNING keystone.common.rbac_enforcer.enforcer [None req-5570a847-15ba-479a-8e51-169d3874aa00 2f18755ed4c449138d06bb6800267a88 ff32b370bb2a409bb219cd0898acab6f - - default default] Deprecated policy rules found. Use oslopolicy-policy-generator and oslopolicy-policy-upgrade to detect and resolve deprecated policies in your configuration. 10.0.0.76 - - [10/Jul/2026:00:02:27 +0000] "GET /v3/users/admin-RegionOne HTTP/1.1" 404 93
[Fri Jul 10 00:02:28.122056 2026] [wsgi:error] [pid 9:tid 140484709807808] [remote 10.0.0.76:35976] 2026-07-10 00:02:28.121 9 WARNING keystone.common.rbac_enforcer.enforcer [None req-1ed0755b-6305-4d82-a280-f66ecbc6a35c 2f18755ed4c449138d06bb6800267a88 ff32b370bb2a409bb219cd0898acab6f - - default default] Deprecated policy rules found. Use oslopolicy-policy-generator and oslopolicy-policy-upgrade to detect and resolve deprecated policies in your configuration. 10.0.0.76 - - [10/Jul/2026:00:02:27 +0000] "GET /v3/users?name=admin-RegionOne HTTP/1.1" 200 422
[Fri Jul 10 00:02:28.364342 2026] [wsgi:error] [pid 10:tid 140484709807808] [remote 10.0.0.76:35976] 2026-07-10 00:02:28.364 10 WARNING keystone.common.rbac_enforcer.enforcer [None req-62b0d3ba-3356-4bc8-accb-151f847e203f 2f18755ed4c449138d06bb6800267a88 ff32b370bb2a409bb219cd0898acab6f - - default default] Deprecated policy rules found. Use oslopolicy-policy-generator and oslopolicy-policy-upgrade to detect and resolve deprecated policies in your configuration. 10.0.0.76 - - [10/Jul/2026:00:02:28 +0000] "GET /v3/domains/default HTTP/1.1" 200 224 10.0.0.76 - - [10/Jul/2026:00:02:28 +0000] "PUT /v3/domains/default/users/2f18755ed4c449138d06bb6800267a88/roles/d4584f17c2384f2d8c6a951c5d361964 HTTP/1.1" 204 - 10.0.0.77 - - [10/Jul/2026:00:02:38 +0000] "GET / HTTP/1.1" 300 281 10.0.0.77 - - [10/Jul/2026:00:02:40 +0000] "GET /v3 HTTP/1.1" 200 266
[Fri Jul 10 00:02:40.100277 2026] [wsgi:error] [pid 10:tid 140484709807808] [remote 10.0.0.77:34078] 2026-07-10 00:02:40.100 10 WARNING keystone.common.password_hashing [None req-094ac953-573e-4ec4-90f9-ab183a6d8e07 - - - - - -] Truncating password to algorithm specific maximum length 72 characters.
[Fri Jul 10 00:02:40.373293 2026] [wsgi:error] [pid 10:tid 140484709807808] [remote 10.0.0.77:34078] 2026-07-10 00:02:40.373 10 WARNING keystone.common.fernet_utils [None req-094ac953-573e-4ec4-90f9-ab183a6d8e07 - - - - - -] key_repository is world readable: /etc/keystone/fernet-keys/ 10.0.0.77 - - [10/Jul/2026:00:02:40 +0000] "POST /v3/auth/tokens HTTP/1.1" 201 1360 10.0.0.77 - - [10/Jul/2026:00:02:40 +0000] "GET / HTTP/1.1" 300 281 10.0.0.77 - - [10/Jul/2026:00:02:40 +0000] "GET /v3/domains/atmosphere HTTP/1.1" 404 90 10.0.0.77 - - [10/Jul/2026:00:02:40 +0000] "GET /v3/domains?name=atmosphere HTTP/1.1" 200 370 10.0.0.77 - - [10/Jul/2026:00:02:40 +0000] "GET /v3/domains/bd58673910074391a956fd654f630408 HTTP/1.1" 200 247 10.0.0.77 - - [10/Jul/2026:00:02:41 +0000] "GET /v3 HTTP/1.1" 200 266
[Fri Jul 10 00:02:41.590832 2026] [wsgi:error] [pid 11:tid 140484709807808] [remote 10.0.0.77:34078] 2026-07-10 00:02:41.590 11 WARNING keystone.common.password_hashing [None req-eb5974e9-42bc-4c42-afa8-9b78ee7ed2b1 - - - - - -] Truncating password to algorithm specific maximum length 72 characters.
[Fri Jul 10 00:02:41.871328 2026] [wsgi:error] [pid 11:tid 140484709807808] [remote 10.0.0.77:34078] 2026-07-10 00:02:41.871 11 WARNING keystone.common.fernet_utils [None req-eb5974e9-42bc-4c42-afa8-9b78ee7ed2b1 - - - - - -] key_repository is world readable: /etc/keystone/fernet-keys/ 10.0.0.77 - - [10/Jul/2026:00:02:41 +0000] "POST /v3/auth/tokens HTTP/1.1" 201 1360 10.0.0.77 - - [10/Jul/2026:00:02:41 +0000] "GET / HTTP/1.1" 300 281 10.0.0.77 - - [10/Jul/2026:00:02:41 +0000] "GET /v3/OS-FEDERATION/identity_providers/atmosphere HTTP/1.1" 404 101 10.0.0.77 - - [10/Jul/2026:00:02:41 +0000] "GET /v3/OS-FEDERATION/identity_providers HTTP/1.1" 200 156 10.0.0.77 - - [10/Jul/2026:00:02:41 +0000] "PUT /v3/OS-FEDERATION/identity_providers/atmosphere HTTP/1.1" 201 342 10.0.0.77 - - [10/Jul/2026:00:02:42 +0000] "GET /v3 HTTP/1.1" 200 266
[Fri Jul 10 00:02:42.670557 2026] [wsgi:error] [pid 10:tid 140484709807808] [remote 10.0.0.77:37302] 2026-07-10 00:02:42.670 10 WARNING keystone.common.password_hashing [None req-a8de59ef-d0f0-4d6b-bb5d-2473da8d8e3a - - - - - -] Truncating password to algorithm specific maximum length 72 characters.
[Fri Jul 10 00:02:42.964991 2026] [wsgi:error] [pid 10:tid 140484709807808] [remote 10.0.0.77:37302] 2026-07-10 00:02:42.964 10 WARNING keystone.common.fernet_utils [None req-a8de59ef-d0f0-4d6b-bb5d-2473da8d8e3a - - - - - -] key_repository is world readable: /etc/keystone/fernet-keys/ 10.0.0.77 - - [10/Jul/2026:00:02:42 +0000] "POST /v3/auth/tokens HTTP/1.1" 201 1360 10.0.0.77 - - [10/Jul/2026:00:02:42 +0000] "GET / HTTP/1.1" 300 281 10.0.0.77 - - [10/Jul/2026:00:02:42 +0000] "GET /v3/OS-FEDERATION/mappings/atmosphere-openid HTTP/1.1" 404 98 10.0.0.77 - - [10/Jul/2026:00:02:43 +0000] "GET /v3/OS-FEDERATION/mappings HTTP/1.1" 200 136 10.0.0.77 - - [10/Jul/2026:00:02:43 +0000] "PUT /v3/OS-FEDERATION/mappings/atmosphere-openid HTTP/1.1" 201 357 10.0.0.77 - - [10/Jul/2026:00:02:43 +0000] "GET /v3 HTTP/1.1" 200 266
[Fri Jul 10 00:02:43.731475 2026] [wsgi:error] [pid 11:tid 140484709807808] [remote 10.0.0.77:37302] 2026-07-10 00:02:43.731 11 WARNING keystone.common.password_hashing [None req-8f51e228-fc45-4db0-8eac-60b74ae6933f - - - - - -] Truncating password to algorithm specific maximum length 72 characters.
[Fri Jul 10 00:02:44.006014 2026] [wsgi:error] [pid 11:tid 140484709807808] [remote 10.0.0.77:37302] 2026-07-10 00:02:44.005 11 WARNING keystone.common.fernet_utils [None req-8f51e228-fc45-4db0-8eac-60b74ae6933f - - - - - -] key_repository is world readable: /etc/keystone/fernet-keys/ 10.0.0.77 - - [10/Jul/2026:00:02:43 +0000] "POST /v3/auth/tokens HTTP/1.1" 201 1360 10.0.0.77 - - [10/Jul/2026:00:02:44 +0000] "GET / HTTP/1.1" 300 281 10.0.0.77 - - [10/Jul/2026:00:02:44 +0000] "GET /v3/OS-FEDERATION/identity_providers/atmosphere/protocols/openid?idp_id=atmosphere HTTP/1.1" 404 131 10.0.0.77 - - [10/Jul/2026:00:02:44 +0000] "GET /v3/OS-FEDERATION/identity_providers/atmosphere/protocols HTTP/1.1" 200 168 10.0.0.77 - - [10/Jul/2026:00:02:44 +0000] "PUT /v3/OS-FEDERATION/identity_providers/atmosphere/protocols/openid HTTP/1.1" 201 224 10.0.0.77 - - [10/Jul/2026:00:02:45 +0000] "GET /v3/ HTTP/1.1" 200 250 10.0.0.77 - - [10/Jul/2026:00:02:45 +0000] "GET /v3/ HTTP/1.1" 200 250 10.0.0.77 - - [10/Jul/2026:00:03:45 +0000] "GET /v3/ HTTP/1.1" 200 250 10.0.0.77 - - [10/Jul/2026:00:03:45 +0000] "GET /v3/ HTTP/1.1" 200 250 10.0.0.76 - - [10/Jul/2026:00:04:09 +0000] "GET / HTTP/1.1" 300 295
[Fri Jul 10 00:04:09.326589 2026] [wsgi:error] [pid 10:tid 140484709807808] [remote 10.0.0.76:48966] 2026-07-10 00:04:09.326 10 WARNING keystone.common.password_hashing [None req-b7d19c01-f392-44ea-bbdc-d9f625923c79 - - - - - -] Truncating password to algorithm specific maximum length 72 characters.
[Fri Jul 10 00:04:09.600746 2026] [wsgi:error] [pid 10:tid 140484709807808] [remote 10.0.0.76:48966] 2026-07-10 00:04:09.600 10 WARNING keystone.common.fernet_utils [None req-b7d19c01-f392-44ea-bbdc-d9f625923c79 - - - - - -] key_repository is world readable: /etc/keystone/fernet-keys/ 10.0.0.76 - - [10/Jul/2026:00:04:09 +0000] "POST /v3/auth/tokens HTTP/1.1" 201 1360 10.0.0.76 - - [10/Jul/2026:00:04:09 +0000] "GET /v3/services HTTP/1.1" 200 355 10.0.0.76 - - [10/Jul/2026:00:04:13 +0000] "GET / HTTP/1.1" 300 295
[Fri Jul 10 00:04:13.299447 2026] [wsgi:error] [pid 9:tid 140484709807808] [remote 10.0.0.76:45556] 2026-07-10 00:04:13.299 9 WARNING keystone.common.password_hashing [None req-5cdcabe3-66e7-4f43-bd92-47b688afcd0f - - - - - -] Truncating password to algorithm specific maximum length 72 characters.
[Fri Jul 10 00:04:13.582853 2026] [wsgi:error] [pid 9:tid 140484709807808] [remote 10.0.0.76:45556] 2026-07-10 00:04:13.582 9 WARNING keystone.common.fernet_utils [None req-5cdcabe3-66e7-4f43-bd92-47b688afcd0f - - - - - -] key_repository is world readable: /etc/keystone/fernet-keys/ 10.0.0.76 - - [10/Jul/2026:00:04:13 +0000] "POST /v3/auth/tokens HTTP/1.1" 201 1360 10.0.0.76 - - [10/Jul/2026:00:04:13 +0000] "GET /v3/services HTTP/1.1" 200 355 10.0.0.76 - - [10/Jul/2026:00:04:17 +0000] "GET / HTTP/1.1" 300 295
[Fri Jul 10 00:04:17.359577 2026] [wsgi:error] [pid 12:tid 140484709807808] [remote 10.0.0.76:45560] 2026-07-10 00:04:17.359 12 WARNING keystone.common.password_hashing [None req-0e0b0283-53fd-40bd-87b1-d174d17ff768 - - - - - -] Truncating password to algorithm specific maximum length 72 characters.
[Fri Jul 10 00:04:17.628290 2026] [wsgi:error] [pid 12:tid 140484709807808] [remote 10.0.0.76:45560] 2026-07-10 00:04:17.628 12 WARNING keystone.common.fernet_utils [None req-0e0b0283-53fd-40bd-87b1-d174d17ff768 - - - - - -] key_repository is world readable: /etc/keystone/fernet-keys/ 10.0.0.76 - - [10/Jul/2026:00:04:17 +0000] "POST /v3/auth/tokens HTTP/1.1" 201 1360 10.0.0.76 - - [10/Jul/2026:00:04:17 +0000] "GET /v3/services HTTP/1.1" 200 355 10.0.0.76 - - [10/Jul/2026:00:04:21 +0000] "GET / HTTP/1.1" 300 295
[Fri Jul 10 00:04:21.252558 2026] [wsgi:error] [pid 11:tid 140484709807808] [remote 10.0.0.76:42868] 2026-07-10 00:04:21.252 11 WARNING keystone.common.password_hashing [None req-4759d7b8-c108-4bd9-baff-79792d48b3bd - - - - - -] Truncating password to algorithm specific maximum length 72 characters.
[Fri Jul 10 00:04:21.526258 2026] [wsgi:error] [pid 11:tid 140484709807808] [remote 10.0.0.76:42868] 2026-07-10 00:04:21.526 11 WARNING keystone.common.fernet_utils [None req-4759d7b8-c108-4bd9-baff-79792d48b3bd - - - - - -] key_repository is world readable: /etc/keystone/fernet-keys/ 10.0.0.76 - - [10/Jul/2026:00:04:21 +0000] "POST /v3/auth/tokens HTTP/1.1" 201 1360 10.0.0.76 - - [10/Jul/2026:00:04:21 +0000] "POST /v3/services HTTP/1.1" 201 296 10.0.0.218 - - [10/Jul/2026:00:04:32 +0000] "GET / HTTP/1.1" 300 295
[Fri Jul 10 00:04:32.660220 2026] [wsgi:error] [pid 10:tid 140484709807808] [remote 10.0.0.218:52156] 2026-07-10 00:04:32.660 10 WARNING keystone.common.password_hashing [None req-3ab5e69d-96df-4868-a82d-ad976d67f95a - - - - - -] Truncating password to algorithm specific maximum length 72 characters. 10.0.0.218 - - [10/Jul/2026:00:04:32 +0000] "GET / HTTP/1.1" 300 295
[Fri Jul 10 00:04:32.856450 2026] [wsgi:error] [pid 12:tid 140484709807808] [remote 10.0.0.218:52160] 2026-07-10 00:04:32.856 12 WARNING keystone.common.password_hashing [None req-f31ee3e5-cacb-4a96-a33d-4d6c18df256e - - - - - -] Truncating password to algorithm specific maximum length 72 characters. 10.0.0.218 - - [10/Jul/2026:00:04:32 +0000] "GET / HTTP/1.1" 300 295
[Fri Jul 10 00:04:32.918309 2026] [wsgi:error] [pid 11:tid 140484709807808] [remote 10.0.0.218:52166] 2026-07-10 00:04:32.918 11 WARNING keystone.common.password_hashing [None req-ca369102-e286-40f5-b373-c7c4dec30cb3 - - - - - -] Truncating password to algorithm specific maximum length 72 characters.
[Fri Jul 10 00:04:32.936043 2026] [wsgi:error] [pid 10:tid 140484709807808] [remote 10.0.0.218:52156] 2026-07-10 00:04:32.935 10 WARNING keystone.common.fernet_utils [None req-3ab5e69d-96df-4868-a82d-ad976d67f95a - - - - - -] key_repository is world readable: /etc/keystone/fernet-keys/ 10.0.0.218 - - [10/Jul/2026:00:04:32 +0000] "POST /v3/auth/tokens HTTP/1.1" 201 1464 10.0.0.218 - - [10/Jul/2026:00:04:33 +0000] "GET /v3/services HTTP/1.1" 200 639
[Fri Jul 10 00:04:33.149107 2026] [wsgi:error] [pid 12:tid 140484709807808] [remote 10.0.0.218:52160] 2026-07-10 00:04:33.148 12 WARNING keystone.common.fernet_utils [None req-f31ee3e5-cacb-4a96-a33d-4d6c18df256e - - - - - -] key_repository is world readable: /etc/keystone/fernet-keys/ 10.0.0.218 - - [10/Jul/2026:00:04:32 +0000] "POST /v3/auth/tokens HTTP/1.1" 201 1464
[Fri Jul 10 00:04:33.223146 2026] [wsgi:error] [pid 11:tid 140484709807808] [remote 10.0.0.218:52166] 2026-07-10 00:04:33.223 11 WARNING keystone.common.fernet_utils [None req-ca369102-e286-40f5-b373-c7c4dec30cb3 - - - - - -] key_repository is world readable: /etc/keystone/fernet-keys/ 10.0.0.218 - - [10/Jul/2026:00:04:32 +0000] "POST /v3/auth/tokens HTTP/1.1" 201 1464 10.0.0.218 - - [10/Jul/2026:00:04:33 +0000] "GET /v3/services HTTP/1.1" 200 639 10.0.0.218 - - [10/Jul/2026:00:04:33 +0000] "GET /v3/services HTTP/1.1" 200 639 10.0.0.218 - - [10/Jul/2026:00:04:34 +0000] "GET / HTTP/1.1" 300 295
[Fri Jul 10 00:04:34.862882 2026] [wsgi:error] [pid 11:tid 140484709807808] [remote 10.0.0.218:52176] 2026-07-10 00:04:34.862 11 WARNING keystone.common.password_hashing [None req-9a2715c1-accd-48d5-8e0a-c5d9666cfab6 - - - - - -] Truncating password to algorithm specific maximum length 72 characters. 10.0.0.218 - - [10/Jul/2026:00:04:35 +0000] "GET / HTTP/1.1" 300 295
[Fri Jul 10 00:04:35.039772 2026] [wsgi:error] [pid 9:tid 140484709807808] [remote 10.0.0.218:52190] 2026-07-10 00:04:35.039 9 WARNING keystone.common.password_hashing [None req-996b1f4e-be90-4352-b521-b103ca125963 - - - - - -] Truncating password to algorithm specific maximum length 72 characters. 10.0.0.218 - - [10/Jul/2026:00:04:35 +0000] "GET / HTTP/1.1" 300 295
[Fri Jul 10 00:04:35.123757 2026] [wsgi:error] [pid 10:tid 140484709807808] [remote 10.0.0.218:52206] 2026-07-10 00:04:35.123 10 WARNING keystone.common.password_hashing [None req-46a70d5f-36ab-415d-ba83-7da94e3fdab4 - - - - - -] Truncating password to algorithm specific maximum length 72 characters.
[Fri Jul 10 00:04:35.155912 2026] [wsgi:error] [pid 11:tid 140484709807808] [remote 10.0.0.218:52176] 2026-07-10 00:04:35.155 11 WARNING keystone.common.fernet_utils [None req-9a2715c1-accd-48d5-8e0a-c5d9666cfab6 - - - - - -] key_repository is world readable: /etc/keystone/fernet-keys/ 10.0.0.218 - - [10/Jul/2026:00:04:34 +0000] "POST /v3/auth/tokens HTTP/1.1" 201 1464 10.0.0.218 - - [10/Jul/2026:00:04:35 +0000] "GET /v3/endpoints HTTP/1.1" 200 1227 10.0.0.218 - - [10/Jul/2026:00:04:35 +0000] "GET /v3/services/e7df6d7182fa4abf93f7ec84b4de1313 HTTP/1.1" 200 233
[Fri Jul 10 00:04:35.315491 2026] [wsgi:error] [pid 9:tid 140484709807808] [remote 10.0.0.218:52190] 2026-07-10 00:04:35.315 9 WARNING keystone.common.fernet_utils [None req-996b1f4e-be90-4352-b521-b103ca125963 - - - - - -] key_repository is world readable: /etc/keystone/fernet-keys/ 10.0.0.218 - - [10/Jul/2026:00:04:35 +0000] "POST /v3/auth/tokens HTTP/1.1" 201 1464 10.0.0.218 - - [10/Jul/2026:00:04:35 +0000] "GET /v3/services/e7df6d7182fa4abf93f7ec84b4de1313 HTTP/1.1" 200 233 10.0.0.218 - - [10/Jul/2026:00:04:35 +0000] "GET /v3/services/e7df6d7182fa4abf93f7ec84b4de1313 HTTP/1.1" 200 233
[Fri Jul 10 00:04:35.411365 2026] [wsgi:error] [pid 10:tid 140484709807808] [remote 10.0.0.218:52206] 2026-07-10 00:04:35.411 10 WARNING keystone.common.fernet_utils [None req-46a70d5f-36ab-415d-ba83-7da94e3fdab4 - - - - - -] key_repository is world readable: /etc/keystone/fernet-keys/ 10.0.0.218 - - [10/Jul/2026:00:04:35 +0000] "POST /v3/auth/tokens HTTP/1.1" 201 1464 10.0.0.218 - - [10/Jul/2026:00:04:35 +0000] "GET /v3/endpoints HTTP/1.1" 200 1227 10.0.0.218 - - [10/Jul/2026:00:04:35 +0000] "GET /v3/services/e7df6d7182fa4abf93f7ec84b4de1313 HTTP/1.1" 200 233 10.0.0.218 - - [10/Jul/2026:00:04:35 +0000] "GET /v3/services/e7df6d7182fa4abf93f7ec84b4de1313 HTTP/1.1" 200 233 10.0.0.218 - - [10/Jul/2026:00:04:35 +0000] "GET /v3/services/e7df6d7182fa4abf93f7ec84b4de1313 HTTP/1.1" 200 233 10.0.0.218 - - [10/Jul/2026:00:04:35 +0000] "GET /v3/endpoints HTTP/1.1" 200 1227 10.0.0.218 - - [10/Jul/2026:00:04:35 +0000] "GET /v3/services/e7df6d7182fa4abf93f7ec84b4de1313 HTTP/1.1" 200 233 10.0.0.218 - - [10/Jul/2026:00:04:35 +0000] "GET /v3/services/e7df6d7182fa4abf93f7ec84b4de1313 HTTP/1.1" 200 233 10.0.0.218 - - [10/Jul/2026:00:04:35 +0000] "GET /v3/services/e7df6d7182fa4abf93f7ec84b4de1313 HTTP/1.1" 200 233 10.0.0.218 - - [10/Jul/2026:00:04:37 +0000] "GET / HTTP/1.1" 300 295 10.0.0.218 - - [10/Jul/2026:00:04:37 +0000] "GET / HTTP/1.1" 300 295 10.0.0.218 - - [10/Jul/2026:00:04:37 +0000] "GET / HTTP/1.1" 300 295
[Fri Jul 10 00:04:37.102504 2026] [wsgi:error] [pid 12:tid 140484709807808] [remote 10.0.0.218:52214] 2026-07-10 00:04:37.102 12 WARNING keystone.common.password_hashing [None req-cce1aef2-d90c-4d36-914f-7f4828f5be14 - - - - - -] Truncating password to algorithm specific maximum length 72 characters.
[Fri Jul 10 00:04:37.110866 2026] [wsgi:error] [pid 9:tid 140484709807808] [remote 10.0.0.218:52224] 2026-07-10 00:04:37.110 9 WARNING keystone.common.password_hashing [None req-295ce3ac-da5e-40d3-bcd5-33dc5fce6513 - - - - - -] Truncating password to algorithm specific maximum length 72 characters.
[Fri Jul 10 00:04:37.113091 2026] [wsgi:error] [pid 11:tid 140484709807808] [remote 10.0.0.218:52228] 2026-07-10 00:04:37.112 11 WARNING keystone.common.password_hashing [None req-e3d8cf8e-f7f9-4a13-9145-2ce98dafa03e - - - - - -] Truncating password to algorithm specific maximum length 72 characters.
[Fri Jul 10 00:04:37.380780 2026] [wsgi:error] [pid 12:tid 140484709807808] [remote 10.0.0.218:52214] 2026-07-10 00:04:37.380 12 WARNING keystone.common.fernet_utils [None req-cce1aef2-d90c-4d36-914f-7f4828f5be14 - - - - - -] key_repository is world readable: /etc/keystone/fernet-keys/
[Fri Jul 10 00:04:37.383259 2026] [wsgi:error] [pid 9:tid 140484709807808] [remote 10.0.0.218:52224] 2026-07-10 00:04:37.383 9 WARNING keystone.common.fernet_utils [None req-295ce3ac-da5e-40d3-bcd5-33dc5fce6513 - - - - - -] key_repository is world readable: /etc/keystone/fernet-keys/ 10.0.0.218 - - [10/Jul/2026:00:04:37 +0000] "POST /v3/auth/tokens HTTP/1.1" 201 1464 10.0.0.218 - - [10/Jul/2026:00:04:37 +0000] "POST /v3/auth/tokens HTTP/1.1" 201 1464
[Fri Jul 10 00:04:37.397389 2026] [wsgi:error] [pid 11:tid 140484709807808] [remote 10.0.0.218:52228] 2026-07-10 00:04:37.397 11 WARNING keystone.common.fernet_utils [None req-e3d8cf8e-f7f9-4a13-9145-2ce98dafa03e - - - - - -] key_repository is world readable: /etc/keystone/fernet-keys/ 10.0.0.218 - - [10/Jul/2026:00:04:37 +0000] "POST /v3/auth/tokens HTTP/1.1" 201 1464 10.0.0.218 - - [10/Jul/2026:00:04:37 +0000] "GET /v3/services/36a3de77ba664b9f9a89d3dd2335a46c HTTP/1.1" 200 296 10.0.0.218 - - [10/Jul/2026:00:04:37 +0000] "GET /v3/services/36a3de77ba664b9f9a89d3dd2335a46c HTTP/1.1" 200 296 10.0.0.218 - - [10/Jul/2026:00:04:37 +0000] "GET /v3/services/36a3de77ba664b9f9a89d3dd2335a46c HTTP/1.1" 200 296 10.0.0.218 - - [10/Jul/2026:00:04:37 +0000] "GET /v3/regions/RegionOne HTTP/1.1" 200 173 10.0.0.218 - - [10/Jul/2026:00:04:37 +0000] "GET /v3/regions/RegionOne HTTP/1.1" 200 173 10.0.0.218 - - [10/Jul/2026:00:04:37 +0000] "GET /v3/regions/RegionOne HTTP/1.1" 200 173 10.0.0.218 - - [10/Jul/2026:00:04:37 +0000] "POST /v3/endpoints HTTP/1.1" 201 380 10.0.0.218 - - [10/Jul/2026:00:04:37 +0000] "POST /v3/endpoints HTTP/1.1" 201 370 10.0.0.218 - - [10/Jul/2026:00:04:37 +0000] "POST /v3/endpoints HTTP/1.1" 201 383 10.0.0.218 - - [10/Jul/2026:00:04:39 +0000] "GET / HTTP/1.1" 300 295
[Fri Jul 10 00:04:39.184613 2026] [wsgi:error] [pid 12:tid 140484709807808] [remote 10.0.0.218:52230] 2026-07-10 00:04:39.184 12 WARNING keystone.common.password_hashing [None req-4ef0e0c9-06ae-45e6-93a2-57832ca9baf1 - - - - - -] Truncating password to algorithm specific maximum length 72 characters. 10.0.0.218 - - [10/Jul/2026:00:04:39 +0000] "GET / HTTP/1.1" 300 295 10.0.0.218 - - [10/Jul/2026:00:04:39 +0000] "GET / HTTP/1.1" 300 295
[Fri Jul 10 00:04:39.344449 2026] [wsgi:error] [pid 11:tid 140484709807808] [remote 10.0.0.218:52240] 2026-07-10 00:04:39.344 11 WARNING keystone.common.password_hashing [None req-93e55052-56fb-4bbe-9024-babe919dd1ed - - - - - -] Truncating password to algorithm specific maximum length 72 characters.
[Fri Jul 10 00:04:39.350433 2026] [wsgi:error] [pid 9:tid 140484709807808] [remote 10.0.0.218:52250] 2026-07-10 00:04:39.350 9 WARNING keystone.common.password_hashing [None req-59be38e0-2d41-4d83-bd38-f898e343a03c - - - - - -] Truncating password to algorithm specific maximum length 72 characters.
[Fri Jul 10 00:04:39.454048 2026] [wsgi:error] [pid 12:tid 140484709807808] [remote 10.0.0.218:52230] 2026-07-10 00:04:39.453 12 WARNING keystone.common.fernet_utils [None req-4ef0e0c9-06ae-45e6-93a2-57832ca9baf1 - - - - - -] key_repository is world readable: /etc/keystone/fernet-keys/ 10.0.0.218 - - [10/Jul/2026:00:04:39 +0000] "POST /v3/auth/tokens HTTP/1.1" 201 1992 10.0.0.218 - - [10/Jul/2026:00:04:39 +0000] "GET /v3/endpoints/92737a72c9be4b398784bf4c6752fa07 HTTP/1.1" 200 370 10.0.0.218 - - [10/Jul/2026:00:04:39 +0000] "GET /v3/services/36a3de77ba664b9f9a89d3dd2335a46c HTTP/1.1" 200 296
[Fri Jul 10 00:04:39.617171 2026] [wsgi:error] [pid 11:tid 140484709807808] [remote 10.0.0.218:52240] 2026-07-10 00:04:39.617 11 WARNING keystone.common.fernet_utils [None req-93e55052-56fb-4bbe-9024-babe919dd1ed - - - - - -] key_repository is world readable: /etc/keystone/fernet-keys/
[Fri Jul 10 00:04:39.620568 2026] [wsgi:error] [pid 9:tid 140484709807808] [remote 10.0.0.218:52250] 2026-07-10 00:04:39.620 9 WARNING keystone.common.fernet_utils [None req-59be38e0-2d41-4d83-bd38-f898e343a03c - - - - - -] key_repository is world readable: /etc/keystone/fernet-keys/ 10.0.0.218 - - [10/Jul/2026:00:04:39 +0000] "POST /v3/auth/tokens HTTP/1.1" 201 1992 10.0.0.218 - - [10/Jul/2026:00:04:39 +0000] "POST /v3/auth/tokens HTTP/1.1" 201 1992 10.0.0.218 - - [10/Jul/2026:00:04:39 +0000] "GET /v3/endpoints/73a76e8d038a4306820366985c73ffff HTTP/1.1" 200 383 10.0.0.218 - - [10/Jul/2026:00:04:39 +0000] "GET /v3/endpoints/06c82c4102a24bb69be8067d07753d43 HTTP/1.1" 200 380 10.0.0.218 - - [10/Jul/2026:00:04:39 +0000] "GET /v3/services/36a3de77ba664b9f9a89d3dd2335a46c HTTP/1.1" 200 296 10.0.0.218 - - [10/Jul/2026:00:04:39 +0000] "GET /v3/services/36a3de77ba664b9f9a89d3dd2335a46c HTTP/1.1" 200 296 10.0.0.77 - - [10/Jul/2026:00:04:45 +0000] "GET /v3/ HTTP/1.1" 200 250 10.0.0.77 - - [10/Jul/2026:00:04:45 +0000] "GET /v3/ HTTP/1.1" 200 250 10.0.0.188 - - [10/Jul/2026:00:04:50 +0000] "GET / HTTP/1.1" 300 295
[Fri Jul 10 00:04:50.746327 2026] [wsgi:error] [pid 9:tid 140484709807808] [remote 10.0.0.188:52004] 2026-07-10 00:04:50.746 9 WARNING keystone.common.password_hashing [None req-bd5b03fe-5f25-41d8-9802-df89fc0690df - - - - - -] Truncating password to algorithm specific maximum length 72 characters.
[Fri Jul 10 00:04:51.039260 2026] [wsgi:error] [pid 9:tid 140484709807808] [remote 10.0.0.188:52004] 2026-07-10 00:04:51.039 9 WARNING keystone.common.fernet_utils [None req-bd5b03fe-5f25-41d8-9802-df89fc0690df - - - - - -] key_repository is world readable: /etc/keystone/fernet-keys/ 10.0.0.188 - - [10/Jul/2026:00:04:50 +0000] "POST /v3/auth/tokens HTTP/1.1" 201 1992 10.0.0.188 - - [10/Jul/2026:00:04:51 +0000] "POST /v3/domains HTTP/1.1" 201 284 10.0.0.188 - - [10/Jul/2026:00:04:52 +0000] "GET / HTTP/1.1" 300 295
[Fri Jul 10 00:04:52.913679 2026] [wsgi:error] [pid 11:tid 140484709807808] [remote 10.0.0.188:52006] 2026-07-10 00:04:52.913 11 WARNING keystone.common.password_hashing [None req-e992fdf7-23ff-4d17-bf0d-88c8f3e5d15a - - - - - -] Truncating password to algorithm specific maximum length 72 characters.
[Fri Jul 10 00:04:53.244918 2026] [wsgi:error] [pid 11:tid 140484709807808] [remote 10.0.0.188:52006] 2026-07-10 00:04:53.244 11 WARNING keystone.common.fernet_utils [None req-e992fdf7-23ff-4d17-bf0d-88c8f3e5d15a - - - - - -] key_repository is world readable: /etc/keystone/fernet-keys/ 10.0.0.188 - - [10/Jul/2026:00:04:52 +0000] "POST /v3/auth/tokens HTTP/1.1" 201 1992
[Fri Jul 10 00:04:53.451600 2026] [wsgi:error] [pid 9:tid 140484709807808] [remote 10.0.0.188:52006] 2026-07-10 00:04:53.437 9 ERROR keystone.server.flask.application [None req-85f928c8-62fb-41a2-804a-03ac174c3949 2f18755ed4c449138d06bb6800267a88 ff32b370bb2a409bb219cd0898acab6f - - default default] Conflict occurred attempting to store project - it is not permitted to have two projects acting as domains with the same name: service.: keystone.exception.Conflict: Conflict occurred attempting to store project - it is not permitted to have two projects acting as domains with the same name: service.
[Fri Jul 10 00:04:53.451624 2026] [wsgi:error] [pid 9:tid 140484709807808] [remote 10.0.0.188:52006] 2026-07-10 00:04:53.437 9 ERROR keystone.server.flask.application
Traceback (most recent call last):
[Fri Jul 10 00:04:53.451626 2026] [wsgi:error] [pid 9:tid 140484709807808] [remote 10.0.0.188:52006] 2026-07-10 00:04:53.437 9 ERROR keystone.server.flask.application
File "/var/lib/openstack/lib/python3.12/site-packages/sqlalchemy/engine/base.py", line 1969, in _exec_single_context
[Fri Jul 10 00:04:53.451628 2026] [wsgi:error] [pid 9:tid 140484709807808] [remote 10.0.0.188:52006] 2026-07-10 00:04:53.437 9 ERROR keystone.server.flask.application self.dialect.do_execute(
[Fri Jul 10 00:04:53.451630 2026] [wsgi:error] [pid 9:tid 140484709807808] [remote 10.0.0.188:52006] 2026-07-10 00:04:53.437 9 ERROR keystone.server.flask.application
File "/var/lib/openstack/lib/python3.12/site-packages/sqlalchemy/engine/default.py", line 952, in do_execute
[Fri Jul 10 00:04:53.451631 2026] [wsgi:error] [pid 9:tid 140484709807808] [remote 10.0.0.188:52006] 2026-07-10 00:04:53.437 9 ERROR keystone.server.flask.application cursor.execute(statement, parameters)
[Fri Jul 10 00:04:53.451633 2026] [wsgi:error] [pid 9:tid 140484709807808] [remote 10.0.0.188:52006] 2026-07-10 00:04:53.437 9 ERROR keystone.server.flask.application
File "/var/lib/openstack/lib/python3.12/site-packages/pymysql/cursors.py", line 159, in execute
[Fri Jul 10 00:04:53.451634 2026] [wsgi:error] [pid 9:tid 140484709807808] [remote 10.0.0.188:52006] 2026-07-10 00:04:53.437 9 ERROR keystone.server.flask.application result = self._query(query)
[Fri Jul 10 00:04:53.451636 2026] [wsgi:error] [pid 9:tid 140484709807808] [remote 10.0.0.188:52006] 2026-07-10 00:04:53.437 9 ERROR keystone.server.flask.application ^^^^^^^^^^^^^^^^^^
[Fri Jul 10 00:04:53.451637 2026] [wsgi:error] [pid 9:tid 140484709807808] [remote 10.0.0.188:52006] 2026-07-10 00:04:53.437 9 ERROR keystone.server.flask.application
File "/var/lib/openstack/lib/python3.12/site-packages/pymysql/cursors.py", line 330, in _query
[Fri Jul 10 00:04:53.451639 2026] [wsgi:error] [pid 9:tid 140484709807808] [remote 10.0.0.188:52006] 2026-07-10 00:04:53.437 9 ERROR keystone.server.flask.application conn.query(q)
[Fri Jul 10 00:04:53.451640 2026] [wsgi:error] [pid 9:tid 140484709807808] [remote 10.0.0.188:52006] 2026-07-10 00:04:53.437 9 ERROR keystone.server.flask.application
File "/var/lib/openstack/lib/python3.12/site-packages/pymysql/connections.py", line 582, in query
[Fri Jul 10 00:04:53.451641 2026] [wsgi:error] [pid 9:tid 140484709807808] [remote 10.0.0.188:52006] 2026-07-10 00:04:53.437 9 ERROR keystone.server.flask.application self._affected_rows = self._read_query_result(unbuffered=unbuffered)
[Fri Jul 10 00:04:53.451643 2026] [wsgi:error] [pid 9:tid 140484709807808] [remote 10.0.0.188:52006] 2026-07-10 00:04:53.437 9 ERROR keystone.server.flask.application ^^^^^^^^^^^^^^^^^^^^^^^^^^^^^^^^^^^^^^^^^^^^^^
[Fri Jul 10 00:04:53.451644 2026] [wsgi:error] [pid 9:tid 140484709807808] [remote 10.0.0.188:52006] 2026-07-10 00:04:53.437 9 ERROR keystone.server.flask.application
File "/var/lib/openstack/lib/python3.12/site-packages/pymysql/connections.py", line 847, in _read_query_result
[Fri Jul 10 00:04:53.451646 2026] [wsgi:error] [pid 9:tid 140484709807808] [remote 10.0.0.188:52006] 2026-07-10 00:04:53.437 9 ERROR keystone.server.flask.application result.read()
[Fri Jul 10 00:04:53.451650 2026] [wsgi:error] [pid 9:tid 140484709807808] [remote 10.0.0.188:52006] 2026-07-10 00:04:53.437 9 ERROR keystone.server.flask.application
File "/var/lib/openstack/lib/python3.12/site-packages/pymysql/connections.py", line 1245, in read
[Fri Jul 10 00:04:53.451651 2026] [wsgi:error] [pid 9:tid 140484709807808] [remote 10.0.0.188:52006] 2026-07-10 00:04:53.437 9 ERROR keystone.server.flask.application first_packet = self.connection._read_packet()
[Fri Jul 10 00:04:53.451653 2026] [wsgi:error] [pid 9:tid 140484709807808] [remote 10.0.0.188:52006] 2026-07-10 00:04:53.437 9 ERROR keystone.server.flask.application ^^^^^^^^^^^^^^^^^^^^^^^^^^^^^^
[Fri Jul 10 00:04:53.451654 2026] [wsgi:error] [pid 9:tid 140484709807808] [remote 10.0.0.188:52006] 2026-07-10 00:04:53.437 9 ERROR keystone.server.flask.application
File "/var/lib/openstack/lib/python3.12/site-packages/pymysql/connections.py", line 803, in _read_packet
[Fri Jul 10 00:04:53.451655 2026] [wsgi:error] [pid 9:tid 140484709807808] [remote 10.0.0.188:52006] 2026-07-10 00:04:53.437 9 ERROR keystone.server.flask.application packet.raise_for_error()
[Fri Jul 10 00:04:53.451657 2026] [wsgi:error] [pid 9:tid 140484709807808] [remote 10.0.0.188:52006] 2026-07-10 00:04:53.437 9 ERROR keystone.server.flask.application
File "/var/lib/openstack/lib/python3.12/site-packages/pymysql/protocol.py", line 219, in raise_for_error
[Fri Jul 10 00:04:53.451658 2026] [wsgi:error] [pid 9:tid 140484709807808] [remote 10.0.0.188:52006] 2026-07-10 00:04:53.437 9 ERROR keystone.server.flask.application err.raise_mysql_exception(self._data)
[Fri Jul 10 00:04:53.451659 2026] [wsgi:error] [pid 9:tid 140484709807808] [remote 10.0.0.188:52006] 2026-07-10 00:04:53.437 9 ERROR keystone.server.flask.application
File "/var/lib/openstack/lib/python3.12/site-packages/pymysql/err.py", line 154, in raise_mysql_exception
[Fri Jul 10 00:04:53.451661 2026] [wsgi:error] [pid 9:tid 140484709807808] [remote 10.0.0.188:52006] 2026-07-10 00:04:53.437 9 ERROR keystone.server.flask.application raise errorclass(errno, errval, sqlstate=sqlstate)
[Fri Jul 10 00:04:53.451662 2026] [wsgi:error] [pid 9:tid 140484709807808] [remote 10.0.0.188:52006] 2026-07-10 00:04:53.437 9 ERROR keystone.server.flask.application pymysql.err.IntegrityError: (1062, "Duplicate entry '<>-service' for key 'project.ixu_project_name_domain_id'")
[Fri Jul 10 00:04:53.451664 2026] [wsgi:error] [pid 9:tid 140484709807808] [remote 10.0.0.188:52006] 2026-07-10 00:04:53.437 9 ERROR keystone.server.flask.application
[Fri Jul 10 00:04:53.451665 2026] [wsgi:error] [pid 9:tid 140484709807808] [remote 10.0.0.188:52006] 2026-07-10 00:04:53.437 9 ERROR keystone.server.flask.application The above exception was the direct cause of the following exception:
[Fri Jul 10 00:04:53.451666 2026] [wsgi:error] [pid 9:tid 140484709807808] [remote 10.0.0.188:52006] 2026-07-10 00:04:53.437 9 ERROR keystone.server.flask.application
[Fri Jul 10 00:04:53.451668 2026] [wsgi:error] [pid 9:tid 140484709807808] [remote 10.0.0.188:52006] 2026-07-10 00:04:53.437 9 ERROR keystone.server.flask.application
Traceback (most recent call last):
[Fri Jul 10 00:04:53.451669 2026] [wsgi:error] [pid 9:tid 140484709807808] [remote 10.0.0.188:52006] 2026-07-10 00:04:53.437 9 ERROR keystone.server.flask.application
File "/var/lib/openstack/lib/python3.12/site-packages/keystone/common/sql/core.py", line 575, in wrapper
[Fri Jul 10 00:04:53.451670 2026] [wsgi:error] [pid 9:tid 140484709807808] [remote 10.0.0.188:52006] 2026-07-10 00:04:53.437 9 ERROR keystone.server.flask.application return method(*args, **kwargs)
[Fri Jul 10 00:04:53.451672 2026] [wsgi:error] [pid 9:tid 140484709807808] [remote 10.0.0.188:52006] 2026-07-10 00:04:53.437 9 ERROR keystone.server.flask.application ^^^^^^^^^^^^^^^^^^^^^^^
[Fri Jul 10 00:04:53.451673 2026] [wsgi:error] [pid 9:tid 140484709807808] [remote 10.0.0.188:52006] 2026-07-10 00:04:53.437 9 ERROR keystone.server.flask.application
File "/var/lib/openstack/lib/python3.12/site-packages/keystone/resource/backends/sql.py", line 278, in create_project
[Fri Jul 10 00:04:53.451675 2026] [wsgi:error] [pid 9:tid 140484709807808] [remote 10.0.0.188:52006] 2026-07-10 00:04:53.437 9 ERROR keystone.server.flask.application with sql.session_for_write() as session:
[Fri Jul 10 00:04:53.451676 2026] [wsgi:error] [pid 9:tid 140484709807808] [remote 10.0.0.188:52006] 2026-07-10 00:04:53.437 9 ERROR keystone.server.flask.application
File "/usr/lib/python3.12/contextlib.py", line 144, in __exit__
[Fri Jul 10 00:04:53.451678 2026] [wsgi:error] [pid 9:tid 140484709807808] [remote 10.0.0.188:52006] 2026-07-10 00:04:53.437 9 ERROR keystone.server.flask.application next(self.gen)
[Fri Jul 10 00:04:53.451701 2026] [wsgi:error] [pid 9:tid 140484709807808] [remote 10.0.0.188:52006] 2026-07-10 00:04:53.437 9 ERROR keystone.server.flask.application
File "/var/lib/openstack/lib/python3.12/site-packages/oslo_db/sqlalchemy/enginefacade.py", line 1175, in _transaction_scope
[Fri Jul 10 00:04:53.451703 2026] [wsgi:error] [pid 9:tid 140484709807808] [remote 10.0.0.188:52006] 2026-07-10 00:04:53.437 9 ERROR keystone.server.flask.application with current._produce_block(
[Fri Jul 10 00:04:53.451704 2026] [wsgi:error] [pid 9:tid 140484709807808] [remote 10.0.0.188:52006] 2026-07-10 00:04:53.437 9 ERROR keystone.server.flask.application
File "/usr/lib/python3.12/contextlib.py", line 144, in __exit__
[Fri Jul 10 00:04:53.451705 2026] [wsgi:error] [pid 9:tid 140484709807808] [remote 10.0.0.188:52006] 2026-07-10 00:04:53.437 9 ERROR keystone.server.flask.application next(self.gen)
[Fri Jul 10 00:04:53.451707 2026] [wsgi:error] [pid 9:tid 140484709807808] [remote 10.0.0.188:52006] 2026-07-10 00:04:53.437 9 ERROR keystone.server.flask.application
File "/var/lib/openstack/lib/python3.12/site-packages/oslo_db/sqlalchemy/enginefacade.py", line 837, in _session
[Fri Jul 10 00:04:53.451708 2026] [wsgi:error] [pid 9:tid 140484709807808] [remote 10.0.0.188:52006] 2026-07-10 00:04:53.437 9 ERROR keystone.server.flask.application with excutils.save_and_reraise_exception():
[Fri Jul 10 00:04:53.451709 2026] [wsgi:error] [pid 9:tid 140484709807808] [remote 10.0.0.188:52006] 2026-07-10 00:04:53.437 9 ERROR keystone.server.flask.application
File "/var/lib/openstack/lib/python3.12/site-packages/oslo_utils/excutils.py", line 266, in __exit__
[Fri Jul 10 00:04:53.451711 2026] [wsgi:error] [pid 9:tid 140484709807808] [remote 10.0.0.188:52006] 2026-07-10 00:04:53.437 9 ERROR keystone.server.flask.application self.force_reraise()
[Fri Jul 10 00:04:53.451712 2026] [wsgi:error] [pid 9:tid 140484709807808] [remote 10.0.0.188:52006] 2026-07-10 00:04:53.437 9 ERROR keystone.server.flask.application
File "/var/lib/openstack/lib/python3.12/site-packages/oslo_utils/excutils.py", line 232, in force_reraise
[Fri Jul 10 00:04:53.451714 2026] [wsgi:error] [pid 9:tid 140484709807808] [remote 10.0.0.188:52006] 2026-07-10 00:04:53.437 9 ERROR keystone.server.flask.application raise self.value
[Fri Jul 10 00:04:53.451715 2026] [wsgi:error] [pid 9:tid 140484709807808] [remote 10.0.0.188:52006] 2026-07-10 00:04:53.437 9 ERROR keystone.server.flask.application
File "/var/lib/openstack/lib/python3.12/site-packages/oslo_db/sqlalchemy/enginefacade.py", line 835, in _session
[Fri Jul 10 00:04:53.451716 2026] [wsgi:error] [pid 9:tid 140484709807808] [remote 10.0.0.188:52006] 2026-07-10 00:04:53.437 9 ERROR keystone.server.flask.application self._end_session_transaction(self.session)
[Fri Jul 10 00:04:53.451718 2026] [wsgi:error] [pid 9:tid 140484709807808] [remote 10.0.0.188:52006] 2026-07-10 00:04:53.437 9 ERROR keystone.server.flask.application
File "/var/lib/openstack/lib/python3.12/site-packages/oslo_db/sqlalchemy/enginefacade.py", line 748, in _end_session_transaction
[Fri Jul 10 00:04:53.451719 2026] [wsgi:error] [pid 9:tid 140484709807808] [remote 10.0.0.188:52006] 2026-07-10 00:04:53.437 9 ERROR keystone.server.flask.application session.commit()
[Fri Jul 10 00:04:53.451720 2026] [wsgi:error] [pid 9:tid 140484709807808] [remote 10.0.0.188:52006] 2026-07-10 00:04:53.437 9 ERROR keystone.server.flask.application
File "/var/lib/openstack/lib/python3.12/site-packages/sqlalchemy/orm/session.py", line 2034, in commit
[Fri Jul 10 00:04:53.451722 2026] [wsgi:error] [pid 9:tid 140484709807808] [remote 10.0.0.188:52006] 2026-07-10 00:04:53.437 9 ERROR keystone.server.flask.application trans.commit(_to_root=True)
[Fri Jul 10 00:04:53.451723 2026] [wsgi:error] [pid 9:tid 140484709807808] [remote 10.0.0.188:52006] 2026-07-10 00:04:53.437 9 ERROR keystone.server.flask.application File "", line 2, in commit
[Fri Jul 10 00:04:53.451725 2026] [wsgi:error] [pid 9:tid 140484709807808] [remote 10.0.0.188:52006] 2026-07-10 00:04:53.437 9 ERROR keystone.server.flask.application
File "/var/lib/openstack/lib/python3.12/site-packages/sqlalchemy/orm/state_changes.py", line 137, in _go
[Fri Jul 10 00:04:53.451727 2026] [wsgi:error] [pid 9:tid 140484709807808] [remote 10.0.0.188:52006] 2026-07-10 00:04:53.437 9 ERROR keystone.server.flask.application ret_value = fn(self, *arg, **kw)
[Fri Jul 10 00:04:53.451728 2026] [wsgi:error] [pid 9:tid 140484709807808] [remote 10.0.0.188:52006] 2026-07-10 00:04:53.437 9 ERROR keystone.server.flask.application ^^^^^^^^^^^^^^^^^^^^
[Fri Jul 10 00:04:53.451731 2026] [wsgi:error] [pid 9:tid 140484709807808] [remote 10.0.0.188:52006] 2026-07-10 00:04:53.437 9 ERROR keystone.server.flask.application
File "/var/lib/openstack/lib/python3.12/site-packages/sqlalchemy/orm/session.py", line 1315, in commit
[Fri Jul 10 00:04:53.451732 2026] [wsgi:error] [pid 9:tid 140484709807808] [remote 10.0.0.188:52006] 2026-07-10 00:04:53.437 9 ERROR keystone.server.flask.application self._prepare_impl()
[Fri Jul 10 00:04:53.451733 2026] [wsgi:error] [pid 9:tid 140484709807808] [remote 10.0.0.188:52006] 2026-07-10 00:04:53.437 9 ERROR keystone.server.flask.application File "", line 2, in _prepare_impl
[Fri Jul 10 00:04:53.451735 2026] [wsgi:error] [pid 9:tid 140484709807808] [remote 10.0.0.188:52006] 2026-07-10 00:04:53.437 9 ERROR keystone.server.flask.application
File "/var/lib/openstack/lib/python3.12/site-packages/sqlalchemy/orm/state_changes.py", line 137, in _go
[Fri Jul 10 00:04:53.451736 2026] [wsgi:error] [pid 9:tid 140484709807808] [remote 10.0.0.188:52006] 2026-07-10 00:04:53.437 9 ERROR keystone.server.flask.application ret_value = fn(self, *arg, **kw)
[Fri Jul 10 00:04:53.451738 2026] [wsgi:error] [pid 9:tid 140484709807808] [remote 10.0.0.188:52006] 2026-07-10 00:04:53.437 9 ERROR keystone.server.flask.application ^^^^^^^^^^^^^^^^^^^^
[Fri Jul 10 00:04:53.451739 2026] [wsgi:error] [pid 9:tid 140484709807808] [remote 10.0.0.188:52006] 2026-07-10 00:04:53.437 9 ERROR keystone.server.flask.application
File "/var/lib/openstack/lib/python3.12/site-packages/sqlalchemy/orm/session.py", line 1290, in _prepare_impl
[Fri Jul 10 00:04:53.451741 2026] [wsgi:error] [pid 9:tid 140484709807808] [remote 10.0.0.188:52006] 2026-07-10 00:04:53.437 9 ERROR keystone.server.flask.application self.session.flush()
[Fri Jul 10 00:04:53.451742 2026] [wsgi:error] [pid 9:tid 140484709807808] [remote 10.0.0.188:52006] 2026-07-10 00:04:53.437 9 ERROR keystone.server.flask.application
File "/var/lib/openstack/lib/python3.12/site-packages/sqlalchemy/orm/session.py", line 4352, in flush
[Fri Jul 10 00:04:53.451744 2026] [wsgi:error] [pid 9:tid 140484709807808] [remote 10.0.0.188:52006] 2026-07-10 00:04:53.437 9 ERROR keystone.server.flask.application self._flush(objects)
[Fri Jul 10 00:04:53.451745 2026] [wsgi:error] [pid 9:tid 140484709807808] [remote 10.0.0.188:52006] 2026-07-10 00:04:53.437 9 ERROR keystone.server.flask.application
File "/var/lib/openstack/lib/python3.12/site-packages/sqlalchemy/orm/session.py", line 4487, in _flush
[Fri Jul 10 00:04:53.451747 2026] [wsgi:error] [pid 9:tid 140484709807808] [remote 10.0.0.188:52006] 2026-07-10 00:04:53.437 9 ERROR keystone.server.flask.application with util.safe_reraise():
[Fri Jul 10 00:04:53.451748 2026] [wsgi:error] [pid 9:tid 140484709807808] [remote 10.0.0.188:52006] 2026-07-10 00:04:53.437 9 ERROR keystone.server.flask.application
File "/var/lib/openstack/lib/python3.12/site-packages/sqlalchemy/util/langhelpers.py", line 122, in __exit__
[Fri Jul 10 00:04:53.451750 2026] [wsgi:error] [pid 9:tid 140484709807808] [remote 10.0.0.188:52006] 2026-07-10 00:04:53.437 9 ERROR keystone.server.flask.application raise exc_value.with_traceback(exc_tb)
[Fri Jul 10 00:04:53.451751 2026] [wsgi:error] [pid 9:tid 140484709807808] [remote 10.0.0.188:52006] 2026-07-10 00:04:53.437 9 ERROR keystone.server.flask.application
File "/var/lib/openstack/lib/python3.12/site-packages/sqlalchemy/orm/session.py", line 4448, in _flush
[Fri Jul 10 00:04:53.451753 2026] [wsgi:error] [pid 9:tid 140484709807808] [remote 10.0.0.188:52006] 2026-07-10 00:04:53.437 9 ERROR keystone.server.flask.application flush_context.execute()
[Fri Jul 10 00:04:53.451754 2026] [wsgi:error] [pid 9:tid 140484709807808] [remote 10.0.0.188:52006] 2026-07-10 00:04:53.437 9 ERROR keystone.server.flask.application
File "/var/lib/openstack/lib/python3.12/site-packages/sqlalchemy/orm/unitofwork.py", line 465, in execute
