Apr 24 19:11:21.023497 np0000170092 devstack@neutron-api.service[104229]: DEBUG ovsdbapp.backend.ovs_idl.event [None req-40289d6a-6b95-4eab-81c8-c0f484cbbbfd None None] Matched CREATE: ChassisBandwidthConfigEvent(events=('create', 'update'), table='Chassis', conditions=None, old_conditions=None), priority=20 to row=Chassis(uuid=a4a3925e-04b2-44c7-b33b-07a9e260502c, encaps=[f99695d8-89d6-41f4-ab0b-e611e6d31d75], external_ids={}, hostname='np0000170092', name='302e134f-7f08-4574-b05b-4ae964a786a3', nb_cfg=0, other_config={'ct-commit-nat-v2': 'true', 'ct-commit-to-zone': 'true', 'ct-next-zone': 'true', 'ct-no-masked-label': 'true', 'ct-state-save': 'true', 'datapath-type': 'system', 'fdb-timestamp': 'true', 'iface-types': 'afxdp,afxdp-nonpmd,bareudp,erspan,geneve,gre,gtpu,internal,ip6erspan,ip6gre,lisp,patch,srv6,stt,system,tap,vxlan', 'is-interconn': 'false', 'ls-dpg-column': 'true', 'mac-binding-timestamp': 'true', 'ovn-bridge-mappings': 'public:br-ex', 'ovn-chassis-mac-mappings': '', 'ovn-cms-options': 'enable-chassis-as-gw', 'ovn-ct-lb-related': 'true', 'ovn-enable-lflow-cache': 'true', 'ovn-limit-lflow-cache': '', 'ovn-memlimit-lflow-cache-kb': '', 'ovn-monitor-all': 'false', 'ovn-trim-limit-lflow-cache': '', 'ovn-trim-timeout-ms': '', 'ovn-trim-wmark-perc-lflow-cache': '', 'port-up-notif': 'true'}, transport_zones=[], vtep_logical_switches=[]) old= {{(pid=104229) matches /opt/stack/data/venv/lib/python3.12/site-packages/ovsdbapp/backend/ovs_idl/event.py:55}}
Apr 24 19:11:21.024207 np0000170092 devstack@neutron-api.service[104229]: DEBUG neutron.plugins.ml2.drivers.ovn.mech_driver.ovsdb.ovsdb_monitor [None req-40289d6a-6b95-4eab-81c8-c0f484cbbbfd None None] ChassisOVNAgentWriteEvent : Matched Chassis_Private, create, None None {{(pid=104229) matches /opt/stack/neutron/neutron/plugins/ml2/drivers/ovn/mech_driver/ovsdb/ovsdb_monitor.py:64}}
Apr 24 19:11:21.024366 np0000170092 devstack@neutron-api.service[104229]: DEBUG neutron.plugins.ml2.drivers.ovn.mech_driver.ovsdb.ovsdb_monitor [None req-40289d6a-6b95-4eab-81c8-c0f484cbbbfd None None] ChassisAgentWriteEvent : Matched Chassis_Private, create, None None {{(pid=104229) matches /opt/stack/neutron/neutron/plugins/ml2/drivers/ovn/mech_driver/ovsdb/ovsdb_monitor.py:64}}
Apr 24 19:11:21.024432 np0000170092 devstack@neutron-api.service[104228]: DEBUG neutron.common.ovn.hash_ring_manager [None req-3af04bf0-242a-413a-953a-3692bcb82a25 None None] Allow caching, nodes 4>=4 {{(pid=104228) _wait_startup_before_caching /opt/stack/neutron/neutron/common/ovn/hash_ring_manager.py:65}}
Apr 24 19:11:21.024863 np0000170092 devstack@neutron-api.service[104229]: DEBUG neutron.plugins.ml2.drivers.ovn.mech_driver.ovsdb.ovsdb_monitor [None req-40289d6a-6b95-4eab-81c8-c0f484cbbbfd None None] Hash Ring: Node 011b875ce9fd5180bba94dd0f3bf6efb (host: np0000170092) handling event "create" for row f99695d8-89d6-41f4-ab0b-e611e6d31d75 (table: Encap) {{(pid=104229) notify /opt/stack/neutron/neutron/plugins/ml2/drivers/ovn/mech_driver/ovsdb/ovsdb_monitor.py:914}}
Apr 24 19:11:21.026180 np0000170092 devstack@neutron-api.service[104229]: INFO neutron.plugins.ml2.drivers.ovn.mech_driver.mech_driver [None req-40289d6a-6b95-4eab-81c8-c0f484cbbbfd None None] WorkerService process has finished the post initialization
Apr 24 19:11:21.027137 np0000170092 devstack@neutron-api.service[104229]: INFO neutron.plugins.ml2.drivers.ovn.mech_driver.ovsdb.extensions.qos [-] Starting OVNClientQosExtension
Apr 24 19:11:21.027213 np0000170092 devstack@neutron-api.service[104227]: DEBUG neutron.common.ovn.hash_ring_manager [None req-af4e923f-4ea5-46a3-b98c-72eeae6fa801 None None] Hash Ring loaded. 4 active nodes. 0 offline nodes {{(pid=104227) _load_hash_ring /opt/stack/neutron/neutron/common/ovn/hash_ring_manager.py:102}}
Apr 24 19:11:21.027253 np0000170092 devstack@neutron-api.service[104229]: INFO neutron.plugins.ml2.drivers.ovn.mech_driver.ovsdb.extensions.placement [-] Starting OVNClientPlacementExtension
Apr 24 19:11:21.027293 np0000170092 devstack@neutron-api.service[104227]: DEBUG neutron.plugins.ml2.drivers.ovn.mech_driver.ovsdb.ovsdb_monitor [None req-af4e923f-4ea5-46a3-b98c-72eeae6fa801 None None] Hash Ring: Node 8ad2d78fdc3451558d6c1b3afa760906 (host: np0000170092) handling event "create" for row 0e66047b-ebb7-429c-ac2e-e841bed6e8b2 (table: ACL) {{(pid=104227) notify /opt/stack/neutron/neutron/plugins/ml2/drivers/ovn/mech_driver/ovsdb/ovsdb_monitor.py:914}}
Apr 24 19:11:21.027638 np0000170092 devstack@neutron-api.service[104227]: DEBUG neutron.plugins.ml2.drivers.ovn.mech_driver.ovsdb.ovsdb_monitor [None req-af4e923f-4ea5-46a3-b98c-72eeae6fa801 None None] Hash Ring: Node 8ad2d78fdc3451558d6c1b3afa760906 (host: np0000170092) handling event "create" for row 437ca7a6-768e-4c9c-87e8-cc9467f01f98 (table: Port_Group) {{(pid=104227) notify /opt/stack/neutron/neutron/plugins/ml2/drivers/ovn/mech_driver/ovsdb/ovsdb_monitor.py:914}}
Apr 24 19:11:21.027854 np0000170092 devstack@neutron-api.service[104227]: DEBUG neutron.plugins.ml2.drivers.ovn.mech_driver.ovsdb.ovsdb_monitor [None req-af4e923f-4ea5-46a3-b98c-72eeae6fa801 None None] Hash Ring: Node 8ad2d78fdc3451558d6c1b3afa760906 (host: np0000170092) handling event "create" for row 3e042c69-adae-40bb-bf65-8a3782486afd (table: SSL) {{(pid=104227) notify /opt/stack/neutron/neutron/plugins/ml2/drivers/ovn/mech_driver/ovsdb/ovsdb_monitor.py:914}}
Apr 24 19:11:21.028941 np0000170092 devstack@neutron-api.service[104227]: INFO neutron.plugins.ml2.drivers.ovn.mech_driver.ovsdb.impl_idl_ovn [None req-af4e923f-4ea5-46a3-b98c-72eeae6fa801 None None] Getting OvsdbSbOvnIdl for WorkerService with retry
Apr 24 19:11:21.029864 np0000170092 devstack@neutron-api.service[104229]: WSGI app 0 (mountpoint='') ready in 8 seconds on interpreter 0x7e788e6a3668 pid: 104229 (default app)
Apr 24 19:11:21.030985 np0000170092 devstack@neutron-api.service[104228]: DEBUG neutron.common.ovn.hash_ring_manager [None req-3af04bf0-242a-413a-953a-3692bcb82a25 None None] Hash Ring loaded. 4 active nodes. 0 offline nodes {{(pid=104228) _load_hash_ring /opt/stack/neutron/neutron/common/ovn/hash_ring_manager.py:102}}
Apr 24 19:11:21.031311 np0000170092 devstack@neutron-api.service[104228]: DEBUG neutron.plugins.ml2.drivers.ovn.mech_driver.ovsdb.ovsdb_monitor [None req-3af04bf0-242a-413a-953a-3692bcb82a25 None None] Hash Ring: Node 6e989f0b6c51582187e99d633c8d9b07 (host: np0000170092) handling event "create" for row c7ca68f6-8816-4aec-b88e-6b1abe077cc7 (table: NB_Global) {{(pid=104228) notify /opt/stack/neutron/neutron/plugins/ml2/drivers/ovn/mech_driver/ovsdb/ovsdb_monitor.py:914}}
Apr 24 19:11:21.032480 np0000170092 devstack@neutron-api.service[104228]: INFO neutron.plugins.ml2.drivers.ovn.mech_driver.ovsdb.impl_idl_ovn [None req-3af04bf0-242a-413a-953a-3692bcb82a25 None None] Getting OvsdbSbOvnIdl for WorkerService with retry
Apr 24 19:11:21.060265 np0000170092 devstack@neutron-api.service[104227]: DEBUG ovsdbapp.backend.ovs_idl [None req-af4e923f-4ea5-46a3-b98c-72eeae6fa801 None None] Created lookup_table index Chassis.name {{(pid=104227) autocreate_indices /opt/stack/data/venv/lib/python3.12/site-packages/ovsdbapp/backend/ovs_idl/__init__.py:87}}
Apr 24 19:11:21.060376 np0000170092 devstack@neutron-api.service[104227]: DEBUG ovsdbapp.backend.ovs_idl [None req-af4e923f-4ea5-46a3-b98c-72eeae6fa801 None None] Created lookup_table index Port_Binding.logical_port {{(pid=104227) autocreate_indices /opt/stack/data/venv/lib/python3.12/site-packages/ovsdbapp/backend/ovs_idl/__init__.py:87}}
Apr 24 19:11:21.060496 np0000170092 devstack@neutron-api.service[104227]: DEBUG ovsdbapp.backend.ovs_idl [None req-af4e923f-4ea5-46a3-b98c-72eeae6fa801 None None] Created schema index Chassis_Private.name {{(pid=104227) autocreate_indices /opt/stack/data/venv/lib/python3.12/site-packages/ovsdbapp/backend/ovs_idl/__init__.py:106}}
Apr 24 19:11:21.060566 np0000170092 devstack@neutron-api.service[104227]: DEBUG ovsdbapp.backend.ovs_idl [None req-af4e923f-4ea5-46a3-b98c-72eeae6fa801 None None] Created schema index Datapath_Binding.tunnel_key {{(pid=104227) autocreate_indices /opt/stack/data/venv/lib/python3.12/site-packages/ovsdbapp/backend/ovs_idl/__init__.py:106}}
Apr 24 19:11:21.062490 np0000170092 devstack@neutron-api.service[104227]: INFO ovsdbapp.backend.ovs_idl.vlog [None req-af4e923f-4ea5-46a3-b98c-72eeae6fa801 None None] ssl:199.204.45.116:6642: connecting...
Apr 24 19:11:21.066724 np0000170092 devstack@neutron-api.service[104228]: DEBUG ovsdbapp.backend.ovs_idl [None req-3af04bf0-242a-413a-953a-3692bcb82a25 None None] Created lookup_table index Chassis.name {{(pid=104228) autocreate_indices /opt/stack/data/venv/lib/python3.12/site-packages/ovsdbapp/backend/ovs_idl/__init__.py:87}}
Apr 24 19:11:21.066816 np0000170092 devstack@neutron-api.service[104228]: DEBUG ovsdbapp.backend.ovs_idl [None req-3af04bf0-242a-413a-953a-3692bcb82a25 None None] Created lookup_table index Port_Binding.logical_port {{(pid=104228) autocreate_indices /opt/stack/data/venv/lib/python3.12/site-packages/ovsdbapp/backend/ovs_idl/__init__.py:87}}
Apr 24 19:11:21.066896 np0000170092 devstack@neutron-api.service[104228]: DEBUG ovsdbapp.backend.ovs_idl [None req-3af04bf0-242a-413a-953a-3692bcb82a25 None None] Created schema index Chassis_Private.name {{(pid=104228) autocreate_indices /opt/stack/data/venv/lib/python3.12/site-packages/ovsdbapp/backend/ovs_idl/__init__.py:106}}
Apr 24 19:11:21.066974 np0000170092 devstack@neutron-api.service[104228]: DEBUG ovsdbapp.backend.ovs_idl [None req-3af04bf0-242a-413a-953a-3692bcb82a25 None None] Created schema index Datapath_Binding.tunnel_key {{(pid=104228) autocreate_indices /opt/stack/data/venv/lib/python3.12/site-packages/ovsdbapp/backend/ovs_idl/__init__.py:106}}
Apr 24 19:11:21.068650 np0000170092 devstack@neutron-api.service[104227]: INFO ovsdbapp.backend.ovs_idl.vlog [None req-af4e923f-4ea5-46a3-b98c-72eeae6fa801 None None] ssl:199.204.45.116:6642: connected
Apr 24 19:11:21.069180 np0000170092 devstack@neutron-api.service[104228]: INFO ovsdbapp.backend.ovs_idl.vlog [None req-3af04bf0-242a-413a-953a-3692bcb82a25 None None] ssl:199.204.45.116:6642: connecting...
Apr 24 19:11:21.075341 np0000170092 devstack@neutron-api.service[104228]: INFO ovsdbapp.backend.ovs_idl.vlog [None req-3af04bf0-242a-413a-953a-3692bcb82a25 None None] ssl:199.204.45.116:6642: connected
Apr 24 19:11:21.098757 np0000170092 devstack@neutron-api.service[104227]: DEBUG neutron.common.ovn.hash_ring_manager [None req-af4e923f-4ea5-46a3-b98c-72eeae6fa801 None None] Allow caching, nodes 4>=4 {{(pid=104227) _wait_startup_before_caching /opt/stack/neutron/neutron/common/ovn/hash_ring_manager.py:65}}
Apr 24 19:11:21.099814 np0000170092 devstack@neutron-api.service[104228]: DEBUG neutron.common.ovn.hash_ring_manager [None req-3af04bf0-242a-413a-953a-3692bcb82a25 None None] Allow caching, nodes 4>=4 {{(pid=104228) _wait_startup_before_caching /opt/stack/neutron/neutron/common/ovn/hash_ring_manager.py:65}}
Apr 24 19:11:21.102030 np0000170092 devstack@neutron-api.service[104227]: DEBUG neutron.common.ovn.hash_ring_manager [None req-af4e923f-4ea5-46a3-b98c-72eeae6fa801 None None] Hash Ring loaded. 4 active nodes. 0 offline nodes {{(pid=104227) _load_hash_ring /opt/stack/neutron/neutron/common/ovn/hash_ring_manager.py:102}}
Apr 24 19:11:21.102183 np0000170092 devstack@neutron-api.service[104227]: DEBUG neutron.plugins.ml2.drivers.ovn.mech_driver.ovsdb.ovsdb_monitor [None req-af4e923f-4ea5-46a3-b98c-72eeae6fa801 None None] ChassisAgentWriteEvent : Matched Chassis_Private, create, None None {{(pid=104227) matches /opt/stack/neutron/neutron/plugins/ml2/drivers/ovn/mech_driver/ovsdb/ovsdb_monitor.py:64}}
Apr 24 19:11:21.102553 np0000170092 devstack@neutron-api.service[104227]: DEBUG neutron.plugins.ml2.drivers.ovn.mech_driver.ovsdb.ovsdb_monitor [None req-af4e923f-4ea5-46a3-b98c-72eeae6fa801 None None] ChassisOVNAgentWriteEvent : Matched Chassis_Private, create, None None {{(pid=104227) matches /opt/stack/neutron/neutron/plugins/ml2/drivers/ovn/mech_driver/ovsdb/ovsdb_monitor.py:64}}
Apr 24 19:11:21.103207 np0000170092 devstack@neutron-api.service[104228]: DEBUG neutron.common.ovn.hash_ring_manager [None req-3af04bf0-242a-413a-953a-3692bcb82a25 None None] Hash Ring loaded. 4 active nodes. 0 offline nodes {{(pid=104228) _load_hash_ring /opt/stack/neutron/neutron/common/ovn/hash_ring_manager.py:102}}
Apr 24 19:11:21.103415 np0000170092 devstack@neutron-api.service[104228]: DEBUG neutron.plugins.ml2.drivers.ovn.mech_driver.ovsdb.ovsdb_monitor [None req-3af04bf0-242a-413a-953a-3692bcb82a25 None None] ChassisOVNAgentWriteEvent : Matched Chassis_Private, create, None None {{(pid=104228) matches /opt/stack/neutron/neutron/plugins/ml2/drivers/ovn/mech_driver/ovsdb/ovsdb_monitor.py:64}}
Apr 24 19:11:21.103518 np0000170092 devstack@neutron-api.service[104228]: DEBUG neutron.plugins.ml2.drivers.ovn.mech_driver.ovsdb.ovsdb_monitor [None req-3af04bf0-242a-413a-953a-3692bcb82a25 None None] ChassisAgentWriteEvent : Matched Chassis_Private, create, None None {{(pid=104228) matches /opt/stack/neutron/neutron/plugins/ml2/drivers/ovn/mech_driver/ovsdb/ovsdb_monitor.py:64}}
Apr 24 19:11:21.103820 np0000170092 devstack@neutron-api.service[104228]: DEBUG neutron.plugins.ml2.drivers.ovn.mech_driver.ovsdb.ovsdb_monitor [None req-3af04bf0-242a-413a-953a-3692bcb82a25 None None] Hash Ring: Node 6e989f0b6c51582187e99d633c8d9b07 (host: np0000170092) handling event "create" for row 1802cd73-5d1d-41bb-a57f-a3cc6e7e8cb2 (table: Chassis_Private) {{(pid=104228) notify /opt/stack/neutron/neutron/plugins/ml2/drivers/ovn/mech_driver/ovsdb/ovsdb_monitor.py:914}}
Apr 24 19:11:21.104357 np0000170092 devstack@neutron-api.service[104227]: INFO neutron.plugins.ml2.drivers.ovn.mech_driver.mech_driver [None req-af4e923f-4ea5-46a3-b98c-72eeae6fa801 None None] WorkerService process has finished the post initialization
Apr 24 19:11:21.105457 np0000170092 devstack@neutron-api.service[104227]: WSGI app 0 (mountpoint='') ready in 8 seconds on interpreter 0x7e788e6a3668 pid: 104227 (default app)
Apr 24 19:11:21.106169 np0000170092 devstack@neutron-api.service[104228]: INFO neutron.plugins.ml2.drivers.ovn.mech_driver.mech_driver [None req-3af04bf0-242a-413a-953a-3692bcb82a25 None None] WorkerService process has finished the post initialization
Apr 24 19:11:21.107309 np0000170092 devstack@neutron-api.service[104228]: WSGI app 0 (mountpoint='') ready in 8 seconds on interpreter 0x7e788e6a3668 pid: 104228 (default app)
Apr 24 19:11:23.156382 np0000170092 devstack@neutron-api.service[104230]: DEBUG neutron.common.ovn.hash_ring_manager [-] Allow caching, nodes 4>=4 {{(pid=104230) _wait_startup_before_caching /opt/stack/neutron/neutron/common/ovn/hash_ring_manager.py:65}}
Apr 24 19:11:23.156382 np0000170092 devstack@neutron-api.service[104230]: DEBUG neutron.plugins.ml2.drivers.ovn.mech_driver.ovsdb.ovsdb_monitor [-] Hash Ring: Node 80defb78e98856da88def9f1ba81ee11 (host: np0000170092) handling event "update" for row a5f24dbf-7f34-46e7-82f9-d6d519d70a30 (table: Connection) {{(pid=104230) notify /opt/stack/neutron/neutron/plugins/ml2/drivers/ovn/mech_driver/ovsdb/ovsdb_monitor.py:914}}
Apr 24 19:11:26.483070 np0000170092 devstack@neutron-api.service[104230]: DEBUG neutron.api.wsgi [None req-6595ae68-25b6-4850-a20d-ed169d09ae3b admin admin] Missing Content-Type {{(pid=104230) get_content_type /opt/stack/neutron/neutron/api/wsgi.py:80}}
Apr 24 19:11:26.483604 np0000170092 devstack@neutron-api.service[104230]: DEBUG neutron.api.wsgi [None req-6595ae68-25b6-4850-a20d-ed169d09ae3b admin admin] https://199.204.45.116/networking/v2.0/extensions returned with HTTP 200 {{(pid=104230) __call__ /opt/stack/neutron/neutron/api/wsgi.py:540}}
Apr 24 19:11:26.483924 np0000170092 devstack@neutron-api.service[104230]: [pid: 104230|app: 0|req: 2/2] 199.204.45.116 () {64 vars in 1323 bytes} [Fri Apr 24 19:11:26 2026] GET /networking/v2.0/extensions => generated 15209 bytes in 407 msecs (HTTP/1.1 200) 4 headers in 159 bytes (1 switches on core 0)
Apr 24 19:11:26.865612 np0000170092 devstack@neutron-api.service[104229]: DEBUG neutron.api.v2.base [None req-77f62811-1b7f-4254-807f-02dac99d1585 admin admin] Request body: {'subnetpool': {'default_prefixlen': 26, 'shared': True, 'name': 'shared-default-subnetpool-v4', 'is_default': True, 'prefixes': ['10.1.0.0/20']}} {{(pid=104229) prepare_request_body /opt/stack/neutron/neutron/api/v2/base.py:727}}
Apr 24 19:11:27.058621 np0000170092 devstack@neutron-api.service[104229]: DEBUG neutron.policy [None req-77f62811-1b7f-4254-807f-02dac99d1585 admin admin] Loaded default policies from ['neutron'] under neutron.policies entry points {{(pid=104229) register_rules /opt/stack/neutron/neutron/policy.py:65}}
Apr 24 19:11:27.205438 np0000170092 devstack@neutron-api.service[104229]: DEBUG neutron_lib.callbacks.manager [None req-77f62811-1b7f-4254-807f-02dac99d1585 admin admin] Publish callbacks ['neutron.objects.securitygroup.RbacNeutronDbObjectMixin.validate_rbac_policy_change-2161678383210', 'neutron.objects.address_group.RbacNeutronDbObjectMixin.validate_rbac_policy_change-2161678474514', 'neutron.objects.network.RbacNeutronDbObjectMixin.validate_rbac_policy_change-2161678543849', 'neutron.objects.qos.policy.RbacNeutronDbObjectMixin.validate_rbac_policy_change-2161678546558', 'neutron.objects.subnetpool.RbacNeutronDbObjectMixin.validate_rbac_policy_change-2161678502399', 'neutron.objects.address_scope.RbacNeutronDbObjectMixin.validate_rbac_policy_change-2161678546159', 'neutron.plugins.ml2.plugin.External_net_db_mixin._process_ext_policy_create-15656152', 'neutron.plugins.ml2.plugin.NeutronDbPluginV2.validate_network_rbac_policy_change-15534200'] for rbac-policy (None), before_create {{(pid=104229) _notify_loop /opt/stack/data/venv/lib/python3.12/site-packages/neutron_lib/callbacks/manager.py:184}}
Apr 24 19:11:27.254971 np0000170092 devstack@neutron-api.service[104229]: DEBUG neutron_lib.callbacks.manager [None req-77f62811-1b7f-4254-807f-02dac99d1585 admin admin] Publish callbacks [] for subnetpool (None), before_response {{(pid=104229) _notify_loop /opt/stack/data/venv/lib/python3.12/site-packages/neutron_lib/callbacks/manager.py:184}}
Apr 24 19:11:27.255460 np0000170092 devstack@neutron-api.service[104229]: [pid: 104229|app: 0|req: 1/3] 199.204.45.116 () {68 vars in 1367 bytes} [Fri Apr 24 19:11:26 2026] POST /networking/v2.0/subnetpools => generated 533 bytes in 491 msecs (HTTP/1.1 201) 4 headers in 162 bytes (1 switches on core 0)
Apr 24 19:11:27.560167 np0000170092 devstack@neutron-api.service[104227]: DEBUG neutron.api.v2.base [None req-ea1e50fe-69a4-4a05-b2ef-ac821d2801f5 admin admin] Request body: {'subnetpool': {'default_prefixlen': 64, 'shared': True, 'name': 'shared-default-subnetpool-v6', 'is_default': True, 'prefixes': ['fde7:e2e5:bfed::/56']}} {{(pid=104227) prepare_request_body /opt/stack/neutron/neutron/api/v2/base.py:727}}
Apr 24 19:11:27.727757 np0000170092 devstack@neutron-api.service[104227]: DEBUG neutron.policy [None req-ea1e50fe-69a4-4a05-b2ef-ac821d2801f5 admin admin] Loaded default policies from ['neutron'] under neutron.policies entry points {{(pid=104227) register_rules /opt/stack/neutron/neutron/policy.py:65}}
Apr 24 19:11:27.871030 np0000170092 devstack@neutron-api.service[104227]: DEBUG neutron_lib.callbacks.manager [None req-ea1e50fe-69a4-4a05-b2ef-ac821d2801f5 admin admin] Publish callbacks ['neutron.objects.securitygroup.RbacNeutronDbObjectMixin.validate_rbac_policy_change-2161678314010', 'neutron.objects.address_group.RbacNeutronDbObjectMixin.validate_rbac_policy_change-2161678405027', 'neutron.objects.network.RbacNeutronDbObjectMixin.validate_rbac_policy_change-2161678548316', 'neutron.objects.qos.policy.RbacNeutronDbObjectMixin.validate_rbac_policy_change-2161678545490', 'neutron.objects.subnetpool.RbacNeutronDbObjectMixin.validate_rbac_policy_change-2161678507432', 'neutron.objects.address_scope.RbacNeutronDbObjectMixin.validate_rbac_policy_change-2161678545347', 'neutron.plugins.ml2.plugin.External_net_db_mixin._process_ext_policy_create-15782791', 'neutron.plugins.ml2.plugin.NeutronDbPluginV2.validate_network_rbac_policy_change-15793139'] for rbac-policy (None), before_create {{(pid=104227) _notify_loop /opt/stack/data/venv/lib/python3.12/site-packages/neutron_lib/callbacks/manager.py:184}}
Apr 24 19:11:27.915616 np0000170092 devstack@neutron-api.service[104227]: DEBUG neutron_lib.callbacks.manager [None req-ea1e50fe-69a4-4a05-b2ef-ac821d2801f5 admin admin] Publish callbacks [] for subnetpool (None), before_response {{(pid=104227) _notify_loop /opt/stack/data/venv/lib/python3.12/site-packages/neutron_lib/callbacks/manager.py:184}}
Apr 24 19:11:27.916239 np0000170092 devstack@neutron-api.service[104227]: [pid: 104227|app: 0|req: 1/4] 199.204.45.116 () {68 vars in 1367 bytes} [Fri Apr 24 19:11:27 2026] POST /networking/v2.0/subnetpools => generated 543 bytes in 459 msecs (HTTP/1.1 201) 4 headers in 162 bytes (1 switches on core 0)
Apr 24 19:11:28.321761 np0000170092 devstack@neutron-api.service[104228]: DEBUG neutron.api.v2.base [None req-b0c4d761-76de-4a57-9d9c-60b5f40f8fac admin admin] Request body: {'network': {'name': 'private', 'admin_state_up': True}} {{(pid=104228) prepare_request_body /opt/stack/neutron/neutron/api/v2/base.py:727}}
Apr 24 19:11:28.343798 np0000170092 devstack@neutron-api.service[104228]: DEBUG neutron.pecan_wsgi.hooks.quota_enforcement [None req-b0c4d761-76de-4a57-9d9c-60b5f40f8fac admin admin] Made reservation on behalf of d82ff92e12974e5883167f1a3f19955a for: {'network': 1} {{(pid=104228) before /opt/stack/neutron/neutron/pecan_wsgi/hooks/quota_enforcement.py:66}}
Apr 24 19:11:28.525271 np0000170092 devstack@neutron-api.service[104228]: DEBUG neutron.policy [None req-b0c4d761-76de-4a57-9d9c-60b5f40f8fac admin admin] Loaded default policies from ['neutron'] under neutron.policies entry points {{(pid=104228) register_rules /opt/stack/neutron/neutron/policy.py:65}}
Apr 24 19:11:28.636560 np0000170092 devstack@neutron-api.service[104228]: DEBUG neutron_lib.callbacks.manager [None req-b0c4d761-76de-4a57-9d9c-60b5f40f8fac admin admin] Publish callbacks ['neutron.plugins.ml2.plugin.SecurityGroupDbMixin._ensure_default_security_group_handler-46161'] for network (None), before_create {{(pid=104228) _notify_loop /opt/stack/data/venv/lib/python3.12/site-packages/neutron_lib/callbacks/manager.py:184}}
Apr 24 19:11:28.656200 np0000170092 devstack@neutron-api.service[104228]: DEBUG neutron_lib.callbacks.manager [None req-b0c4d761-76de-4a57-9d9c-60b5f40f8fac admin admin] Publish callbacks [] for security_group (None), before_create {{(pid=104228) _notify_loop /opt/stack/data/venv/lib/python3.12/site-packages/neutron_lib/callbacks/manager.py:184}}
Apr 24 19:11:28.749339 np0000170092 devstack@neutron-api.service[104228]: DEBUG neutron_lib.callbacks.manager [None req-b0c4d761-76de-4a57-9d9c-60b5f40f8fac admin admin] Publish callbacks ['neutron.plugins.ml2.drivers.ovn.mech_driver.mech_driver.OVNMechanismDriver._create_security_group_precommit-254728'] for security_group (6a62a973-1b8d-4d85-85c7-869bdb6b597d), precommit_create {{(pid=104228) _notify_loop /opt/stack/data/venv/lib/python3.12/site-packages/neutron_lib/callbacks/manager.py:184}}
Apr 24 19:11:28.749598 np0000170092 devstack@neutron-api.service[104228]: DEBUG neutron.db.ovn_revision_numbers_db [None req-b0c4d761-76de-4a57-9d9c-60b5f40f8fac admin admin] create_initial_revision uuid=6a62a973-1b8d-4d85-85c7-869bdb6b597d, type=security_groups, rev=-1 {{(pid=104228) create_initial_revision /opt/stack/neutron/neutron/db/ovn_revision_numbers_db.py:98}}
Apr 24 19:11:28.751748 np0000170092 devstack@neutron-api.service[104228]: DEBUG neutron.db.ovn_revision_numbers_db [None req-b0c4d761-76de-4a57-9d9c-60b5f40f8fac admin admin] create_initial_revision uuid=ba63675e-efb8-4758-ba94-de25a8b0297e, type=security_group_rules, rev=-1 {{(pid=104228) create_initial_revision /opt/stack/neutron/neutron/db/ovn_revision_numbers_db.py:98}}
Apr 24 19:11:28.752670 np0000170092 devstack@neutron-api.service[104228]: DEBUG neutron.db.ovn_revision_numbers_db [None req-b0c4d761-76de-4a57-9d9c-60b5f40f8fac admin admin] create_initial_revision uuid=c5b02e60-f157-4dd2-b3a7-473c6c7d060a, type=security_group_rules, rev=-1 {{(pid=104228) create_initial_revision /opt/stack/neutron/neutron/db/ovn_revision_numbers_db.py:98}}
Apr 24 19:11:28.753808 np0000170092 devstack@neutron-api.service[104228]: DEBUG neutron.db.ovn_revision_numbers_db [None req-b0c4d761-76de-4a57-9d9c-60b5f40f8fac admin admin] create_initial_revision uuid=eff1ad25-7a10-48f2-b9d3-d252481b2030, type=security_group_rules, rev=-1 {{(pid=104228) create_initial_revision /opt/stack/neutron/neutron/db/ovn_revision_numbers_db.py:98}}
Apr 24 19:11:28.754825 np0000170092 devstack@neutron-api.service[104228]: DEBUG neutron.db.ovn_revision_numbers_db [None req-b0c4d761-76de-4a57-9d9c-60b5f40f8fac admin admin] create_initial_revision uuid=f53de72c-22a9-4161-8e33-83c5684c53a7, type=security_group_rules, rev=-1 {{(pid=104228) create_initial_revision /opt/stack/neutron/neutron/db/ovn_revision_numbers_db.py:98}}
Apr 24 19:11:28.764358 np0000170092 devstack@neutron-api.service[104228]: DEBUG neutron_lib.callbacks.manager [None req-b0c4d761-76de-4a57-9d9c-60b5f40f8fac admin admin] Publish callbacks ['neutron.plugins.ml2.drivers.ovn.mech_driver.mech_driver.OVNMechanismDriver._create_security_group-259322', 'neutron.plugins.ml2.ovo_rpc._ObjectChangeHandler.handle_event-1599615'] for security_group (6a62a973-1b8d-4d85-85c7-869bdb6b597d), after_create {{(pid=104228) _notify_loop /opt/stack/data/venv/lib/python3.12/site-packages/neutron_lib/callbacks/manager.py:184}}
Apr 24 19:11:28.764545 np0000170092 devstack@neutron-api.service[104228]: INFO neutron.plugins.ml2.drivers.ovn.mech_driver.ovsdb.extensions.qos [None req-b0c4d761-76de-4a57-9d9c-60b5f40f8fac admin admin] Starting OVNClientQosExtension
Apr 24 19:11:28.764632 np0000170092 devstack@neutron-api.service[104228]: INFO neutron.plugins.ml2.drivers.ovn.mech_driver.ovsdb.extensions.placement [None req-b0c4d761-76de-4a57-9d9c-60b5f40f8fac admin admin] Starting OVNClientPlacementExtension
Apr 24 19:11:28.766525 np0000170092 devstack@neutron-api.service[104228]: DEBUG ovsdbapp.backend.ovs_idl.transaction [-] Running txn n=1 command(idx=0): PgAddCommand(_result=None, name=pg_6a62a973_1b8d_4d85_85c7_869bdb6b597d, may_exist=False, columns={'acls': [], 'external_ids': {'neutron:security_group_id': '6a62a973-1b8d-4d85-85c7-869bdb6b597d'}}) {{(pid=104228) do_commit /opt/stack/data/venv/lib/python3.12/site-packages/ovsdbapp/backend/ovs_idl/transaction.py:89}}
Apr 24 19:11:28.769103 np0000170092 devstack@neutron-api.service[104228]: DEBUG ovsdbapp.backend.ovs_idl.transaction [-] Running txn n=1 command(idx=1): PgAclAddCommand(_result=None, entity=pg_6a62a973_1b8d_4d85_85c7_869bdb6b597d, direction=to-lport, priority=1002, match=outport == @pg_6a62a973_1b8d_4d85_85c7_869bdb6b597d && ip4 && ip4.src == $pg_6a62a973_1b8d_4d85_85c7_869bdb6b597d_ip4, action=allow-related, log=False, may_exist=True, severity=[], name=[], meter=[], external_ids={'neutron:security_group_rule_id': 'ba63675e-efb8-4758-ba94-de25a8b0297e'}) {{(pid=104228) do_commit /opt/stack/data/venv/lib/python3.12/site-packages/ovsdbapp/backend/ovs_idl/transaction.py:89}}
Apr 24 19:11:28.769898 np0000170092 devstack@neutron-api.service[104228]: DEBUG ovsdbapp.backend.ovs_idl.transaction [-] Running txn n=1 command(idx=2): PgAclAddCommand(_result=None, entity=pg_6a62a973_1b8d_4d85_85c7_869bdb6b597d, direction=to-lport, priority=1002, match=outport == @pg_6a62a973_1b8d_4d85_85c7_869bdb6b597d && ip6 && ip6.src == $pg_6a62a973_1b8d_4d85_85c7_869bdb6b597d_ip6, action=allow-related, log=False, may_exist=True, severity=[], name=[], meter=[], external_ids={'neutron:security_group_rule_id': 'c5b02e60-f157-4dd2-b3a7-473c6c7d060a'}) {{(pid=104228) do_commit /opt/stack/data/venv/lib/python3.12/site-packages/ovsdbapp/backend/ovs_idl/transaction.py:89}}
Apr 24 19:11:28.770413 np0000170092 devstack@neutron-api.service[104228]: DEBUG ovsdbapp.backend.ovs_idl.transaction [-] Running txn n=1 command(idx=3): PgAclAddCommand(_result=None, entity=pg_6a62a973_1b8d_4d85_85c7_869bdb6b597d, direction=from-lport, priority=1002, match=inport == @pg_6a62a973_1b8d_4d85_85c7_869bdb6b597d && ip6, action=allow-related, log=False, may_exist=True, severity=[], name=[], meter=[], external_ids={'neutron:security_group_rule_id': 'eff1ad25-7a10-48f2-b9d3-d252481b2030'}) {{(pid=104228) do_commit /opt/stack/data/venv/lib/python3.12/site-packages/ovsdbapp/backend/ovs_idl/transaction.py:89}}
Apr 24 19:11:28.770906 np0000170092 devstack@neutron-api.service[104228]: DEBUG ovsdbapp.backend.ovs_idl.transaction [-] Running txn n=1 command(idx=4): PgAclAddCommand(_result=None, entity=pg_6a62a973_1b8d_4d85_85c7_869bdb6b597d, direction=from-lport, priority=1002, match=inport == @pg_6a62a973_1b8d_4d85_85c7_869bdb6b597d && ip4, action=allow-related, log=False, may_exist=True, severity=[], name=[], meter=[], external_ids={'neutron:security_group_rule_id': 'f53de72c-22a9-4161-8e33-83c5684c53a7'}) {{(pid=104228) do_commit /opt/stack/data/venv/lib/python3.12/site-packages/ovsdbapp/backend/ovs_idl/transaction.py:89}}
Apr 24 19:11:28.778126 np0000170092 devstack@neutron-api.service[104228]: DEBUG neutron.plugins.ml2.drivers.ovn.mech_driver.ovsdb.ovsdb_monitor [-] Hash Ring: Node 6e989f0b6c51582187e99d633c8d9b07 (host: np0000170092) handling event "create" for row 2bcd1d38-5d18-4c00-8efd-db712be7a5aa (table: ACL) {{(pid=104228) notify /opt/stack/neutron/neutron/plugins/ml2/drivers/ovn/mech_driver/ovsdb/ovsdb_monitor.py:914}}
Apr 24 19:11:28.779060 np0000170092 devstack@neutron-api.service[104227]: DEBUG neutron.plugins.ml2.drivers.ovn.mech_driver.ovsdb.ovsdb_monitor [-] Hash Ring: Node 8ad2d78fdc3451558d6c1b3afa760906 (host: np0000170092) handling event "create" for row 30b28edf-4247-4e43-9dfc-44d6d2b4916b (table: Port_Group) {{(pid=104227) notify /opt/stack/neutron/neutron/plugins/ml2/drivers/ovn/mech_driver/ovsdb/ovsdb_monitor.py:914}}
Apr 24 19:11:28.782527 np0000170092 devstack@neutron-api.service[104230]: DEBUG neutron.plugins.ml2.drivers.ovn.mech_driver.ovsdb.ovsdb_monitor [-] Hash Ring: Node 80defb78e98856da88def9f1ba81ee11 (host: np0000170092) handling event "create" for row 11be98ff-990f-4231-bad0-d266195d0175 (table: ACL) {{(pid=104230) notify /opt/stack/neutron/neutron/plugins/ml2/drivers/ovn/mech_driver/ovsdb/ovsdb_monitor.py:914}}
Apr 24 19:11:28.782952 np0000170092 devstack@neutron-api.service[104230]: DEBUG neutron.plugins.ml2.drivers.ovn.mech_driver.ovsdb.ovsdb_monitor [-] Hash Ring: Node 80defb78e98856da88def9f1ba81ee11 (host: np0000170092) handling event "create" for row 2bcd1d38-5d18-4c00-8efd-db712be7a5aa (table: ACL) {{(pid=104230) notify /opt/stack/neutron/neutron/plugins/ml2/drivers/ovn/mech_driver/ovsdb/ovsdb_monitor.py:914}}
Apr 24 19:11:28.783027 np0000170092 devstack@neutron-api.service[104230]: DEBUG neutron.plugins.ml2.drivers.ovn.mech_driver.ovsdb.ovsdb_monitor [-] Hash Ring: Node 80defb78e98856da88def9f1ba81ee11 (host: np0000170092) handling event "create" for row 6e7fb122-0302-41b8-a10c-9c25f64e18dd (table: ACL) {{(pid=104230) notify /opt/stack/neutron/neutron/plugins/ml2/drivers/ovn/mech_driver/ovsdb/ovsdb_monitor.py:914}}
Apr 24 19:11:28.783197 np0000170092 devstack@neutron-api.service[104230]: DEBUG neutron.plugins.ml2.drivers.ovn.mech_driver.ovsdb.ovsdb_monitor [-] Hash Ring: Node 80defb78e98856da88def9f1ba81ee11 (host: np0000170092) handling event "create" for row ce7e7d32-3a9a-4184-92e8-618080d7470c (table: ACL) {{(pid=104230) notify /opt/stack/neutron/neutron/plugins/ml2/drivers/ovn/mech_driver/ovsdb/ovsdb_monitor.py:914}}
Apr 24 19:11:28.783366 np0000170092 devstack@neutron-api.service[104230]: DEBUG neutron.plugins.ml2.drivers.ovn.mech_driver.ovsdb.ovsdb_monitor [-] Hash Ring: Node 80defb78e98856da88def9f1ba81ee11 (host: np0000170092) handling event "create" for row 30b28edf-4247-4e43-9dfc-44d6d2b4916b (table: Port_Group) {{(pid=104230) notify /opt/stack/neutron/neutron/plugins/ml2/drivers/ovn/mech_driver/ovsdb/ovsdb_monitor.py:914}}
Apr 24 19:11:28.784408 np0000170092 devstack@neutron-api.service[104229]: DEBUG neutron.plugins.ml2.drivers.ovn.mech_driver.ovsdb.ovsdb_monitor [-] Hash Ring: Node 011b875ce9fd5180bba94dd0f3bf6efb (host: np0000170092) handling event "create" for row 6e7fb122-0302-41b8-a10c-9c25f64e18dd (table: ACL) {{(pid=104229) notify /opt/stack/neutron/neutron/plugins/ml2/drivers/ovn/mech_driver/ovsdb/ovsdb_monitor.py:914}}
Apr 24 19:11:28.784686 np0000170092 devstack@neutron-api.service[104229]: DEBUG neutron.plugins.ml2.drivers.ovn.mech_driver.ovsdb.ovsdb_monitor [-] Hash Ring: Node 011b875ce9fd5180bba94dd0f3bf6efb (host: np0000170092) handling event "create" for row ce7e7d32-3a9a-4184-92e8-618080d7470c (table: ACL) {{(pid=104229) notify /opt/stack/neutron/neutron/plugins/ml2/drivers/ovn/mech_driver/ovsdb/ovsdb_monitor.py:914}}
Apr 24 19:11:28.810596 np0000170092 devstack@neutron-api.service[104228]: INFO neutron.db.ovn_revision_numbers_db [None req-b0c4d761-76de-4a57-9d9c-60b5f40f8fac admin admin] Successfully bumped revision number for resource 6a62a973-1b8d-4d85-85c7-869bdb6b597d (type: security_groups) to 1
Apr 24 19:11:28.832689 np0000170092 devstack@neutron-api.service[104228]: INFO neutron.db.ovn_revision_numbers_db [None req-b0c4d761-76de-4a57-9d9c-60b5f40f8fac admin admin] Successfully bumped revision number for resource ba63675e-efb8-4758-ba94-de25a8b0297e (type: security_group_rules) to 0
Apr 24 19:11:28.845010 np0000170092 devstack@neutron-api.service[104228]: INFO neutron.db.ovn_revision_numbers_db [None req-b0c4d761-76de-4a57-9d9c-60b5f40f8fac admin admin] Successfully bumped revision number for resource c5b02e60-f157-4dd2-b3a7-473c6c7d060a (type: security_group_rules) to 0
Apr 24 19:11:28.857682 np0000170092 devstack@neutron-api.service[104228]: INFO neutron.db.ovn_revision_numbers_db [None req-b0c4d761-76de-4a57-9d9c-60b5f40f8fac admin admin] Successfully bumped revision number for resource eff1ad25-7a10-48f2-b9d3-d252481b2030 (type: security_group_rules) to 0
Apr 24 19:11:28.870079 np0000170092 devstack@neutron-api.service[104228]: INFO neutron.db.ovn_revision_numbers_db [None req-b0c4d761-76de-4a57-9d9c-60b5f40f8fac admin admin] Successfully bumped revision number for resource f53de72c-22a9-4161-8e33-83c5684c53a7 (type: security_group_rules) to 0
Apr 24 19:11:28.894999 np0000170092 devstack@neutron-api.service[104228]: DEBUG neutron.api.rpc.handlers.resources_rpc [None req-b0c4d761-76de-4a57-9d9c-60b5f40f8fac admin admin] Pushing event updated for resources: {'SecurityGroup': ['ID=6a62a973-1b8d-4d85-85c7-869bdb6b597d,revision_number=1']} {{(pid=104228) push /opt/stack/neutron/neutron/api/rpc/handlers/resources_rpc.py:237}}
Apr 24 19:11:28.904352 np0000170092 devstack@neutron-api.service[104228]: DEBUG ovsdbapp.backend.ovs_idl.transaction [-] Running txn n=1 command(idx=0): CheckLivenessCommand(_result=None) {{(pid=104228) do_commit /opt/stack/data/venv/lib/python3.12/site-packages/ovsdbapp/backend/ovs_idl/transaction.py:89}}
Apr 24 19:11:28.907857 np0000170092 devstack@neutron-api.service[104228]: DEBUG neutron.plugins.ml2.drivers.ovn.mech_driver.ovsdb.ovsdb_monitor [-] Hash Ring: Node 6e989f0b6c51582187e99d633c8d9b07 (host: np0000170092) handling event "update" for row c7ca68f6-8816-4aec-b88e-6b1abe077cc7 (table: NB_Global) {{(pid=104228) notify /opt/stack/neutron/neutron/plugins/ml2/drivers/ovn/mech_driver/ovsdb/ovsdb_monitor.py:914}}
Apr 24 19:11:28.910744 np0000170092 devstack@neutron-api.service[104230]: DEBUG neutron.plugins.ml2.drivers.ovn.mech_driver.ovsdb.ovsdb_monitor [-] Hash Ring: Node 80defb78e98856da88def9f1ba81ee11 (host: np0000170092) handling event "update" for row c7ca68f6-8816-4aec-b88e-6b1abe077cc7 (table: NB_Global) {{(pid=104230) notify /opt/stack/neutron/neutron/plugins/ml2/drivers/ovn/mech_driver/ovsdb/ovsdb_monitor.py:914}}
Apr 24 19:11:28.910921 np0000170092 devstack@neutron-api.service[104228]: DEBUG neutron.api.rpc.callbacks.version_manager [None req-b0c4d761-76de-4a57-9d9c-60b5f40f8fac admin admin] Tracked resource versions report:
Apr 24 19:11:28.910921 np0000170092 devstack@neutron-api.service[104228]: pushed versions:
Apr 24 19:11:28.910921 np0000170092 devstack@neutron-api.service[104228]: { 'AddressGroup': {'1.2'},
Apr 24 19:11:28.910921 np0000170092 devstack@neutron-api.service[104228]: 'Agent': {'1.1'},
Apr 24 19:11:28.910921 np0000170092 devstack@neutron-api.service[104228]: 'ConntrackHelper': {'1.0'},
Apr 24 19:11:28.910921 np0000170092 devstack@neutron-api.service[104228]: 'LocalIPAssociation': {'1.0'},
Apr 24 19:11:28.910921 np0000170092 devstack@neutron-api.service[104228]: 'Log': {'1.0'},
Apr 24 19:11:28.910921 np0000170092 devstack@neutron-api.service[104228]: 'NDPProxy': {'1.0'},
Apr 24 19:11:28.910921 np0000170092 devstack@neutron-api.service[104228]: 'Network': {'1.2'},
Apr 24 19:11:28.910921 np0000170092 devstack@neutron-api.service[104228]: 'Port': {'1.10'},
Apr 24 19:11:28.910921 np0000170092 devstack@neutron-api.service[104228]: 'PortForwarding': {'1.3'},
Apr 24 19:11:28.910921 np0000170092 devstack@neutron-api.service[104228]: 'QosPolicy': {'1.10'},
Apr 24 19:11:28.910921 np0000170092 devstack@neutron-api.service[104228]: 'SecurityGroup': {'1.6'},
Apr 24 19:11:28.910921 np0000170092 devstack@neutron-api.service[104228]: 'SecurityGroupRule': {'1.3'},
Apr 24 19:11:28.910921 np0000170092 devstack@neutron-api.service[104228]: 'SubPort': {'1.0'},
Apr 24 19:11:28.910921 np0000170092 devstack@neutron-api.service[104228]: 'Subnet': {'1.2'},
Apr 24 19:11:28.910921 np0000170092 devstack@neutron-api.service[104228]: 'Trunk': {'1.1'}}
Apr 24 19:11:28.910921 np0000170092 devstack@neutron-api.service[104228]: consumer versions:
Apr 24 19:11:28.910921 np0000170092 devstack@neutron-api.service[104228]: {}
Apr 24 19:11:28.910921 np0000170092 devstack@neutron-api.service[104228]: {{(pid=104228) report /opt/stack/neutron/neutron/api/rpc/callbacks/version_manager.py:183}}
Apr 24 19:11:28.912635 np0000170092 devstack@neutron-api.service[104230]: DEBUG neutron.plugins.ml2.drivers.ovn.mech_driver.ovsdb.ovsdb_monitor [-] ChassisAgentWriteEvent : Matched Chassis_Private, update, None None {{(pid=104230) matches /opt/stack/neutron/neutron/plugins/ml2/drivers/ovn/mech_driver/ovsdb/ovsdb_monitor.py:64}}
Apr 24 19:11:28.913216 np0000170092 devstack@neutron-api.service[104227]: DEBUG neutron.plugins.ml2.drivers.ovn.mech_driver.ovsdb.ovsdb_monitor [-] ChassisAgentWriteEvent : Matched Chassis_Private, update, None None {{(pid=104227) matches /opt/stack/neutron/neutron/plugins/ml2/drivers/ovn/mech_driver/ovsdb/ovsdb_monitor.py:64}}
Apr 24 19:11:28.913478 np0000170092 devstack@neutron-api.service[104229]: DEBUG neutron.plugins.ml2.drivers.ovn.mech_driver.ovsdb.ovsdb_monitor [-] ChassisAgentWriteEvent : Matched Chassis_Private, update, None None {{(pid=104229) matches /opt/stack/neutron/neutron/plugins/ml2/drivers/ovn/mech_driver/ovsdb/ovsdb_monitor.py:64}}
Apr 24 19:11:28.916989 np0000170092 devstack@neutron-api.service[104228]: DEBUG neutron.plugins.ml2.drivers.ovn.mech_driver.ovsdb.ovsdb_monitor [-] Hash Ring: Node 6e989f0b6c51582187e99d633c8d9b07 (host: np0000170092) handling event "update" for row c7ca68f6-8816-4aec-b88e-6b1abe077cc7 (table: NB_Global) {{(pid=104228) notify /opt/stack/neutron/neutron/plugins/ml2/drivers/ovn/mech_driver/ovsdb/ovsdb_monitor.py:914}}
Apr 24 19:11:28.917820 np0000170092 devstack@neutron-api.service[104228]: DEBUG neutron.plugins.ml2.drivers.ovn.mech_driver.ovsdb.ovsdb_monitor [-] Hash Ring: Node 6e989f0b6c51582187e99d633c8d9b07 (host: np0000170092) handling event "update" for row c7ca68f6-8816-4aec-b88e-6b1abe077cc7 (table: NB_Global) {{(pid=104228) notify /opt/stack/neutron/neutron/plugins/ml2/drivers/ovn/mech_driver/ovsdb/ovsdb_monitor.py:914}}
Apr 24 19:11:28.919822 np0000170092 devstack@neutron-api.service[104228]: DEBUG neutron.plugins.ml2.drivers.ovn.mech_driver.ovsdb.ovsdb_monitor [-] ChassisAgentWriteEvent : Matched Chassis_Private, update, None None {{(pid=104228) matches /opt/stack/neutron/neutron/plugins/ml2/drivers/ovn/mech_driver/ovsdb/ovsdb_monitor.py:64}}
Apr 24 19:11:28.920017 np0000170092 devstack@neutron-api.service[104230]: DEBUG neutron.plugins.ml2.drivers.ovn.mech_driver.ovsdb.ovsdb_monitor [-] Hash Ring: Node 80defb78e98856da88def9f1ba81ee11 (host: np0000170092) handling event "update" for row c7ca68f6-8816-4aec-b88e-6b1abe077cc7 (table: NB_Global) {{(pid=104230) notify /opt/stack/neutron/neutron/plugins/ml2/drivers/ovn/mech_driver/ovsdb/ovsdb_monitor.py:914}}
Apr 24 19:11:28.920319 np0000170092 devstack@neutron-api.service[104228]: DEBUG neutron.plugins.ml2.drivers.ovn.mech_driver.ovsdb.ovsdb_monitor [-] Hash Ring: Node 6e989f0b6c51582187e99d633c8d9b07 (host: np0000170092) handling event "update" for row 1802cd73-5d1d-41bb-a57f-a3cc6e7e8cb2 (table: Chassis_Private) {{(pid=104228) notify /opt/stack/neutron/neutron/plugins/ml2/drivers/ovn/mech_driver/ovsdb/ovsdb_monitor.py:914}}
Apr 24 19:11:28.921328 np0000170092 devstack@neutron-api.service[104230]: DEBUG neutron.plugins.ml2.drivers.ovn.mech_driver.ovsdb.ovsdb_monitor [-] Hash Ring: Node 80defb78e98856da88def9f1ba81ee11 (host: np0000170092) handling event "update" for row c7ca68f6-8816-4aec-b88e-6b1abe077cc7 (table: NB_Global) {{(pid=104230) notify /opt/stack/neutron/neutron/plugins/ml2/drivers/ovn/mech_driver/ovsdb/ovsdb_monitor.py:914}}
Apr 24 19:11:28.922896 np0000170092 devstack@neutron-api.service[104230]: DEBUG neutron.plugins.ml2.drivers.ovn.mech_driver.ovsdb.ovsdb_monitor [-] Hash Ring: Node 80defb78e98856da88def9f1ba81ee11 (host: np0000170092) handling event "update" for row c7ca68f6-8816-4aec-b88e-6b1abe077cc7 (table: NB_Global) {{(pid=104230) notify /opt/stack/neutron/neutron/plugins/ml2/drivers/ovn/mech_driver/ovsdb/ovsdb_monitor.py:914}}
Apr 24 19:11:28.924083 np0000170092 devstack@neutron-api.service[104230]: DEBUG neutron.common.ovn.hash_ring_manager [-] Allow caching, nodes 4>=4 {{(pid=104230) _wait_startup_before_caching /opt/stack/neutron/neutron/common/ovn/hash_ring_manager.py:65}}
Apr 24 19:11:28.924083 np0000170092 devstack@neutron-api.service[104230]: DEBUG neutron.plugins.ml2.drivers.ovn.mech_driver.ovsdb.ovsdb_monitor [-] Hash Ring: Node 80defb78e98856da88def9f1ba81ee11 (host: np0000170092) handling event "update" for row 1802cd73-5d1d-41bb-a57f-a3cc6e7e8cb2 (table: Chassis_Private) {{(pid=104230) notify /opt/stack/neutron/neutron/plugins/ml2/drivers/ovn/mech_driver/ovsdb/ovsdb_monitor.py:914}}
Apr 24 19:11:28.925834 np0000170092 devstack@neutron-api.service[104230]: DEBUG neutron.plugins.ml2.drivers.ovn.mech_driver.ovsdb.ovsdb_monitor [-] ChassisOVNAgentWriteEvent : Matched Chassis_Private, update, None None {{(pid=104230) matches /opt/stack/neutron/neutron/plugins/ml2/drivers/ovn/mech_driver/ovsdb/ovsdb_monitor.py:64}}
Apr 24 19:11:28.925922 np0000170092 devstack@neutron-api.service[104229]: DEBUG neutron.plugins.ml2.drivers.ovn.mech_driver.ovsdb.ovsdb_monitor [-] ChassisOVNAgentWriteEvent : Matched Chassis_Private, update, None None {{(pid=104229) matches /opt/stack/neutron/neutron/plugins/ml2/drivers/ovn/mech_driver/ovsdb/ovsdb_monitor.py:64}}
Apr 24 19:11:28.926469 np0000170092 devstack@neutron-api.service[104230]: DEBUG neutron.plugins.ml2.drivers.ovn.mech_driver.ovsdb.ovsdb_monitor [-] Hash Ring: Node 80defb78e98856da88def9f1ba81ee11 (host: np0000170092) handling event "update" for row 1802cd73-5d1d-41bb-a57f-a3cc6e7e8cb2 (table: Chassis_Private) {{(pid=104230) notify /opt/stack/neutron/neutron/plugins/ml2/drivers/ovn/mech_driver/ovsdb/ovsdb_monitor.py:914}}
Apr 24 19:11:28.927005 np0000170092 devstack@neutron-api.service[104228]: DEBUG neutron.plugins.ml2.drivers.ovn.mech_driver.ovsdb.ovsdb_monitor [-] Hash Ring: Node 6e989f0b6c51582187e99d633c8d9b07 (host: np0000170092) handling event "update" for row c7ca68f6-8816-4aec-b88e-6b1abe077cc7 (table: NB_Global) {{(pid=104228) notify /opt/stack/neutron/neutron/plugins/ml2/drivers/ovn/mech_driver/ovsdb/ovsdb_monitor.py:914}}
Apr 24 19:11:28.927059 np0000170092 devstack@neutron-api.service[104227]: DEBUG neutron.plugins.ml2.drivers.ovn.mech_driver.ovsdb.ovsdb_monitor [-] ChassisOVNAgentWriteEvent : Matched Chassis_Private, update, None None {{(pid=104227) matches /opt/stack/neutron/neutron/plugins/ml2/drivers/ovn/mech_driver/ovsdb/ovsdb_monitor.py:64}}
Apr 24 19:11:28.927761 np0000170092 devstack@neutron-api.service[104228]: DEBUG neutron.plugins.ml2.drivers.ovn.mech_driver.ovsdb.ovsdb_monitor [-] ChassisOVNAgentWriteEvent : Matched Chassis_Private, update, None None {{(pid=104228) matches /opt/stack/neutron/neutron/plugins/ml2/drivers/ovn/mech_driver/ovsdb/ovsdb_monitor.py:64}}
Apr 24 19:11:28.928979 np0000170092 devstack@neutron-api.service[104228]: DEBUG neutron.plugins.ml2.drivers.ovn.mech_driver.ovsdb.ovsdb_monitor [-] Hash Ring: Node 6e989f0b6c51582187e99d633c8d9b07 (host: np0000170092) handling event "update" for row 1802cd73-5d1d-41bb-a57f-a3cc6e7e8cb2 (table: Chassis_Private) {{(pid=104228) notify /opt/stack/neutron/neutron/plugins/ml2/drivers/ovn/mech_driver/ovsdb/ovsdb_monitor.py:914}}
Apr 24 19:11:28.976573 np0000170092 devstack@neutron-api.service[104228]: DEBUG neutron.plugins.ml2.drivers.helpers [None req-b0c4d761-76de-4a57-9d9c-60b5f40f8fac admin admin] geneve segment allocate from pool success with {'geneve_vni': 15920} {{(pid=104228) allocate_partially_specified_segment /opt/stack/neutron/neutron/plugins/ml2/drivers/helpers.py:142}}
Apr 24 19:11:28.986261 np0000170092 devstack@neutron-api.service[104228]: DEBUG neutron_lib.callbacks.manager [None req-b0c4d761-76de-4a57-9d9c-60b5f40f8fac admin admin] Publish callbacks ['neutron.services.segments.db._add_segment_host_mapping_for_segment-8691008551686', 'neutron.plugins.ml2.plugin.Ml2Plugin._handle_segment_change-801085'] for segment (b1d8706f-b6ab-4ce5-af1f-1af4de27c78b), precommit_create {{(pid=104228) _notify_loop /opt/stack/data/venv/lib/python3.12/site-packages/neutron_lib/callbacks/manager.py:184}}
Apr 24 19:11:28.986478 np0000170092 devstack@neutron-api.service[104228]: INFO neutron.db.segments_db [None req-b0c4d761-76de-4a57-9d9c-60b5f40f8fac admin admin] Added segment b1d8706f-b6ab-4ce5-af1f-1af4de27c78b of type geneve for network 8c20cb07-dcab-4968-b4ff-baefc60863f9
Apr 24 19:11:29.032775 np0000170092 devstack@neutron-api.service[104228]: DEBUG neutron_lib.callbacks.manager [None req-b0c4d761-76de-4a57-9d9c-60b5f40f8fac admin admin] Publish callbacks ['neutron.services.auto_allocate.db._ensure_external_network_default_value_callback-8691006923156'] for network (8c20cb07-dcab-4968-b4ff-baefc60863f9), precommit_create {{(pid=104228) _notify_loop /opt/stack/data/venv/lib/python3.12/site-packages/neutron_lib/callbacks/manager.py:184}}
Apr 24 19:11:29.051425 np0000170092 devstack@neutron-api.service[104228]: DEBUG neutron.plugins.ml2.drivers.ovn.mech_driver.mech_driver [None req-b0c4d761-76de-4a57-9d9c-60b5f40f8fac admin admin] Validating network segment with type geneve, segmentation ID 15920, physical network None {{(pid=104228) _validate_network_segments /opt/stack/neutron/neutron/plugins/ml2/drivers/ovn/mech_driver/mech_driver.py:641}}
Apr 24 19:11:29.051610 np0000170092 devstack@neutron-api.service[104228]: DEBUG neutron.db.ovn_revision_numbers_db [None req-b0c4d761-76de-4a57-9d9c-60b5f40f8fac admin admin] create_initial_revision uuid=8c20cb07-dcab-4968-b4ff-baefc60863f9, type=networks, rev=-1 {{(pid=104228) create_initial_revision /opt/stack/neutron/neutron/db/ovn_revision_numbers_db.py:98}}
Apr 24 19:11:29.067271 np0000170092 devstack@neutron-api.service[104228]: DEBUG neutron_lib.callbacks.manager [None req-b0c4d761-76de-4a57-9d9c-60b5f40f8fac admin admin] Publish callbacks ['neutron.plugins.ml2.ovo_rpc._ObjectChangeHandler.handle_event-1599586'] for network (8c20cb07-dcab-4968-b4ff-baefc60863f9), after_create {{(pid=104228) _notify_loop /opt/stack/data/venv/lib/python3.12/site-packages/neutron_lib/callbacks/manager.py:184}}
Apr 24 19:11:29.116076 np0000170092 devstack@neutron-api.service[104228]: DEBUG neutron.api.rpc.handlers.resources_rpc [None req-b0c4d761-76de-4a57-9d9c-60b5f40f8fac admin admin] Pushing event updated for resources: {'Network': ['ID=8c20cb07-dcab-4968-b4ff-baefc60863f9,revision_number=1']} {{(pid=104228) push /opt/stack/neutron/neutron/api/rpc/handlers/resources_rpc.py:237}}
Apr 24 19:11:29.125310 np0000170092 devstack@neutron-api.service[104228]: DEBUG ovsdbapp.backend.ovs_idl.transaction [-] Running txn n=1 command(idx=0): AddNetworkCommand(_result=None, network_uuid=8c20cb07-dcab-4968-b4ff-baefc60863f9, may_exist=True, columns={'external_ids': {'neutron:network_name': 'private', 'neutron:mtu': '1372', 'neutron:revision_number': '1', 'neutron:availability_zone_hints': '', 'neutron:provnet-network-type': 'geneve'}, 'other_config': {'mcast_snoop': 'false', 'mcast_flood_unregistered': 'false', 'vlan-passthru': 'false'}}) {{(pid=104228) do_commit /opt/stack/data/venv/lib/python3.12/site-packages/ovsdbapp/backend/ovs_idl/transaction.py:89}}
Apr 24 19:11:29.126042 np0000170092 devstack@neutron-api.service[104228]: DEBUG neutron.common.ovn.utils [-] OVS persist_uuid supported=True {{(pid=104228) ovs_persist_uuid_supported /opt/stack/neutron/neutron/common/ovn/utils.py:1537}}
Apr 24 19:11:29.132386 np0000170092 devstack@neutron-api.service[104230]: DEBUG neutron.plugins.ml2.drivers.ovn.mech_driver.ovsdb.ovsdb_monitor [-] Hash Ring: Node 80defb78e98856da88def9f1ba81ee11 (host: np0000170092) handling event "create" for row 8c20cb07-dcab-4968-b4ff-baefc60863f9 (table: Logical_Switch) {{(pid=104230) notify /opt/stack/neutron/neutron/plugins/ml2/drivers/ovn/mech_driver/ovsdb/ovsdb_monitor.py:914}}
