2026-04-21 15:23:01.043 8 INFO neutron.api.extensions [None req-da987666-fc88-4525-bb30-ff4cbd952f3f - - - - - -] Extension l3-conntrack-helper not supported by any of loaded plugins
2026-04-21 15:23:01.043 7 INFO neutron.quota.resource_registry [None req-fbd2d89d-f88a-4f47-a2f5-56bcf59a4906 - - - - - -] Creating instance of TrackedResource for resource:security_group
2026-04-21 15:23:01.044 7 INFO neutron.quota.resource_registry [None req-fbd2d89d-f88a-4f47-a2f5-56bcf59a4906 - - - - - -] Creating instance of TrackedResource for resource:security_group_rule
2026-04-21 15:23:01.044 8 INFO neutron.api.extensions [None req-da987666-fc88-4525-bb30-ff4cbd952f3f - - - - - -] Loaded extension: enable-default-route-bfd
2026-04-21 15:23:01.044 8 INFO neutron.api.extensions [None req-da987666-fc88-4525-bb30-ff4cbd952f3f - - - - - -] Loaded extension: enable-default-route-ecmp
2026-04-21 15:23:01.044 7 INFO neutron.quota.resource_registry [None req-fbd2d89d-f88a-4f47-a2f5-56bcf59a4906 - - - - - -] Creating instance of TrackedResource for resource:subnetpool
2026-04-21 15:23:01.045 7 WARNING neutron.quota.resource_registry [None req-fbd2d89d-f88a-4f47-a2f5-56bcf59a4906 - - - - - -] subnetpool is already registered
2026-04-21 15:23:01.045 8 INFO neutron.api.extensions [None req-da987666-fc88-4525-bb30-ff4cbd952f3f - - - - - -] Loaded extension: ext-gw-mode
2026-04-21 15:23:01.045 7 INFO neutron.quota.resource_registry [None req-fbd2d89d-f88a-4f47-a2f5-56bcf59a4906 - - - - - -] Creating instance of CountableResource for resource:trunk
2026-04-21 15:23:01.045 8 INFO neutron.api.extensions [None req-da987666-fc88-4525-bb30-ff4cbd952f3f - - - - - -] Loaded extension: l3-ha
2026-04-21 15:23:01.045 7 INFO neutron.quota.resource_registry [None req-fbd2d89d-f88a-4f47-a2f5-56bcf59a4906 - - - - - -] Creating instance of CountableResource for resource:ikepolicy
2026-04-21 15:23:01.046 8 INFO neutron.api.extensions [None req-da987666-fc88-4525-bb30-ff4cbd952f3f - - - - - -] Extension l3-ext-ndp-proxy not supported by any of loaded plugins
2026-04-21 15:23:01.046 7 INFO neutron.quota.resource_registry [None req-fbd2d89d-f88a-4f47-a2f5-56bcf59a4906 - - - - - -] Creating instance of CountableResource for resource:ipsecpolicy
2026-04-21 15:23:01.046 8 INFO neutron.api.extensions [None req-da987666-fc88-4525-bb30-ff4cbd952f3f - - - - - -] Loaded extension: external-gateway-multihoming
2026-04-21 15:23:01.046 7 INFO neutron.quota.resource_registry [None req-fbd2d89d-f88a-4f47-a2f5-56bcf59a4906 - - - - - -] Creating instance of CountableResource for resource:endpoint_group
2026-04-21 15:23:01.047 7 INFO neutron.quota.resource_registry [None req-fbd2d89d-f88a-4f47-a2f5-56bcf59a4906 - - - - - -] Creating instance of CountableResource for resource:vpnservice
2026-04-21 15:23:01.047 8 INFO neutron.api.extensions [None req-da987666-fc88-4525-bb30-ff4cbd952f3f - - - - - -] Loaded extension: l3-flavors
2026-04-21 15:23:01.047 7 INFO neutron.quota.resource_registry [None req-fbd2d89d-f88a-4f47-a2f5-56bcf59a4906 - - - - - -] Creating instance of CountableResource for resource:ipsec_site_connection
2026-04-21 15:23:01.047 7 INFO neutron.quota.resource_registry [None req-fbd2d89d-f88a-4f47-a2f5-56bcf59a4906 - - - - - -] Creating instance of CountableResource for resource:ipsecpolicy
2026-04-21 15:23:01.048 7 WARNING neutron.quota.resource_registry [None req-fbd2d89d-f88a-4f47-a2f5-56bcf59a4906 - - - - - -] ipsecpolicy is already registered
2026-04-21 15:23:01.048 8 INFO neutron.api.extensions [None req-da987666-fc88-4525-bb30-ff4cbd952f3f - - - - - -] Extension l3-ndp-proxy not supported by any of loaded plugins
2026-04-21 15:23:01.048 7 INFO neutron.quota.resource_registry [None req-fbd2d89d-f88a-4f47-a2f5-56bcf59a4906 - - - - - -] Creating instance of CountableResource for resource:ikepolicy
2026-04-21 15:23:01.048 7 WARNING neutron.quota.resource_registry [None req-fbd2d89d-f88a-4f47-a2f5-56bcf59a4906 - - - - - -] ikepolicy is already registered
2026-04-21 15:23:01.048 8 INFO neutron.api.extensions [None req-da987666-fc88-4525-bb30-ff4cbd952f3f - - - - - -] Extension l3-port-ip-change-not-allowed not supported by any of loaded plugins
2026-04-21 15:23:01.051 8 INFO neutron.api.extensions [None req-da987666-fc88-4525-bb30-ff4cbd952f3f - - - - - -] Extension l3_agent_scheduler not supported by any of loaded plugins
2026-04-21 15:23:01.052 8 INFO neutron.api.extensions [None req-da987666-fc88-4525-bb30-ff4cbd952f3f - - - - - -] Extension local_ip not supported by any of loaded plugins
2026-04-21 15:23:01.053 8 INFO neutron.api.extensions [None req-da987666-fc88-4525-bb30-ff4cbd952f3f - - - - - -] Loaded extension: logging
2026-04-21 15:23:01.053 7 INFO neutron.quota.resource_registry [None req-fbd2d89d-f88a-4f47-a2f5-56bcf59a4906 - - - - - -] Creating instance of TrackedResource for resource:router
2026-04-21 15:23:01.054 7 WARNING neutron.quota.resource_registry [None req-fbd2d89d-f88a-4f47-a2f5-56bcf59a4906 - - - - - -] router is already registered
2026-04-21 15:23:01.054 7 INFO neutron.quota.resource_registry [None req-fbd2d89d-f88a-4f47-a2f5-56bcf59a4906 - - - - - -] Creating instance of TrackedResource for resource:floatingip
2026-04-21 15:23:01.054 7 WARNING neutron.quota.resource_registry [None req-fbd2d89d-f88a-4f47-a2f5-56bcf59a4906 - - - - - -] floatingip is already registered
2026-04-21 15:23:01.054 8 INFO neutron.api.extensions [None req-da987666-fc88-4525-bb30-ff4cbd952f3f - - - - - -] Extension metering not supported by any of loaded plugins
2026-04-21 15:23:01.055 8 INFO neutron.api.extensions [None req-da987666-fc88-4525-bb30-ff4cbd952f3f - - - - - -] Extension metering_source_and_destination_fields not supported by any of loaded plugins
2026-04-21 15:23:01.055 8 INFO neutron.api.extensions [None req-da987666-fc88-4525-bb30-ff4cbd952f3f - - - - - -] Loaded extension: multi-provider
2026-04-21 15:23:01.056 8 INFO neutron.api.extensions [None req-da987666-fc88-4525-bb30-ff4cbd952f3f - - - - - -] Loaded extension: net-mtu
2026-04-21 15:23:01.056 8 INFO neutron.api.extensions [None req-da987666-fc88-4525-bb30-ff4cbd952f3f - - - - - -] Loaded extension: net-mtu-writable
2026-04-21 15:23:01.057 8 INFO neutron.api.extensions [None req-da987666-fc88-4525-bb30-ff4cbd952f3f - - - - - -] Loaded extension: network_availability_zone
2026-04-21 15:23:01.057 8 INFO neutron.api.extensions [None req-da987666-fc88-4525-bb30-ff4cbd952f3f - - - - - -] Extension network_ha not supported by any of loaded plugins
2026-04-21 15:23:01.058 8 INFO neutron.api.extensions [None req-da987666-fc88-4525-bb30-ff4cbd952f3f - - - - - -] Loaded extension: network-ip-availability
2026-04-21 15:23:01.059 7 INFO neutron.quota.resource_registry [None req-fbd2d89d-f88a-4f47-a2f5-56bcf59a4906 - - - - - -] Creating instance of CountableResource for resource:rbac_policy
2026-04-21 15:23:01.059 7 WARNING neutron.quota.resource_registry [None req-fbd2d89d-f88a-4f47-a2f5-56bcf59a4906 - - - - - -] rbac_policy is already registered
2026-04-21 15:23:01.059 8 INFO neutron.api.extensions [None req-da987666-fc88-4525-bb30-ff4cbd952f3f - - - - - -] Extension network-segment-range not supported by any of loaded plugins
2026-04-21 15:23:01.059 7 INFO neutron.quota.resource_registry [None req-fbd2d89d-f88a-4f47-a2f5-56bcf59a4906 - - - - - -] Creating instance of TrackedResource for resource:security_group
2026-04-21 15:23:01.060 7 WARNING neutron.quota.resource_registry [None req-fbd2d89d-f88a-4f47-a2f5-56bcf59a4906 - - - - - -] security_group is already registered
2026-04-21 15:23:01.060 8 INFO neutron.api.extensions [None req-da987666-fc88-4525-bb30-ff4cbd952f3f - - - - - -] Loaded extension: pagination
2026-04-21 15:23:01.060 7 INFO neutron.quota.resource_registry [None req-fbd2d89d-f88a-4f47-a2f5-56bcf59a4906 - - - - - -] Creating instance of TrackedResource for resource:security_group_rule
2026-04-21 15:23:01.060 7 WARNING neutron.quota.resource_registry [None req-fbd2d89d-f88a-4f47-a2f5-56bcf59a4906 - - - - - -] security_group_rule is already registered
2026-04-21 15:23:01.060 8 INFO neutron.api.extensions [None req-da987666-fc88-4525-bb30-ff4cbd952f3f - - - - - -] Loaded extension: port-device-profile
2026-04-21 15:23:01.061 8 INFO neutron.api.extensions [None req-da987666-fc88-4525-bb30-ff4cbd952f3f - - - - - -] Extension port-hardware-offload-type not supported by any of loaded plugins
2026-04-21 15:23:01.061 7 INFO neutron.quota.resource_registry [None req-fbd2d89d-f88a-4f47-a2f5-56bcf59a4906 - - - - - -] Creating instance of TrackedResource for resource:subnetpool
2026-04-21 15:23:01.061 7 WARNING neutron.quota.resource_registry [None req-fbd2d89d-f88a-4f47-a2f5-56bcf59a4906 - - - - - -] subnetpool is already registered
2026-04-21 15:23:01.061 8 INFO neutron.api.extensions [None req-da987666-fc88-4525-bb30-ff4cbd952f3f - - - - - -] Extension port-hint-ovs-tx-steering not supported by any of loaded plugins
2026-04-21 15:23:01.061 7 INFO neutron.quota.resource_registry [None req-fbd2d89d-f88a-4f47-a2f5-56bcf59a4906 - - - - - -] Creating instance of CountableResource for resource:trunk
2026-04-21 15:23:01.061 7 WARNING neutron.quota.resource_registry [None req-fbd2d89d-f88a-4f47-a2f5-56bcf59a4906 - - - - - -] trunk is already registered
2026-04-21 15:23:01.062 8 INFO neutron.api.extensions [None req-da987666-fc88-4525-bb30-ff4cbd952f3f - - - - - -] Extension port-hints not supported by any of loaded plugins
2026-04-21 15:23:01.062 7 INFO neutron.quota.resource_registry [None req-fbd2d89d-f88a-4f47-a2f5-56bcf59a4906 - - - - - -] Creating instance of CountableResource for resource:ikepolicy
2026-04-21 15:23:01.062 7 WARNING neutron.quota.resource_registry [None req-fbd2d89d-f88a-4f47-a2f5-56bcf59a4906 - - - - - -] ikepolicy is already registered
2026-04-21 15:23:01.062 8 INFO neutron.api.extensions [None req-da987666-fc88-4525-bb30-ff4cbd952f3f - - - - - -] Extension port-mac-override not supported by any of loaded plugins
2026-04-21 15:23:01.062 7 INFO neutron.quota.resource_registry [None req-fbd2d89d-f88a-4f47-a2f5-56bcf59a4906 - - - - - -] Creating instance of CountableResource for resource:ipsecpolicy
2026-04-21 15:23:01.063 8 INFO neutron.api.extensions [None req-da987666-fc88-4525-bb30-ff4cbd952f3f - - - - - -] Loaded extension: port-mac-address-regenerate
2026-04-21 15:23:01.063 7 WARNING neutron.quota.resource_registry [None req-fbd2d89d-f88a-4f47-a2f5-56bcf59a4906 - - - - - -] ipsecpolicy is already registered
2026-04-21 15:23:01.063 7 INFO neutron.quota.resource_registry [None req-fbd2d89d-f88a-4f47-a2f5-56bcf59a4906 - - - - - -] Creating instance of CountableResource for resource:endpoint_group
2026-04-21 15:23:01.063 8 INFO neutron.api.extensions [None req-da987666-fc88-4525-bb30-ff4cbd952f3f - - - - - -] Loaded extension: port-numa-affinity-policy
2026-04-21 15:23:01.063 7 WARNING neutron.quota.resource_registry [None req-fbd2d89d-f88a-4f47-a2f5-56bcf59a4906 - - - - - -] endpoint_group is already registered
2026-04-21 15:23:01.063 7 INFO neutron.quota.resource_registry [None req-fbd2d89d-f88a-4f47-a2f5-56bcf59a4906 - - - - - -] Creating instance of CountableResource for resource:vpnservice
2026-04-21 15:23:01.063 8 INFO neutron.api.extensions [None req-da987666-fc88-4525-bb30-ff4cbd952f3f - - - - - -] Loaded extension: port-numa-affinity-policy-socket
2026-04-21 15:23:01.063 7 WARNING neutron.quota.resource_registry [None req-fbd2d89d-f88a-4f47-a2f5-56bcf59a4906 - - - - - -] vpnservice is already registered
2026-04-21 15:23:01.064 7 INFO neutron.quota.resource_registry [None req-fbd2d89d-f88a-4f47-a2f5-56bcf59a4906 - - - - - -] Creating instance of CountableResource for resource:ipsec_site_connection
2026-04-21 15:23:01.064 8 INFO neutron.api.extensions [None req-da987666-fc88-4525-bb30-ff4cbd952f3f - - - - - -] Loaded extension: port-resource-request
2026-04-21 15:23:01.064 7 WARNING neutron.quota.resource_registry [None req-fbd2d89d-f88a-4f47-a2f5-56bcf59a4906 - - - - - -] ipsec_site_connection is already registered
2026-04-21 15:23:01.064 7 INFO neutron.quota.resource_registry [None req-fbd2d89d-f88a-4f47-a2f5-56bcf59a4906 - - - - - -] Creating instance of CountableResource for resource:ipsecpolicy
2026-04-21 15:23:01.065 8 INFO neutron.api.extensions [None req-da987666-fc88-4525-bb30-ff4cbd952f3f - - - - - -] Loaded extension: port-resource-request-groups
2026-04-21 15:23:01.065 7 WARNING neutron.quota.resource_registry [None req-fbd2d89d-f88a-4f47-a2f5-56bcf59a4906 - - - - - -] ipsecpolicy is already registered
2026-04-21 15:23:01.065 7 INFO neutron.quota.resource_registry [None req-fbd2d89d-f88a-4f47-a2f5-56bcf59a4906 - - - - - -] Creating instance of CountableResource for resource:ikepolicy
2026-04-21 15:23:01.065 8 INFO neutron.api.extensions [None req-da987666-fc88-4525-bb30-ff4cbd952f3f - - - - - -] Extension port-trusted-vif not supported by any of loaded plugins
2026-04-21 15:23:01.065 7 WARNING neutron.quota.resource_registry [None req-fbd2d89d-f88a-4f47-a2f5-56bcf59a4906 - - - - - -] ikepolicy is already registered
2026-04-21 15:23:01.065 8 INFO neutron.api.extensions [None req-da987666-fc88-4525-bb30-ff4cbd952f3f - - - - - -] Loaded extension: binding
2026-04-21 15:23:01.066 8 INFO neutron.api.extensions [None req-da987666-fc88-4525-bb30-ff4cbd952f3f - - - - - -] Loaded extension: binding-extended
2026-04-21 15:23:01.067 8 INFO neutron.api.extensions [None req-da987666-fc88-4525-bb30-ff4cbd952f3f - - - - - -] Loaded extension: port-security
2026-04-21 15:23:01.067 8 INFO neutron.api.extensions [None req-da987666-fc88-4525-bb30-ff4cbd952f3f - - - - - -] Loaded extension: project-id
2026-04-21 15:23:01.068 8 INFO neutron.api.extensions [None req-da987666-fc88-4525-bb30-ff4cbd952f3f - - - - - -] Loaded extension: provider
2026-04-21 15:23:01.068 8 INFO neutron.api.extensions [None req-da987666-fc88-4525-bb30-ff4cbd952f3f - - - - - -] Loaded extension: qinq
2026-04-21 15:23:01.071 8 INFO neutron.api.extensions [None req-da987666-fc88-4525-bb30-ff4cbd952f3f - - - - - -] Loaded extension: qos
2026-04-21 15:23:01.071 8 INFO neutron.api.extensions [None req-da987666-fc88-4525-bb30-ff4cbd952f3f - - - - - -] Loaded extension: qos-bw-limit-direction
2026-04-21 15:23:01.072 8 INFO neutron.api.extensions [None req-da987666-fc88-4525-bb30-ff4cbd952f3f - - - - - -] Loaded extension: qos-bw-minimum-ingress
2026-04-21 15:23:01.072 8 INFO neutron.api.extensions [None req-da987666-fc88-4525-bb30-ff4cbd952f3f - - - - - -] Loaded extension: qos-default
2026-04-21 15:23:01.073 8 INFO neutron.api.extensions [None req-da987666-fc88-4525-bb30-ff4cbd952f3f - - - - - -] Loaded extension: qos-fip
2026-04-21 15:23:01.073 8 INFO neutron.api.extensions [None req-da987666-fc88-4525-bb30-ff4cbd952f3f - - - - - -] Extension qos-fip-network-policy not supported by any of loaded plugins
2026-04-21 15:23:01.074 8 INFO neutron.api.extensions [None req-da987666-fc88-4525-bb30-ff4cbd952f3f - - - - - -] Loaded extension: qos-gateway-ip
2026-04-21 15:23:01.074 8 INFO neutron.api.extensions [None req-da987666-fc88-4525-bb30-ff4cbd952f3f - - - - - -] Loaded extension: qos-port-network-policy
2026-04-21 15:23:01.075 8 INFO neutron.api.extensions [None req-da987666-fc88-4525-bb30-ff4cbd952f3f - - - - - -] Loaded extension: qos-pps-minimum
2026-04-21 15:23:01.075 8 INFO neutron.api.extensions [None req-da987666-fc88-4525-bb30-ff4cbd952f3f - - - - - -] Loaded extension: qos-pps-minimum-rule-alias
2026-04-21 15:23:01.076 8 INFO neutron.api.extensions [None req-da987666-fc88-4525-bb30-ff4cbd952f3f - - - - - -] Loaded extension: qos-pps
2026-04-21 15:23:01.077 8 INFO neutron.api.extensions [None req-da987666-fc88-4525-bb30-ff4cbd952f3f - - - - - -] Loaded extension: qos-rule-type-details
2026-04-21 15:23:01.077 8 INFO neutron.api.extensions [None req-da987666-fc88-4525-bb30-ff4cbd952f3f - - - - - -] Loaded extension: qos-rule-type-filter
2026-04-21 15:23:01.078 8 INFO neutron.api.extensions [None req-da987666-fc88-4525-bb30-ff4cbd952f3f - - - - - -] Loaded extension: qos-rules-alias
2026-04-21 15:23:01.078 8 INFO neutron.api.extensions [None req-da987666-fc88-4525-bb30-ff4cbd952f3f - - - - - -] Loaded extension: quota-check-limit
2026-04-21 15:23:01.079 8 INFO neutron.api.extensions [None req-da987666-fc88-4525-bb30-ff4cbd952f3f - - - - - -] Loaded extension: quota-check-limit-default
2026-04-21 15:23:01.081 8 INFO neutron.api.extensions [None req-da987666-fc88-4525-bb30-ff4cbd952f3f - - - - - -] Loaded extension: quotas
2026-04-21 15:23:01.082 8 INFO neutron.api.extensions [None req-da987666-fc88-4525-bb30-ff4cbd952f3f - - - - - -] Loaded extension: quota_details
2026-04-21 15:23:01.083 8 INFO neutron.api.extensions [None req-da987666-fc88-4525-bb30-ff4cbd952f3f - - - - - -] Loaded extension: rbac-policies
2026-04-21 15:23:01.084 8 INFO neutron.api.extensions [None req-da987666-fc88-4525-bb30-ff4cbd952f3f - - - - - -] Extension rbac-address-group not supported by any of loaded plugins
2026-04-21 15:23:01.084 8 INFO neutron.api.extensions [None req-da987666-fc88-4525-bb30-ff4cbd952f3f - - - - - -] Loaded extension: rbac-address-scope
2026-04-21 15:23:01.085 8 INFO neutron.api.extensions [None req-da987666-fc88-4525-bb30-ff4cbd952f3f - - - - - -] Loaded extension: rbac-security-groups
2026-04-21 15:23:01.085 8 INFO neutron.api.extensions [None req-da987666-fc88-4525-bb30-ff4cbd952f3f - - - - - -] Extension rbac-subnetpool not supported by any of loaded plugins
2026-04-21 15:23:01.086 8 INFO neutron.api.extensions [None req-da987666-fc88-4525-bb30-ff4cbd952f3f - - - - - -] Loaded extension: revision-if-match
2026-04-21 15:23:01.087 8 INFO neutron.api.extensions [None req-da987666-fc88-4525-bb30-ff4cbd952f3f - - - - - -] Loaded extension: standard-attr-revisions
2026-04-21 15:23:01.087 8 INFO neutron.api.extensions [None req-da987666-fc88-4525-bb30-ff4cbd952f3f - - - - - -] Loaded extension: router_availability_zone
2026-04-21 15:23:01.088 8 INFO neutron.api.extensions [None req-da987666-fc88-4525-bb30-ff4cbd952f3f - - - - - -] Extension router-service-type not supported by any of loaded plugins
2026-04-21 15:23:01.089 8 INFO neutron.api.extensions [None req-da987666-fc88-4525-bb30-ff4cbd952f3f - - - - - -] Loaded extension: security-groups-default-rules
2026-04-21 15:23:01.090 8 INFO neutron.api.extensions [None req-da987666-fc88-4525-bb30-ff4cbd952f3f - - - - - -] Loaded extension: security-groups-normalized-cidr
2026-04-21 15:23:01.090 8 INFO neutron.api.extensions [None req-da987666-fc88-4525-bb30-ff4cbd952f3f - - - - - -] Extension port-security-groups-filtering not supported by any of loaded plugins
2026-04-21 15:23:01.091 8 INFO neutron.api.extensions [None req-da987666-fc88-4525-bb30-ff4cbd952f3f - - - - - -] Loaded extension: security-groups-remote-address-group
2026-04-21 15:23:01.091 8 INFO neutron.api.extensions [None req-da987666-fc88-4525-bb30-ff4cbd952f3f - - - - - -] Loaded extension: security-groups-rules-belongs-to-default-sg
2026-04-21 15:23:01.092 8 INFO neutron.api.extensions [None req-da987666-fc88-4525-bb30-ff4cbd952f3f - - - - - -] Loaded extension: security-groups-shared-filtering
2026-04-21 15:23:01.096 8 INFO neutron.api.extensions [None req-da987666-fc88-4525-bb30-ff4cbd952f3f - - - - - -] Loaded extension: security-group
2026-04-21 15:23:01.097 8 INFO neutron.api.extensions [None req-da987666-fc88-4525-bb30-ff4cbd952f3f - - - - - -] Loaded extension: segment
2026-04-21 15:23:01.098 8 INFO neutron.api.extensions [None req-da987666-fc88-4525-bb30-ff4cbd952f3f - - - - - -] Loaded extension: segments-peer-subnet-host-routes
2026-04-21 15:23:01.098 8 INFO neutron.api.extensions [None req-da987666-fc88-4525-bb30-ff4cbd952f3f - - - - - -] Loaded extension: service-type
2026-04-21 15:23:01.099 8 INFO neutron.api.extensions [None req-da987666-fc88-4525-bb30-ff4cbd952f3f - - - - - -] Loaded extension: sorting
2026-04-21 15:23:01.099 8 INFO neutron.api.extensions [None req-da987666-fc88-4525-bb30-ff4cbd952f3f - - - - - -] Loaded extension: standard-attr-segment
2026-04-21 15:23:01.100 7 WARNING keystonemiddleware._common.config [None req-fbd2d89d-f88a-4f47-a2f5-56bcf59a4906 - - - - - -] The option "audit_map_file" is not known to keystonemiddleware
2026-04-21 15:23:01.100 8 INFO neutron.api.extensions [None req-da987666-fc88-4525-bb30-ff4cbd952f3f - - - - - -] Loaded extension: standard-attr-description
2026-04-21 15:23:01.101 8 INFO neutron.api.extensions [None req-da987666-fc88-4525-bb30-ff4cbd952f3f - - - - - -] Loaded extension: stateful-security-group
2026-04-21 15:23:01.101 8 WARNING neutron.api.extensions [None req-da987666-fc88-4525-bb30-ff4cbd952f3f - - - - - -] Did not find expected name "Stdattrs_common" in /var/lib/openstack/lib/python3.12/site-packages/neutron/extensions/stdattrs_common.py
2026-04-21 15:23:01.102 8 INFO neutron.api.extensions [None req-da987666-fc88-4525-bb30-ff4cbd952f3f - - - - - -] Loaded extension: subnet-dns-publish-fixed-ip
2026-04-21 15:23:01.102 8 INFO neutron.api.extensions [None req-da987666-fc88-4525-bb30-ff4cbd952f3f - - - - - -] Loaded extension: subnet-external-network
2026-04-21 15:23:01.103 8 INFO neutron.api.extensions [None req-da987666-fc88-4525-bb30-ff4cbd952f3f - - - - - -] Extension subnet_onboard not supported by any of loaded plugins
2026-04-21 15:23:01.103 8 INFO neutron.api.extensions [None req-da987666-fc88-4525-bb30-ff4cbd952f3f - - - - - -] Loaded extension: subnet-segmentid-writable
2026-04-21 15:23:01.104 8 INFO neutron.api.extensions [None req-da987666-fc88-4525-bb30-ff4cbd952f3f - - - - - -] Loaded extension: subnet-service-types
2026-04-21 15:23:01.104 8 INFO neutron.api.extensions [None req-da987666-fc88-4525-bb30-ff4cbd952f3f - - - - - -] Loaded extension: subnet_allocation
2026-04-21 15:23:01.105 8 INFO neutron.api.extensions [None req-da987666-fc88-4525-bb30-ff4cbd952f3f - - - - - -] Loaded extension: subnetpool-prefix-ops
2026-04-21 15:23:01.105 8 INFO neutron.api.extensions [None req-da987666-fc88-4525-bb30-ff4cbd952f3f - - - - - -] Loaded extension: tag-creation
2026-04-21 15:23:01.106 8 INFO neutron.api.extensions [None req-da987666-fc88-4525-bb30-ff4cbd952f3f - - - - - -] Extension tag-ports-during-bulk-creation not supported by any of loaded plugins
2026-04-21 15:23:01.106 7 WARNING oslo_config.cfg [None req-fbd2d89d-f88a-4f47-a2f5-56bcf59a4906 - - - - - -] Deprecated: Option "auth_uri" from group "keystone_authtoken" is deprecated. Use option "www_authenticate_uri" from group "keystone_authtoken".
2026-04-21 15:23:01.110 8 INFO neutron.api.extensions [None req-da987666-fc88-4525-bb30-ff4cbd952f3f - - - - - -] Loaded extension: standard-attr-tag
2026-04-21 15:23:01.110 8 INFO neutron.api.extensions [None req-da987666-fc88-4525-bb30-ff4cbd952f3f - - - - - -] Loaded extension: standard-attr-timestamp
2026-04-21 15:23:01.111 8 INFO neutron.api.extensions [None req-da987666-fc88-4525-bb30-ff4cbd952f3f - - - - - -] Loaded extension: trunk
2026-04-21 15:23:01.111 8 INFO neutron.api.extensions [None req-da987666-fc88-4525-bb30-ff4cbd952f3f - - - - - -] Loaded extension: trunk-details
2026-04-21 15:23:01.112 8 INFO neutron.api.extensions [None req-da987666-fc88-4525-bb30-ff4cbd952f3f - - - - - -] Extension uplink-status-propagation not supported by any of loaded plugins
2026-04-21 15:23:01.112 8 INFO neutron.api.extensions [None req-da987666-fc88-4525-bb30-ff4cbd952f3f - - - - - -] Extension uplink-status-propagation-updatable not supported by any of loaded plugins
2026-04-21 15:23:01.113 8 INFO neutron.api.extensions [None req-da987666-fc88-4525-bb30-ff4cbd952f3f - - - - - -] Loaded extension: vlan-transparent
2026-04-21 15:23:01.114 8 INFO neutron.api.extensions [None req-da987666-fc88-4525-bb30-ff4cbd952f3f - - - - - -] Loaded extension: vpn-aes-ctr
2026-04-21 15:23:01.115 8 INFO neutron.api.extensions [None req-da987666-fc88-4525-bb30-ff4cbd952f3f - - - - - -] Loaded extension: vpn-agent-scheduler
2026-04-21 15:23:01.116 8 INFO neutron.api.extensions [None req-da987666-fc88-4525-bb30-ff4cbd952f3f - - - - - -] Loaded extension: vpn-endpoint-groups
2026-04-21 15:23:01.117 8 INFO neutron.api.extensions [None req-da987666-fc88-4525-bb30-ff4cbd952f3f - - - - - -] Loaded extension: vpn-flavors
2026-04-21 15:23:01.118 8 INFO neutron.api.extensions [None req-da987666-fc88-4525-bb30-ff4cbd952f3f - - - - - -] Loaded extension: vpnaas
2026-04-21 15:23:01.120 8 INFO neutron.api.extensions [None req-da987666-fc88-4525-bb30-ff4cbd952f3f - - - - - -] Loaded extension: taas
2026-04-21 15:23:01.121 8 INFO neutron.api.extensions [None req-da987666-fc88-4525-bb30-ff4cbd952f3f - - - - - -] Loaded extension: tap-mirror
2026-04-21 15:23:01.121 8 INFO neutron.api.extensions [None req-da987666-fc88-4525-bb30-ff4cbd952f3f - - - - - -] Loaded extension: taas-vlan-filter
2026-04-21 15:23:01.123 8 INFO neutron.quota.resource_registry [None req-da987666-fc88-4525-bb30-ff4cbd952f3f - - - - - -] Creating instance of TrackedResource for resource:network
2026-04-21 15:23:01.124 8 INFO neutron.quota.resource_registry [None req-da987666-fc88-4525-bb30-ff4cbd952f3f - - - - - -] Creating instance of TrackedResource for resource:subnet
2026-04-21 15:23:01.124 8 INFO neutron.quota.resource_registry [None req-da987666-fc88-4525-bb30-ff4cbd952f3f - - - - - -] Creating instance of TrackedResource for resource:subnetpool
2026-04-21 15:23:01.124 8 INFO neutron.quota.resource_registry [None req-da987666-fc88-4525-bb30-ff4cbd952f3f - - - - - -] Creating instance of TrackedResource for resource:port
2026-04-21 15:23:01.125 7 WARNING neutron.plugins.ml2.drivers.ovn.mech_driver.mech_driver [None req-fbd2d89d-f88a-4f47-a2f5-56bcf59a4906 - - - - - -] uWSGI must provide a start time using the configuration parameter "start-time %t" in the configuration file
2026-04-21 15:23:01.127 8 INFO neutron.quota.resource_registry [None req-da987666-fc88-4525-bb30-ff4cbd952f3f - - - - - -] Creating instance of TrackedResource for resource:router
2026-04-21 15:23:01.127 8 INFO neutron.quota.resource_registry [None req-da987666-fc88-4525-bb30-ff4cbd952f3f - - - - - -] Creating instance of TrackedResource for resource:floatingip
2026-04-21 15:23:01.132 8 INFO neutron.quota.resource_registry [None req-da987666-fc88-4525-bb30-ff4cbd952f3f - - - - - -] Creating instance of CountableResource for resource:rbac_policy
2026-04-21 15:23:01.133 8 INFO neutron.quota.resource_registry [None req-da987666-fc88-4525-bb30-ff4cbd952f3f - - - - - -] Creating instance of TrackedResource for resource:security_group
2026-04-21 15:23:01.133 8 INFO neutron.quota.resource_registry [None req-da987666-fc88-4525-bb30-ff4cbd952f3f - - - - - -] Creating instance of TrackedResource for resource:security_group_rule
2026-04-21 15:23:01.134 8 INFO neutron.quota.resource_registry [None req-da987666-fc88-4525-bb30-ff4cbd952f3f - - - - - -] Creating instance of TrackedResource for resource:subnetpool
2026-04-21 15:23:01.134 8 WARNING neutron.quota.resource_registry [None req-da987666-fc88-4525-bb30-ff4cbd952f3f - - - - - -] subnetpool is already registered
2026-04-21 15:23:01.135 8 INFO neutron.quota.resource_registry [None req-da987666-fc88-4525-bb30-ff4cbd952f3f - - - - - -] Creating instance of CountableResource for resource:trunk
2026-04-21 15:23:01.135 8 INFO neutron.quota.resource_registry [None req-da987666-fc88-4525-bb30-ff4cbd952f3f - - - - - -] Creating instance of CountableResource for resource:ikepolicy
2026-04-21 15:23:01.136 8 INFO neutron.quota.resource_registry [None req-da987666-fc88-4525-bb30-ff4cbd952f3f - - - - - -] Creating instance of CountableResource for resource:ipsecpolicy
2026-04-21 15:23:01.136 8 INFO neutron.quota.resource_registry [None req-da987666-fc88-4525-bb30-ff4cbd952f3f - - - - - -] Creating instance of CountableResource for resource:endpoint_group
2026-04-21 15:23:01.136 8 INFO neutron.quota.resource_registry [None req-da987666-fc88-4525-bb30-ff4cbd952f3f - - - - - -] Creating instance of CountableResource for resource:vpnservice
2026-04-21 15:23:01.137 8 INFO neutron.quota.resource_registry [None req-da987666-fc88-4525-bb30-ff4cbd952f3f - - - - - -] Creating instance of CountableResource for resource:ipsec_site_connection
2026-04-21 15:23:01.137 8 INFO neutron.quota.resource_registry [None req-da987666-fc88-4525-bb30-ff4cbd952f3f - - - - - -] Creating instance of CountableResource for resource:ipsecpolicy
2026-04-21 15:23:01.137 8 WARNING neutron.quota.resource_registry [None req-da987666-fc88-4525-bb30-ff4cbd952f3f - - - - - -] ipsecpolicy is already registered
2026-04-21 15:23:01.138 8 INFO neutron.quota.resource_registry [None req-da987666-fc88-4525-bb30-ff4cbd952f3f - - - - - -] Creating instance of CountableResource for resource:ikepolicy
2026-04-21 15:23:01.138 8 WARNING neutron.quota.resource_registry [None req-da987666-fc88-4525-bb30-ff4cbd952f3f - - - - - -] ikepolicy is already registered
2026-04-21 15:23:01.139 7 INFO neutron.db.ovn_hash_ring_db [None req-fbd2d89d-f88a-4f47-a2f5-56bcf59a4906 - - - - - -] Nodes from host "neutron-server-8bdd87b9-g5nnz" and group "mechanism_driver" removed from the Hash Ring created at
2026-04-21 15:23:01+00:00
2026-04-21 15:23:01.142 7 INFO neutron.db.ovn_hash_ring_db [None req-fbd2d89d-f88a-4f47-a2f5-56bcf59a4906 - - - - - -] Node 471ee3f14a6f588b914476bb1ffd019c from host "neutron-server-8bdd87b9-g5nnz" and group "mechanism_driver" added to the Hash Ring
2026-04-21 15:23:01.142 8 INFO neutron.quota.resource_registry [None req-da987666-fc88-4525-bb30-ff4cbd952f3f - - - - - -] Creating instance of TrackedResource for resource:router
2026-04-21 15:23:01.142 8 WARNING neutron.quota.resource_registry [None req-da987666-fc88-4525-bb30-ff4cbd952f3f - - - - - -] router is already registered
2026-04-21 15:23:01.143 8 INFO neutron.quota.resource_registry [None req-da987666-fc88-4525-bb30-ff4cbd952f3f - - - - - -] Creating instance of TrackedResource for resource:floatingip
2026-04-21 15:23:01.143 8 WARNING neutron.quota.resource_registry [None req-da987666-fc88-4525-bb30-ff4cbd952f3f - - - - - -] floatingip is already registered
2026-04-21 15:23:01.148 8 INFO neutron.quota.resource_registry [None req-da987666-fc88-4525-bb30-ff4cbd952f3f - - - - - -] Creating instance of CountableResource for resource:rbac_policy
2026-04-21 15:23:01.148 8 WARNING neutron.quota.resource_registry [None req-da987666-fc88-4525-bb30-ff4cbd952f3f - - - - - -] rbac_policy is already registered
2026-04-21 15:23:01.148 8 INFO neutron.quota.resource_registry [None req-da987666-fc88-4525-bb30-ff4cbd952f3f - - - - - -] Creating instance of TrackedResource for resource:security_group
2026-04-21 15:23:01.148 8 WARNING neutron.quota.resource_registry [None req-da987666-fc88-4525-bb30-ff4cbd952f3f - - - - - -] security_group is already registered
2026-04-21 15:23:01.149 8 INFO neutron.quota.resource_registry [None req-da987666-fc88-4525-bb30-ff4cbd952f3f - - - - - -] Creating instance of TrackedResource for resource:security_group_rule
2026-04-21 15:23:01.149 8 WARNING neutron.quota.resource_registry [None req-da987666-fc88-4525-bb30-ff4cbd952f3f - - - - - -] security_group_rule is already registered
2026-04-21 15:23:01.150 8 INFO neutron.quota.resource_registry [None req-da987666-fc88-4525-bb30-ff4cbd952f3f - - - - - -] Creating instance of TrackedResource for resource:subnetpool
2026-04-21 15:23:01.150 8 WARNING neutron.quota.resource_registry [None req-da987666-fc88-4525-bb30-ff4cbd952f3f - - - - - -] subnetpool is already registered
2026-04-21 15:23:01.150 8 INFO neutron.quota.resource_registry [None req-da987666-fc88-4525-bb30-ff4cbd952f3f - - - - - -] Creating instance of CountableResource for resource:trunk
2026-04-21 15:23:01.150 8 WARNING neutron.quota.resource_registry [None req-da987666-fc88-4525-bb30-ff4cbd952f3f - - - - - -] trunk is already registered
2026-04-21 15:23:01.151 8 INFO neutron.quota.resource_registry [None req-da987666-fc88-4525-bb30-ff4cbd952f3f - - - - - -] Creating instance of CountableResource for resource:ikepolicy
2026-04-21 15:23:01.151 8 WARNING neutron.quota.resource_registry [None req-da987666-fc88-4525-bb30-ff4cbd952f3f - - - - - -] ikepolicy is already registered
2026-04-21 15:23:01.151 7 INFO neutron.plugins.ml2.drivers.ovn.mech_driver.mech_driver [None req-fbd2d89d-f88a-4f47-a2f5-56bcf59a4906 - - - - - -] Hash Ring probing thread for node 471ee3f14a6f588b914476bb1ffd019c has started
2026-04-21 15:23:01.151 8 INFO neutron.quota.resource_registry [None req-da987666-fc88-4525-bb30-ff4cbd952f3f - - - - - -] Creating instance of CountableResource for resource:ipsecpolicy
2026-04-21 15:23:01.151 8 WARNING neutron.quota.resource_registry [None req-da987666-fc88-4525-bb30-ff4cbd952f3f - - - - - -] ipsecpolicy is already registered
2026-04-21 15:23:01.151 7 INFO neutron.plugins.ml2.drivers.ovn.mech_driver.ovsdb.impl_idl_ovn [None req-fbd2d89d-f88a-4f47-a2f5-56bcf59a4906 - - - - - -] Getting OvsdbNbOvnIdl for WorkerService with retry
2026-04-21 15:23:01.152 8 INFO neutron.quota.resource_registry [None req-da987666-fc88-4525-bb30-ff4cbd952f3f - - - - - -] Creating instance of CountableResource for resource:endpoint_group
2026-04-21 15:23:01.152 8 WARNING neutron.quota.resource_registry [None req-da987666-fc88-4525-bb30-ff4cbd952f3f - - - - - -] endpoint_group is already registered
2026-04-21 15:23:01.152 8 INFO neutron.quota.resource_registry [None req-da987666-fc88-4525-bb30-ff4cbd952f3f - - - - - -] Creating instance of CountableResource for resource:vpnservice
2026-04-21 15:23:01.152 8 WARNING neutron.quota.resource_registry [None req-da987666-fc88-4525-bb30-ff4cbd952f3f - - - - - -] vpnservice is already registered
2026-04-21 15:23:01.153 8 INFO neutron.quota.resource_registry [None req-da987666-fc88-4525-bb30-ff4cbd952f3f - - - - - -] Creating instance of CountableResource for resource:ipsec_site_connection
2026-04-21 15:23:01.153 8 WARNING neutron.quota.resource_registry [None req-da987666-fc88-4525-bb30-ff4cbd952f3f - - - - - -] ipsec_site_connection is already registered
2026-04-21 15:23:01.153 8 INFO neutron.quota.resource_registry [None req-da987666-fc88-4525-bb30-ff4cbd952f3f - - - - - -] Creating instance of CountableResource for resource:ipsecpolicy
2026-04-21 15:23:01.153 8 WARNING neutron.quota.resource_registry [None req-da987666-fc88-4525-bb30-ff4cbd952f3f - - - - - -] ipsecpolicy is already registered
2026-04-21 15:23:01.154 8 INFO neutron.quota.resource_registry [None req-da987666-fc88-4525-bb30-ff4cbd952f3f - - - - - -] Creating instance of CountableResource for resource:ikepolicy
2026-04-21 15:23:01.154 8 WARNING neutron.quota.resource_registry [None req-da987666-fc88-4525-bb30-ff4cbd952f3f - - - - - -] ikepolicy is already registered
2026-04-21 15:23:01.181 7 INFO ovsdbapp.backend.ovs_idl.vlog [None req-fbd2d89d-f88a-4f47-a2f5-56bcf59a4906 - - - - - -] tcp:10.104.122.216:6641: connecting...
2026-04-21 15:23:01.181 7 INFO ovsdbapp.backend.ovs_idl.vlog [None req-fbd2d89d-f88a-4f47-a2f5-56bcf59a4906 - - - - - -] tcp:10.104.122.216:6641: connected
2026-04-21 15:23:01.189 8 WARNING keystonemiddleware._common.config [None req-da987666-fc88-4525-bb30-ff4cbd952f3f - - - - - -] The option "audit_map_file" is not known to keystonemiddleware
2026-04-21 15:23:01.196 8 WARNING oslo_config.cfg [None req-da987666-fc88-4525-bb30-ff4cbd952f3f - - - - - -] Deprecated: Option "auth_uri" from group "keystone_authtoken" is deprecated. Use option "www_authenticate_uri" from group "keystone_authtoken".
2026-04-21 15:23:01.215 8 WARNING neutron.plugins.ml2.drivers.ovn.mech_driver.mech_driver [None req-da987666-fc88-4525-bb30-ff4cbd952f3f - - - - - -] uWSGI must provide a start time using the configuration parameter "start-time %t" in the configuration file
2026-04-21 15:23:01.232 8 INFO neutron.db.ovn_hash_ring_db [None req-da987666-fc88-4525-bb30-ff4cbd952f3f - - - - - -] Nodes from host "neutron-server-8bdd87b9-g5nnz" and group "mechanism_driver" removed from the Hash Ring created at
2026-04-21 15:23:01+00:00
2026-04-21 15:23:01.234 8 INFO neutron.db.ovn_hash_ring_db [None req-da987666-fc88-4525-bb30-ff4cbd952f3f - - - - - -] Node d084c01fa4325f45a0fba98e149963db from host "neutron-server-8bdd87b9-g5nnz" and group "mechanism_driver" added to the Hash Ring
2026-04-21 15:23:01.242 8 INFO neutron.plugins.ml2.drivers.ovn.mech_driver.mech_driver [None req-da987666-fc88-4525-bb30-ff4cbd952f3f - - - - - -] Hash Ring probing thread for node d084c01fa4325f45a0fba98e149963db has started
2026-04-21 15:23:01.243 8 INFO neutron.plugins.ml2.drivers.ovn.mech_driver.ovsdb.impl_idl_ovn [None req-da987666-fc88-4525-bb30-ff4cbd952f3f - - - - - -] Getting OvsdbNbOvnIdl for WorkerService with retry
2026-04-21 15:23:01.244 7 INFO neutron.plugins.ml2.drivers.ovn.mech_driver.ovsdb.impl_idl_ovn [None req-fbd2d89d-f88a-4f47-a2f5-56bcf59a4906 - - - - - -] Getting OvsdbSbOvnIdl for WorkerService with retry
2026-04-21 15:23:01.264 7 INFO ovsdbapp.backend.ovs_idl.vlog [None req-fbd2d89d-f88a-4f47-a2f5-56bcf59a4906 - - - - - -] tcp:10.98.243.243:6642: connecting...
2026-04-21 15:23:01.264 7 INFO ovsdbapp.backend.ovs_idl.vlog [None req-fbd2d89d-f88a-4f47-a2f5-56bcf59a4906 - - - - - -] tcp:10.98.243.243:6642: connected
2026-04-21 15:23:01.272 8 INFO ovsdbapp.backend.ovs_idl.vlog [None req-da987666-fc88-4525-bb30-ff4cbd952f3f - - - - - -] tcp:10.104.122.216:6641: connecting...
2026-04-21 15:23:01.272 8 INFO ovsdbapp.backend.ovs_idl.vlog [None req-da987666-fc88-4525-bb30-ff4cbd952f3f - - - - - -] tcp:10.104.122.216:6641: connected
2026-04-21 15:23:01.295 7 INFO neutron.plugins.ml2.drivers.ovn.mech_driver.mech_driver [None req-fbd2d89d-f88a-4f47-a2f5-56bcf59a4906 - - - - - -] WorkerService process has finished the post initialization
2026-04-21 15:23:01.308 8 INFO neutron.plugins.ml2.drivers.ovn.mech_driver.ovsdb.impl_idl_ovn [None req-da987666-fc88-4525-bb30-ff4cbd952f3f - - - - - -] Getting OvsdbSbOvnIdl for WorkerService with retry
2026-04-21 15:23:01.316 7 INFO ovsdbapp.backend.ovs_idl.vlog [None req-fbd2d89d-f88a-4f47-a2f5-56bcf59a4906 - - - - - -] tcp:10.104.122.216:6641: connecting...
2026-04-21 15:23:01.317 7 INFO ovsdbapp.backend.ovs_idl.vlog [None req-fbd2d89d-f88a-4f47-a2f5-56bcf59a4906 - - - - - -] tcp:10.104.122.216:6641: connected
2026-04-21 15:23:01.328 8 INFO ovsdbapp.backend.ovs_idl.vlog [None req-da987666-fc88-4525-bb30-ff4cbd952f3f - - - - - -] tcp:10.98.243.243:6642: connecting...
2026-04-21 15:23:01.328 8 INFO ovsdbapp.backend.ovs_idl.vlog [None req-da987666-fc88-4525-bb30-ff4cbd952f3f - - - - - -] tcp:10.98.243.243:6642: connected
2026-04-21 15:23:01.353 7 INFO ovsdbapp.backend.ovs_idl.vlog [None req-fbd2d89d-f88a-4f47-a2f5-56bcf59a4906 - - - - - -] tcp:10.104.122.216:6641: connecting...
2026-04-21 15:23:01.353 7 INFO ovsdbapp.backend.ovs_idl.vlog [None req-fbd2d89d-f88a-4f47-a2f5-56bcf59a4906 - - - - - -] tcp:10.104.122.216:6641: connected
2026-04-21 15:23:01.362 8 INFO neutron.plugins.ml2.drivers.ovn.mech_driver.mech_driver [None req-da987666-fc88-4525-bb30-ff4cbd952f3f - - - - - -] WorkerService process has finished the post initialization
2026-04-21 15:23:01.363 8 INFO neutron.plugins.ml2.drivers.ovn.mech_driver.ovsdb.extensions.qos [-] Starting OVNClientQosExtension
2026-04-21 15:23:01.363 8 INFO neutron.plugins.ml2.drivers.ovn.mech_driver.ovsdb.extensions.placement [-] Starting OVNClientPlacementExtension WSGI app 0 (mountpoint='') ready in 10 seconds on interpreter 0x7fd8e552b668 pid: 7 (default app)
2026-04-21 15:23:01.387 8 INFO ovsdbapp.backend.ovs_idl.vlog [None req-da987666-fc88-4525-bb30-ff4cbd952f3f - - - - - -] tcp:10.104.122.216:6641: connecting...
2026-04-21 15:23:01.387 8 INFO ovsdbapp.backend.ovs_idl.vlog [None req-da987666-fc88-4525-bb30-ff4cbd952f3f - - - - - -] tcp:10.104.122.216:6641: connected
2026-04-21 15:23:01.429 8 INFO ovsdbapp.backend.ovs_idl.vlog [None req-da987666-fc88-4525-bb30-ff4cbd952f3f - - - - - -] tcp:10.104.122.216:6641: connecting...
2026-04-21 15:23:01.429 8 INFO ovsdbapp.backend.ovs_idl.vlog [None req-da987666-fc88-4525-bb30-ff4cbd952f3f - - - - - -] tcp:10.104.122.216:6641: connected WSGI app 0 (mountpoint='') ready in 10 seconds on interpreter 0x7fd8e552b668 pid: 8 (default app) /var/lib/openstack/lib/python3.12/site-packages/pycadf/identifier.py:70: UserWarning: Invalid uuid: unknown. To ensure interoperability, identifiers should be a valid uuid. warnings.warn(('Invalid uuid: %s. To ensure interoperability, '
2026-04-21 15:23:09.844 8 INFO neutron.pecan_wsgi.hooks.translation [None req-6edba49d-de88-4d72-815c-5ef6b4c2f7c6 55f378c2a30443cfb90e28e2be3a1956 fa9ca92d558f431bba1321717473ac5b - - default default] GET failed (client error): The resource could not be found. [pid: 8|app: 0|req: 1/4] 199.204.45.89 () {44 vars in 922 bytes} [Tue Apr 21 15:23:09 2026] GET /v2.0/networks/public => generated 108 bytes in 800 msecs (HTTP/1.1 404) 4 headers in 164 bytes (1 switches on core 0) /var/lib/openstack/lib/python3.12/site-packages/pycadf/identifier.py:70: UserWarning: Invalid uuid: unknown. To ensure interoperability, identifiers should be a valid uuid. warnings.warn(('Invalid uuid: %s. To ensure interoperability, ' [pid: 7|app: 0|req: 4/5] 199.204.45.89 () {44 vars in 944 bytes} [Tue Apr 21 15:23:09 2026] GET /v2.0/networks?name=public => generated 15 bytes in 380 msecs (HTTP/1.1 200) 4 headers in 156 bytes (1 switches on core 0)
2026-04-21 15:23:10.628 8 INFO neutron.db.ovn_revision_numbers_db [None req-437cbd4f-439e-4311-990e-03ecf9156501 55f378c2a30443cfb90e28e2be3a1956 fa9ca92d558f431bba1321717473ac5b - - default default] Successfully bumped revision number for resource 99c75abb-6c3d-4778-82d9-5ed3b363c927 (type: security_groups) to 1
2026-04-21 15:23:10.641 8 INFO neutron.db.ovn_revision_numbers_db [None req-437cbd4f-439e-4311-990e-03ecf9156501 55f378c2a30443cfb90e28e2be3a1956 fa9ca92d558f431bba1321717473ac5b - - default default] Successfully bumped revision number for resource 3970a2cd-a193-4180-9138-6ca1d3c30880 (type: security_group_rules) to 0
2026-04-21 15:23:10.650 8 INFO neutron.db.ovn_revision_numbers_db [None req-437cbd4f-439e-4311-990e-03ecf9156501 55f378c2a30443cfb90e28e2be3a1956 fa9ca92d558f431bba1321717473ac5b - - default default] Successfully bumped revision number for resource 3aef44b5-a062-4116-90d9-cba3089890cb (type: security_group_rules) to 0
2026-04-21 15:23:10.665 8 INFO neutron.db.ovn_revision_numbers_db [None req-437cbd4f-439e-4311-990e-03ecf9156501 55f378c2a30443cfb90e28e2be3a1956 fa9ca92d558f431bba1321717473ac5b - - default default] Successfully bumped revision number for resource b356711b-e146-4541-82d2-eacf48ef87a4 (type: security_group_rules) to 0
2026-04-21 15:23:10.680 8 INFO neutron.db.ovn_revision_numbers_db [None req-437cbd4f-439e-4311-990e-03ecf9156501 55f378c2a30443cfb90e28e2be3a1956 fa9ca92d558f431bba1321717473ac5b - - default default] Successfully bumped revision number for resource c0e6dee8-05b8-4b29-8f37-1ee83df3854c (type: security_group_rules) to 0
2026-04-21 15:23:10.762 8 WARNING neutron.services.revisions.revision_plugin [None req-437cbd4f-439e-4311-990e-03ecf9156501 55f378c2a30443cfb90e28e2be3a1956 fa9ca92d558f431bba1321717473ac5b - - default default] Could not find related network for resource to bump revision.
2026-04-21 15:23:10.788 8 INFO neutron.db.segments_db [None req-437cbd4f-439e-4311-990e-03ecf9156501 55f378c2a30443cfb90e28e2be3a1956 fa9ca92d558f431bba1321717473ac5b - - default default] Added segment 4bcc5ca7-6c1b-4c2c-a60d-a6790f5bb48d of type flat for network 774980fa-4bf0-4af5-a289-a2b813011e3b
2026-04-21 15:23:10.928 8 INFO neutron.plugins.ml2.drivers.ovn.mech_driver.mech_driver [-] OVN reports status down for port: provnet-4bcc5ca7-6c1b-4c2c-a60d-a6790f5bb48d
2026-04-21 15:23:10.931 7 INFO neutron.plugins.ml2.drivers.ovn.mech_driver.mech_driver [-] OVN reports status down for port: provnet-4bcc5ca7-6c1b-4c2c-a60d-a6790f5bb48d
2026-04-21 15:23:10.983 8 INFO neutron.db.ovn_revision_numbers_db [None req-437cbd4f-439e-4311-990e-03ecf9156501 55f378c2a30443cfb90e28e2be3a1956 fa9ca92d558f431bba1321717473ac5b - - default default] Successfully bumped revision number for resource 774980fa-4bf0-4af5-a289-a2b813011e3b (type: networks) to 1
2026-04-21 15:23:11.237 8 WARNING neutron.scheduler.dhcp_agent_scheduler [None req-437cbd4f-439e-4311-990e-03ecf9156501 55f378c2a30443cfb90e28e2be3a1956 fa9ca92d558f431bba1321717473ac5b - - default default] No more DHCP agents
2026-04-21 15:23:11.239 8 WARNING neutron.api.rpc.agentnotifiers.dhcp_rpc_agent_api [None req-437cbd4f-439e-4311-990e-03ecf9156501 55f378c2a30443cfb90e28e2be3a1956 fa9ca92d558f431bba1321717473ac5b - - default default] Unable to schedule network 774980fa-4bf0-4af5-a289-a2b813011e3b: no agents available; will retry on subsequent port and subnet creation events.
2026-04-21 15:23:11.569 7 INFO neutron.plugins.ml2.drivers.ovn.mech_driver.mech_driver [None req-ffbe3497-6535-4993-b383-19a6a060b2db - - - - - -] OVN reports status down for port: 9b7b87a7-5a1c-433c-891a-168267adf96e
2026-04-21 15:23:11.614 8 INFO neutron.db.ovn_revision_numbers_db [None req-437cbd4f-439e-4311-990e-03ecf9156501 55f378c2a30443cfb90e28e2be3a1956 fa9ca92d558f431bba1321717473ac5b - - default default] Successfully bumped revision number for resource 9b7b87a7-5a1c-433c-891a-168267adf96e (type: ports) to 1 [pid: 8|app: 0|req: 2/6] 199.204.45.89 () {48 vars in 962 bytes} [Tue Apr 21 15:23:10 2026] POST /v2.0/networks => generated 744 bytes in 1408 msecs (HTTP/1.1 201) 4 headers in 162 bytes (1 switches on core 0)
2026-04-21 15:23:11.668 7 INFO neutron.plugins.ml2.drivers.ovn.mech_driver.ovsdb.extensions.qos [None req-ffbe3497-6535-4993-b383-19a6a060b2db - - - - - -] Starting OVNClientQosExtension
2026-04-21 15:23:11.668 7 INFO neutron.plugins.ml2.drivers.ovn.mech_driver.ovsdb.extensions.placement [None req-ffbe3497-6535-4993-b383-19a6a060b2db - - - - - -] Starting OVNClientPlacementExtension
2026-04-21 15:23:13.119 7 INFO neutron.pecan_wsgi.hooks.translation [None req-8be35fd1-06b3-4df6-8358-84d9121501f4 55f378c2a30443cfb90e28e2be3a1956 fa9ca92d558f431bba1321717473ac5b - - default default] GET failed (client error): The resource could not be found. [pid: 7|app: 0|req: 5/7] 199.204.45.89 () {44 vars in 922 bytes} [Tue Apr 21 15:23:12 2026] GET /v2.0/networks/public => generated 108 bytes in 380 msecs (HTTP/1.1 404) 4 headers in 164 bytes (1 switches on core 0) [pid: 8|app: 0|req: 3/8] 199.204.45.89 () {44 vars in 944 bytes} [Tue Apr 21 15:23:13 2026] GET /v2.0/networks?name=public => generated 753 bytes in 38 msecs (HTTP/1.1 200) 4 headers in 157 bytes (1 switches on core 0)
2026-04-21 15:23:13.199 7 INFO neutron.pecan_wsgi.hooks.translation [None req-213dee7f-67ec-4ade-a829-6423df1fbb60 55f378c2a30443cfb90e28e2be3a1956 fa9ca92d558f431bba1321717473ac5b - - default default] GET failed (client error): The resource could not be found. [pid: 7|app: 0|req: 6/9] 199.204.45.89 () {44 vars in 1029 bytes} [Tue Apr 21 15:23:13 2026] GET /v2.0/subnets/public-subnet?network_id=774980fa-4bf0-4af5-a289-a2b813011e3b => generated 113 bytes in 27 msecs (HTTP/1.1 404) 4 headers in 164 bytes (1 switches on core 0) [pid: 8|app: 0|req: 4/10] 199.204.45.89 () {44 vars in 1052 bytes} [Tue Apr 21 15:23:13 2026] GET /v2.0/subnets?name=public-subnet&network_id=774980fa-4bf0-4af5-a289-a2b813011e3b => generated 14 bytes in 22 msecs (HTTP/1.1 200) 4 headers in 156 bytes (1 switches on core 0)
2026-04-21 15:23:13.643 7 WARNING neutron.scheduler.dhcp_agent_scheduler [None req-3f21b12a-6112-4d73-8761-a91b8f37c568 55f378c2a30443cfb90e28e2be3a1956 fa9ca92d558f431bba1321717473ac5b - - default default] No more DHCP agents
2026-04-21 15:23:13.644 7 WARNING neutron.api.rpc.agentnotifiers.dhcp_rpc_agent_api [None req-3f21b12a-6112-4d73-8761-a91b8f37c568 55f378c2a30443cfb90e28e2be3a1956 fa9ca92d558f431bba1321717473ac5b - - default default] Unable to schedule network 774980fa-4bf0-4af5-a289-a2b813011e3b: no agents available; will retry on subsequent port and subnet creation events.
2026-04-21 15:23:14.438 7 INFO neutron.db.ovn_revision_numbers_db [None req-285101db-a5f8-4319-bec3-db1cad800ad3 - - - - - -] Successfully bumped revision number for resource 9b7b87a7-5a1c-433c-891a-168267adf96e (type: ports) to 2
2026-04-21 15:23:14.481 7 INFO neutron.db.ovn_revision_numbers_db [None req-285101db-a5f8-4319-bec3-db1cad800ad3 - - - - - -] Successfully bumped revision number for resource 4cb8960e-e5b8-48d9-8cfc-1c3e4a660b03 (type: subnets) to 0 [pid: 7|app: 0|req: 7/11] 199.204.45.89 () {48 vars in 960 bytes} [Tue Apr 21 15:23:13 2026] POST /v2.0/subnets => generated 664 bytes in 1267 msecs (HTTP/1.1 201) 4 headers in 162 bytes (1 switches on core 0)
2026-04-21 15:28:02.875 7 INFO neutron.pecan_wsgi.hooks.translation [None req-9d28c3e7-6740-40f3-9502-f1604bd13a7f 55f378c2a30443cfb90e28e2be3a1956 fa9ca92d558f431bba1321717473ac5b - - default default] GET failed (client error): The resource could not be found. [pid: 7|app: 0|req: 25/47] 199.204.45.89 () {44 vars in 932 bytes} [Tue Apr 21 15:28:02 2026] GET /v2.0/networks/lb-mgmt-net => generated 113 bytes in 123 msecs (HTTP/1.1 404) 4 headers in 164 bytes (1 switches on core 0) [pid: 8|app: 0|req: 23/48] 199.204.45.89 () {44 vars in 954 bytes} [Tue Apr 21 15:28:02 2026] GET /v2.0/networks?name=lb-mgmt-net => generated 15 bytes in 17 msecs (HTTP/1.1 200) 4 headers in 156 bytes (1 switches on core 0)
2026-04-21 15:28:02.998 7 INFO neutron.db.segments_db [None req-207ae997-13f0-44bd-b15d-a3ba7840815f 55f378c2a30443cfb90e28e2be3a1956 fa9ca92d558f431bba1321717473ac5b - - default default] Added segment e922d9e1-dc48-48d9-963f-b4193e5f79f7 of type geneve for network 0f768f9e-011b-47e7-9bb5-6061d6139aa4
2026-04-21 15:28:03.142 7 INFO neutron.db.ovn_revision_numbers_db [None req-207ae997-13f0-44bd-b15d-a3ba7840815f 55f378c2a30443cfb90e28e2be3a1956 fa9ca92d558f431bba1321717473ac5b - - default default] Successfully bumped revision number for resource 0f768f9e-011b-47e7-9bb5-6061d6139aa4 (type: networks) to 1
