2026-04-21 16:01:39.577 8 INFO neutron_taas.services.taas.taas_plugin [None req-9bce630a-0175-48e4-8b10-9a8b6f62cce1 791050f882ac43faa8bf9695b2d8858c 9857542f1777460fa54f7e5131324249 - - default default] TaaS: Handle Delete Port: 558eb1f2-e316-425d-b383-a20b3f619664
2026-04-21 16:01:39.579 8 INFO neutron_taas.services.taas.tap_mirror_plugin [None req-9bce630a-0175-48e4-8b10-9a8b6f62cce1 791050f882ac43faa8bf9695b2d8858c 9857542f1777460fa54f7e5131324249 - - default default] Tap Mirror: Handle Delete Port: 558eb1f2-e316-425d-b383-a20b3f619664 [pid: 7|app: 0|req: 859/1672] 10.0.0.62 () {32 vars in 721 bytes} [Tue Apr 21 16:01:38 2026] DELETE /v2.0/routers/af81c9d1-8124-41cb-b449-dc5c0978e91c => generated 0 bytes in 827 msecs (HTTP/1.1 204) 2 headers in 112 bytes (1 switches on core 0)
2026-04-21 16:01:39.949 7 INFO neutron.db.ovn_revision_numbers_db [None req-43dd80e4-05c4-4245-bdb6-3039d6f7b525 d6498c44dd0e42468957488f237bf0f1 e4dca145bd2c4586bd5de3f70c15c0ef - - default default] Successfully bumped revision number for resource d2ff6fec-dc0b-4f67-ad87-64a7edaa1bd2 (type: routers) to 1 [pid: 7|app: 0|req: 860/1673] 10.0.0.62 () {34 vars in 666 bytes} [Tue Apr 21 16:01:39 2026] POST /v2.0/routers => generated 603 bytes in 147 msecs (HTTP/1.1 201) 4 headers in 162 bytes (1 switches on core 0) [pid: 7|app: 0|req: 861/1674] 10.0.0.62 () {32 vars in 733 bytes} [Tue Apr 21 16:01:39 2026] GET /v2.0/ports?device_id=af81c9d1-8124-41cb-b449-dc5c0978e91c => generated 12 bytes in 22 msecs (HTTP/1.1 200) 4 headers in 156 bytes (1 switches on core 0) [pid: 8|app: 0|req: 814/1675] 10.0.0.62 () {32 vars in 723 bytes} [Tue Apr 21 16:01:39 2026] DELETE /v2.0/networks/d022289b-847e-487a-a68a-4c4d73e9e92f => generated 0 bytes in 562 msecs (HTTP/1.1 204) 3 headers in 131 bytes (1 switches on core 0)
2026-04-21 16:01:40.014 8 INFO neutron.api.v2.resource [None req-a5745c08-6003-4452-b4c8-c5927f6dc4f7 84c5585d0b874227847266bac93e275b 5b516950014842aa84b645b805ab9fa8 - - default default] delete failed (client error): The resource could not be found. [pid: 8|app: 0|req: 815/1676] 10.0.0.62 () {32 vars in 721 bytes} [Tue Apr 21 16:01:39 2026] DELETE /v2.0/routers/af81c9d1-8124-41cb-b449-dc5c0978e91c => generated 135 bytes in 19 msecs (HTTP/1.1 404) 4 headers in 164 bytes (1 switches on core 0)
2026-04-21 16:01:40.026 8 INFO neutron.pecan_wsgi.hooks.translation [None req-485091d7-32b3-4396-8363-fd6a26b5bd0b 791050f882ac43faa8bf9695b2d8858c 9857542f1777460fa54f7e5131324249 - - default default] DELETE failed (client error): The resource could not be found. [pid: 8|app: 0|req: 816/1677] 10.0.0.62 () {32 vars in 723 bytes} [Tue Apr 21 16:01:40 2026] DELETE /v2.0/networks/d022289b-847e-487a-a68a-4c4d73e9e92f => generated 138 bytes in 12 msecs (HTTP/1.1 404) 4 headers in 164 bytes (1 switches on core 0) [pid: 8|app: 0|req: 817/1678] 10.0.0.62 () {32 vars in 733 bytes} [Tue Apr 21 16:01:40 2026] GET /v2.0/ports?device_id=7884c348-cbda-4ca1-8a46-a5a15041ecd7 => generated 12 bytes in 17 msecs (HTTP/1.1 200) 4 headers in 156 bytes (1 switches on core 0) [pid: 8|app: 0|req: 818/1679] 10.0.0.62 () {32 vars in 691 bytes} [Tue Apr 21 16:01:40 2026] GET /v2.0/networks?router%3Aexternal=True => generated 689 bytes in 52 msecs (HTTP/1.1 200) 4 headers in 157 bytes (1 switches on core 0)
2026-04-21 16:01:40.113 8 INFO neutron.api.v2.resource [None req-aa2eef48-c6cc-44b8-9d9f-eaf0c2f6814d 84c5585d0b874227847266bac93e275b 5b516950014842aa84b645b805ab9fa8 - - default default] delete failed (client error): The resource could not be found. [pid: 8|app: 0|req: 819/1680] 10.0.0.62 () {32 vars in 721 bytes} [Tue Apr 21 16:01:40 2026] DELETE /v2.0/routers/7884c348-cbda-4ca1-8a46-a5a15041ecd7 => generated 135 bytes in 14 msecs (HTTP/1.1 404) 4 headers in 164 bytes (1 switches on core 0) [pid: 8|app: 0|req: 820/1681] 10.0.0.62 () {32 vars in 739 bytes} [Tue Apr 21 16:01:40 2026] GET /v2.0/subnets?network_id=774980fa-4bf0-4af5-a289-a2b813011e3b => generated 649 bytes in 40 msecs (HTTP/1.1 200) 4 headers in 157 bytes (1 switches on core 0)
2026-04-21 16:01:40.166 8 INFO neutron.pecan_wsgi.hooks.translation [None req-3c3dc8ad-3c61-4486-870b-56a7a292f0be 84c5585d0b874227847266bac93e275b 5b516950014842aa84b645b805ab9fa8 - - default default] DELETE failed (client error): The resource could not be found. [pid: 8|app: 0|req: 821/1682] 10.0.0.62 () {32 vars in 721 bytes} [Tue Apr 21 16:01:40 2026] DELETE /v2.0/subnets/e345bf99-e746-4414-a250-51e7d2a130ec => generated 136 bytes in 14 msecs (HTTP/1.1 404) 4 headers in 164 bytes (1 switches on core 0) [pid: 8|app: 0|req: 822/1683] 10.0.0.62 () {32 vars in 650 bytes} [Tue Apr 21 16:01:40 2026] GET /v2.0/extensions => generated 20541 bytes in 5 msecs (HTTP/1.1 200) 4 headers in 159 bytes (1 switches on core 0) [pid: 8|app: 0|req: 823/1684] 10.0.0.62 () {32 vars in 733 bytes} [Tue Apr 21 16:01:40 2026] GET /v2.0/ports?device_id=c873df74-c378-402a-9bd0-531e02f4860d => generated 12 bytes in 18 msecs (HTTP/1.1 200) 4 headers in 156 bytes (1 switches on core 0) [pid: 8|app: 0|req: 824/1685] 10.0.0.62 () {32 vars in 646 bytes} [Tue Apr 21 16:01:40 2026] GET /v2.0/networks => generated 1385 bytes in 59 msecs (HTTP/1.1 200) 4 headers in 158 bytes (1 switches on core 0)
2026-04-21 16:01:40.279 8 INFO neutron.api.v2.resource [None req-0ca20872-337a-4e2e-a1b6-2cbc2b35be0c 84c5585d0b874227847266bac93e275b 5b516950014842aa84b645b805ab9fa8 - - default default] delete failed (client error): The resource could not be found. [pid: 8|app: 0|req: 825/1686] 10.0.0.62 () {32 vars in 721 bytes} [Tue Apr 21 16:01:40 2026] DELETE /v2.0/routers/c873df74-c378-402a-9bd0-531e02f4860d => generated 135 bytes in 22 msecs (HTTP/1.1 404) 4 headers in 164 bytes (1 switches on core 0) [pid: 8|app: 0|req: 826/1687] 10.0.0.62 () {32 vars in 644 bytes} [Tue Apr 21 16:01:40 2026] GET /v2.0/subnets => generated 1280 bytes in 29 msecs (HTTP/1.1 200) 4 headers in 158 bytes (1 switches on core 0)
2026-04-21 16:01:40.321 8 INFO neutron.pecan_wsgi.hooks.translation [None req-45a4038b-ad46-44b4-9245-2f727a924778 84c5585d0b874227847266bac93e275b 5b516950014842aa84b645b805ab9fa8 - - default default] DELETE failed (client error): The resource could not be found. [pid: 8|app: 0|req: 827/1688] 10.0.0.62 () {32 vars in 721 bytes} [Tue Apr 21 16:01:40 2026] DELETE /v2.0/subnets/ac7958b1-039b-4733-94ee-e9ac7f59dc2a => generated 136 bytes in 13 msecs (HTTP/1.1 404) 4 headers in 164 bytes (1 switches on core 0) [pid: 8|app: 0|req: 828/1689] 10.0.0.62 () {32 vars in 720 bytes} [Tue Apr 21 16:01:40 2026] GET /v2.0/networks/2b2948fd-8757-4c67-8ca5-d0db5a4b38d5 => generated 707 bytes in 38 msecs (HTTP/1.1 200) 4 headers in 157 bytes (1 switches on core 0) [pid: 8|app: 0|req: 829/1690] 10.0.0.62 () {32 vars in 733 bytes} [Tue Apr 21 16:01:40 2026] GET /v2.0/ports?device_id=8ede1ded-56bf-4c48-a448-f9a326494db1 => generated 12 bytes in 14 msecs (HTTP/1.1 200) 4 headers in 156 bytes (1 switches on core 0) [pid: 8|app: 0|req: 830/1691] 10.0.0.62 () {32 vars in 718 bytes} [Tue Apr 21 16:01:40 2026] GET /v2.0/subnets/3f7f6ddd-de50-4569-be17-16b27442ed1b => generated 641 bytes in 21 msecs (HTTP/1.1 200) 4 headers in 157 bytes (1 switches on core 0)
2026-04-21 16:01:40.411 7 WARNING neutron.scheduler.dhcp_agent_scheduler [None req-985019cb-ea6a-46b3-a59b-b8578a51c45e d6498c44dd0e42468957488f237bf0f1 e4dca145bd2c4586bd5de3f70c15c0ef - - default default] No more DHCP agents
2026-04-21 16:01:40.412 8 INFO neutron.api.v2.resource [None req-7e6f5706-8095-4084-84be-1dab80e3b848 84c5585d0b874227847266bac93e275b 5b516950014842aa84b645b805ab9fa8 - - default default] delete failed (client error): The resource could not be found.
2026-04-21 16:01:40.413 7 WARNING neutron.api.rpc.agentnotifiers.dhcp_rpc_agent_api [None req-985019cb-ea6a-46b3-a59b-b8578a51c45e d6498c44dd0e42468957488f237bf0f1 e4dca145bd2c4586bd5de3f70c15c0ef - - default default] Unable to schedule network 205c6688-6ce9-4adc-9652-80e3d75851ad: no agents available; will retry on subsequent port and subnet creation events. [pid: 8|app: 0|req: 831/1692] 10.0.0.62 () {32 vars in 721 bytes} [Tue Apr 21 16:01:40 2026] DELETE /v2.0/routers/8ede1ded-56bf-4c48-a448-f9a326494db1 => generated 135 bytes in 14 msecs (HTTP/1.1 404) 4 headers in 164 bytes (1 switches on core 0)
2026-04-21 16:01:40.424 8 INFO neutron.pecan_wsgi.hooks.translation [None req-4f2a61ee-22a2-4aed-8a17-ac9dc5ff3227 791050f882ac43faa8bf9695b2d8858c 9857542f1777460fa54f7e5131324249 - - default default] DELETE failed (client error): The resource could not be found. [pid: 8|app: 0|req: 832/1693] 10.0.0.62 () {32 vars in 721 bytes} [Tue Apr 21 16:01:40 2026] DELETE /v2.0/subnets/319e4318-92c6-4302-a862-d926083ebbef => generated 136 bytes in 13 msecs (HTTP/1.1 404) 4 headers in 164 bytes (1 switches on core 0)
2026-04-21 16:01:40.439 8 INFO neutron.pecan_wsgi.hooks.translation [None req-dfee890d-5b18-4e87-a2b0-1eadf5974804 84c5585d0b874227847266bac93e275b 5b516950014842aa84b645b805ab9fa8 - - default default] DELETE failed (client error): The resource could not be found. [pid: 8|app: 0|req: 833/1694] 10.0.0.62 () {32 vars in 721 bytes} [Tue Apr 21 16:01:40 2026] DELETE /v2.0/subnets/95d5ced9-6547-4d3d-be1f-c1d1661d9d98 => generated 136 bytes in 17 msecs (HTTP/1.1 404) 4 headers in 164 bytes (1 switches on core 0)
2026-04-21 16:01:40.462 8 INFO neutron.services.segments.plugin [-] Segment 571fbe02-0358-497f-a437-4f037c943053 resource provider aggregate not found
2026-04-21 16:01:40.465 8 INFO neutron.pecan_wsgi.hooks.translation [None req-e8692eda-4620-49f3-bdd1-b1318e41a80e 791050f882ac43faa8bf9695b2d8858c 9857542f1777460fa54f7e5131324249 - - default default] DELETE failed (client error): The resource could not be found. [pid: 8|app: 0|req: 834/1695] 10.0.0.62 () {32 vars in 723 bytes} [Tue Apr 21 16:01:40 2026] DELETE /v2.0/networks/d022289b-847e-487a-a68a-4c4d73e9e92f => generated 138 bytes in 24 msecs (HTTP/1.1 404) 4 headers in 164 bytes (1 switches on core 0)
2026-04-21 16:01:40.470 8 INFO neutron.services.segments.plugin [-] Segment 571fbe02-0358-497f-a437-4f037c943053 resource provider aggregate not found
2026-04-21 16:01:40.479 8 INFO neutron.services.segments.plugin [-] Segment 571fbe02-0358-497f-a437-4f037c943053 resource provider not found; error: Placement Client Error (4xx): {"errors": [{"status": 404, "title": "Not Found", "detail": "The resource could not be found.\n\n No resource provider with uuid 571fbe02-0358-497f-a437-4f037c943053 found for delete ", "request_id": "req-ea5423f7-1e75-4408-958e-f04005a95069"}]}
2026-04-21 16:01:40.485 8 INFO neutron.pecan_wsgi.hooks.translation [None req-d3382ed0-91ab-41e8-8903-e0ed7e4f3a9d 84c5585d0b874227847266bac93e275b 5b516950014842aa84b645b805ab9fa8 - - default default] DELETE failed (client error): The resource could not be found. [pid: 8|app: 0|req: 835/1696] 10.0.0.62 () {32 vars in 721 bytes} [Tue Apr 21 16:01:40 2026] DELETE /v2.0/subnets/28ddb043-75e3-4b0b-8f2b-db80070da8e9 => generated 136 bytes in 19 msecs (HTTP/1.1 404) 4 headers in 164 bytes (1 switches on core 0)
2026-04-21 16:01:40.489 8 INFO neutron.services.segments.plugin [-] Segment 571fbe02-0358-497f-a437-4f037c943053 resource provider not found; error: Placement Client Error (4xx): {"errors": [{"status": 404, "title": "Not Found", "detail": "The resource could not be found.\n\n No resource provider with uuid 571fbe02-0358-497f-a437-4f037c943053 found for delete ", "request_id": "req-1b11ad4d-aed6-49f7-93ab-f30a415bb0aa"}]}
2026-04-21 16:01:40.540 7 INFO neutron.plugins.ml2.drivers.ovn.mech_driver.mech_driver [None req-0bf9b796-9f4f-4c30-b2d8-fca23f5e359c - - - - - -] OVN reports status down for port: 70670029-2c6a-40a7-a34b-a537b97654ea
2026-04-21 16:01:40.609 7 INFO neutron.db.ovn_revision_numbers_db [None req-985019cb-ea6a-46b3-a59b-b8578a51c45e d6498c44dd0e42468957488f237bf0f1 e4dca145bd2c4586bd5de3f70c15c0ef - - default default] Successfully bumped revision number for resource 70670029-2c6a-40a7-a34b-a537b97654ea (type: ports) to 1 [pid: 8|app: 0|req: 836/1697] 10.0.0.62 () {32 vars in 721 bytes} [Tue Apr 21 16:01:40 2026] DELETE /v2.0/subnets/3f7f6ddd-de50-4569-be17-16b27442ed1b => generated 0 bytes in 188 msecs (HTTP/1.1 204) 3 headers in 131 bytes (1 switches on core 0)
2026-04-21 16:01:40.811 8 INFO neutron_taas.services.taas.taas_plugin [None req-5cc7a265-fbb7-4398-bacb-619164170d24 791050f882ac43faa8bf9695b2d8858c 9857542f1777460fa54f7e5131324249 - - default default] TaaS: Handle Delete Port: c39e7219-4635-4de7-9a57-a944c03c62e6
2026-04-21 16:01:40.814 8 INFO neutron_taas.services.taas.tap_mirror_plugin [None req-5cc7a265-fbb7-4398-bacb-619164170d24 791050f882ac43faa8bf9695b2d8858c 9857542f1777460fa54f7e5131324249 - - default default] Tap Mirror: Handle Delete Port: c39e7219-4635-4de7-9a57-a944c03c62e6 [pid: 8|app: 0|req: 837/1698] 10.0.0.62 () {32 vars in 723 bytes} [Tue Apr 21 16:01:40 2026] DELETE /v2.0/networks/2b2948fd-8757-4c67-8ca5-d0db5a4b38d5 => generated 0 bytes in 350 msecs (HTTP/1.1 204) 3 headers in 131 bytes (1 switches on core 0)
2026-04-21 16:01:41.239 7 INFO neutron.plugins.ml2.drivers.ovn.mech_driver.mech_driver [None req-0bf9b796-9f4f-4c30-b2d8-fca23f5e359c - - - - - -] OVN reports status up for port: 70670029-2c6a-40a7-a34b-a537b97654ea
2026-04-21 16:01:41.265 7 INFO neutron.plugins.ml2.plugin [None req-0bf9b796-9f4f-4c30-b2d8-fca23f5e359c - - - - - -] Attempt 1 to provision port 70670029-2c6a-40a7-a34b-a537b97654ea [pid: 8|app: 0|req: 838/1699] 10.0.0.62 () {32 vars in 771 bytes} [Tue Apr 21 16:01:41 2026] GET /v2.0/security-groups?tenant_id=5b516950014842aa84b645b805ab9fa8&name=default => generated 2925 bytes in 246 msecs (HTTP/1.1 200) 4 headers in 158 bytes (1 switches on core 0)
2026-04-21 16:01:41.317 8 WARNING neutron.plugins.ml2.drivers.ovn.mech_driver.ovsdb.ovn_client [None req-c6172c26-b10a-4172-87dc-32a11504b20d - - - - - -] No port found with ID 90aea77e-7d0a-44b7-8c97-4fe9cfacb25f: RuntimeError: No port found with ID 90aea77e-7d0a-44b7-8c97-4fe9cfacb25f
2026-04-21 16:01:41.318 8 INFO neutron.plugins.ml2.drivers.ovn.mech_driver.mech_driver [None req-c6172c26-b10a-4172-87dc-32a11504b20d - - - - - -] OVN reports status down for port: 558eb1f2-e316-425d-b383-a20b3f619664
2026-04-21 16:01:41.334 8 INFO neutron.plugins.ml2.drivers.ovn.mech_driver.mech_driver [None req-c6172c26-b10a-4172-87dc-32a11504b20d - - - - - -] OVN reports status down for port: 1601cf1e-eeeb-4c22-b696-1c266de8f8c4
2026-04-21 16:01:41.375 7 WARNING neutron.scheduler.dhcp_agent_scheduler [None req-985019cb-ea6a-46b3-a59b-b8578a51c45e d6498c44dd0e42468957488f237bf0f1 e4dca145bd2c4586bd5de3f70c15c0ef - - default default] No more DHCP agents
2026-04-21 16:01:41.384 7 WARNING neutron.api.rpc.agentnotifiers.dhcp_rpc_agent_api [None req-985019cb-ea6a-46b3-a59b-b8578a51c45e d6498c44dd0e42468957488f237bf0f1 e4dca145bd2c4586bd5de3f70c15c0ef - - default default] Unable to schedule network 205c6688-6ce9-4adc-9652-80e3d75851ad: no agents available; will retry on subsequent port and subnet creation events. [pid: 8|app: 0|req: 839/1700] 10.0.0.62 () {32 vars in 737 bytes} [Tue Apr 21 16:01:41 2026] DELETE /v2.0/security-groups/0ae129c0-6652-46f6-8070-36f5ba3ad70c => generated 0 bytes in 314 msecs (HTTP/1.1 204) 2 headers in 112 bytes (1 switches on core 0)
2026-04-21 16:01:41.862 7 INFO neutron.db.ovn_revision_numbers_db [None req-985019cb-ea6a-46b3-a59b-b8578a51c45e d6498c44dd0e42468957488f237bf0f1 e4dca145bd2c4586bd5de3f70c15c0ef - - default default] Successfully bumped revision number for resource 70670029-2c6a-40a7-a34b-a537b97654ea (type: router_ports) to 1 [pid: 8|app: 0|req: 840/1701] 10.0.0.62 () {32 vars in 771 bytes} [Tue Apr 21 16:01:41 2026] GET /v2.0/security-groups?tenant_id=9857542f1777460fa54f7e5131324249&name=default => generated 2925 bytes in 272 msecs (HTTP/1.1 200) 4 headers in 158 bytes (1 switches on core 0) [pid: 7|app: 0|req: 862/1702] 10.0.0.62 () {34 vars in 780 bytes} [Tue Apr 21 16:01:39 2026] PUT /v2.0/routers/d2ff6fec-dc0b-4f67-ad87-64a7edaa1bd2/add_router_interface => generated 309 bytes in 1886 msecs (HTTP/1.1 200) 4 headers in 157 bytes (1 switches on core 0)
2026-04-21 16:01:42.068 7 INFO neutron.db.ovn_revision_numbers_db [None req-0bf9b796-9f4f-4c30-b2d8-fca23f5e359c - - - - - -] Successfully bumped revision number for resource 70670029-2c6a-40a7-a34b-a537b97654ea (type: ports) to 2 [pid: 7|app: 0|req: 863/1703] 10.0.0.62 () {32 vars in 714 bytes} [Tue Apr 21 16:01:41 2026] GET /v2.0/ports/70670029-2c6a-40a7-a34b-a537b97654ea => generated 943 bytes in 189 msecs (HTTP/1.1 200) 4 headers in 157 bytes (1 switches on core 0) [pid: 8|app: 0|req: 841/1704] 10.0.0.62 () {32 vars in 737 bytes} [Tue Apr 21 16:01:41 2026] DELETE /v2.0/security-groups/3b198c65-f07d-44b7-8acf-77e17d646486 => generated 0 bytes in 292 msecs (HTTP/1.1 204) 2 headers in 112 bytes (1 switches on core 0)
2026-04-21 16:01:42.498 8 INFO neutron.services.segments.plugin [-] Segment 090d7223-22fb-42db-9d8f-ebba5b563754 resource provider aggregate not found
2026-04-21 16:01:42.506 8 INFO neutron.services.segments.plugin [-] Segment 090d7223-22fb-42db-9d8f-ebba5b563754 resource provider aggregate not found
2026-04-21 16:01:42.522 8 INFO neutron.services.segments.plugin [-] Segment 090d7223-22fb-42db-9d8f-ebba5b563754 resource provider not found; error: Placement Client Error (4xx): {"errors": [{"status": 404, "title": "Not Found", "detail": "The resource could not be found.\n\n No resource provider with uuid 090d7223-22fb-42db-9d8f-ebba5b563754 found for delete ", "request_id": "req-30af3669-f5b2-4b54-a0c3-9e264ba5d1e8"}]}
2026-04-21 16:01:42.523 8 INFO neutron.services.segments.plugin [-] Segment 090d7223-22fb-42db-9d8f-ebba5b563754 resource provider not found; error: Placement Client Error (4xx): {"errors": [{"status": 404, "title": "Not Found", "detail": "The resource could not be found.\n\n No resource provider with uuid 090d7223-22fb-42db-9d8f-ebba5b563754 found for delete ", "request_id": "req-4c9d6489-4c4d-4204-a723-eb9b8a35e10a"}]}
2026-04-21 16:01:42.627 7 WARNING neutron.scheduler.dhcp_agent_scheduler [None req-cfa06495-c61b-4b3e-97ef-3a18ef080e9d d6498c44dd0e42468957488f237bf0f1 e4dca145bd2c4586bd5de3f70c15c0ef - - default default] No more DHCP agents
2026-04-21 16:01:42.628 7 WARNING neutron.api.rpc.agentnotifiers.dhcp_rpc_agent_api [None req-cfa06495-c61b-4b3e-97ef-3a18ef080e9d d6498c44dd0e42468957488f237bf0f1 e4dca145bd2c4586bd5de3f70c15c0ef - - default default] Unable to schedule network 2c3704b3-18eb-4f43-bed7-27d81d05b3a5: no agents available; will retry on subsequent port and subnet creation events.
2026-04-21 16:01:42.764 7 INFO neutron.db.ovn_revision_numbers_db [None req-cfa06495-c61b-4b3e-97ef-3a18ef080e9d d6498c44dd0e42468957488f237bf0f1 e4dca145bd2c4586bd5de3f70c15c0ef - - default default] Successfully bumped revision number for resource 2416e1d8-dae0-4f24-93cc-7c285a690683 (type: ports) to 1
2026-04-21 16:01:42.770 8 INFO neutron.plugins.ml2.drivers.ovn.mech_driver.mech_driver [None req-c6172c26-b10a-4172-87dc-32a11504b20d - - - - - -] OVN reports status down for port: 2416e1d8-dae0-4f24-93cc-7c285a690683
2026-04-21 16:01:42.946 8 INFO neutron.db.ovn_revision_numbers_db [None req-c430a36e-4825-46c0-992d-a713577e1e27 238f78c5a0564d1eac889ccbc4cb34d5 e5b505624f594d61943a41a613c588f1 - - default default] Successfully bumped revision number for resource 307d9ce0-92c4-4b82-a997-18d9fea9b69d (type: security_groups) to 1
2026-04-21 16:01:42.960 8 INFO neutron.db.ovn_revision_numbers_db [None req-c430a36e-4825-46c0-992d-a713577e1e27 238f78c5a0564d1eac889ccbc4cb34d5 e5b505624f594d61943a41a613c588f1 - - default default] Successfully bumped revision number for resource 23b382d2-c630-43fa-b060-17d1da17e5d2 (type: security_group_rules) to 0
2026-04-21 16:01:42.975 8 INFO neutron.db.ovn_revision_numbers_db [None req-c430a36e-4825-46c0-992d-a713577e1e27 238f78c5a0564d1eac889ccbc4cb34d5 e5b505624f594d61943a41a613c588f1 - - default default] Successfully bumped revision number for resource 2ae0a53a-de06-47d3-8610-af8eb2c2f820 (type: security_group_rules) to 0
2026-04-21 16:01:42.991 8 INFO neutron.db.ovn_revision_numbers_db [None req-c430a36e-4825-46c0-992d-a713577e1e27 238f78c5a0564d1eac889ccbc4cb34d5 e5b505624f594d61943a41a613c588f1 - - default default] Successfully bumped revision number for resource 72f82c4b-4bf7-44eb-8f15-8f36dfbf672b (type: security_group_rules) to 0
2026-04-21 16:01:43.008 8 INFO neutron.db.ovn_revision_numbers_db [None req-c430a36e-4825-46c0-992d-a713577e1e27 238f78c5a0564d1eac889ccbc4cb34d5 e5b505624f594d61943a41a613c588f1 - - default default] Successfully bumped revision number for resource 76d1ad11-618a-48c5-a3a4-f8eb5a488bc6 (type: security_group_rules) to 0
2026-04-21 16:01:43.097 8 INFO neutron.db.segments_db [None req-c430a36e-4825-46c0-992d-a713577e1e27 238f78c5a0564d1eac889ccbc4cb34d5 e5b505624f594d61943a41a613c588f1 - - default default] Added segment 7afbc721-1e6c-4822-9bbc-daf09bdb536a of type geneve for network e25e3513-0b18-406e-bf17-32012758665f
2026-04-21 16:01:43.238 8 INFO neutron.db.ovn_revision_numbers_db [None req-c430a36e-4825-46c0-992d-a713577e1e27 238f78c5a0564d1eac889ccbc4cb34d5 e5b505624f594d61943a41a613c588f1 - - default default] Successfully bumped revision number for resource e25e3513-0b18-406e-bf17-32012758665f (type: networks) to 1
2026-04-21 16:01:43.416 8 WARNING neutron.scheduler.dhcp_agent_scheduler [None req-c430a36e-4825-46c0-992d-a713577e1e27 238f78c5a0564d1eac889ccbc4cb34d5 e5b505624f594d61943a41a613c588f1 - - default default] No more DHCP agents
2026-04-21 16:01:43.417 8 WARNING neutron.api.rpc.agentnotifiers.dhcp_rpc_agent_api [None req-c430a36e-4825-46c0-992d-a713577e1e27 238f78c5a0564d1eac889ccbc4cb34d5 e5b505624f594d61943a41a613c588f1 - - default default] Unable to schedule network e25e3513-0b18-406e-bf17-32012758665f: no agents available; will retry on subsequent port and subnet creation events.
2026-04-21 16:01:43.447 8 INFO neutron.plugins.ml2.drivers.ovn.mech_driver.mech_driver [None req-c6172c26-b10a-4172-87dc-32a11504b20d - - - - - -] OVN reports status up for port: 2416e1d8-dae0-4f24-93cc-7c285a690683
2026-04-21 16:01:43.474 8 INFO neutron.plugins.ml2.plugin [None req-c6172c26-b10a-4172-87dc-32a11504b20d - - - - - -] Attempt 1 to provision port 2416e1d8-dae0-4f24-93cc-7c285a690683
2026-04-21 16:01:43.487 7 INFO neutron.plugins.ml2.plugin [None req-cfa06495-c61b-4b3e-97ef-3a18ef080e9d d6498c44dd0e42468957488f237bf0f1 e4dca145bd2c4586bd5de3f70c15c0ef - - default default] Attempt 1 to provision port 2416e1d8-dae0-4f24-93cc-7c285a690683
2026-04-21 16:01:43.583 8 INFO neutron.db.ovn_revision_numbers_db [None req-c430a36e-4825-46c0-992d-a713577e1e27 238f78c5a0564d1eac889ccbc4cb34d5 e5b505624f594d61943a41a613c588f1 - - default default] Successfully bumped revision number for resource f2158646-42e5-44f1-b810-80e0fd9c8c09 (type: ports) to 1
2026-04-21 16:01:43.586 7 WARNING neutron.scheduler.dhcp_agent_scheduler [None req-cfa06495-c61b-4b3e-97ef-3a18ef080e9d d6498c44dd0e42468957488f237bf0f1 e4dca145bd2c4586bd5de3f70c15c0ef - - default default] No more DHCP agents
2026-04-21 16:01:43.588 7 WARNING neutron.api.rpc.agentnotifiers.dhcp_rpc_agent_api [None req-cfa06495-c61b-4b3e-97ef-3a18ef080e9d d6498c44dd0e42468957488f237bf0f1 e4dca145bd2c4586bd5de3f70c15c0ef - - default default] Unable to schedule network 2c3704b3-18eb-4f43-bed7-27d81d05b3a5: no agents available; will retry on subsequent port and subnet creation events. [pid: 8|app: 0|req: 842/1705] 10.0.0.62 () {34 vars in 668 bytes} [Tue Apr 21 16:01:42 2026] POST /v2.0/networks => generated 652 bytes in 1112 msecs (HTTP/1.1 201) 4 headers in 162 bytes (1 switches on core 0)
2026-04-21 16:01:43.830 7 INFO neutron.db.ovn_revision_numbers_db [None req-cfa06495-c61b-4b3e-97ef-3a18ef080e9d d6498c44dd0e42468957488f237bf0f1 e4dca145bd2c4586bd5de3f70c15c0ef - - default default] Successfully bumped revision number for resource 2416e1d8-dae0-4f24-93cc-7c285a690683 (type: router_ports) to 1 [pid: 7|app: 0|req: 864/1706] 10.0.0.62 () {34 vars in 780 bytes} [Tue Apr 21 16:01:42 2026] PUT /v2.0/routers/d2ff6fec-dc0b-4f67-ad87-64a7edaa1bd2/add_router_interface => generated 309 bytes in 1760 msecs (HTTP/1.1 200) 4 headers in 157 bytes (1 switches on core 0)
2026-04-21 16:01:44.124 8 INFO neutron.db.ovn_revision_numbers_db [None req-c6172c26-b10a-4172-87dc-32a11504b20d - - - - - -] Successfully bumped revision number for resource 2416e1d8-dae0-4f24-93cc-7c285a690683 (type: ports) to 2
2026-04-21 16:01:44.137 8 INFO neutron.db.ovn_revision_numbers_db [None req-87771a90-aa2e-4b42-933a-cf76b1ce5970 8de1006634c64f0390d27da369bf4a0a 50ce77530ed94a7d824122dbe837c9ac - - default default] Successfully bumped revision number for resource 9e51a8be-ccd9-4c70-86ab-734bcec31d9d (type: security_groups) to 1
2026-04-21 16:01:44.165 8 INFO neutron.db.ovn_revision_numbers_db [None req-87771a90-aa2e-4b42-933a-cf76b1ce5970 8de1006634c64f0390d27da369bf4a0a 50ce77530ed94a7d824122dbe837c9ac - - default default] Successfully bumped revision number for resource 13827b4b-b5c7-419c-ab62-67b3792526ae (type: security_group_rules) to 0
2026-04-21 16:01:44.187 8 INFO neutron.db.ovn_revision_numbers_db [None req-87771a90-aa2e-4b42-933a-cf76b1ce5970 8de1006634c64f0390d27da369bf4a0a 50ce77530ed94a7d824122dbe837c9ac - - default default] Successfully bumped revision number for resource 8f535fc3-5c4d-45ab-8570-10508c205666 (type: security_group_rules) to 0
2026-04-21 16:01:44.207 8 INFO neutron.db.ovn_revision_numbers_db [None req-87771a90-aa2e-4b42-933a-cf76b1ce5970 8de1006634c64f0390d27da369bf4a0a 50ce77530ed94a7d824122dbe837c9ac - - default default] Successfully bumped revision number for resource d8ea5161-3ee0-4b88-abde-172719b66c32 (type: security_group_rules) to 0
2026-04-21 16:01:44.246 8 INFO neutron.db.ovn_revision_numbers_db [None req-87771a90-aa2e-4b42-933a-cf76b1ce5970 8de1006634c64f0390d27da369bf4a0a 50ce77530ed94a7d824122dbe837c9ac - - default default] Successfully bumped revision number for resource e5150d03-3b82-4699-96ce-6d2b294f0f2d (type: security_group_rules) to 0
2026-04-21 16:01:44.316 7 WARNING neutron.scheduler.dhcp_agent_scheduler [None req-6baf45e1-8ef7-4cae-adc1-4dfae7d9de12 238f78c5a0564d1eac889ccbc4cb34d5 e5b505624f594d61943a41a613c588f1 - - default default] No more DHCP agents
2026-04-21 16:01:44.317 7 WARNING neutron.api.rpc.agentnotifiers.dhcp_rpc_agent_api [None req-6baf45e1-8ef7-4cae-adc1-4dfae7d9de12 238f78c5a0564d1eac889ccbc4cb34d5 e5b505624f594d61943a41a613c588f1 - - default default] Unable to schedule network 774980fa-4bf0-4af5-a289-a2b813011e3b: no agents available; will retry on subsequent port and subnet creation events.
2026-04-21 16:01:44.391 8 INFO neutron.db.ovn_revision_numbers_db [None req-87771a90-aa2e-4b42-933a-cf76b1ce5970 8de1006634c64f0390d27da369bf4a0a 50ce77530ed94a7d824122dbe837c9ac - - default default] Successfully bumped revision number for resource a3d74fbe-1dda-4f27-b88d-8fdda125d3a2 (type: security_groups) to 1
2026-04-21 16:01:44.406 8 INFO neutron.db.ovn_revision_numbers_db [None req-87771a90-aa2e-4b42-933a-cf76b1ce5970 8de1006634c64f0390d27da369bf4a0a 50ce77530ed94a7d824122dbe837c9ac - - default default] Successfully bumped revision number for resource 0ec20ddf-23c7-4dac-93b8-b5a259fb3149 (type: security_group_rules) to 0
2026-04-21 16:01:44.419 8 INFO neutron.db.ovn_revision_numbers_db [None req-87771a90-aa2e-4b42-933a-cf76b1ce5970 8de1006634c64f0390d27da369bf4a0a 50ce77530ed94a7d824122dbe837c9ac - - default default] Successfully bumped revision number for resource 657f584d-b861-48d6-8b23-2595ba38479b (type: security_group_rules) to 0 [pid: 8|app: 0|req: 843/1707] 10.0.0.62 () {34 vars in 681 bytes} [Tue Apr 21 16:01:43 2026] POST /v2.0/security-groups => generated 1625 bytes in 859 msecs (HTTP/1.1 201) 4 headers in 163 bytes (1 switches on core 0)
2026-04-21 16:01:44.507 7 INFO neutron.db.ovn_revision_numbers_db [None req-6baf45e1-8ef7-4cae-adc1-4dfae7d9de12 238f78c5a0564d1eac889ccbc4cb34d5 e5b505624f594d61943a41a613c588f1 - - default default] Successfully bumped revision number for resource cba3cbf7-3476-4cf2-b4e9-6f3bf8e52ef0 (type: ports) to 1 [pid: 8|app: 0|req: 844/1708] 10.0.0.62 () {32 vars in 714 bytes} [Tue Apr 21 16:01:44 2026] GET /v2.0/ports/2416e1d8-dae0-4f24-93cc-7c285a690683 => generated 943 bytes in 81 msecs (HTTP/1.1 200) 4 headers in 157 bytes (1 switches on core 0)
2026-04-21 16:01:44.828 8 INFO neutron.db.ovn_revision_numbers_db [None req-3bcec73e-3990-42a4-bb28-5298cb52f1db d0c06f270b83446f9070da71e310a23a 9d905ca37f5841de808450c4838955c3 - - default default] Successfully bumped revision number for resource b8b066fe-89e8-44af-9439-b96d4160a6f7 (type: security_groups) to 1
2026-04-21 16:01:44.848 8 INFO neutron.db.ovn_revision_numbers_db [None req-3bcec73e-3990-42a4-bb28-5298cb52f1db d0c06f270b83446f9070da71e310a23a 9d905ca37f5841de808450c4838955c3 - - default default] Successfully bumped revision number for resource 10b0819a-5ea9-4cbf-8933-64be1bc5a222 (type: security_group_rules) to 0
2026-04-21 16:01:44.864 8 INFO neutron.db.ovn_revision_numbers_db [None req-3bcec73e-3990-42a4-bb28-5298cb52f1db d0c06f270b83446f9070da71e310a23a 9d905ca37f5841de808450c4838955c3 - - default default] Successfully bumped revision number for resource 13c2cffa-b6ff-4287-8157-dc5c980386a6 (type: security_group_rules) to 0
2026-04-21 16:01:44.879 8 INFO neutron.db.ovn_revision_numbers_db [None req-3bcec73e-3990-42a4-bb28-5298cb52f1db d0c06f270b83446f9070da71e310a23a 9d905ca37f5841de808450c4838955c3 - - default default] Successfully bumped revision number for resource 353c698f-019d-433a-8fea-9a76f9509ddd (type: security_group_rules) to 0
2026-04-21 16:01:44.898 8 INFO neutron.db.ovn_revision_numbers_db [None req-3bcec73e-3990-42a4-bb28-5298cb52f1db d0c06f270b83446f9070da71e310a23a 9d905ca37f5841de808450c4838955c3 - - default default] Successfully bumped revision number for resource e35c7274-ffde-4949-a7b9-0c6963a67e97 (type: security_group_rules) to 0
2026-04-21 16:01:44.999 8 INFO neutron.db.segments_db [None req-3bcec73e-3990-42a4-bb28-5298cb52f1db d0c06f270b83446f9070da71e310a23a 9d905ca37f5841de808450c4838955c3 - - default default] Added segment 80ca821a-3f4a-4126-a32b-cf995629f344 of type geneve for network b2e1538d-8129-4545-8c52-55632dae4b9b
2026-04-21 16:01:45.157 8 INFO neutron.db.ovn_revision_numbers_db [None req-3bcec73e-3990-42a4-bb28-5298cb52f1db d0c06f270b83446f9070da71e310a23a 9d905ca37f5841de808450c4838955c3 - - default default] Successfully bumped revision number for resource b2e1538d-8129-4545-8c52-55632dae4b9b (type: networks) to 1
2026-04-21 16:01:45.197 7 INFO neutron.plugins.ml2.drivers.ovn.mech_driver.ovsdb.commands [None req-d3a40f3e-a6f1-4472-8493-0264f6e4b695 - - - - - -] Schedule LRP lrp-cba3cbf7-3476-4cf2-b4e9-6f3bf8e52ef0 on gateway a6ff9244-9332-45e6-b8d1-630c7c5cfee4 with priority 1
2026-04-21 16:01:45.293 7 INFO neutron.db.ovn_revision_numbers_db [None req-6baf45e1-8ef7-4cae-adc1-4dfae7d9de12 238f78c5a0564d1eac889ccbc4cb34d5 e5b505624f594d61943a41a613c588f1 - - default default] Successfully bumped revision number for resource cba3cbf7-3476-4cf2-b4e9-6f3bf8e52ef0 (type: router_ports) to 1
2026-04-21 16:01:45.311 7 INFO neutron.plugins.ml2.drivers.ovn.mech_driver.ovsdb.ovsdb_monitor [None req-9cb0f881-5e11-46a5-85da-0b53ef13b32f - - - - - -] Router 41f88189-e663-4df6-8401-96918be4ea73 is bound to host instance
2026-04-21 16:01:45.422 8 WARNING neutron.scheduler.dhcp_agent_scheduler [None req-3bcec73e-3990-42a4-bb28-5298cb52f1db d0c06f270b83446f9070da71e310a23a 9d905ca37f5841de808450c4838955c3 - - default default] No more DHCP agents
2026-04-21 16:01:45.424 8 WARNING neutron.api.rpc.agentnotifiers.dhcp_rpc_agent_api [None req-3bcec73e-3990-42a4-bb28-5298cb52f1db d0c06f270b83446f9070da71e310a23a 9d905ca37f5841de808450c4838955c3 - - default default] Unable to schedule network b2e1538d-8129-4545-8c52-55632dae4b9b: no agents available; will retry on subsequent port and subnet creation events.
2026-04-21 16:01:45.429 7 INFO neutron.db.ovn_revision_numbers_db [None req-6baf45e1-8ef7-4cae-adc1-4dfae7d9de12 238f78c5a0564d1eac889ccbc4cb34d5 e5b505624f594d61943a41a613c588f1 - - default default] Successfully bumped revision number for resource 41f88189-e663-4df6-8401-96918be4ea73 (type: routers) to 2 [pid: 7|app: 0|req: 865/1709] 10.0.0.62 () {34 vars in 666 bytes} [Tue Apr 21 16:01:43 2026] POST /v2.0/routers => generated 954 bytes in 1645 msecs (HTTP/1.1 201) 4 headers in 162 bytes (1 switches on core 0)
2026-04-21 16:01:45.517 8 INFO neutron.db.ovn_revision_numbers_db [None req-3bcec73e-3990-42a4-bb28-5298cb52f1db d0c06f270b83446f9070da71e310a23a 9d905ca37f5841de808450c4838955c3 - - default default] Successfully bumped revision number for resource 0e6d2eac-7b37-4c3e-afe5-184d26df97c7 (type: ports) to 1 [pid: 8|app: 0|req: 845/1710] 10.0.0.62 () {34 vars in 667 bytes} [Tue Apr 21 16:01:44 2026] POST /v2.0/networks => generated 668 bytes in 971 msecs (HTTP/1.1 201) 4 headers in 162 bytes (1 switches on core 0) [pid: 8|app: 0|req: 846/1711] 10.0.0.62 () {32 vars in 714 bytes} [Tue Apr 21 16:01:45 2026] GET /v2.0/ports/2416e1d8-dae0-4f24-93cc-7c285a690683 => generated 943 bytes in 29 msecs (HTTP/1.1 200) 4 headers in 157 bytes (1 switches on core 0) [pid: 7|app: 0|req: 866/1712] 10.0.0.62 () {32 vars in 660 bytes} [Tue Apr 21 16:01:45 2026] GET /v2.0/security-groups => generated 4530 bytes in 97 msecs (HTTP/1.1 200) 4 headers in 158 bytes (1 switches on core 0) [pid: 8|app: 0|req: 847/1713] 10.0.0.62 () {32 vars in 773 bytes} [Tue Apr 21 16:01:45 2026] GET /v2.0/subnets?project_id=e5b505624f594d61943a41a613c588f1&cidr=10.100.0.0%2F28 => generated 14 bytes in 107 msecs (HTTP/1.1 200) 4 headers in 156 bytes (1 switches on core 0)
2026-04-21 16:01:45.977 8 INFO neutron_taas.services.taas.taas_plugin [None req-b7a38c9f-3cf5-4fac-99a5-9c63e46cd5ba d6498c44dd0e42468957488f237bf0f1 e4dca145bd2c4586bd5de3f70c15c0ef - - default default] TaaS: Handle Delete Port: 2416e1d8-dae0-4f24-93cc-7c285a690683
2026-04-21 16:01:45.980 8 INFO neutron_taas.services.taas.tap_mirror_plugin [None req-b7a38c9f-3cf5-4fac-99a5-9c63e46cd5ba d6498c44dd0e42468957488f237bf0f1 e4dca145bd2c4586bd5de3f70c15c0ef - - default default] Tap Mirror: Handle Delete Port: 2416e1d8-dae0-4f24-93cc-7c285a690683
2026-04-21 16:01:46.055 7 WARNING neutron.scheduler.dhcp_agent_scheduler [None req-858d1912-3742-4e66-82a3-ceb8b260bd05 d0c06f270b83446f9070da71e310a23a 9d905ca37f5841de808450c4838955c3 - - default default] No more DHCP agents
2026-04-21 16:01:46.058 7 WARNING neutron.api.rpc.agentnotifiers.dhcp_rpc_agent_api [None req-858d1912-3742-4e66-82a3-ceb8b260bd05 d0c06f270b83446f9070da71e310a23a 9d905ca37f5841de808450c4838955c3 - - default default] Unable to schedule network b2e1538d-8129-4545-8c52-55632dae4b9b: no agents available; will retry on subsequent port and subnet creation events.
2026-04-21 16:01:46.242 7 INFO neutron.db.ovn_revision_numbers_db [None req-858d1912-3742-4e66-82a3-ceb8b260bd05 d0c06f270b83446f9070da71e310a23a 9d905ca37f5841de808450c4838955c3 - - default default] Successfully bumped revision number for resource 40f1b43a-eecc-491a-83f5-6412742ce58a (type: ports) to 1 [pid: 7|app: 0|req: 867/1714] 10.0.0.62 () {34 vars in 662 bytes} [Tue Apr 21 16:01:45 2026] POST /v2.0/ports => generated 779 bytes in 748 msecs (HTTP/1.1 201) 4 headers in 162 bytes (1 switches on core 0) /var/lib/openstack/lib/python3.12/site-packages/pycadf/identifier.py:70: UserWarning: Invalid uuid: neutron. To ensure interoperability, identifiers should be a valid uuid. warnings.warn(('Invalid uuid: %s. To ensure interoperability, ' [pid: 8|app: 0|req: 848/1715] 10.0.0.62 () {34 vars in 786 bytes} [Tue Apr 21 16:01:45 2026] PUT /v2.0/routers/d2ff6fec-dc0b-4f67-ad87-64a7edaa1bd2/remove_router_interface => generated 309 bytes in 734 msecs (HTTP/1.1 200) 4 headers in 157 bytes (1 switches on core 0) /var/lib/openstack/lib/python3.12/site-packages/pycadf/identifier.py:70: UserWarning: Invalid uuid: neutron. To ensure interoperability, identifiers should be a valid uuid. warnings.warn(('Invalid uuid: %s. To ensure interoperability, ' [pid: 8|app: 0|req: 849/1716] 10.0.0.62 () {32 vars in 691 bytes} [Tue Apr 21 16:01:46 2026] GET /v2.0/networks?router%3Aexternal=True => generated 791 bytes in 68 msecs (HTTP/1.1 200) 4 headers in 157 bytes (1 switches on core 0)
2026-04-21 16:01:46.496 7 INFO neutron.db.ovn_revision_numbers_db [None req-ece31ae1-7a1d-44d4-a11e-a0b43a9d62c3 8de1006634c64f0390d27da369bf4a0a 50ce77530ed94a7d824122dbe837c9ac - - default default] Successfully bumped revision number for resource a3d74fbe-1dda-4f27-b88d-8fdda125d3a2 (type: security_groups) to 2 [pid: 7|app: 0|req: 868/1717] 10.0.0.62 () {34 vars in 755 bytes} [Tue Apr 21 16:01:46 2026] PUT /v2.0/security-groups/a3d74fbe-1dda-4f27-b88d-8fdda125d3a2 => generated 1664 bytes in 208 msecs (HTTP/1.1 200) 4 headers in 158 bytes (1 switches on core 0)
2026-04-21 16:01:46.564 8 INFO neutron.db.segments_db [None req-ae0a8471-f6f6-4052-a0c2-c3ecff0b1029 d0c06f270b83446f9070da71e310a23a 9d905ca37f5841de808450c4838955c3 - - default default] Added segment 45d37b41-dc3c-4560-80fa-d09e6b03d64c of type geneve for network 3294f50f-a592-4db1-9a0f-8ff5aa0e8d83 [pid: 7|app: 0|req: 869/1718] 10.0.0.62 () {32 vars in 714 bytes} [Tue Apr 21 16:01:46 2026] GET /v2.0/ports/70670029-2c6a-40a7-a34b-a537b97654ea => generated 943 bytes in 56 msecs (HTTP/1.1 200) 4 headers in 157 bytes (1 switches on core 0) [pid: 7|app: 0|req: 870/1719] 10.0.0.62 () {32 vars in 781 bytes} [Tue Apr 21 16:01:46 2026] GET /v2.0/subnets?network_id=774980fa-4bf0-4af5-a289-a2b813011e3b&cidr=10.100.0.0%2F28 => generated 14 bytes in 47 msecs (HTTP/1.1 200) 4 headers in 156 bytes (1 switches on core 0)
2026-04-21 16:01:46.690 8 INFO neutron.db.ovn_revision_numbers_db [None req-ae0a8471-f6f6-4052-a0c2-c3ecff0b1029 d0c06f270b83446f9070da71e310a23a 9d905ca37f5841de808450c4838955c3 - - default default] Successfully bumped revision number for resource 3294f50f-a592-4db1-9a0f-8ff5aa0e8d83 (type: networks) to 1
2026-04-21 16:01:46.726 7 WARNING neutron.plugins.ml2.drivers.ovn.mech_driver.ovsdb.ovn_client [None req-ec6f5493-51d6-45fe-b064-9822bf841561 - - - - - -] No hosting information found for port 70670029-2c6a-40a7-a34b-a537b97654ea: RuntimeError: No hosting information found for port 70670029-2c6a-40a7-a34b-a537b97654ea [pid: 7|app: 0|req: 871/1720] 10.0.0.62 () {32 vars in 734 bytes} [Tue Apr 21 16:01:46 2026] GET /v2.0/security-groups/a3d74fbe-1dda-4f27-b88d-8fdda125d3a2 => generated 1664 bytes in 91 msecs (HTTP/1.1 200) 4 headers in 158 bytes (1 switches on core 0)
2026-04-21 16:01:46.895 8 WARNING neutron.scheduler.dhcp_agent_scheduler [None req-ae0a8471-f6f6-4052-a0c2-c3ecff0b1029 d0c06f270b83446f9070da71e310a23a 9d905ca37f5841de808450c4838955c3 - - default default] No more DHCP agents
2026-04-21 16:01:46.896 8 WARNING neutron.api.rpc.agentnotifiers.dhcp_rpc_agent_api [None req-ae0a8471-f6f6-4052-a0c2-c3ecff0b1029 d0c06f270b83446f9070da71e310a23a 9d905ca37f5841de808450c4838955c3 - - default default] Unable to schedule network 3294f50f-a592-4db1-9a0f-8ff5aa0e8d83: no agents available; will retry on subsequent port and subnet creation events.
2026-04-21 16:01:46.995 8 INFO neutron.db.ovn_revision_numbers_db [None req-ae0a8471-f6f6-4052-a0c2-c3ecff0b1029 d0c06f270b83446f9070da71e310a23a 9d905ca37f5841de808450c4838955c3 - - default default] Successfully bumped revision number for resource ae21d8ba-5852-428f-ad67-c8ed078c78aa (type: ports) to 1 [pid: 8|app: 0|req: 850/1721] 10.0.0.62 () {34 vars in 667 bytes} [Tue Apr 21 16:01:46 2026] POST /v2.0/networks => generated 654 bytes in 540 msecs (HTTP/1.1 201) 4 headers in 162 bytes (1 switches on core 0)
2026-04-21 16:01:47.057 7 INFO neutron.db.ovn_revision_numbers_db [None req-ec6f5493-51d6-45fe-b064-9822bf841561 - - - - - -] Successfully bumped revision number for resource 70670029-2c6a-40a7-a34b-a537b97654ea (type: router_ports) to 2
2026-04-21 16:01:47.182 7 INFO neutron.db.ovn_revision_numbers_db [None req-8f5a590e-e4dd-49af-b7d7-e46efda985bb - - - - - -] Successfully bumped revision number for resource cba3cbf7-3476-4cf2-b4e9-6f3bf8e52ef0 (type: ports) to 4
2026-04-21 16:01:47.189 7 INFO neutron.plugins.ml2.drivers.ovn.mech_driver.mech_driver [None req-ec6f5493-51d6-45fe-b064-9822bf841561 - - - - - -] OVN reports status down for port: f2158646-42e5-44f1-b810-80e0fd9c8c09
2026-04-21 16:01:47.243 8 WARNING neutron.scheduler.dhcp_agent_scheduler [None req-cd897c0a-7fa3-447d-a0ad-3943f1b4da2e 238f78c5a0564d1eac889ccbc4cb34d5 e5b505624f594d61943a41a613c588f1 - - default default] No more DHCP agents
2026-04-21 16:01:47.245 8 WARNING neutron.api.rpc.agentnotifiers.dhcp_rpc_agent_api [None req-cd897c0a-7fa3-447d-a0ad-3943f1b4da2e 238f78c5a0564d1eac889ccbc4cb34d5 e5b505624f594d61943a41a613c588f1 - - default default] Unable to schedule network e25e3513-0b18-406e-bf17-32012758665f: no agents available; will retry on subsequent port and subnet creation events.
2026-04-21 16:01:47.380 7 INFO neutron.plugins.ml2.drivers.ovn.mech_driver.mech_driver [None req-ec6f5493-51d6-45fe-b064-9822bf841561 - - - - - -] OVN reports status down for port: 40f1b43a-eecc-491a-83f5-6412742ce58a
2026-04-21 16:01:47.590 7 INFO neutron.plugins.ml2.drivers.ovn.mech_driver.mech_driver [None req-ec6f5493-51d6-45fe-b064-9822bf841561 - - - - - -] OVN reports status down for port: ae21d8ba-5852-428f-ad67-c8ed078c78aa
2026-04-21 16:01:47.659 7 INFO neutron_taas.services.taas.taas_plugin [None req-05f4e767-40e2-41c2-bf30-304603aeeb10 d6498c44dd0e42468957488f237bf0f1 e4dca145bd2c4586bd5de3f70c15c0ef - - default default] TaaS: Handle Delete Port: 70670029-2c6a-40a7-a34b-a537b97654ea
2026-04-21 16:01:47.690 7 INFO neutron_taas.services.taas.tap_mirror_plugin [None req-05f4e767-40e2-41c2-bf30-304603aeeb10 d6498c44dd0e42468957488f237bf0f1 e4dca145bd2c4586bd5de3f70c15c0ef - - default default] Tap Mirror: Handle Delete Port: 70670029-2c6a-40a7-a34b-a537b97654ea
2026-04-21 16:01:47.707 8 INFO neutron.db.ovn_revision_numbers_db [None req-a381b05d-8bcc-47f3-aa3a-b6cc15f74aae - - - - - -] Successfully bumped revision number for resource f2158646-42e5-44f1-b810-80e0fd9c8c09 (type: ports) to 2
2026-04-21 16:01:47.743 8 INFO neutron.db.ovn_revision_numbers_db [None req-a381b05d-8bcc-47f3-aa3a-b6cc15f74aae - - - - - -] Successfully bumped revision number for resource 8ea0fc1a-694d-41a3-b215-1ccce6aef8c8 (type: subnets) to 0 [pid: 8|app: 0|req: 851/1722] 10.0.0.62 () {34 vars in 666 bytes} [Tue Apr 21 16:01:47 2026] POST /v2.0/subnets => generated 657 bytes in 737 msecs (HTTP/1.1 201) 4 headers in 162 bytes (1 switches on core 0) [pid: 8|app: 0|req: 852/1723] 10.0.0.62 () {32 vars in 737 bytes} [Tue Apr 21 16:01:47 2026] DELETE /v2.0/security-groups/a3d74fbe-1dda-4f27-b88d-8fdda125d3a2 => generated 0 bytes in 128 msecs (HTTP/1.1 204) 2 headers in 112 bytes (1 switches on core 0)
2026-04-21 16:01:48.044 7 INFO neutron.db.ovn_revision_numbers_db [None req-8f5a590e-e4dd-49af-b7d7-e46efda985bb - - - - - -] Successfully bumped revision number for resource cba3cbf7-3476-4cf2-b4e9-6f3bf8e52ef0 (type: ports) to 5
2026-04-21 16:01:48.092 8 WARNING neutron.scheduler.dhcp_agent_scheduler [None req-eacc1fe9-60a8-4383-89f6-e6d4b52157f9 d0c06f270b83446f9070da71e310a23a 9d905ca37f5841de808450c4838955c3 - - default default] No more DHCP agents
2026-04-21 16:01:48.093 8 WARNING neutron.api.rpc.agentnotifiers.dhcp_rpc_agent_api [None req-eacc1fe9-60a8-4383-89f6-e6d4b52157f9 d0c06f270b83446f9070da71e310a23a 9d905ca37f5841de808450c4838955c3 - - default default] Unable to schedule network 3294f50f-a592-4db1-9a0f-8ff5aa0e8d83: no agents available; will retry on subsequent port and subnet creation events.
2026-04-21 16:01:48.138 8 INFO neutron.db.ovn_revision_numbers_db [None req-eacc1fe9-60a8-4383-89f6-e6d4b52157f9 d0c06f270b83446f9070da71e310a23a 9d905ca37f5841de808450c4838955c3 - - default default] Successfully bumped revision number for resource 544a0c9f-7f70-4b42-bc7e-6fd638e9ed0b (type: subnets) to 0 [pid: 8|app: 0|req: 853/1724] 10.0.0.62 () {34 vars in 666 bytes} [Tue Apr 21 16:01:47 2026] POST /v2.0/subnets => generated 646 bytes in 270 msecs (HTTP/1.1 201) 4 headers in 162 bytes (1 switches on core 0) [pid: 7|app: 0|req: 872/1725] 10.0.0.62 () {34 vars in 786 bytes} [Tue Apr 21 16:01:46 2026] PUT /v2.0/routers/d2ff6fec-dc0b-4f67-ad87-64a7edaa1bd2/remove_router_interface => generated 309 bytes in 1577 msecs (HTTP/1.1 200) 4 headers in 157 bytes (1 switches on core 0) /var/lib/openstack/lib/python3.12/site-packages/pycadf/identifier.py:70: UserWarning: Invalid uuid: neutron. To ensure interoperability, identifiers should be a valid uuid. warnings.warn(('Invalid uuid: %s. To ensure interoperability, ' [pid: 7|app: 0|req: 873/1726] 10.0.0.62 () {32 vars in 660 bytes} [Tue Apr 21 16:01:48 2026] GET /v2.0/security-groups => generated 2925 bytes in 29 msecs (HTTP/1.1 200) 4 headers in 158 bytes (1 switches on core 0)
2026-04-21 16:01:48.580 8 WARNING neutron.scheduler.dhcp_agent_scheduler [None req-86947dd5-2db5-428f-a819-54bffa08f223 238f78c5a0564d1eac889ccbc4cb34d5 e5b505624f594d61943a41a613c588f1 - - default default] No more DHCP agents
2026-04-21 16:01:48.581 8 WARNING neutron.api.rpc.agentnotifiers.dhcp_rpc_agent_api [None req-86947dd5-2db5-428f-a819-54bffa08f223 238f78c5a0564d1eac889ccbc4cb34d5 e5b505624f594d61943a41a613c588f1 - - default default] Unable to schedule network e25e3513-0b18-406e-bf17-32012758665f: no agents available; will retry on subsequent port and subnet creation events.
2026-04-21 16:01:48.619 7 WARNING neutron.scheduler.dhcp_agent_scheduler [None req-4a387995-b5b6-48e6-8c67-1d7f63de4cf5 d0c06f270b83446f9070da71e310a23a 9d905ca37f5841de808450c4838955c3 - - default default] No more DHCP agents
2026-04-21 16:01:48.620 7 WARNING neutron.api.rpc.agentnotifiers.dhcp_rpc_agent_api [None req-4a387995-b5b6-48e6-8c67-1d7f63de4cf5 d0c06f270b83446f9070da71e310a23a 9d905ca37f5841de808450c4838955c3 - - default default] Unable to schedule network 3294f50f-a592-4db1-9a0f-8ff5aa0e8d83: no agents available; will retry on subsequent port and subnet creation events.
2026-04-21 16:01:48.723 7 INFO neutron.db.ovn_revision_numbers_db [None req-4a387995-b5b6-48e6-8c67-1d7f63de4cf5 d0c06f270b83446f9070da71e310a23a 9d905ca37f5841de808450c4838955c3 - - default default] Successfully bumped revision number for resource f9514e08-c3e1-4639-a6e3-0f9d4a93e2ab (type: ports) to 1
2026-04-21 16:01:48.766 8 INFO neutron.db.ovn_revision_numbers_db [None req-86947dd5-2db5-428f-a819-54bffa08f223 238f78c5a0564d1eac889ccbc4cb34d5 e5b505624f594d61943a41a613c588f1 - - default default] Successfully bumped revision number for resource 648ba1f6-d272-4399-a1af-9bd7db7905a7 (type: ports) to 1 [pid: 7|app: 0|req: 874/1727] 10.0.0.62 () {34 vars in 662 bytes} [Tue Apr 21 16:01:48 2026] POST /v2.0/ports => generated 966 bytes in 434 msecs (HTTP/1.1 201) 4 headers in 162 bytes (1 switches on core 0) /var/lib/openstack/lib/python3.12/site-packages/pycadf/identifier.py:70: UserWarning: Invalid uuid: neutron. To ensure interoperability, identifiers should be a valid uuid. warnings.warn(('Invalid uuid: %s. To ensure interoperability, '
2026-04-21 16:01:48.853 8 WARNING neutron.plugins.ml2.drivers.ovn.mech_driver.ovsdb.ovn_client [None req-3adb67b8-4ce1-4632-bbee-a1149e3cfda4 - - - - - -] No port found with ID 2416e1d8-dae0-4f24-93cc-7c285a690683: RuntimeError: No port found with ID 2416e1d8-dae0-4f24-93cc-7c285a690683
2026-04-21 16:01:48.912 8 INFO neutron.plugins.ml2.drivers.ovn.mech_driver.mech_driver [None req-3adb67b8-4ce1-4632-bbee-a1149e3cfda4 - - - - - -] OVN reports status down for port: cba3cbf7-3476-4cf2-b4e9-6f3bf8e52ef0 [pid: 7|app: 0|req: 875/1728] 10.0.0.62 () {32 vars in 733 bytes} [Tue Apr 21 16:01:48 2026] GET /v2.0/ports?device_id=d2ff6fec-dc0b-4f67-ad87-64a7edaa1bd2 => generated 12 bytes in 655 msecs (HTTP/1.1 200) 4 headers in 156 bytes (1 switches on core 0)
2026-04-21 16:01:49.440 7 INFO neutron.api.v2.resource [None req-a78c1651-9525-4bc5-be51-f8bab893d47c 8de1006634c64f0390d27da369bf4a0a 50ce77530ed94a7d824122dbe837c9ac - - default default] delete failed (client error): The resource could not be found. [pid: 7|app: 0|req: 876/1729] 10.0.0.62 () {32 vars in 737 bytes} [Tue Apr 21 16:01:49 2026] DELETE /v2.0/security-groups/a3d74fbe-1dda-4f27-b88d-8fdda125d3a2 => generated 146 bytes in 9 msecs (HTTP/1.1 404) 4 headers in 164 bytes (1 switches on core 0)
2026-04-21 16:01:49.567 7 INFO neutron_taas.services.taas.taas_plugin [None req-428857eb-f939-4dbb-aedf-c21d1f3c0b2c d0c06f270b83446f9070da71e310a23a 9d905ca37f5841de808450c4838955c3 - - default default] TaaS: Handle Delete Port: f9514e08-c3e1-4639-a6e3-0f9d4a93e2ab
2026-04-21 16:01:49.571 7 INFO neutron_taas.services.taas.tap_mirror_plugin [None req-428857eb-f939-4dbb-aedf-c21d1f3c0b2c d0c06f270b83446f9070da71e310a23a 9d905ca37f5841de808450c4838955c3 - - default default] Tap Mirror: Handle Delete Port: f9514e08-c3e1-4639-a6e3-0f9d4a93e2ab
2026-04-21 16:01:49.665 8 INFO neutron.db.ovn_revision_numbers_db [None req-3adb67b8-4ce1-4632-bbee-a1149e3cfda4 - - - - - -] Successfully bumped revision number for resource cba3cbf7-3476-4cf2-b4e9-6f3bf8e52ef0 (type: ports) to 6 [pid: 7|app: 0|req: 877/1730] 10.0.0.62 () {32 vars in 717 bytes} [Tue Apr 21 16:01:49 2026] DELETE /v2.0/ports/f9514e08-c3e1-4639-a6e3-0f9d4a93e2ab => generated 0 bytes in 281 msecs (HTTP/1.1 204) 3 headers in 131 bytes (1 switches on core 0)
2026-04-21 16:01:49.867 8 WARNING neutron.plugins.ml2.drivers.ovn.mech_driver.ovsdb.ovn_client [None req-12624148-d553-4940-96e1-e0cb534d0923 - - - - - -] Logical_Switch_Port %s host information not removed, the port state is up
2026-04-21 16:01:49.868 8 INFO neutron.plugins.ml2.drivers.ovn.mech_driver.mech_driver [None req-12624148-d553-4940-96e1-e0cb534d0923 - - - - - -] OVN reports status up for port: cba3cbf7-3476-4cf2-b4e9-6f3bf8e52ef0
