2026-04-21 16:01:49.896 8 INFO neutron.plugins.ml2.plugin [None req-12624148-d553-4940-96e1-e0cb534d0923 - - - - - -] Attempt 1 to provision port cba3cbf7-3476-4cf2-b4e9-6f3bf8e52ef0 [pid: 7|app: 0|req: 878/1731] 10.0.0.62 () {32 vars in 721 bytes} [Tue Apr 21 16:01:49 2026] DELETE /v2.0/routers/d2ff6fec-dc0b-4f67-ad87-64a7edaa1bd2 => generated 0 bytes in 257 msecs (HTTP/1.1 204) 2 headers in 112 bytes (1 switches on core 0)
2026-04-21 16:01:50.114 7 INFO neutron.db.ovn_revision_numbers_db [None req-1f94baea-3ff4-4e33-9c49-e3e42fcb4f9c 8de1006634c64f0390d27da369bf4a0a 50ce77530ed94a7d824122dbe837c9ac - - default default] Successfully bumped revision number for resource b9e598bf-ca8a-4fdd-8016-d5a643c0605e (type: security_groups) to 1
2026-04-21 16:01:50.125 7 INFO neutron.db.ovn_revision_numbers_db [None req-1f94baea-3ff4-4e33-9c49-e3e42fcb4f9c 8de1006634c64f0390d27da369bf4a0a 50ce77530ed94a7d824122dbe837c9ac - - default default] Successfully bumped revision number for resource 8862a873-95c5-4a8c-84fd-51c425bc10f9 (type: security_group_rules) to 0
2026-04-21 16:01:50.137 7 INFO neutron.db.ovn_revision_numbers_db [None req-1f94baea-3ff4-4e33-9c49-e3e42fcb4f9c 8de1006634c64f0390d27da369bf4a0a 50ce77530ed94a7d824122dbe837c9ac - - default default] Successfully bumped revision number for resource a7c0d268-dd28-4295-b9e0-922a8dbfed7d (type: security_group_rules) to 0 [pid: 7|app: 0|req: 881/1734] 10.0.0.62 () {34 vars in 681 bytes} [Tue Apr 21 16:01:49 2026] POST /v2.0/security-groups => generated 1625 bytes in 186 msecs (HTTP/1.1 201) 4 headers in 163 bytes (1 switches on core 0)
2026-04-21 16:01:50.184 7 INFO neutron.pecan_wsgi.hooks.translation [None req-785ce397-2d84-4473-a829-d6f9ef811a58 d0c06f270b83446f9070da71e310a23a 9d905ca37f5841de808450c4838955c3 - - default default] DELETE failed (client error): The resource could not be found. [pid: 7|app: 0|req: 882/1735] 10.0.0.62 () {32 vars in 717 bytes} [Tue Apr 21 16:01:50 2026] DELETE /v2.0/ports/f9514e08-c3e1-4639-a6e3-0f9d4a93e2ab => generated 132 bytes in 16 msecs (HTTP/1.1 404) 4 headers in 164 bytes (1 switches on core 0)
2026-04-21 16:01:50.199 8 WARNING neutron.scheduler.dhcp_agent_scheduler [None req-86947dd5-2db5-428f-a819-54bffa08f223 238f78c5a0564d1eac889ccbc4cb34d5 e5b505624f594d61943a41a613c588f1 - - default default] No more DHCP agents
2026-04-21 16:01:50.201 8 WARNING neutron.api.rpc.agentnotifiers.dhcp_rpc_agent_api [None req-86947dd5-2db5-428f-a819-54bffa08f223 238f78c5a0564d1eac889ccbc4cb34d5 e5b505624f594d61943a41a613c588f1 - - default default] Unable to schedule network e25e3513-0b18-406e-bf17-32012758665f: no agents available; will retry on subsequent port and subnet creation events. [pid: 7|app: 0|req: 883/1736] 10.0.0.62 () {32 vars in 721 bytes} [Tue Apr 21 16:01:50 2026] DELETE /v2.0/subnets/6fc13007-b82e-4670-8746-776e43e33f6a => generated 0 bytes in 163 msecs (HTTP/1.1 204) 3 headers in 131 bytes (1 switches on core 0)
2026-04-21 16:01:50.471 7 INFO neutron.db.ovn_revision_numbers_db [None req-fa9fbb25-55e7-4b20-ac01-d0599ca71265 8de1006634c64f0390d27da369bf4a0a 50ce77530ed94a7d824122dbe837c9ac - - default default] Successfully bumped revision number for resource 67715dff-cf38-45d6-afbd-4c456f419239 (type: security_group_rules) to 0 [pid: 7|app: 0|req: 884/1737] 10.0.0.62 () {34 vars in 692 bytes} [Tue Apr 21 16:01:50 2026] POST /v2.0/security-group-rules => generated 601 bytes in 148 msecs (HTTP/1.1 201) 4 headers in 162 bytes (1 switches on core 0)
2026-04-21 16:01:50.524 7 INFO neutron.pecan_wsgi.hooks.translation [None req-3f676371-c38a-41ee-85c9-e64e9d76261b d0c06f270b83446f9070da71e310a23a 9d905ca37f5841de808450c4838955c3 - - default default] GET failed (client error): The resource could not be found. [pid: 7|app: 0|req: 885/1738] 10.0.0.62 () {32 vars in 714 bytes} [Tue Apr 21 16:01:50 2026] GET /v2.0/ports/f9514e08-c3e1-4639-a6e3-0f9d4a93e2ab => generated 132 bytes in 28 msecs (HTTP/1.1 404) 4 headers in 164 bytes (1 switches on core 0)
2026-04-21 16:01:50.585 8 INFO neutron.db.ovn_revision_numbers_db [None req-12624148-d553-4940-96e1-e0cb534d0923 - - - - - -] Successfully bumped revision number for resource cba3cbf7-3476-4cf2-b4e9-6f3bf8e52ef0 (type: ports) to 7 [pid: 7|app: 0|req: 886/1739] 10.0.0.62 () {32 vars in 721 bytes} [Tue Apr 21 16:01:50 2026] DELETE /v2.0/subnets/88a8bf86-d802-45e2-85c2-7818377c4fa3 => generated 0 bytes in 194 msecs (HTTP/1.1 204) 3 headers in 131 bytes (1 switches on core 0) [pid: 7|app: 0|req: 887/1740] 10.0.0.62 () {32 vars in 744 bytes} [Tue Apr 21 16:01:50 2026] GET /v2.0/security-group-rules/67715dff-cf38-45d6-afbd-4c456f419239 => generated 601 bytes in 33 msecs (HTTP/1.1 200) 4 headers in 157 bytes (1 switches on core 0)
2026-04-21 16:01:50.852 8 INFO neutron.plugins.ml2.drivers.ovn.mech_driver.mech_driver [None req-071ec72d-466d-43ec-928a-b0ea7b92f7ef - - - - - -] OVN reports status down for port: 0e6d2eac-7b37-4c3e-afe5-184d26df97c7 [pid: 7|app: 0|req: 888/1741] 10.0.0.62 () {32 vars in 721 bytes} [Tue Apr 21 16:01:50 2026] DELETE /v2.0/subnets/544a0c9f-7f70-4b42-bc7e-6fd638e9ed0b => generated 0 bytes in 137 msecs (HTTP/1.1 204) 3 headers in 131 bytes (1 switches on core 0)
2026-04-21 16:01:50.913 8 INFO neutron.db.ovn_revision_numbers_db [None req-86947dd5-2db5-428f-a819-54bffa08f223 238f78c5a0564d1eac889ccbc4cb34d5 e5b505624f594d61943a41a613c588f1 - - default default] Successfully bumped revision number for resource 648ba1f6-d272-4399-a1af-9bd7db7905a7 (type: router_ports) to 1 [pid: 8|app: 0|req: 854/1742] 10.0.0.62 () {34 vars in 780 bytes} [Tue Apr 21 16:01:48 2026] PUT /v2.0/routers/41f88189-e663-4df6-8401-96918be4ea73/add_router_interface => generated 309 bytes in 2763 msecs (HTTP/1.1 200) 4 headers in 157 bytes (1 switches on core 0)
2026-04-21 16:01:50.989 8 INFO neutron.plugins.ml2.drivers.ovn.mech_driver.mech_driver [None req-071ec72d-466d-43ec-928a-b0ea7b92f7ef - - - - - -] OVN reports status down for port: 648ba1f6-d272-4399-a1af-9bd7db7905a7
2026-04-21 16:01:51.023 7 INFO neutron_taas.services.taas.taas_plugin [None req-6291b374-f65f-46a8-b579-d3efa8dfc0fc d6498c44dd0e42468957488f237bf0f1 e4dca145bd2c4586bd5de3f70c15c0ef - - default default] TaaS: Handle Delete Port: 1601cf1e-eeeb-4c22-b696-1c266de8f8c4
2026-04-21 16:01:51.026 7 INFO neutron_taas.services.taas.tap_mirror_plugin [None req-6291b374-f65f-46a8-b579-d3efa8dfc0fc d6498c44dd0e42468957488f237bf0f1 e4dca145bd2c4586bd5de3f70c15c0ef - - default default] Tap Mirror: Handle Delete Port: 1601cf1e-eeeb-4c22-b696-1c266de8f8c4 [pid: 8|app: 0|req: 855/1743] 10.0.0.62 () {32 vars in 670 bytes} [Tue Apr 21 16:01:50 2026] GET /v2.0/security-group-rules => generated 4138 bytes in 151 msecs (HTTP/1.1 200) 4 headers in 158 bytes (1 switches on core 0)
2026-04-21 16:01:51.115 8 WARNING neutron.plugins.ml2.drivers.ovn.mech_driver.ovsdb.ovn_client [None req-071ec72d-466d-43ec-928a-b0ea7b92f7ef - - - - - -] Logical_Switch_Port %s host information not removed, the port state is up
2026-04-21 16:01:51.116 8 INFO neutron.plugins.ml2.drivers.ovn.mech_driver.mech_driver [None req-071ec72d-466d-43ec-928a-b0ea7b92f7ef - - - - - -] OVN reports status down for port: f9514e08-c3e1-4639-a6e3-0f9d4a93e2ab
2026-04-21 16:01:51.141 8 INFO neutron.plugins.ml2.drivers.ovn.mech_driver.mech_driver [None req-071ec72d-466d-43ec-928a-b0ea7b92f7ef - - - - - -] OVN reports status up for port: 648ba1f6-d272-4399-a1af-9bd7db7905a7
2026-04-21 16:01:51.174 8 INFO neutron.plugins.ml2.plugin [None req-071ec72d-466d-43ec-928a-b0ea7b92f7ef - - - - - -] Attempt 1 to provision port 648ba1f6-d272-4399-a1af-9bd7db7905a7
2026-04-21 16:01:51.228 7 INFO neutron.services.segments.plugin [-] Segment e43b754f-6e1d-4790-9dff-f9ff6c7b4a7e resource provider aggregate not found
2026-04-21 16:01:51.232 7 INFO neutron.services.segments.plugin [-] Segment e43b754f-6e1d-4790-9dff-f9ff6c7b4a7e resource provider aggregate not found
2026-04-21 16:01:51.252 7 INFO neutron.services.segments.plugin [-] Segment e43b754f-6e1d-4790-9dff-f9ff6c7b4a7e resource provider not found; error: Placement Client Error (4xx): {"errors": [{"status": 404, "title": "Not Found", "detail": "The resource could not be found.\n\n No resource provider with uuid e43b754f-6e1d-4790-9dff-f9ff6c7b4a7e found for delete ", "request_id": "req-5533166c-7e36-41a4-9444-2cfb320e751f"}]}
2026-04-21 16:01:51.252 7 INFO neutron.services.segments.plugin [-] Segment e43b754f-6e1d-4790-9dff-f9ff6c7b4a7e resource provider not found; error: Placement Client Error (4xx): {"errors": [{"status": 404, "title": "Not Found", "detail": "The resource could not be found.\n\n No resource provider with uuid e43b754f-6e1d-4790-9dff-f9ff6c7b4a7e found for delete ", "request_id": "req-d0939af1-29d3-4301-892f-694a5fb2d9f2"}]} [pid: 7|app: 0|req: 889/1744] 10.0.0.62 () {32 vars in 723 bytes} [Tue Apr 21 16:01:50 2026] DELETE /v2.0/networks/2c3704b3-18eb-4f43-bed7-27d81d05b3a5 => generated 0 bytes in 400 msecs (HTTP/1.1 204) 3 headers in 131 bytes (1 switches on core 0)
2026-04-21 16:01:51.343 8 INFO neutron_taas.services.taas.taas_plugin [None req-3fdb6a9c-db1f-4532-9909-e718d1d5b438 d0c06f270b83446f9070da71e310a23a 9d905ca37f5841de808450c4838955c3 - - default default] TaaS: Handle Delete Port: ae21d8ba-5852-428f-ad67-c8ed078c78aa
2026-04-21 16:01:51.350 8 INFO neutron_taas.services.taas.tap_mirror_plugin [None req-3fdb6a9c-db1f-4532-9909-e718d1d5b438 d0c06f270b83446f9070da71e310a23a 9d905ca37f5841de808450c4838955c3 - - default default] Tap Mirror: Handle Delete Port: ae21d8ba-5852-428f-ad67-c8ed078c78aa [pid: 7|app: 0|req: 890/1745] 10.0.0.62 () {32 vars in 646 bytes} [Tue Apr 21 16:01:51 2026] GET /v2.0/networks => generated 5325 bytes in 59 msecs (HTTP/1.1 200) 4 headers in 158 bytes (1 switches on core 0) [pid: 7|app: 0|req: 891/1746] 10.0.0.62 () {32 vars in 747 bytes} [Tue Apr 21 16:01:51 2026] DELETE /v2.0/security-group-rules/67715dff-cf38-45d6-afbd-4c456f419239 => generated 0 bytes in 116 msecs (HTTP/1.1 204) 2 headers in 112 bytes (1 switches on core 0)
2026-04-21 16:01:51.592 7 INFO neutron_taas.services.taas.taas_plugin [None req-825c3e3e-655e-4cbc-a99c-2c9db7a8240f d6498c44dd0e42468957488f237bf0f1 e4dca145bd2c4586bd5de3f70c15c0ef - - default default] TaaS: Handle Delete Port: d748e1d7-7fca-48ba-8676-677ea0374520
2026-04-21 16:01:51.595 7 INFO neutron_taas.services.taas.tap_mirror_plugin [None req-825c3e3e-655e-4cbc-a99c-2c9db7a8240f d6498c44dd0e42468957488f237bf0f1 e4dca145bd2c4586bd5de3f70c15c0ef - - default default] Tap Mirror: Handle Delete Port: d748e1d7-7fca-48ba-8676-677ea0374520
2026-04-21 16:01:51.695 8 INFO neutron.services.segments.plugin [-] Segment 45d37b41-dc3c-4560-80fa-d09e6b03d64c resource provider aggregate not found
2026-04-21 16:01:51.711 8 INFO neutron.services.segments.plugin [-] Segment 45d37b41-dc3c-4560-80fa-d09e6b03d64c resource provider aggregate not found
2026-04-21 16:01:51.740 8 INFO neutron.services.segments.plugin [-] Segment 45d37b41-dc3c-4560-80fa-d09e6b03d64c resource provider not found; error: Placement Client Error (4xx): {"errors": [{"status": 404, "title": "Not Found", "detail": "The resource could not be found.\n\n No resource provider with uuid 45d37b41-dc3c-4560-80fa-d09e6b03d64c found for delete ", "request_id": "req-df105fb4-2fd9-45cf-b515-d4e6edb96259"}]}
2026-04-21 16:01:51.754 8 INFO neutron.services.segments.plugin [-] Segment 45d37b41-dc3c-4560-80fa-d09e6b03d64c resource provider not found; error: Placement Client Error (4xx): {"errors": [{"status": 404, "title": "Not Found", "detail": "The resource could not be found.\n\n No resource provider with uuid 45d37b41-dc3c-4560-80fa-d09e6b03d64c found for delete ", "request_id": "req-05cc7aff-98d3-4233-a73b-04c9aa9578ab"}]} [pid: 8|app: 0|req: 856/1747] 10.0.0.62 () {32 vars in 723 bytes} [Tue Apr 21 16:01:51 2026] DELETE /v2.0/networks/3294f50f-a592-4db1-9a0f-8ff5aa0e8d83 => generated 0 bytes in 755 msecs (HTTP/1.1 204) 3 headers in 131 bytes (1 switches on core 0) [pid: 7|app: 0|req: 892/1748] 10.0.0.62 () {32 vars in 723 bytes} [Tue Apr 21 16:01:51 2026] DELETE /v2.0/networks/205c6688-6ce9-4adc-9652-80e3d75851ad => generated 0 bytes in 368 msecs (HTTP/1.1 204) 3 headers in 131 bytes (1 switches on core 0) [pid: 7|app: 0|req: 893/1749] 10.0.0.62 () {32 vars in 670 bytes} [Tue Apr 21 16:01:51 2026] GET /v2.0/security-group-rules => generated 3560 bytes in 82 msecs (HTTP/1.1 200) 4 headers in 158 bytes (1 switches on core 0) [pid: 8|app: 0|req: 857/1750] 10.0.0.62 () {32 vars in 644 bytes} [Tue Apr 21 16:01:51 2026] GET /v2.0/subnets => generated 1973 bytes in 88 msecs (HTTP/1.1 200) 4 headers in 158 bytes (1 switches on core 0)
2026-04-21 16:01:52.006 7 INFO neutron.db.segments_db [None req-73bd2332-3f76-479e-838d-55ac17ac03ac d0c06f270b83446f9070da71e310a23a 9d905ca37f5841de808450c4838955c3 - - default default] Added segment 3a559cd4-a5c4-4dbd-89f6-d59a0eca2d82 of type geneve for network 50cbefb5-432f-4f78-b5d9-5ea098ee480c
2026-04-21 16:01:52.036 8 INFO neutron.db.ovn_revision_numbers_db [None req-071ec72d-466d-43ec-928a-b0ea7b92f7ef - - - - - -] Successfully bumped revision number for resource 648ba1f6-d272-4399-a1af-9bd7db7905a7 (type: ports) to 2
2026-04-21 16:01:52.085 8 INFO neutron.db.segments_db [None req-7415117b-918f-45e7-82a8-d58e409a4aac d6498c44dd0e42468957488f237bf0f1 e4dca145bd2c4586bd5de3f70c15c0ef - - default default] Added segment 9e63cd2a-a3d5-4e33-8871-472f45754544 of type geneve for network a103b008-73de-4f70-82be-76b8f2c4d4f4
2026-04-21 16:01:52.131 7 INFO neutron.db.ovn_revision_numbers_db [None req-73bd2332-3f76-479e-838d-55ac17ac03ac d0c06f270b83446f9070da71e310a23a 9d905ca37f5841de808450c4838955c3 - - default default] Successfully bumped revision number for resource 50cbefb5-432f-4f78-b5d9-5ea098ee480c (type: networks) to 1
2026-04-21 16:01:52.297 8 INFO neutron.db.ovn_revision_numbers_db [None req-7415117b-918f-45e7-82a8-d58e409a4aac d6498c44dd0e42468957488f237bf0f1 e4dca145bd2c4586bd5de3f70c15c0ef - - default default] Successfully bumped revision number for resource a103b008-73de-4f70-82be-76b8f2c4d4f4 (type: networks) to 1
2026-04-21 16:01:52.320 7 WARNING neutron.scheduler.dhcp_agent_scheduler [None req-73bd2332-3f76-479e-838d-55ac17ac03ac d0c06f270b83446f9070da71e310a23a 9d905ca37f5841de808450c4838955c3 - - default default] No more DHCP agents
2026-04-21 16:01:52.322 7 WARNING neutron.api.rpc.agentnotifiers.dhcp_rpc_agent_api [None req-73bd2332-3f76-479e-838d-55ac17ac03ac d0c06f270b83446f9070da71e310a23a 9d905ca37f5841de808450c4838955c3 - - default default] Unable to schedule network 50cbefb5-432f-4f78-b5d9-5ea098ee480c: no agents available; will retry on subsequent port and subnet creation events.
2026-04-21 16:01:52.391 7 INFO neutron.plugins.ml2.drivers.ovn.mech_driver.mech_driver [None req-ec6f5493-51d6-45fe-b064-9822bf841561 - - - - - -] OVN reports status down for port: 9ed630b2-63a3-4e50-8d59-65eeb6c29513
2026-04-21 16:01:52.470 7 INFO neutron.db.ovn_revision_numbers_db [None req-73bd2332-3f76-479e-838d-55ac17ac03ac d0c06f270b83446f9070da71e310a23a 9d905ca37f5841de808450c4838955c3 - - default default] Successfully bumped revision number for resource 9ed630b2-63a3-4e50-8d59-65eeb6c29513 (type: ports) to 1
2026-04-21 16:01:52.489 8 WARNING neutron.scheduler.dhcp_agent_scheduler [None req-7415117b-918f-45e7-82a8-d58e409a4aac d6498c44dd0e42468957488f237bf0f1 e4dca145bd2c4586bd5de3f70c15c0ef - - default default] No more DHCP agents
2026-04-21 16:01:52.491 8 WARNING neutron.api.rpc.agentnotifiers.dhcp_rpc_agent_api [None req-7415117b-918f-45e7-82a8-d58e409a4aac d6498c44dd0e42468957488f237bf0f1 e4dca145bd2c4586bd5de3f70c15c0ef - - default default] Unable to schedule network a103b008-73de-4f70-82be-76b8f2c4d4f4: no agents available; will retry on subsequent port and subnet creation events. [pid: 7|app: 0|req: 894/1751] 10.0.0.62 () {34 vars in 667 bytes} [Tue Apr 21 16:01:51 2026] POST /v2.0/networks => generated 655 bytes in 598 msecs (HTTP/1.1 201) 4 headers in 162 bytes (1 switches on core 0)
2026-04-21 16:01:52.608 8 INFO neutron.db.ovn_revision_numbers_db [None req-7415117b-918f-45e7-82a8-d58e409a4aac d6498c44dd0e42468957488f237bf0f1 e4dca145bd2c4586bd5de3f70c15c0ef - - default default] Successfully bumped revision number for resource 6d7c8708-6f95-43fc-9aab-2940f611a389 (type: ports) to 1 [pid: 7|app: 0|req: 895/1752] 10.0.0.62 () {32 vars in 644 bytes} [Tue Apr 21 16:01:52 2026] GET /v2.0/routers => generated 975 bytes in 104 msecs (HTTP/1.1 200) 4 headers in 157 bytes (1 switches on core 0) [pid: 8|app: 0|req: 858/1753] 10.0.0.62 () {34 vars in 667 bytes} [Tue Apr 21 16:01:51 2026] POST /v2.0/networks => generated 648 bytes in 714 msecs (HTTP/1.1 201) 4 headers in 162 bytes (1 switches on core 0)
2026-04-21 16:01:52.758 7 INFO neutron.db.ovn_revision_numbers_db [None req-d5f53da8-d570-4efa-bb84-561ab36b5bce 8de1006634c64f0390d27da369bf4a0a 50ce77530ed94a7d824122dbe837c9ac - - default default] Successfully bumped revision number for resource 981032fd-4345-4430-9e5f-7fd41e80aa43 (type: security_group_rules) to 0 [pid: 7|app: 0|req: 896/1754] 10.0.0.62 () {34 vars in 692 bytes} [Tue Apr 21 16:01:52 2026] POST /v2.0/security-group-rules => generated 601 bytes in 166 msecs (HTTP/1.1 201) 4 headers in 162 bytes (1 switches on core 0)
2026-04-21 16:01:52.872 8 WARNING neutron.scheduler.dhcp_agent_scheduler [None req-c9de9553-5a24-4ee2-92ce-c7f1a8730b59 d0c06f270b83446f9070da71e310a23a 9d905ca37f5841de808450c4838955c3 - - default default] No more DHCP agents
2026-04-21 16:01:52.874 8 WARNING neutron.api.rpc.agentnotifiers.dhcp_rpc_agent_api [None req-c9de9553-5a24-4ee2-92ce-c7f1a8730b59 d0c06f270b83446f9070da71e310a23a 9d905ca37f5841de808450c4838955c3 - - default default] Unable to schedule network 50cbefb5-432f-4f78-b5d9-5ea098ee480c: no agents available; will retry on subsequent port and subnet creation events.
2026-04-21 16:01:52.925 8 INFO neutron.db.ovn_revision_numbers_db [None req-c9de9553-5a24-4ee2-92ce-c7f1a8730b59 d0c06f270b83446f9070da71e310a23a 9d905ca37f5841de808450c4838955c3 - - default default] Successfully bumped revision number for resource 84dd75e5-00e1-4b74-8e6d-a99b9fe5e11f (type: subnets) to 0 [pid: 8|app: 0|req: 859/1755] 10.0.0.62 () {34 vars in 666 bytes} [Tue Apr 21 16:01:52 2026] POST /v2.0/subnets => generated 646 bytes in 314 msecs (HTTP/1.1 201) 4 headers in 162 bytes (1 switches on core 0)
2026-04-21 16:01:53.018 7 WARNING neutron.scheduler.dhcp_agent_scheduler [None req-f226f15e-f8f2-4c76-a3b1-4c2f0dfedaa4 d6498c44dd0e42468957488f237bf0f1 e4dca145bd2c4586bd5de3f70c15c0ef - - default default] No more DHCP agents
2026-04-21 16:01:53.020 7 WARNING neutron.api.rpc.agentnotifiers.dhcp_rpc_agent_api [None req-f226f15e-f8f2-4c76-a3b1-4c2f0dfedaa4 d6498c44dd0e42468957488f237bf0f1 e4dca145bd2c4586bd5de3f70c15c0ef - - default default] Unable to schedule network a103b008-73de-4f70-82be-76b8f2c4d4f4: no agents available; will retry on subsequent port and subnet creation events.
2026-04-21 16:01:53.291 7 INFO neutron.services.segments.plugin [-] Segment 8751ae9b-756a-401b-80e7-7541ce2e1743 resource provider aggregate not found
2026-04-21 16:01:53.310 7 INFO neutron.services.segments.plugin [-] Segment 8751ae9b-756a-401b-80e7-7541ce2e1743 resource provider not found; error: Placement Client Error (4xx): {"errors": [{"status": 404, "title": "Not Found", "detail": "The resource could not be found.\n\n No resource provider with uuid 8751ae9b-756a-401b-80e7-7541ce2e1743 found for delete ", "request_id": "req-3ac3bcf5-5f82-4ea0-b6f9-947252558f0e"}]}
2026-04-21 16:01:53.313 7 INFO neutron.services.segments.plugin [-] Segment 8751ae9b-756a-401b-80e7-7541ce2e1743 resource provider aggregate not found
2026-04-21 16:01:53.337 7 INFO neutron.services.segments.plugin [-] Segment 8751ae9b-756a-401b-80e7-7541ce2e1743 resource provider not found; error: Placement Client Error (4xx): {"errors": [{"status": 404, "title": "Not Found", "detail": "The resource could not be found.\n\n No resource provider with uuid 8751ae9b-756a-401b-80e7-7541ce2e1743 found for delete ", "request_id": "req-bc34f963-b992-4117-ba13-a366e095b473"}]}
2026-04-21 16:01:53.606 8 INFO neutron.db.ovn_revision_numbers_db [None req-162bfa60-a970-4642-85be-e9af350c3261 238f78c5a0564d1eac889ccbc4cb34d5 e5b505624f594d61943a41a613c588f1 - - default default] Successfully bumped revision number for resource 0fc9ebce-b8ba-473a-a7ef-54a2018544d1 (type: security_groups) to 1
2026-04-21 16:01:53.616 7 INFO neutron.db.ovn_revision_numbers_db [None req-ffc48b87-4e8e-4084-86dd-dff19fe40a6d - - - - - -] Successfully bumped revision number for resource 6d7c8708-6f95-43fc-9aab-2940f611a389 (type: ports) to 2
2026-04-21 16:01:53.619 8 INFO neutron.db.ovn_revision_numbers_db [None req-162bfa60-a970-4642-85be-e9af350c3261 238f78c5a0564d1eac889ccbc4cb34d5 e5b505624f594d61943a41a613c588f1 - - default default] Successfully bumped revision number for resource 3c4a191e-adb6-4401-98a2-36395b94dab6 (type: security_group_rules) to 0
2026-04-21 16:01:53.631 8 INFO neutron.db.ovn_revision_numbers_db [None req-162bfa60-a970-4642-85be-e9af350c3261 238f78c5a0564d1eac889ccbc4cb34d5 e5b505624f594d61943a41a613c588f1 - - default default] Successfully bumped revision number for resource 740250c3-0759-4e8b-b39e-4ebcd9494c1f (type: security_group_rules) to 0
2026-04-21 16:01:53.648 7 INFO neutron.db.ovn_revision_numbers_db [None req-ffc48b87-4e8e-4084-86dd-dff19fe40a6d - - - - - -] Successfully bumped revision number for resource be5c3489-96f8-410a-bc46-4aa9f7784062 (type: subnets) to 0 [pid: 7|app: 0|req: 897/1756] 10.0.0.62 () {34 vars in 666 bytes} [Tue Apr 21 16:01:52 2026] POST /v2.0/subnets => generated 626 bytes in 882 msecs (HTTP/1.1 201) 4 headers in 162 bytes (1 switches on core 0) [pid: 8|app: 0|req: 860/1757] 10.0.0.62 () {34 vars in 682 bytes} [Tue Apr 21 16:01:52 2026] POST /v2.0/security-groups => generated 1675 bytes in 723 msecs (HTTP/1.1 201) 4 headers in 163 bytes (1 switches on core 0) [pid: 7|app: 0|req: 898/1758] 10.0.0.62 () {32 vars in 744 bytes} [Tue Apr 21 16:01:53 2026] GET /v2.0/security-group-rules/981032fd-4345-4430-9e5f-7fd41e80aa43 => generated 601 bytes in 23 msecs (HTTP/1.1 200) 4 headers in 157 bytes (1 switches on core 0)
2026-04-21 16:01:53.807 7 INFO neutron.db.ovn_revision_numbers_db [None req-c1259c69-9fe0-4cb5-9d5b-18816b065f5d d6498c44dd0e42468957488f237bf0f1 e4dca145bd2c4586bd5de3f70c15c0ef - - default default] Successfully bumped revision number for resource 382805de-6093-494f-8959-00b4fec04cc5 (type: routers) to 1 [pid: 7|app: 0|req: 899/1759] 10.0.0.62 () {34 vars in 666 bytes} [Tue Apr 21 16:01:53 2026] POST /v2.0/routers => generated 602 bytes in 125 msecs (HTTP/1.1 201) 4 headers in 162 bytes (1 switches on core 0)
2026-04-21 16:01:53.947 7 INFO neutron.db.ovn_revision_numbers_db [None req-6a77290b-3d5e-404c-bec3-cb047e02de69 238f78c5a0564d1eac889ccbc4cb34d5 e5b505624f594d61943a41a613c588f1 - - default default] Successfully bumped revision number for resource e28c8b3b-a741-4c37-b6a5-4368f4d65ca1 (type: security_group_rules) to 0 [pid: 7|app: 0|req: 900/1760] 10.0.0.62 () {34 vars in 692 bytes} [Tue Apr 21 16:01:53 2026] POST /v2.0/security-group-rules => generated 597 bytes in 162 msecs (HTTP/1.1 201) 4 headers in 162 bytes (1 switches on core 0)
2026-04-21 16:01:54.008 8 WARNING neutron.scheduler.dhcp_agent_scheduler [None req-5c692692-d493-4ad0-be36-4cd8658d069a d0c06f270b83446f9070da71e310a23a 9d905ca37f5841de808450c4838955c3 - - default default] No more DHCP agents
2026-04-21 16:01:54.011 8 WARNING neutron.api.rpc.agentnotifiers.dhcp_rpc_agent_api [None req-5c692692-d493-4ad0-be36-4cd8658d069a d0c06f270b83446f9070da71e310a23a 9d905ca37f5841de808450c4838955c3 - - default default] Unable to schedule network 50cbefb5-432f-4f78-b5d9-5ea098ee480c: no agents available; will retry on subsequent port and subnet creation events. [pid: 7|app: 0|req: 901/1761] 10.0.0.62 () {32 vars in 670 bytes} [Tue Apr 21 16:01:53 2026] GET /v2.0/security-group-rules => generated 4138 bytes in 64 msecs (HTTP/1.1 200) 4 headers in 158 bytes (1 switches on core 0)
2026-04-21 16:01:54.118 7 INFO neutron.plugins.ml2.drivers.ovn.mech_driver.mech_driver [None req-ec6f5493-51d6-45fe-b064-9822bf841561 - - - - - -] OVN reports status down for port: 9218eb61-1e24-473b-8bd7-836122078ca0
2026-04-21 16:01:54.140 8 INFO neutron.db.ovn_revision_numbers_db [None req-5c692692-d493-4ad0-be36-4cd8658d069a d0c06f270b83446f9070da71e310a23a 9d905ca37f5841de808450c4838955c3 - - default default] Successfully bumped revision number for resource 9218eb61-1e24-473b-8bd7-836122078ca0 (type: ports) to 1 [pid: 8|app: 0|req: 861/1762] 10.0.0.62 () {34 vars in 662 bytes} [Tue Apr 21 16:01:53 2026] POST /v2.0/ports => generated 928 bytes in 497 msecs (HTTP/1.1 201) 4 headers in 162 bytes (1 switches on core 0)
2026-04-21 16:01:54.368 8 INFO neutron.db.ovn_revision_numbers_db [None req-61a75929-e61e-4e6c-a7c2-556a492a0828 238f78c5a0564d1eac889ccbc4cb34d5 e5b505624f594d61943a41a613c588f1 - - default default] Successfully bumped revision number for resource 459391da-caca-4339-9aef-bb92b9a27eb6 (type: security_group_rules) to 0 [pid: 8|app: 0|req: 862/1763] 10.0.0.62 () {34 vars in 692 bytes} [Tue Apr 21 16:01:54 2026] POST /v2.0/security-group-rules => generated 596 bytes in 232 msecs (HTTP/1.1 201) 4 headers in 162 bytes (1 switches on core 0)
2026-04-21 16:01:54.539 7 WARNING neutron.scheduler.dhcp_agent_scheduler [None req-d58898e8-093b-4f0a-8cdf-e393bc9de5c3 d6498c44dd0e42468957488f237bf0f1 e4dca145bd2c4586bd5de3f70c15c0ef - - default default] No more DHCP agents
2026-04-21 16:01:54.540 7 WARNING neutron.api.rpc.agentnotifiers.dhcp_rpc_agent_api [None req-d58898e8-093b-4f0a-8cdf-e393bc9de5c3 d6498c44dd0e42468957488f237bf0f1 e4dca145bd2c4586bd5de3f70c15c0ef - - default default] Unable to schedule network a103b008-73de-4f70-82be-76b8f2c4d4f4: no agents available; will retry on subsequent port and subnet creation events. [pid: 8|app: 0|req: 863/1764] 10.0.0.62 () {32 vars in 747 bytes} [Tue Apr 21 16:01:54 2026] DELETE /v2.0/security-group-rules/981032fd-4345-4430-9e5f-7fd41e80aa43 => generated 0 bytes in 143 msecs (HTTP/1.1 204) 2 headers in 112 bytes (1 switches on core 0)
2026-04-21 16:01:54.717 7 INFO neutron.db.ovn_revision_numbers_db [None req-d58898e8-093b-4f0a-8cdf-e393bc9de5c3 d6498c44dd0e42468957488f237bf0f1 e4dca145bd2c4586bd5de3f70c15c0ef - - default default] Successfully bumped revision number for resource fbae1fc8-27de-49e8-84f1-791cf9081917 (type: ports) to 1 [pid: 7|app: 0|req: 902/1765] 10.0.0.62 () {34 vars in 662 bytes} [Tue Apr 21 16:01:54 2026] POST /v2.0/ports => generated 947 bytes in 696 msecs (HTTP/1.1 201) 4 headers in 162 bytes (1 switches on core 0) /var/lib/openstack/lib/python3.12/site-packages/pycadf/identifier.py:70: UserWarning: Invalid uuid: neutron. To ensure interoperability, identifiers should be a valid uuid. warnings.warn(('Invalid uuid: %s. To ensure interoperability, '
2026-04-21 16:01:54.748 8 INFO neutron_taas.services.taas.taas_plugin [None req-258b3265-d5f5-41d7-b32d-100d4fbfd942 d0c06f270b83446f9070da71e310a23a 9d905ca37f5841de808450c4838955c3 - - default default] TaaS: Handle Delete Port: 9218eb61-1e24-473b-8bd7-836122078ca0
2026-04-21 16:01:54.751 8 INFO neutron_taas.services.taas.tap_mirror_plugin [None req-258b3265-d5f5-41d7-b32d-100d4fbfd942 d0c06f270b83446f9070da71e310a23a 9d905ca37f5841de808450c4838955c3 - - default default] Tap Mirror: Handle Delete Port: 9218eb61-1e24-473b-8bd7-836122078ca0
2026-04-21 16:01:54.909 7 INFO neutron.db.ovn_revision_numbers_db [None req-e58db123-79ed-45d4-8cd5-cb1e37f4dd90 238f78c5a0564d1eac889ccbc4cb34d5 e5b505624f594d61943a41a613c588f1 - - default default] Successfully bumped revision number for resource b7f293fd-ca87-4aa6-97b6-03d872205253 (type: security_group_rules) to 0 [pid: 8|app: 0|req: 864/1766] 10.0.0.62 () {32 vars in 717 bytes} [Tue Apr 21 16:01:54 2026] DELETE /v2.0/ports/9218eb61-1e24-473b-8bd7-836122078ca0 => generated 0 bytes in 368 msecs (HTTP/1.1 204) 3 headers in 131 bytes (1 switches on core 0) [pid: 7|app: 0|req: 903/1767] 10.0.0.62 () {34 vars in 692 bytes} [Tue Apr 21 16:01:54 2026] POST /v2.0/security-group-rules => generated 602 bytes in 203 msecs (HTTP/1.1 201) 4 headers in 162 bytes (1 switches on core 0) [pid: 8|app: 0|req: 865/1768] 10.0.0.62 () {32 vars in 670 bytes} [Tue Apr 21 16:01:54 2026] GET /v2.0/security-group-rules => generated 3560 bytes in 98 msecs (HTTP/1.1 200) 4 headers in 158 bytes (1 switches on core 0)
2026-04-21 16:01:55.038 8 INFO neutron.pecan_wsgi.hooks.translation [None req-6f75f98b-57a6-4c25-8cb0-b0f0e6997501 d0c06f270b83446f9070da71e310a23a 9d905ca37f5841de808450c4838955c3 - - default default] GET failed (client error): The resource could not be found. [pid: 8|app: 0|req: 866/1769] 10.0.0.62 () {32 vars in 714 bytes} [Tue Apr 21 16:01:55 2026] GET /v2.0/ports/9218eb61-1e24-473b-8bd7-836122078ca0 => generated 132 bytes in 28 msecs (HTTP/1.1 404) 4 headers in 164 bytes (1 switches on core 0)
2026-04-21 16:01:55.269 8 INFO neutron.db.ovn_revision_numbers_db [None req-cc8b92ba-87c0-4a58-ac15-a16cf22ae598 238f78c5a0564d1eac889ccbc4cb34d5 e5b505624f594d61943a41a613c588f1 - - default default] Successfully bumped revision number for resource 6e6d5341-5587-498e-b618-93f8e305e62b (type: security_group_rules) to 0 [pid: 8|app: 0|req: 867/1770] 10.0.0.62 () {34 vars in 692 bytes} [Tue Apr 21 16:01:55 2026] POST /v2.0/security-group-rules => generated 601 bytes in 267 msecs (HTTP/1.1 201) 4 headers in 162 bytes (1 switches on core 0)
2026-04-21 16:01:55.451 8 INFO neutron.db.ovn_revision_numbers_db [None req-d3c752e3-3d93-426f-97f1-414a4ea2e4ee 8de1006634c64f0390d27da369bf4a0a 50ce77530ed94a7d824122dbe837c9ac - - default default] Successfully bumped revision number for resource 3216ec6d-b17f-48fb-b9af-b01aa1b387ab (type: security_group_rules) to 0
2026-04-21 16:01:55.503 7 INFO neutron.db.ovn_revision_numbers_db [None req-41b9a825-2a77-400e-8e7f-d73d3378e4a0 d6498c44dd0e42468957488f237bf0f1 e4dca145bd2c4586bd5de3f70c15c0ef - - default default] Successfully bumped revision number for resource fbae1fc8-27de-49e8-84f1-791cf9081917 (type: ports) to 2 [pid: 8|app: 0|req: 868/1771] 10.0.0.62 () {34 vars in 692 bytes} [Tue Apr 21 16:01:55 2026] POST /v2.0/security-group-rules => generated 602 bytes in 225 msecs (HTTP/1.1 201) 4 headers in 162 bytes (1 switches on core 0) [pid: 8|app: 0|req: 869/1772] 10.0.0.62 () {32 vars in 721 bytes} [Tue Apr 21 16:01:55 2026] DELETE /v2.0/subnets/84dd75e5-00e1-4b74-8e6d-a99b9fe5e11f => generated 0 bytes in 151 msecs (HTTP/1.1 204) 3 headers in 131 bytes (1 switches on core 0)
2026-04-21 16:01:55.725 8 INFO neutron.db.securitygroups_db [None req-d85bf6e5-85a2-4c13-a6d3-9f252f16be81 238f78c5a0564d1eac889ccbc4cb34d5 e5b505624f594d61943a41a613c588f1 - - default default] Project e5b505624f594d61943a41a613c588f1 added a security group rule with legacy IPv6 ICMP protocol name icmp, ipv6-icmp should be used instead. It was automatically converted.
2026-04-21 16:01:55.855 8 INFO neutron.db.ovn_revision_numbers_db [None req-d85bf6e5-85a2-4c13-a6d3-9f252f16be81 238f78c5a0564d1eac889ccbc4cb34d5 e5b505624f594d61943a41a613c588f1 - - default default] Successfully bumped revision number for resource d908dc94-8880-4910-a8c0-4b43821eb195 (type: security_group_rules) to 0 [pid: 8|app: 0|req: 870/1773] 10.0.0.62 () {34 vars in 692 bytes} [Tue Apr 21 16:01:55 2026] POST /v2.0/security-group-rules => generated 607 bytes in 208 msecs (HTTP/1.1 201) 4 headers in 162 bytes (1 switches on core 0) [pid: 8|app: 0|req: 871/1774] 10.0.0.62 () {32 vars in 744 bytes} [Tue Apr 21 16:01:55 2026] GET /v2.0/security-group-rules/3216ec6d-b17f-48fb-b9af-b01aa1b387ab => generated 602 bytes in 18 msecs (HTTP/1.1 200) 4 headers in 157 bytes (1 switches on core 0)
2026-04-21 16:01:56.059 8 INFO neutron_taas.services.taas.taas_plugin [None req-e99325d4-0cf7-435a-b395-159ff6995c60 d0c06f270b83446f9070da71e310a23a 9d905ca37f5841de808450c4838955c3 - - default default] TaaS: Handle Delete Port: 9ed630b2-63a3-4e50-8d59-65eeb6c29513
2026-04-21 16:01:56.063 8 INFO neutron_taas.services.taas.tap_mirror_plugin [None req-e99325d4-0cf7-435a-b395-159ff6995c60 d0c06f270b83446f9070da71e310a23a 9d905ca37f5841de808450c4838955c3 - - default default] Tap Mirror: Handle Delete Port: 9ed630b2-63a3-4e50-8d59-65eeb6c29513
2026-04-21 16:01:56.262 8 INFO neutron.services.segments.plugin [-] Segment 3a559cd4-a5c4-4dbd-89f6-d59a0eca2d82 resource provider aggregate not found
2026-04-21 16:01:56.273 8 INFO neutron.services.segments.plugin [-] Segment 3a559cd4-a5c4-4dbd-89f6-d59a0eca2d82 resource provider aggregate not found
2026-04-21 16:01:56.282 8 INFO neutron.services.segments.plugin [-] Segment 3a559cd4-a5c4-4dbd-89f6-d59a0eca2d82 resource provider not found; error: Placement Client Error (4xx): {"errors": [{"status": 404, "title": "Not Found", "detail": "The resource could not be found.\n\n No resource provider with uuid 3a559cd4-a5c4-4dbd-89f6-d59a0eca2d82 found for delete ", "request_id": "req-e09d31e8-9d56-4b54-8c09-ac13d8eb5546"}]}
2026-04-21 16:01:56.298 8 INFO neutron.services.segments.plugin [-] Segment 3a559cd4-a5c4-4dbd-89f6-d59a0eca2d82 resource provider not found; error: Placement Client Error (4xx): {"errors": [{"status": 404, "title": "Not Found", "detail": "The resource could not be found.\n\n No resource provider with uuid 3a559cd4-a5c4-4dbd-89f6-d59a0eca2d82 found for delete ", "request_id": "req-cc55e264-5acf-4f10-9b53-bbd49b13f4e5"}]}
2026-04-21 16:01:56.301 7 WARNING neutron.scheduler.dhcp_agent_scheduler [None req-41b9a825-2a77-400e-8e7f-d73d3378e4a0 d6498c44dd0e42468957488f237bf0f1 e4dca145bd2c4586bd5de3f70c15c0ef - - default default] No more DHCP agents
2026-04-21 16:01:56.303 7 WARNING neutron.api.rpc.agentnotifiers.dhcp_rpc_agent_api [None req-41b9a825-2a77-400e-8e7f-d73d3378e4a0 d6498c44dd0e42468957488f237bf0f1 e4dca145bd2c4586bd5de3f70c15c0ef - - default default] Unable to schedule network a103b008-73de-4f70-82be-76b8f2c4d4f4: no agents available; will retry on subsequent port and subnet creation events. [pid: 8|app: 0|req: 872/1775] 10.0.0.62 () {32 vars in 723 bytes} [Tue Apr 21 16:01:55 2026] DELETE /v2.0/networks/50cbefb5-432f-4f78-b5d9-5ea098ee480c => generated 0 bytes in 410 msecs (HTTP/1.1 204) 3 headers in 131 bytes (1 switches on core 0)
2026-04-21 16:01:56.367 8 INFO neutron.db.securitygroups_db [None req-557f5eae-816e-4d6b-9aad-be7f097d5e02 238f78c5a0564d1eac889ccbc4cb34d5 e5b505624f594d61943a41a613c588f1 - - default default] Project e5b505624f594d61943a41a613c588f1 added a security group rule with legacy IPv6 ICMP protocol name icmp, ipv6-icmp should be used instead. It was automatically converted.
2026-04-21 16:01:56.518 7 INFO neutron.db.ovn_revision_numbers_db [None req-41b9a825-2a77-400e-8e7f-d73d3378e4a0 d6498c44dd0e42468957488f237bf0f1 e4dca145bd2c4586bd5de3f70c15c0ef - - default default] Successfully bumped revision number for resource fbae1fc8-27de-49e8-84f1-791cf9081917 (type: router_ports) to 2 [pid: 7|app: 0|req: 904/1776] 10.0.0.62 () {34 vars in 780 bytes} [Tue Apr 21 16:01:54 2026] PUT /v2.0/routers/382805de-6093-494f-8959-00b4fec04cc5/add_router_interface => generated 309 bytes in 1581 msecs (HTTP/1.1 200) 4 headers in 157 bytes (1 switches on core 0) /var/lib/openstack/lib/python3.12/site-packages/pycadf/identifier.py:70: UserWarning: Invalid uuid: neutron. To ensure interoperability, identifiers should be a valid uuid. warnings.warn(('Invalid uuid: %s. To ensure interoperability, '
2026-04-21 16:01:56.566 8 INFO neutron.db.ovn_revision_numbers_db [None req-557f5eae-816e-4d6b-9aad-be7f097d5e02 238f78c5a0564d1eac889ccbc4cb34d5 e5b505624f594d61943a41a613c588f1 - - default default] Successfully bumped revision number for resource ba2b58eb-dc43-4082-bcfc-79d25873b595 (type: security_group_rules) to 0 [pid: 8|app: 0|req: 873/1777] 10.0.0.62 () {34 vars in 692 bytes} [Tue Apr 21 16:01:56 2026] POST /v2.0/security-group-rules => generated 606 bytes in 280 msecs (HTTP/1.1 201) 4 headers in 162 bytes (1 switches on core 0) [pid: 7|app: 0|req: 905/1778] 10.0.0.62 () {32 vars in 670 bytes} [Tue Apr 21 16:01:56 2026] GET /v2.0/security-group-rules => generated 4139 bytes in 107 msecs (HTTP/1.1 200) 4 headers in 158 bytes (1 switches on core 0) [pid: 7|app: 0|req: 906/1779] 10.0.0.62 () {32 vars in 714 bytes} [Tue Apr 21 16:01:56 2026] GET /v2.0/ports/fbae1fc8-27de-49e8-84f1-791cf9081917 => generated 1007 bytes in 35 msecs (HTTP/1.1 200) 4 headers in 158 bytes (1 switches on core 0) [pid: 7|app: 0|req: 907/1780] 10.0.0.62 () {32 vars in 747 bytes} [Tue Apr 21 16:01:56 2026] DELETE /v2.0/security-group-rules/3216ec6d-b17f-48fb-b9af-b01aa1b387ab => generated 0 bytes in 143 msecs (HTTP/1.1 204) 2 headers in 112 bytes (1 switches on core 0)
2026-04-21 16:01:56.870 8 WARNING neutron.scheduler.dhcp_agent_scheduler [None req-4710c66a-d749-4b3c-80d3-9eb956ac2349 d0c06f270b83446f9070da71e310a23a 9d905ca37f5841de808450c4838955c3 - - default default] No more DHCP agents
2026-04-21 16:01:56.871 8 WARNING neutron.api.rpc.agentnotifiers.dhcp_rpc_agent_api [None req-4710c66a-d749-4b3c-80d3-9eb956ac2349 d0c06f270b83446f9070da71e310a23a 9d905ca37f5841de808450c4838955c3 - - default default] Unable to schedule network b2e1538d-8129-4545-8c52-55632dae4b9b: no agents available; will retry on subsequent port and subnet creation events.
2026-04-21 16:01:56.957 7 INFO neutron.plugins.ml2.drivers.ovn.mech_driver.mech_driver [None req-ec6f5493-51d6-45fe-b064-9822bf841561 - - - - - -] OVN reports status down for port: 3bc79120-799f-4201-8b65-464269e1b28f
2026-04-21 16:01:57.016 8 INFO neutron.db.ovn_revision_numbers_db [None req-4710c66a-d749-4b3c-80d3-9eb956ac2349 d0c06f270b83446f9070da71e310a23a 9d905ca37f5841de808450c4838955c3 - - default default] Successfully bumped revision number for resource 3bc79120-799f-4201-8b65-464269e1b28f (type: ports) to 1 [pid: 8|app: 0|req: 874/1781] 10.0.0.62 () {34 vars in 662 bytes} [Tue Apr 21 16:01:56 2026] POST /v2.0/ports => generated 778 bytes in 472 msecs (HTTP/1.1 201) 4 headers in 162 bytes (1 switches on core 0) /var/lib/openstack/lib/python3.12/site-packages/pycadf/identifier.py:70: UserWarning: Invalid uuid: neutron. To ensure interoperability, identifiers should be a valid uuid. warnings.warn(('Invalid uuid: %s. To ensure interoperability, ' [pid: 8|app: 0|req: 875/1782] 10.0.0.62 () {32 vars in 670 bytes} [Tue Apr 21 16:01:57 2026] GET /v2.0/security-group-rules => generated 3560 bytes in 91 msecs (HTTP/1.1 200) 4 headers in 158 bytes (1 switches on core 0)
2026-04-21 16:01:57.215 7 INFO neutron_taas.services.taas.taas_plugin [None req-4c226e36-1a7e-49ea-8fe3-670b64c23ff3 d6498c44dd0e42468957488f237bf0f1 e4dca145bd2c4586bd5de3f70c15c0ef - - default default] TaaS: Handle Delete Port: fbae1fc8-27de-49e8-84f1-791cf9081917
2026-04-21 16:01:57.218 7 INFO neutron_taas.services.taas.tap_mirror_plugin [None req-4c226e36-1a7e-49ea-8fe3-670b64c23ff3 d6498c44dd0e42468957488f237bf0f1 e4dca145bd2c4586bd5de3f70c15c0ef - - default default] Tap Mirror: Handle Delete Port: fbae1fc8-27de-49e8-84f1-791cf9081917 [pid: 8|app: 0|req: 876/1783] 10.0.0.62 () {32 vars in 646 bytes} [Tue Apr 21 16:01:57 2026] GET /v2.0/networks => generated 1374 bytes in 77 msecs (HTTP/1.1 200) 4 headers in 158 bytes (1 switches on core 0)
2026-04-21 16:01:57.409 8 WARNING neutron.plugins.ml2.drivers.ovn.mech_driver.ovsdb.ovn_client [None req-e0aded83-68e3-4363-97b5-b412ff285c70 - - - - - -] No hosting information found for port 648ba1f6-d272-4399-a1af-9bd7db7905a7: RuntimeError: No hosting information found for port 648ba1f6-d272-4399-a1af-9bd7db7905a7 [pid: 7|app: 0|req: 908/1784] 10.0.0.62 () {34 vars in 786 bytes} [Tue Apr 21 16:01:56 2026] PUT /v2.0/routers/382805de-6093-494f-8959-00b4fec04cc5/remove_router_interface => generated 309 bytes in 764 msecs (HTTP/1.1 200) 4 headers in 157 bytes (1 switches on core 0) /var/lib/openstack/lib/python3.12/site-packages/pycadf/identifier.py:70: UserWarning: Invalid uuid: neutron. To ensure interoperability, identifiers should be a valid uuid. warnings.warn(('Invalid uuid: %s. To ensure interoperability, '
2026-04-21 16:01:57.601 8 INFO neutron.db.ovn_revision_numbers_db [None req-e0aded83-68e3-4363-97b5-b412ff285c70 - - - - - -] Successfully bumped revision number for resource 648ba1f6-d272-4399-a1af-9bd7db7905a7 (type: router_ports) to 2
2026-04-21 16:01:57.666 7 INFO neutron.plugins.ml2.drivers.ovn.mech_driver.mech_driver [None req-ec6f5493-51d6-45fe-b064-9822bf841561 - - - - - -] OVN reports status down for port: 3bc79120-799f-4201-8b65-464269e1b28f
2026-04-21 16:01:57.711 8 INFO neutron.plugins.ml2.drivers.ovn.mech_driver.mech_driver [None req-e0aded83-68e3-4363-97b5-b412ff285c70 - - - - - -] OVN reports status down for port: 6d7c8708-6f95-43fc-9aab-2940f611a389
2026-04-21 16:01:57.713 8 INFO neutron.db.ovn_revision_numbers_db [None req-4b822fc5-99a0-4e30-8aad-604d15f141e8 d0c06f270b83446f9070da71e310a23a 9d905ca37f5841de808450c4838955c3 - - default default] Successfully bumped revision number for resource 3bc79120-799f-4201-8b65-464269e1b28f (type: ports) to 2 [pid: 8|app: 0|req: 877/1785] 10.0.0.62 () {34 vars in 734 bytes} [Tue Apr 21 16:01:57 2026] PUT /v2.0/ports/3bc79120-799f-4201-8b65-464269e1b28f => generated 752 bytes in 499 msecs (HTTP/1.1 200) 4 headers in 157 bytes (1 switches on core 0) /var/lib/openstack/lib/python3.12/site-packages/pycadf/identifier.py:70: UserWarning: Invalid uuid: neutron. To ensure interoperability, identifiers should be a valid uuid. warnings.warn(('Invalid uuid: %s. To ensure interoperability, ' [pid: 7|app: 0|req: 909/1786] 10.0.0.62 () {32 vars in 737 bytes} [Tue Apr 21 16:01:57 2026] DELETE /v2.0/security-groups/b9e598bf-ca8a-4fdd-8016-d5a643c0605e => generated 0 bytes in 174 msecs (HTTP/1.1 204) 2 headers in 112 bytes (1 switches on core 0) [pid: 8|app: 0|req: 878/1787] 10.0.0.166 () {34 vars in 1098 bytes} [Tue Apr 21 16:01:57 2026] GET /v2.0/security-groups?name=tempest-secgroup-smoke-1226530128&fields=id&tenant_id=e5b505624f594d61943a41a613c588f1 => generated 69 bytes in 51 msecs (HTTP/1.1 200) 4 headers in 156 bytes (1 switches on core 0)
2026-04-21 16:01:57.810 8 INFO neutron.plugins.ml2.drivers.ovn.mech_driver.mech_driver [None req-e0aded83-68e3-4363-97b5-b412ff285c70 - - - - - -] OVN reports status down for port: fbae1fc8-27de-49e8-84f1-791cf9081917
2026-04-21 16:01:57.818 7 INFO neutron.api.v2.resource [None req-77ce46fb-aafd-4303-8952-868c83615b85 d6498c44dd0e42468957488f237bf0f1 e4dca145bd2c4586bd5de3f70c15c0ef - - default default] remove_router_interface failed (client error): The resource could not be found. [pid: 7|app: 0|req: 910/1788] 10.0.0.62 () {34 vars in 786 bytes} [Tue Apr 21 16:01:57 2026] PUT /v2.0/routers/382805de-6093-494f-8959-00b4fec04cc5/remove_router_interface => generated 197 bytes in 65 msecs (HTTP/1.1 404) 4 headers in 164 bytes (1 switches on core 0)
2026-04-21 16:01:57.828 8 INFO neutron.plugins.ml2.drivers.ovn.mech_driver.mech_driver [None req-e0aded83-68e3-4363-97b5-b412ff285c70 - - - - - -] OVN reports status up for port: fbae1fc8-27de-49e8-84f1-791cf9081917 [pid: 7|app: 0|req: 911/1789] 10.0.0.62 () {32 vars in 660 bytes} [Tue Apr 21 16:01:57 2026] GET /v2.0/security-groups => generated 2925 bytes in 32 msecs (HTTP/1.1 200) 4 headers in 158 bytes (1 switches on core 0) [pid: 7|app: 0|req: 912/1790] 10.0.0.166 () {34 vars in 980 bytes} [Tue Apr 21 16:01:57 2026] GET /v2.0/networks?id=e25e3513-0b18-406e-bf17-32012758665f => generated 699 bytes in 53 msecs (HTTP/1.1 200) 4 headers in 157 bytes (1 switches on core 0) [pid: 7|app: 0|req: 913/1791] 10.0.0.62 () {32 vars in 733 bytes} [Tue Apr 21 16:01:57 2026] GET /v2.0/ports?device_id=382805de-6093-494f-8959-00b4fec04cc5 => generated 12 bytes in 18 msecs (HTTP/1.1 200) 4 headers in 156 bytes (1 switches on core 0)
2026-04-21 16:01:57.942 8 INFO neutron_taas.services.taas.taas_plugin [None req-c3f8442b-8614-4735-ae24-5f8f11fbefa3 d0c06f270b83446f9070da71e310a23a 9d905ca37f5841de808450c4838955c3 - - default default] TaaS: Handle Delete Port: 3bc79120-799f-4201-8b65-464269e1b28f
2026-04-21 16:01:57.944 8 INFO neutron_taas.services.taas.tap_mirror_plugin [None req-c3f8442b-8614-4735-ae24-5f8f11fbefa3 d0c06f270b83446f9070da71e310a23a 9d905ca37f5841de808450c4838955c3 - - default default] Tap Mirror: Handle Delete Port: 3bc79120-799f-4201-8b65-464269e1b28f [pid: 7|app: 0|req: 914/1792] 10.0.0.62 () {32 vars in 660 bytes} [Tue Apr 21 16:01:57 2026] GET /v2.0/security-groups => generated 2925 bytes in 29 msecs (HTTP/1.1 200) 4 headers in 158 bytes (1 switches on core 0) [pid: 7|app: 0|req: 915/1793] 10.0.0.166 () {34 vars in 963 bytes} [Tue Apr 21 16:01:57 2026] GET /v2.0/quotas/e5b505624f594d61943a41a613c588f1 => generated 292 bytes in 10 msecs (HTTP/1.1 200) 4 headers in 157 bytes (1 switches on core 0) [pid: 8|app: 0|req: 879/1794] 10.0.0.62 () {32 vars in 717 bytes} [Tue Apr 21 16:01:57 2026] DELETE /v2.0/ports/3bc79120-799f-4201-8b65-464269e1b28f => generated 0 bytes in 270 msecs (HTTP/1.1 204) 3 headers in 131 bytes (1 switches on core 0) [pid: 8|app: 0|req: 880/1795] 10.0.0.166 () {34 vars in 1000 bytes} [Tue Apr 21 16:01:58 2026] GET /v2.0/ports?tenant_id=e5b505624f594d61943a41a613c588f1&fields=id => generated 103 bytes in 77 msecs (HTTP/1.1 200) 4 headers in 157 bytes (1 switches on core 0) [pid: 8|app: 0|req: 881/1796] 10.0.0.62 () {32 vars in 640 bytes} [Tue Apr 21 16:01:58 2026] GET /v2.0/ports => generated 1538 bytes in 36 msecs (HTTP/1.1 200) 4 headers in 158 bytes (1 switches on core 0) [pid: 7|app: 0|req: 916/1797] 10.0.0.62 () {32 vars in 721 bytes} [Tue Apr 21 16:01:57 2026] DELETE /v2.0/routers/382805de-6093-494f-8959-00b4fec04cc5 => generated 0 bytes in 219 msecs (HTTP/1.1 204) 2 headers in 112 bytes (1 switches on core 0) [pid: 8|app: 0|req: 882/1798] 10.0.0.166 () {34 vars in 1006 bytes} [Tue Apr 21 16:01:58 2026] GET /v2.0/networks/e25e3513-0b18-406e-bf17-32012758665f?fields=segments => generated 14 bytes in 38 msecs (HTTP/1.1 200) 4 headers in 156 bytes (1 switches on core 0)
2026-04-21 16:01:58.226 7 INFO neutron.pecan_wsgi.hooks.translation [None req-3e8c9216-9f7a-4c08-9931-bfe0c3e73a58 d0c06f270b83446f9070da71e310a23a 9d905ca37f5841de808450c4838955c3 - - default default] GET failed (client error): The resource could not be found. [pid: 7|app: 0|req: 917/1799] 10.0.0.62 () {32 vars in 714 bytes} [Tue Apr 21 16:01:58 2026] GET /v2.0/ports/3bc79120-799f-4201-8b65-464269e1b28f => generated 132 bytes in 39 msecs (HTTP/1.1 404) 4 headers in 164 bytes (1 switches on core 0) [pid: 7|app: 0|req: 918/1800] 10.0.0.166 () {34 vars in 1106 bytes} [Tue Apr 21 16:01:58 2026] GET /v2.0/networks/e25e3513-0b18-406e-bf17-32012758665f?fields=provider%3Aphysical_network&fields=provider%3Anetwork_type => generated 79 bytes in 53 msecs (HTTP/1.1 200) 4 headers in 156 bytes (1 switches on core 0) [pid: 7|app: 0|req: 919/1801] 10.0.0.62 () {32 vars in 640 bytes} [Tue Apr 21 16:01:58 2026] GET /v2.0/ports => generated 1538 bytes in 65 msecs (HTTP/1.1 200) 4 headers in 158 bytes (1 switches on core 0) [pid: 8|app: 0|req: 883/1802] 10.0.0.62 () {32 vars in 721 bytes} [Tue Apr 21 16:01:58 2026] DELETE /v2.0/subnets/be5c3489-96f8-410a-bc46-4aa9f7784062 => generated 0 bytes in 191 msecs (HTTP/1.1 204) 3 headers in 131 bytes (1 switches on core 0) [pid: 7|app: 0|req: 920/1803] 10.0.0.62 () {32 vars in 714 bytes} [Tue Apr 21 16:01:58 2026] GET /v2.0/ports/40f1b43a-eecc-491a-83f5-6412742ce58a => generated 779 bytes in 66 msecs (HTTP/1.1 200) 4 headers in 157 bytes (1 switches on core 0) [pid: 8|app: 0|req: 884/1804] 10.0.0.166 () {34 vars in 988 bytes} [Tue Apr 21 16:01:58 2026] GET /v2.0/ports?device_id=64978158-74ad-4aee-8d7c-0b884c104821 => generated 12 bytes in 18 msecs (HTTP/1.1 200) 4 headers in 156 bytes (1 switches on core 0)
2026-04-21 16:01:58.447 8 INFO neutron.pecan_wsgi.hooks.translation [None req-17151f8f-deba-46e2-8cb5-3b1875d5d30c d0c06f270b83446f9070da71e310a23a 9d905ca37f5841de808450c4838955c3 - - default default] DELETE failed (client error): The resource could not be found. [pid: 8|app: 0|req: 885/1805] 10.0.0.62 () {32 vars in 717 bytes} [Tue Apr 21 16:01:58 2026] DELETE /v2.0/ports/9218eb61-1e24-473b-8bd7-836122078ca0 => generated 132 bytes in 17 msecs (HTTP/1.1 404) 4 headers in 164 bytes (1 switches on core 0)
2026-04-21 16:01:58.469 8 INFO neutron.pecan_wsgi.hooks.translation [None req-186e4046-c37c-4dcf-a169-4db7ff7b8188 d0c06f270b83446f9070da71e310a23a 9d905ca37f5841de808450c4838955c3 - - default default] DELETE failed (client error): The resource could not be found. [pid: 8|app: 0|req: 886/1806] 10.0.0.62 () {32 vars in 721 bytes} [Tue Apr 21 16:01:58 2026] DELETE /v2.0/subnets/84dd75e5-00e1-4b74-8e6d-a99b9fe5e11f => generated 136 bytes in 15 msecs (HTTP/1.1 404) 4 headers in 164 bytes (1 switches on core 0)
2026-04-21 16:01:58.489 8 INFO neutron.pecan_wsgi.hooks.translation [None req-b0204bad-2ae7-4c66-a1e2-664834527087 d0c06f270b83446f9070da71e310a23a 9d905ca37f5841de808450c4838955c3 - - default default] DELETE failed (client error): The resource could not be found. [pid: 8|app: 0|req: 887/1807] 10.0.0.62 () {32 vars in 721 bytes} [Tue Apr 21 16:01:58 2026] DELETE /v2.0/subnets/544a0c9f-7f70-4b42-bc7e-6fd638e9ed0b => generated 136 bytes in 15 msecs (HTTP/1.1 404) 4 headers in 164 bytes (1 switches on core 0)
2026-04-21 16:01:58.639 7 INFO neutron_taas.services.taas.taas_plugin [None req-4db171da-49c9-4f5f-bdb5-378d7a16dce1 d6498c44dd0e42468957488f237bf0f1 e4dca145bd2c4586bd5de3f70c15c0ef - - default default] TaaS: Handle Delete Port: 6d7c8708-6f95-43fc-9aab-2940f611a389
2026-04-21 16:01:58.641 7 INFO neutron_taas.services.taas.tap_mirror_plugin [None req-4db171da-49c9-4f5f-bdb5-378d7a16dce1 d6498c44dd0e42468957488f237bf0f1 e4dca145bd2c4586bd5de3f70c15c0ef - - default default] Tap Mirror: Handle Delete Port: 6d7c8708-6f95-43fc-9aab-2940f611a389
