2026-04-21 16:01:28.905 8 INFO neutron.db.ovn_revision_numbers_db [None req-b9a06c9b-816b-469c-b231-d10126276454 84c5585d0b874227847266bac93e275b 5b516950014842aa84b645b805ab9fa8 - - default default] Successfully bumped revision number for resource 7884c348-cbda-4ca1-8a46-a5a15041ecd7 (type: routers) to 1 [pid: 8|app: 0|req: 790/1618] 10.0.0.62 () {34 vars in 666 bytes} [Tue Apr 21 16:01:28 2026] POST /v2.0/routers => generated 606 bytes in 141 msecs (HTTP/1.1 201) 4 headers in 162 bytes (1 switches on core 0) [pid: 8|app: 0|req: 791/1619] 10.0.0.62 () {32 vars in 644 bytes} [Tue Apr 21 16:01:28 2026] GET /v2.0/subnets => generated 1312 bytes in 30 msecs (HTTP/1.1 200) 4 headers in 158 bytes (1 switches on core 0) [pid: 8|app: 0|req: 792/1620] 10.0.0.166 () {34 vars in 1038 bytes} [Tue Apr 21 16:01:28 2026] GET /v2.0/security-groups?id=d777e626-5bb4-4c2d-ac87-2a21b0af41fb&fields=id&fields=name => generated 88 bytes in 32 msecs (HTTP/1.1 200) 4 headers in 156 bytes (1 switches on core 0)
2026-04-21 16:01:29.051 7 INFO neutron.db.ovn_revision_numbers_db [None req-3602e23a-b5de-43af-b388-941370f4a474 - - - - - -] Successfully bumped revision number for resource d5d96ef4-e289-45e2-af84-748201701cfb (type: ports) to 6 [pid: 7|app: 0|req: 829/1621] 10.0.0.62 () {32 vars in 723 bytes} [Tue Apr 21 16:01:27 2026] DELETE /v2.0/networks/e1fb4cca-eeee-4ac4-aca9-3c8291203213 => generated 0 bytes in 1174 msecs (HTTP/1.1 204) 3 headers in 131 bytes (1 switches on core 0)
2026-04-21 16:01:29.164 7 INFO neutron.plugins.ml2.drivers.ovn.mech_driver.mech_driver [None req-0bf9b796-9f4f-4c30-b2d8-fca23f5e359c - - - - - -] OVN reports status down for port: bf099b3a-8cdb-4642-be60-b9f143cfce86 [pid: 7|app: 0|req: 830/1622] 10.0.0.62 () {32 vars in 720 bytes} [Tue Apr 21 16:01:29 2026] GET /v2.0/networks/42c2b54a-61f0-4853-9bea-c6657b616085 => generated 711 bytes in 139 msecs (HTTP/1.1 200) 4 headers in 157 bytes (1 switches on core 0) /var/lib/openstack/lib/python3.12/site-packages/pycadf/identifier.py:70: UserWarning: Invalid uuid: neutron. To ensure interoperability, identifiers should be a valid uuid. warnings.warn(('Invalid uuid: %s. To ensure interoperability, '
2026-04-21 16:01:29.283 7 INFO neutron.services.segments.plugin [-] Segment 03c218e2-e491-478f-a00d-016eafd77286 resource provider aggregate not found
2026-04-21 16:01:29.289 7 INFO neutron.services.segments.plugin [-] Segment 03c218e2-e491-478f-a00d-016eafd77286 resource provider aggregate not found
2026-04-21 16:01:29.313 7 INFO neutron.services.segments.plugin [-] Segment 03c218e2-e491-478f-a00d-016eafd77286 resource provider not found; error: Placement Client Error (4xx): {"errors": [{"status": 404, "title": "Not Found", "detail": "The resource could not be found.\n\n No resource provider with uuid 03c218e2-e491-478f-a00d-016eafd77286 found for delete ", "request_id": "req-35d67342-429c-4539-b2c4-33503b91ae36"}]}
2026-04-21 16:01:29.322 7 INFO neutron.services.segments.plugin [-] Segment 03c218e2-e491-478f-a00d-016eafd77286 resource provider not found; error: Placement Client Error (4xx): {"errors": [{"status": 404, "title": "Not Found", "detail": "The resource could not be found.\n\n No resource provider with uuid 03c218e2-e491-478f-a00d-016eafd77286 found for delete ", "request_id": "req-502ac8f0-5637-456f-b9d5-62b67e09e4e8"}]}
2026-04-21 16:01:29.335 7 INFO neutron.services.segments.plugin [-] Segment 8c3a8245-b256-4ae8-a8b5-d682f014e372 resource provider aggregate not found
2026-04-21 16:01:29.359 7 INFO neutron.services.segments.plugin [-] Segment 8c3a8245-b256-4ae8-a8b5-d682f014e372 resource provider aggregate not found
2026-04-21 16:01:29.364 7 INFO neutron.services.segments.plugin [-] Segment 8c3a8245-b256-4ae8-a8b5-d682f014e372 resource provider not found; error: Placement Client Error (4xx): {"errors": [{"status": 404, "title": "Not Found", "detail": "The resource could not be found.\n\n No resource provider with uuid 8c3a8245-b256-4ae8-a8b5-d682f014e372 found for delete ", "request_id": "req-af9c8a00-6df2-495b-b5c9-ec704c2ac2a3"}]}
2026-04-21 16:01:29.385 7 INFO neutron.services.segments.plugin [-] Segment 8c3a8245-b256-4ae8-a8b5-d682f014e372 resource provider not found; error: Placement Client Error (4xx): {"errors": [{"status": 404, "title": "Not Found", "detail": "The resource could not be found.\n\n No resource provider with uuid 8c3a8245-b256-4ae8-a8b5-d682f014e372 found for delete ", "request_id": "req-615875ef-35d9-483c-a96e-50cb67a584fb"}]}
2026-04-21 16:01:29.400 8 WARNING neutron.scheduler.dhcp_agent_scheduler [None req-6210df48-1c77-4932-b89c-9a2182821fca 84c5585d0b874227847266bac93e275b 5b516950014842aa84b645b805ab9fa8 - - default default] No more DHCP agents
2026-04-21 16:01:29.402 8 WARNING neutron.api.rpc.agentnotifiers.dhcp_rpc_agent_api [None req-6210df48-1c77-4932-b89c-9a2182821fca 84c5585d0b874227847266bac93e275b 5b516950014842aa84b645b805ab9fa8 - - default default] Unable to schedule network fd3d532b-8697-4c66-9cdd-1809e842b2ad: no agents available; will retry on subsequent port and subnet creation events.
2026-04-21 16:01:29.493 7 INFO neutron_taas.services.taas.taas_plugin [None req-58ad70f0-26c3-44f3-b93b-5dabb66fac1b 6150a2f20fb44026b4ed657638559dc5 045dc6e14bb74385b18a56c68212eb1d - - default default] TaaS: Handle Delete Port: 1534d3de-f6d0-4935-aa97-9a1663f42502
2026-04-21 16:01:29.499 7 INFO neutron_taas.services.taas.tap_mirror_plugin [None req-58ad70f0-26c3-44f3-b93b-5dabb66fac1b 6150a2f20fb44026b4ed657638559dc5 045dc6e14bb74385b18a56c68212eb1d - - default default] Tap Mirror: Handle Delete Port: 1534d3de-f6d0-4935-aa97-9a1663f42502
2026-04-21 16:01:29.527 8 INFO neutron.db.ovn_revision_numbers_db [None req-6210df48-1c77-4932-b89c-9a2182821fca 84c5585d0b874227847266bac93e275b 5b516950014842aa84b645b805ab9fa8 - - default default] Successfully bumped revision number for resource f753eb14-a042-4d6f-b3f4-6405571b0bdf (type: ports) to 1 [pid: 7|app: 0|req: 831/1623] 10.0.0.62 () {32 vars in 723 bytes} [Tue Apr 21 16:01:29 2026] DELETE /v2.0/networks/bb9dc47a-eac9-49d5-bfef-bb48d3b94bbf => generated 0 bytes in 468 msecs (HTTP/1.1 204) 3 headers in 131 bytes (1 switches on core 0) [pid: 7|app: 0|req: 832/1624] 199.204.45.89 () {34 vars in 991 bytes} [Tue Apr 21 16:01:29 2026] GET /v2.0/ports?device_id=732d5dc9-d4e4-4921-abc4-5ba2c8125d64 => generated 969 bytes in 40 msecs (HTTP/1.1 200) 4 headers in 157 bytes (1 switches on core 0) [pid: 7|app: 0|req: 833/1625] 10.0.0.62 () {32 vars in 718 bytes} [Tue Apr 21 16:01:29 2026] GET /v2.0/subnets/2ce34287-519a-49d6-90b6-1bfd8265cdac => generated 673 bytes in 32 msecs (HTTP/1.1 200) 4 headers in 157 bytes (1 switches on core 0)
2026-04-21 16:01:29.901 7 INFO neutron_taas.services.taas.taas_plugin [None req-bbc0b175-9e58-40ab-a199-955359a736ab 6150a2f20fb44026b4ed657638559dc5 045dc6e14bb74385b18a56c68212eb1d - - default default] TaaS: Handle Delete Port: ad57d447-c9ae-4657-a7f0-274e663937ad
2026-04-21 16:01:29.906 7 INFO neutron_taas.services.taas.tap_mirror_plugin [None req-bbc0b175-9e58-40ab-a199-955359a736ab 6150a2f20fb44026b4ed657638559dc5 045dc6e14bb74385b18a56c68212eb1d - - default default] Tap Mirror: Handle Delete Port: ad57d447-c9ae-4657-a7f0-274e663937ad [pid: 7|app: 0|req: 834/1626] 10.0.0.62 () {32 vars in 723 bytes} [Tue Apr 21 16:01:29 2026] DELETE /v2.0/networks/5622209e-2967-4182-910f-5a8b649e75b5 => generated 0 bytes in 364 msecs (HTTP/1.1 204) 3 headers in 131 bytes (1 switches on core 0)
2026-04-21 16:01:30.146 8 WARNING neutron.scheduler.dhcp_agent_scheduler [None req-6210df48-1c77-4932-b89c-9a2182821fca 84c5585d0b874227847266bac93e275b 5b516950014842aa84b645b805ab9fa8 - - default default] No more DHCP agents
2026-04-21 16:01:30.147 8 WARNING neutron.api.rpc.agentnotifiers.dhcp_rpc_agent_api [None req-6210df48-1c77-4932-b89c-9a2182821fca 84c5585d0b874227847266bac93e275b 5b516950014842aa84b645b805ab9fa8 - - default default] Unable to schedule network fd3d532b-8697-4c66-9cdd-1809e842b2ad: no agents available; will retry on subsequent port and subnet creation events.
2026-04-21 16:01:30.268 7 INFO neutron_taas.services.taas.taas_plugin [req-34d5435f-e7ba-4ad1-9fc1-3216d19dab35 req-9f6659f1-bdf5-43ef-bc38-8730f774d2a8 005df423f872459b84a5b80d8030ff2c c0e9d16a9891414c9f6ff286f3d36cc1 - - default default] TaaS: Handle Delete Port: d5d96ef4-e289-45e2-af84-748201701cfb
2026-04-21 16:01:30.270 7 INFO neutron_taas.services.taas.tap_mirror_plugin [req-34d5435f-e7ba-4ad1-9fc1-3216d19dab35 req-9f6659f1-bdf5-43ef-bc38-8730f774d2a8 005df423f872459b84a5b80d8030ff2c c0e9d16a9891414c9f6ff286f3d36cc1 - - default default] Tap Mirror: Handle Delete Port: d5d96ef4-e289-45e2-af84-748201701cfb
2026-04-21 16:01:30.406 8 INFO neutron.db.ovn_revision_numbers_db [None req-6210df48-1c77-4932-b89c-9a2182821fca 84c5585d0b874227847266bac93e275b 5b516950014842aa84b645b805ab9fa8 - - default default] Successfully bumped revision number for resource f753eb14-a042-4d6f-b3f4-6405571b0bdf (type: router_ports) to 1 [pid: 8|app: 0|req: 793/1627] 10.0.0.62 () {34 vars in 780 bytes} [Tue Apr 21 16:01:28 2026] PUT /v2.0/routers/7884c348-cbda-4ca1-8a46-a5a15041ecd7/add_router_interface => generated 309 bytes in 1430 msecs (HTTP/1.1 200) 4 headers in 157 bytes (1 switches on core 0)
2026-04-21 16:01:30.441 8 INFO neutron.pecan_wsgi.hooks.translation [None req-b5c29862-2150-4f1b-b0ed-7cc297933676 fcdb3bc252f64e9fba456025ef0a1e21 33a218db85ee43ac93244866464487d4 - - default default] DELETE failed (client error): The resource could not be found. [pid: 8|app: 0|req: 794/1628] 10.0.0.62 () {32 vars in 721 bytes} [Tue Apr 21 16:01:30 2026] DELETE /v2.0/subnets/b571f320-6442-40be-a10b-27af8d1f666e => generated 136 bytes in 32 msecs (HTTP/1.1 404) 4 headers in 164 bytes (1 switches on core 0) [pid: 7|app: 0|req: 835/1629] 199.204.45.89 () {36 vars in 994 bytes} [Tue Apr 21 16:01:30 2026] DELETE /v2.0/ports/d5d96ef4-e289-45e2-af84-748201701cfb => generated 0 bytes in 318 msecs (HTTP/1.1 204) 3 headers in 131 bytes (1 switches on core 0) [pid: 8|app: 0|req: 795/1630] 10.0.0.166 () {34 vars in 988 bytes} [Tue Apr 21 16:01:30 2026] GET /v2.0/ports?device_id=732d5dc9-d4e4-4921-abc4-5ba2c8125d64 => generated 12 bytes in 27 msecs (HTTP/1.1 200) 4 headers in 156 bytes (1 switches on core 0)
2026-04-21 16:01:30.487 8 INFO neutron.pecan_wsgi.hooks.translation [None req-040090de-239b-4870-b04f-a2501e8bfe3d fcdb3bc252f64e9fba456025ef0a1e21 33a218db85ee43ac93244866464487d4 - - default default] DELETE failed (client error): The resource could not be found. [pid: 8|app: 0|req: 796/1631] 10.0.0.62 () {32 vars in 723 bytes} [Tue Apr 21 16:01:30 2026] DELETE /v2.0/networks/21e8ccff-7897-420e-b349-cec94e2b4351 => generated 138 bytes in 18 msecs (HTTP/1.1 404) 4 headers in 164 bytes (1 switches on core 0)
2026-04-21 16:01:30.549 8 WARNING neutron.plugins.ml2.drivers.ovn.mech_driver.ovsdb.ovn_client [None req-f1bbb2f7-542c-4b32-8dda-07e4fb9fde9b - - - - - -] No port found with ID 33173ca0-d25e-4cb0-8fac-7b674d3d58d8: RuntimeError: No port found with ID 33173ca0-d25e-4cb0-8fac-7b674d3d58d8
2026-04-21 16:01:30.549 8 INFO neutron.plugins.ml2.drivers.ovn.mech_driver.mech_driver [None req-f1bbb2f7-542c-4b32-8dda-07e4fb9fde9b - - - - - -] OVN reports status down for port: 204ca0a3-b086-43de-b222-88a15be4d0a3 [pid: 7|app: 0|req: 836/1632] 10.0.0.62 () {32 vars in 714 bytes} [Tue Apr 21 16:01:30 2026] GET /v2.0/ports/f753eb14-a042-4d6f-b3f4-6405571b0bdf => generated 945 bytes in 111 msecs (HTTP/1.1 200) 4 headers in 157 bytes (1 switches on core 0)
2026-04-21 16:01:30.588 8 INFO neutron.plugins.ml2.drivers.ovn.mech_driver.mech_driver [None req-f1bbb2f7-542c-4b32-8dda-07e4fb9fde9b - - - - - -] OVN reports status down for port: f753eb14-a042-4d6f-b3f4-6405571b0bdf [pid: 7|app: 0|req: 837/1633] 10.0.0.62 () {32 vars in 714 bytes} [Tue Apr 21 16:01:30 2026] GET /v2.0/ports/f753eb14-a042-4d6f-b3f4-6405571b0bdf => generated 945 bytes in 49 msecs (HTTP/1.1 200) 4 headers in 157 bytes (1 switches on core 0)
2026-04-21 16:01:30.693 8 WARNING neutron.plugins.ml2.drivers.ovn.mech_driver.ovsdb.ovn_client [None req-f1bbb2f7-542c-4b32-8dda-07e4fb9fde9b - - - - - -] Logical_Switch_Port %s host information not removed, the port state is up
2026-04-21 16:01:30.694 8 INFO neutron.plugins.ml2.drivers.ovn.mech_driver.mech_driver [None req-f1bbb2f7-542c-4b32-8dda-07e4fb9fde9b - - - - - -] OVN reports status up for port: f753eb14-a042-4d6f-b3f4-6405571b0bdf
2026-04-21 16:01:30.715 8 INFO neutron.plugins.ml2.plugin [None req-f1bbb2f7-542c-4b32-8dda-07e4fb9fde9b - - - - - -] Attempt 1 to provision port f753eb14-a042-4d6f-b3f4-6405571b0bdf [pid: 8|app: 0|req: 797/1634] 10.0.0.62 () {32 vars in 721 bytes} [Tue Apr 21 16:01:30 2026] DELETE /v2.0/subnets/2ce34287-519a-49d6-90b6-1bfd8265cdac => generated 0 bytes in 270 msecs (HTTP/1.1 204) 3 headers in 131 bytes (1 switches on core 0)
2026-04-21 16:01:30.840 7 INFO neutron.notifiers.nova [-] Nova event matching ['req-cd25c652-f77c-44da-8db3-b9f420a7925e'] response: {'server_uuid': '732d5dc9-d4e4-4921-abc4-5ba2c8125d64', 'name': 'network-vif-unplugged', 'status': 'completed', 'tag': 'd5d96ef4-e289-45e2-af84-748201701cfb', 'code': 200}
2026-04-21 16:01:30.841 7 INFO neutron.notifiers.nova [-] Nova event matching ['req-cd25c652-f77c-44da-8db3-b9f420a7925e'] response: {'server_uuid': '732d5dc9-d4e4-4921-abc4-5ba2c8125d64', 'name': 'network-vif-deleted', 'tag': 'd5d96ef4-e289-45e2-af84-748201701cfb', 'status': 'completed', 'code': 200} [pid: 7|app: 0|req: 838/1635] 10.0.0.62 () {32 vars in 771 bytes} [Tue Apr 21 16:01:30 2026] GET /v2.0/security-groups?tenant_id=045dc6e14bb74385b18a56c68212eb1d&name=default => generated 2925 bytes in 194 msecs (HTTP/1.1 200) 4 headers in 158 bytes (1 switches on core 0)
2026-04-21 16:01:31.018 8 INFO neutron_taas.services.taas.taas_plugin [None req-99953aad-434e-4bf8-a484-a1c6df07ef58 fcdb3bc252f64e9fba456025ef0a1e21 33a218db85ee43ac93244866464487d4 - - default default] TaaS: Handle Delete Port: a5c70a08-bbfc-4d4e-a1ec-ae0c9ba3f50d
2026-04-21 16:01:31.023 8 INFO neutron_taas.services.taas.tap_mirror_plugin [None req-99953aad-434e-4bf8-a484-a1c6df07ef58 fcdb3bc252f64e9fba456025ef0a1e21 33a218db85ee43ac93244866464487d4 - - default default] Tap Mirror: Handle Delete Port: a5c70a08-bbfc-4d4e-a1ec-ae0c9ba3f50d [pid: 7|app: 0|req: 839/1636] 10.0.0.62 () {32 vars in 737 bytes} [Tue Apr 21 16:01:30 2026] DELETE /v2.0/security-groups/f9262296-6799-48da-838f-22acaea9d2b4 => generated 0 bytes in 304 msecs (HTTP/1.1 204) 2 headers in 112 bytes (1 switches on core 0)
2026-04-21 16:01:31.391 7 INFO neutron.services.segments.plugin [-] Segment 8aa7027c-a380-4379-9b04-fa431af4e6b1 resource provider aggregate not found
2026-04-21 16:01:31.407 7 INFO neutron.services.segments.plugin [-] Segment 8aa7027c-a380-4379-9b04-fa431af4e6b1 resource provider not found; error: Placement Client Error (4xx): {"errors": [{"status": 404, "title": "Not Found", "detail": "The resource could not be found.\n\n No resource provider with uuid 8aa7027c-a380-4379-9b04-fa431af4e6b1 found for delete ", "request_id": "req-64a13284-4c78-41ab-aa8e-0ab9589beec5"}]}
2026-04-21 16:01:31.409 7 INFO neutron.services.segments.plugin [-] Segment 8aa7027c-a380-4379-9b04-fa431af4e6b1 resource provider aggregate not found
2026-04-21 16:01:31.422 7 INFO neutron.services.segments.plugin [-] Segment 805820df-6564-4dc5-89e8-bfa7d1e9d097 resource provider aggregate not found
2026-04-21 16:01:31.427 7 INFO neutron.services.segments.plugin [-] Segment 8aa7027c-a380-4379-9b04-fa431af4e6b1 resource provider not found; error: Placement Client Error (4xx): {"errors": [{"status": 404, "title": "Not Found", "detail": "The resource could not be found.\n\n No resource provider with uuid 8aa7027c-a380-4379-9b04-fa431af4e6b1 found for delete ", "request_id": "req-eb37dece-f531-4c44-8a3d-eec0d2c2e596"}]}
2026-04-21 16:01:31.435 7 INFO neutron.services.segments.plugin [-] Segment 805820df-6564-4dc5-89e8-bfa7d1e9d097 resource provider not found; error: Placement Client Error (4xx): {"errors": [{"status": 404, "title": "Not Found", "detail": "The resource could not be found.\n\n No resource provider with uuid 805820df-6564-4dc5-89e8-bfa7d1e9d097 found for delete ", "request_id": "req-7b07d1fb-c1ff-4097-bfb6-d68e8d760363"}]}
2026-04-21 16:01:31.443 8 INFO neutron.db.ovn_revision_numbers_db [None req-f1bbb2f7-542c-4b32-8dda-07e4fb9fde9b - - - - - -] Successfully bumped revision number for resource f753eb14-a042-4d6f-b3f4-6405571b0bdf (type: ports) to 2
2026-04-21 16:01:31.447 7 INFO neutron.services.segments.plugin [-] Segment 805820df-6564-4dc5-89e8-bfa7d1e9d097 resource provider aggregate not found
2026-04-21 16:01:31.464 7 INFO neutron.services.segments.plugin [-] Segment 805820df-6564-4dc5-89e8-bfa7d1e9d097 resource provider not found; error: Placement Client Error (4xx): {"errors": [{"status": 404, "title": "Not Found", "detail": "The resource could not be found.\n\n No resource provider with uuid 805820df-6564-4dc5-89e8-bfa7d1e9d097 found for delete ", "request_id": "req-96d50e59-e874-4c0a-81af-20fc20f1ce46"}]}
2026-04-21 16:01:31.476 8 INFO neutron.services.segments.plugin [-] Segment 545ddb94-b074-4326-914e-b965bd76ee3d resource provider aggregate not found
2026-04-21 16:01:31.486 8 INFO neutron.services.segments.plugin [-] Segment 545ddb94-b074-4326-914e-b965bd76ee3d resource provider aggregate not found
2026-04-21 16:01:31.500 8 INFO neutron.services.segments.plugin [-] Segment 545ddb94-b074-4326-914e-b965bd76ee3d resource provider not found; error: Placement Client Error (4xx): {"errors": [{"status": 404, "title": "Not Found", "detail": "The resource could not be found.\n\n No resource provider with uuid 545ddb94-b074-4326-914e-b965bd76ee3d found for delete ", "request_id": "req-2782b7b8-266a-406e-9296-91583b547e4e"}]}
2026-04-21 16:01:31.519 8 INFO neutron.services.segments.plugin [-] Segment 545ddb94-b074-4326-914e-b965bd76ee3d resource provider not found; error: Placement Client Error (4xx): {"errors": [{"status": 404, "title": "Not Found", "detail": "The resource could not be found.\n\n No resource provider with uuid 545ddb94-b074-4326-914e-b965bd76ee3d found for delete ", "request_id": "req-e3232cf9-e878-4885-acad-85cb35c729ab"}]} [pid: 8|app: 0|req: 798/1637] 10.0.0.62 () {32 vars in 723 bytes} [Tue Apr 21 16:01:30 2026] DELETE /v2.0/networks/42c2b54a-61f0-4853-9bea-c6657b616085 => generated 0 bytes in 821 msecs (HTTP/1.1 204) 3 headers in 131 bytes (1 switches on core 0) [pid: 7|app: 0|req: 840/1638] 10.0.0.166 () {34 vars in 988 bytes} [Tue Apr 21 16:01:31 2026] GET /v2.0/ports?device_id=732d5dc9-d4e4-4921-abc4-5ba2c8125d64 => generated 12 bytes in 19 msecs (HTTP/1.1 200) 4 headers in 156 bytes (1 switches on core 0) [pid: 8|app: 0|req: 799/1639] 10.0.0.62 () {32 vars in 714 bytes} [Tue Apr 21 16:01:31 2026] GET /v2.0/ports/f753eb14-a042-4d6f-b3f4-6405571b0bdf => generated 947 bytes in 42 msecs (HTTP/1.1 200) 4 headers in 157 bytes (1 switches on core 0)
2026-04-21 16:01:32.001 7 INFO neutron_taas.services.taas.taas_plugin [None req-876026e2-667f-46aa-90d0-ee39e6750328 84c5585d0b874227847266bac93e275b 5b516950014842aa84b645b805ab9fa8 - - default default] TaaS: Handle Delete Port: f753eb14-a042-4d6f-b3f4-6405571b0bdf
2026-04-21 16:01:32.007 7 INFO neutron_taas.services.taas.tap_mirror_plugin [None req-876026e2-667f-46aa-90d0-ee39e6750328 84c5585d0b874227847266bac93e275b 5b516950014842aa84b645b805ab9fa8 - - default default] Tap Mirror: Handle Delete Port: f753eb14-a042-4d6f-b3f4-6405571b0bdf [pid: 7|app: 0|req: 841/1640] 10.0.0.62 () {34 vars in 786 bytes} [Tue Apr 21 16:01:31 2026] PUT /v2.0/routers/7884c348-cbda-4ca1-8a46-a5a15041ecd7/remove_router_interface => generated 309 bytes in 649 msecs (HTTP/1.1 200) 4 headers in 157 bytes (1 switches on core 0) /var/lib/openstack/lib/python3.12/site-packages/pycadf/identifier.py:70: UserWarning: Invalid uuid: neutron. To ensure interoperability, identifiers should be a valid uuid. warnings.warn(('Invalid uuid: %s. To ensure interoperability, ' [pid: 8|app: 0|req: 800/1641] 10.0.0.62 () {32 vars in 771 bytes} [Tue Apr 21 16:01:32 2026] GET /v2.0/security-groups?tenant_id=33a218db85ee43ac93244866464487d4&name=default => generated 2925 bytes in 218 msecs (HTTP/1.1 200) 4 headers in 158 bytes (1 switches on core 0) [pid: 7|app: 0|req: 842/1642] 10.0.0.62 () {32 vars in 733 bytes} [Tue Apr 21 16:01:32 2026] GET /v2.0/ports?device_id=7884c348-cbda-4ca1-8a46-a5a15041ecd7 => generated 12 bytes in 23 msecs (HTTP/1.1 200) 4 headers in 156 bytes (1 switches on core 0) [pid: 7|app: 0|req: 843/1643] 10.0.0.62 () {32 vars in 721 bytes} [Tue Apr 21 16:01:32 2026] DELETE /v2.0/routers/7884c348-cbda-4ca1-8a46-a5a15041ecd7 => generated 0 bytes in 213 msecs (HTTP/1.1 204) 2 headers in 112 bytes (1 switches on core 0) [pid: 8|app: 0|req: 801/1644] 10.0.0.62 () {32 vars in 737 bytes} [Tue Apr 21 16:01:32 2026] DELETE /v2.0/security-groups/94b09d66-dbb9-4385-8274-9fbca3c190b8 => generated 0 bytes in 270 msecs (HTTP/1.1 204) 2 headers in 112 bytes (1 switches on core 0) [pid: 8|app: 0|req: 802/1645] 10.0.0.166 () {34 vars in 988 bytes} [Tue Apr 21 16:01:32 2026] GET /v2.0/ports?device_id=732d5dc9-d4e4-4921-abc4-5ba2c8125d64 => generated 12 bytes in 22 msecs (HTTP/1.1 200) 4 headers in 156 bytes (1 switches on core 0) [pid: 7|app: 0|req: 844/1646] 10.0.0.62 () {32 vars in 721 bytes} [Tue Apr 21 16:01:32 2026] DELETE /v2.0/subnets/e345bf99-e746-4414-a250-51e7d2a130ec => generated 0 bytes in 151 msecs (HTTP/1.1 204) 3 headers in 131 bytes (1 switches on core 0)
2026-04-21 16:01:32.866 8 INFO neutron_taas.services.taas.taas_plugin [None req-63b8ba11-e437-4a6e-86a9-77f056edc7df 84c5585d0b874227847266bac93e275b 5b516950014842aa84b645b805ab9fa8 - - default default] TaaS: Handle Delete Port: bf099b3a-8cdb-4642-be60-b9f143cfce86
2026-04-21 16:01:32.868 8 INFO neutron_taas.services.taas.tap_mirror_plugin [None req-63b8ba11-e437-4a6e-86a9-77f056edc7df 84c5585d0b874227847266bac93e275b 5b516950014842aa84b645b805ab9fa8 - - default default] Tap Mirror: Handle Delete Port: bf099b3a-8cdb-4642-be60-b9f143cfce86 [pid: 8|app: 0|req: 803/1647] 10.0.0.62 () {32 vars in 723 bytes} [Tue Apr 21 16:01:32 2026] DELETE /v2.0/networks/fd3d532b-8697-4c66-9cdd-1809e842b2ad => generated 0 bytes in 347 msecs (HTTP/1.1 204) 3 headers in 131 bytes (1 switches on core 0)
2026-04-21 16:01:33.367 7 INFO neutron.db.ovn_revision_numbers_db [None req-cdcf097a-2d16-4f08-bc25-3142bbad1c37 791050f882ac43faa8bf9695b2d8858c 9857542f1777460fa54f7e5131324249 - - default default] Successfully bumped revision number for resource 3b198c65-f07d-44b7-8acf-77e17d646486 (type: security_groups) to 1
2026-04-21 16:01:33.380 7 INFO neutron.db.ovn_revision_numbers_db [None req-cdcf097a-2d16-4f08-bc25-3142bbad1c37 791050f882ac43faa8bf9695b2d8858c 9857542f1777460fa54f7e5131324249 - - default default] Successfully bumped revision number for resource 071a515c-7a01-45c4-8574-852d49b27278 (type: security_group_rules) to 0
2026-04-21 16:01:33.394 7 INFO neutron.db.ovn_revision_numbers_db [None req-cdcf097a-2d16-4f08-bc25-3142bbad1c37 791050f882ac43faa8bf9695b2d8858c 9857542f1777460fa54f7e5131324249 - - default default] Successfully bumped revision number for resource 8d83638e-159c-4b5e-93c0-fb3727819604 (type: security_group_rules) to 0
2026-04-21 16:01:33.405 7 INFO neutron.db.ovn_revision_numbers_db [None req-cdcf097a-2d16-4f08-bc25-3142bbad1c37 791050f882ac43faa8bf9695b2d8858c 9857542f1777460fa54f7e5131324249 - - default default] Successfully bumped revision number for resource e87b6636-df99-4047-bc68-7dc09fd141fa (type: security_group_rules) to 0
2026-04-21 16:01:33.418 7 INFO neutron.db.ovn_revision_numbers_db [None req-cdcf097a-2d16-4f08-bc25-3142bbad1c37 791050f882ac43faa8bf9695b2d8858c 9857542f1777460fa54f7e5131324249 - - default default] Successfully bumped revision number for resource fd7de7dd-deb5-4d5d-a60d-ce00b85c90a2 (type: security_group_rules) to 0
2026-04-21 16:01:33.498 7 INFO neutron.db.segments_db [None req-cdcf097a-2d16-4f08-bc25-3142bbad1c37 791050f882ac43faa8bf9695b2d8858c 9857542f1777460fa54f7e5131324249 - - default default] Added segment 090d7223-22fb-42db-9d8f-ebba5b563754 of type geneve for network 2b2948fd-8757-4c67-8ca5-d0db5a4b38d5
2026-04-21 16:01:33.522 8 INFO neutron.services.segments.plugin [-] Segment ea4b8169-b0e5-48e3-ac8d-c58af30ffffb resource provider aggregate not found
2026-04-21 16:01:33.548 8 INFO neutron.services.segments.plugin [-] Segment ea4b8169-b0e5-48e3-ac8d-c58af30ffffb resource provider not found; error: Placement Client Error (4xx): {"errors": [{"status": 404, "title": "Not Found", "detail": "The resource could not be found.\n\n No resource provider with uuid ea4b8169-b0e5-48e3-ac8d-c58af30ffffb found for delete ", "request_id": "req-214409d2-41bb-4086-8172-0df5fbe6d12c"}]}
2026-04-21 16:01:33.550 8 WARNING neutron.scheduler.dhcp_agent_scheduler [None req-d6cefa9a-eec7-44b9-b482-bbb87bee5279 84c5585d0b874227847266bac93e275b 5b516950014842aa84b645b805ab9fa8 - - default default] No more DHCP agents
2026-04-21 16:01:33.555 8 WARNING neutron.api.rpc.agentnotifiers.dhcp_rpc_agent_api [None req-d6cefa9a-eec7-44b9-b482-bbb87bee5279 84c5585d0b874227847266bac93e275b 5b516950014842aa84b645b805ab9fa8 - - default default] Unable to schedule network 774980fa-4bf0-4af5-a289-a2b813011e3b: no agents available; will retry on subsequent port and subnet creation events.
2026-04-21 16:01:33.557 8 INFO neutron.services.segments.plugin [-] Segment ea4b8169-b0e5-48e3-ac8d-c58af30ffffb resource provider aggregate not found
2026-04-21 16:01:33.580 8 INFO neutron.services.segments.plugin [-] Segment ea4b8169-b0e5-48e3-ac8d-c58af30ffffb resource provider not found; error: Placement Client Error (4xx): {"errors": [{"status": 404, "title": "Not Found", "detail": "The resource could not be found.\n\n No resource provider with uuid ea4b8169-b0e5-48e3-ac8d-c58af30ffffb found for delete ", "request_id": "req-b0af19f6-59f0-436a-baf9-8d261c79d06b"}]}
2026-04-21 16:01:33.625 7 INFO neutron.db.ovn_revision_numbers_db [None req-cdcf097a-2d16-4f08-bc25-3142bbad1c37 791050f882ac43faa8bf9695b2d8858c 9857542f1777460fa54f7e5131324249 - - default default] Successfully bumped revision number for resource 2b2948fd-8757-4c67-8ca5-d0db5a4b38d5 (type: networks) to 1
2026-04-21 16:01:33.742 8 INFO neutron.db.ovn_revision_numbers_db [None req-d6cefa9a-eec7-44b9-b482-bbb87bee5279 84c5585d0b874227847266bac93e275b 5b516950014842aa84b645b805ab9fa8 - - default default] Successfully bumped revision number for resource 90aea77e-7d0a-44b7-8c97-4fe9cfacb25f (type: ports) to 1
2026-04-21 16:01:33.847 7 WARNING neutron.scheduler.dhcp_agent_scheduler [None req-cdcf097a-2d16-4f08-bc25-3142bbad1c37 791050f882ac43faa8bf9695b2d8858c 9857542f1777460fa54f7e5131324249 - - default default] No more DHCP agents
2026-04-21 16:01:33.849 7 WARNING neutron.api.rpc.agentnotifiers.dhcp_rpc_agent_api [None req-cdcf097a-2d16-4f08-bc25-3142bbad1c37 791050f882ac43faa8bf9695b2d8858c 9857542f1777460fa54f7e5131324249 - - default default] Unable to schedule network 2b2948fd-8757-4c67-8ca5-d0db5a4b38d5: no agents available; will retry on subsequent port and subnet creation events.
2026-04-21 16:01:33.921 7 INFO neutron.plugins.ml2.drivers.ovn.mech_driver.mech_driver [None req-0bf9b796-9f4f-4c30-b2d8-fca23f5e359c - - - - - -] OVN reports status down for port: c39e7219-4635-4de7-9a57-a944c03c62e6
2026-04-21 16:01:34.015 7 INFO neutron.db.ovn_revision_numbers_db [None req-cdcf097a-2d16-4f08-bc25-3142bbad1c37 791050f882ac43faa8bf9695b2d8858c 9857542f1777460fa54f7e5131324249 - - default default] Successfully bumped revision number for resource c39e7219-4635-4de7-9a57-a944c03c62e6 (type: ports) to 1 [pid: 7|app: 0|req: 845/1648] 10.0.0.62 () {34 vars in 667 bytes} [Tue Apr 21 16:01:33 2026] POST /v2.0/networks => generated 663 bytes in 1015 msecs (HTTP/1.1 201) 4 headers in 162 bytes (1 switches on core 0)
2026-04-21 16:01:34.331 7 WARNING neutron.scheduler.dhcp_agent_scheduler [None req-ac8de05b-432c-4ead-ac72-c6016840bdb2 791050f882ac43faa8bf9695b2d8858c 9857542f1777460fa54f7e5131324249 - - default default] No more DHCP agents
2026-04-21 16:01:34.332 7 WARNING neutron.api.rpc.agentnotifiers.dhcp_rpc_agent_api [None req-ac8de05b-432c-4ead-ac72-c6016840bdb2 791050f882ac43faa8bf9695b2d8858c 9857542f1777460fa54f7e5131324249 - - default default] Unable to schedule network 2b2948fd-8757-4c67-8ca5-d0db5a4b38d5: no agents available; will retry on subsequent port and subnet creation events.
2026-04-21 16:01:34.491 8 INFO neutron.plugins.ml2.drivers.ovn.mech_driver.ovsdb.commands [None req-47c6e082-1507-407e-8758-1f8d04305315 - - - - - -] Schedule LRP lrp-90aea77e-7d0a-44b7-8c97-4fe9cfacb25f on gateway a6ff9244-9332-45e6-b8d1-630c7c5cfee4 with priority 1
2026-04-21 16:01:34.604 8 INFO neutron.db.ovn_revision_numbers_db [None req-d6cefa9a-eec7-44b9-b482-bbb87bee5279 84c5585d0b874227847266bac93e275b 5b516950014842aa84b645b805ab9fa8 - - default default] Successfully bumped revision number for resource 90aea77e-7d0a-44b7-8c97-4fe9cfacb25f (type: router_ports) to 1
2026-04-21 16:01:34.672 8 INFO neutron.db.ovn_revision_numbers_db [None req-d6cefa9a-eec7-44b9-b482-bbb87bee5279 84c5585d0b874227847266bac93e275b 5b516950014842aa84b645b805ab9fa8 - - default default] Successfully bumped revision number for resource af81c9d1-8124-41cb-b449-dc5c0978e91c (type: routers) to 2 [pid: 8|app: 0|req: 804/1649] 10.0.0.62 () {34 vars in 666 bytes} [Tue Apr 21 16:01:33 2026] POST /v2.0/routers => generated 952 bytes in 1594 msecs (HTTP/1.1 201) 4 headers in 162 bytes (1 switches on core 0)
2026-04-21 16:01:34.871 7 INFO neutron.db.ovn_revision_numbers_db [None req-abf8a52e-1967-47f2-a1a9-d2bcb714c13a - - - - - -] Successfully bumped revision number for resource c39e7219-4635-4de7-9a57-a944c03c62e6 (type: ports) to 2
2026-04-21 16:01:34.909 7 INFO neutron.db.ovn_revision_numbers_db [None req-abf8a52e-1967-47f2-a1a9-d2bcb714c13a - - - - - -] Successfully bumped revision number for resource 3f7f6ddd-de50-4569-be17-16b27442ed1b (type: subnets) to 0 [pid: 7|app: 0|req: 846/1650] 10.0.0.62 () {34 vars in 666 bytes} [Tue Apr 21 16:01:34 2026] POST /v2.0/subnets => generated 641 bytes in 817 msecs (HTTP/1.1 201) 4 headers in 162 bytes (1 switches on core 0)
2026-04-21 16:01:35.004 8 INFO neutron.db.ovn_revision_numbers_db [None req-a1018dd0-f2fb-4fbf-86cb-ca8179db2e2c d6498c44dd0e42468957488f237bf0f1 e4dca145bd2c4586bd5de3f70c15c0ef - - default default] Successfully bumped revision number for resource 0b3de111-a792-466b-b194-f03289ae089a (type: security_groups) to 1 [pid: 7|app: 0|req: 849/1653] 10.0.0.62 () {32 vars in 718 bytes} [Tue Apr 21 16:01:34 2026] GET /v2.0/routers/af81c9d1-8124-41cb-b449-dc5c0978e91c => generated 958 bytes in 69 msecs (HTTP/1.1 200) 4 headers in 157 bytes (1 switches on core 0)
2026-04-21 16:01:35.016 8 INFO neutron.db.ovn_revision_numbers_db [None req-a1018dd0-f2fb-4fbf-86cb-ca8179db2e2c d6498c44dd0e42468957488f237bf0f1 e4dca145bd2c4586bd5de3f70c15c0ef - - default default] Successfully bumped revision number for resource 37d509b8-f078-49b4-9587-5d0d6fdac16c (type: security_group_rules) to 0
2026-04-21 16:01:35.029 8 INFO neutron.db.ovn_revision_numbers_db [None req-a1018dd0-f2fb-4fbf-86cb-ca8179db2e2c d6498c44dd0e42468957488f237bf0f1 e4dca145bd2c4586bd5de3f70c15c0ef - - default default] Successfully bumped revision number for resource 486b65a9-b7e6-4d91-b5d6-d1fa6edf146a (type: security_group_rules) to 0
2026-04-21 16:01:35.041 8 INFO neutron.db.ovn_revision_numbers_db [None req-a1018dd0-f2fb-4fbf-86cb-ca8179db2e2c d6498c44dd0e42468957488f237bf0f1 e4dca145bd2c4586bd5de3f70c15c0ef - - default default] Successfully bumped revision number for resource 5e715a83-685d-474b-a8b5-9a4e47b8c4f5 (type: security_group_rules) to 0
2026-04-21 16:01:35.053 8 INFO neutron.db.ovn_revision_numbers_db [None req-a1018dd0-f2fb-4fbf-86cb-ca8179db2e2c d6498c44dd0e42468957488f237bf0f1 e4dca145bd2c4586bd5de3f70c15c0ef - - default default] Successfully bumped revision number for resource 6ab0970f-3411-4c3c-b073-e763de65f618 (type: security_group_rules) to 0
2026-04-21 16:01:35.127 8 INFO neutron.db.segments_db [None req-a1018dd0-f2fb-4fbf-86cb-ca8179db2e2c d6498c44dd0e42468957488f237bf0f1 e4dca145bd2c4586bd5de3f70c15c0ef - - default default] Added segment 8751ae9b-756a-401b-80e7-7541ce2e1743 of type geneve for network 205c6688-6ce9-4adc-9652-80e3d75851ad
2026-04-21 16:01:35.255 8 INFO neutron.db.ovn_revision_numbers_db [None req-a1018dd0-f2fb-4fbf-86cb-ca8179db2e2c d6498c44dd0e42468957488f237bf0f1 e4dca145bd2c4586bd5de3f70c15c0ef - - default default] Successfully bumped revision number for resource 205c6688-6ce9-4adc-9652-80e3d75851ad (type: networks) to 1
2026-04-21 16:01:35.309 7 INFO neutron_taas.services.taas.taas_plugin [None req-17a6bfc7-06d1-4f62-b310-f0a74ccc0ae8 55f378c2a30443cfb90e28e2be3a1956 fa9ca92d558f431bba1321717473ac5b - - default default] TaaS: Handle Delete Port: c8c6ea5e-c7ab-4a90-950e-5a059a41ccee
2026-04-21 16:01:35.312 7 INFO neutron_taas.services.taas.tap_mirror_plugin [None req-17a6bfc7-06d1-4f62-b310-f0a74ccc0ae8 55f378c2a30443cfb90e28e2be3a1956 fa9ca92d558f431bba1321717473ac5b - - default default] Tap Mirror: Handle Delete Port: c8c6ea5e-c7ab-4a90-950e-5a059a41ccee
2026-04-21 16:01:35.435 8 WARNING neutron.scheduler.dhcp_agent_scheduler [None req-a1018dd0-f2fb-4fbf-86cb-ca8179db2e2c d6498c44dd0e42468957488f237bf0f1 e4dca145bd2c4586bd5de3f70c15c0ef - - default default] No more DHCP agents
2026-04-21 16:01:35.437 8 WARNING neutron.api.rpc.agentnotifiers.dhcp_rpc_agent_api [None req-a1018dd0-f2fb-4fbf-86cb-ca8179db2e2c d6498c44dd0e42468957488f237bf0f1 e4dca145bd2c4586bd5de3f70c15c0ef - - default default] Unable to schedule network 205c6688-6ce9-4adc-9652-80e3d75851ad: no agents available; will retry on subsequent port and subnet creation events.
2026-04-21 16:01:35.492 7 INFO neutron.plugins.ml2.drivers.ovn.mech_driver.mech_driver [None req-0bf9b796-9f4f-4c30-b2d8-fca23f5e359c - - - - - -] OVN reports status down for port: d748e1d7-7fca-48ba-8676-677ea0374520
2026-04-21 16:01:35.544 8 INFO neutron.db.ovn_revision_numbers_db [None req-a1018dd0-f2fb-4fbf-86cb-ca8179db2e2c d6498c44dd0e42468957488f237bf0f1 e4dca145bd2c4586bd5de3f70c15c0ef - - default default] Successfully bumped revision number for resource d748e1d7-7fca-48ba-8676-677ea0374520 (type: ports) to 1 [pid: 8|app: 0|req: 805/1654] 10.0.0.62 () {34 vars in 667 bytes} [Tue Apr 21 16:01:34 2026] POST /v2.0/networks => generated 649 bytes in 886 msecs (HTTP/1.1 201) 4 headers in 162 bytes (1 switches on core 0)
2026-04-21 16:01:35.692 8 INFO neutron.db.segments_db [None req-678ef1a5-be11-435b-8447-9100f94326e8 791050f882ac43faa8bf9695b2d8858c 9857542f1777460fa54f7e5131324249 - - default default] Added segment 571fbe02-0358-497f-a437-4f037c943053 of type geneve for network d022289b-847e-487a-a68a-4c4d73e9e92f
2026-04-21 16:01:35.790 8 INFO neutron.db.ovn_revision_numbers_db [None req-678ef1a5-be11-435b-8447-9100f94326e8 791050f882ac43faa8bf9695b2d8858c 9857542f1777460fa54f7e5131324249 - - default default] Successfully bumped revision number for resource d022289b-847e-487a-a68a-4c4d73e9e92f (type: networks) to 1
2026-04-21 16:01:35.969 8 WARNING neutron.scheduler.dhcp_agent_scheduler [None req-678ef1a5-be11-435b-8447-9100f94326e8 791050f882ac43faa8bf9695b2d8858c 9857542f1777460fa54f7e5131324249 - - default default] No more DHCP agents
2026-04-21 16:01:35.970 8 WARNING neutron.api.rpc.agentnotifiers.dhcp_rpc_agent_api [None req-678ef1a5-be11-435b-8447-9100f94326e8 791050f882ac43faa8bf9695b2d8858c 9857542f1777460fa54f7e5131324249 - - default default] Unable to schedule network d022289b-847e-487a-a68a-4c4d73e9e92f: no agents available; will retry on subsequent port and subnet creation events. [pid: 7|app: 0|req: 850/1655] 10.0.0.62 () {34 vars in 786 bytes} [Tue Apr 21 16:01:35 2026] PUT /v2.0/routers/bfdf6a52-ef9c-4df4-be9f-0daf3692c89c/remove_router_interface => generated 309 bytes in 1062 msecs (HTTP/1.1 200) 4 headers in 157 bytes (1 switches on core 0) /var/lib/openstack/lib/python3.12/site-packages/pycadf/identifier.py:70: UserWarning: Invalid uuid: neutron. To ensure interoperability, identifiers should be a valid uuid. warnings.warn(('Invalid uuid: %s. To ensure interoperability, '
2026-04-21 16:01:36.085 8 INFO neutron.db.ovn_revision_numbers_db [None req-678ef1a5-be11-435b-8447-9100f94326e8 791050f882ac43faa8bf9695b2d8858c 9857542f1777460fa54f7e5131324249 - - default default] Successfully bumped revision number for resource 558eb1f2-e316-425d-b383-a20b3f619664 (type: ports) to 1 [pid: 8|app: 0|req: 806/1656] 10.0.0.62 () {34 vars in 667 bytes} [Tue Apr 21 16:01:35 2026] POST /v2.0/networks => generated 662 bytes in 535 msecs (HTTP/1.1 201) 4 headers in 162 bytes (1 switches on core 0) [pid: 7|app: 0|req: 851/1657] 10.0.0.62 () {32 vars in 644 bytes} [Tue Apr 21 16:01:36 2026] GET /v2.0/routers => generated 961 bytes in 111 msecs (HTTP/1.1 200) 4 headers in 157 bytes (1 switches on core 0)
2026-04-21 16:01:36.225 8 INFO neutron.db.segments_db [None req-24a78c0d-28fe-465d-845b-92cfb0ff0806 d6498c44dd0e42468957488f237bf0f1 e4dca145bd2c4586bd5de3f70c15c0ef - - default default] Added segment e43b754f-6e1d-4790-9dff-f9ff6c7b4a7e of type geneve for network 2c3704b3-18eb-4f43-bed7-27d81d05b3a5
2026-04-21 16:01:36.357 8 INFO neutron.db.ovn_revision_numbers_db [None req-24a78c0d-28fe-465d-845b-92cfb0ff0806 d6498c44dd0e42468957488f237bf0f1 e4dca145bd2c4586bd5de3f70c15c0ef - - default default] Successfully bumped revision number for resource 2c3704b3-18eb-4f43-bed7-27d81d05b3a5 (type: networks) to 1
2026-04-21 16:01:36.470 8 WARNING neutron.plugins.ml2.drivers.ovn.mech_driver.ovsdb.ovn_client [None req-c6172c26-b10a-4172-87dc-32a11504b20d - - - - - -] No port found with ID f753eb14-a042-4d6f-b3f4-6405571b0bdf: RuntimeError: No port found with ID f753eb14-a042-4d6f-b3f4-6405571b0bdf
2026-04-21 16:01:36.505 7 INFO neutron_taas.services.taas.taas_plugin [None req-61aee3a9-f8e2-4c84-b5d3-b6295b4f2ec7 55f378c2a30443cfb90e28e2be3a1956 fa9ca92d558f431bba1321717473ac5b - - default default] TaaS: Handle Delete Port: d0759041-8026-48f1-9087-fa5f2955f2bb
2026-04-21 16:01:36.510 7 INFO neutron_taas.services.taas.tap_mirror_plugin [None req-61aee3a9-f8e2-4c84-b5d3-b6295b4f2ec7 55f378c2a30443cfb90e28e2be3a1956 fa9ca92d558f431bba1321717473ac5b - - default default] Tap Mirror: Handle Delete Port: d0759041-8026-48f1-9087-fa5f2955f2bb
2026-04-21 16:01:36.516 8 INFO neutron.plugins.ml2.drivers.ovn.mech_driver.mech_driver [None req-c6172c26-b10a-4172-87dc-32a11504b20d - - - - - -] OVN reports status down for port: 90aea77e-7d0a-44b7-8c97-4fe9cfacb25f
2026-04-21 16:01:36.628 8 WARNING neutron.plugins.ml2.drivers.ovn.mech_driver.ovsdb.ovn_client [None req-c6172c26-b10a-4172-87dc-32a11504b20d - - - - - -] Logical_Switch_Port %s host information not removed, the port state is up
2026-04-21 16:01:36.630 8 INFO neutron.plugins.ml2.drivers.ovn.mech_driver.mech_driver [None req-c6172c26-b10a-4172-87dc-32a11504b20d - - - - - -] OVN reports status up for port: 90aea77e-7d0a-44b7-8c97-4fe9cfacb25f
2026-04-21 16:01:36.639 8 WARNING neutron.scheduler.dhcp_agent_scheduler [None req-24a78c0d-28fe-465d-845b-92cfb0ff0806 d6498c44dd0e42468957488f237bf0f1 e4dca145bd2c4586bd5de3f70c15c0ef - - default default] No more DHCP agents
2026-04-21 16:01:36.643 8 WARNING neutron.api.rpc.agentnotifiers.dhcp_rpc_agent_api [None req-24a78c0d-28fe-465d-845b-92cfb0ff0806 d6498c44dd0e42468957488f237bf0f1 e4dca145bd2c4586bd5de3f70c15c0ef - - default default] Unable to schedule network 2c3704b3-18eb-4f43-bed7-27d81d05b3a5: no agents available; will retry on subsequent port and subnet creation events.
2026-04-21 16:01:36.673 8 INFO neutron.plugins.ml2.plugin [None req-c6172c26-b10a-4172-87dc-32a11504b20d - - - - - -] Attempt 1 to provision port 90aea77e-7d0a-44b7-8c97-4fe9cfacb25f
2026-04-21 16:01:36.896 8 INFO neutron.db.ovn_revision_numbers_db [None req-24a78c0d-28fe-465d-845b-92cfb0ff0806 d6498c44dd0e42468957488f237bf0f1 e4dca145bd2c4586bd5de3f70c15c0ef - - default default] Successfully bumped revision number for resource 1601cf1e-eeeb-4c22-b696-1c266de8f8c4 (type: ports) to 1 [pid: 8|app: 0|req: 807/1658] 10.0.0.62 () {34 vars in 667 bytes} [Tue Apr 21 16:01:36 2026] POST /v2.0/networks => generated 648 bytes in 823 msecs (HTTP/1.1 201) 4 headers in 162 bytes (1 switches on core 0) [pid: 7|app: 0|req: 852/1659] 10.0.0.62 () {32 vars in 721 bytes} [Tue Apr 21 16:01:36 2026] DELETE /v2.0/routers/bfdf6a52-ef9c-4df4-be9f-0daf3692c89c => generated 0 bytes in 888 msecs (HTTP/1.1 204) 2 headers in 112 bytes (1 switches on core 0)
2026-04-21 16:01:37.161 8 INFO neutron.db.ovn_revision_numbers_db [None req-f400e946-3fab-4d80-8f8e-60a783103a64 791050f882ac43faa8bf9695b2d8858c 9857542f1777460fa54f7e5131324249 - - default default] Successfully bumped revision number for resource d022289b-847e-487a-a68a-4c4d73e9e92f (type: networks) to 2 [pid: 8|app: 0|req: 808/1660] 10.0.0.62 () {34 vars in 740 bytes} [Tue Apr 21 16:01:36 2026] PUT /v2.0/networks/d022289b-847e-487a-a68a-4c4d73e9e92f => generated 636 bytes in 231 msecs (HTTP/1.1 200) 4 headers in 157 bytes (1 switches on core 0)
2026-04-21 16:01:37.414 8 WARNING neutron.scheduler.dhcp_agent_scheduler [None req-4deba86f-d7b9-416b-8dcf-ffce28e76f79 d6498c44dd0e42468957488f237bf0f1 e4dca145bd2c4586bd5de3f70c15c0ef - - default default] No more DHCP agents
2026-04-21 16:01:37.416 8 WARNING neutron.api.rpc.agentnotifiers.dhcp_rpc_agent_api [None req-4deba86f-d7b9-416b-8dcf-ffce28e76f79 d6498c44dd0e42468957488f237bf0f1 e4dca145bd2c4586bd5de3f70c15c0ef - - default default] Unable to schedule network 205c6688-6ce9-4adc-9652-80e3d75851ad: no agents available; will retry on subsequent port and subnet creation events.
2026-04-21 16:01:37.568 7 INFO neutron.db.ovn_revision_numbers_db [None req-a603051e-6130-4126-b65b-d1170be9a9ad 84c5585d0b874227847266bac93e275b 5b516950014842aa84b645b805ab9fa8 - - default default] Successfully bumped revision number for resource af81c9d1-8124-41cb-b449-dc5c0978e91c (type: routers) to 3 [pid: 7|app: 0|req: 853/1661] 10.0.0.62 () {34 vars in 738 bytes} [Tue Apr 21 16:01:37 2026] PUT /v2.0/routers/af81c9d1-8124-41cb-b449-dc5c0978e91c => generated 965 bytes in 508 msecs (HTTP/1.1 200) 4 headers in 157 bytes (1 switches on core 0) [pid: 7|app: 0|req: 854/1662] 10.0.0.62 () {32 vars in 721 bytes} [Tue Apr 21 16:01:37 2026] DELETE /v2.0/subnets/7c9c878a-38b0-4b5a-8667-9ad7fc963d5c => generated 0 bytes in 215 msecs (HTTP/1.1 204) 3 headers in 131 bytes (1 switches on core 0)
2026-04-21 16:01:37.905 8 INFO neutron.db.ovn_revision_numbers_db [None req-06372bb4-45dc-4354-a5c7-28feb85f5a5a - - - - - -] Successfully bumped revision number for resource d748e1d7-7fca-48ba-8676-677ea0374520 (type: ports) to 2
2026-04-21 16:01:37.938 8 INFO neutron.db.ovn_revision_numbers_db [None req-06372bb4-45dc-4354-a5c7-28feb85f5a5a - - - - - -] Successfully bumped revision number for resource 88a8bf86-d802-45e2-85c2-7818377c4fa3 (type: subnets) to 0 [pid: 8|app: 0|req: 809/1663] 10.0.0.62 () {34 vars in 666 bytes} [Tue Apr 21 16:01:37 2026] POST /v2.0/subnets => generated 626 bytes in 842 msecs (HTTP/1.1 201) 4 headers in 162 bytes (1 switches on core 0) [pid: 8|app: 0|req: 810/1664] 10.0.0.62 () {32 vars in 718 bytes} [Tue Apr 21 16:01:38 2026] GET /v2.0/routers/af81c9d1-8124-41cb-b449-dc5c0978e91c => generated 965 bytes in 61 msecs (HTTP/1.1 200) 4 headers in 157 bytes (1 switches on core 0)
2026-04-21 16:01:38.079 7 WARNING neutron.scheduler.dhcp_agent_scheduler [None req-97a256b6-56a8-408f-a548-69b5ada5a949 791050f882ac43faa8bf9695b2d8858c 9857542f1777460fa54f7e5131324249 - - default default] No more DHCP agents
2026-04-21 16:01:38.080 7 WARNING neutron.api.rpc.agentnotifiers.dhcp_rpc_agent_api [None req-97a256b6-56a8-408f-a548-69b5ada5a949 791050f882ac43faa8bf9695b2d8858c 9857542f1777460fa54f7e5131324249 - - default default] Unable to schedule network d022289b-847e-487a-a68a-4c4d73e9e92f: no agents available; will retry on subsequent port and subnet creation events.
2026-04-21 16:01:38.190 8 INFO neutron_taas.services.taas.taas_plugin [None req-d04b4980-4449-41bf-b73e-f6ea40549d43 55f378c2a30443cfb90e28e2be3a1956 fa9ca92d558f431bba1321717473ac5b - - default default] TaaS: Handle Delete Port: 93e8dfde-c4c3-43ff-bc41-259a4956df63
2026-04-21 16:01:38.193 8 INFO neutron_taas.services.taas.tap_mirror_plugin [None req-d04b4980-4449-41bf-b73e-f6ea40549d43 55f378c2a30443cfb90e28e2be3a1956 fa9ca92d558f431bba1321717473ac5b - - default default] Tap Mirror: Handle Delete Port: 93e8dfde-c4c3-43ff-bc41-259a4956df63
2026-04-21 16:01:38.416 8 INFO neutron.services.segments.plugin [-] Segment 8ba80b21-1e93-4654-9702-fa9c4c0ba53b resource provider aggregate not found
2026-04-21 16:01:38.424 8 INFO neutron.services.segments.plugin [-] Segment 8ba80b21-1e93-4654-9702-fa9c4c0ba53b resource provider aggregate not found
2026-04-21 16:01:38.441 8 INFO neutron.services.segments.plugin [-] Segment 8ba80b21-1e93-4654-9702-fa9c4c0ba53b resource provider not found; error: Placement Client Error (4xx): {"errors": [{"status": 404, "title": "Not Found", "detail": "The resource could not be found.\n\n No resource provider with uuid 8ba80b21-1e93-4654-9702-fa9c4c0ba53b found for delete ", "request_id": "req-7a2b1bfb-6a2c-4645-b78e-a0262c0f31cd"}]}
2026-04-21 16:01:38.443 8 INFO neutron.services.segments.plugin [-] Segment 8ba80b21-1e93-4654-9702-fa9c4c0ba53b resource provider not found; error: Placement Client Error (4xx): {"errors": [{"status": 404, "title": "Not Found", "detail": "The resource could not be found.\n\n No resource provider with uuid 8ba80b21-1e93-4654-9702-fa9c4c0ba53b found for delete ", "request_id": "req-0b667fe6-4713-4ae3-9312-6e562e41a5a7"}]} [pid: 8|app: 0|req: 811/1665] 10.0.0.62 () {32 vars in 723 bytes} [Tue Apr 21 16:01:38 2026] DELETE /v2.0/networks/da46762f-dc3e-4df8-bf4b-ccc1d40d2d8c => generated 0 bytes in 382 msecs (HTTP/1.1 204) 3 headers in 131 bytes (1 switches on core 0)
2026-04-21 16:01:38.599 7 INFO neutron.db.ovn_revision_numbers_db [None req-cce397ce-6cae-4a66-81f7-72dd53e9dd75 - - - - - -] Successfully bumped revision number for resource 558eb1f2-e316-425d-b383-a20b3f619664 (type: ports) to 2
2026-04-21 16:01:38.629 7 INFO neutron.db.ovn_revision_numbers_db [None req-cce397ce-6cae-4a66-81f7-72dd53e9dd75 - - - - - -] Successfully bumped revision number for resource 319e4318-92c6-4302-a862-d926083ebbef (type: subnets) to 0
2026-04-21 16:01:38.646 8 WARNING neutron.scheduler.dhcp_agent_scheduler [None req-2314a363-612f-43fb-8711-36a3c042ed95 d6498c44dd0e42468957488f237bf0f1 e4dca145bd2c4586bd5de3f70c15c0ef - - default default] No more DHCP agents
2026-04-21 16:01:38.647 8 WARNING neutron.api.rpc.agentnotifiers.dhcp_rpc_agent_api [None req-2314a363-612f-43fb-8711-36a3c042ed95 d6498c44dd0e42468957488f237bf0f1 e4dca145bd2c4586bd5de3f70c15c0ef - - default default] Unable to schedule network 2c3704b3-18eb-4f43-bed7-27d81d05b3a5: no agents available; will retry on subsequent port and subnet creation events. [pid: 7|app: 0|req: 855/1666] 10.0.0.62 () {34 vars in 666 bytes} [Tue Apr 21 16:01:37 2026] POST /v2.0/subnets => generated 626 bytes in 859 msecs (HTTP/1.1 201) 4 headers in 162 bytes (1 switches on core 0) [pid: 7|app: 0|req: 856/1667] 10.0.0.62 () {32 vars in 733 bytes} [Tue Apr 21 16:01:38 2026] GET /v2.0/ports?device_id=af81c9d1-8124-41cb-b449-dc5c0978e91c => generated 12 bytes in 24 msecs (HTTP/1.1 200) 4 headers in 156 bytes (1 switches on core 0) [pid: 7|app: 0|req: 857/1668] 10.0.0.62 () {32 vars in 771 bytes} [Tue Apr 21 16:01:38 2026] GET /v2.0/security-groups?tenant_id=c0e9d16a9891414c9f6ff286f3d36cc1&name=default => generated 2925 bytes in 33 msecs (HTTP/1.1 200) 4 headers in 158 bytes (1 switches on core 0)
2026-04-21 16:01:38.988 7 INFO neutron.db.ovn_revision_numbers_db [None req-260a07d0-e807-4955-ab14-7a145bded5a1 791050f882ac43faa8bf9695b2d8858c 9857542f1777460fa54f7e5131324249 - - default default] Successfully bumped revision number for resource 319e4318-92c6-4302-a862-d926083ebbef (type: subnets) to 1 [pid: 7|app: 0|req: 858/1669] 10.0.0.62 () {34 vars in 738 bytes} [Tue Apr 21 16:01:38 2026] PUT /v2.0/subnets/319e4318-92c6-4302-a862-d926083ebbef => generated 636 bytes in 282 msecs (HTTP/1.1 200) 4 headers in 157 bytes (1 switches on core 0)
2026-04-21 16:01:39.112 8 INFO neutron.db.ovn_revision_numbers_db [None req-629c77a2-3f9f-40a6-94cf-149931ac4f07 - - - - - -] Successfully bumped revision number for resource 1601cf1e-eeeb-4c22-b696-1c266de8f8c4 (type: ports) to 2
2026-04-21 16:01:39.155 8 INFO neutron.db.ovn_revision_numbers_db [None req-629c77a2-3f9f-40a6-94cf-149931ac4f07 - - - - - -] Successfully bumped revision number for resource 6fc13007-b82e-4670-8746-776e43e33f6a (type: subnets) to 0 [pid: 8|app: 0|req: 812/1670] 10.0.0.62 () {34 vars in 666 bytes} [Tue Apr 21 16:01:38 2026] POST /v2.0/subnets => generated 626 bytes in 723 msecs (HTTP/1.1 201) 4 headers in 162 bytes (1 switches on core 0)
2026-04-21 16:01:39.358 7 INFO neutron_taas.services.taas.taas_plugin [None req-d6eb598d-719e-4436-83e8-6119b0209efa 84c5585d0b874227847266bac93e275b 5b516950014842aa84b645b805ab9fa8 - - default default] TaaS: Handle Delete Port: 90aea77e-7d0a-44b7-8c97-4fe9cfacb25f
2026-04-21 16:01:39.361 7 INFO neutron_taas.services.taas.tap_mirror_plugin [None req-d6eb598d-719e-4436-83e8-6119b0209efa 84c5585d0b874227847266bac93e275b 5b516950014842aa84b645b805ab9fa8 - - default default] Tap Mirror: Handle Delete Port: 90aea77e-7d0a-44b7-8c97-4fe9cfacb25f [pid: 8|app: 0|req: 813/1671] 10.0.0.62 () {32 vars in 737 bytes} [Tue Apr 21 16:01:39 2026] DELETE /v2.0/security-groups/d777e626-5bb4-4c2d-ac87-2a21b0af41fb => generated 0 bytes in 254 msecs (HTTP/1.1 204) 2 headers in 112 bytes (1 switches on core 0)
