2026-04-21 16:00:56.526 7 INFO neutron.db.ovn_revision_numbers_db [None req-f2626c33-62da-4faf-8d96-b392ab48024a 55f378c2a30443cfb90e28e2be3a1956 fa9ca92d558f431bba1321717473ac5b - - default default] Successfully bumped revision number for resource d392dfa4-c88d-4076-abd8-f9146405d998 (type: security_group_rules) to 0 [pid: 7|app: 0|req: 744/1451] 10.0.0.62 () {32 vars in 771 bytes} [Tue Apr 21 16:00:56 2026] GET /v2.0/security-groups?tenant_id=d1bf9321e3414018b5264e063d6cfb88&name=default => generated 2925 bytes in 291 msecs (HTTP/1.1 200) 4 headers in 158 bytes (1 switches on core 0) [pid: 7|app: 0|req: 745/1452] 10.0.0.62 () {32 vars in 737 bytes} [Tue Apr 21 16:00:56 2026] DELETE /v2.0/security-groups/537506b2-1335-40d8-9f27-62e4014cad5e => generated 0 bytes in 314 msecs (HTTP/1.1 204) 2 headers in 112 bytes (1 switches on core 0)
2026-04-21 16:00:56.970 8 WARNING neutron.scheduler.dhcp_agent_scheduler [None req-f82e3450-ac0e-49d3-a61e-99a89baa2b2a 55f378c2a30443cfb90e28e2be3a1956 fa9ca92d558f431bba1321717473ac5b - - default default] No more DHCP agents
2026-04-21 16:00:56.972 8 WARNING neutron.api.rpc.agentnotifiers.dhcp_rpc_agent_api [None req-f82e3450-ac0e-49d3-a61e-99a89baa2b2a 55f378c2a30443cfb90e28e2be3a1956 fa9ca92d558f431bba1321717473ac5b - - default default] Unable to schedule network 774980fa-4bf0-4af5-a289-a2b813011e3b: no agents available; will retry on subsequent port and subnet creation events.
2026-04-21 16:00:57.098 8 INFO neutron.plugins.ml2.drivers.ovn.mech_driver.mech_driver [None req-002555cc-4744-47df-aa3d-17f9e4bebf31 - - - - - -] OVN reports status down for port: d0759041-8026-48f1-9087-fa5f2955f2bb
2026-04-21 16:00:57.165 8 INFO neutron.db.ovn_revision_numbers_db [None req-f82e3450-ac0e-49d3-a61e-99a89baa2b2a 55f378c2a30443cfb90e28e2be3a1956 fa9ca92d558f431bba1321717473ac5b - - default default] Successfully bumped revision number for resource d0759041-8026-48f1-9087-fa5f2955f2bb (type: ports) to 1
2026-04-21 16:00:57.363 7 INFO neutron.db.ovn_revision_numbers_db [None req-bd8f4081-0549-4402-b44e-479c79bcf4f9 55f378c2a30443cfb90e28e2be3a1956 fa9ca92d558f431bba1321717473ac5b - - default default] Successfully bumped revision number for resource 7176d204-23e8-49cb-bd18-43b6a9a77686 (type: security_groups) to 1
2026-04-21 16:00:57.380 7 INFO neutron.db.ovn_revision_numbers_db [None req-bd8f4081-0549-4402-b44e-479c79bcf4f9 55f378c2a30443cfb90e28e2be3a1956 fa9ca92d558f431bba1321717473ac5b - - default default] Successfully bumped revision number for resource 2a2cdc24-13d9-4053-af1d-f2e62b9ea3e2 (type: security_group_rules) to 0
2026-04-21 16:00:57.395 7 INFO neutron.db.ovn_revision_numbers_db [None req-bd8f4081-0549-4402-b44e-479c79bcf4f9 55f378c2a30443cfb90e28e2be3a1956 fa9ca92d558f431bba1321717473ac5b - - default default] Successfully bumped revision number for resource b3bfffae-ce96-405d-95d0-7bb87475b568 (type: security_group_rules) to 0
2026-04-21 16:00:57.408 7 INFO neutron.db.ovn_revision_numbers_db [None req-bd8f4081-0549-4402-b44e-479c79bcf4f9 55f378c2a30443cfb90e28e2be3a1956 fa9ca92d558f431bba1321717473ac5b - - default default] Successfully bumped revision number for resource cc4ad1b9-df44-4e94-b8eb-68f22b755492 (type: security_group_rules) to 0
2026-04-21 16:00:57.424 7 INFO neutron.db.ovn_revision_numbers_db [None req-bd8f4081-0549-4402-b44e-479c79bcf4f9 55f378c2a30443cfb90e28e2be3a1956 fa9ca92d558f431bba1321717473ac5b - - default default] Successfully bumped revision number for resource ee13282c-9d23-469e-a3be-fc0009fea57b (type: security_group_rules) to 0 [pid: 7|app: 0|req: 746/1453] 10.0.0.62 () {32 vars in 771 bytes} [Tue Apr 21 16:00:56 2026] GET /v2.0/security-groups?tenant_id=7109552cd64a40ffb7eb2ae84c27aafb&name=default => generated 2925 bytes in 570 msecs (HTTP/1.1 200) 4 headers in 158 bytes (1 switches on core 0)
2026-04-21 16:00:57.641 7 INFO neutron.db.ovn_revision_numbers_db [None req-e388c6d6-5333-4939-acba-fa18dc1b296d 55f378c2a30443cfb90e28e2be3a1956 fa9ca92d558f431bba1321717473ac5b - - default default] Successfully bumped revision number for resource 20ae4698-9956-4433-9e38-0b7e7173d6d5 (type: security_groups) to 1
2026-04-21 16:00:57.658 7 INFO neutron.db.ovn_revision_numbers_db [None req-e388c6d6-5333-4939-acba-fa18dc1b296d 55f378c2a30443cfb90e28e2be3a1956 fa9ca92d558f431bba1321717473ac5b - - default default] Successfully bumped revision number for resource 1d64a873-f52c-448d-8d55-0075f1cedac4 (type: security_group_rules) to 0
2026-04-21 16:00:57.671 7 INFO neutron.db.ovn_revision_numbers_db [None req-e388c6d6-5333-4939-acba-fa18dc1b296d 55f378c2a30443cfb90e28e2be3a1956 fa9ca92d558f431bba1321717473ac5b - - default default] Successfully bumped revision number for resource 2d656b7b-c589-49d4-9b51-0db8db334b13 (type: security_group_rules) to 0
2026-04-21 16:00:57.683 7 INFO neutron.db.ovn_revision_numbers_db [None req-e388c6d6-5333-4939-acba-fa18dc1b296d 55f378c2a30443cfb90e28e2be3a1956 fa9ca92d558f431bba1321717473ac5b - - default default] Successfully bumped revision number for resource 7eab7d82-fe2e-4f8f-8959-b303588fd1dd (type: security_group_rules) to 0
2026-04-21 16:00:57.696 7 INFO neutron.db.ovn_revision_numbers_db [None req-e388c6d6-5333-4939-acba-fa18dc1b296d 55f378c2a30443cfb90e28e2be3a1956 fa9ca92d558f431bba1321717473ac5b - - default default] Successfully bumped revision number for resource 8246127e-1a06-4c06-a854-c9192ad51e25 (type: security_group_rules) to 0 [pid: 7|app: 0|req: 747/1454] 10.0.0.62 () {32 vars in 771 bytes} [Tue Apr 21 16:00:57 2026] GET /v2.0/security-groups?tenant_id=b67dc74c65db4fc3b0153d6dfeb1b62a&name=default => generated 2925 bytes in 273 msecs (HTTP/1.1 200) 4 headers in 158 bytes (1 switches on core 0)
2026-04-21 16:00:57.898 8 INFO neutron.plugins.ml2.drivers.ovn.mech_driver.ovsdb.commands [None req-47c6e082-1507-407e-8758-1f8d04305315 - - - - - -] Schedule LRP lrp-d0759041-8026-48f1-9087-fa5f2955f2bb on gateway a6ff9244-9332-45e6-b8d1-630c7c5cfee4 with priority 1
2026-04-21 16:00:57.962 8 INFO neutron.plugins.ml2.drivers.ovn.mech_driver.mech_driver [None req-002555cc-4744-47df-aa3d-17f9e4bebf31 - - - - - -] OVN reports status up for port: d0759041-8026-48f1-9087-fa5f2955f2bb
2026-04-21 16:00:57.999 8 INFO neutron.plugins.ml2.plugin [None req-002555cc-4744-47df-aa3d-17f9e4bebf31 - - - - - -] Attempt 1 to provision port d0759041-8026-48f1-9087-fa5f2955f2bb
2026-04-21 16:00:58.022 8 INFO neutron.plugins.ml2.drivers.ovn.mech_driver.ovsdb.ovsdb_monitor [None req-4ecadd72-3339-4291-bf1c-a79456f3a0c2 - - - - - -] Router bfdf6a52-ef9c-4df4-be9f-0daf3692c89c is bound to host instance
2026-04-21 16:00:58.091 8 INFO neutron.db.ovn_revision_numbers_db [None req-f82e3450-ac0e-49d3-a61e-99a89baa2b2a 55f378c2a30443cfb90e28e2be3a1956 fa9ca92d558f431bba1321717473ac5b - - default default] Successfully bumped revision number for resource d0759041-8026-48f1-9087-fa5f2955f2bb (type: router_ports) to 1 [pid: 7|app: 0|req: 748/1455] 10.0.0.62 () {32 vars in 737 bytes} [Tue Apr 21 16:00:57 2026] DELETE /v2.0/security-groups/7176d204-23e8-49cb-bd18-43b6a9a77686 => generated 0 bytes in 375 msecs (HTTP/1.1 204) 2 headers in 112 bytes (1 switches on core 0)
2026-04-21 16:00:58.282 8 INFO neutron.db.ovn_revision_numbers_db [None req-f82e3450-ac0e-49d3-a61e-99a89baa2b2a 55f378c2a30443cfb90e28e2be3a1956 fa9ca92d558f431bba1321717473ac5b - - default default] Successfully bumped revision number for resource bfdf6a52-ef9c-4df4-be9f-0daf3692c89c (type: routers) to 2 [pid: 7|app: 0|req: 749/1456] 10.0.0.62 () {32 vars in 737 bytes} [Tue Apr 21 16:00:58 2026] DELETE /v2.0/security-groups/20ae4698-9956-4433-9e38-0b7e7173d6d5 => generated 0 bytes in 266 msecs (HTTP/1.1 204) 2 headers in 112 bytes (1 switches on core 0)
2026-04-21 16:00:58.692 7 INFO neutron.db.ovn_revision_numbers_db [None req-5a4763ad-8e1d-4b5b-ab30-edd18481bc45 55f378c2a30443cfb90e28e2be3a1956 fa9ca92d558f431bba1321717473ac5b - - default default] Successfully bumped revision number for resource f2965337-07fb-4346-9240-91b6b75bd402 (type: security_groups) to 1
2026-04-21 16:00:58.704 7 INFO neutron.db.ovn_revision_numbers_db [None req-5a4763ad-8e1d-4b5b-ab30-edd18481bc45 55f378c2a30443cfb90e28e2be3a1956 fa9ca92d558f431bba1321717473ac5b - - default default] Successfully bumped revision number for resource 39fe7ea3-a24d-48a0-93d2-947bfffd2b70 (type: security_group_rules) to 0
2026-04-21 16:00:58.718 7 INFO neutron.db.ovn_revision_numbers_db [None req-5a4763ad-8e1d-4b5b-ab30-edd18481bc45 55f378c2a30443cfb90e28e2be3a1956 fa9ca92d558f431bba1321717473ac5b - - default default] Successfully bumped revision number for resource 6ea33e03-160a-4152-b5a3-7b3931ba303c (type: security_group_rules) to 0
2026-04-21 16:00:58.731 7 INFO neutron.db.ovn_revision_numbers_db [None req-5a4763ad-8e1d-4b5b-ab30-edd18481bc45 55f378c2a30443cfb90e28e2be3a1956 fa9ca92d558f431bba1321717473ac5b - - default default] Successfully bumped revision number for resource aefdc41f-9f7e-4838-b4ca-0c581927d3b9 (type: security_group_rules) to 0
2026-04-21 16:00:58.745 7 INFO neutron.db.ovn_revision_numbers_db [None req-5a4763ad-8e1d-4b5b-ab30-edd18481bc45 55f378c2a30443cfb90e28e2be3a1956 fa9ca92d558f431bba1321717473ac5b - - default default] Successfully bumped revision number for resource bdf232eb-c37e-497b-b3bc-15005eda844f (type: security_group_rules) to 0 [pid: 7|app: 0|req: 750/1457] 10.0.0.62 () {32 vars in 771 bytes} [Tue Apr 21 16:00:58 2026] GET /v2.0/security-groups?tenant_id=89fa8ed6f53445148f7e53972fe6b363&name=default => generated 2925 bytes in 285 msecs (HTTP/1.1 200) 4 headers in 158 bytes (1 switches on core 0) [pid: 7|app: 0|req: 751/1458] 10.0.0.62 () {32 vars in 737 bytes} [Tue Apr 21 16:00:58 2026] DELETE /v2.0/security-groups/f2965337-07fb-4346-9240-91b6b75bd402 => generated 0 bytes in 330 msecs (HTTP/1.1 204) 2 headers in 112 bytes (1 switches on core 0) [pid: 8|app: 0|req: 708/1459] 10.0.0.62 () {34 vars in 666 bytes} [Tue Apr 21 16:00:56 2026] POST /v2.0/routers => generated 966 bytes in 2779 msecs (HTTP/1.1 201) 4 headers in 162 bytes (1 switches on core 0)
2026-04-21 16:00:59.782 7 WARNING neutron.scheduler.dhcp_agent_scheduler [None req-9dd22608-b0be-4fc8-a147-2b65c0946236 55f378c2a30443cfb90e28e2be3a1956 fa9ca92d558f431bba1321717473ac5b - - default default] No more DHCP agents
2026-04-21 16:00:59.784 7 WARNING neutron.api.rpc.agentnotifiers.dhcp_rpc_agent_api [None req-9dd22608-b0be-4fc8-a147-2b65c0946236 55f378c2a30443cfb90e28e2be3a1956 fa9ca92d558f431bba1321717473ac5b - - default default] Unable to schedule network da46762f-dc3e-4df8-bf4b-ccc1d40d2d8c: no agents available; will retry on subsequent port and subnet creation events.
2026-04-21 16:00:59.953 7 INFO neutron.db.ovn_revision_numbers_db [None req-9dd22608-b0be-4fc8-a147-2b65c0946236 55f378c2a30443cfb90e28e2be3a1956 fa9ca92d558f431bba1321717473ac5b - - default default] Successfully bumped revision number for resource c8c6ea5e-c7ab-4a90-950e-5a059a41ccee (type: ports) to 1
2026-04-21 16:01:00.219 8 INFO neutron.db.ovn_revision_numbers_db [None req-bbda5e24-c1b2-4883-a8e7-b4f4f3a7544e - - - - - -] Successfully bumped revision number for resource d0759041-8026-48f1-9087-fa5f2955f2bb (type: ports) to 4
2026-04-21 16:01:00.678 7 WARNING neutron.scheduler.dhcp_agent_scheduler [None req-9dd22608-b0be-4fc8-a147-2b65c0946236 55f378c2a30443cfb90e28e2be3a1956 fa9ca92d558f431bba1321717473ac5b - - default default] No more DHCP agents
2026-04-21 16:01:00.680 7 WARNING neutron.api.rpc.agentnotifiers.dhcp_rpc_agent_api [None req-9dd22608-b0be-4fc8-a147-2b65c0946236 55f378c2a30443cfb90e28e2be3a1956 fa9ca92d558f431bba1321717473ac5b - - default default] Unable to schedule network da46762f-dc3e-4df8-bf4b-ccc1d40d2d8c: no agents available; will retry on subsequent port and subnet creation events.
2026-04-21 16:01:00.740 8 INFO neutron.db.ovn_revision_numbers_db [None req-b8d8b950-adf3-4817-a18d-376338c475ea 636dae5e2de64208bfb62d07f326906d e81067a72ce34b12af9b02ee718ee87b - - default default] Successfully bumped revision number for resource 06093b68-6da5-4b31-8dac-d7a250fe65cf (type: security_groups) to 1
2026-04-21 16:01:00.775 8 INFO neutron.db.ovn_revision_numbers_db [None req-b8d8b950-adf3-4817-a18d-376338c475ea 636dae5e2de64208bfb62d07f326906d e81067a72ce34b12af9b02ee718ee87b - - default default] Successfully bumped revision number for resource 0be83e35-2a53-4a6a-9033-624085801760 (type: security_group_rules) to 0
2026-04-21 16:01:00.790 8 INFO neutron.db.ovn_revision_numbers_db [None req-bbda5e24-c1b2-4883-a8e7-b4f4f3a7544e - - - - - -] Successfully bumped revision number for resource d0759041-8026-48f1-9087-fa5f2955f2bb (type: ports) to 5
2026-04-21 16:01:00.802 8 INFO neutron.db.ovn_revision_numbers_db [None req-b8d8b950-adf3-4817-a18d-376338c475ea 636dae5e2de64208bfb62d07f326906d e81067a72ce34b12af9b02ee718ee87b - - default default] Successfully bumped revision number for resource 272ba011-ebbe-4bd6-9f6d-e8fccf281bfc (type: security_group_rules) to 0
2026-04-21 16:01:00.839 8 INFO neutron.db.ovn_revision_numbers_db [None req-b8d8b950-adf3-4817-a18d-376338c475ea 636dae5e2de64208bfb62d07f326906d e81067a72ce34b12af9b02ee718ee87b - - default default] Successfully bumped revision number for resource 4bf03bee-c4ca-4e77-900d-d2561f5feb70 (type: security_group_rules) to 0
2026-04-21 16:01:00.868 8 INFO neutron.db.ovn_revision_numbers_db [None req-b8d8b950-adf3-4817-a18d-376338c475ea 636dae5e2de64208bfb62d07f326906d e81067a72ce34b12af9b02ee718ee87b - - default default] Successfully bumped revision number for resource 5e4576ec-efe6-41b2-8d66-bb2e3673aa62 (type: security_group_rules) to 0
2026-04-21 16:01:01.014 8 INFO neutron.db.segments_db [None req-b8d8b950-adf3-4817-a18d-376338c475ea 636dae5e2de64208bfb62d07f326906d e81067a72ce34b12af9b02ee718ee87b - - default default] Added segment c16f7b99-6676-4c77-80b5-adc1bac24a7c of type geneve for network fa45a3c1-13bb-4f37-b885-b16cc1bd556b
2026-04-21 16:01:01.171 8 INFO neutron.db.ovn_revision_numbers_db [None req-b8d8b950-adf3-4817-a18d-376338c475ea 636dae5e2de64208bfb62d07f326906d e81067a72ce34b12af9b02ee718ee87b - - default default] Successfully bumped revision number for resource fa45a3c1-13bb-4f37-b885-b16cc1bd556b (type: networks) to 1
2026-04-21 16:01:01.192 8 INFO neutron.plugins.ml2.drivers.ovn.mech_driver.mech_driver [None req-002555cc-4744-47df-aa3d-17f9e4bebf31 - - - - - -] OVN reports status down for port: c8c6ea5e-c7ab-4a90-950e-5a059a41ccee
2026-04-21 16:01:01.313 7 INFO neutron.db.ovn_revision_numbers_db [None req-9dd22608-b0be-4fc8-a147-2b65c0946236 55f378c2a30443cfb90e28e2be3a1956 fa9ca92d558f431bba1321717473ac5b - - default default] Successfully bumped revision number for resource c8c6ea5e-c7ab-4a90-950e-5a059a41ccee (type: router_ports) to 1 [pid: 7|app: 0|req: 752/1460] 10.0.0.62 () {34 vars in 780 bytes} [Tue Apr 21 16:00:59 2026] PUT /v2.0/routers/bfdf6a52-ef9c-4df4-be9f-0daf3692c89c/add_router_interface => generated 309 bytes in 2045 msecs (HTTP/1.1 200) 4 headers in 157 bytes (1 switches on core 0)
2026-04-21 16:01:01.469 8 WARNING neutron.plugins.ml2.drivers.ovn.mech_driver.ovsdb.ovn_client [None req-002555cc-4744-47df-aa3d-17f9e4bebf31 - - - - - -] Logical_Switch_Port %s host information not removed, the port state is up
2026-04-21 16:01:01.469 8 INFO neutron.plugins.ml2.drivers.ovn.mech_driver.mech_driver [None req-002555cc-4744-47df-aa3d-17f9e4bebf31 - - - - - -] OVN reports status up for port: c8c6ea5e-c7ab-4a90-950e-5a059a41ccee
2026-04-21 16:01:01.510 8 INFO neutron.plugins.ml2.plugin [None req-002555cc-4744-47df-aa3d-17f9e4bebf31 - - - - - -] Attempt 1 to provision port c8c6ea5e-c7ab-4a90-950e-5a059a41ccee
2026-04-21 16:01:01.670 8 WARNING neutron.scheduler.dhcp_agent_scheduler [None req-b8d8b950-adf3-4817-a18d-376338c475ea 636dae5e2de64208bfb62d07f326906d e81067a72ce34b12af9b02ee718ee87b - - default default] No more DHCP agents
2026-04-21 16:01:01.675 8 WARNING neutron.api.rpc.agentnotifiers.dhcp_rpc_agent_api [None req-b8d8b950-adf3-4817-a18d-376338c475ea 636dae5e2de64208bfb62d07f326906d e81067a72ce34b12af9b02ee718ee87b - - default default] Unable to schedule network fa45a3c1-13bb-4f37-b885-b16cc1bd556b: no agents available; will retry on subsequent port and subnet creation events.
2026-04-21 16:01:01.871 8 INFO neutron.db.ovn_revision_numbers_db [None req-b8d8b950-adf3-4817-a18d-376338c475ea 636dae5e2de64208bfb62d07f326906d e81067a72ce34b12af9b02ee718ee87b - - default default] Successfully bumped revision number for resource 2d71a4aa-ec0a-4a00-b232-a8d09b1b87e6 (type: ports) to 1 [pid: 8|app: 0|req: 709/1461] 10.0.0.62 () {34 vars in 667 bytes} [Tue Apr 21 16:01:00 2026] POST /v2.0/networks => generated 669 bytes in 1809 msecs (HTTP/1.1 201) 4 headers in 162 bytes (1 switches on core 0)
2026-04-21 16:01:02.128 7 WARNING neutron.scheduler.dhcp_agent_scheduler [None req-a264621d-d394-4847-92d9-7a5a79249f7f 636dae5e2de64208bfb62d07f326906d e81067a72ce34b12af9b02ee718ee87b - - default default] No more DHCP agents
2026-04-21 16:01:02.130 7 WARNING neutron.api.rpc.agentnotifiers.dhcp_rpc_agent_api [None req-a264621d-d394-4847-92d9-7a5a79249f7f 636dae5e2de64208bfb62d07f326906d e81067a72ce34b12af9b02ee718ee87b - - default default] Unable to schedule network fa45a3c1-13bb-4f37-b885-b16cc1bd556b: no agents available; will retry on subsequent port and subnet creation events.
2026-04-21 16:01:02.162 8 INFO neutron.db.ovn_revision_numbers_db [None req-002555cc-4744-47df-aa3d-17f9e4bebf31 - - - - - -] Successfully bumped revision number for resource c8c6ea5e-c7ab-4a90-950e-5a059a41ccee (type: ports) to 2
2026-04-21 16:01:02.164 7 INFO neutron.db.ovn_revision_numbers_db [None req-a264621d-d394-4847-92d9-7a5a79249f7f 636dae5e2de64208bfb62d07f326906d e81067a72ce34b12af9b02ee718ee87b - - default default] Successfully bumped revision number for resource 955ab410-22ae-4456-86cd-ef2223d2158e (type: subnets) to 0 [pid: 7|app: 0|req: 753/1462] 10.0.0.62 () {34 vars in 666 bytes} [Tue Apr 21 16:01:01 2026] POST /v2.0/subnets => generated 627 bytes in 261 msecs (HTTP/1.1 201) 4 headers in 162 bytes (1 switches on core 0)
2026-04-21 16:01:02.809 8 WARNING neutron.scheduler.dhcp_agent_scheduler [None req-4749e14f-b9e8-449c-86c8-c9bc4ef6ed0e 636dae5e2de64208bfb62d07f326906d e81067a72ce34b12af9b02ee718ee87b - - default default] No more DHCP agents
2026-04-21 16:01:02.811 8 WARNING neutron.api.rpc.agentnotifiers.dhcp_rpc_agent_api [None req-4749e14f-b9e8-449c-86c8-c9bc4ef6ed0e 636dae5e2de64208bfb62d07f326906d e81067a72ce34b12af9b02ee718ee87b - - default default] Unable to schedule network 774980fa-4bf0-4af5-a289-a2b813011e3b: no agents available; will retry on subsequent port and subnet creation events.
2026-04-21 16:01:02.960 8 INFO neutron.db.ovn_revision_numbers_db [None req-4749e14f-b9e8-449c-86c8-c9bc4ef6ed0e 636dae5e2de64208bfb62d07f326906d e81067a72ce34b12af9b02ee718ee87b - - default default] Successfully bumped revision number for resource ae9ca830-2172-442b-9046-eb5337cee2dc (type: ports) to 1
2026-04-21 16:01:02.962 7 INFO neutron.plugins.ml2.drivers.ovn.mech_driver.mech_driver [None req-aaf70593-e977-4ac1-bfbe-99498c157127 - - - - - -] OVN reports status down for port: ae9ca830-2172-442b-9046-eb5337cee2dc
2026-04-21 16:01:03.065 7 INFO neutron.db.ovn_revision_numbers_db [None req-c41468ce-779c-40a0-8f0e-1fe31ce722d3 55f378c2a30443cfb90e28e2be3a1956 fa9ca92d558f431bba1321717473ac5b - - default default] Successfully bumped revision number for resource 2a66c6f1-f030-42f3-a749-359560350475 (type: security_groups) to 1
2026-04-21 16:01:03.082 7 INFO neutron.db.ovn_revision_numbers_db [None req-c41468ce-779c-40a0-8f0e-1fe31ce722d3 55f378c2a30443cfb90e28e2be3a1956 fa9ca92d558f431bba1321717473ac5b - - default default] Successfully bumped revision number for resource 3e3ec7d6-d714-4948-b0a0-6ddb6df4eef5 (type: security_group_rules) to 0
2026-04-21 16:01:03.097 7 INFO neutron.db.ovn_revision_numbers_db [None req-c41468ce-779c-40a0-8f0e-1fe31ce722d3 55f378c2a30443cfb90e28e2be3a1956 fa9ca92d558f431bba1321717473ac5b - - default default] Successfully bumped revision number for resource 5f6f0b46-836f-47fe-ae22-eec11d175699 (type: security_group_rules) to 0
2026-04-21 16:01:03.111 7 INFO neutron.db.ovn_revision_numbers_db [None req-c41468ce-779c-40a0-8f0e-1fe31ce722d3 55f378c2a30443cfb90e28e2be3a1956 fa9ca92d558f431bba1321717473ac5b - - default default] Successfully bumped revision number for resource 63f89c74-bc08-43e1-a698-823982250ce9 (type: security_group_rules) to 0
2026-04-21 16:01:03.124 7 INFO neutron.db.ovn_revision_numbers_db [None req-c41468ce-779c-40a0-8f0e-1fe31ce722d3 55f378c2a30443cfb90e28e2be3a1956 fa9ca92d558f431bba1321717473ac5b - - default default] Successfully bumped revision number for resource b6c60027-ca90-4876-a396-acec45a9b887 (type: security_group_rules) to 0 [pid: 7|app: 0|req: 754/1463] 10.0.0.62 () {32 vars in 771 bytes} [Tue Apr 21 16:01:02 2026] GET /v2.0/security-groups?tenant_id=142fde608855483497105f3de67025f5&name=default => generated 2925 bytes in 468 msecs (HTTP/1.1 200) 4 headers in 158 bytes (1 switches on core 0) [pid: 7|app: 0|req: 755/1464] 10.0.0.62 () {32 vars in 737 bytes} [Tue Apr 21 16:01:03 2026] DELETE /v2.0/security-groups/2a66c6f1-f030-42f3-a749-359560350475 => generated 0 bytes in 233 msecs (HTTP/1.1 204) 2 headers in 112 bytes (1 switches on core 0)
2026-04-21 16:01:03.745 8 INFO neutron.plugins.ml2.drivers.ovn.mech_driver.ovsdb.commands [None req-47c6e082-1507-407e-8758-1f8d04305315 - - - - - -] Schedule LRP lrp-ae9ca830-2172-442b-9046-eb5337cee2dc on gateway a6ff9244-9332-45e6-b8d1-630c7c5cfee4 with priority 1
2026-04-21 16:01:03.808 7 INFO neutron.plugins.ml2.drivers.ovn.mech_driver.mech_driver [None req-aaf70593-e977-4ac1-bfbe-99498c157127 - - - - - -] OVN reports status up for port: ae9ca830-2172-442b-9046-eb5337cee2dc
2026-04-21 16:01:03.815 8 INFO neutron.db.ovn_revision_numbers_db [None req-4749e14f-b9e8-449c-86c8-c9bc4ef6ed0e 636dae5e2de64208bfb62d07f326906d e81067a72ce34b12af9b02ee718ee87b - - default default] Successfully bumped revision number for resource ae9ca830-2172-442b-9046-eb5337cee2dc (type: router_ports) to 1
2026-04-21 16:01:03.841 7 INFO neutron.plugins.ml2.plugin [None req-aaf70593-e977-4ac1-bfbe-99498c157127 - - - - - -] Attempt 1 to provision port ae9ca830-2172-442b-9046-eb5337cee2dc
2026-04-21 16:01:03.855 7 INFO neutron.db.ovn_revision_numbers_db [None req-21e592c1-3f09-4f11-afab-e1befb6f7a39 55f378c2a30443cfb90e28e2be3a1956 fa9ca92d558f431bba1321717473ac5b - - default default] Successfully bumped revision number for resource 1d06ea73-3be1-4163-912e-b0922af35cd1 (type: security_groups) to 1
2026-04-21 16:01:03.882 7 INFO neutron.db.ovn_revision_numbers_db [None req-21e592c1-3f09-4f11-afab-e1befb6f7a39 55f378c2a30443cfb90e28e2be3a1956 fa9ca92d558f431bba1321717473ac5b - - default default] Successfully bumped revision number for resource 48bd980e-e541-4487-9f64-c143a7c426b1 (type: security_group_rules) to 0
2026-04-21 16:01:03.890 8 INFO neutron.db.ovn_revision_numbers_db [None req-4749e14f-b9e8-449c-86c8-c9bc4ef6ed0e 636dae5e2de64208bfb62d07f326906d e81067a72ce34b12af9b02ee718ee87b - - default default] Successfully bumped revision number for resource 0a49fa72-8533-485d-a4e1-3ba4bee37a9b (type: routers) to 2
2026-04-21 16:01:03.912 7 INFO neutron.db.ovn_revision_numbers_db [None req-21e592c1-3f09-4f11-afab-e1befb6f7a39 55f378c2a30443cfb90e28e2be3a1956 fa9ca92d558f431bba1321717473ac5b - - default default] Successfully bumped revision number for resource 6764303c-48d1-4ed5-ac36-b44f564f96aa (type: security_group_rules) to 0 [pid: 8|app: 0|req: 710/1465] 10.0.0.62 () {34 vars in 666 bytes} [Tue Apr 21 16:01:02 2026] POST /v2.0/routers => generated 954 bytes in 1723 msecs (HTTP/1.1 201) 4 headers in 162 bytes (1 switches on core 0)
2026-04-21 16:01:03.943 7 INFO neutron.db.ovn_revision_numbers_db [None req-21e592c1-3f09-4f11-afab-e1befb6f7a39 55f378c2a30443cfb90e28e2be3a1956 fa9ca92d558f431bba1321717473ac5b - - default default] Successfully bumped revision number for resource b0d54c4b-904e-4699-a211-5c0533287c9b (type: security_group_rules) to 0
2026-04-21 16:01:03.962 7 INFO neutron.db.ovn_revision_numbers_db [None req-21e592c1-3f09-4f11-afab-e1befb6f7a39 55f378c2a30443cfb90e28e2be3a1956 fa9ca92d558f431bba1321717473ac5b - - default default] Successfully bumped revision number for resource f39bca96-59d7-408b-8b1a-205127e1997b (type: security_group_rules) to 0 [pid: 7|app: 0|req: 756/1466] 10.0.0.62 () {32 vars in 771 bytes} [Tue Apr 21 16:01:03 2026] GET /v2.0/security-groups?tenant_id=639e272cd5424b76a0ad947c4fbc316c&name=default => generated 2925 bytes in 393 msecs (HTTP/1.1 200) 4 headers in 158 bytes (1 switches on core 0) [pid: 7|app: 0|req: 757/1467] 10.0.0.166 () {34 vars in 980 bytes} [Tue Apr 21 16:01:04 2026] GET /v2.0/networks?id=da46762f-dc3e-4df8-bf4b-ccc1d40d2d8c => generated 711 bytes in 46 msecs (HTTP/1.1 200) 4 headers in 157 bytes (1 switches on core 0) [pid: 7|app: 0|req: 758/1468] 10.0.0.62 () {32 vars in 737 bytes} [Tue Apr 21 16:01:04 2026] DELETE /v2.0/security-groups/1d06ea73-3be1-4163-912e-b0922af35cd1 => generated 0 bytes in 278 msecs (HTTP/1.1 204) 2 headers in 112 bytes (1 switches on core 0) [pid: 7|app: 0|req: 759/1469] 10.0.0.166 () {34 vars in 963 bytes} [Tue Apr 21 16:01:04 2026] GET /v2.0/quotas/c0e9d16a9891414c9f6ff286f3d36cc1 => generated 292 bytes in 11 msecs (HTTP/1.1 200) 4 headers in 157 bytes (1 switches on core 0) [pid: 7|app: 0|req: 760/1470] 10.0.0.166 () {34 vars in 1000 bytes} [Tue Apr 21 16:01:04 2026] GET /v2.0/ports?tenant_id=c0e9d16a9891414c9f6ff286f3d36cc1&fields=id => generated 103 bytes in 87 msecs (HTTP/1.1 200) 4 headers in 157 bytes (1 switches on core 0) [pid: 7|app: 0|req: 763/1473] 10.0.0.166 () {34 vars in 1006 bytes} [Tue Apr 21 16:01:04 2026] GET /v2.0/networks/da46762f-dc3e-4df8-bf4b-ccc1d40d2d8c?fields=segments => generated 14 bytes in 40 msecs (HTTP/1.1 200) 4 headers in 156 bytes (1 switches on core 0) [pid: 7|app: 0|req: 764/1474] 10.0.0.166 () {34 vars in 1106 bytes} [Tue Apr 21 16:01:04 2026] GET /v2.0/networks/da46762f-dc3e-4df8-bf4b-ccc1d40d2d8c?fields=provider%3Aphysical_network&fields=provider%3Anetwork_type => generated 79 bytes in 44 msecs (HTTP/1.1 200) 4 headers in 156 bytes (1 switches on core 0)
2026-04-21 16:01:04.566 8 WARNING neutron.scheduler.dhcp_agent_scheduler [None req-cc3c121b-5020-48a8-ae15-65ac29b830c9 636dae5e2de64208bfb62d07f326906d e81067a72ce34b12af9b02ee718ee87b - - default default] No more DHCP agents
2026-04-21 16:01:04.567 8 WARNING neutron.api.rpc.agentnotifiers.dhcp_rpc_agent_api [None req-cc3c121b-5020-48a8-ae15-65ac29b830c9 636dae5e2de64208bfb62d07f326906d e81067a72ce34b12af9b02ee718ee87b - - default default] Unable to schedule network fa45a3c1-13bb-4f37-b885-b16cc1bd556b: no agents available; will retry on subsequent port and subnet creation events.
2026-04-21 16:01:04.716 8 INFO neutron.db.ovn_revision_numbers_db [None req-cc3c121b-5020-48a8-ae15-65ac29b830c9 636dae5e2de64208bfb62d07f326906d e81067a72ce34b12af9b02ee718ee87b - - default default] Successfully bumped revision number for resource 7fda1b13-66b5-494e-bf61-4ce760f2a8f8 (type: ports) to 1 [pid: 7|app: 0|req: 765/1475] 10.0.0.166 () {34 vars in 988 bytes} [Tue Apr 21 16:01:04 2026] GET /v2.0/ports?device_id=732d5dc9-d4e4-4921-abc4-5ba2c8125d64 => generated 12 bytes in 42 msecs (HTTP/1.1 200) 4 headers in 156 bytes (1 switches on core 0)
2026-04-21 16:01:05.619 8 WARNING neutron.scheduler.dhcp_agent_scheduler [None req-cc3c121b-5020-48a8-ae15-65ac29b830c9 636dae5e2de64208bfb62d07f326906d e81067a72ce34b12af9b02ee718ee87b - - default default] No more DHCP agents
2026-04-21 16:01:05.620 8 WARNING neutron.api.rpc.agentnotifiers.dhcp_rpc_agent_api [None req-cc3c121b-5020-48a8-ae15-65ac29b830c9 636dae5e2de64208bfb62d07f326906d e81067a72ce34b12af9b02ee718ee87b - - default default] Unable to schedule network fa45a3c1-13bb-4f37-b885-b16cc1bd556b: no agents available; will retry on subsequent port and subnet creation events. [pid: 7|app: 0|req: 766/1476] 10.0.0.166 () {34 vars in 988 bytes} [Tue Apr 21 16:01:05 2026] GET /v2.0/ports?device_id=732d5dc9-d4e4-4921-abc4-5ba2c8125d64 => generated 12 bytes in 26 msecs (HTTP/1.1 200) 4 headers in 156 bytes (1 switches on core 0)
2026-04-21 16:01:06.019 8 INFO neutron.db.ovn_revision_numbers_db [None req-cc3c121b-5020-48a8-ae15-65ac29b830c9 636dae5e2de64208bfb62d07f326906d e81067a72ce34b12af9b02ee718ee87b - - default default] Successfully bumped revision number for resource 7fda1b13-66b5-494e-bf61-4ce760f2a8f8 (type: router_ports) to 1 [pid: 8|app: 0|req: 711/1477] 10.0.0.62 () {34 vars in 780 bytes} [Tue Apr 21 16:01:03 2026] PUT /v2.0/routers/0a49fa72-8533-485d-a4e1-3ba4bee37a9b/add_router_interface => generated 309 bytes in 2110 msecs (HTTP/1.1 200) 4 headers in 157 bytes (1 switches on core 0)
2026-04-21 16:01:06.399 8 WARNING neutron.scheduler.dhcp_agent_scheduler [None req-3167a641-813a-4ed9-bc03-424ca8c2fc74 636dae5e2de64208bfb62d07f326906d e81067a72ce34b12af9b02ee718ee87b - - default default] No more DHCP agents
2026-04-21 16:01:06.401 8 WARNING neutron.api.rpc.agentnotifiers.dhcp_rpc_agent_api [None req-3167a641-813a-4ed9-bc03-424ca8c2fc74 636dae5e2de64208bfb62d07f326906d e81067a72ce34b12af9b02ee718ee87b - - default default] Unable to schedule network fa45a3c1-13bb-4f37-b885-b16cc1bd556b: no agents available; will retry on subsequent port and subnet creation events.
2026-04-21 16:01:06.464 7 INFO neutron.db.ovn_revision_numbers_db [None req-42234664-425f-4819-9a2b-95dd04fadfa5 55f378c2a30443cfb90e28e2be3a1956 fa9ca92d558f431bba1321717473ac5b - - default default] Successfully bumped revision number for resource 8f1fa9d7-cb44-4985-98b2-f654d64fdc61 (type: security_groups) to 1
2026-04-21 16:01:06.478 7 INFO neutron.db.ovn_revision_numbers_db [None req-42234664-425f-4819-9a2b-95dd04fadfa5 55f378c2a30443cfb90e28e2be3a1956 fa9ca92d558f431bba1321717473ac5b - - default default] Successfully bumped revision number for resource 0350724e-4951-4f99-9cef-03ba2940ac95 (type: security_group_rules) to 0
2026-04-21 16:01:06.489 7 INFO neutron.db.ovn_revision_numbers_db [None req-42234664-425f-4819-9a2b-95dd04fadfa5 55f378c2a30443cfb90e28e2be3a1956 fa9ca92d558f431bba1321717473ac5b - - default default] Successfully bumped revision number for resource 3665f808-bbf1-41e5-b249-dbce3780c65f (type: security_group_rules) to 0
2026-04-21 16:01:06.503 7 INFO neutron.db.ovn_revision_numbers_db [None req-42234664-425f-4819-9a2b-95dd04fadfa5 55f378c2a30443cfb90e28e2be3a1956 fa9ca92d558f431bba1321717473ac5b - - default default] Successfully bumped revision number for resource 93d48605-e399-4715-8904-e2444486ad16 (type: security_group_rules) to 0
2026-04-21 16:01:06.519 7 INFO neutron.db.ovn_revision_numbers_db [None req-42234664-425f-4819-9a2b-95dd04fadfa5 55f378c2a30443cfb90e28e2be3a1956 fa9ca92d558f431bba1321717473ac5b - - default default] Successfully bumped revision number for resource 944a3869-2c4f-4540-9176-f5f9e9bdd12c (type: security_group_rules) to 0
2026-04-21 16:01:06.570 8 INFO neutron.db.ovn_revision_numbers_db [None req-3167a641-813a-4ed9-bc03-424ca8c2fc74 636dae5e2de64208bfb62d07f326906d e81067a72ce34b12af9b02ee718ee87b - - default default] Successfully bumped revision number for resource 882c7e4f-ce47-4319-adcc-89392e067f70 (type: ports) to 1 [pid: 7|app: 0|req: 767/1478] 10.0.0.62 () {32 vars in 771 bytes} [Tue Apr 21 16:01:06 2026] GET /v2.0/security-groups?tenant_id=d24ed1b5892d462f90a23e37b51ad72c&name=default => generated 2925 bytes in 583 msecs (HTTP/1.1 200) 4 headers in 158 bytes (1 switches on core 0) [pid: 8|app: 0|req: 712/1479] 10.0.0.62 () {34 vars in 662 bytes} [Tue Apr 21 16:01:06 2026] POST /v2.0/ports => generated 958 bytes in 628 msecs (HTTP/1.1 201) 4 headers in 162 bytes (1 switches on core 0) /var/lib/openstack/lib/python3.12/site-packages/pycadf/identifier.py:70: UserWarning: Invalid uuid: neutron. To ensure interoperability, identifiers should be a valid uuid. warnings.warn(('Invalid uuid: %s. To ensure interoperability, '
2026-04-21 16:01:06.848 7 INFO neutron.db.ovn_revision_numbers_db [None req-21f83328-450f-4e76-93e2-e25fd7aaad15 84c5585d0b874227847266bac93e275b 5b516950014842aa84b645b805ab9fa8 - - default default] Successfully bumped revision number for resource 0ae129c0-6652-46f6-8070-36f5ba3ad70c (type: security_groups) to 1
2026-04-21 16:01:06.863 7 INFO neutron.db.ovn_revision_numbers_db [None req-21f83328-450f-4e76-93e2-e25fd7aaad15 84c5585d0b874227847266bac93e275b 5b516950014842aa84b645b805ab9fa8 - - default default] Successfully bumped revision number for resource 915d5c10-6533-4da3-b609-b234cb2ac60b (type: security_group_rules) to 0
2026-04-21 16:01:06.881 7 INFO neutron.db.ovn_revision_numbers_db [None req-21f83328-450f-4e76-93e2-e25fd7aaad15 84c5585d0b874227847266bac93e275b 5b516950014842aa84b645b805ab9fa8 - - default default] Successfully bumped revision number for resource c71bffa4-ccca-4626-81c8-45cefd99b534 (type: security_group_rules) to 0
2026-04-21 16:01:06.900 7 INFO neutron.db.ovn_revision_numbers_db [None req-21f83328-450f-4e76-93e2-e25fd7aaad15 84c5585d0b874227847266bac93e275b 5b516950014842aa84b645b805ab9fa8 - - default default] Successfully bumped revision number for resource cbbef030-1433-4d0a-938b-d3cff9ddb0c5 (type: security_group_rules) to 0
2026-04-21 16:01:06.918 7 INFO neutron.db.ovn_revision_numbers_db [None req-21f83328-450f-4e76-93e2-e25fd7aaad15 84c5585d0b874227847266bac93e275b 5b516950014842aa84b645b805ab9fa8 - - default default] Successfully bumped revision number for resource e887d133-f2f5-43d9-9941-ca5d207b130f (type: security_group_rules) to 0 [pid: 8|app: 0|req: 713/1480] 10.0.0.62 () {32 vars in 737 bytes} [Tue Apr 21 16:01:06 2026] DELETE /v2.0/security-groups/8f1fa9d7-cb44-4985-98b2-f654d64fdc61 => generated 0 bytes in 255 msecs (HTTP/1.1 204) 2 headers in 112 bytes (1 switches on core 0)
2026-04-21 16:01:07.003 7 INFO neutron.db.segments_db [None req-21f83328-450f-4e76-93e2-e25fd7aaad15 84c5585d0b874227847266bac93e275b 5b516950014842aa84b645b805ab9fa8 - - default default] Added segment fbc6bb91-f006-47d7-b5ee-56d0520e497e of type geneve for network b8ffd342-3dd5-4ae9-a37c-e62e4d7b75ee
2026-04-21 16:01:07.124 7 INFO neutron.db.ovn_revision_numbers_db [None req-21f83328-450f-4e76-93e2-e25fd7aaad15 84c5585d0b874227847266bac93e275b 5b516950014842aa84b645b805ab9fa8 - - default default] Successfully bumped revision number for resource b8ffd342-3dd5-4ae9-a37c-e62e4d7b75ee (type: networks) to 1
2026-04-21 16:01:07.213 8 WARNING neutron.scheduler.dhcp_agent_scheduler [None req-1edcafa1-d06c-4f47-91c5-8d6c1d48351d 636dae5e2de64208bfb62d07f326906d e81067a72ce34b12af9b02ee718ee87b - - default default] No more DHCP agents
2026-04-21 16:01:07.215 8 WARNING neutron.api.rpc.agentnotifiers.dhcp_rpc_agent_api [None req-1edcafa1-d06c-4f47-91c5-8d6c1d48351d 636dae5e2de64208bfb62d07f326906d e81067a72ce34b12af9b02ee718ee87b - - default default] Unable to schedule network fa45a3c1-13bb-4f37-b885-b16cc1bd556b: no agents available; will retry on subsequent port and subnet creation events.
2026-04-21 16:01:07.311 7 WARNING neutron.scheduler.dhcp_agent_scheduler [None req-21f83328-450f-4e76-93e2-e25fd7aaad15 84c5585d0b874227847266bac93e275b 5b516950014842aa84b645b805ab9fa8 - - default default] No more DHCP agents
2026-04-21 16:01:07.313 7 WARNING neutron.api.rpc.agentnotifiers.dhcp_rpc_agent_api [None req-21f83328-450f-4e76-93e2-e25fd7aaad15 84c5585d0b874227847266bac93e275b 5b516950014842aa84b645b805ab9fa8 - - default default] Unable to schedule network b8ffd342-3dd5-4ae9-a37c-e62e4d7b75ee: no agents available; will retry on subsequent port and subnet creation events.
2026-04-21 16:01:07.361 8 INFO neutron.db.ovn_revision_numbers_db [None req-1edcafa1-d06c-4f47-91c5-8d6c1d48351d 636dae5e2de64208bfb62d07f326906d e81067a72ce34b12af9b02ee718ee87b - - default default] Successfully bumped revision number for resource 96ab3ff1-d0ee-4c26-ab12-f2e47e7e69fa (type: ports) to 1 [pid: 8|app: 0|req: 714/1481] 10.0.0.62 () {34 vars in 662 bytes} [Tue Apr 21 16:01:06 2026] POST /v2.0/ports => generated 955 bytes in 495 msecs (HTTP/1.1 201) 4 headers in 162 bytes (1 switches on core 0) /var/lib/openstack/lib/python3.12/site-packages/pycadf/identifier.py:70: UserWarning: Invalid uuid: neutron. To ensure interoperability, identifiers should be a valid uuid. warnings.warn(('Invalid uuid: %s. To ensure interoperability, '
2026-04-21 16:01:07.427 7 INFO neutron.db.ovn_revision_numbers_db [None req-21f83328-450f-4e76-93e2-e25fd7aaad15 84c5585d0b874227847266bac93e275b 5b516950014842aa84b645b805ab9fa8 - - default default] Successfully bumped revision number for resource c9c754ae-5f36-4c02-a392-9c574e8eb2d8 (type: ports) to 1 [pid: 8|app: 0|req: 715/1482] 10.0.0.166 () {34 vars in 988 bytes} [Tue Apr 21 16:01:07 2026] GET /v2.0/ports?device_id=732d5dc9-d4e4-4921-abc4-5ba2c8125d64 => generated 12 bytes in 17 msecs (HTTP/1.1 200) 4 headers in 156 bytes (1 switches on core 0) [pid: 7|app: 0|req: 768/1483] 10.0.0.62 () {34 vars in 667 bytes} [Tue Apr 21 16:01:06 2026] POST /v2.0/networks => generated 653 bytes in 861 msecs (HTTP/1.1 201) 4 headers in 162 bytes (1 switches on core 0)
2026-04-21 16:01:07.553 8 INFO neutron.db.ovn_revision_numbers_db [None req-b802e9eb-ce31-4dc5-94ef-4e43fc9a22d2 55f378c2a30443cfb90e28e2be3a1956 fa9ca92d558f431bba1321717473ac5b - - default default] Successfully bumped revision number for resource c40a1987-8658-4fce-90a6-87c531148959 (type: security_groups) to 1
2026-04-21 16:01:07.563 8 INFO neutron.db.ovn_revision_numbers_db [None req-b802e9eb-ce31-4dc5-94ef-4e43fc9a22d2 55f378c2a30443cfb90e28e2be3a1956 fa9ca92d558f431bba1321717473ac5b - - default default] Successfully bumped revision number for resource 69e9f1c0-76a5-40bb-9f29-933643532294 (type: security_group_rules) to 0
2026-04-21 16:01:07.578 8 INFO neutron.db.ovn_revision_numbers_db [None req-b802e9eb-ce31-4dc5-94ef-4e43fc9a22d2 55f378c2a30443cfb90e28e2be3a1956 fa9ca92d558f431bba1321717473ac5b - - default default] Successfully bumped revision number for resource 6c9f4f7d-a83e-43be-abaf-f3960cf789fb (type: security_group_rules) to 0
2026-04-21 16:01:07.592 8 INFO neutron.db.ovn_revision_numbers_db [None req-b802e9eb-ce31-4dc5-94ef-4e43fc9a22d2 55f378c2a30443cfb90e28e2be3a1956 fa9ca92d558f431bba1321717473ac5b - - default default] Successfully bumped revision number for resource b291ea24-bd80-4c52-be77-2845ef05c3ad (type: security_group_rules) to 0
2026-04-21 16:01:07.609 8 INFO neutron.db.ovn_revision_numbers_db [None req-b802e9eb-ce31-4dc5-94ef-4e43fc9a22d2 55f378c2a30443cfb90e28e2be3a1956 fa9ca92d558f431bba1321717473ac5b - - default default] Successfully bumped revision number for resource e01cd20c-4fde-45d1-a2c3-87ec2a694de0 (type: security_group_rules) to 0 [pid: 8|app: 0|req: 716/1484] 10.0.0.62 () {32 vars in 771 bytes} [Tue Apr 21 16:01:07 2026] GET /v2.0/security-groups?tenant_id=e0b82a5ef4824adea199a13259e796ed&name=default => generated 2925 bytes in 220 msecs (HTTP/1.1 200) 4 headers in 158 bytes (1 switches on core 0)
2026-04-21 16:01:07.699 7 WARNING neutron.scheduler.dhcp_agent_scheduler [None req-5d3501ed-f587-48be-ac06-9bd1b6d88674 636dae5e2de64208bfb62d07f326906d e81067a72ce34b12af9b02ee718ee87b - - default default] No more DHCP agents
2026-04-21 16:01:07.700 7 WARNING neutron.api.rpc.agentnotifiers.dhcp_rpc_agent_api [None req-5d3501ed-f587-48be-ac06-9bd1b6d88674 636dae5e2de64208bfb62d07f326906d e81067a72ce34b12af9b02ee718ee87b - - default default] Unable to schedule network 774980fa-4bf0-4af5-a289-a2b813011e3b: no agents available; will retry on subsequent port and subnet creation events.
2026-04-21 16:01:07.745 8 INFO neutron.db.segments_db [None req-ca5bd385-5b5d-451b-b6b3-6b7036c724e7 84c5585d0b874227847266bac93e275b 5b516950014842aa84b645b805ab9fa8 - - default default] Added segment c8f797ae-084e-413d-9cc5-87e9448e25f4 of type geneve for network 41cf2d0a-9d52-44a9-aadb-8dfe9e7e0a75
2026-04-21 16:01:07.868 8 INFO neutron.db.ovn_revision_numbers_db [None req-ca5bd385-5b5d-451b-b6b3-6b7036c724e7 84c5585d0b874227847266bac93e275b 5b516950014842aa84b645b805ab9fa8 - - default default] Successfully bumped revision number for resource 41cf2d0a-9d52-44a9-aadb-8dfe9e7e0a75 (type: networks) to 1
2026-04-21 16:01:08.080 8 WARNING neutron.scheduler.dhcp_agent_scheduler [None req-ca5bd385-5b5d-451b-b6b3-6b7036c724e7 84c5585d0b874227847266bac93e275b 5b516950014842aa84b645b805ab9fa8 - - default default] No more DHCP agents
2026-04-21 16:01:08.085 8 WARNING neutron.api.rpc.agentnotifiers.dhcp_rpc_agent_api [None req-ca5bd385-5b5d-451b-b6b3-6b7036c724e7 84c5585d0b874227847266bac93e275b 5b516950014842aa84b645b805ab9fa8 - - default default] Unable to schedule network 41cf2d0a-9d52-44a9-aadb-8dfe9e7e0a75: no agents available; will retry on subsequent port and subnet creation events.
2026-04-21 16:01:08.090 8 WARNING neutron.plugins.ml2.drivers.ovn.mech_driver.ovsdb.ovn_client [None req-4d31b725-abf7-4430-af54-441e4c1cd29c - - - - - -] No hosting information found for port c8c6ea5e-c7ab-4a90-950e-5a059a41ccee: RuntimeError: No hosting information found for port c8c6ea5e-c7ab-4a90-950e-5a059a41ccee
2026-04-21 16:01:08.260 8 INFO neutron.db.ovn_revision_numbers_db [None req-ca5bd385-5b5d-451b-b6b3-6b7036c724e7 84c5585d0b874227847266bac93e275b 5b516950014842aa84b645b805ab9fa8 - - default default] Successfully bumped revision number for resource 26c0cca9-de46-44d9-956c-74eb38b56953 (type: ports) to 1
2026-04-21 16:01:08.290 8 INFO neutron.db.ovn_revision_numbers_db [None req-4d31b725-abf7-4430-af54-441e4c1cd29c - - - - - -] Successfully bumped revision number for resource c8c6ea5e-c7ab-4a90-950e-5a059a41ccee (type: router_ports) to 2
2026-04-21 16:01:08.290 8 INFO neutron.plugins.ml2.drivers.ovn.mech_driver.mech_driver [None req-4d31b725-abf7-4430-af54-441e4c1cd29c - - - - - -] OVN reports status down for port: 2d71a4aa-ec0a-4a00-b232-a8d09b1b87e6 [pid: 8|app: 0|req: 717/1485] 10.0.0.62 () {34 vars in 667 bytes} [Tue Apr 21 16:01:07 2026] POST /v2.0/networks => generated 653 bytes in 660 msecs (HTTP/1.1 201) 4 headers in 162 bytes (1 switches on core 0)
2026-04-21 16:01:08.514 8 INFO neutron.plugins.ml2.drivers.ovn.mech_driver.mech_driver [None req-4d31b725-abf7-4430-af54-441e4c1cd29c - - - - - -] OVN reports status down for port: 882c7e4f-ce47-4319-adcc-89392e067f70
2026-04-21 16:01:08.592 7 INFO neutron.db.ovn_revision_numbers_db [None req-5d3501ed-f587-48be-ac06-9bd1b6d88674 636dae5e2de64208bfb62d07f326906d e81067a72ce34b12af9b02ee718ee87b - - default default] Successfully bumped revision number for resource 899e6467-e44f-41dc-b2a1-9991ab0b1cce (type: floatingips) to 1
2026-04-21 16:01:08.593 7 INFO neutron.db.l3_db [None req-5d3501ed-f587-48be-ac06-9bd1b6d88674 636dae5e2de64208bfb62d07f326906d e81067a72ce34b12af9b02ee718ee87b - - default default] Floating IP 899e6467-e44f-41dc-b2a1-9991ab0b1cce associated. External IP: 10.96.250.211, port: 96ab3ff1-d0ee-4c26-ab12-f2e47e7e69fa.
2026-04-21 16:01:08.633 8 INFO neutron.plugins.ml2.drivers.ovn.mech_driver.mech_driver [None req-4d31b725-abf7-4430-af54-441e4c1cd29c - - - - - -] OVN reports status down for port: 96ab3ff1-d0ee-4c26-ab12-f2e47e7e69fa
2026-04-21 16:01:08.674 7 WARNING neutron.plugins.ml2.drivers.ovn.mech_driver.ovsdb.ovn_client [None req-aaf70593-e977-4ac1-bfbe-99498c157127 - - - - - -] No hosting information found for port ae9ca830-2172-442b-9046-eb5337cee2dc: RuntimeError: No hosting information found for port ae9ca830-2172-442b-9046-eb5337cee2dc
2026-04-21 16:01:08.675 7 INFO neutron.plugins.ml2.drivers.ovn.mech_driver.mech_driver [None req-aaf70593-e977-4ac1-bfbe-99498c157127 - - - - - -] OVN reports status down for port: 7fda1b13-66b5-494e-bf61-4ce760f2a8f8 [pid: 7|app: 0|req: 769/1486] 10.0.0.62 () {34 vars in 674 bytes} [Tue Apr 21 16:01:07 2026] POST /v2.0/floatingips => generated 842 bytes in 1237 msecs (HTTP/1.1 201) 4 headers in 162 bytes (1 switches on core 0)
2026-04-21 16:01:08.757 8 INFO neutron.plugins.ml2.drivers.ovn.mech_driver.mech_driver [None req-4d31b725-abf7-4430-af54-441e4c1cd29c - - - - - -] OVN reports status down for port: c9c754ae-5f36-4c02-a392-9c574e8eb2d8 [pid: 8|app: 0|req: 718/1487] 10.0.0.62 () {32 vars in 737 bytes} [Tue Apr 21 16:01:08 2026] DELETE /v2.0/security-groups/c40a1987-8658-4fce-90a6-87c531148959 => generated 0 bytes in 450 msecs (HTTP/1.1 204) 2 headers in 112 bytes (1 switches on core 0) [pid: 8|app: 0|req: 719/1488] 10.0.0.166 () {34 vars in 988 bytes} [Tue Apr 21 16:01:08 2026] GET /v2.0/ports?device_id=732d5dc9-d4e4-4921-abc4-5ba2c8125d64 => generated 12 bytes in 46 msecs (HTTP/1.1 200) 4 headers in 156 bytes (1 switches on core 0)
2026-04-21 16:01:08.821 7 WARNING neutron.plugins.ml2.drivers.ovn.mech_driver.ovsdb.ovn_client [None req-aaf70593-e977-4ac1-bfbe-99498c157127 - - - - - -] Logical_Switch_Port %s host information not removed, the port state is up
2026-04-21 16:01:08.821 7 INFO neutron.plugins.ml2.drivers.ovn.mech_driver.mech_driver [None req-aaf70593-e977-4ac1-bfbe-99498c157127 - - - - - -] OVN reports status up for port: 7fda1b13-66b5-494e-bf61-4ce760f2a8f8
2026-04-21 16:01:08.852 7 INFO neutron.plugins.ml2.plugin [None req-aaf70593-e977-4ac1-bfbe-99498c157127 - - - - - -] Attempt 1 to provision port 7fda1b13-66b5-494e-bf61-4ce760f2a8f8
2026-04-21 16:01:08.903 8 INFO neutron.plugins.ml2.drivers.ovn.mech_driver.mech_driver [None req-4d31b725-abf7-4430-af54-441e4c1cd29c - - - - - -] OVN reports status down for port: 26c0cca9-de46-44d9-956c-74eb38b56953
2026-04-21 16:01:09.046 8 INFO neutron.db.ovn_revision_numbers_db [None req-16bff09d-2e47-4a8b-a5ad-e0a3cf92d587 636dae5e2de64208bfb62d07f326906d e81067a72ce34b12af9b02ee718ee87b - - default default] Successfully bumped revision number for resource 899e6467-e44f-41dc-b2a1-9991ab0b1cce (type: floatingips) to 2
2026-04-21 16:01:09.096 8 INFO neutron.db.l3_db [None req-16bff09d-2e47-4a8b-a5ad-e0a3cf92d587 636dae5e2de64208bfb62d07f326906d e81067a72ce34b12af9b02ee718ee87b - - default default] Floating IP 899e6467-e44f-41dc-b2a1-9991ab0b1cce disassociated. External IP: 10.96.250.211, port: 96ab3ff1-d0ee-4c26-ab12-f2e47e7e69fa.
2026-04-21 16:01:09.119 7 WARNING neutron.scheduler.dhcp_agent_scheduler [None req-03504510-c10c-4489-adba-da60a75c63a6 84c5585d0b874227847266bac93e275b 5b516950014842aa84b645b805ab9fa8 - - default default] No more DHCP agents
2026-04-21 16:01:09.122 7 WARNING neutron.api.rpc.agentnotifiers.dhcp_rpc_agent_api [None req-03504510-c10c-4489-adba-da60a75c63a6 84c5585d0b874227847266bac93e275b 5b516950014842aa84b645b805ab9fa8 - - default default] Unable to schedule network b8ffd342-3dd5-4ae9-a37c-e62e4d7b75ee: no agents available; will retry on subsequent port and subnet creation events. [pid: 8|app: 0|req: 720/1489] 10.0.0.62 () {34 vars in 746 bytes} [Tue Apr 21 16:01:08 2026] PUT /v2.0/floatingips/899e6467-e44f-41dc-b2a1-9991ab0b1cce => generated 554 bytes in 319 msecs (HTTP/1.1 200) 4 headers in 157 bytes (1 switches on core 0)
2026-04-21 16:01:09.177 7 INFO neutron.db.ovn_revision_numbers_db [None req-03504510-c10c-4489-adba-da60a75c63a6 84c5585d0b874227847266bac93e275b 5b516950014842aa84b645b805ab9fa8 - - default default] Successfully bumped revision number for resource 28ddb043-75e3-4b0b-8f2b-db80070da8e9 (type: subnets) to 0 [pid: 8|app: 0|req: 721/1490] 199.204.45.89 () {34 vars in 983 bytes} [Tue Apr 21 16:01:09 2026] GET /v2.0/networks?id=da46762f-dc3e-4df8-bf4b-ccc1d40d2d8c => generated 711 bytes in 68 msecs (HTTP/1.1 200) 4 headers in 157 bytes (1 switches on core 0) [pid: 7|app: 0|req: 770/1491] 10.0.0.62 () {34 vars in 666 bytes} [Tue Apr 21 16:01:08 2026] POST /v2.0/subnets => generated 646 bytes in 520 msecs (HTTP/1.1 201) 4 headers in 162 bytes (1 switches on core 0)
2026-04-21 16:01:09.333 8 INFO neutron_taas.services.taas.taas_plugin [None req-c47fde3e-c7f1-4194-ac6f-157d0f85722d 636dae5e2de64208bfb62d07f326906d e81067a72ce34b12af9b02ee718ee87b - - default default] TaaS: Handle Delete Port: e3c28ff3-1859-4708-bd11-3cd98e6b663a
2026-04-21 16:01:09.336 8 INFO neutron_taas.services.taas.tap_mirror_plugin [None req-c47fde3e-c7f1-4194-ac6f-157d0f85722d 636dae5e2de64208bfb62d07f326906d e81067a72ce34b12af9b02ee718ee87b - - default default] Tap Mirror: Handle Delete Port: e3c28ff3-1859-4708-bd11-3cd98e6b663a [pid: 8|app: 0|req: 722/1492] 10.0.0.62 () {32 vars in 729 bytes} [Tue Apr 21 16:01:09 2026] DELETE /v2.0/floatingips/899e6467-e44f-41dc-b2a1-9991ab0b1cce => generated 0 bytes in 330 msecs (HTTP/1.1 204) 2 headers in 112 bytes (1 switches on core 0)
2026-04-21 16:01:09.652 7 INFO neutron.db.ovn_revision_numbers_db [None req-aaf70593-e977-4ac1-bfbe-99498c157127 - - - - - -] Successfully bumped revision number for resource 7fda1b13-66b5-494e-bf61-4ce760f2a8f8 (type: ports) to 2
2026-04-21 16:01:09.723 7 WARNING neutron.scheduler.dhcp_agent_scheduler [req-49b25036-be26-4c02-9196-f2ddc2293137 req-23bac7eb-6e36-4b77-ae01-a4a8c79b186a 005df423f872459b84a5b80d8030ff2c c0e9d16a9891414c9f6ff286f3d36cc1 - - default default] No more DHCP agents
2026-04-21 16:01:09.725 7 WARNING neutron.api.rpc.agentnotifiers.dhcp_rpc_agent_api [req-49b25036-be26-4c02-9196-f2ddc2293137 req-23bac7eb-6e36-4b77-ae01-a4a8c79b186a 005df423f872459b84a5b80d8030ff2c c0e9d16a9891414c9f6ff286f3d36cc1 - - default default] Unable to schedule network da46762f-dc3e-4df8-bf4b-ccc1d40d2d8c: no agents available; will retry on subsequent port and subnet creation events.
2026-04-21 16:01:09.744 8 WARNING neutron.scheduler.dhcp_agent_scheduler [None req-f011dc8b-df40-4014-8ef5-c2d44f1aa9b8 84c5585d0b874227847266bac93e275b 5b516950014842aa84b645b805ab9fa8 - - default default] No more DHCP agents
