2026-04-21 16:00:39.101 8 INFO neutron.db.ovn_revision_numbers_db [None req-fd336a60-2921-4a08-8010-603abfe1aaa5 55f378c2a30443cfb90e28e2be3a1956 fa9ca92d558f431bba1321717473ac5b - - default default] Successfully bumped revision number for resource 45554d16-5d9d-42d7-961a-ba87fbaa1e89 (type: security_group_rules) to 0 [pid: 7|app: 0|req: 637/1255] 10.0.0.62 () {32 vars in 771 bytes} [Tue Apr 21 16:00:39 2026] GET /v2.0/security-groups?tenant_id=d39c5c45ab5a485d8c529a7e5b982952&name=default => generated 2925 bytes in 101 msecs (HTTP/1.1 200) 4 headers in 158 bytes (1 switches on core 0)
2026-04-21 16:00:39.118 8 INFO neutron.db.ovn_revision_numbers_db [None req-fd336a60-2921-4a08-8010-603abfe1aaa5 55f378c2a30443cfb90e28e2be3a1956 fa9ca92d558f431bba1321717473ac5b - - default default] Successfully bumped revision number for resource bb2c72b7-e61b-4123-8595-4d06dde90622 (type: security_group_rules) to 0 [pid: 7|app: 0|req: 638/1256] 10.0.0.166 () {34 vars in 988 bytes} [Tue Apr 21 16:00:39 2026] GET /v2.0/ports?device_id=872ca070-321c-4a18-8e0a-4ae1a198ddfe => generated 971 bytes in 35 msecs (HTTP/1.1 200) 4 headers in 157 bytes (1 switches on core 0) [pid: 8|app: 0|req: 619/1257] 10.0.0.62 () {32 vars in 771 bytes} [Tue Apr 21 16:00:38 2026] GET /v2.0/security-groups?tenant_id=08d2e2556c3d4f6c85982c4009ce8b57&name=default => generated 2925 bytes in 407 msecs (HTTP/1.1 200) 4 headers in 158 bytes (1 switches on core 0)
2026-04-21 16:00:39.162 7 INFO neutron.services.segments.plugin [-] Segment 026e4b7d-3b28-4c8d-a073-ad3a3d743e42 resource provider aggregate not found
2026-04-21 16:00:39.171 7 INFO neutron.services.segments.plugin [-] Segment 026e4b7d-3b28-4c8d-a073-ad3a3d743e42 resource provider aggregate not found
2026-04-21 16:00:39.190 7 INFO neutron.services.segments.plugin [-] Segment 026e4b7d-3b28-4c8d-a073-ad3a3d743e42 resource provider not found; error: Placement Client Error (4xx): {"errors": [{"status": 404, "title": "Not Found", "detail": "The resource could not be found.\n\n No resource provider with uuid 026e4b7d-3b28-4c8d-a073-ad3a3d743e42 found for delete ", "request_id": "req-53c6cb1b-2c48-45f6-8cb5-deda5f91823b"}]} [pid: 8|app: 0|req: 620/1258] 10.0.0.166 () {34 vars in 1038 bytes} [Tue Apr 21 16:00:39 2026] GET /v2.0/security-groups?id=170e2935-4008-416b-acbb-2bcf72fb820c&fields=id&fields=name => generated 114 bytes in 37 msecs (HTTP/1.1 200) 4 headers in 157 bytes (1 switches on core 0)
2026-04-21 16:00:39.198 7 INFO neutron.services.segments.plugin [-] Segment 026e4b7d-3b28-4c8d-a073-ad3a3d743e42 resource provider not found; error: Placement Client Error (4xx): {"errors": [{"status": 404, "title": "Not Found", "detail": "The resource could not be found.\n\n No resource provider with uuid 026e4b7d-3b28-4c8d-a073-ad3a3d743e42 found for delete ", "request_id": "req-0bc1f122-73cc-4060-bcb9-124d3ee9716c"}]} [pid: 7|app: 0|req: 639/1259] 10.0.0.62 () {32 vars in 737 bytes} [Tue Apr 21 16:00:39 2026] DELETE /v2.0/security-groups/c2a295e0-6d47-4fce-93eb-a62bd3496edd => generated 0 bytes in 270 msecs (HTTP/1.1 204) 2 headers in 112 bytes (1 switches on core 0) [pid: 8|app: 0|req: 621/1260] 10.0.0.62 () {32 vars in 737 bytes} [Tue Apr 21 16:00:39 2026] DELETE /v2.0/security-groups/1240e4c8-461b-4e47-854e-a42510dd1057 => generated 0 bytes in 297 msecs (HTTP/1.1 204) 2 headers in 112 bytes (1 switches on core 0) [pid: 7|app: 0|req: 640/1261] 10.0.0.166 () {34 vars in 988 bytes} [Tue Apr 21 16:00:39 2026] GET /v2.0/ports?device_id=872ca070-321c-4a18-8e0a-4ae1a198ddfe => generated 971 bytes in 35 msecs (HTTP/1.1 200) 4 headers in 157 bytes (1 switches on core 0) [pid: 8|app: 0|req: 622/1262] 10.0.0.166 () {34 vars in 1038 bytes} [Tue Apr 21 16:00:39 2026] GET /v2.0/security-groups?id=170e2935-4008-416b-acbb-2bcf72fb820c&fields=id&fields=name => generated 114 bytes in 35 msecs (HTTP/1.1 200) 4 headers in 157 bytes (1 switches on core 0) [pid: 7|app: 0|req: 641/1263] 199.204.45.89 () {34 vars in 1077 bytes} [Tue Apr 21 16:00:39 2026] GET /v2.0/ports?tenant_id=76f725f1be6a47a48164907f10b78f22&device_id=872ca070-321c-4a18-8e0a-4ae1a198ddfe => generated 1209 bytes in 41 msecs (HTTP/1.1 200) 4 headers in 158 bytes (1 switches on core 0) [pid: 8|app: 0|req: 623/1264] 199.204.45.89 () {34 vars in 983 bytes} [Tue Apr 21 16:00:39 2026] GET /v2.0/networks?id=c74c4141-844f-4337-8d60-2f0ce3c5d124 => generated 811 bytes in 51 msecs (HTTP/1.1 200) 4 headers in 157 bytes (1 switches on core 0) [pid: 8|app: 0|req: 624/1265] 199.204.45.89 () {34 vars in 1055 bytes} [Tue Apr 21 16:00:39 2026] GET /v2.0/floatingips?fixed_ip_address=10.100.0.3&port_id=652f2fb4-243d-4f5a-a8ad-d206230a2aec => generated 860 bytes in 37 msecs (HTTP/1.1 200) 4 headers in 157 bytes (1 switches on core 0) [pid: 8|app: 0|req: 625/1266] 199.204.45.89 () {34 vars in 981 bytes} [Tue Apr 21 16:00:39 2026] GET /v2.0/subnets?id=cb630fda-abe5-4bd6-9f10-ab6fefdec1d6 => generated 692 bytes in 31 msecs (HTTP/1.1 200) 4 headers in 157 bytes (1 switches on core 0) [pid: 8|app: 0|req: 626/1267] 199.204.45.89 () {34 vars in 1049 bytes} [Tue Apr 21 16:00:39 2026] GET /v2.0/ports?network_id=c74c4141-844f-4337-8d60-2f0ce3c5d124&device_owner=network%3Adhcp => generated 12 bytes in 23 msecs (HTTP/1.1 200) 4 headers in 156 bytes (1 switches on core 0)
2026-04-21 16:00:39.812 7 INFO neutron.db.ovn_revision_numbers_db [None req-19e22d6d-6af5-4537-88fd-46c0a222f5c0 55f378c2a30443cfb90e28e2be3a1956 fa9ca92d558f431bba1321717473ac5b - - default default] Successfully bumped revision number for resource eed3bb37-329c-4782-ab2d-2481d3d20d61 (type: security_groups) to 1
2026-04-21 16:00:39.831 7 INFO neutron.db.ovn_revision_numbers_db [None req-19e22d6d-6af5-4537-88fd-46c0a222f5c0 55f378c2a30443cfb90e28e2be3a1956 fa9ca92d558f431bba1321717473ac5b - - default default] Successfully bumped revision number for resource 1a70a08c-addb-4fcb-b1a1-8436c974e66f (type: security_group_rules) to 0
2026-04-21 16:00:39.843 7 INFO neutron.db.ovn_revision_numbers_db [None req-19e22d6d-6af5-4537-88fd-46c0a222f5c0 55f378c2a30443cfb90e28e2be3a1956 fa9ca92d558f431bba1321717473ac5b - - default default] Successfully bumped revision number for resource 52111e4f-c908-4f65-8990-7be7d57aa83b (type: security_group_rules) to 0
2026-04-21 16:00:39.856 7 INFO neutron.db.ovn_revision_numbers_db [None req-19e22d6d-6af5-4537-88fd-46c0a222f5c0 55f378c2a30443cfb90e28e2be3a1956 fa9ca92d558f431bba1321717473ac5b - - default default] Successfully bumped revision number for resource 77f002e1-18fc-419b-9df5-40e39e647a09 (type: security_group_rules) to 0
2026-04-21 16:00:39.869 7 INFO neutron.db.ovn_revision_numbers_db [None req-19e22d6d-6af5-4537-88fd-46c0a222f5c0 55f378c2a30443cfb90e28e2be3a1956 fa9ca92d558f431bba1321717473ac5b - - default default] Successfully bumped revision number for resource f68db867-2cba-452e-b4e7-7b5e8728ab03 (type: security_group_rules) to 0 [pid: 8|app: 0|req: 627/1268] 199.204.45.89 () {34 vars in 1009 bytes} [Tue Apr 21 16:00:39 2026] GET /v2.0/networks/c74c4141-844f-4337-8d60-2f0ce3c5d124?fields=segments => generated 14 bytes in 68 msecs (HTTP/1.1 200) 4 headers in 156 bytes (1 switches on core 0) [pid: 7|app: 0|req: 642/1269] 10.0.0.62 () {32 vars in 771 bytes} [Tue Apr 21 16:00:39 2026] GET /v2.0/security-groups?tenant_id=719015951874420487d83ebc43f16b97&name=default => generated 2925 bytes in 260 msecs (HTTP/1.1 200) 4 headers in 158 bytes (1 switches on core 0) [pid: 8|app: 0|req: 628/1270] 199.204.45.89 () {34 vars in 1109 bytes} [Tue Apr 21 16:00:39 2026] GET /v2.0/networks/c74c4141-844f-4337-8d60-2f0ce3c5d124?fields=provider%3Aphysical_network&fields=provider%3Anetwork_type => generated 79 bytes in 41 msecs (HTTP/1.1 200) 4 headers in 156 bytes (1 switches on core 0) [pid: 8|app: 0|req: 629/1271] 10.0.0.166 () {34 vars in 988 bytes} [Tue Apr 21 16:00:40 2026] GET /v2.0/ports?device_id=01154ff5-0c2a-43dd-90b5-f7c8ade97eb6 => generated 12 bytes in 18 msecs (HTTP/1.1 200) 4 headers in 156 bytes (1 switches on core 0) [pid: 7|app: 0|req: 643/1272] 10.0.0.62 () {32 vars in 737 bytes} [Tue Apr 21 16:00:39 2026] DELETE /v2.0/security-groups/eed3bb37-329c-4782-ab2d-2481d3d20d61 => generated 0 bytes in 235 msecs (HTTP/1.1 204) 2 headers in 112 bytes (1 switches on core 0)
2026-04-21 16:00:40.556 8 INFO neutron.plugins.ml2.drivers.ovn.mech_driver.mech_driver [None req-5d559e94-fc38-4abe-8191-46efc966343b - - - - - -] OVN reports status down for port: 652f2fb4-243d-4f5a-a8ad-d206230a2aec [pid: 8|app: 0|req: 630/1273] 10.0.0.166 () {34 vars in 988 bytes} [Tue Apr 21 16:00:40 2026] GET /v2.0/ports?device_id=872ca070-321c-4a18-8e0a-4ae1a198ddfe => generated 971 bytes in 99 msecs (HTTP/1.1 200) 4 headers in 157 bytes (1 switches on core 0)
2026-04-21 16:00:40.771 8 INFO neutron.notifiers.nova [-] Nova event matching ['req-5b283e83-8040-4ca0-8163-627ebe8063db'] response: {'server_uuid': '01154ff5-0c2a-43dd-90b5-f7c8ade97eb6', 'name': 'network-vif-deleted', 'tag': '57a0ff31-4e6a-4901-8b3c-a8bfa8c83d75', 'status': 'completed', 'code': 200}
2026-04-21 16:00:40.772 8 INFO neutron.notifiers.nova [-] Nova event matching ['req-5b283e83-8040-4ca0-8163-627ebe8063db'] response: {'server_uuid': '872ca070-321c-4a18-8e0a-4ae1a198ddfe', 'name': 'network-vif-unplugged', 'status': 'completed', 'tag': '652f2fb4-243d-4f5a-a8ad-d206230a2aec', 'code': 200} [pid: 7|app: 0|req: 644/1274] 10.0.0.166 () {34 vars in 1038 bytes} [Tue Apr 21 16:00:40 2026] GET /v2.0/security-groups?id=170e2935-4008-416b-acbb-2bcf72fb820c&fields=id&fields=name => generated 114 bytes in 46 msecs (HTTP/1.1 200) 4 headers in 157 bytes (1 switches on core 0)
2026-04-21 16:00:40.892 8 INFO neutron.db.ovn_revision_numbers_db [None req-5d559e94-fc38-4abe-8191-46efc966343b - - - - - -] Successfully bumped revision number for resource 652f2fb4-243d-4f5a-a8ad-d206230a2aec (type: ports) to 6 [pid: 7|app: 0|req: 645/1275] 10.0.0.166 () {34 vars in 988 bytes} [Tue Apr 21 16:00:41 2026] GET /v2.0/ports?device_id=01154ff5-0c2a-43dd-90b5-f7c8ade97eb6 => generated 12 bytes in 27 msecs (HTTP/1.1 200) 4 headers in 156 bytes (1 switches on core 0) /var/lib/openstack/lib/python3.12/site-packages/pycadf/identifier.py:70: UserWarning: Invalid uuid: neutron. To ensure interoperability, identifiers should be a valid uuid. warnings.warn(('Invalid uuid: %s. To ensure interoperability, '
2026-04-21 16:00:41.551 8 INFO neutron.db.ovn_revision_numbers_db [None req-60f7a9ed-aa8d-491a-b7b3-e79795764bf1 03e0f56fd88747148f651ce900c6eb64 595c3f3762b2466b8d3d1cabe7192ec5 - - default default] Successfully bumped revision number for resource 1cc69504-f98b-4746-9ea3-9ed67a561376 (type: security_groups) to 1
2026-04-21 16:00:41.563 8 INFO neutron.db.ovn_revision_numbers_db [None req-60f7a9ed-aa8d-491a-b7b3-e79795764bf1 03e0f56fd88747148f651ce900c6eb64 595c3f3762b2466b8d3d1cabe7192ec5 - - default default] Successfully bumped revision number for resource 2939c4fa-1732-4d6a-ac7a-6117a9bfe379 (type: security_group_rules) to 0
2026-04-21 16:00:41.572 8 INFO neutron.db.ovn_revision_numbers_db [None req-60f7a9ed-aa8d-491a-b7b3-e79795764bf1 03e0f56fd88747148f651ce900c6eb64 595c3f3762b2466b8d3d1cabe7192ec5 - - default default] Successfully bumped revision number for resource 57e3b378-c202-4067-81d3-02244066af15 (type: security_group_rules) to 0
2026-04-21 16:00:41.589 8 INFO neutron.db.ovn_revision_numbers_db [None req-60f7a9ed-aa8d-491a-b7b3-e79795764bf1 03e0f56fd88747148f651ce900c6eb64 595c3f3762b2466b8d3d1cabe7192ec5 - - default default] Successfully bumped revision number for resource ba1d6705-cc2a-4b89-b950-e98f2fde8c14 (type: security_group_rules) to 0
2026-04-21 16:00:41.600 8 INFO neutron.db.ovn_revision_numbers_db [None req-60f7a9ed-aa8d-491a-b7b3-e79795764bf1 03e0f56fd88747148f651ce900c6eb64 595c3f3762b2466b8d3d1cabe7192ec5 - - default default] Successfully bumped revision number for resource fd00f3b6-b3c2-4c1c-8b84-0452cb3abed3 (type: security_group_rules) to 0
2026-04-21 16:00:41.673 8 INFO neutron.db.segments_db [None req-60f7a9ed-aa8d-491a-b7b3-e79795764bf1 03e0f56fd88747148f651ce900c6eb64 595c3f3762b2466b8d3d1cabe7192ec5 - - default default] Added segment 4c9dc79b-33e9-44bc-bb2b-e8205be2258d of type geneve for network 48e5e410-558c-4efa-b5cb-9484b0b8e93f
2026-04-21 16:00:41.796 8 INFO neutron.db.ovn_revision_numbers_db [None req-60f7a9ed-aa8d-491a-b7b3-e79795764bf1 03e0f56fd88747148f651ce900c6eb64 595c3f3762b2466b8d3d1cabe7192ec5 - - default default] Successfully bumped revision number for resource 48e5e410-558c-4efa-b5cb-9484b0b8e93f (type: networks) to 1 [pid: 7|app: 0|req: 646/1276] 199.204.45.89 () {34 vars in 991 bytes} [Tue Apr 21 16:00:41 2026] GET /v2.0/ports?device_id=872ca070-321c-4a18-8e0a-4ae1a198ddfe => generated 969 bytes in 91 msecs (HTTP/1.1 200) 4 headers in 157 bytes (1 switches on core 0)
2026-04-21 16:00:41.954 8 WARNING neutron.scheduler.dhcp_agent_scheduler [None req-60f7a9ed-aa8d-491a-b7b3-e79795764bf1 03e0f56fd88747148f651ce900c6eb64 595c3f3762b2466b8d3d1cabe7192ec5 - - default default] No more DHCP agents
2026-04-21 16:00:41.955 8 WARNING neutron.api.rpc.agentnotifiers.dhcp_rpc_agent_api [None req-60f7a9ed-aa8d-491a-b7b3-e79795764bf1 03e0f56fd88747148f651ce900c6eb64 595c3f3762b2466b8d3d1cabe7192ec5 - - default default] Unable to schedule network 48e5e410-558c-4efa-b5cb-9484b0b8e93f: no agents available; will retry on subsequent port and subnet creation events.
2026-04-21 16:00:41.959 7 INFO neutron_taas.services.taas.taas_plugin [req-6eefaf83-b939-4b73-82e3-5d05d74d3e1e req-55f82b0e-5adf-4a4f-a52a-48854d39a394 6084d78012ea4168a83bd0f6e865efae 76f725f1be6a47a48164907f10b78f22 - - default default] TaaS: Handle Delete Port: 652f2fb4-243d-4f5a-a8ad-d206230a2aec
2026-04-21 16:00:41.963 7 INFO neutron_taas.services.taas.tap_mirror_plugin [req-6eefaf83-b939-4b73-82e3-5d05d74d3e1e req-55f82b0e-5adf-4a4f-a52a-48854d39a394 6084d78012ea4168a83bd0f6e865efae 76f725f1be6a47a48164907f10b78f22 - - default default] Tap Mirror: Handle Delete Port: 652f2fb4-243d-4f5a-a8ad-d206230a2aec
2026-04-21 16:00:42.005 8 INFO neutron.plugins.ml2.drivers.ovn.mech_driver.mech_driver [None req-002555cc-4744-47df-aa3d-17f9e4bebf31 - - - - - -] OVN reports status down for port: 3b6bdafb-4ab5-44e0-9f3e-e034fb96a1e7
2026-04-21 16:00:42.066 8 INFO neutron.db.ovn_revision_numbers_db [None req-60f7a9ed-aa8d-491a-b7b3-e79795764bf1 03e0f56fd88747148f651ce900c6eb64 595c3f3762b2466b8d3d1cabe7192ec5 - - default default] Successfully bumped revision number for resource 3b6bdafb-4ab5-44e0-9f3e-e034fb96a1e7 (type: ports) to 1 [pid: 8|app: 0|req: 631/1277] 10.0.0.62 () {34 vars in 667 bytes} [Tue Apr 21 16:00:41 2026] POST /v2.0/networks => generated 664 bytes in 929 msecs (HTTP/1.1 201) 4 headers in 162 bytes (1 switches on core 0) /var/lib/openstack/lib/python3.12/site-packages/pycadf/identifier.py:70: UserWarning: Invalid uuid: neutron. To ensure interoperability, identifiers should be a valid uuid. warnings.warn(('Invalid uuid: %s. To ensure interoperability, '
2026-04-21 16:00:42.161 7 INFO neutron.db.l3_db [req-6eefaf83-b939-4b73-82e3-5d05d74d3e1e req-55f82b0e-5adf-4a4f-a52a-48854d39a394 6084d78012ea4168a83bd0f6e865efae 76f725f1be6a47a48164907f10b78f22 - - default default] Floating IP ee7729a1-05d0-4f68-a4c5-2332e9b5f845 disassociated. External IP: 10.96.250.203, port: 652f2fb4-243d-4f5a-a8ad-d206230a2aec. [pid: 8|app: 0|req: 632/1278] 10.0.0.166 () {34 vars in 988 bytes} [Tue Apr 21 16:00:42 2026] GET /v2.0/ports?device_id=872ca070-321c-4a18-8e0a-4ae1a198ddfe => generated 969 bytes in 89 msecs (HTTP/1.1 200) 4 headers in 157 bytes (1 switches on core 0) [pid: 7|app: 0|req: 647/1279] 199.204.45.89 () {36 vars in 994 bytes} [Tue Apr 21 16:00:41 2026] DELETE /v2.0/ports/652f2fb4-243d-4f5a-a8ad-d206230a2aec => generated 0 bytes in 473 msecs (HTTP/1.1 204) 3 headers in 131 bytes (1 switches on core 0) [pid: 7|app: 0|req: 648/1280] 10.0.0.166 () {34 vars in 1038 bytes} [Tue Apr 21 16:00:42 2026] GET /v2.0/security-groups?id=170e2935-4008-416b-acbb-2bcf72fb820c&fields=id&fields=name => generated 114 bytes in 40 msecs (HTTP/1.1 200) 4 headers in 157 bytes (1 switches on core 0)
2026-04-21 16:00:42.365 7 INFO neutron.notifiers.nova [-] Nova event matching ['req-d8eaf498-653e-43ce-a3aa-0d4d8dda7fd8'] response: {'server_uuid': '872ca070-321c-4a18-8e0a-4ae1a198ddfe', 'name': 'network-vif-deleted', 'tag': '652f2fb4-243d-4f5a-a8ad-d206230a2aec', 'status': 'completed', 'code': 200}
2026-04-21 16:00:42.511 8 WARNING neutron.scheduler.dhcp_agent_scheduler [None req-fb163f72-60b1-487b-848a-f2f77e859067 03e0f56fd88747148f651ce900c6eb64 595c3f3762b2466b8d3d1cabe7192ec5 - - default default] No more DHCP agents
2026-04-21 16:00:42.513 8 WARNING neutron.api.rpc.agentnotifiers.dhcp_rpc_agent_api [None req-fb163f72-60b1-487b-848a-f2f77e859067 03e0f56fd88747148f651ce900c6eb64 595c3f3762b2466b8d3d1cabe7192ec5 - - default default] Unable to schedule network 48e5e410-558c-4efa-b5cb-9484b0b8e93f: no agents available; will retry on subsequent port and subnet creation events. [pid: 7|app: 0|req: 649/1281] 10.0.0.62 () {32 vars in 737 bytes} [Tue Apr 21 16:00:42 2026] DELETE /v2.0/security-groups/40725a90-fd25-415b-8c28-02ef2f0d732b => generated 0 bytes in 152 msecs (HTTP/1.1 204) 2 headers in 112 bytes (1 switches on core 0)
2026-04-21 16:00:42.545 7 INFO neutron.api.v2.resource [None req-ab22b89a-24c6-4f9d-91ef-06e4f415852a 163a19c4d91d45d29359b8a93f472a3c 38136c6497a04d45bacfdb8081cc691b - - default default] show failed (client error): The resource could not be found. [pid: 7|app: 0|req: 650/1282] 10.0.0.62 () {32 vars in 734 bytes} [Tue Apr 21 16:00:42 2026] GET /v2.0/security-groups/40725a90-fd25-415b-8c28-02ef2f0d732b => generated 146 bytes in 10 msecs (HTTP/1.1 404) 4 headers in 164 bytes (1 switches on core 0)
2026-04-21 16:00:42.575 8 INFO neutron.plugins.ml2.drivers.ovn.mech_driver.mech_driver [None req-002555cc-4744-47df-aa3d-17f9e4bebf31 - - - - - -] OVN reports status down for port: 5334a1b9-ccd5-411e-bd5c-f7d2d27b0903
2026-04-21 16:00:42.646 8 INFO neutron.db.ovn_revision_numbers_db [None req-fb163f72-60b1-487b-848a-f2f77e859067 03e0f56fd88747148f651ce900c6eb64 595c3f3762b2466b8d3d1cabe7192ec5 - - default default] Successfully bumped revision number for resource 5334a1b9-ccd5-411e-bd5c-f7d2d27b0903 (type: ports) to 1
2026-04-21 16:00:42.709 7 INFO neutron_taas.services.taas.taas_plugin [None req-305e69cd-d017-4d76-a45b-16dcd1bb2610 163a19c4d91d45d29359b8a93f472a3c 38136c6497a04d45bacfdb8081cc691b - - default default] TaaS: Handle Delete Port: 94e6e30e-b18a-4554-9ea5-710d99c23205
2026-04-21 16:00:42.713 7 INFO neutron_taas.services.taas.tap_mirror_plugin [None req-305e69cd-d017-4d76-a45b-16dcd1bb2610 163a19c4d91d45d29359b8a93f472a3c 38136c6497a04d45bacfdb8081cc691b - - default default] Tap Mirror: Handle Delete Port: 94e6e30e-b18a-4554-9ea5-710d99c23205 [pid: 8|app: 0|req: 633/1283] 10.0.0.62 () {34 vars in 662 bytes} [Tue Apr 21 16:00:42 2026] POST /v2.0/ports => generated 775 bytes in 515 msecs (HTTP/1.1 201) 4 headers in 162 bytes (1 switches on core 0) /var/lib/openstack/lib/python3.12/site-packages/pycadf/identifier.py:70: UserWarning: Invalid uuid: neutron. To ensure interoperability, identifiers should be a valid uuid. warnings.warn(('Invalid uuid: %s. To ensure interoperability, '
2026-04-21 16:00:42.817 8 INFO neutron.notifiers.nova [-] Nova event matching ['req-1ad3034a-4089-4ed7-ae80-f8d15680292d'] response: {'server_uuid': '872ca070-321c-4a18-8e0a-4ae1a198ddfe', 'name': 'network-vif-unplugged', 'status': 'completed', 'tag': '652f2fb4-243d-4f5a-a8ad-d206230a2aec', 'code': 200}
2026-04-21 16:00:42.850 8 INFO neutron.db.segments_db [None req-a08b2046-b415-4984-abde-2ecac3b9ed36 03e0f56fd88747148f651ce900c6eb64 595c3f3762b2466b8d3d1cabe7192ec5 - - default default] Added segment 9557b584-b836-4a31-97a1-760740007e9a of type geneve for network 199ab1f0-3eb2-4d46-83a1-e831c22af7df [pid: 7|app: 0|req: 651/1284] 10.0.0.62 () {32 vars in 729 bytes} [Tue Apr 21 16:00:42 2026] DELETE /v2.0/floatingips/a8664dd1-36de-4652-a0be-9ac9ef8a458d => generated 0 bytes in 333 msecs (HTTP/1.1 204) 2 headers in 112 bytes (1 switches on core 0)
2026-04-21 16:00:42.984 8 INFO neutron.db.ovn_revision_numbers_db [None req-a08b2046-b415-4984-abde-2ecac3b9ed36 03e0f56fd88747148f651ce900c6eb64 595c3f3762b2466b8d3d1cabe7192ec5 - - default default] Successfully bumped revision number for resource 199ab1f0-3eb2-4d46-83a1-e831c22af7df (type: networks) to 1
2026-04-21 16:00:43.130 8 WARNING neutron.scheduler.dhcp_agent_scheduler [None req-a08b2046-b415-4984-abde-2ecac3b9ed36 03e0f56fd88747148f651ce900c6eb64 595c3f3762b2466b8d3d1cabe7192ec5 - - default default] No more DHCP agents
2026-04-21 16:00:43.131 8 WARNING neutron.api.rpc.agentnotifiers.dhcp_rpc_agent_api [None req-a08b2046-b415-4984-abde-2ecac3b9ed36 03e0f56fd88747148f651ce900c6eb64 595c3f3762b2466b8d3d1cabe7192ec5 - - default default] Unable to schedule network 199ab1f0-3eb2-4d46-83a1-e831c22af7df: no agents available; will retry on subsequent port and subnet creation events.
2026-04-21 16:00:43.194 7 INFO neutron.plugins.ml2.drivers.ovn.mech_driver.mech_driver [None req-aaf70593-e977-4ac1-bfbe-99498c157127 - - - - - -] OVN reports status down for port: 826824ec-ddca-4a4b-b848-1d317a07196e
2026-04-21 16:00:43.224 8 INFO neutron.db.ovn_revision_numbers_db [None req-a08b2046-b415-4984-abde-2ecac3b9ed36 03e0f56fd88747148f651ce900c6eb64 595c3f3762b2466b8d3d1cabe7192ec5 - - default default] Successfully bumped revision number for resource 826824ec-ddca-4a4b-b848-1d317a07196e (type: ports) to 1
2026-04-21 16:00:43.239 7 INFO neutron_taas.services.taas.taas_plugin [None req-890d1605-17c4-4b2d-826a-50ec64536194 55f378c2a30443cfb90e28e2be3a1956 fa9ca92d558f431bba1321717473ac5b - - default default] TaaS: Handle Delete Port: 79e32243-28ff-4766-b4b0-ff8b6f43b78d [pid: 8|app: 0|req: 634/1285] 10.0.0.62 () {34 vars in 667 bytes} [Tue Apr 21 16:00:42 2026] POST /v2.0/networks => generated 651 bytes in 501 msecs (HTTP/1.1 201) 4 headers in 162 bytes (1 switches on core 0)
2026-04-21 16:00:43.260 7 INFO neutron_taas.services.taas.tap_mirror_plugin [None req-890d1605-17c4-4b2d-826a-50ec64536194 55f378c2a30443cfb90e28e2be3a1956 fa9ca92d558f431bba1321717473ac5b - - default default] Tap Mirror: Handle Delete Port: 79e32243-28ff-4766-b4b0-ff8b6f43b78d
2026-04-21 16:00:43.443 8 WARNING neutron.scheduler.dhcp_agent_scheduler [None req-c8f67d15-6894-47d4-9776-757bf96d5383 03e0f56fd88747148f651ce900c6eb64 595c3f3762b2466b8d3d1cabe7192ec5 - - default default] No more DHCP agents
2026-04-21 16:00:43.444 8 WARNING neutron.api.rpc.agentnotifiers.dhcp_rpc_agent_api [None req-c8f67d15-6894-47d4-9776-757bf96d5383 03e0f56fd88747148f651ce900c6eb64 595c3f3762b2466b8d3d1cabe7192ec5 - - default default] Unable to schedule network 199ab1f0-3eb2-4d46-83a1-e831c22af7df: no agents available; will retry on subsequent port and subnet creation events.
2026-04-21 16:00:43.910 8 INFO neutron.db.ovn_revision_numbers_db [None req-65e67a95-ffbe-45d7-a6e7-33346820139b - - - - - -] Successfully bumped revision number for resource 826824ec-ddca-4a4b-b848-1d317a07196e (type: ports) to 2
2026-04-21 16:00:43.945 8 INFO neutron.db.ovn_revision_numbers_db [None req-65e67a95-ffbe-45d7-a6e7-33346820139b - - - - - -] Successfully bumped revision number for resource bd1bfba3-1992-4fd2-a6d5-267f207bdf36 (type: subnets) to 0 [pid: 8|app: 0|req: 635/1286] 10.0.0.62 () {34 vars in 666 bytes} [Tue Apr 21 16:00:43 2026] POST /v2.0/subnets => generated 626 bytes in 742 msecs (HTTP/1.1 201) 4 headers in 162 bytes (1 switches on core 0) [pid: 7|app: 0|req: 652/1287] 10.0.0.62 () {34 vars in 786 bytes} [Tue Apr 21 16:00:42 2026] PUT /v2.0/routers/05abd71e-4804-46d7-81e7-5946d51dfa88/remove_router_interface => generated 309 bytes in 1122 msecs (HTTP/1.1 200) 4 headers in 157 bytes (1 switches on core 0) /var/lib/openstack/lib/python3.12/site-packages/pycadf/identifier.py:70: UserWarning: Invalid uuid: neutron. To ensure interoperability, identifiers should be a valid uuid. warnings.warn(('Invalid uuid: %s. To ensure interoperability, ' [pid: 8|app: 0|req: 636/1288] 10.0.0.166 () {34 vars in 988 bytes} [Tue Apr 21 16:00:44 2026] GET /v2.0/ports?device_id=872ca070-321c-4a18-8e0a-4ae1a198ddfe => generated 12 bytes in 31 msecs (HTTP/1.1 200) 4 headers in 156 bytes (1 switches on core 0)
2026-04-21 16:00:44.361 8 INFO neutron_taas.services.taas.taas_plugin [None req-2fde3653-4a75-4b67-bf7e-9e24d01313e4 55f378c2a30443cfb90e28e2be3a1956 fa9ca92d558f431bba1321717473ac5b - - default default] TaaS: Handle Delete Port: c709c2d8-53b3-4708-9dfe-78df94f23308
2026-04-21 16:00:44.364 8 INFO neutron_taas.services.taas.tap_mirror_plugin [None req-2fde3653-4a75-4b67-bf7e-9e24d01313e4 55f378c2a30443cfb90e28e2be3a1956 fa9ca92d558f431bba1321717473ac5b - - default default] Tap Mirror: Handle Delete Port: c709c2d8-53b3-4708-9dfe-78df94f23308
2026-04-21 16:00:44.416 7 WARNING neutron.scheduler.dhcp_agent_scheduler [None req-0aef9bc2-8519-49ff-a55c-f8285bd9b899 03e0f56fd88747148f651ce900c6eb64 595c3f3762b2466b8d3d1cabe7192ec5 - - default default] No more DHCP agents
2026-04-21 16:00:44.418 7 WARNING neutron.api.rpc.agentnotifiers.dhcp_rpc_agent_api [None req-0aef9bc2-8519-49ff-a55c-f8285bd9b899 03e0f56fd88747148f651ce900c6eb64 595c3f3762b2466b8d3d1cabe7192ec5 - - default default] Unable to schedule network 199ab1f0-3eb2-4d46-83a1-e831c22af7df: no agents available; will retry on subsequent port and subnet creation events.
2026-04-21 16:00:44.616 7 INFO neutron.db.ovn_revision_numbers_db [None req-0aef9bc2-8519-49ff-a55c-f8285bd9b899 03e0f56fd88747148f651ce900c6eb64 595c3f3762b2466b8d3d1cabe7192ec5 - - default default] Successfully bumped revision number for resource 7451cf38-b25f-47e5-9c70-7517e52e58d1 (type: ports) to 1
2026-04-21 16:00:44.617 8 INFO neutron.plugins.ml2.drivers.ovn.mech_driver.mech_driver [None req-002555cc-4744-47df-aa3d-17f9e4bebf31 - - - - - -] OVN reports status down for port: 7451cf38-b25f-47e5-9c70-7517e52e58d1 [pid: 7|app: 0|req: 653/1289] 10.0.0.62 () {34 vars in 662 bytes} [Tue Apr 21 16:00:44 2026] POST /v2.0/ports => generated 950 bytes in 702 msecs (HTTP/1.1 201) 4 headers in 162 bytes (1 switches on core 0) /var/lib/openstack/lib/python3.12/site-packages/pycadf/identifier.py:70: UserWarning: Invalid uuid: neutron. To ensure interoperability, identifiers should be a valid uuid. warnings.warn(('Invalid uuid: %s. To ensure interoperability, '
2026-04-21 16:00:44.863 7 INFO neutron_taas.services.taas.taas_plugin [None req-37beab49-c2ad-4c64-b7d6-e3848dd7c692 03e0f56fd88747148f651ce900c6eb64 595c3f3762b2466b8d3d1cabe7192ec5 - - default default] TaaS: Handle Delete Port: 7451cf38-b25f-47e5-9c70-7517e52e58d1
2026-04-21 16:00:44.865 7 INFO neutron_taas.services.taas.tap_mirror_plugin [None req-37beab49-c2ad-4c64-b7d6-e3848dd7c692 03e0f56fd88747148f651ce900c6eb64 595c3f3762b2466b8d3d1cabe7192ec5 - - default default] Tap Mirror: Handle Delete Port: 7451cf38-b25f-47e5-9c70-7517e52e58d1 [pid: 8|app: 0|req: 637/1290] 10.0.0.62 () {32 vars in 721 bytes} [Tue Apr 21 16:00:44 2026] DELETE /v2.0/routers/05abd71e-4804-46d7-81e7-5946d51dfa88 => generated 0 bytes in 923 msecs (HTTP/1.1 204) 2 headers in 112 bytes (1 switches on core 0) [pid: 7|app: 0|req: 654/1291] 10.0.0.62 () {32 vars in 717 bytes} [Tue Apr 21 16:00:44 2026] DELETE /v2.0/ports/7451cf38-b25f-47e5-9c70-7517e52e58d1 => generated 0 bytes in 343 msecs (HTTP/1.1 204) 3 headers in 131 bytes (1 switches on core 0)
2026-04-21 16:00:45.087 7 INFO neutron.pecan_wsgi.hooks.translation [None req-fe51c666-80fd-4cd7-badf-3378a954b66d 03e0f56fd88747148f651ce900c6eb64 595c3f3762b2466b8d3d1cabe7192ec5 - - default default] DELETE failed (client error): The resource could not be found. [pid: 7|app: 0|req: 655/1292] 10.0.0.62 () {32 vars in 717 bytes} [Tue Apr 21 16:00:45 2026] DELETE /v2.0/ports/7451cf38-b25f-47e5-9c70-7517e52e58d1 => generated 132 bytes in 22 msecs (HTTP/1.1 404) 4 headers in 164 bytes (1 switches on core 0)
2026-04-21 16:00:45.112 7 INFO neutron.pecan_wsgi.hooks.translation [None req-befc6db5-8319-4f8e-a10d-0b277d88582d 03e0f56fd88747148f651ce900c6eb64 595c3f3762b2466b8d3d1cabe7192ec5 - - default default] GET failed (client error): The resource could not be found. [pid: 7|app: 0|req: 656/1293] 10.0.0.62 () {32 vars in 714 bytes} [Tue Apr 21 16:00:45 2026] GET /v2.0/ports/7451cf38-b25f-47e5-9c70-7517e52e58d1 => generated 132 bytes in 18 msecs (HTTP/1.1 404) 4 headers in 164 bytes (1 switches on core 0) [pid: 7|app: 0|req: 657/1294] 10.0.0.166 () {34 vars in 988 bytes} [Tue Apr 21 16:00:45 2026] GET /v2.0/ports?device_id=872ca070-321c-4a18-8e0a-4ae1a198ddfe => generated 12 bytes in 18 msecs (HTTP/1.1 200) 4 headers in 156 bytes (1 switches on core 0) [pid: 8|app: 0|req: 638/1295] 10.0.0.62 () {32 vars in 721 bytes} [Tue Apr 21 16:00:44 2026] DELETE /v2.0/subnets/bf780958-1c08-4ecf-8528-0ab9da87c541 => generated 0 bytes in 221 msecs (HTTP/1.1 204) 3 headers in 131 bytes (1 switches on core 0) [pid: 7|app: 0|req: 658/1296] 10.0.0.62 () {32 vars in 721 bytes} [Tue Apr 21 16:00:45 2026] DELETE /v2.0/subnets/bd1bfba3-1992-4fd2-a6d5-267f207bdf36 => generated 0 bytes in 179 msecs (HTTP/1.1 204) 3 headers in 131 bytes (1 switches on core 0)
2026-04-21 16:00:45.326 8 INFO neutron_taas.services.taas.taas_plugin [None req-a5600faf-e308-46d5-9c1c-51e4f7a542a7 55f378c2a30443cfb90e28e2be3a1956 fa9ca92d558f431bba1321717473ac5b - - default default] TaaS: Handle Delete Port: 809efe64-e0a4-4776-abfd-d0fe164c1fec
2026-04-21 16:00:45.329 8 INFO neutron_taas.services.taas.tap_mirror_plugin [None req-a5600faf-e308-46d5-9c1c-51e4f7a542a7 55f378c2a30443cfb90e28e2be3a1956 fa9ca92d558f431bba1321717473ac5b - - default default] Tap Mirror: Handle Delete Port: 809efe64-e0a4-4776-abfd-d0fe164c1fec
2026-04-21 16:00:45.483 7 INFO neutron_taas.services.taas.taas_plugin [None req-b682adb0-164e-453b-9a85-ddbf5ea95668 03e0f56fd88747148f651ce900c6eb64 595c3f3762b2466b8d3d1cabe7192ec5 - - default default] TaaS: Handle Delete Port: 826824ec-ddca-4a4b-b848-1d317a07196e
2026-04-21 16:00:45.485 7 INFO neutron_taas.services.taas.tap_mirror_plugin [None req-b682adb0-164e-453b-9a85-ddbf5ea95668 03e0f56fd88747148f651ce900c6eb64 595c3f3762b2466b8d3d1cabe7192ec5 - - default default] Tap Mirror: Handle Delete Port: 826824ec-ddca-4a4b-b848-1d317a07196e
2026-04-21 16:00:45.536 8 INFO neutron.services.segments.plugin [-] Segment 83d46b09-8ba1-45e1-ad44-716d49d97c50 resource provider aggregate not found
2026-04-21 16:00:45.540 8 INFO neutron.services.segments.plugin [-] Segment 83d46b09-8ba1-45e1-ad44-716d49d97c50 resource provider aggregate not found
2026-04-21 16:00:45.555 8 INFO neutron.services.segments.plugin [-] Segment 83d46b09-8ba1-45e1-ad44-716d49d97c50 resource provider not found; error: Placement Client Error (4xx): {"errors": [{"status": 404, "title": "Not Found", "detail": "The resource could not be found.\n\n No resource provider with uuid 83d46b09-8ba1-45e1-ad44-716d49d97c50 found for delete ", "request_id": "req-9688b78a-104b-4ad8-baa4-7cf542370c5d"}]}
2026-04-21 16:00:45.566 8 INFO neutron.services.segments.plugin [-] Segment 83d46b09-8ba1-45e1-ad44-716d49d97c50 resource provider not found; error: Placement Client Error (4xx): {"errors": [{"status": 404, "title": "Not Found", "detail": "The resource could not be found.\n\n No resource provider with uuid 83d46b09-8ba1-45e1-ad44-716d49d97c50 found for delete ", "request_id": "req-193e132b-55c6-4fa2-be2e-a2d4ed96171c"}]} [pid: 8|app: 0|req: 639/1297] 10.0.0.62 () {32 vars in 723 bytes} [Tue Apr 21 16:00:45 2026] DELETE /v2.0/networks/3f6e66e2-f79f-4b06-b3a5-adfcf7677ddf => generated 0 bytes in 399 msecs (HTTP/1.1 204) 3 headers in 131 bytes (1 switches on core 0)
2026-04-21 16:00:45.688 7 INFO neutron.services.segments.plugin [-] Segment 9557b584-b836-4a31-97a1-760740007e9a resource provider aggregate not found
2026-04-21 16:00:45.695 7 INFO neutron.services.segments.plugin [-] Segment 9557b584-b836-4a31-97a1-760740007e9a resource provider aggregate not found
2026-04-21 16:00:45.708 7 INFO neutron.services.segments.plugin [-] Segment 9557b584-b836-4a31-97a1-760740007e9a resource provider not found; error: Placement Client Error (4xx): {"errors": [{"status": 404, "title": "Not Found", "detail": "The resource could not be found.\n\n No resource provider with uuid 9557b584-b836-4a31-97a1-760740007e9a found for delete ", "request_id": "req-2071c22b-32c9-4f2a-b966-256c93091597"}]}
2026-04-21 16:00:45.714 7 INFO neutron.services.segments.plugin [-] Segment 9557b584-b836-4a31-97a1-760740007e9a resource provider not found; error: Placement Client Error (4xx): {"errors": [{"status": 404, "title": "Not Found", "detail": "The resource could not be found.\n\n No resource provider with uuid 9557b584-b836-4a31-97a1-760740007e9a found for delete ", "request_id": "req-1d6ecb49-a9b1-42a3-a24e-6245c3b06338"}]} [pid: 7|app: 0|req: 659/1298] 10.0.0.62 () {32 vars in 723 bytes} [Tue Apr 21 16:00:45 2026] DELETE /v2.0/networks/199ab1f0-3eb2-4d46-83a1-e831c22af7df => generated 0 bytes in 427 msecs (HTTP/1.1 204) 3 headers in 131 bytes (1 switches on core 0) [pid: 8|app: 0|req: 640/1299] 10.0.0.62 () {32 vars in 771 bytes} [Tue Apr 21 16:00:45 2026] GET /v2.0/security-groups?tenant_id=38136c6497a04d45bacfdb8081cc691b&name=default => generated 2925 bytes in 28 msecs (HTTP/1.1 200) 4 headers in 158 bytes (1 switches on core 0)
2026-04-21 16:00:45.843 7 INFO neutron.db.segments_db [None req-2b66e3a5-b066-45e5-9f84-b0d4b73cfc56 03e0f56fd88747148f651ce900c6eb64 595c3f3762b2466b8d3d1cabe7192ec5 - - default default] Added segment d96353aa-3c01-49e9-b4f6-b03716bc8981 of type geneve for network fbd9af82-c1d2-4fbd-a1f2-4acd5eb4a668
2026-04-21 16:00:46.005 7 INFO neutron.db.ovn_revision_numbers_db [None req-2b66e3a5-b066-45e5-9f84-b0d4b73cfc56 03e0f56fd88747148f651ce900c6eb64 595c3f3762b2466b8d3d1cabe7192ec5 - - default default] Successfully bumped revision number for resource fbd9af82-c1d2-4fbd-a1f2-4acd5eb4a668 (type: networks) to 1 [pid: 8|app: 0|req: 641/1300] 10.0.0.62 () {32 vars in 737 bytes} [Tue Apr 21 16:00:45 2026] DELETE /v2.0/security-groups/1a508db3-a59a-41f0-b4c5-59504b99ac05 => generated 0 bytes in 239 msecs (HTTP/1.1 204) 2 headers in 112 bytes (1 switches on core 0)
2026-04-21 16:00:46.207 7 WARNING neutron.scheduler.dhcp_agent_scheduler [None req-2b66e3a5-b066-45e5-9f84-b0d4b73cfc56 03e0f56fd88747148f651ce900c6eb64 595c3f3762b2466b8d3d1cabe7192ec5 - - default default] No more DHCP agents
2026-04-21 16:00:46.209 7 WARNING neutron.api.rpc.agentnotifiers.dhcp_rpc_agent_api [None req-2b66e3a5-b066-45e5-9f84-b0d4b73cfc56 03e0f56fd88747148f651ce900c6eb64 595c3f3762b2466b8d3d1cabe7192ec5 - - default default] Unable to schedule network fbd9af82-c1d2-4fbd-a1f2-4acd5eb4a668: no agents available; will retry on subsequent port and subnet creation events.
2026-04-21 16:00:46.266 7 INFO neutron.plugins.ml2.drivers.ovn.mech_driver.mech_driver [None req-aaf70593-e977-4ac1-bfbe-99498c157127 - - - - - -] OVN reports status down for port: 1e21ec3e-f300-44d1-ab9e-fe9907e514ee
2026-04-21 16:00:46.323 7 INFO neutron.db.ovn_revision_numbers_db [None req-2b66e3a5-b066-45e5-9f84-b0d4b73cfc56 03e0f56fd88747148f651ce900c6eb64 595c3f3762b2466b8d3d1cabe7192ec5 - - default default] Successfully bumped revision number for resource 1e21ec3e-f300-44d1-ab9e-fe9907e514ee (type: ports) to 1 [pid: 7|app: 0|req: 660/1301] 10.0.0.62 () {34 vars in 667 bytes} [Tue Apr 21 16:00:45 2026] POST /v2.0/networks => generated 651 bytes in 624 msecs (HTTP/1.1 201) 4 headers in 162 bytes (1 switches on core 0) [pid: 7|app: 0|req: 661/1302] 10.0.0.62 () {32 vars in 737 bytes} [Tue Apr 21 16:00:46 2026] DELETE /v2.0/security-groups/170e2935-4008-416b-acbb-2bcf72fb820c => generated 0 bytes in 181 msecs (HTTP/1.1 204) 2 headers in 112 bytes (1 switches on core 0)
2026-04-21 16:00:46.596 8 INFO neutron.db.ovn_revision_numbers_db [None req-aaa1432b-a570-4fcc-9e87-f39b709defad 55f378c2a30443cfb90e28e2be3a1956 fa9ca92d558f431bba1321717473ac5b - - default default] Successfully bumped revision number for resource 3a50b226-3516-418c-8eb4-a77271d21d39 (type: security_groups) to 1
2026-04-21 16:00:46.623 8 INFO neutron.db.ovn_revision_numbers_db [None req-aaa1432b-a570-4fcc-9e87-f39b709defad 55f378c2a30443cfb90e28e2be3a1956 fa9ca92d558f431bba1321717473ac5b - - default default] Successfully bumped revision number for resource 769e2c37-d72e-41db-b144-e61ef64f3982 (type: security_group_rules) to 0
2026-04-21 16:00:46.642 8 INFO neutron.db.ovn_revision_numbers_db [None req-aaa1432b-a570-4fcc-9e87-f39b709defad 55f378c2a30443cfb90e28e2be3a1956 fa9ca92d558f431bba1321717473ac5b - - default default] Successfully bumped revision number for resource 9493f565-135a-487a-89a8-21ffb54622d5 (type: security_group_rules) to 0
2026-04-21 16:00:46.655 8 INFO neutron.db.ovn_revision_numbers_db [None req-aaa1432b-a570-4fcc-9e87-f39b709defad 55f378c2a30443cfb90e28e2be3a1956 fa9ca92d558f431bba1321717473ac5b - - default default] Successfully bumped revision number for resource d952594c-4821-4756-a3c3-2e19df434b25 (type: security_group_rules) to 0
2026-04-21 16:00:46.669 8 INFO neutron.db.ovn_revision_numbers_db [None req-aaa1432b-a570-4fcc-9e87-f39b709defad 55f378c2a30443cfb90e28e2be3a1956 fa9ca92d558f431bba1321717473ac5b - - default default] Successfully bumped revision number for resource e185e159-232f-4cc5-a6f5-2d6a73f0846f (type: security_group_rules) to 0 [pid: 8|app: 0|req: 642/1303] 10.0.0.62 () {32 vars in 771 bytes} [Tue Apr 21 16:00:46 2026] GET /v2.0/security-groups?tenant_id=f185f33945be439488d02c0baef0205e&name=default => generated 2925 bytes in 627 msecs (HTTP/1.1 200) 4 headers in 158 bytes (1 switches on core 0)
2026-04-21 16:00:46.720 8 INFO neutron.api.v2.resource [None req-b3a8992a-0e1e-4d35-81d4-e041848f760f 6084d78012ea4168a83bd0f6e865efae 76f725f1be6a47a48164907f10b78f22 - - default default] show failed (client error): The resource could not be found. [pid: 8|app: 0|req: 643/1304] 10.0.0.62 () {32 vars in 734 bytes} [Tue Apr 21 16:00:46 2026] GET /v2.0/security-groups/170e2935-4008-416b-acbb-2bcf72fb820c => generated 146 bytes in 11 msecs (HTTP/1.1 404) 4 headers in 164 bytes (1 switches on core 0)
2026-04-21 16:00:46.810 7 WARNING neutron.scheduler.dhcp_agent_scheduler [None req-4501f3a3-f3df-4870-bfa7-c66c3672cc51 03e0f56fd88747148f651ce900c6eb64 595c3f3762b2466b8d3d1cabe7192ec5 - - default default] No more DHCP agents
2026-04-21 16:00:46.812 7 WARNING neutron.api.rpc.agentnotifiers.dhcp_rpc_agent_api [None req-4501f3a3-f3df-4870-bfa7-c66c3672cc51 03e0f56fd88747148f651ce900c6eb64 595c3f3762b2466b8d3d1cabe7192ec5 - - default default] Unable to schedule network fbd9af82-c1d2-4fbd-a1f2-4acd5eb4a668: no agents available; will retry on subsequent port and subnet creation events. [pid: 8|app: 0|req: 644/1305] 10.0.0.62 () {32 vars in 737 bytes} [Tue Apr 21 16:00:46 2026] DELETE /v2.0/security-groups/3a50b226-3516-418c-8eb4-a77271d21d39 => generated 0 bytes in 294 msecs (HTTP/1.1 204) 2 headers in 112 bytes (1 switches on core 0)
2026-04-21 16:00:47.168 8 INFO neutron_taas.services.taas.taas_plugin [None req-4bee8aa3-bc9d-45e8-aff6-ebd2fabfe5ca 6084d78012ea4168a83bd0f6e865efae 76f725f1be6a47a48164907f10b78f22 - - default default] TaaS: Handle Delete Port: dac1ba12-24f1-4d1d-b6ff-cb1547afe8a3
2026-04-21 16:00:47.172 8 INFO neutron_taas.services.taas.tap_mirror_plugin [None req-4bee8aa3-bc9d-45e8-aff6-ebd2fabfe5ca 6084d78012ea4168a83bd0f6e865efae 76f725f1be6a47a48164907f10b78f22 - - default default] Tap Mirror: Handle Delete Port: dac1ba12-24f1-4d1d-b6ff-cb1547afe8a3 [pid: 8|app: 0|req: 645/1306] 10.0.0.62 () {32 vars in 729 bytes} [Tue Apr 21 16:00:47 2026] DELETE /v2.0/floatingips/ee7729a1-05d0-4f68-a4c5-2332e9b5f845 => generated 0 bytes in 321 msecs (HTTP/1.1 204) 2 headers in 112 bytes (1 switches on core 0)
2026-04-21 16:00:47.344 7 INFO neutron.db.ovn_revision_numbers_db [None req-82319b34-0900-44c9-bfcf-37b3a31f0691 - - - - - -] Successfully bumped revision number for resource 1e21ec3e-f300-44d1-ab9e-fe9907e514ee (type: ports) to 2
2026-04-21 16:00:47.380 7 INFO neutron.db.ovn_revision_numbers_db [None req-82319b34-0900-44c9-bfcf-37b3a31f0691 - - - - - -] Successfully bumped revision number for resource 052e9492-e9af-4af9-8420-978011da3f81 (type: subnets) to 0 [pid: 7|app: 0|req: 662/1307] 10.0.0.62 () {34 vars in 666 bytes} [Tue Apr 21 16:00:46 2026] POST /v2.0/subnets => generated 626 bytes in 842 msecs (HTTP/1.1 201) 4 headers in 162 bytes (1 switches on core 0)
2026-04-21 16:00:47.483 8 INFO neutron.db.ovn_revision_numbers_db [None req-2b2fbba9-f967-4723-9ea8-1a3b95d9c20d 55f378c2a30443cfb90e28e2be3a1956 fa9ca92d558f431bba1321717473ac5b - - default default] Successfully bumped revision number for resource 8dda647e-2f23-427c-b760-519a0cb6e065 (type: security_groups) to 1
2026-04-21 16:00:47.498 8 INFO neutron.db.ovn_revision_numbers_db [None req-2b2fbba9-f967-4723-9ea8-1a3b95d9c20d 55f378c2a30443cfb90e28e2be3a1956 fa9ca92d558f431bba1321717473ac5b - - default default] Successfully bumped revision number for resource 26a22490-2dd4-405d-bd0f-803ed09fb911 (type: security_group_rules) to 0
2026-04-21 16:00:47.514 8 INFO neutron.db.ovn_revision_numbers_db [None req-2b2fbba9-f967-4723-9ea8-1a3b95d9c20d 55f378c2a30443cfb90e28e2be3a1956 fa9ca92d558f431bba1321717473ac5b - - default default] Successfully bumped revision number for resource 3770fe73-b967-4962-8a81-2cd67296bdb6 (type: security_group_rules) to 0
2026-04-21 16:00:47.530 8 INFO neutron.db.ovn_revision_numbers_db [None req-2b2fbba9-f967-4723-9ea8-1a3b95d9c20d 55f378c2a30443cfb90e28e2be3a1956 fa9ca92d558f431bba1321717473ac5b - - default default] Successfully bumped revision number for resource 4c79e4b5-aee6-4eb7-84d2-36c31b38a9c4 (type: security_group_rules) to 0
2026-04-21 16:00:47.547 8 INFO neutron.db.ovn_revision_numbers_db [None req-2b2fbba9-f967-4723-9ea8-1a3b95d9c20d 55f378c2a30443cfb90e28e2be3a1956 fa9ca92d558f431bba1321717473ac5b - - default default] Successfully bumped revision number for resource 87e1f8e6-7346-40aa-aca4-19432ae1925b (type: security_group_rules) to 0 [pid: 8|app: 0|req: 646/1308] 10.0.0.62 () {32 vars in 771 bytes} [Tue Apr 21 16:00:47 2026] GET /v2.0/security-groups?tenant_id=ff34d76a0a9f4ae1ad60252a08f65c5f&name=default => generated 2925 bytes in 255 msecs (HTTP/1.1 200) 4 headers in 158 bytes (1 switches on core 0)
2026-04-21 16:00:47.723 7 INFO neutron_taas.services.taas.taas_plugin [None req-bd8abb0f-9185-48b3-b4e4-d2bec8fb331c 55f378c2a30443cfb90e28e2be3a1956 fa9ca92d558f431bba1321717473ac5b - - default default] TaaS: Handle Delete Port: 2ea6f8b2-a814-46a9-960b-15fedcd32f98
2026-04-21 16:00:47.727 7 INFO neutron_taas.services.taas.tap_mirror_plugin [None req-bd8abb0f-9185-48b3-b4e4-d2bec8fb331c 55f378c2a30443cfb90e28e2be3a1956 fa9ca92d558f431bba1321717473ac5b - - default default] Tap Mirror: Handle Delete Port: 2ea6f8b2-a814-46a9-960b-15fedcd32f98
2026-04-21 16:00:47.863 8 WARNING neutron.scheduler.dhcp_agent_scheduler [None req-2aafef8e-d0d6-4999-bf9b-6e25210365cc 03e0f56fd88747148f651ce900c6eb64 595c3f3762b2466b8d3d1cabe7192ec5 - - default default] No more DHCP agents
2026-04-21 16:00:47.865 8 WARNING neutron.api.rpc.agentnotifiers.dhcp_rpc_agent_api [None req-2aafef8e-d0d6-4999-bf9b-6e25210365cc 03e0f56fd88747148f651ce900c6eb64 595c3f3762b2466b8d3d1cabe7192ec5 - - default default] Unable to schedule network fbd9af82-c1d2-4fbd-a1f2-4acd5eb4a668: no agents available; will retry on subsequent port and subnet creation events.
2026-04-21 16:00:48.008 8 INFO neutron.plugins.ml2.drivers.ovn.mech_driver.mech_driver [None req-002555cc-4744-47df-aa3d-17f9e4bebf31 - - - - - -] OVN reports status down for port: a9b69485-9171-4c3a-814c-b6f4de0d09a3
2026-04-21 16:00:48.080 8 INFO neutron.db.ovn_revision_numbers_db [None req-2aafef8e-d0d6-4999-bf9b-6e25210365cc 03e0f56fd88747148f651ce900c6eb64 595c3f3762b2466b8d3d1cabe7192ec5 - - default default] Successfully bumped revision number for resource a9b69485-9171-4c3a-814c-b6f4de0d09a3 (type: ports) to 1 [pid: 8|app: 0|req: 647/1309] 10.0.0.62 () {34 vars in 662 bytes} [Tue Apr 21 16:00:47 2026] POST /v2.0/ports => generated 916 bytes in 576 msecs (HTTP/1.1 201) 4 headers in 162 bytes (1 switches on core 0) [pid: 7|app: 0|req: 663/1310] 10.0.0.62 () {34 vars in 786 bytes} [Tue Apr 21 16:00:47 2026] PUT /v2.0/routers/7f29add8-d8bc-4d7f-a265-029f496bfe8e/remove_router_interface => generated 309 bytes in 1006 msecs (HTTP/1.1 200) 4 headers in 157 bytes (1 switches on core 0) /var/lib/openstack/lib/python3.12/site-packages/pycadf/identifier.py:70: UserWarning: Invalid uuid: neutron. To ensure interoperability, identifiers should be a valid uuid. warnings.warn(('Invalid uuid: %s. To ensure interoperability, ' [pid: 8|app: 0|req: 648/1311] 10.0.0.62 () {32 vars in 737 bytes} [Tue Apr 21 16:00:48 2026] DELETE /v2.0/security-groups/8dda647e-2f23-427c-b760-519a0cb6e065 => generated 0 bytes in 244 msecs (HTTP/1.1 204) 2 headers in 112 bytes (1 switches on core 0)
2026-04-21 16:00:48.558 7 INFO neutron_taas.services.taas.taas_plugin [None req-fe556c47-49c4-4f9d-8d22-a84e4af9b3f3 03e0f56fd88747148f651ce900c6eb64 595c3f3762b2466b8d3d1cabe7192ec5 - - default default] TaaS: Handle Delete Port: a9b69485-9171-4c3a-814c-b6f4de0d09a3
2026-04-21 16:00:48.562 7 INFO neutron_taas.services.taas.tap_mirror_plugin [None req-fe556c47-49c4-4f9d-8d22-a84e4af9b3f3 03e0f56fd88747148f651ce900c6eb64 595c3f3762b2466b8d3d1cabe7192ec5 - - default default] Tap Mirror: Handle Delete Port: a9b69485-9171-4c3a-814c-b6f4de0d09a3 [pid: 7|app: 0|req: 664/1312] 10.0.0.62 () {32 vars in 717 bytes} [Tue Apr 21 16:00:48 2026] DELETE /v2.0/ports/a9b69485-9171-4c3a-814c-b6f4de0d09a3 => generated 0 bytes in 359 msecs (HTTP/1.1 204) 3 headers in 131 bytes (1 switches on core 0)
2026-04-21 16:00:48.780 8 INFO neutron_taas.services.taas.taas_plugin [None req-89aa8bd5-1391-4470-94bf-acff00972b7c 55f378c2a30443cfb90e28e2be3a1956 fa9ca92d558f431bba1321717473ac5b - - default default] TaaS: Handle Delete Port: b318819c-9fc1-4a25-9e39-dbd0cb9f9fe4
2026-04-21 16:00:48.784 8 INFO neutron_taas.services.taas.tap_mirror_plugin [None req-89aa8bd5-1391-4470-94bf-acff00972b7c 55f378c2a30443cfb90e28e2be3a1956 fa9ca92d558f431bba1321717473ac5b - - default default] Tap Mirror: Handle Delete Port: b318819c-9fc1-4a25-9e39-dbd0cb9f9fe4
2026-04-21 16:00:48.785 7 INFO neutron.pecan_wsgi.hooks.translation [None req-bd026034-9bce-4eec-b1a2-5207f4e13dd4 03e0f56fd88747148f651ce900c6eb64 595c3f3762b2466b8d3d1cabe7192ec5 - - default default] GET failed (client error): The resource could not be found. [pid: 7|app: 0|req: 665/1313] 10.0.0.62 () {32 vars in 714 bytes} [Tue Apr 21 16:00:48 2026] GET /v2.0/ports/a9b69485-9171-4c3a-814c-b6f4de0d09a3 => generated 132 bytes in 19 msecs (HTTP/1.1 404) 4 headers in 164 bytes (1 switches on core 0) [pid: 7|app: 0|req: 666/1314] 10.0.0.62 () {32 vars in 721 bytes} [Tue Apr 21 16:00:48 2026] DELETE /v2.0/subnets/052e9492-e9af-4af9-8420-978011da3f81 => generated 0 bytes in 208 msecs (HTTP/1.1 204) 3 headers in 131 bytes (1 switches on core 0)
2026-04-21 16:00:49.127 7 INFO neutron_taas.services.taas.taas_plugin [None req-16e31acd-a3f0-49b1-8af0-fc7262b51d4d 03e0f56fd88747148f651ce900c6eb64 595c3f3762b2466b8d3d1cabe7192ec5 - - default default] TaaS: Handle Delete Port: 1e21ec3e-f300-44d1-ab9e-fe9907e514ee
2026-04-21 16:00:49.130 7 INFO neutron_taas.services.taas.tap_mirror_plugin [None req-16e31acd-a3f0-49b1-8af0-fc7262b51d4d 03e0f56fd88747148f651ce900c6eb64 595c3f3762b2466b8d3d1cabe7192ec5 - - default default] Tap Mirror: Handle Delete Port: 1e21ec3e-f300-44d1-ab9e-fe9907e514ee [pid: 8|app: 0|req: 649/1315] 10.0.0.62 () {32 vars in 721 bytes} [Tue Apr 21 16:00:48 2026] DELETE /v2.0/routers/7f29add8-d8bc-4d7f-a265-029f496bfe8e => generated 0 bytes in 803 msecs (HTTP/1.1 204) 2 headers in 112 bytes (1 switches on core 0)
2026-04-21 16:00:49.400 7 INFO neutron.services.segments.plugin [-] Segment d96353aa-3c01-49e9-b4f6-b03716bc8981 resource provider aggregate not found
2026-04-21 16:00:49.403 7 INFO neutron.services.segments.plugin [-] Segment d96353aa-3c01-49e9-b4f6-b03716bc8981 resource provider aggregate not found
2026-04-21 16:00:49.429 7 INFO neutron.services.segments.plugin [-] Segment d96353aa-3c01-49e9-b4f6-b03716bc8981 resource provider not found; error: Placement Client Error (4xx): {"errors": [{"status": 404, "title": "Not Found", "detail": "The resource could not be found.\n\n No resource provider with uuid d96353aa-3c01-49e9-b4f6-b03716bc8981 found for delete ", "request_id": "req-a2893a1b-077d-4940-ae99-a3d3f3e3fd5f"}]}
2026-04-21 16:00:49.431 7 INFO neutron.services.segments.plugin [-] Segment d96353aa-3c01-49e9-b4f6-b03716bc8981 resource provider not found; error: Placement Client Error (4xx): {"errors": [{"status": 404, "title": "Not Found", "detail": "The resource could not be found.\n\n No resource provider with uuid d96353aa-3c01-49e9-b4f6-b03716bc8981 found for delete ", "request_id": "req-06e9e9d9-0fda-4fc1-b8fd-956c119f0fd6"}]} [pid: 8|app: 0|req: 650/1316] 10.0.0.62 () {32 vars in 721 bytes} [Tue Apr 21 16:00:49 2026] DELETE /v2.0/subnets/cb630fda-abe5-4bd6-9f10-ab6fefdec1d6 => generated 0 bytes in 219 msecs (HTTP/1.1 204) 3 headers in 131 bytes (1 switches on core 0) [pid: 7|app: 0|req: 667/1319] 10.0.0.62 () {32 vars in 723 bytes} [Tue Apr 21 16:00:49 2026] DELETE /v2.0/networks/fbd9af82-c1d2-4fbd-a1f2-4acd5eb4a668 => generated 0 bytes in 453 msecs (HTTP/1.1 204) 3 headers in 131 bytes (1 switches on core 0)
2026-04-21 16:00:49.568 8 INFO neutron_taas.services.taas.taas_plugin [None req-e8ef12f5-8aae-47cb-aa67-6b31b9e88a87 55f378c2a30443cfb90e28e2be3a1956 fa9ca92d558f431bba1321717473ac5b - - default default] TaaS: Handle Delete Port: 14259eb9-9dec-4f96-9165-47885aa983c2
