2026-06-30 19:14:43.024 10 INFO neutron.wsgi [req-a550b90b-6bfd-4695-b02a-59610e13fcd7 req-0b4344f8-87bb-490b-917b-52e41556d9f9 5236164aa587457e87252a81e1712d29 7de378ecd55648fbbf2180ea8f35c8e4 - - b7a65e3967cb45dbbcb89afd39f4f76c b7a65e3967cb45dbbcb89afd39f4f76c] 199.204.45.177 "GET /v2.0/floatingips?fixed_ip_address=fd77%3A1457%3A4cf0%3A26a8%3A%3Aea&port_id=77b9f175-eef1-434e-b2e6-c5fec6dfd62a HTTP/1.1" status: 200 len: 217 time: 0.0368526
2026-06-30 19:14:43.079 10 INFO neutron.wsgi [req-5e90cb0d-58b9-418b-a466-e5da45f85f7f req-22afcb75-e43c-4ef6-a199-906709f9e55f 5236164aa587457e87252a81e1712d29 7de378ecd55648fbbf2180ea8f35c8e4 - - b7a65e3967cb45dbbcb89afd39f4f76c b7a65e3967cb45dbbcb89afd39f4f76c] 10.0.0.100 "GET /v2.0/security-groups?id=b91b15cb-d15f-4816-a01b-a6534f13b42f&fields=id&fields=name HTTP/1.1" status: 200 len: 311 time: 0.1026125
2026-06-30 19:14:43.090 10 INFO neutron.wsgi [req-a550b90b-6bfd-4695-b02a-59610e13fcd7 req-01f244eb-162d-4c73-b23a-5b0bff59150c 5236164aa587457e87252a81e1712d29 7de378ecd55648fbbf2180ea8f35c8e4 - - b7a65e3967cb45dbbcb89afd39f4f76c b7a65e3967cb45dbbcb89afd39f4f76c] 199.204.45.177 "GET /v2.0/subnets?id=4ecc23b6-a4f9-4182-8b89-d11fff0caf12&id=d19b2378-e3a9-4059-897d-2bbb8239a20b HTTP/1.1" status: 200 len: 1567 time: 0.0570571
2026-06-30 19:14:43.128 10 INFO neutron.wsgi [req-a550b90b-6bfd-4695-b02a-59610e13fcd7 req-f73626dd-6bfe-4a24-8e8a-f847d81ac22e 5236164aa587457e87252a81e1712d29 7de378ecd55648fbbf2180ea8f35c8e4 - - b7a65e3967cb45dbbcb89afd39f4f76c b7a65e3967cb45dbbcb89afd39f4f76c] 199.204.45.177 "GET /v2.0/ports?network_id=3ffd0ef6-839c-4b59-a7b5-c6ccbeb9ca75&device_owner=network%3Adhcp HTTP/1.1" status: 200 len: 210 time: 0.0235195
2026-06-30 19:14:43.158 10 INFO neutron.wsgi [req-a550b90b-6bfd-4695-b02a-59610e13fcd7 req-55ed14e5-cc24-48e9-a209-56925ff58c0b 5236164aa587457e87252a81e1712d29 7de378ecd55648fbbf2180ea8f35c8e4 - - b7a65e3967cb45dbbcb89afd39f4f76c b7a65e3967cb45dbbcb89afd39f4f76c] 199.204.45.177 "GET /v2.0/ports?network_id=3ffd0ef6-839c-4b59-a7b5-c6ccbeb9ca75&device_owner=network%3Adhcp HTTP/1.1" status: 200 len: 210 time: 0.0207076
2026-06-30 19:14:43.169 9 INFO neutron.db.ovn_revision_numbers_db [None req-82e30c96-36d2-4c62-8f9d-91015b037f83 - - - - - -] Successfully bumped revision number for resource 44e1136d-0dd0-4cd5-8866-212c64e0b83f (type: ports) to 2
2026-06-30 19:14:43.172 9 INFO neutron.db.ovn_revision_numbers_db [None req-33f26967-6c09-4f70-8b1b-554ffafa7aca a74c4bbdcdce480b83aabab0294bb7c8 dca83da2b95d428ca4574e9f570ff52f - - default default] Successfully bumped revision number for resource c5575b2c-dc6d-4396-9978-4d0fa5f87693 (type: ports) to 2
2026-06-30 19:14:43.183 9 INFO neutron.wsgi [None req-33f26967-6c09-4f70-8b1b-554ffafa7aca a74c4bbdcdce480b83aabab0294bb7c8 dca83da2b95d428ca4574e9f570ff52f - - default default] 10.0.0.91 "PUT /v2.0/ports/c5575b2c-dc6d-4396-9978-4d0fa5f87693 HTTP/1.1" status: 200 len: 946 time: 0.3650110
2026-06-30 19:14:43.296 10 INFO neutron.wsgi [req-a550b90b-6bfd-4695-b02a-59610e13fcd7 req-1b80fab1-6eb7-4eda-ac57-b28953811d7b 5236164aa587457e87252a81e1712d29 7de378ecd55648fbbf2180ea8f35c8e4 - - b7a65e3967cb45dbbcb89afd39f4f76c b7a65e3967cb45dbbcb89afd39f4f76c] 199.204.45.177 "GET /v2.0/networks/3ffd0ef6-839c-4b59-a7b5-c6ccbeb9ca75?fields=segments HTTP/1.1" status: 200 len: 212 time: 0.1247191
2026-06-30 19:14:43.325 10 INFO neutron.db.ovn_revision_numbers_db [None req-fee1c32e-a4c1-46ad-99c5-b880991e5df3 e1ac42cf41ce4d01ac325962aaac60c3 571f43a274f24479b12f7554ff301f21 - - default default] Successfully bumped revision number for resource 44e1136d-0dd0-4cd5-8866-212c64e0b83f (type: router_ports) to 1
2026-06-30 19:14:43.347 9 INFO neutron.db.ovn_revision_numbers_db [None req-82e30c96-36d2-4c62-8f9d-91015b037f83 - - - - - -] Successfully bumped revision number for resource 44e1136d-0dd0-4cd5-8866-212c64e0b83f (type: router_ports) to 2
2026-06-30 19:14:43.435 10 INFO neutron.wsgi [req-a550b90b-6bfd-4695-b02a-59610e13fcd7 req-843b5ed5-06a5-4a76-b12e-cd979dcd6f08 5236164aa587457e87252a81e1712d29 7de378ecd55648fbbf2180ea8f35c8e4 - - b7a65e3967cb45dbbcb89afd39f4f76c b7a65e3967cb45dbbcb89afd39f4f76c] 199.204.45.177 "GET /v2.0/networks/3ffd0ef6-839c-4b59-a7b5-c6ccbeb9ca75?fields=provider%3Aphysical_network&fields=provider%3Anetwork_type HTTP/1.1" status: 200 len: 277 time: 0.1224926
2026-06-30 19:14:43.575 10 INFO neutron.wsgi [req-d7296560-e43f-4a81-bece-c7906da1d0d5 req-4a03cc6e-e18a-4444-9f28-50af47a342f0 5236164aa587457e87252a81e1712d29 7de378ecd55648fbbf2180ea8f35c8e4 - - b7a65e3967cb45dbbcb89afd39f4f76c b7a65e3967cb45dbbcb89afd39f4f76c] 199.204.45.177 "GET /v2.0/ports?tenant_id=1765ada5f7ae457e82958e3b213838c2&device_id=2695030e-b2ff-433f-8d43-d0870c25822a HTTP/1.1" status: 200 len: 1632 time: 0.0740213
2026-06-30 19:14:43.644 10 INFO neutron.plugins.ml2.drivers.ovn.mech_driver.mech_driver [None req-a6ff4054-4c4e-4687-84ca-143e5307079f - - - - - -] OVN reports status up for port: 77b9f175-eef1-434e-b2e6-c5fec6dfd62a
2026-06-30 19:14:43.682 10 INFO neutron.wsgi [req-d7296560-e43f-4a81-bece-c7906da1d0d5 req-f3534689-7f1a-43f4-bd81-2f777315247f 5236164aa587457e87252a81e1712d29 7de378ecd55648fbbf2180ea8f35c8e4 - - b7a65e3967cb45dbbcb89afd39f4f76c b7a65e3967cb45dbbcb89afd39f4f76c] 199.204.45.177 "GET /v2.0/networks?id=3ffd0ef6-839c-4b59-a7b5-c6ccbeb9ca75 HTTP/1.1" status: 200 len: 1002 time: 0.0891433
2026-06-30 19:14:43.684 10 INFO neutron.plugins.ml2.plugin [None req-a6ff4054-4c4e-4687-84ca-143e5307079f - - - - - -] Attempt 1 to provision port 77b9f175-eef1-434e-b2e6-c5fec6dfd62a
2026-06-30 19:14:43.740 10 INFO neutron.wsgi [req-d7296560-e43f-4a81-bece-c7906da1d0d5 req-fb5021db-f001-4be2-828c-bb11f645d9b8 5236164aa587457e87252a81e1712d29 7de378ecd55648fbbf2180ea8f35c8e4 - - b7a65e3967cb45dbbcb89afd39f4f76c b7a65e3967cb45dbbcb89afd39f4f76c] 199.204.45.177 "GET /v2.0/floatingips?fixed_ip_address=10.2.2.95&port_id=77b9f175-eef1-434e-b2e6-c5fec6dfd62a HTTP/1.1" status: 200 len: 217 time: 0.0426643
2026-06-30 19:14:43.781 10 INFO neutron.wsgi [req-d7296560-e43f-4a81-bece-c7906da1d0d5 req-0714dacb-9b48-41f5-932c-4515900922ec 5236164aa587457e87252a81e1712d29 7de378ecd55648fbbf2180ea8f35c8e4 - - b7a65e3967cb45dbbcb89afd39f4f76c b7a65e3967cb45dbbcb89afd39f4f76c] 199.204.45.177 "GET /v2.0/floatingips?fixed_ip_address=fd77%3A1457%3A4cf0%3A26a8%3A%3Aea&port_id=77b9f175-eef1-434e-b2e6-c5fec6dfd62a HTTP/1.1" status: 200 len: 217 time: 0.0344818
2026-06-30 19:14:43.784 10 WARNING neutron.scheduler.dhcp_agent_scheduler [None req-742a341b-b265-4a50-ac11-3d67490f12a9 - - - - - -] No more DHCP agents
2026-06-30 19:14:43.787 10 WARNING neutron.api.rpc.agentnotifiers.dhcp_rpc_agent_api [None req-742a341b-b265-4a50-ac11-3d67490f12a9 - - - - - -] Unable to schedule network d118e12a-5f38-488f-b273-db860358fb80: no agents available; will retry on subsequent port and subnet creation events.
2026-06-30 19:14:43.791 10 INFO neutron.wsgi [None req-a565d66d-4600-46b2-9902-aa1b6ed401ed a74c4bbdcdce480b83aabab0294bb7c8 dca83da2b95d428ca4574e9f570ff52f - - default default] 10.0.0.91 "DELETE /v2.0/ports/c5575b2c-dc6d-4396-9978-4d0fa5f87693 HTTP/1.1" status: 204 len: 168 time: 0.5902483 /var/lib/openstack/lib/python3.10/site-packages/pycadf/identifier.py:71: UserWarning: Invalid uuid: neutron. To ensure interoperability, identifiers should be a valid uuid. warnings.warn(('Invalid uuid: %s. To ensure interoperability, '
2026-06-30 19:14:43.855 10 INFO neutron.wsgi [req-d7296560-e43f-4a81-bece-c7906da1d0d5 req-1409ae74-2944-485b-9217-8bc776f9b5e7 5236164aa587457e87252a81e1712d29 7de378ecd55648fbbf2180ea8f35c8e4 - - b7a65e3967cb45dbbcb89afd39f4f76c b7a65e3967cb45dbbcb89afd39f4f76c] 199.204.45.177 "GET /v2.0/subnets?id=4ecc23b6-a4f9-4182-8b89-d11fff0caf12&id=d19b2378-e3a9-4059-897d-2bbb8239a20b HTTP/1.1" status: 200 len: 1567 time: 0.0629556
2026-06-30 19:14:43.873 9 INFO neutron.wsgi [None req-6a1976cc-0578-4cc3-a2a8-ebd01545dc17 a74c4bbdcdce480b83aabab0294bb7c8 dca83da2b95d428ca4574e9f570ff52f - - default default] 10.0.0.91 "GET /v2.0/ports HTTP/1.1" status: 200 len: 1728 time: 0.0738940
2026-06-30 19:14:43.887 10 INFO neutron.wsgi [req-d7296560-e43f-4a81-bece-c7906da1d0d5 req-b6f715dd-658b-4200-9ce3-32abdcb7c963 5236164aa587457e87252a81e1712d29 7de378ecd55648fbbf2180ea8f35c8e4 - - b7a65e3967cb45dbbcb89afd39f4f76c b7a65e3967cb45dbbcb89afd39f4f76c] 199.204.45.177 "GET /v2.0/ports?network_id=3ffd0ef6-839c-4b59-a7b5-c6ccbeb9ca75&device_owner=network%3Adhcp HTTP/1.1" status: 200 len: 210 time: 0.0253515
2026-06-30 19:14:43.893 9 INFO neutron.pecan_wsgi.hooks.translation [None req-828c7807-6f60-487d-a85d-5e0521915b14 a74c4bbdcdce480b83aabab0294bb7c8 dca83da2b95d428ca4574e9f570ff52f - - default default] GET failed (client error): The resource could not be found.
2026-06-30 19:14:43.895 9 INFO neutron.wsgi [None req-828c7807-6f60-487d-a85d-5e0521915b14 a74c4bbdcdce480b83aabab0294bb7c8 dca83da2b95d428ca4574e9f570ff52f - - default default] 10.0.0.91 "GET /v2.0/ports/c5575b2c-dc6d-4396-9978-4d0fa5f87693 HTTP/1.1" status: 404 len: 333 time: 0.0170555
2026-06-30 19:14:43.919 10 INFO neutron.wsgi [req-d7296560-e43f-4a81-bece-c7906da1d0d5 req-6bbbe8e4-ca39-438f-966d-85d8dc004eb4 5236164aa587457e87252a81e1712d29 7de378ecd55648fbbf2180ea8f35c8e4 - - b7a65e3967cb45dbbcb89afd39f4f76c b7a65e3967cb45dbbcb89afd39f4f76c] 199.204.45.177 "GET /v2.0/ports?network_id=3ffd0ef6-839c-4b59-a7b5-c6ccbeb9ca75&device_owner=network%3Adhcp HTTP/1.1" status: 200 len: 210 time: 0.0249329
2026-06-30 19:14:43.955 9 INFO neutron.wsgi [None req-d8ad7b31-1d1c-451d-b3ab-0ee9c930c6e8 a74c4bbdcdce480b83aabab0294bb7c8 dca83da2b95d428ca4574e9f570ff52f - - default default] 10.0.0.91 "GET /v2.0/ports HTTP/1.1" status: 200 len: 1728 time: 0.0494692
2026-06-30 19:14:44.010 9 INFO neutron.wsgi [None req-2a35fb8f-2ab5-4463-becc-fe37aa945166 a74c4bbdcdce480b83aabab0294bb7c8 dca83da2b95d428ca4574e9f570ff52f - - default default] 10.0.0.91 "GET /v2.0/ports/73ff27cc-ef9f-4be4-af21-89b35316b590 HTTP/1.1" status: 200 len: 968 time: 0.0471187
2026-06-30 19:14:44.032 10 INFO neutron.wsgi [req-d7296560-e43f-4a81-bece-c7906da1d0d5 req-67f4e747-74c8-40fe-9923-d19b87573d99 5236164aa587457e87252a81e1712d29 7de378ecd55648fbbf2180ea8f35c8e4 - - b7a65e3967cb45dbbcb89afd39f4f76c b7a65e3967cb45dbbcb89afd39f4f76c] 199.204.45.177 "GET /v2.0/networks/3ffd0ef6-839c-4b59-a7b5-c6ccbeb9ca75?fields=segments HTTP/1.1" status: 200 len: 212 time: 0.1051419
2026-06-30 19:14:44.053 9 INFO neutron.pecan_wsgi.hooks.translation [None req-34e95c90-a031-4361-90af-5f1740fed013 a74c4bbdcdce480b83aabab0294bb7c8 dca83da2b95d428ca4574e9f570ff52f - - default default] DELETE failed (client error): The resource could not be found.
2026-06-30 19:14:44.056 9 INFO neutron.wsgi [None req-34e95c90-a031-4361-90af-5f1740fed013 a74c4bbdcdce480b83aabab0294bb7c8 dca83da2b95d428ca4574e9f570ff52f - - default default] 10.0.0.91 "DELETE /v2.0/ports/6a3f85ca-926f-4081-b670-4306dcdd0a49 HTTP/1.1" status: 404 len: 333 time: 0.0324888
2026-06-30 19:14:44.093 9 INFO neutron.pecan_wsgi.hooks.translation [None req-1443c186-d5c0-4697-9398-4a948baf0ca6 a74c4bbdcdce480b83aabab0294bb7c8 dca83da2b95d428ca4574e9f570ff52f - - default default] DELETE failed (client error): The resource could not be found.
2026-06-30 19:14:44.097 9 INFO neutron.wsgi [None req-1443c186-d5c0-4697-9398-4a948baf0ca6 a74c4bbdcdce480b83aabab0294bb7c8 dca83da2b95d428ca4574e9f570ff52f - - default default] 10.0.0.91 "DELETE /v2.0/subnets/bef5db47-bbb7-4125-975c-ac6af00f8bd0 HTTP/1.1" status: 404 len: 337 time: 0.0291843
2026-06-30 19:14:44.119 10 INFO neutron.db.ovn_revision_numbers_db [None req-742a341b-b265-4a50-ac11-3d67490f12a9 - - - - - -] Successfully bumped revision number for resource 1a20a4e5-8163-449b-8449-7f01401e9673 (type: ports) to 1
2026-06-30 19:14:44.123 9 INFO neutron.pecan_wsgi.hooks.translation [None req-559e2495-79ce-446f-92a7-1add941010b6 a74c4bbdcdce480b83aabab0294bb7c8 dca83da2b95d428ca4574e9f570ff52f - - default default] DELETE failed (client error): The resource could not be found.
2026-06-30 19:14:44.128 9 INFO neutron.wsgi [None req-559e2495-79ce-446f-92a7-1add941010b6 a74c4bbdcdce480b83aabab0294bb7c8 dca83da2b95d428ca4574e9f570ff52f - - default default] 10.0.0.91 "DELETE /v2.0/subnets/c97242e0-d497-4a44-8926-4892c3aac5ed HTTP/1.1" status: 404 len: 337 time: 0.0229864
2026-06-30 19:14:44.152 10 INFO neutron.wsgi [req-d7296560-e43f-4a81-bece-c7906da1d0d5 req-de3f7670-17cb-414f-a6ea-ba58ed970beb 5236164aa587457e87252a81e1712d29 7de378ecd55648fbbf2180ea8f35c8e4 - - b7a65e3967cb45dbbcb89afd39f4f76c b7a65e3967cb45dbbcb89afd39f4f76c] 199.204.45.177 "GET /v2.0/networks/3ffd0ef6-839c-4b59-a7b5-c6ccbeb9ca75?fields=provider%3Aphysical_network&fields=provider%3Anetwork_type HTTP/1.1" status: 200 len: 277 time: 0.1073523
2026-06-30 19:14:44.225 10 INFO neutron.db.ovn_revision_numbers_db [None req-a6ff4054-4c4e-4687-84ca-143e5307079f - - - - - -] Successfully bumped revision number for resource 77b9f175-eef1-434e-b2e6-c5fec6dfd62a (type: ports) to 4
2026-06-30 19:14:44.432 9 INFO neutron.wsgi [None req-988a3b15-e809-4af6-9ffe-0b42596170ae a74c4bbdcdce480b83aabab0294bb7c8 dca83da2b95d428ca4574e9f570ff52f - - default default] 10.0.0.91 "DELETE /v2.0/ports/73ff27cc-ef9f-4be4-af21-89b35316b590 HTTP/1.1" status: 204 len: 168 time: 0.2960238
2026-06-30 19:14:44.435 10 INFO neutron.db.ovn_revision_numbers_db [None req-742a341b-b265-4a50-ac11-3d67490f12a9 - - - - - -] Successfully bumped revision number for resource 1a20a4e5-8163-449b-8449-7f01401e9673 (type: ports) to 1 /var/lib/openstack/lib/python3.10/site-packages/pycadf/identifier.py:71: UserWarning: Invalid uuid: neutron. To ensure interoperability, identifiers should be a valid uuid. warnings.warn(('Invalid uuid: %s. To ensure interoperability, '
2026-06-30 19:14:44.812 10 INFO neutron.notifiers.nova [-] Nova event matching ['req-2f548b62-b916-4d4c-9488-16c9e666e4ac'] response: {'server_uuid': '2695030e-b2ff-433f-8d43-d0870c25822a', 'name': 'network-vif-plugged', 'status': 'completed', 'tag': '77b9f175-eef1-434e-b2e6-c5fec6dfd62a', 'code': 200}
2026-06-30 19:14:44.813 10 INFO neutron.notifiers.nova [-] Nova event matching ['req-2f548b62-b916-4d4c-9488-16c9e666e4ac'] response: {'server_uuid': '2695030e-b2ff-433f-8d43-d0870c25822a', 'name': 'network-vif-plugged', 'status': 'completed', 'tag': '77b9f175-eef1-434e-b2e6-c5fec6dfd62a', 'code': 200}
2026-06-30 19:14:44.832 9 INFO neutron.services.segments.plugin [-] Segment ee85d46d-ee41-401d-b9a5-55014294091a resource provider aggregate not found
2026-06-30 19:14:44.852 9 INFO neutron.services.segments.plugin [-] Segment ee85d46d-ee41-401d-b9a5-55014294091a resource provider not found; error: Placement Client Error (4xx): {"errors": [{"status": 404, "title": "Not Found", "detail": "The resource could not be found.\n\n No resource provider with uuid ee85d46d-ee41-401d-b9a5-55014294091a found for delete ", "request_id": "req-84b47a77-55d3-4d92-ac85-19ef1344d0a8"}]}
2026-06-30 19:14:44.858 9 INFO neutron.services.segments.plugin [-] Segment ee85d46d-ee41-401d-b9a5-55014294091a resource provider aggregate not found
2026-06-30 19:14:44.872 9 INFO neutron.services.segments.plugin [-] Segment ee85d46d-ee41-401d-b9a5-55014294091a resource provider not found; error: Placement Client Error (4xx): {"errors": [{"status": 404, "title": "Not Found", "detail": "The resource could not be found.\n\n No resource provider with uuid ee85d46d-ee41-401d-b9a5-55014294091a found for delete ", "request_id": "req-92544b6e-7757-4841-8cc2-bf8c8caee6bd"}]}
2026-06-30 19:14:44.882 9 INFO neutron.wsgi [None req-3a1435e6-67d1-4017-af18-1ca9c85aa547 a74c4bbdcdce480b83aabab0294bb7c8 dca83da2b95d428ca4574e9f570ff52f - - default default] 10.0.0.91 "DELETE /v2.0/networks/af0e0160-c92b-450e-931a-586acc100ddf HTTP/1.1" status: 204 len: 168 time: 0.4436800
2026-06-30 19:14:44.959 10 INFO neutron.wsgi [req-d5e4f52c-6478-4c50-bfcf-4ab8599b13bd req-fd344411-d139-42f1-b977-8b1801a089c5 e14242d363134b45b96bac6637f7142c 1765ada5f7ae457e82958e3b213838c2 - - default default] 10.0.0.149 "GET /v2.0/ports?device_id=2695030e-b2ff-433f-8d43-d0870c25822a HTTP/1.1" status: 200 len: 1396 time: 0.1835110
2026-06-30 19:14:45.020 10 INFO neutron.wsgi [req-d5e4f52c-6478-4c50-bfcf-4ab8599b13bd req-e84f68a3-7688-498e-8340-cc5a3b64b5d4 e14242d363134b45b96bac6637f7142c 1765ada5f7ae457e82958e3b213838c2 - - default default] 10.0.0.149 "GET /v2.0/security-groups?id=b91b15cb-d15f-4816-a01b-a6534f13b42f&fields=id&fields=name HTTP/1.1" status: 200 len: 311 time: 0.0527766
2026-06-30 19:14:45.024 10 INFO neutron.wsgi [None req-fee1c32e-a4c1-46ad-99c5-b880991e5df3 e1ac42cf41ce4d01ac325962aaac60c3 571f43a274f24479b12f7554ff301f21 - - default default] 10.0.0.91 "POST /v2.0/vpn/vpnservices HTTP/1.1" status: 201 len: 657 time: 8.8926601
2026-06-30 19:14:45.034 10 WARNING neutron_lib.context [None req-7fc975f6-7391-4aef-a4d5-297f1af27f30 e1ac42cf41ce4d01ac325962aaac60c3 571f43a274f24479b12f7554ff301f21 - - default default] Method 'is_advsvc' is deprecated since 2023.2 release (neutron-lib 3.8.0) and will be removed once support for the old RBAC API policies will be removed from Neutron. Please use method 'is_service_role' instead.
2026-06-30 19:14:45.305 9 INFO neutron.wsgi [-] 10.0.0.96 "GET / HTTP/1.1" status: 200 len: 247 time: 0.0026221
2026-06-30 19:14:45.308 9 INFO neutron.wsgi [-] 10.0.0.96 "GET / HTTP/1.1" status: 200 len: 247 time: 0.0018737
2026-06-30 19:14:45.461 10 INFO neutron.wsgi [None req-7fc975f6-7391-4aef-a4d5-297f1af27f30 e1ac42cf41ce4d01ac325962aaac60c3 571f43a274f24479b12f7554ff301f21 - - default default] 10.0.0.91 "POST /v2.0/vpn/vpnservices HTTP/1.1" status: 201 len: 622 time: 0.4316144
2026-06-30 19:14:45.472 10 WARNING neutron_lib.context [None req-afa3f59d-3cdb-45c6-9ec0-4aa2f7a3b77c e1ac42cf41ce4d01ac325962aaac60c3 571f43a274f24479b12f7554ff301f21 - - default default] Method 'is_advsvc' is deprecated since 2023.2 release (neutron-lib 3.8.0) and will be removed once support for the old RBAC API policies will be removed from Neutron. Please use method 'is_service_role' instead.
2026-06-30 19:14:45.509 10 INFO neutron.wsgi [None req-afa3f59d-3cdb-45c6-9ec0-4aa2f7a3b77c e1ac42cf41ce4d01ac325962aaac60c3 571f43a274f24479b12f7554ff301f21 - - default default] 10.0.0.91 "POST /v2.0/vpn/ikepolicies HTTP/1.1" status: 201 len: 602 time: 0.0420699
2026-06-30 19:14:45.519 10 WARNING neutron_lib.context [None req-86cfdfb6-eb29-4f14-95f8-f9927ff0f8f6 e1ac42cf41ce4d01ac325962aaac60c3 571f43a274f24479b12f7554ff301f21 - - default default] Method 'is_advsvc' is deprecated since 2023.2 release (neutron-lib 3.8.0) and will be removed once support for the old RBAC API policies will be removed from Neutron. Please use method 'is_service_role' instead.
2026-06-30 19:14:45.552 10 INFO neutron.wsgi [None req-86cfdfb6-eb29-4f14-95f8-f9927ff0f8f6 e1ac42cf41ce4d01ac325962aaac60c3 571f43a274f24479b12f7554ff301f21 - - default default] 10.0.0.91 "POST /v2.0/vpn/ipsecpolicies HTTP/1.1" status: 201 len: 612 time: 0.0384707
2026-06-30 19:14:45.562 10 WARNING neutron_lib.context [None req-9fdb41a0-b665-489a-815e-5e9e609db913 e1ac42cf41ce4d01ac325962aaac60c3 571f43a274f24479b12f7554ff301f21 - - default default] Method 'is_advsvc' is deprecated since 2023.2 release (neutron-lib 3.8.0) and will be removed once support for the old RBAC API policies will be removed from Neutron. Please use method 'is_service_role' instead.
2026-06-30 19:14:45.600 9 INFO neutron.wsgi [None req-7f7b8057-b17b-48b5-bded-06930f3c08b6 ef979f9f229945448379ee724be317d1 961d3458cc1244d5a0325340e06ef365 - - default default] 10.0.0.91 "GET /v2.0/security-groups?tenant_id=dca83da2b95d428ca4574e9f570ff52f&name=default HTTP/1.1" status: 200 len: 3120 time: 0.1809633
2026-06-30 19:14:45.631 10 INFO neutron.wsgi [None req-9fdb41a0-b665-489a-815e-5e9e609db913 e1ac42cf41ce4d01ac325962aaac60c3 571f43a274f24479b12f7554ff301f21 - - default default] 10.0.0.91 "POST /v2.0/vpn/endpoint-groups HTTP/1.1" status: 201 len: 528 time: 0.0732083
2026-06-30 19:14:45.641 10 WARNING neutron_lib.context [None req-9e018301-da75-4928-bcab-957b07bb4e48 e1ac42cf41ce4d01ac325962aaac60c3 571f43a274f24479b12f7554ff301f21 - - default default] Method 'is_advsvc' is deprecated since 2023.2 release (neutron-lib 3.8.0) and will be removed once support for the old RBAC API policies will be removed from Neutron. Please use method 'is_service_role' instead.
2026-06-30 19:14:45.690 10 INFO neutron.wsgi [None req-9e018301-da75-4928-bcab-957b07bb4e48 e1ac42cf41ce4d01ac325962aaac60c3 571f43a274f24479b12f7554ff301f21 - - default default] 10.0.0.91 "POST /v2.0/vpn/endpoint-groups HTTP/1.1" status: 201 len: 518 time: 0.0530601
2026-06-30 19:14:45.700 10 WARNING neutron_lib.context [None req-65bf59d6-bbf1-43a8-ade1-5cff2e1f0395 e1ac42cf41ce4d01ac325962aaac60c3 571f43a274f24479b12f7554ff301f21 - - default default] Method 'is_advsvc' is deprecated since 2023.2 release (neutron-lib 3.8.0) and will be removed once support for the old RBAC API policies will be removed from Neutron. Please use method 'is_service_role' instead.
2026-06-30 19:14:45.862 9 INFO neutron.wsgi [None req-a6ab1b72-8484-481c-bf4a-765a5d587675 ef979f9f229945448379ee724be317d1 961d3458cc1244d5a0325340e06ef365 - - default default] 10.0.0.91 "DELETE /v2.0/security-groups/22af3557-eb1d-4e20-b9a8-2c010ab13b1d HTTP/1.1" status: 204 len: 168 time: 0.2568066
2026-06-30 19:14:46.506 10 INFO neutron.db.ovn_revision_numbers_db [None req-65bf59d6-bbf1-43a8-ade1-5cff2e1f0395 e1ac42cf41ce4d01ac325962aaac60c3 571f43a274f24479b12f7554ff301f21 - - default default] Successfully bumped revision number for resource b439b64b-1f5f-4802-91e4-d74cd4be47c9 (type: routers) to 5
2026-06-30 19:14:46.542 10 INFO neutron.wsgi [None req-65bf59d6-bbf1-43a8-ade1-5cff2e1f0395 e1ac42cf41ce4d01ac325962aaac60c3 571f43a274f24479b12f7554ff301f21 - - default default] 10.0.0.91 "POST /v2.0/vpn/ipsec-site-connections HTTP/1.1" status: 201 len: 1002 time: 0.8485405
2026-06-30 19:14:46.553 10 WARNING neutron_lib.context [None req-958c6c31-47e5-417c-980e-b0cb8fbf5a08 e1ac42cf41ce4d01ac325962aaac60c3 571f43a274f24479b12f7554ff301f21 - - default default] Method 'is_advsvc' is deprecated since 2023.2 release (neutron-lib 3.8.0) and will be removed once support for the old RBAC API policies will be removed from Neutron. Please use method 'is_service_role' instead.
2026-06-30 19:14:46.596 10 INFO neutron.wsgi [None req-958c6c31-47e5-417c-980e-b0cb8fbf5a08 e1ac42cf41ce4d01ac325962aaac60c3 571f43a274f24479b12f7554ff301f21 - - default default] 10.0.0.91 "POST /v2.0/vpn/endpoint-groups HTTP/1.1" status: 201 len: 488 time: 0.0471106
2026-06-30 19:14:46.636 10 INFO neutron.wsgi [None req-59aec67e-9e9f-442e-b647-e19709835c83 e1ac42cf41ce4d01ac325962aaac60c3 571f43a274f24479b12f7554ff301f21 - - default default] 10.0.0.91 "DELETE /v2.0/vpn/endpoint-groups/34d03d72-0f6a-48fb-b095-63ba1180b8a0 HTTP/1.1" status: 204 len: 168 time: 0.0351353
2026-06-30 19:14:46.655 10 INFO neutron.wsgi [None req-7184f9ff-9fa4-4298-a357-a69ef3c0e465 e1ac42cf41ce4d01ac325962aaac60c3 571f43a274f24479b12f7554ff301f21 - - default default] 10.0.0.91 "GET /v2.0/vpn/endpoint-groups HTTP/1.1" status: 200 len: 827 time: 0.0133429
2026-06-30 19:14:46.668 10 INFO neutron.wsgi [None req-77d77733-f34d-4d8e-bf08-0468bb29bb91 e1ac42cf41ce4d01ac325962aaac60c3 571f43a274f24479b12f7554ff301f21 - - default default] 10.0.0.91 "GET /v2.0/vpn/endpoint-groups HTTP/1.1" status: 200 len: 827 time: 0.0074086
2026-06-30 19:14:47.295 9 INFO neutron.wsgi [None req-d766cfdb-c8d1-4d36-a1f8-ccb6e3b61050 53c7e91e58df4748b3d6f17fe67238ea a6e8fda5801348069207aef68737ef16 - - default default] 10.0.0.91 "POST /v2.0/vpn/ikepolicies HTTP/1.1" status: 201 len: 601 time: 0.2644589
2026-06-30 19:14:47.324 10 INFO neutron.wsgi [None req-25a86cb0-fd61-4977-a4e2-540194e618d7 e1ac42cf41ce4d01ac325962aaac60c3 571f43a274f24479b12f7554ff301f21 - - default default] 10.0.0.91 "GET /v2.0/vpn/ikepolicies HTTP/1.1" status: 200 len: 990 time: 0.0180156
2026-06-30 19:14:47.382 10 INFO neutron.wsgi [None req-38e3bdd6-de68-4510-b52d-007ea7bb6ec8 53c7e91e58df4748b3d6f17fe67238ea a6e8fda5801348069207aef68737ef16 - - default default] 10.0.0.91 "DELETE /v2.0/vpn/ikepolicies/6c6df6e7-4a47-463d-aa61-bdbc0e27f3c8 HTTP/1.1" status: 204 len: 168 time: 0.0510364
2026-06-30 19:14:47.435 10 INFO neutron.wsgi [None req-1e3fbae9-82ee-40ef-aa03-c7fc507c4a14 53c7e91e58df4748b3d6f17fe67238ea a6e8fda5801348069207aef68737ef16 - - default default] 10.0.0.91 "POST /v2.0/vpn/ipsecpolicies HTTP/1.1" status: 201 len: 611 time: 0.0430005
2026-06-30 19:14:47.480 10 INFO neutron.wsgi [None req-e34f9f40-6c7c-49d8-92a5-23fec975b325 e1ac42cf41ce4d01ac325962aaac60c3 571f43a274f24479b12f7554ff301f21 - - default default] 10.0.0.91 "GET /v2.0/vpn/ipsecpolicies HTTP/1.1" status: 200 len: 1008 time: 0.0325286
2026-06-30 19:14:47.531 10 INFO neutron.wsgi [None req-3c15b9a1-c19e-4952-957d-53ab14c94883 53c7e91e58df4748b3d6f17fe67238ea a6e8fda5801348069207aef68737ef16 - - default default] 10.0.0.91 "DELETE /v2.0/vpn/ipsecpolicies/3d7d0bdf-4962-4ceb-b0f4-70340b06fe92 HTTP/1.1" status: 204 len: 168 time: 0.0418959
2026-06-30 19:14:47.543 10 WARNING neutron_lib.context [None req-c15b308d-007a-4166-b80f-a9b2bafb25e2 e1ac42cf41ce4d01ac325962aaac60c3 571f43a274f24479b12f7554ff301f21 - - default default] Method 'is_advsvc' is deprecated since 2023.2 release (neutron-lib 3.8.0) and will be removed once support for the old RBAC API policies will be removed from Neutron. Please use method 'is_service_role' instead.
2026-06-30 19:14:47.630 10 INFO neutron.db.segments_db [None req-c15b308d-007a-4166-b80f-a9b2bafb25e2 e1ac42cf41ce4d01ac325962aaac60c3 571f43a274f24479b12f7554ff301f21 - - default default] Added segment e792781f-c499-4d08-8979-7914e64663d4 of type geneve for network e3d63ba2-82e8-44da-9824-1233eed925e3
2026-06-30 19:14:47.806 10 INFO neutron.db.ovn_revision_numbers_db [None req-c15b308d-007a-4166-b80f-a9b2bafb25e2 e1ac42cf41ce4d01ac325962aaac60c3 571f43a274f24479b12f7554ff301f21 - - default default] Successfully bumped revision number for resource e3d63ba2-82e8-44da-9824-1233eed925e3 (type: networks) to 1
2026-06-30 19:14:47.819 9 WARNING neutron_lib.context [None req-ce94459e-97f3-43b1-90f8-02183a8b74b6 e497ad48f7cb4fe697eeeb18620d823f 0e7d0695a25f402c99a43bc777794d31 - - default default] Method 'is_advsvc' is deprecated since 2023.2 release (neutron-lib 3.8.0) and will be removed once support for the old RBAC API policies will be removed from Neutron. Please use method 'is_service_role' instead.
2026-06-30 19:14:47.968 9 INFO neutron.db.ovn_revision_numbers_db [None req-ce94459e-97f3-43b1-90f8-02183a8b74b6 e497ad48f7cb4fe697eeeb18620d823f 0e7d0695a25f402c99a43bc777794d31 - - default default] Successfully bumped revision number for resource 1ad852f5-7570-4447-b3f1-219f4b565051 (type: security_groups) to 1
2026-06-30 19:14:47.981 9 INFO neutron.db.ovn_revision_numbers_db [None req-ce94459e-97f3-43b1-90f8-02183a8b74b6 e497ad48f7cb4fe697eeeb18620d823f 0e7d0695a25f402c99a43bc777794d31 - - default default] Successfully bumped revision number for resource 37b1e7ad-d281-43ed-bc94-5e3e830368dc (type: security_group_rules) to 0
2026-06-30 19:14:47.992 9 INFO neutron.db.ovn_revision_numbers_db [None req-ce94459e-97f3-43b1-90f8-02183a8b74b6 e497ad48f7cb4fe697eeeb18620d823f 0e7d0695a25f402c99a43bc777794d31 - - default default] Successfully bumped revision number for resource 426634f9-2905-4af6-975f-76a6e315096b (type: security_group_rules) to 0
2026-06-30 19:14:48.007 9 INFO neutron.db.ovn_revision_numbers_db [None req-ce94459e-97f3-43b1-90f8-02183a8b74b6 e497ad48f7cb4fe697eeeb18620d823f 0e7d0695a25f402c99a43bc777794d31 - - default default] Successfully bumped revision number for resource db33ed59-bff0-465a-9f96-2ad27c7b5b55 (type: security_group_rules) to 0
2026-06-30 19:14:48.013 10 WARNING neutron.scheduler.dhcp_agent_scheduler [None req-c15b308d-007a-4166-b80f-a9b2bafb25e2 e1ac42cf41ce4d01ac325962aaac60c3 571f43a274f24479b12f7554ff301f21 - - default default] No more DHCP agents
2026-06-30 19:14:48.017 10 WARNING neutron.api.rpc.agentnotifiers.dhcp_rpc_agent_api [None req-c15b308d-007a-4166-b80f-a9b2bafb25e2 e1ac42cf41ce4d01ac325962aaac60c3 571f43a274f24479b12f7554ff301f21 - - default default] Unable to schedule network e3d63ba2-82e8-44da-9824-1233eed925e3: no agents available; will retry on subsequent port and subnet creation events.
2026-06-30 19:14:48.019 9 INFO neutron.db.ovn_revision_numbers_db [None req-ce94459e-97f3-43b1-90f8-02183a8b74b6 e497ad48f7cb4fe697eeeb18620d823f 0e7d0695a25f402c99a43bc777794d31 - - default default] Successfully bumped revision number for resource e336dd8c-cef8-4422-aa68-258760dd492b (type: security_group_rules) to 0
2026-06-30 19:14:48.084 9 INFO neutron.db.segments_db [None req-ce94459e-97f3-43b1-90f8-02183a8b74b6 e497ad48f7cb4fe697eeeb18620d823f 0e7d0695a25f402c99a43bc777794d31 - - default default] Added segment e71fe2dd-7d3b-467e-b7d1-222a28a8a2b6 of type geneve for network 4f676906-5223-4c9b-be26-078dc8dd02c6
2026-06-30 19:14:48.117 10 INFO neutron.db.ovn_revision_numbers_db [None req-c15b308d-007a-4166-b80f-a9b2bafb25e2 e1ac42cf41ce4d01ac325962aaac60c3 571f43a274f24479b12f7554ff301f21 - - default default] Successfully bumped revision number for resource 7f30b038-25db-4be3-9260-f47d1e535651 (type: ports) to 1
2026-06-30 19:14:48.140 10 INFO neutron.wsgi [None req-c15b308d-007a-4166-b80f-a9b2bafb25e2 e1ac42cf41ce4d01ac325962aaac60c3 571f43a274f24479b12f7554ff301f21 - - default default] 10.0.0.91 "POST /v2.0/networks HTTP/1.1" status: 201 len: 831 time: 0.6020668
2026-06-30 19:14:48.152 9 WARNING neutron_lib.context [None req-ba07eb26-0de1-422c-bd0d-5638a364518a e1ac42cf41ce4d01ac325962aaac60c3 571f43a274f24479b12f7554ff301f21 - - default default] Method 'is_advsvc' is deprecated since 2023.2 release (neutron-lib 3.8.0) and will be removed once support for the old RBAC API policies will be removed from Neutron. Please use method 'is_service_role' instead.
2026-06-30 19:14:48.288 9 INFO neutron.db.ovn_revision_numbers_db [None req-ce94459e-97f3-43b1-90f8-02183a8b74b6 e497ad48f7cb4fe697eeeb18620d823f 0e7d0695a25f402c99a43bc777794d31 - - default default] Successfully bumped revision number for resource 4f676906-5223-4c9b-be26-078dc8dd02c6 (type: networks) to 1
2026-06-30 19:14:48.501 9 WARNING neutron.scheduler.dhcp_agent_scheduler [None req-ba07eb26-0de1-422c-bd0d-5638a364518a e1ac42cf41ce4d01ac325962aaac60c3 571f43a274f24479b12f7554ff301f21 - - default default] No more DHCP agents
2026-06-30 19:14:48.506 9 WARNING neutron.api.rpc.agentnotifiers.dhcp_rpc_agent_api [None req-ba07eb26-0de1-422c-bd0d-5638a364518a e1ac42cf41ce4d01ac325962aaac60c3 571f43a274f24479b12f7554ff301f21 - - default default] Unable to schedule network e3d63ba2-82e8-44da-9824-1233eed925e3: no agents available; will retry on subsequent port and subnet creation events.
2026-06-30 19:14:48.539 9 WARNING neutron.scheduler.dhcp_agent_scheduler [None req-ce94459e-97f3-43b1-90f8-02183a8b74b6 e497ad48f7cb4fe697eeeb18620d823f 0e7d0695a25f402c99a43bc777794d31 - - default default] No more DHCP agents
2026-06-30 19:14:48.544 9 WARNING neutron.api.rpc.agentnotifiers.dhcp_rpc_agent_api [None req-ce94459e-97f3-43b1-90f8-02183a8b74b6 e497ad48f7cb4fe697eeeb18620d823f 0e7d0695a25f402c99a43bc777794d31 - - default default] Unable to schedule network 4f676906-5223-4c9b-be26-078dc8dd02c6: no agents available; will retry on subsequent port and subnet creation events.
2026-06-30 19:14:48.666 9 INFO neutron.db.ovn_revision_numbers_db [None req-ce94459e-97f3-43b1-90f8-02183a8b74b6 e497ad48f7cb4fe697eeeb18620d823f 0e7d0695a25f402c99a43bc777794d31 - - default default] Successfully bumped revision number for resource c7c74d98-302c-47b7-997b-c75f51eb42a4 (type: ports) to 1
2026-06-30 19:14:48.697 9 INFO neutron.wsgi [None req-ce94459e-97f3-43b1-90f8-02183a8b74b6 e497ad48f7cb4fe697eeeb18620d823f 0e7d0695a25f402c99a43bc777794d31 - - default default] 10.0.0.91 "POST /v2.0/networks HTTP/1.1" status: 201 len: 828 time: 1.0342927
2026-06-30 19:14:48.709 10 WARNING neutron_lib.context [None req-dcb329ca-0fe3-4e2c-bf04-e95fc457920c e497ad48f7cb4fe697eeeb18620d823f 0e7d0695a25f402c99a43bc777794d31 - - default default] Method 'is_advsvc' is deprecated since 2023.2 release (neutron-lib 3.8.0) and will be removed once support for the old RBAC API policies will be removed from Neutron. Please use method 'is_service_role' instead.
2026-06-30 19:14:48.816 10 INFO neutron.db.segments_db [None req-dcb329ca-0fe3-4e2c-bf04-e95fc457920c e497ad48f7cb4fe697eeeb18620d823f 0e7d0695a25f402c99a43bc777794d31 - - default default] Added segment e9924cea-a47a-46bf-b00d-70ceab40b809 of type geneve for network e95d7031-69c8-4c28-970d-cf4a875ad171
2026-06-30 19:14:49.019 10 INFO neutron.db.ovn_revision_numbers_db [None req-dcb329ca-0fe3-4e2c-bf04-e95fc457920c e497ad48f7cb4fe697eeeb18620d823f 0e7d0695a25f402c99a43bc777794d31 - - default default] Successfully bumped revision number for resource e95d7031-69c8-4c28-970d-cf4a875ad171 (type: networks) to 1
2026-06-30 19:14:49.135 9 INFO neutron.db.ovn_revision_numbers_db [None req-ba07eb26-0de1-422c-bd0d-5638a364518a e1ac42cf41ce4d01ac325962aaac60c3 571f43a274f24479b12f7554ff301f21 - - default default] Successfully bumped revision number for resource 7f30b038-25db-4be3-9260-f47d1e535651 (type: ports) to 2
2026-06-30 19:14:49.166 9 INFO neutron.db.ovn_revision_numbers_db [None req-ba07eb26-0de1-422c-bd0d-5638a364518a e1ac42cf41ce4d01ac325962aaac60c3 571f43a274f24479b12f7554ff301f21 - - default default] Successfully bumped revision number for resource ee7414d5-ef4f-496c-a34e-84c04ecc76ed (type: subnets) to 0
2026-06-30 19:14:49.187 9 INFO neutron.wsgi [None req-ba07eb26-0de1-422c-bd0d-5638a364518a e1ac42cf41ce4d01ac325962aaac60c3 571f43a274f24479b12f7554ff301f21 - - default default] 10.0.0.91 "POST /v2.0/subnets HTTP/1.1" status: 201 len: 804 time: 1.0414486
2026-06-30 19:14:49.199 9 WARNING neutron_lib.context [None req-c44b9586-cf39-4340-be28-afdf15f5e895 e1ac42cf41ce4d01ac325962aaac60c3 571f43a274f24479b12f7554ff301f21 - - default default] Method 'is_advsvc' is deprecated since 2023.2 release (neutron-lib 3.8.0) and will be removed once support for the old RBAC API policies will be removed from Neutron. Please use method 'is_service_role' instead.
2026-06-30 19:14:49.204 10 WARNING neutron.scheduler.dhcp_agent_scheduler [None req-dcb329ca-0fe3-4e2c-bf04-e95fc457920c e497ad48f7cb4fe697eeeb18620d823f 0e7d0695a25f402c99a43bc777794d31 - - default default] No more DHCP agents
2026-06-30 19:14:49.206 10 WARNING neutron.api.rpc.agentnotifiers.dhcp_rpc_agent_api [None req-dcb329ca-0fe3-4e2c-bf04-e95fc457920c e497ad48f7cb4fe697eeeb18620d823f 0e7d0695a25f402c99a43bc777794d31 - - default default] Unable to schedule network e95d7031-69c8-4c28-970d-cf4a875ad171: no agents available; will retry on subsequent port and subnet creation events.
2026-06-30 19:14:49.319 10 INFO neutron.db.ovn_revision_numbers_db [None req-dcb329ca-0fe3-4e2c-bf04-e95fc457920c e497ad48f7cb4fe697eeeb18620d823f 0e7d0695a25f402c99a43bc777794d31 - - default default] Successfully bumped revision number for resource 569245b8-0eeb-4302-b9fd-b838aa9fdb7e (type: ports) to 1
2026-06-30 19:14:49.343 9 WARNING neutron.plugins.ml2.drivers.ovn.mech_driver.ovsdb.ovn_client [None req-82e30c96-36d2-4c62-8f9d-91015b037f83 - - - - - -] No hosting information found for port 44e1136d-0dd0-4cd5-8866-212c64e0b83f: RuntimeError: No hosting information found for port 44e1136d-0dd0-4cd5-8866-212c64e0b83f
2026-06-30 19:14:49.344 9 INFO neutron.plugins.ml2.drivers.ovn.mech_driver.mech_driver [None req-82e30c96-36d2-4c62-8f9d-91015b037f83 - - - - - -] OVN reports status down for port: c5575b2c-dc6d-4396-9978-4d0fa5f87693
2026-06-30 19:14:49.348 10 INFO neutron.wsgi [None req-dcb329ca-0fe3-4e2c-bf04-e95fc457920c e497ad48f7cb4fe697eeeb18620d823f 0e7d0695a25f402c99a43bc777794d31 - - default default] 10.0.0.91 "POST /v2.0/networks HTTP/1.1" status: 201 len: 829 time: 0.6443453
2026-06-30 19:14:49.359 10 WARNING neutron_lib.context [None req-83a71093-ec91-4d08-8a92-99b83d5cab4d e497ad48f7cb4fe697eeeb18620d823f 0e7d0695a25f402c99a43bc777794d31 - - default default] Method 'is_advsvc' is deprecated since 2023.2 release (neutron-lib 3.8.0) and will be removed once support for the old RBAC API policies will be removed from Neutron. Please use method 'is_service_role' instead.
2026-06-30 19:14:49.793 9 WARNING neutron.scheduler.dhcp_agent_scheduler [None req-c44b9586-cf39-4340-be28-afdf15f5e895 e1ac42cf41ce4d01ac325962aaac60c3 571f43a274f24479b12f7554ff301f21 - - default default] No more DHCP agents
2026-06-30 19:14:49.795 9 WARNING neutron.api.rpc.agentnotifiers.dhcp_rpc_agent_api [None req-c44b9586-cf39-4340-be28-afdf15f5e895 e1ac42cf41ce4d01ac325962aaac60c3 571f43a274f24479b12f7554ff301f21 - - default default] Unable to schedule network 2ce4b973-0e98-4eb1-bf26-a3b2771ccebd: no agents available; will retry on subsequent port and subnet creation events.
2026-06-30 19:14:49.923 10 WARNING neutron.scheduler.dhcp_agent_scheduler [None req-83a71093-ec91-4d08-8a92-99b83d5cab4d e497ad48f7cb4fe697eeeb18620d823f 0e7d0695a25f402c99a43bc777794d31 - - default default] No more DHCP agents
2026-06-30 19:14:49.924 10 WARNING neutron.api.rpc.agentnotifiers.dhcp_rpc_agent_api [None req-83a71093-ec91-4d08-8a92-99b83d5cab4d e497ad48f7cb4fe697eeeb18620d823f 0e7d0695a25f402c99a43bc777794d31 - - default default] Unable to schedule network 4f676906-5223-4c9b-be26-078dc8dd02c6: no agents available; will retry on subsequent port and subnet creation events.
2026-06-30 19:14:49.960 9 INFO neutron.db.ovn_revision_numbers_db [None req-c44b9586-cf39-4340-be28-afdf15f5e895 e1ac42cf41ce4d01ac325962aaac60c3 571f43a274f24479b12f7554ff301f21 - - default default] Successfully bumped revision number for resource d4605c7f-dba4-44eb-8608-4f8304a53220 (type: ports) to 1
2026-06-30 19:14:50.236 10 INFO neutron.wsgi [req-838d3c0a-acc1-4c53-bc07-0393361a96a8 req-10968cd9-32f3-47d0-85e9-3df8add724bd e14242d363134b45b96bac6637f7142c 1765ada5f7ae457e82958e3b213838c2 - - default default] 10.0.0.149 "GET /v2.0/ports?device_id=2695030e-b2ff-433f-8d43-d0870c25822a HTTP/1.1" status: 200 len: 1396 time: 0.1375940
2026-06-30 19:14:50.303 10 INFO neutron.wsgi [req-838d3c0a-acc1-4c53-bc07-0393361a96a8 req-33737251-12a1-4b73-810e-258290004277 e14242d363134b45b96bac6637f7142c 1765ada5f7ae457e82958e3b213838c2 - - default default] 10.0.0.149 "GET /v2.0/security-groups?id=b91b15cb-d15f-4816-a01b-a6534f13b42f&fields=id&fields=name HTTP/1.1" status: 200 len: 311 time: 0.0594902
2026-06-30 19:14:50.389 9 INFO neutron.plugins.ml2.drivers.ovn.mech_driver.mech_driver [None req-82e30c96-36d2-4c62-8f9d-91015b037f83 - - - - - -] OVN reports status up for port: 8a3f43a8-7730-4583-bf38-a81ec3aa7ead
2026-06-30 19:14:50.417 9 INFO neutron.plugins.ml2.plugin [None req-82e30c96-36d2-4c62-8f9d-91015b037f83 - - - - - -] Attempt 1 to provision port 8a3f43a8-7730-4583-bf38-a81ec3aa7ead
2026-06-30 19:14:50.529 9 INFO neutron.wsgi [None req-d1be604f-6aac-45b7-9629-703c085dd8f1 e14242d363134b45b96bac6637f7142c 1765ada5f7ae457e82958e3b213838c2 - - default default] 10.0.0.91 "GET /v2.0/ports?network_id=3ffd0ef6-839c-4b59-a7b5-c6ccbeb9ca75&mac_address=fa%3A16%3A3e%3A96%3A0b%3Ae2 HTTP/1.1" status: 200 len: 1391 time: 0.1841943
2026-06-30 19:14:50.547 10 WARNING neutron_lib.context [None req-6755fdc3-9b75-41c0-989b-afa5868f7a1c e14242d363134b45b96bac6637f7142c 1765ada5f7ae457e82958e3b213838c2 - - default default] Method 'is_advsvc' is deprecated since 2023.2 release (neutron-lib 3.8.0) and will be removed once support for the old RBAC API policies will be removed from Neutron. Please use method 'is_service_role' instead.
2026-06-30 19:14:50.621 10 INFO neutron.db.ovn_revision_numbers_db [None req-83a71093-ec91-4d08-8a92-99b83d5cab4d e497ad48f7cb4fe697eeeb18620d823f 0e7d0695a25f402c99a43bc777794d31 - - default default] Successfully bumped revision number for resource c7c74d98-302c-47b7-997b-c75f51eb42a4 (type: ports) to 2
2026-06-30 19:14:50.675 10 INFO neutron.db.ovn_revision_numbers_db [None req-83a71093-ec91-4d08-8a92-99b83d5cab4d e497ad48f7cb4fe697eeeb18620d823f 0e7d0695a25f402c99a43bc777794d31 - - default default] Successfully bumped revision number for resource 3f195c4c-6822-4e8b-a11c-01988c9d9ef9 (type: subnets) to 0
2026-06-30 19:14:50.696 10 INFO neutron.wsgi [None req-83a71093-ec91-4d08-8a92-99b83d5cab4d e497ad48f7cb4fe697eeeb18620d823f 0e7d0695a25f402c99a43bc777794d31 - - default default] 10.0.0.91 "POST /v2.0/subnets HTTP/1.1" status: 201 len: 801 time: 1.3423336
2026-06-30 19:14:50.711 10 WARNING neutron_lib.context [None req-0c865c3b-1ed5-4fff-ad4e-f8dbca29a9d5 e497ad48f7cb4fe697eeeb18620d823f 0e7d0695a25f402c99a43bc777794d31 - - default default] Method 'is_advsvc' is deprecated since 2023.2 release (neutron-lib 3.8.0) and will be removed once support for the old RBAC API policies will be removed from Neutron. Please use method 'is_service_role' instead.
2026-06-30 19:14:50.808 9 INFO neutron.db.ovn_revision_numbers_db [None req-82e30c96-36d2-4c62-8f9d-91015b037f83 - - - - - -] Successfully bumped revision number for resource 8a3f43a8-7730-4583-bf38-a81ec3aa7ead (type: ports) to 3
2026-06-30 19:14:50.905 10 WARNING neutron.scheduler.dhcp_agent_scheduler [None req-6755fdc3-9b75-41c0-989b-afa5868f7a1c e14242d363134b45b96bac6637f7142c 1765ada5f7ae457e82958e3b213838c2 - - default default] No more DHCP agents
2026-06-30 19:14:50.908 10 WARNING neutron.api.rpc.agentnotifiers.dhcp_rpc_agent_api [None req-6755fdc3-9b75-41c0-989b-afa5868f7a1c e14242d363134b45b96bac6637f7142c 1765ada5f7ae457e82958e3b213838c2 - - default default] Unable to schedule network 2ce4b973-0e98-4eb1-bf26-a3b2771ccebd: no agents available; will retry on subsequent port and subnet creation events.
2026-06-30 19:14:51.065 10 WARNING neutron.scheduler.dhcp_agent_scheduler [None req-0c865c3b-1ed5-4fff-ad4e-f8dbca29a9d5 e497ad48f7cb4fe697eeeb18620d823f 0e7d0695a25f402c99a43bc777794d31 - - default default] No more DHCP agents
2026-06-30 19:14:51.071 10 WARNING neutron.api.rpc.agentnotifiers.dhcp_rpc_agent_api [None req-0c865c3b-1ed5-4fff-ad4e-f8dbca29a9d5 e497ad48f7cb4fe697eeeb18620d823f 0e7d0695a25f402c99a43bc777794d31 - - default default] Unable to schedule network e95d7031-69c8-4c28-970d-cf4a875ad171: no agents available; will retry on subsequent port and subnet creation events.
2026-06-30 19:14:51.382 9 INFO neutron.plugins.ml2.drivers.ovn.mech_driver.ovsdb.commands [None req-ae05a08c-9445-4eb2-8314-492c230be400 - - - - - -] Schedule LRP lrp-d4605c7f-dba4-44eb-8608-4f8304a53220 on gateway 1216dddc-4e26-4a9d-9894-506659a4bf0c with priority 1
2026-06-30 19:14:51.403 10 INFO neutron.plugins.ml2.drivers.ovn.mech_driver.mech_driver [None req-a6ff4054-4c4e-4687-84ca-143e5307079f - - - - - -] OVN reports status up for port: d4605c7f-dba4-44eb-8608-4f8304a53220
2026-06-30 19:14:51.421 10 INFO neutron.plugins.ml2.plugin [None req-a6ff4054-4c4e-4687-84ca-143e5307079f - - - - - -] Attempt 1 to provision port d4605c7f-dba4-44eb-8608-4f8304a53220
2026-06-30 19:14:51.441 9 INFO neutron.db.ovn_revision_numbers_db [None req-c44b9586-cf39-4340-be28-afdf15f5e895 e1ac42cf41ce4d01ac325962aaac60c3 571f43a274f24479b12f7554ff301f21 - - default default] Successfully bumped revision number for resource d4605c7f-dba4-44eb-8608-4f8304a53220 (type: router_ports) to 1
2026-06-30 19:14:51.462 9 INFO neutron.plugins.ml2.drivers.ovn.mech_driver.mech_driver [None req-82e30c96-36d2-4c62-8f9d-91015b037f83 - - - - - -] OVN reports status up for port: 1a20a4e5-8163-449b-8449-7f01401e9673
2026-06-30 19:14:51.486 9 INFO neutron.plugins.ml2.plugin [None req-82e30c96-36d2-4c62-8f9d-91015b037f83 - - - - - -] Attempt 1 to provision port 1a20a4e5-8163-449b-8449-7f01401e9673
2026-06-30 19:14:51.525 9 INFO neutron.db.ovn_revision_numbers_db [None req-c44b9586-cf39-4340-be28-afdf15f5e895 e1ac42cf41ce4d01ac325962aaac60c3 571f43a274f24479b12f7554ff301f21 - - default default] Successfully bumped revision number for resource 45f8ea0b-6fc4-4146-b1f3-607b5a0bc9ff (type: routers) to 2
2026-06-30 19:14:51.548 9 INFO neutron.wsgi [None req-c44b9586-cf39-4340-be28-afdf15f5e895 e1ac42cf41ce4d01ac325962aaac60c3 571f43a274f24479b12f7554ff301f21 - - default default] 10.0.0.91 "POST /v2.0/routers HTTP/1.1" status: 201 len: 1134 time: 2.3555238
2026-06-30 19:14:51.763 9 INFO neutron.db.ovn_revision_numbers_db [None req-82e30c96-36d2-4c62-8f9d-91015b037f83 - - - - - -] Successfully bumped revision number for resource 1a20a4e5-8163-449b-8449-7f01401e9673 (type: ports) to 3
2026-06-30 19:14:52.262 10 INFO neutron.db.ovn_revision_numbers_db [None req-0c865c3b-1ed5-4fff-ad4e-f8dbca29a9d5 e497ad48f7cb4fe697eeeb18620d823f 0e7d0695a25f402c99a43bc777794d31 - - default default] Successfully bumped revision number for resource 569245b8-0eeb-4302-b9fd-b838aa9fdb7e (type: ports) to 2
2026-06-30 19:14:52.368 10 INFO neutron.db.ovn_revision_numbers_db [None req-0c865c3b-1ed5-4fff-ad4e-f8dbca29a9d5 e497ad48f7cb4fe697eeeb18620d823f 0e7d0695a25f402c99a43bc777794d31 - - default default] Successfully bumped revision number for resource 1f40c4bf-bb87-48db-bad4-bfccf4dc5ec0 (type: subnets) to 0
2026-06-30 19:14:52.378 10 INFO neutron.db.ovn_revision_numbers_db [None req-6755fdc3-9b75-41c0-989b-afa5868f7a1c e14242d363134b45b96bac6637f7142c 1765ada5f7ae457e82958e3b213838c2 - - default default] Successfully bumped revision number for resource 60e30736-d39d-40da-9bcf-f52cb7422d02 (type: floatingips) to -1
2026-06-30 19:14:52.397 10 INFO neutron.wsgi [None req-0c865c3b-1ed5-4fff-ad4e-f8dbca29a9d5 e497ad48f7cb4fe697eeeb18620d823f 0e7d0695a25f402c99a43bc777794d31 - - default default] 10.0.0.91 "POST /v2.0/subnets HTTP/1.1" status: 201 len: 801 time: 1.6929290 /var/lib/openstack/lib/python3.10/site-packages/pycadf/identifier.py:71: UserWarning: Invalid uuid: neutron. To ensure interoperability, identifiers should be a valid uuid. warnings.warn(('Invalid uuid: %s. To ensure interoperability, '
2026-06-30 19:14:52.415 9 WARNING neutron_lib.context [None req-fcabfa52-1fdc-413b-a8d8-8ba46c2096c3 e497ad48f7cb4fe697eeeb18620d823f 0e7d0695a25f402c99a43bc777794d31 - - default default] Method 'is_advsvc' is deprecated since 2023.2 release (neutron-lib 3.8.0) and will be removed once support for the old RBAC API policies will be removed from Neutron. Please use method 'is_service_role' instead.
2026-06-30 19:14:52.561 9 INFO neutron.db.ovn_revision_numbers_db [None req-fcabfa52-1fdc-413b-a8d8-8ba46c2096c3 e497ad48f7cb4fe697eeeb18620d823f 0e7d0695a25f402c99a43bc777794d31 - - default default] Successfully bumped revision number for resource fe6b0942-fb05-4ca2-9d70-60bcc88f51d8 (type: routers) to 1
2026-06-30 19:14:52.578 9 INFO neutron.wsgi [None req-fcabfa52-1fdc-413b-a8d8-8ba46c2096c3 e497ad48f7cb4fe697eeeb18620d823f 0e7d0695a25f402c99a43bc777794d31 - - default default] 10.0.0.91 "POST /v2.0/routers HTTP/1.1" status: 201 len: 801 time: 0.1730323
2026-06-30 19:14:52.600 10 INFO neutron.db.ovn_revision_numbers_db [None req-6755fdc3-9b75-41c0-989b-afa5868f7a1c e14242d363134b45b96bac6637f7142c 1765ada5f7ae457e82958e3b213838c2 - - default default] Successfully bumped revision number for resource 60e30736-d39d-40da-9bcf-f52cb7422d02 (type: floatingips) to 1
2026-06-30 19:14:52.600 10 INFO neutron.db.l3_db [None req-6755fdc3-9b75-41c0-989b-afa5868f7a1c e14242d363134b45b96bac6637f7142c 1765ada5f7ae457e82958e3b213838c2 - - default default] Floating IP 60e30736-d39d-40da-9bcf-f52cb7422d02 associated. External IP: 10.96.250.214, port: 77b9f175-eef1-434e-b2e6-c5fec6dfd62a.
2026-06-30 19:14:52.656 10 INFO neutron.wsgi [None req-6755fdc3-9b75-41c0-989b-afa5868f7a1c e14242d363134b45b96bac6637f7142c 1765ada5f7ae457e82958e3b213838c2 - - default default] 10.0.0.91 "POST /v2.0/floatingips HTTP/1.1" status: 201 len: 1053 time: 2.1149881
2026-06-30 19:14:52.712 10 INFO neutron.notifiers.nova [-] Nova event matching ['req-545f2963-e34e-4e4c-9f35-931ccd017387'] response: {'name': 'network-changed', 'server_uuid': '2695030e-b2ff-433f-8d43-d0870c25822a', 'tag': '77b9f175-eef1-434e-b2e6-c5fec6dfd62a', 'status': 'completed', 'code': 200}
2026-06-30 19:14:52.827 10 INFO neutron.wsgi [req-7989eef0-516a-4cd0-b1ab-84838d0d9eaa req-64139c21-c879-438c-a68b-347da26eb522 5236164aa587457e87252a81e1712d29 7de378ecd55648fbbf2180ea8f35c8e4 - - b7a65e3967cb45dbbcb89afd39f4f76c b7a65e3967cb45dbbcb89afd39f4f76c] 199.204.45.177 "GET /v2.0/ports?tenant_id=1765ada5f7ae457e82958e3b213838c2&device_id=2695030e-b2ff-433f-8d43-d0870c25822a HTTP/1.1" status: 200 len: 1634 time: 0.0823867
2026-06-30 19:14:52.913 10 WARNING neutron.scheduler.dhcp_agent_scheduler [None req-6feb7fc3-8bb2-4873-8e58-17eccc371885 e1ac42cf41ce4d01ac325962aaac60c3 571f43a274f24479b12f7554ff301f21 - - default default] No more DHCP agents
2026-06-30 19:14:52.917 10 WARNING neutron.api.rpc.agentnotifiers.dhcp_rpc_agent_api [None req-6feb7fc3-8bb2-4873-8e58-17eccc371885 e1ac42cf41ce4d01ac325962aaac60c3 571f43a274f24479b12f7554ff301f21 - - default default] Unable to schedule network e3d63ba2-82e8-44da-9824-1233eed925e3: no agents available; will retry on subsequent port and subnet creation events.
2026-06-30 19:14:52.924 10 INFO neutron.wsgi [req-7989eef0-516a-4cd0-b1ab-84838d0d9eaa req-6b8ba06d-0d2b-4f57-a4a5-88de2f5e8fdf 5236164aa587457e87252a81e1712d29 7de378ecd55648fbbf2180ea8f35c8e4 - - b7a65e3967cb45dbbcb89afd39f4f76c b7a65e3967cb45dbbcb89afd39f4f76c] 199.204.45.177 "GET /v2.0/networks?id=3ffd0ef6-839c-4b59-a7b5-c6ccbeb9ca75 HTTP/1.1" status: 200 len: 1002 time: 0.0892634
