2026-06-30 19:12:44.283 10 INFO neutron.wsgi [None req-a0dd330b-4f0d-4adc-9f36-9c1d34e0efae aaddf7f6f8164e148cb64349fc1e798a 12919a16ae3c44bf993da54b315e19da - - default default] 10.0.0.91 "GET /v2.0/extensions/security-groups-shared-filtering HTTP/1.1" status: 200 len: 435 time: 0.0065563
2026-06-30 19:12:44.296 9 INFO neutron.wsgi [None req-287efca1-03da-4a87-8630-b62936b19937 aaddf7f6f8164e148cb64349fc1e798a 12919a16ae3c44bf993da54b315e19da - - default default] 10.0.0.91 "GET /v2.0/extensions/security-group HTTP/1.1" status: 200 len: 364 time: 0.0045013
2026-06-30 19:12:44.314 9 INFO neutron.wsgi [None req-6f9d7bcc-9be8-452d-885b-10472c09460c aaddf7f6f8164e148cb64349fc1e798a 12919a16ae3c44bf993da54b315e19da - - default default] 10.0.0.91 "GET /v2.0/extensions/segment HTTP/1.1" status: 200 len: 339 time: 0.0034940
2026-06-30 19:12:44.326 9 INFO neutron.wsgi [None req-ea276870-d080-4e31-a17c-29b004df50ae aaddf7f6f8164e148cb64349fc1e798a 12919a16ae3c44bf993da54b315e19da - - default default] 10.0.0.91 "GET /v2.0/extensions/segments-peer-subnet-host-routes HTTP/1.1" status: 200 len: 427 time: 0.0037525
2026-06-30 19:12:44.346 9 INFO neutron.wsgi [None req-9faa77b8-62ac-4c51-9351-0f49432fca23 aaddf7f6f8164e148cb64349fc1e798a 12919a16ae3c44bf993da54b315e19da - - default default] 10.0.0.91 "GET /v2.0/extensions/service-type HTTP/1.1" status: 200 len: 415 time: 0.0110056
2026-06-30 19:12:44.355 10 INFO neutron.wsgi [None req-0737bb5c-736e-4f7b-87bf-d6a3e21eaf9e aaddf7f6f8164e148cb64349fc1e798a 12919a16ae3c44bf993da54b315e19da - - default default] 10.0.0.91 "GET /v2.0/extensions/sorting HTTP/1.1" status: 200 len: 377 time: 0.0052867
2026-06-30 19:12:44.362 9 INFO neutron.db.ovn_revision_numbers_db [None req-a5f8d9c4-0179-407d-ad49-c2b4bb6a8d2b - - - - - -] Successfully bumped revision number for resource 03be5636-7433-4e17-ab59-aa69fe657b17 (type: ports) to 2
2026-06-30 19:12:44.364 10 INFO neutron.wsgi [None req-cc405924-c00e-4261-a4b2-cd90c88c9c15 aaddf7f6f8164e148cb64349fc1e798a 12919a16ae3c44bf993da54b315e19da - - default default] 10.0.0.91 "GET /v2.0/extensions/standard-attr-segment HTTP/1.1" status: 200 len: 406 time: 0.0040329
2026-06-30 19:12:44.373 10 INFO neutron.wsgi [None req-97736768-45eb-4800-905b-fc535dc086c4 aaddf7f6f8164e148cb64349fc1e798a 12919a16ae3c44bf993da54b315e19da - - default default] 10.0.0.91 "GET /v2.0/extensions/standard-attr-description HTTP/1.1" status: 200 len: 408 time: 0.0042834
2026-06-30 19:12:44.380 10 INFO neutron.wsgi [None req-ab27e63f-cf48-4cd7-af6b-6b8b5d147a0a aaddf7f6f8164e148cb64349fc1e798a 12919a16ae3c44bf993da54b315e19da - - default default] 10.0.0.91 "GET /v2.0/extensions/stateful-security-group HTTP/1.1" status: 200 len: 402 time: 0.0032356
2026-06-30 19:12:44.389 9 INFO neutron.wsgi [None req-49a8e88e-c453-4709-ad5a-c20d56026280 aaddf7f6f8164e148cb64349fc1e798a 12919a16ae3c44bf993da54b315e19da - - default default] 10.0.0.91 "GET /v2.0/extensions/subnet-dns-publish-fixed-ip HTTP/1.1" status: 200 len: 421 time: 0.0047495
2026-06-30 19:12:44.398 10 INFO neutron.wsgi [None req-1c44acf5-3bee-4055-9291-0e0b1ebe32d5 aaddf7f6f8164e148cb64349fc1e798a 12919a16ae3c44bf993da54b315e19da - - default default] 10.0.0.91 "GET /v2.0/extensions/subnet-segmentid-writable HTTP/1.1" status: 200 len: 421 time: 0.0046606
2026-06-30 19:12:44.408 9 INFO neutron.wsgi [None req-12899819-a1bc-45b2-95bd-36b0a395bbdd aaddf7f6f8164e148cb64349fc1e798a 12919a16ae3c44bf993da54b315e19da - - default default] 10.0.0.91 "GET /v2.0/extensions/subnet-service-types HTTP/1.1" status: 200 len: 400 time: 0.0038595
2026-06-30 19:12:44.416 10 INFO neutron.wsgi [None req-0cf1278f-1f1d-4c24-81f8-66a2f41a06fa aaddf7f6f8164e148cb64349fc1e798a 12919a16ae3c44bf993da54b315e19da - - default default] 10.0.0.91 "GET /v2.0/extensions/subnet_allocation HTTP/1.1" status: 200 len: 388 time: 0.0040503
2026-06-30 19:12:44.423 10 INFO neutron.wsgi [None req-cfdcb97f-e565-4cf5-b3a0-56ed880030c8 aaddf7f6f8164e148cb64349fc1e798a 12919a16ae3c44bf993da54b315e19da - - default default] 10.0.0.91 "GET /v2.0/extensions/subnetpool-prefix-ops HTTP/1.1" status: 200 len: 418 time: 0.0034111
2026-06-30 19:12:44.432 9 INFO neutron.wsgi [None req-51efa98f-b5a9-4aea-a132-4662df385125 aaddf7f6f8164e148cb64349fc1e798a 12919a16ae3c44bf993da54b315e19da - - default default] 10.0.0.91 "GET /v2.0/extensions/standard-attr-tag HTTP/1.1" status: 200 len: 537 time: 0.0056062
2026-06-30 19:12:44.440 9 INFO neutron.wsgi [None req-c8535da3-418b-4eae-9d47-34f4d7db0d9d aaddf7f6f8164e148cb64349fc1e798a 12919a16ae3c44bf993da54b315e19da - - default default] 10.0.0.91 "GET /v2.0/extensions/standard-attr-timestamp HTTP/1.1" status: 200 len: 449 time: 0.0035875
2026-06-30 19:12:44.443 10 WARNING neutron.scheduler.dhcp_agent_scheduler [None req-ab0ecb82-e062-413f-9f07-1b5776177258 024f32b6fadc4369aa6062a20762bbbd 305b448672ea4e2f821f792bd7bf428e - - default default] No more DHCP agents
2026-06-30 19:12:44.449 10 INFO neutron.wsgi [None req-647bb2a8-3d8f-4080-9067-7869da9987bb aaddf7f6f8164e148cb64349fc1e798a 12919a16ae3c44bf993da54b315e19da - - default default] 10.0.0.91 "GET /v2.0/extensions/trunk HTTP/1.1" status: 200 len: 358 time: 0.0041342
2026-06-30 19:12:44.451 10 WARNING neutron.api.rpc.agentnotifiers.dhcp_rpc_agent_api [None req-ab0ecb82-e062-413f-9f07-1b5776177258 024f32b6fadc4369aa6062a20762bbbd 305b448672ea4e2f821f792bd7bf428e - - default default] Unable to schedule network 2ce4b973-0e98-4eb1-bf26-a3b2771ccebd: no agents available; will retry on subsequent port and subnet creation events.
2026-06-30 19:12:44.459 9 INFO neutron.wsgi [None req-a1cb7029-9bf9-4334-ad74-bc54890d5098 aaddf7f6f8164e148cb64349fc1e798a 12919a16ae3c44bf993da54b315e19da - - default default] 10.0.0.91 "GET /v2.0/extensions/trunk-details HTTP/1.1" status: 200 len: 362 time: 0.0042970
2026-06-30 19:12:44.468 10 INFO neutron.wsgi [None req-d1e99a86-29df-454f-8741-b9cddc2e8189 aaddf7f6f8164e148cb64349fc1e798a 12919a16ae3c44bf993da54b315e19da - - default default] 10.0.0.91 "GET /v2.0/extensions/vpn-agent-scheduler HTTP/1.1" status: 200 len: 393 time: 0.0032966
2026-06-30 19:12:44.475 10 INFO neutron.wsgi [None req-398940d5-d94c-4973-9a96-b580fcb9eb22 aaddf7f6f8164e148cb64349fc1e798a 12919a16ae3c44bf993da54b315e19da - - default default] 10.0.0.91 "GET /v2.0/extensions/vpn-endpoint-groups HTTP/1.1" status: 200 len: 371 time: 0.0040154
2026-06-30 19:12:44.486 10 INFO neutron.wsgi [None req-370e394a-7583-4b3f-ba40-7e5872aacb84 aaddf7f6f8164e148cb64349fc1e798a 12919a16ae3c44bf993da54b315e19da - - default default] 10.0.0.91 "GET /v2.0/extensions/vpn-flavors HTTP/1.1" status: 200 len: 376 time: 0.0075634
2026-06-30 19:12:44.494 10 INFO neutron.wsgi [None req-b54657cd-90cf-498a-a421-7e7395b55044 aaddf7f6f8164e148cb64349fc1e798a 12919a16ae3c44bf993da54b315e19da - - default default] 10.0.0.91 "GET /v2.0/extensions/vpnaas HTTP/1.1" status: 200 len: 348 time: 0.0044978
2026-06-30 19:12:44.605 10 INFO neutron.db.ovn_revision_numbers_db [None req-ab0ecb82-e062-413f-9f07-1b5776177258 024f32b6fadc4369aa6062a20762bbbd 305b448672ea4e2f821f792bd7bf428e - - default default] Successfully bumped revision number for resource 67633672-fd21-43e5-aa3e-1acf594b2ed4 (type: ports) to 1
2026-06-30 19:12:44.800 10 INFO neutron.plugins.ml2.drivers.ovn.mech_driver.mech_driver [None req-a6ff4054-4c4e-4687-84ca-143e5307079f - - - - - -] OVN reports status up for port: 492ea92a-332f-472c-b3b2-b609de8b6b60
2026-06-30 19:12:44.815 10 INFO neutron.plugins.ml2.plugin [None req-a6ff4054-4c4e-4687-84ca-143e5307079f - - - - - -] Attempt 1 to provision port 492ea92a-332f-472c-b3b2-b609de8b6b60
2026-06-30 19:12:44.836 9 INFO neutron.db.ovn_revision_numbers_db [None req-124a4027-7d99-483c-a7c9-c5ed0d954a17 ef979f9f229945448379ee724be317d1 961d3458cc1244d5a0325340e06ef365 - - default default] Successfully bumped revision number for resource 492ea92a-332f-472c-b3b2-b609de8b6b60 (type: ports) to 1
2026-06-30 19:12:44.965 9 WARNING neutron.scheduler.dhcp_agent_scheduler [None req-124a4027-7d99-483c-a7c9-c5ed0d954a17 ef979f9f229945448379ee724be317d1 961d3458cc1244d5a0325340e06ef365 - - default default] No more DHCP agents
2026-06-30 19:12:44.975 9 WARNING neutron.api.rpc.agentnotifiers.dhcp_rpc_agent_api [None req-124a4027-7d99-483c-a7c9-c5ed0d954a17 ef979f9f229945448379ee724be317d1 961d3458cc1244d5a0325340e06ef365 - - default default] Unable to schedule network a87f1ecc-d625-416d-9c99-cee6ffa79e0f: no agents available; will retry on subsequent port and subnet creation events.
2026-06-30 19:12:45.207 9 INFO neutron.db.ovn_revision_numbers_db [None req-a5f8d9c4-0179-407d-ad49-c2b4bb6a8d2b - - - - - -] Successfully bumped revision number for resource 03be5636-7433-4e17-ab59-aa69fe657b17 (type: ports) to 4
2026-06-30 19:12:45.307 9 INFO neutron.wsgi [-] 10.0.0.96 "GET / HTTP/1.1" status: 200 len: 247 time: 0.0016019
2026-06-30 19:12:45.309 9 INFO neutron.wsgi [-] 10.0.0.96 "GET / HTTP/1.1" status: 200 len: 247 time: 0.0008900
2026-06-30 19:12:45.482 9 INFO neutron.db.ovn_revision_numbers_db [None req-f042e773-d9c3-4f83-b9f9-ceee1cb749cb ef979f9f229945448379ee724be317d1 961d3458cc1244d5a0325340e06ef365 - - default default] Successfully bumped revision number for resource 188837f0-980f-4105-a56b-b3ef82fca44b (type: security_groups) to 1
2026-06-30 19:12:45.515 9 INFO neutron.db.ovn_revision_numbers_db [None req-f042e773-d9c3-4f83-b9f9-ceee1cb749cb ef979f9f229945448379ee724be317d1 961d3458cc1244d5a0325340e06ef365 - - default default] Successfully bumped revision number for resource 56c68549-12ed-406b-a29e-c607f3e19a8e (type: security_group_rules) to 0
2026-06-30 19:12:45.542 9 INFO neutron.db.ovn_revision_numbers_db [None req-f042e773-d9c3-4f83-b9f9-ceee1cb749cb ef979f9f229945448379ee724be317d1 961d3458cc1244d5a0325340e06ef365 - - default default] Successfully bumped revision number for resource 89c8681d-32a3-473b-81c6-c301d013cb7d (type: security_group_rules) to 0
2026-06-30 19:12:45.575 9 INFO neutron.db.ovn_revision_numbers_db [None req-f042e773-d9c3-4f83-b9f9-ceee1cb749cb ef979f9f229945448379ee724be317d1 961d3458cc1244d5a0325340e06ef365 - - default default] Successfully bumped revision number for resource a14020e5-3e24-4408-b4ad-c85aa760cd23 (type: security_group_rules) to 0
2026-06-30 19:12:45.595 9 INFO neutron.db.ovn_revision_numbers_db [None req-f042e773-d9c3-4f83-b9f9-ceee1cb749cb ef979f9f229945448379ee724be317d1 961d3458cc1244d5a0325340e06ef365 - - default default] Successfully bumped revision number for resource b283c4fa-ac62-44f5-b515-311df6afc4d1 (type: security_group_rules) to 0
2026-06-30 19:12:45.641 9 INFO neutron.wsgi [None req-f042e773-d9c3-4f83-b9f9-ceee1cb749cb ef979f9f229945448379ee724be317d1 961d3458cc1244d5a0325340e06ef365 - - default default] 10.0.0.91 "GET /v2.0/security-groups?tenant_id=12919a16ae3c44bf993da54b315e19da&name=default HTTP/1.1" status: 200 len: 3120 time: 0.5662711
2026-06-30 19:12:45.710 10 INFO neutron.db.ovn_revision_numbers_db [None req-a6ff4054-4c4e-4687-84ca-143e5307079f - - - - - -] Successfully bumped revision number for resource 492ea92a-332f-472c-b3b2-b609de8b6b60 (type: ports) to 2
2026-06-30 19:12:45.716 9 INFO neutron.db.ovn_revision_numbers_db [None req-a5f8d9c4-0179-407d-ad49-c2b4bb6a8d2b - - - - - -] Successfully bumped revision number for resource 03be5636-7433-4e17-ab59-aa69fe657b17 (type: router_ports) to 4
2026-06-30 19:12:45.717 10 INFO neutron.plugins.ml2.drivers.ovn.mech_driver.ovsdb.commands [None req-c3c3cbba-b555-4f71-8e6a-2babebc29b35 - - - - - -] Schedule LRP lrp-67633672-fd21-43e5-aa3e-1acf594b2ed4 on gateway 1216dddc-4e26-4a9d-9894-506659a4bf0c with priority 1
2026-06-30 19:12:45.752 9 INFO neutron.plugins.ml2.drivers.ovn.mech_driver.mech_driver [None req-82e30c96-36d2-4c62-8f9d-91015b037f83 - - - - - -] OVN reports status up for port: 67633672-fd21-43e5-aa3e-1acf594b2ed4
2026-06-30 19:12:45.772 10 INFO neutron.plugins.ml2.drivers.ovn.mech_driver.ovsdb.ovsdb_monitor [None req-aaa94f13-b46f-4dd2-88b8-18011223298c - - - - - -] Router bdf18144-c999-438c-8f00-2d68286ca7ec is bound to host instance
2026-06-30 19:12:45.785 9 INFO neutron.plugins.ml2.plugin [None req-82e30c96-36d2-4c62-8f9d-91015b037f83 - - - - - -] Attempt 1 to provision port 67633672-fd21-43e5-aa3e-1acf594b2ed4
2026-06-30 19:12:45.839 10 INFO neutron.db.ovn_revision_numbers_db [None req-ab0ecb82-e062-413f-9f07-1b5776177258 024f32b6fadc4369aa6062a20762bbbd 305b448672ea4e2f821f792bd7bf428e - - default default] Successfully bumped revision number for resource 67633672-fd21-43e5-aa3e-1acf594b2ed4 (type: router_ports) to 1
2026-06-30 19:12:45.930 10 ERROR ovsdbapp.backend.ovs_idl.command [None req-a6ff4054-4c4e-4687-84ca-143e5307079f - - - - - -] Error executing command (DbGetCommand): ovsdbapp.backend.ovs_idl.idlutils.RowNotFound: Cannot find Logical_Router_Port with name=lrp-492ea92a-332f-472c-b3b2-b609de8b6b60
2026-06-30 19:12:45.930 10 ERROR ovsdbapp.backend.ovs_idl.command
Traceback (most recent call last):
2026-06-30 19:12:45.930 10 ERROR ovsdbapp.backend.ovs_idl.command
File "/var/lib/openstack/lib/python3.10/site-packages/ovsdbapp/backend/ovs_idl/command.py", line 47, in execute
2026-06-30 19:12:45.930 10 ERROR ovsdbapp.backend.ovs_idl.command self.run_idl(None)
2026-06-30 19:12:45.930 10 ERROR ovsdbapp.backend.ovs_idl.command
File "/var/lib/openstack/lib/python3.10/site-packages/ovsdbapp/backend/ovs_idl/command.py", line 235, in run_idl
2026-06-30 19:12:45.930 10 ERROR ovsdbapp.backend.ovs_idl.command record = self.api.lookup(self.table, self.record)
2026-06-30 19:12:45.930 10 ERROR ovsdbapp.backend.ovs_idl.command
File "/var/lib/openstack/lib/python3.10/site-packages/ovsdbapp/backend/ovs_idl/__init__.py", line 184, in lookup
2026-06-30 19:12:45.930 10 ERROR ovsdbapp.backend.ovs_idl.command return self._lookup(table, record)
2026-06-30 19:12:45.930 10 ERROR ovsdbapp.backend.ovs_idl.command
File "/var/lib/openstack/lib/python3.10/site-packages/ovsdbapp/backend/ovs_idl/__init__.py", line 235, in _lookup
2026-06-30 19:12:45.930 10 ERROR ovsdbapp.backend.ovs_idl.command row = idlutils.row_by_value(self, rl.table, rl.column, record)
2026-06-30 19:12:45.930 10 ERROR ovsdbapp.backend.ovs_idl.command
File "/var/lib/openstack/lib/python3.10/site-packages/ovsdbapp/backend/ovs_idl/idlutils.py", line 114, in row_by_value
2026-06-30 19:12:45.930 10 ERROR ovsdbapp.backend.ovs_idl.command raise RowNotFound(table=table, col=column, match=match)
2026-06-30 19:12:45.930 10 ERROR ovsdbapp.backend.ovs_idl.command ovsdbapp.backend.ovs_idl.idlutils.RowNotFound: Cannot find Logical_Router_Port with name=lrp-492ea92a-332f-472c-b3b2-b609de8b6b60
2026-06-30 19:12:45.930 10 ERROR ovsdbapp.backend.ovs_idl.command 
2026-06-30 19:12:45.931 10 ERROR neutron_lib.callbacks.manager [None req-a6ff4054-4c4e-4687-84ca-143e5307079f - - - - - -] Error during notification for neutron.services.ovn_l3.plugin.OVNL3RouterPlugin._port_update-8734692774630 port, after_update: ovsdbapp.backend.ovs_idl.idlutils.RowNotFound: Cannot find Logical_Router_Port with name=lrp-492ea92a-332f-472c-b3b2-b609de8b6b60
2026-06-30 19:12:45.931 10 ERROR neutron_lib.callbacks.manager
Traceback (most recent call last):
2026-06-30 19:12:45.931 10 ERROR neutron_lib.callbacks.manager
File "/var/lib/openstack/lib/python3.10/site-packages/neutron_lib/callbacks/manager.py", line 189, in _notify_loop
2026-06-30 19:12:45.931 10 ERROR neutron_lib.callbacks.manager callback.method(resource, event, trigger, payload=payload)
2026-06-30 19:12:45.931 10 ERROR neutron_lib.callbacks.manager
File "/var/lib/openstack/lib/python3.10/site-packages/neutron/services/ovn_l3/plugin.py", line 391, in _port_update
2026-06-30 19:12:45.931 10 ERROR neutron_lib.callbacks.manager l3plugin._ovn_client.update_router_port(context,
2026-06-30 19:12:45.931 10 ERROR neutron_lib.callbacks.manager
File "/var/lib/openstack/lib/python3.10/site-packages/neutron/plugins/ml2/drivers/ovn/mech_driver/ovsdb/ovn_client.py", line 1878, in update_router_port
2026-06-30 19:12:45.931 10 ERROR neutron_lib.callbacks.manager self._update_lrouter_port(context, port, if_exists=if_exists,
2026-06-30 19:12:45.931 10 ERROR neutron_lib.callbacks.manager
File "/var/lib/openstack/lib/python3.10/site-packages/neutron/plugins/ml2/drivers/ovn/mech_driver/ovsdb/ovn_client.py", line 1855, in _update_lrouter_port
2026-06-30 19:12:45.931 10 ERROR neutron_lib.callbacks.manager external_ids = self._nb_idl.db_get(
2026-06-30 19:12:45.931 10 ERROR neutron_lib.callbacks.manager
File "/var/lib/openstack/lib/python3.10/site-packages/ovsdbapp/backend/ovs_idl/command.py", line 47, in execute
2026-06-30 19:12:45.931 10 ERROR neutron_lib.callbacks.manager self.run_idl(None)
2026-06-30 19:12:45.931 10 ERROR neutron_lib.callbacks.manager
File "/var/lib/openstack/lib/python3.10/site-packages/ovsdbapp/backend/ovs_idl/command.py", line 235, in run_idl
2026-06-30 19:12:45.931 10 ERROR neutron_lib.callbacks.manager record = self.api.lookup(self.table, self.record)
2026-06-30 19:12:45.931 10 ERROR neutron_lib.callbacks.manager
File "/var/lib/openstack/lib/python3.10/site-packages/ovsdbapp/backend/ovs_idl/__init__.py", line 184, in lookup
2026-06-30 19:12:45.931 10 ERROR neutron_lib.callbacks.manager return self._lookup(table, record)
2026-06-30 19:12:45.931 10 ERROR neutron_lib.callbacks.manager
File "/var/lib/openstack/lib/python3.10/site-packages/ovsdbapp/backend/ovs_idl/__init__.py", line 235, in _lookup
2026-06-30 19:12:45.931 10 ERROR neutron_lib.callbacks.manager row = idlutils.row_by_value(self, rl.table, rl.column, record)
2026-06-30 19:12:45.931 10 ERROR neutron_lib.callbacks.manager
File "/var/lib/openstack/lib/python3.10/site-packages/ovsdbapp/backend/ovs_idl/idlutils.py", line 114, in row_by_value
2026-06-30 19:12:45.931 10 ERROR neutron_lib.callbacks.manager raise RowNotFound(table=table, col=column, match=match)
2026-06-30 19:12:45.931 10 ERROR neutron_lib.callbacks.manager ovsdbapp.backend.ovs_idl.idlutils.RowNotFound: Cannot find Logical_Router_Port with name=lrp-492ea92a-332f-472c-b3b2-b609de8b6b60
2026-06-30 19:12:45.931 10 ERROR neutron_lib.callbacks.manager 
2026-06-30 19:12:45.967 10 INFO neutron.db.ovn_revision_numbers_db [None req-ab0ecb82-e062-413f-9f07-1b5776177258 024f32b6fadc4369aa6062a20762bbbd 305b448672ea4e2f821f792bd7bf428e - - default default] Successfully bumped revision number for resource bdf18144-c999-438c-8f00-2d68286ca7ec (type: routers) to 2
2026-06-30 19:12:46.010 10 INFO neutron.wsgi [None req-ab0ecb82-e062-413f-9f07-1b5776177258 024f32b6fadc4369aa6062a20762bbbd 305b448672ea4e2f821f792bd7bf428e - - default default] 10.0.0.91 "POST /v2.0/routers HTTP/1.1" status: 201 len: 1153 time: 2.2634814
2026-06-30 19:12:46.131 9 INFO neutron.wsgi [None req-3633e707-df8a-4370-be05-e5fbfc0240e1 ef979f9f229945448379ee724be317d1 961d3458cc1244d5a0325340e06ef365 - - default default] 10.0.0.91 "DELETE /v2.0/security-groups/188837f0-980f-4105-a56b-b3ef82fca44b HTTP/1.1" status: 204 len: 168 time: 0.4824469
2026-06-30 19:12:46.133 9 INFO neutron.wsgi [None req-0d0df02f-9772-4be5-b3fe-edb65dfad913 7092d64706d04909a519feeb9f84c512 20930627ef254d27a99d376a1f871f5d - - default default] 10.0.0.91 "GET /v2.0/subnets?project_id=305b448672ea4e2f821f792bd7bf428e&cidr=10.100.0.0%2F28 HTTP/1.1" status: 200 len: 207 time: 0.1182425
2026-06-30 19:12:46.241 9 INFO neutron.db.ovn_revision_numbers_db [None req-124a4027-7d99-483c-a7c9-c5ed0d954a17 ef979f9f229945448379ee724be317d1 961d3458cc1244d5a0325340e06ef365 - - default default] Successfully bumped revision number for resource 492ea92a-332f-472c-b3b2-b609de8b6b60 (type: router_ports) to 1
2026-06-30 19:12:46.248 9 INFO neutron.wsgi [None req-124a4027-7d99-483c-a7c9-c5ed0d954a17 ef979f9f229945448379ee724be317d1 961d3458cc1244d5a0325340e06ef365 - - default default] 10.0.0.91 "PUT /v2.0/routers/4a9b98ac-33ea-4733-9ac2-179dcccdcf72/add_router_interface HTTP/1.1" status: 200 len: 503 time: 4.0027146
2026-06-30 19:12:46.265 10 INFO neutron.wsgi [None req-43f61ee2-a8bc-413f-a8e6-0625e15880f2 7092d64706d04909a519feeb9f84c512 20930627ef254d27a99d376a1f871f5d - - default default] 10.0.0.91 "GET /v2.0/networks?router%3Aexternal=True HTTP/1.1" status: 200 len: 947 time: 0.1244903
2026-06-30 19:12:46.301 10 INFO neutron.wsgi [None req-10a3aa17-68c2-4307-90cd-ee86373cac17 7092d64706d04909a519feeb9f84c512 20930627ef254d27a99d376a1f871f5d - - default default] 10.0.0.91 "GET /v2.0/subnets?network_id=2ce4b973-0e98-4eb1-bf26-a3b2771ccebd&cidr=10.100.0.0%2F28 HTTP/1.1" status: 200 len: 207 time: 0.0270426
2026-06-30 19:12:46.322 10 WARNING neutron_lib.context [None req-e30c12fa-f9f2-4c13-8944-5e5cda913ac6 024f32b6fadc4369aa6062a20762bbbd 305b448672ea4e2f821f792bd7bf428e - - default default] Method 'is_advsvc' is deprecated since 2023.2 release (neutron-lib 3.8.0) and will be removed once support for the old RBAC API policies will be removed from Neutron. Please use method 'is_service_role' instead.
2026-06-30 19:12:46.719 10 WARNING neutron.scheduler.dhcp_agent_scheduler [None req-e30c12fa-f9f2-4c13-8944-5e5cda913ac6 024f32b6fadc4369aa6062a20762bbbd 305b448672ea4e2f821f792bd7bf428e - - default default] No more DHCP agents
2026-06-30 19:12:46.725 10 WARNING neutron.api.rpc.agentnotifiers.dhcp_rpc_agent_api [None req-e30c12fa-f9f2-4c13-8944-5e5cda913ac6 024f32b6fadc4369aa6062a20762bbbd 305b448672ea4e2f821f792bd7bf428e - - default default] Unable to schedule network bd007436-1b3d-49de-9224-d544d6ff76c7: no agents available; will retry on subsequent port and subnet creation events.
2026-06-30 19:12:46.844 9 WARNING neutron_lib.context [None req-bc6accfc-7cc0-431a-9d5e-f78a5059fe1b d218889590654be5862b147a8f03a88e f424ee546d114cbea50202e2d3cb2116 - - default default] Method 'is_advsvc' is deprecated since 2023.2 release (neutron-lib 3.8.0) and will be removed once support for the old RBAC API policies will be removed from Neutron. Please use method 'is_service_role' instead.
2026-06-30 19:12:47.174 9 INFO neutron.db.ovn_revision_numbers_db [None req-bc6accfc-7cc0-431a-9d5e-f78a5059fe1b d218889590654be5862b147a8f03a88e f424ee546d114cbea50202e2d3cb2116 - - default default] Successfully bumped revision number for resource f6587e52-e303-4062-8693-c71eb6644550 (type: security_groups) to 1
2026-06-30 19:12:47.187 9 INFO neutron.db.ovn_revision_numbers_db [None req-bc6accfc-7cc0-431a-9d5e-f78a5059fe1b d218889590654be5862b147a8f03a88e f424ee546d114cbea50202e2d3cb2116 - - default default] Successfully bumped revision number for resource 1010600f-77e4-4e7e-9c8e-95a0726a2e7c (type: security_group_rules) to 0
2026-06-30 19:12:47.199 9 INFO neutron.db.ovn_revision_numbers_db [None req-bc6accfc-7cc0-431a-9d5e-f78a5059fe1b d218889590654be5862b147a8f03a88e f424ee546d114cbea50202e2d3cb2116 - - default default] Successfully bumped revision number for resource 778fb1e1-9ea1-4e2f-8481-c5c669550e82 (type: security_group_rules) to 0
2026-06-30 19:12:47.217 9 INFO neutron.wsgi [None req-bc6accfc-7cc0-431a-9d5e-f78a5059fe1b d218889590654be5862b147a8f03a88e f424ee546d114cbea50202e2d3cb2116 - - default default] 10.0.0.91 "POST /v2.0/security-groups HTTP/1.1" status: 201 len: 1857 time: 0.3788011
2026-06-30 19:12:47.228 9 WARNING neutron_lib.context [None req-287e6d53-d63f-4822-aeaa-a3497bd6db19 d218889590654be5862b147a8f03a88e f424ee546d114cbea50202e2d3cb2116 - - default default] Method 'is_advsvc' is deprecated since 2023.2 release (neutron-lib 3.8.0) and will be removed once support for the old RBAC API policies will be removed from Neutron. Please use method 'is_service_role' instead.
2026-06-30 19:12:47.422 9 INFO neutron.db.ovn_revision_numbers_db [None req-287e6d53-d63f-4822-aeaa-a3497bd6db19 d218889590654be5862b147a8f03a88e f424ee546d114cbea50202e2d3cb2116 - - default default] Successfully bumped revision number for resource e679346a-85b4-4945-ae86-772a08b20349 (type: security_group_rules) to 0
2026-06-30 19:12:47.449 9 INFO neutron.wsgi [None req-287e6d53-d63f-4822-aeaa-a3497bd6db19 d218889590654be5862b147a8f03a88e f424ee546d114cbea50202e2d3cb2116 - - default default] 10.0.0.91 "POST /v2.0/security-group-rules HTTP/1.1" status: 201 len: 796 time: 0.2260466
2026-06-30 19:12:47.459 9 WARNING neutron_lib.context [None req-66f5541c-ef52-40a5-b6a1-3115b4f0bfb1 d218889590654be5862b147a8f03a88e f424ee546d114cbea50202e2d3cb2116 - - default default] Method 'is_advsvc' is deprecated since 2023.2 release (neutron-lib 3.8.0) and will be removed once support for the old RBAC API policies will be removed from Neutron. Please use method 'is_service_role' instead.
2026-06-30 19:12:47.469 10 INFO neutron.db.ovn_revision_numbers_db [None req-aaa94f13-b46f-4dd2-88b8-18011223298c - - - - - -] Successfully bumped revision number for resource 67633672-fd21-43e5-aa3e-1acf594b2ed4 (type: ports) to 1
2026-06-30 19:12:47.596 9 INFO neutron.db.ovn_revision_numbers_db [None req-66f5541c-ef52-40a5-b6a1-3115b4f0bfb1 d218889590654be5862b147a8f03a88e f424ee546d114cbea50202e2d3cb2116 - - default default] Successfully bumped revision number for resource b515c361-d52b-47aa-a845-9e4c72a69850 (type: security_group_rules) to 0
2026-06-30 19:12:47.618 9 INFO neutron.wsgi [None req-66f5541c-ef52-40a5-b6a1-3115b4f0bfb1 d218889590654be5862b147a8f03a88e f424ee546d114cbea50202e2d3cb2116 - - default default] 10.0.0.91 "POST /v2.0/security-group-rules HTTP/1.1" status: 201 len: 801 time: 0.1635685
2026-06-30 19:12:47.633 9 WARNING neutron_lib.context [None req-7bba0ec5-adbd-4b19-b547-8299b09d3b3b d218889590654be5862b147a8f03a88e f424ee546d114cbea50202e2d3cb2116 - - default default] Method 'is_advsvc' is deprecated since 2023.2 release (neutron-lib 3.8.0) and will be removed once support for the old RBAC API policies will be removed from Neutron. Please use method 'is_service_role' instead.
2026-06-30 19:12:47.883 9 WARNING neutron.scheduler.dhcp_agent_scheduler [None req-7bba0ec5-adbd-4b19-b547-8299b09d3b3b d218889590654be5862b147a8f03a88e f424ee546d114cbea50202e2d3cb2116 - - default default] No more DHCP agents
2026-06-30 19:12:47.886 9 WARNING neutron.api.rpc.agentnotifiers.dhcp_rpc_agent_api [None req-7bba0ec5-adbd-4b19-b547-8299b09d3b3b d218889590654be5862b147a8f03a88e f424ee546d114cbea50202e2d3cb2116 - - default default] Unable to schedule network 2ce4b973-0e98-4eb1-bf26-a3b2771ccebd: no agents available; will retry on subsequent port and subnet creation events.
2026-06-30 19:12:47.969 10 INFO neutron.db.ovn_revision_numbers_db [None req-aaa94f13-b46f-4dd2-88b8-18011223298c - - - - - -] Successfully bumped revision number for resource 67633672-fd21-43e5-aa3e-1acf594b2ed4 (type: router_ports) to 3
2026-06-30 19:12:47.972 9 WARNING neutron_lib.context [None req-e1cd450d-7252-4b26-9e1e-b1b87372c699 ca6997070ba44133896eb5e1c42727af 7cbadf7c43084ee2b4cc52b34ecca308 - - default default] Method 'is_advsvc' is deprecated since 2023.2 release (neutron-lib 3.8.0) and will be removed once support for the old RBAC API policies will be removed from Neutron. Please use method 'is_service_role' instead.
2026-06-30 19:12:47.996 10 INFO neutron.db.ovn_revision_numbers_db [None req-e30c12fa-f9f2-4c13-8944-5e5cda913ac6 024f32b6fadc4369aa6062a20762bbbd 305b448672ea4e2f821f792bd7bf428e - - default default] Successfully bumped revision number for resource a6d3b1cf-d6e8-44b8-9e41-72b121b0ac80 (type: ports) to 2
2026-06-30 19:12:48.050 10 INFO neutron.db.ovn_revision_numbers_db [None req-e30c12fa-f9f2-4c13-8944-5e5cda913ac6 024f32b6fadc4369aa6062a20762bbbd 305b448672ea4e2f821f792bd7bf428e - - default default] Successfully bumped revision number for resource 31316d83-ea75-43fe-a7b0-1f9670eb0f7f (type: subnets) to 0
2026-06-30 19:12:48.072 10 INFO neutron.wsgi [None req-e30c12fa-f9f2-4c13-8944-5e5cda913ac6 024f32b6fadc4369aa6062a20762bbbd 305b448672ea4e2f821f792bd7bf428e - - default default] 10.0.0.91 "POST /v2.0/subnets HTTP/1.1" status: 201 len: 831 time: 1.7610767
2026-06-30 19:12:48.179 9 INFO neutron.db.ovn_revision_numbers_db [None req-e1cd450d-7252-4b26-9e1e-b1b87372c699 ca6997070ba44133896eb5e1c42727af 7cbadf7c43084ee2b4cc52b34ecca308 - - default default] Successfully bumped revision number for resource 987ff721-8ebf-4469-93bb-8da2ba055e37 (type: security_groups) to 1
2026-06-30 19:12:48.202 9 INFO neutron.db.ovn_revision_numbers_db [None req-e1cd450d-7252-4b26-9e1e-b1b87372c699 ca6997070ba44133896eb5e1c42727af 7cbadf7c43084ee2b4cc52b34ecca308 - - default default] Successfully bumped revision number for resource 876b615a-b4a8-4f2f-8338-f660040fe1db (type: security_group_rules) to 0
2026-06-30 19:12:48.220 9 INFO neutron.db.ovn_revision_numbers_db [None req-e1cd450d-7252-4b26-9e1e-b1b87372c699 ca6997070ba44133896eb5e1c42727af 7cbadf7c43084ee2b4cc52b34ecca308 - - default default] Successfully bumped revision number for resource b575f176-8186-45ac-b536-22ee6cbf88a8 (type: security_group_rules) to 0
2026-06-30 19:12:48.248 9 INFO neutron.wsgi [None req-7bba0ec5-adbd-4b19-b547-8299b09d3b3b d218889590654be5862b147a8f03a88e f424ee546d114cbea50202e2d3cb2116 - - default default] 10.0.0.91 "POST /v2.0/floatingips HTTP/1.1" status: 201 len: 751 time: 0.6219749
2026-06-30 19:12:48.253 9 INFO neutron.db.ovn_revision_numbers_db [None req-e1cd450d-7252-4b26-9e1e-b1b87372c699 ca6997070ba44133896eb5e1c42727af 7cbadf7c43084ee2b4cc52b34ecca308 - - default default] Successfully bumped revision number for resource d5e17c8b-5012-46e2-a2cb-3729e79882ad (type: security_group_rules) to 0
2026-06-30 19:12:48.268 10 INFO neutron.db.ovn_revision_numbers_db [None req-aaa94f13-b46f-4dd2-88b8-18011223298c - - - - - -] Successfully bumped revision number for resource 67633672-fd21-43e5-aa3e-1acf594b2ed4 (type: ports) to 2
2026-06-30 19:12:48.286 9 INFO neutron.db.ovn_revision_numbers_db [None req-e1cd450d-7252-4b26-9e1e-b1b87372c699 ca6997070ba44133896eb5e1c42727af 7cbadf7c43084ee2b4cc52b34ecca308 - - default default] Successfully bumped revision number for resource f61b32ef-b3bc-4466-b2e3-dbacc98019fd (type: security_group_rules) to 0
2026-06-30 19:12:48.344 9 INFO neutron.db.segments_db [None req-e1cd450d-7252-4b26-9e1e-b1b87372c699 ca6997070ba44133896eb5e1c42727af 7cbadf7c43084ee2b4cc52b34ecca308 - - default default] Added segment 7d960132-9ffa-45a5-ba31-9cdb02f0a0b3 of type geneve for network 83b526d7-d096-4f4f-aa50-a23aa9c8c1f7
2026-06-30 19:12:48.488 9 INFO neutron.db.ovn_revision_numbers_db [None req-e1cd450d-7252-4b26-9e1e-b1b87372c699 ca6997070ba44133896eb5e1c42727af 7cbadf7c43084ee2b4cc52b34ecca308 - - default default] Successfully bumped revision number for resource 83b526d7-d096-4f4f-aa50-a23aa9c8c1f7 (type: networks) to 1
2026-06-30 19:12:48.666 9 WARNING neutron.scheduler.dhcp_agent_scheduler [None req-e1cd450d-7252-4b26-9e1e-b1b87372c699 ca6997070ba44133896eb5e1c42727af 7cbadf7c43084ee2b4cc52b34ecca308 - - default default] No more DHCP agents
2026-06-30 19:12:48.667 9 WARNING neutron.api.rpc.agentnotifiers.dhcp_rpc_agent_api [None req-e1cd450d-7252-4b26-9e1e-b1b87372c699 ca6997070ba44133896eb5e1c42727af 7cbadf7c43084ee2b4cc52b34ecca308 - - default default] Unable to schedule network 83b526d7-d096-4f4f-aa50-a23aa9c8c1f7: no agents available; will retry on subsequent port and subnet creation events.
2026-06-30 19:12:48.754 9 INFO neutron.db.ovn_revision_numbers_db [None req-e1cd450d-7252-4b26-9e1e-b1b87372c699 ca6997070ba44133896eb5e1c42727af 7cbadf7c43084ee2b4cc52b34ecca308 - - default default] Successfully bumped revision number for resource 98c73dec-a68b-49c3-b4d7-14b2dce9f5f0 (type: ports) to 1
2026-06-30 19:12:48.778 9 INFO neutron.wsgi [None req-e1cd450d-7252-4b26-9e1e-b1b87372c699 ca6997070ba44133896eb5e1c42727af 7cbadf7c43084ee2b4cc52b34ecca308 - - default default] 10.0.0.91 "POST /v2.0/networks HTTP/1.1" status: 201 len: 847 time: 0.9507887
2026-06-30 19:12:48.789 9 WARNING neutron_lib.context [None req-0de34efe-f01c-4d9b-bda9-b08599d628fb ca6997070ba44133896eb5e1c42727af 7cbadf7c43084ee2b4cc52b34ecca308 - - default default] Method 'is_advsvc' is deprecated since 2023.2 release (neutron-lib 3.8.0) and will be removed once support for the old RBAC API policies will be removed from Neutron. Please use method 'is_service_role' instead.
2026-06-30 19:12:48.900 10 INFO neutron.wsgi [req-b328fba3-75be-43cd-af6d-b68ed3a8e092 req-d77d1fe2-c232-4add-aab3-c8f787ac1ff7 d218889590654be5862b147a8f03a88e f424ee546d114cbea50202e2d3cb2116 - - default default] 10.0.0.149 "GET /v2.0/security-groups?name=tempest-securitygroup--12954190&fields=id&tenant_id=f424ee546d114cbea50202e2d3cb2116 HTTP/1.1" status: 200 len: 267 time: 0.1071804
2026-06-30 19:12:49.060 9 WARNING neutron.scheduler.dhcp_agent_scheduler [None req-0de34efe-f01c-4d9b-bda9-b08599d628fb ca6997070ba44133896eb5e1c42727af 7cbadf7c43084ee2b4cc52b34ecca308 - - default default] No more DHCP agents
2026-06-30 19:12:49.063 9 WARNING neutron.api.rpc.agentnotifiers.dhcp_rpc_agent_api [None req-0de34efe-f01c-4d9b-bda9-b08599d628fb ca6997070ba44133896eb5e1c42727af 7cbadf7c43084ee2b4cc52b34ecca308 - - default default] Unable to schedule network 83b526d7-d096-4f4f-aa50-a23aa9c8c1f7: no agents available; will retry on subsequent port and subnet creation events.
2026-06-30 19:12:49.092 10 INFO neutron.wsgi [req-b328fba3-75be-43cd-af6d-b68ed3a8e092 req-aca5fff7-af93-48cd-928c-a0a92af6a503 d218889590654be5862b147a8f03a88e f424ee546d114cbea50202e2d3cb2116 - - default default] 10.0.0.149 "GET /v2.0/networks?id=a87f1ecc-d625-416d-9c99-cee6ffa79e0f HTTP/1.1" status: 200 len: 875 time: 0.1800182
2026-06-30 19:12:49.131 10 INFO neutron.wsgi [req-b328fba3-75be-43cd-af6d-b68ed3a8e092 req-7c4a7227-b306-49df-af6d-7a10d1619b12 d218889590654be5862b147a8f03a88e f424ee546d114cbea50202e2d3cb2116 - - default default] 10.0.0.149 "GET /v2.0/quotas/f424ee546d114cbea50202e2d3cb2116 HTTP/1.1" status: 200 len: 491 time: 0.0318289
2026-06-30 19:12:49.176 9 INFO neutron.db.ovn_revision_numbers_db [None req-0de34efe-f01c-4d9b-bda9-b08599d628fb ca6997070ba44133896eb5e1c42727af 7cbadf7c43084ee2b4cc52b34ecca308 - - default default] Successfully bumped revision number for resource 8b2489fc-c4c5-481b-904f-c8f425e14b99 (type: ports) to 1
2026-06-30 19:12:49.206 9 INFO neutron.wsgi [None req-0de34efe-f01c-4d9b-bda9-b08599d628fb ca6997070ba44133896eb5e1c42727af 7cbadf7c43084ee2b4cc52b34ecca308 - - default default] 10.0.0.91 "POST /v2.0/ports HTTP/1.1" status: 201 len: 977 time: 0.4218934 /var/lib/openstack/lib/python3.10/site-packages/pycadf/identifier.py:71: UserWarning: Invalid uuid: neutron. To ensure interoperability, identifiers should be a valid uuid. warnings.warn(('Invalid uuid: %s. To ensure interoperability, '
2026-06-30 19:12:49.217 9 WARNING neutron_lib.context [None req-f12ea62b-7c8e-4bed-8d09-50c9026573eb ca6997070ba44133896eb5e1c42727af 7cbadf7c43084ee2b4cc52b34ecca308 - - default default] Method 'is_advsvc' is deprecated since 2023.2 release (neutron-lib 3.8.0) and will be removed once support for the old RBAC API policies will be removed from Neutron. Please use method 'is_service_role' instead.
2026-06-30 19:12:49.325 9 INFO neutron.db.segments_db [None req-f12ea62b-7c8e-4bed-8d09-50c9026573eb ca6997070ba44133896eb5e1c42727af 7cbadf7c43084ee2b4cc52b34ecca308 - - default default] Added segment f551b119-97e0-41ad-adef-6a78a59a3f50 of type geneve for network 197a331b-9b95-4cda-a903-9666e1399f3f
2026-06-30 19:12:49.369 10 INFO neutron.db.ovn_revision_numbers_db [None req-aaa94f13-b46f-4dd2-88b8-18011223298c - - - - - -] Successfully bumped revision number for resource 67633672-fd21-43e5-aa3e-1acf594b2ed4 (type: ports) to 4
2026-06-30 19:12:49.424 10 INFO neutron.wsgi [req-b328fba3-75be-43cd-af6d-b68ed3a8e092 req-7883fe89-ad17-415f-a4bc-c8553382974c d218889590654be5862b147a8f03a88e f424ee546d114cbea50202e2d3cb2116 - - default default] 10.0.0.149 "GET /v2.0/ports?tenant_id=f424ee546d114cbea50202e2d3cb2116&fields=id HTTP/1.1" status: 200 len: 302 time: 0.2789137
2026-06-30 19:12:49.435 10 WARNING neutron.scheduler.dhcp_agent_scheduler [None req-a1ec35d4-4ea1-4c6d-a704-05f138c208f1 024f32b6fadc4369aa6062a20762bbbd 305b448672ea4e2f821f792bd7bf428e - - default default] No more DHCP agents
2026-06-30 19:12:49.452 10 WARNING neutron.api.rpc.agentnotifiers.dhcp_rpc_agent_api [None req-a1ec35d4-4ea1-4c6d-a704-05f138c208f1 024f32b6fadc4369aa6062a20762bbbd 305b448672ea4e2f821f792bd7bf428e - - default default] Unable to schedule network bd007436-1b3d-49de-9224-d544d6ff76c7: no agents available; will retry on subsequent port and subnet creation events.
2026-06-30 19:12:49.483 9 INFO neutron.db.ovn_revision_numbers_db [None req-f12ea62b-7c8e-4bed-8d09-50c9026573eb ca6997070ba44133896eb5e1c42727af 7cbadf7c43084ee2b4cc52b34ecca308 - - default default] Successfully bumped revision number for resource 197a331b-9b95-4cda-a903-9666e1399f3f (type: networks) to 1
2026-06-30 19:12:49.565 10 INFO neutron.wsgi [req-b328fba3-75be-43cd-af6d-b68ed3a8e092 req-a5fd7f19-90f4-4fdb-ad92-281a9ce03ca4 5236164aa587457e87252a81e1712d29 7de378ecd55648fbbf2180ea8f35c8e4 - - b7a65e3967cb45dbbcb89afd39f4f76c b7a65e3967cb45dbbcb89afd39f4f76c] 10.0.0.149 "GET /v2.0/networks/a87f1ecc-d625-416d-9c99-cee6ffa79e0f?fields=segments HTTP/1.1" status: 200 len: 212 time: 0.1277168
2026-06-30 19:12:49.656 9 WARNING neutron.scheduler.dhcp_agent_scheduler [None req-f12ea62b-7c8e-4bed-8d09-50c9026573eb ca6997070ba44133896eb5e1c42727af 7cbadf7c43084ee2b4cc52b34ecca308 - - default default] No more DHCP agents
2026-06-30 19:12:49.657 9 WARNING neutron.api.rpc.agentnotifiers.dhcp_rpc_agent_api [None req-f12ea62b-7c8e-4bed-8d09-50c9026573eb ca6997070ba44133896eb5e1c42727af 7cbadf7c43084ee2b4cc52b34ecca308 - - default default] Unable to schedule network 197a331b-9b95-4cda-a903-9666e1399f3f: no agents available; will retry on subsequent port and subnet creation events.
2026-06-30 19:12:49.731 9 INFO neutron.db.ovn_revision_numbers_db [None req-f12ea62b-7c8e-4bed-8d09-50c9026573eb ca6997070ba44133896eb5e1c42727af 7cbadf7c43084ee2b4cc52b34ecca308 - - default default] Successfully bumped revision number for resource c2e8bb52-8e7c-4f81-93a9-3a3d4e72f045 (type: ports) to 1
2026-06-30 19:12:49.752 9 INFO neutron.wsgi [None req-f12ea62b-7c8e-4bed-8d09-50c9026573eb ca6997070ba44133896eb5e1c42727af 7cbadf7c43084ee2b4cc52b34ecca308 - - default default] 10.0.0.91 "POST /v2.0/networks HTTP/1.1" status: 201 len: 835 time: 0.5390813
2026-06-30 19:12:49.762 9 WARNING neutron_lib.context [None req-6a8d6f88-89a6-4b7f-97b4-ac2fae74a209 ca6997070ba44133896eb5e1c42727af 7cbadf7c43084ee2b4cc52b34ecca308 - - default default] Method 'is_advsvc' is deprecated since 2023.2 release (neutron-lib 3.8.0) and will be removed once support for the old RBAC API policies will be removed from Neutron. Please use method 'is_service_role' instead.
2026-06-30 19:12:49.978 10 INFO neutron.wsgi [req-b328fba3-75be-43cd-af6d-b68ed3a8e092 req-a564f8f0-cf2c-4622-a15c-badd5383f03a 5236164aa587457e87252a81e1712d29 7de378ecd55648fbbf2180ea8f35c8e4 - - b7a65e3967cb45dbbcb89afd39f4f76c b7a65e3967cb45dbbcb89afd39f4f76c] 10.0.0.149 "GET /v2.0/networks/a87f1ecc-d625-416d-9c99-cee6ffa79e0f?fields=provider%3Aphysical_network&fields=provider%3Anetwork_type HTTP/1.1" status: 200 len: 277 time: 0.3995275
2026-06-30 19:12:50.006 9 WARNING neutron.scheduler.dhcp_agent_scheduler [None req-6a8d6f88-89a6-4b7f-97b4-ac2fae74a209 ca6997070ba44133896eb5e1c42727af 7cbadf7c43084ee2b4cc52b34ecca308 - - default default] No more DHCP agents
2026-06-30 19:12:50.009 9 WARNING neutron.api.rpc.agentnotifiers.dhcp_rpc_agent_api [None req-6a8d6f88-89a6-4b7f-97b4-ac2fae74a209 ca6997070ba44133896eb5e1c42727af 7cbadf7c43084ee2b4cc52b34ecca308 - - default default] Unable to schedule network 197a331b-9b95-4cda-a903-9666e1399f3f: no agents available; will retry on subsequent port and subnet creation events.
2026-06-30 19:12:50.041 9 INFO neutron.db.ovn_revision_numbers_db [None req-6a8d6f88-89a6-4b7f-97b4-ac2fae74a209 ca6997070ba44133896eb5e1c42727af 7cbadf7c43084ee2b4cc52b34ecca308 - - default default] Successfully bumped revision number for resource 5af59970-6dd0-43d7-bd90-18713037fa3b (type: subnets) to 0
2026-06-30 19:12:50.057 9 INFO neutron.wsgi [None req-6a8d6f88-89a6-4b7f-97b4-ac2fae74a209 ca6997070ba44133896eb5e1c42727af 7cbadf7c43084ee2b4cc52b34ecca308 - - default default] 10.0.0.91 "POST /v2.0/subnets HTTP/1.1" status: 201 len: 821 time: 0.2991433
2026-06-30 19:12:50.062 10 INFO neutron.wsgi [req-daeae93d-8768-440c-b93a-37043af5328b req-c3b19cff-f269-4b0b-9838-5e642d3b8fef bb4a47b1b9024c4da079ef93d1cde340 6822edf500114352ad5b69ab41ab9127 - - default default] 10.0.0.149 "GET /v2.0/ports?device_id=e1e6a896-a519-4c54-b503-f2723777fe23 HTTP/1.1" status: 200 len: 1214 time: 0.4511719
2026-06-30 19:12:50.066 9 WARNING neutron_lib.context [None req-518702ff-3d6e-4029-afdc-f9677e316b0d ca6997070ba44133896eb5e1c42727af 7cbadf7c43084ee2b4cc52b34ecca308 - - default default] Method 'is_advsvc' is deprecated since 2023.2 release (neutron-lib 3.8.0) and will be removed once support for the old RBAC API policies will be removed from Neutron. Please use method 'is_service_role' instead.
2026-06-30 19:12:50.073 10 INFO neutron.db.ovn_revision_numbers_db [None req-a1ec35d4-4ea1-4c6d-a704-05f138c208f1 024f32b6fadc4369aa6062a20762bbbd 305b448672ea4e2f821f792bd7bf428e - - default default] Successfully bumped revision number for resource 3331bf04-23fe-428e-9286-1aa128bf6e1c (type: ports) to 1
2026-06-30 19:12:50.081 10 INFO neutron.db.ovn_revision_numbers_db [None req-aaa94f13-b46f-4dd2-88b8-18011223298c - - - - - -] Successfully bumped revision number for resource 67633672-fd21-43e5-aa3e-1acf594b2ed4 (type: router_ports) to 4
2026-06-30 19:12:50.181 10 INFO neutron.wsgi [req-6b2ad7ef-fc11-486f-b07c-7861cadfd8b5 req-cba406b6-e613-491b-a4be-efe2d578f7bf d218889590654be5862b147a8f03a88e f424ee546d114cbea50202e2d3cb2116 - - default default] 10.0.0.149 "GET /v2.0/ports?device_id=e5a57b4a-f85a-4e92-802c-bd8906c332ec HTTP/1.1" status: 200 len: 210 time: 0.0502021
2026-06-30 19:12:50.196 10 INFO neutron.wsgi [req-daeae93d-8768-440c-b93a-37043af5328b req-7ab759fc-2d20-4f05-b5a8-6ed0f7ce3c57 bb4a47b1b9024c4da079ef93d1cde340 6822edf500114352ad5b69ab41ab9127 - - default default] 10.0.0.149 "GET /v2.0/security-groups?id=73c66d97-1486-40c4-8a66-13ac268d8de8&id=7c7eea98-1e51-409b-9c50-83d557b1cd1c&fields=id&fields=name HTTP/1.1" status: 200 len: 406 time: 0.1215627
2026-06-30 19:12:50.450 9 INFO neutron.wsgi [None req-5f5e9d7d-8a36-46d4-b9da-583785df624f a0f43c2944b444548bcf10c147d4a6dd 3cfffbb8c29745e0b70a1d585e66e74c - - default default] 10.0.0.91 "GET /v2.0/ports?device_id=e1e6a896-a519-4c54-b503-f2723777fe23 HTTP/1.1" status: 200 len: 1447 time: 0.2247410
2026-06-30 19:12:50.543 9 INFO neutron.wsgi [None req-44678b48-6399-4f9f-83a9-66a0d1582a29 bb4a47b1b9024c4da079ef93d1cde340 6822edf500114352ad5b69ab41ab9127 - - default default] 10.0.0.91 "GET /v2.0/floatingips?floating_network_id=2ce4b973-0e98-4eb1-bf26-a3b2771ccebd&port_id=89e90d5f-5cdb-4a90-a3e9-85d3d294105c HTTP/1.1" status: 200 len: 1055 time: 0.0857430
2026-06-30 19:12:50.579 9 WARNING neutron.scheduler.dhcp_agent_scheduler [None req-518702ff-3d6e-4029-afdc-f9677e316b0d ca6997070ba44133896eb5e1c42727af 7cbadf7c43084ee2b4cc52b34ecca308 - - default default] No more DHCP agents
2026-06-30 19:12:50.581 9 WARNING neutron.api.rpc.agentnotifiers.dhcp_rpc_agent_api [None req-518702ff-3d6e-4029-afdc-f9677e316b0d ca6997070ba44133896eb5e1c42727af 7cbadf7c43084ee2b4cc52b34ecca308 - - default default] Unable to schedule network 197a331b-9b95-4cda-a903-9666e1399f3f: no agents available; will retry on subsequent port and subnet creation events.
2026-06-30 19:12:50.700 9 INFO neutron.db.ovn_revision_numbers_db [None req-518702ff-3d6e-4029-afdc-f9677e316b0d ca6997070ba44133896eb5e1c42727af 7cbadf7c43084ee2b4cc52b34ecca308 - - default default] Successfully bumped revision number for resource 2181dc36-1a6b-486f-a5c3-230cdac73731 (type: ports) to 1
2026-06-30 19:12:50.732 9 INFO neutron.wsgi [None req-518702ff-3d6e-4029-afdc-f9677e316b0d ca6997070ba44133896eb5e1c42727af 7cbadf7c43084ee2b4cc52b34ecca308 - - default default] 10.0.0.91 "POST /v2.0/ports HTTP/1.1" status: 201 len: 1164 time: 0.6704469 /var/lib/openstack/lib/python3.10/site-packages/pycadf/identifier.py:71: UserWarning: Invalid uuid: neutron. To ensure interoperability, identifiers should be a valid uuid. warnings.warn(('Invalid uuid: %s. To ensure interoperability, '
2026-06-30 19:12:50.841 10 WARNING neutron.plugins.ml2.drivers.ovn.mech_driver.ovsdb.ovn_client [None req-a6ff4054-4c4e-4687-84ca-143e5307079f - - - - - -] No hosting information found for port 492ea92a-332f-472c-b3b2-b609de8b6b60: RuntimeError: No hosting information found for port 492ea92a-332f-472c-b3b2-b609de8b6b60
2026-06-30 19:12:50.906 10 INFO neutron.wsgi [req-b4295f19-7006-4a13-94a1-bb6b68fb7d26 req-41d62f1c-e3b8-435b-b397-a00f481f2ae0 5236164aa587457e87252a81e1712d29 7de378ecd55648fbbf2180ea8f35c8e4 - - b7a65e3967cb45dbbcb89afd39f4f76c b7a65e3967cb45dbbcb89afd39f4f76c] 10.0.0.100 "GET /v2.0/ports?device_id=e1e6a896-a519-4c54-b503-f2723777fe23 HTTP/1.1" status: 200 len: 1452 time: 0.1078081
2026-06-30 19:12:50.970 10 INFO neutron.wsgi [req-b328fba3-75be-43cd-af6d-b68ed3a8e092 req-3e9adcbb-fede-419a-9725-17d613fd3d8f d218889590654be5862b147a8f03a88e f424ee546d114cbea50202e2d3cb2116 - - default default] 199.204.45.177 "GET /v2.0/networks?id=a87f1ecc-d625-416d-9c99-cee6ffa79e0f HTTP/1.1" status: 200 len: 875 time: 0.1293752
2026-06-30 19:12:50.983 10 INFO neutron.wsgi [req-b4295f19-7006-4a13-94a1-bb6b68fb7d26 req-2347eb33-f66b-4080-a41c-e0bbe6bf88f4 5236164aa587457e87252a81e1712d29 7de378ecd55648fbbf2180ea8f35c8e4 - - b7a65e3967cb45dbbcb89afd39f4f76c b7a65e3967cb45dbbcb89afd39f4f76c] 10.0.0.100 "GET /v2.0/security-groups?id=7c7eea98-1e51-409b-9c50-83d557b1cd1c&id=73c66d97-1486-40c4-8a66-13ac268d8de8&fields=id&fields=name HTTP/1.1" status: 200 len: 406 time: 0.0629096
2026-06-30 19:12:51.006 10 ERROR ovsdbapp.backend.ovs_idl.command [None req-a1ec35d4-4ea1-4c6d-a704-05f138c208f1 024f32b6fadc4369aa6062a20762bbbd 305b448672ea4e2f821f792bd7bf428e - - default default] Error executing command (DbGetCommand): ovsdbapp.backend.ovs_idl.idlutils.RowNotFound: Cannot find Logical_Router_Port with name=lrp-3331bf04-23fe-428e-9286-1aa128bf6e1c
2026-06-30 19:12:51.006 10 ERROR ovsdbapp.backend.ovs_idl.command
Traceback (most recent call last):
2026-06-30 19:12:51.006 10 ERROR ovsdbapp.backend.ovs_idl.command
File "/var/lib/openstack/lib/python3.10/site-packages/ovsdbapp/backend/ovs_idl/command.py", line 47, in execute
2026-06-30 19:12:51.006 10 ERROR ovsdbapp.backend.ovs_idl.command self.run_idl(None)
2026-06-30 19:12:51.006 10 ERROR ovsdbapp.backend.ovs_idl.command
File "/var/lib/openstack/lib/python3.10/site-packages/ovsdbapp/backend/ovs_idl/command.py", line 235, in run_idl
2026-06-30 19:12:51.006 10 ERROR ovsdbapp.backend.ovs_idl.command record = self.api.lookup(self.table, self.record)
2026-06-30 19:12:51.006 10 ERROR ovsdbapp.backend.ovs_idl.command
File "/var/lib/openstack/lib/python3.10/site-packages/ovsdbapp/backend/ovs_idl/__init__.py", line 184, in lookup
2026-06-30 19:12:51.006 10 ERROR ovsdbapp.backend.ovs_idl.command return self._lookup(table, record)
2026-06-30 19:12:51.006 10 ERROR ovsdbapp.backend.ovs_idl.command
File "/var/lib/openstack/lib/python3.10/site-packages/ovsdbapp/backend/ovs_idl/__init__.py", line 235, in _lookup
2026-06-30 19:12:51.006 10 ERROR ovsdbapp.backend.ovs_idl.command row = idlutils.row_by_value(self, rl.table, rl.column, record)
2026-06-30 19:12:51.006 10 ERROR ovsdbapp.backend.ovs_idl.command
File "/var/lib/openstack/lib/python3.10/site-packages/ovsdbapp/backend/ovs_idl/idlutils.py", line 114, in row_by_value
2026-06-30 19:12:51.006 10 ERROR ovsdbapp.backend.ovs_idl.command raise RowNotFound(table=table, col=column, match=match)
2026-06-30 19:12:51.006 10 ERROR ovsdbapp.backend.ovs_idl.command ovsdbapp.backend.ovs_idl.idlutils.RowNotFound: Cannot find Logical_Router_Port with name=lrp-3331bf04-23fe-428e-9286-1aa128bf6e1c
2026-06-30 19:12:51.006 10 ERROR ovsdbapp.backend.ovs_idl.command 
2026-06-30 19:12:51.007 10 ERROR neutron_lib.callbacks.manager [None req-a1ec35d4-4ea1-4c6d-a704-05f138c208f1 024f32b6fadc4369aa6062a20762bbbd 305b448672ea4e2f821f792bd7bf428e - - default default] Error during notification for neutron.services.ovn_l3.plugin.OVNL3RouterPlugin._port_update-8734692774630 port, after_update: ovsdbapp.backend.ovs_idl.idlutils.RowNotFound: Cannot find Logical_Router_Port with name=lrp-3331bf04-23fe-428e-9286-1aa128bf6e1c
2026-06-30 19:12:51.007 10 ERROR neutron_lib.callbacks.manager
Traceback (most recent call last):
2026-06-30 19:12:51.007 10 ERROR neutron_lib.callbacks.manager
File "/var/lib/openstack/lib/python3.10/site-packages/neutron_lib/callbacks/manager.py", line 189, in _notify_loop
2026-06-30 19:12:51.007 10 ERROR neutron_lib.callbacks.manager callback.method(resource, event, trigger, payload=payload)
2026-06-30 19:12:51.007 10 ERROR neutron_lib.callbacks.manager
File "/var/lib/openstack/lib/python3.10/site-packages/neutron/services/ovn_l3/plugin.py", line 391, in _port_update
2026-06-30 19:12:51.007 10 ERROR neutron_lib.callbacks.manager l3plugin._ovn_client.update_router_port(context,
2026-06-30 19:12:51.007 10 ERROR neutron_lib.callbacks.manager
File "/var/lib/openstack/lib/python3.10/site-packages/neutron/plugins/ml2/drivers/ovn/mech_driver/ovsdb/ovn_client.py", line 1878, in update_router_port
2026-06-30 19:12:51.007 10 ERROR neutron_lib.callbacks.manager self._update_lrouter_port(context, port, if_exists=if_exists,
2026-06-30 19:12:51.007 10 ERROR neutron_lib.callbacks.manager
File "/var/lib/openstack/lib/python3.10/site-packages/neutron/plugins/ml2/drivers/ovn/mech_driver/ovsdb/ovn_client.py", line 1855, in _update_lrouter_port
2026-06-30 19:12:51.007 10 ERROR neutron_lib.callbacks.manager external_ids = self._nb_idl.db_get(
2026-06-30 19:12:51.007 10 ERROR neutron_lib.callbacks.manager
File "/var/lib/openstack/lib/python3.10/site-packages/ovsdbapp/backend/ovs_idl/command.py", line 47, in execute
