2026-06-30 19:11:12.496 10 INFO neutron.db.ovn_revision_numbers_db [None req-ba35a29c-95b2-4739-b7b8-ddf057a3fd3d c6154ec07fdc4a75b53d0336d52eda67 0da8c9bb1a484168844b8806f62c3901 - - default default] Successfully bumped revision number for resource 1703974a-9fb3-49a5-971c-76ecf968c9f2 (type: security_group_rules) to 0
2026-06-30 19:11:12.526 10 INFO neutron.wsgi [None req-ba35a29c-95b2-4739-b7b8-ddf057a3fd3d c6154ec07fdc4a75b53d0336d52eda67 0da8c9bb1a484168844b8806f62c3901 - - default default] 10.0.0.91 "POST /v2.0/security-group-rules HTTP/1.1" status: 201 len: 796 time: 0.2397356
2026-06-30 19:11:12.534 10 WARNING neutron_lib.context [None req-36c39e86-51bf-449b-a345-29b299c2b1ff c6154ec07fdc4a75b53d0336d52eda67 0da8c9bb1a484168844b8806f62c3901 - - default default] Method 'is_advsvc' is deprecated since 2023.2 release (neutron-lib 3.8.0) and will be removed once support for the old RBAC API policies will be removed from Neutron. Please use method 'is_service_role' instead.
2026-06-30 19:11:12.664 10 INFO neutron.wsgi [None req-09a41f45-2d92-4c63-be29-dfb07eda0ed7 ef979f9f229945448379ee724be317d1 961d3458cc1244d5a0325340e06ef365 - - default default] 10.0.0.91 "PUT /v2.0/routers/b0e18c92-55f2-4612-87c0-bc104aefdc72/remove_router_interface HTTP/1.1" status: 200 len: 503 time: 1.4740562 /var/lib/openstack/lib/python3.10/site-packages/pycadf/identifier.py:71: UserWarning: Invalid uuid: neutron. To ensure interoperability, identifiers should be a valid uuid. warnings.warn(('Invalid uuid: %s. To ensure interoperability, '
2026-06-30 19:11:12.703 9 INFO neutron.wsgi [None req-8172e454-eff4-4598-963c-d3d2d5803ca2 ef979f9f229945448379ee724be317d1 961d3458cc1244d5a0325340e06ef365 - - default default] 10.0.0.91 "PUT /v2.0/routers/1358cdd5-a88b-4fff-ba98-a15257f328da/remove_router_interface HTTP/1.1" status: 200 len: 503 time: 1.6623118 /var/lib/openstack/lib/python3.10/site-packages/pycadf/identifier.py:71: UserWarning: Invalid uuid: neutron. To ensure interoperability, identifiers should be a valid uuid. warnings.warn(('Invalid uuid: %s. To ensure interoperability, '
2026-06-30 19:11:12.738 10 INFO neutron.db.ovn_revision_numbers_db [None req-36c39e86-51bf-449b-a345-29b299c2b1ff c6154ec07fdc4a75b53d0336d52eda67 0da8c9bb1a484168844b8806f62c3901 - - default default] Successfully bumped revision number for resource 19cc0809-69ae-49eb-a2ea-723aab214afe (type: security_group_rules) to 0
2026-06-30 19:11:12.781 10 INFO neutron.wsgi [None req-36c39e86-51bf-449b-a345-29b299c2b1ff c6154ec07fdc4a75b53d0336d52eda67 0da8c9bb1a484168844b8806f62c3901 - - default default] 10.0.0.91 "POST /v2.0/security-group-rules HTTP/1.1" status: 201 len: 801 time: 0.2505362
2026-06-30 19:11:12.793 10 WARNING neutron_lib.context [None req-56b4353e-b4d2-4f88-b945-7e2b17a3c228 c6154ec07fdc4a75b53d0336d52eda67 0da8c9bb1a484168844b8806f62c3901 - - default default] Method 'is_advsvc' is deprecated since 2023.2 release (neutron-lib 3.8.0) and will be removed once support for the old RBAC API policies will be removed from Neutron. Please use method 'is_service_role' instead.
2026-06-30 19:11:13.171 9 INFO neutron.db.ovn_revision_numbers_db [None req-82e30c96-36d2-4c62-8f9d-91015b037f83 - - - - - -] Successfully bumped revision number for resource e5297cd7-fe1e-4502-867a-4e0d0263dbcc (type: ports) to 2
2026-06-30 19:11:13.261 10 WARNING neutron.scheduler.dhcp_agent_scheduler [None req-56b4353e-b4d2-4f88-b945-7e2b17a3c228 c6154ec07fdc4a75b53d0336d52eda67 0da8c9bb1a484168844b8806f62c3901 - - default default] No more DHCP agents
2026-06-30 19:11:13.263 10 WARNING neutron.api.rpc.agentnotifiers.dhcp_rpc_agent_api [None req-56b4353e-b4d2-4f88-b945-7e2b17a3c228 c6154ec07fdc4a75b53d0336d52eda67 0da8c9bb1a484168844b8806f62c3901 - - default default] Unable to schedule network 2ce4b973-0e98-4eb1-bf26-a3b2771ccebd: no agents available; will retry on subsequent port and subnet creation events.
2026-06-30 19:11:13.383 9 INFO neutron.db.ovn_revision_numbers_db [None req-82e30c96-36d2-4c62-8f9d-91015b037f83 - - - - - -] Successfully bumped revision number for resource e5297cd7-fe1e-4502-867a-4e0d0263dbcc (type: router_ports) to 2
2026-06-30 19:11:13.709 9 INFO neutron.wsgi [None req-ac736ce3-8828-4bab-8ce0-9ae56a110bd7 ef979f9f229945448379ee724be317d1 961d3458cc1244d5a0325340e06ef365 - - default default] 10.0.0.91 "DELETE /v2.0/routers/1358cdd5-a88b-4fff-ba98-a15257f328da HTTP/1.1" status: 204 len: 168 time: 0.9999464
2026-06-30 19:11:13.715 10 INFO neutron.wsgi [None req-56b4353e-b4d2-4f88-b945-7e2b17a3c228 c6154ec07fdc4a75b53d0336d52eda67 0da8c9bb1a484168844b8806f62c3901 - - default default] 10.0.0.91 "POST /v2.0/floatingips HTTP/1.1" status: 201 len: 751 time: 0.9240074
2026-06-30 19:11:13.860 10 INFO neutron.wsgi [None req-4890e8d0-25a9-46b0-9a7b-47c759645bef ef979f9f229945448379ee724be317d1 961d3458cc1244d5a0325340e06ef365 - - default default] 10.0.0.91 "DELETE /v2.0/routers/b0e18c92-55f2-4612-87c0-bc104aefdc72 HTTP/1.1" status: 204 len: 168 time: 1.1904407
2026-06-30 19:11:14.042 9 INFO neutron.wsgi [None req-0ada2043-4ed2-4c56-a716-f5c5a1bc83b9 ef979f9f229945448379ee724be317d1 961d3458cc1244d5a0325340e06ef365 - - default default] 10.0.0.91 "DELETE /v2.0/subnets/9026ee2f-78ad-4aa3-8c3e-14bf0829f625 HTTP/1.1" status: 204 len: 168 time: 0.3284080
2026-06-30 19:11:14.074 10 INFO neutron.wsgi [None req-744f9fe1-73c3-4282-9f57-5f115bf4a371 ef979f9f229945448379ee724be317d1 961d3458cc1244d5a0325340e06ef365 - - default default] 10.0.0.91 "DELETE /v2.0/subnets/a366cead-4872-4d2c-899a-9f4a248941af HTTP/1.1" status: 204 len: 168 time: 0.2075772
2026-06-30 19:11:14.241 10 INFO neutron.wsgi [req-bd757faf-f455-48f7-9ad5-d694ad0db8c1 req-5c5ed2c3-c936-4d8f-a34b-9fed4e630daf c6154ec07fdc4a75b53d0336d52eda67 0da8c9bb1a484168844b8806f62c3901 - - default default] 10.0.0.149 "GET /v2.0/security-groups?name=tempest-securitygroup--449027627&fields=id&tenant_id=0da8c9bb1a484168844b8806f62c3901 HTTP/1.1" status: 200 len: 267 time: 0.0499532
2026-06-30 19:11:14.350 10 INFO neutron.wsgi [req-bd757faf-f455-48f7-9ad5-d694ad0db8c1 req-3ed7ef12-6c90-4a35-a06d-bbba9b60e0f3 c6154ec07fdc4a75b53d0336d52eda67 0da8c9bb1a484168844b8806f62c3901 - - default default] 10.0.0.149 "GET /v2.0/networks?id=8ffeb902-f61b-4f48-a570-c6bfd9e4adad HTTP/1.1" status: 200 len: 868 time: 0.0955696
2026-06-30 19:11:14.370 10 INFO neutron.wsgi [req-bd757faf-f455-48f7-9ad5-d694ad0db8c1 req-87fe0dd3-391e-4149-ba60-4a2f948cd3da c6154ec07fdc4a75b53d0336d52eda67 0da8c9bb1a484168844b8806f62c3901 - - default default] 10.0.0.149 "GET /v2.0/quotas/0da8c9bb1a484168844b8806f62c3901 HTTP/1.1" status: 200 len: 491 time: 0.0105431
2026-06-30 19:11:14.510 10 INFO neutron.wsgi [req-bd757faf-f455-48f7-9ad5-d694ad0db8c1 req-f174f970-11ac-4f2b-8656-897f1f3022c9 c6154ec07fdc4a75b53d0336d52eda67 0da8c9bb1a484168844b8806f62c3901 - - default default] 10.0.0.149 "GET /v2.0/ports?tenant_id=0da8c9bb1a484168844b8806f62c3901&fields=id HTTP/1.1" status: 200 len: 302 time: 0.1351254
2026-06-30 19:11:14.512 9 INFO neutron.wsgi [None req-33cfb9e6-8ad3-48c9-bfe5-57c595565b9c ef979f9f229945448379ee724be317d1 961d3458cc1244d5a0325340e06ef365 - - default default] 10.0.0.91 "DELETE /v2.0/networks/7a8c7507-059e-470d-8657-25122c46bf0e HTTP/1.1" status: 204 len: 168 time: 0.4621227
2026-06-30 19:11:14.595 10 INFO neutron.wsgi [None req-7f01fcbd-7fcf-40be-85f1-dbc6f8fd7643 ef979f9f229945448379ee724be317d1 961d3458cc1244d5a0325340e06ef365 - - default default] 10.0.0.91 "DELETE /v2.0/networks/67266c14-b07a-45a3-aed9-d809e52af6c7 HTTP/1.1" status: 204 len: 168 time: 0.5137241
2026-06-30 19:11:14.702 9 INFO neutron.wsgi [None req-762b5f35-6d94-4d02-9890-57f41dff8d8a ef979f9f229945448379ee724be317d1 961d3458cc1244d5a0325340e06ef365 - - default default] 10.0.0.91 "GET /v2.0/security-groups?tenant_id=b1a06d841b2f44bd9d185df9cc12b7c0&name=default HTTP/1.1" status: 200 len: 3116 time: 0.0367086
2026-06-30 19:11:14.902 9 INFO neutron.wsgi [None req-28acc4d1-be86-4e93-a3c1-9ba65f12b759 ef979f9f229945448379ee724be317d1 961d3458cc1244d5a0325340e06ef365 - - default default] 10.0.0.91 "GET /v2.0/security-groups?tenant_id=be00f32fc6ab462482d92ca626506b95&name=default HTTP/1.1" status: 200 len: 3116 time: 0.0666554
2026-06-30 19:11:14.974 9 INFO neutron.wsgi [None req-1ae1c73f-edec-4d54-a6db-5210588b1918 ef979f9f229945448379ee724be317d1 961d3458cc1244d5a0325340e06ef365 - - default default] 10.0.0.91 "DELETE /v2.0/security-groups/11d52c3c-2b69-4202-97aa-8ca48b87310e HTTP/1.1" status: 204 len: 168 time: 0.2639844
2026-06-30 19:11:15.138 9 INFO neutron.services.segments.plugin [-] Segment 44604522-a4b3-47b9-8592-a6e6e4f971a5 resource provider aggregate not found
2026-06-30 19:11:15.151 10 INFO neutron.wsgi [None req-8fda650d-a1f9-43f1-934c-c0f8f101ef1b ef979f9f229945448379ee724be317d1 961d3458cc1244d5a0325340e06ef365 - - default default] 10.0.0.91 "DELETE /v2.0/security-groups/c45291b7-4cab-4dc4-a4eb-a9a547530f46 HTTP/1.1" status: 204 len: 168 time: 0.2427299
2026-06-30 19:11:15.157 9 INFO neutron.services.segments.plugin [-] Segment 44604522-a4b3-47b9-8592-a6e6e4f971a5 resource provider not found; error: Placement Client Error (4xx): {"errors": [{"status": 404, "title": "Not Found", "detail": "The resource could not be found.\n\n No resource provider with uuid 44604522-a4b3-47b9-8592-a6e6e4f971a5 found for delete ", "request_id": "req-2d6ffa6a-8460-42bc-a342-61a8bb062682"}]}
2026-06-30 19:11:15.179 10 INFO neutron.wsgi [req-bd757faf-f455-48f7-9ad5-d694ad0db8c1 req-104edcbb-afa8-4ff2-b1ea-abd6e6fa32ea 5236164aa587457e87252a81e1712d29 7de378ecd55648fbbf2180ea8f35c8e4 - - b7a65e3967cb45dbbcb89afd39f4f76c b7a65e3967cb45dbbcb89afd39f4f76c] 10.0.0.149 "GET /v2.0/extensions HTTP/1.1" status: 200 len: 18683 time: 0.1811988
2026-06-30 19:11:15.214 9 INFO neutron.services.segments.plugin [-] Segment 44604522-a4b3-47b9-8592-a6e6e4f971a5 resource provider aggregate not found
2026-06-30 19:11:15.243 9 INFO neutron.services.segments.plugin [-] Segment 44604522-a4b3-47b9-8592-a6e6e4f971a5 resource provider not found; error: Placement Client Error (4xx): {"errors": [{"status": 404, "title": "Not Found", "detail": "The resource could not be found.\n\n No resource provider with uuid 44604522-a4b3-47b9-8592-a6e6e4f971a5 found for delete ", "request_id": "req-735ab2bf-8c5c-4c7f-ae07-7d055ff4d287"}]}
2026-06-30 19:11:15.301 9 INFO neutron.wsgi [-] 10.0.0.96 "GET / HTTP/1.1" status: 200 len: 247 time: 0.0020180
2026-06-30 19:11:15.304 9 INFO neutron.wsgi [-] 10.0.0.96 "GET / HTTP/1.1" status: 200 len: 247 time: 0.0009317
2026-06-30 19:11:15.385 10 INFO neutron.services.segments.plugin [-] Segment 60fca1d1-b17d-4303-aa18-9072d5c3f7b9 resource provider aggregate not found
2026-06-30 19:11:15.404 10 INFO neutron.services.segments.plugin [-] Segment 60fca1d1-b17d-4303-aa18-9072d5c3f7b9 resource provider not found; error: Placement Client Error (4xx): {"errors": [{"status": 404, "title": "Not Found", "detail": "The resource could not be found.\n\n No resource provider with uuid 60fca1d1-b17d-4303-aa18-9072d5c3f7b9 found for delete ", "request_id": "req-925fdae1-e95e-4878-af7f-cc017f3cc405"}]}
2026-06-30 19:11:15.405 10 INFO neutron.services.segments.plugin [-] Segment 60fca1d1-b17d-4303-aa18-9072d5c3f7b9 resource provider aggregate not found
2026-06-30 19:11:15.418 10 INFO neutron.services.segments.plugin [-] Segment 60fca1d1-b17d-4303-aa18-9072d5c3f7b9 resource provider not found; error: Placement Client Error (4xx): {"errors": [{"status": 404, "title": "Not Found", "detail": "The resource could not be found.\n\n No resource provider with uuid 60fca1d1-b17d-4303-aa18-9072d5c3f7b9 found for delete ", "request_id": "req-877550c5-8625-4a6b-9d67-031c79c07cd5"}]}
2026-06-30 19:11:15.426 10 INFO neutron.wsgi [req-bd757faf-f455-48f7-9ad5-d694ad0db8c1 req-2ec896e2-ed3b-4a46-a065-bd0bfcb93d86 5236164aa587457e87252a81e1712d29 7de378ecd55648fbbf2180ea8f35c8e4 - - b7a65e3967cb45dbbcb89afd39f4f76c b7a65e3967cb45dbbcb89afd39f4f76c] 10.0.0.149 "GET /v2.0/networks/8ffeb902-f61b-4f48-a570-c6bfd9e4adad?fields=segments HTTP/1.1" status: 200 len: 212 time: 0.2381246
2026-06-30 19:11:15.477 10 INFO neutron.wsgi [req-bd757faf-f455-48f7-9ad5-d694ad0db8c1 req-d04b121a-fdf3-45a5-9488-f320b9d4fc9b 5236164aa587457e87252a81e1712d29 7de378ecd55648fbbf2180ea8f35c8e4 - - b7a65e3967cb45dbbcb89afd39f4f76c b7a65e3967cb45dbbcb89afd39f4f76c] 10.0.0.149 "GET /v2.0/networks/8ffeb902-f61b-4f48-a570-c6bfd9e4adad?fields=provider%3Aphysical_network&fields=provider%3Anetwork_type HTTP/1.1" status: 200 len: 277 time: 0.0441134
2026-06-30 19:11:15.713 10 INFO neutron.wsgi [req-d52484c4-3c0c-416f-a949-cb181bc444da req-c25a5440-57b9-4d40-9d7c-a78d8aa1f61f c6154ec07fdc4a75b53d0336d52eda67 0da8c9bb1a484168844b8806f62c3901 - - default default] 10.0.0.149 "GET /v2.0/ports?device_id=95a5e21e-45bd-4160-8db0-1ff8d966801c HTTP/1.1" status: 200 len: 210 time: 0.0384533
2026-06-30 19:11:16.173 10 INFO neutron.db.ovn_revision_numbers_db [None req-852039d5-cc25-42d7-af36-32d675171c3b ef979f9f229945448379ee724be317d1 961d3458cc1244d5a0325340e06ef365 - - default default] Successfully bumped revision number for resource 97e454c6-7add-42c8-a648-740f029ffe95 (type: security_groups) to 1
2026-06-30 19:11:16.188 10 INFO neutron.db.ovn_revision_numbers_db [None req-852039d5-cc25-42d7-af36-32d675171c3b ef979f9f229945448379ee724be317d1 961d3458cc1244d5a0325340e06ef365 - - default default] Successfully bumped revision number for resource 4afb8229-3db5-442a-b6c8-4842f672c123 (type: security_group_rules) to 0
2026-06-30 19:11:16.202 10 INFO neutron.db.ovn_revision_numbers_db [None req-852039d5-cc25-42d7-af36-32d675171c3b ef979f9f229945448379ee724be317d1 961d3458cc1244d5a0325340e06ef365 - - default default] Successfully bumped revision number for resource 80e07ba3-9473-43fb-a584-6eba73777bd2 (type: security_group_rules) to 0
2026-06-30 19:11:16.225 10 INFO neutron.db.ovn_revision_numbers_db [None req-852039d5-cc25-42d7-af36-32d675171c3b ef979f9f229945448379ee724be317d1 961d3458cc1244d5a0325340e06ef365 - - default default] Successfully bumped revision number for resource 864c8e86-fc24-4128-8b40-06f54bf77bb9 (type: security_group_rules) to 0
2026-06-30 19:11:16.245 10 INFO neutron.db.ovn_revision_numbers_db [None req-852039d5-cc25-42d7-af36-32d675171c3b ef979f9f229945448379ee724be317d1 961d3458cc1244d5a0325340e06ef365 - - default default] Successfully bumped revision number for resource e5912627-8615-4e71-a31b-27c19d3ff1bd (type: security_group_rules) to 0
2026-06-30 19:11:16.269 10 INFO neutron.wsgi [None req-852039d5-cc25-42d7-af36-32d675171c3b ef979f9f229945448379ee724be317d1 961d3458cc1244d5a0325340e06ef365 - - default default] 10.0.0.91 "GET /v2.0/security-groups?tenant_id=1864bcfa0a8f42ae8318db04bf392f2d&name=default HTTP/1.1" status: 200 len: 3120 time: 0.3462253
2026-06-30 19:11:16.567 9 INFO neutron.wsgi [None req-d5756188-b234-4861-a93b-3a8c355fa1c3 ef979f9f229945448379ee724be317d1 961d3458cc1244d5a0325340e06ef365 - - default default] 10.0.0.91 "DELETE /v2.0/security-groups/97e454c6-7add-42c8-a648-740f029ffe95 HTTP/1.1" status: 204 len: 168 time: 0.2913082
2026-06-30 19:11:16.875 10 INFO neutron.wsgi [req-0b789aaa-e88e-4fb9-8bd9-71bd5d18a4b2 req-3d729f4d-df30-468c-b75f-6811cadee5f5 c6154ec07fdc4a75b53d0336d52eda67 0da8c9bb1a484168844b8806f62c3901 - - default default] 10.0.0.149 "GET /v2.0/ports?device_id=95a5e21e-45bd-4160-8db0-1ff8d966801c HTTP/1.1" status: 200 len: 210 time: 0.0192447
2026-06-30 19:11:16.952 10 INFO neutron.db.ovn_revision_numbers_db [None req-21d1438e-34da-4389-9a28-22d921a1aac3 ef979f9f229945448379ee724be317d1 961d3458cc1244d5a0325340e06ef365 - - default default] Successfully bumped revision number for resource 1bb4173b-d5bf-4fcf-ab50-1eb2d147b3cf (type: security_groups) to 1
2026-06-30 19:11:16.966 10 INFO neutron.db.ovn_revision_numbers_db [None req-21d1438e-34da-4389-9a28-22d921a1aac3 ef979f9f229945448379ee724be317d1 961d3458cc1244d5a0325340e06ef365 - - default default] Successfully bumped revision number for resource 7da500ec-d930-4dc3-aa47-5042c4a24428 (type: security_group_rules) to 0
2026-06-30 19:11:16.980 10 INFO neutron.db.ovn_revision_numbers_db [None req-21d1438e-34da-4389-9a28-22d921a1aac3 ef979f9f229945448379ee724be317d1 961d3458cc1244d5a0325340e06ef365 - - default default] Successfully bumped revision number for resource 8d9972f7-7cfa-46dc-9b2b-5bd0fc7b4e90 (type: security_group_rules) to 0
2026-06-30 19:11:17.002 10 INFO neutron.db.ovn_revision_numbers_db [None req-21d1438e-34da-4389-9a28-22d921a1aac3 ef979f9f229945448379ee724be317d1 961d3458cc1244d5a0325340e06ef365 - - default default] Successfully bumped revision number for resource abf81648-3d0c-474e-a142-e13e0c9ff034 (type: security_group_rules) to 0
2026-06-30 19:11:17.016 10 INFO neutron.db.ovn_revision_numbers_db [None req-21d1438e-34da-4389-9a28-22d921a1aac3 ef979f9f229945448379ee724be317d1 961d3458cc1244d5a0325340e06ef365 - - default default] Successfully bumped revision number for resource c8fd60b7-ea34-411a-b209-214cfea4b719 (type: security_group_rules) to 0
2026-06-30 19:11:17.038 10 INFO neutron.wsgi [None req-21d1438e-34da-4389-9a28-22d921a1aac3 ef979f9f229945448379ee724be317d1 961d3458cc1244d5a0325340e06ef365 - - default default] 10.0.0.91 "GET /v2.0/security-groups?tenant_id=50a3b86e81b74077ab1d53657ceb945a&name=default HTTP/1.1" status: 200 len: 3120 time: 0.2172205
2026-06-30 19:11:17.308 9 INFO neutron.wsgi [None req-f4c6b187-d75b-4683-b863-ae3681cec0b2 ef979f9f229945448379ee724be317d1 961d3458cc1244d5a0325340e06ef365 - - default default] 10.0.0.91 "DELETE /v2.0/security-groups/1bb4173b-d5bf-4fcf-ab50-1eb2d147b3cf HTTP/1.1" status: 204 len: 168 time: 0.2641656
2026-06-30 19:11:17.436 9 INFO neutron.wsgi [req-bd757faf-f455-48f7-9ad5-d694ad0db8c1 req-48872b61-9beb-4cba-916e-571ae6231c14 c6154ec07fdc4a75b53d0336d52eda67 0da8c9bb1a484168844b8806f62c3901 - - default default] 199.204.45.177 "GET /v2.0/networks?id=8ffeb902-f61b-4f48-a570-c6bfd9e4adad HTTP/1.1" status: 200 len: 868 time: 0.2694993
2026-06-30 19:11:17.511 9 INFO neutron.wsgi [req-bd757faf-f455-48f7-9ad5-d694ad0db8c1 req-77c7cee6-b035-41ec-99e1-1ccd001eeef2 c6154ec07fdc4a75b53d0336d52eda67 0da8c9bb1a484168844b8806f62c3901 - - default default] 199.204.45.177 "GET /v2.0/security-groups?fields=id&fields=name&tenant_id=0da8c9bb1a484168844b8806f62c3901 HTTP/1.1" status: 200 len: 379 time: 0.0484092
2026-06-30 19:11:17.520 9 WARNING neutron_lib.context [req-bd757faf-f455-48f7-9ad5-d694ad0db8c1 req-7866f39c-6b27-47e9-8565-258264ef8b25 c6154ec07fdc4a75b53d0336d52eda67 0da8c9bb1a484168844b8806f62c3901 - - default default] Method 'is_advsvc' is deprecated since 2023.2 release (neutron-lib 3.8.0) and will be removed once support for the old RBAC API policies will be removed from Neutron. Please use method 'is_service_role' instead.
2026-06-30 19:11:17.529 10 INFO neutron.db.ovn_revision_numbers_db [None req-678ec80c-e420-4751-a01f-fb985a0d5299 ef979f9f229945448379ee724be317d1 961d3458cc1244d5a0325340e06ef365 - - default default] Successfully bumped revision number for resource c6a385f1-ef96-43d9-bc6a-1830610f5bcc (type: security_groups) to 1
2026-06-30 19:11:17.546 10 INFO neutron.db.ovn_revision_numbers_db [None req-678ec80c-e420-4751-a01f-fb985a0d5299 ef979f9f229945448379ee724be317d1 961d3458cc1244d5a0325340e06ef365 - - default default] Successfully bumped revision number for resource 239cb50b-3689-4d27-8e69-dede2e533a76 (type: security_group_rules) to 0
2026-06-30 19:11:17.560 10 INFO neutron.db.ovn_revision_numbers_db [None req-678ec80c-e420-4751-a01f-fb985a0d5299 ef979f9f229945448379ee724be317d1 961d3458cc1244d5a0325340e06ef365 - - default default] Successfully bumped revision number for resource 430754ea-ca43-4cfe-a3b8-3d48ed52b3d5 (type: security_group_rules) to 0
2026-06-30 19:11:17.578 10 INFO neutron.db.ovn_revision_numbers_db [None req-678ec80c-e420-4751-a01f-fb985a0d5299 ef979f9f229945448379ee724be317d1 961d3458cc1244d5a0325340e06ef365 - - default default] Successfully bumped revision number for resource 439f2430-a642-4a31-920a-f095faafc2da (type: security_group_rules) to 0
2026-06-30 19:11:17.595 10 INFO neutron.db.ovn_revision_numbers_db [None req-678ec80c-e420-4751-a01f-fb985a0d5299 ef979f9f229945448379ee724be317d1 961d3458cc1244d5a0325340e06ef365 - - default default] Successfully bumped revision number for resource 619a2d13-b4e8-45ad-8234-f37699db86bc (type: security_group_rules) to 0
2026-06-30 19:11:17.651 10 INFO neutron.db.segments_db [None req-678ec80c-e420-4751-a01f-fb985a0d5299 ef979f9f229945448379ee724be317d1 961d3458cc1244d5a0325340e06ef365 - - default default] Added segment 98969c70-ea2c-4073-aba7-6f5c5df0b9a2 of type geneve for network 662ca833-0b9f-4186-b5df-4c3f5d078557
2026-06-30 19:11:17.809 10 INFO neutron.db.ovn_revision_numbers_db [None req-678ec80c-e420-4751-a01f-fb985a0d5299 ef979f9f229945448379ee724be317d1 961d3458cc1244d5a0325340e06ef365 - - default default] Successfully bumped revision number for resource 662ca833-0b9f-4186-b5df-4c3f5d078557 (type: networks) to 1
2026-06-30 19:11:17.995 9 WARNING neutron.scheduler.dhcp_agent_scheduler [req-bd757faf-f455-48f7-9ad5-d694ad0db8c1 req-7866f39c-6b27-47e9-8565-258264ef8b25 c6154ec07fdc4a75b53d0336d52eda67 0da8c9bb1a484168844b8806f62c3901 - - default default] No more DHCP agents
2026-06-30 19:11:17.997 9 WARNING neutron.api.rpc.agentnotifiers.dhcp_rpc_agent_api [req-bd757faf-f455-48f7-9ad5-d694ad0db8c1 req-7866f39c-6b27-47e9-8565-258264ef8b25 c6154ec07fdc4a75b53d0336d52eda67 0da8c9bb1a484168844b8806f62c3901 - - default default] Unable to schedule network 8ffeb902-f61b-4f48-a570-c6bfd9e4adad: no agents available; will retry on subsequent port and subnet creation events.
2026-06-30 19:11:18.030 10 WARNING neutron.scheduler.dhcp_agent_scheduler [None req-678ec80c-e420-4751-a01f-fb985a0d5299 ef979f9f229945448379ee724be317d1 961d3458cc1244d5a0325340e06ef365 - - default default] No more DHCP agents
2026-06-30 19:11:18.036 10 WARNING neutron.api.rpc.agentnotifiers.dhcp_rpc_agent_api [None req-678ec80c-e420-4751-a01f-fb985a0d5299 ef979f9f229945448379ee724be317d1 961d3458cc1244d5a0325340e06ef365 - - default default] Unable to schedule network 662ca833-0b9f-4186-b5df-4c3f5d078557: no agents available; will retry on subsequent port and subnet creation events.
2026-06-30 19:11:18.067 10 INFO neutron.wsgi [req-9a2b2a0a-53dd-4fa0-bdbb-b333d1017e56 req-840e125b-4540-4d78-8de7-ec7d06b6dab7 c6154ec07fdc4a75b53d0336d52eda67 0da8c9bb1a484168844b8806f62c3901 - - default default] 10.0.0.149 "GET /v2.0/ports?device_id=95a5e21e-45bd-4160-8db0-1ff8d966801c HTTP/1.1" status: 200 len: 1156 time: 0.0574400
2026-06-30 19:11:18.133 10 INFO neutron.wsgi [req-9a2b2a0a-53dd-4fa0-bdbb-b333d1017e56 req-1e4d006c-590b-40c4-af32-aea5ec2f7bdf c6154ec07fdc4a75b53d0336d52eda67 0da8c9bb1a484168844b8806f62c3901 - - default default] 10.0.0.149 "GET /v2.0/security-groups?id=404128e6-65f6-4479-ba99-30d5dd58afdf&fields=id&fields=name HTTP/1.1" status: 200 len: 312 time: 0.0556641
2026-06-30 19:11:18.145 10 INFO neutron.db.ovn_revision_numbers_db [None req-678ec80c-e420-4751-a01f-fb985a0d5299 ef979f9f229945448379ee724be317d1 961d3458cc1244d5a0325340e06ef365 - - default default] Successfully bumped revision number for resource dbd44d9d-5093-4b4c-acdb-fa851bfddf66 (type: ports) to 1
2026-06-30 19:11:18.171 10 INFO neutron.wsgi [None req-678ec80c-e420-4751-a01f-fb985a0d5299 ef979f9f229945448379ee724be317d1 961d3458cc1244d5a0325340e06ef365 - - default default] 10.0.0.91 "POST /v2.0/networks HTTP/1.1" status: 201 len: 954 time: 0.9682457
2026-06-30 19:11:18.182 9 INFO neutron.db.ovn_revision_numbers_db [req-bd757faf-f455-48f7-9ad5-d694ad0db8c1 req-7866f39c-6b27-47e9-8565-258264ef8b25 c6154ec07fdc4a75b53d0336d52eda67 0da8c9bb1a484168844b8806f62c3901 - - default default] Successfully bumped revision number for resource 978efc68-b1a1-4e7a-a42e-8c61928622d6 (type: ports) to 1
2026-06-30 19:11:18.219 9 INFO neutron.wsgi [req-bd757faf-f455-48f7-9ad5-d694ad0db8c1 req-7866f39c-6b27-47e9-8565-258264ef8b25 c6154ec07fdc4a75b53d0336d52eda67 0da8c9bb1a484168844b8806f62c3901 - - default default] 199.204.45.177 "POST /v2.0/ports HTTP/1.1" status: 201 len: 1158 time: 0.7032652 /var/lib/openstack/lib/python3.10/site-packages/pycadf/identifier.py:71: UserWarning: Invalid uuid: neutron. To ensure interoperability, identifiers should be a valid uuid. warnings.warn(('Invalid uuid: %s. To ensure interoperability, '
2026-06-30 19:11:18.231 9 INFO neutron.wsgi [req-bd757faf-f455-48f7-9ad5-d694ad0db8c1 req-30aaa5de-c1d1-4864-a12f-830b30e8605b c6154ec07fdc4a75b53d0336d52eda67 0da8c9bb1a484168844b8806f62c3901 - - default default] 199.204.45.177 "GET /v2.0/extensions HTTP/1.1" status: 200 len: 18683 time: 0.0084269
2026-06-30 19:11:18.252 9 WARNING neutron.plugins.ml2.drivers.ovn.mech_driver.ovsdb.ovn_client [None req-82e30c96-36d2-4c62-8f9d-91015b037f83 - - - - - -] No hosting information found for port e5297cd7-fe1e-4502-867a-4e0d0263dbcc: RuntimeError: No hosting information found for port e5297cd7-fe1e-4502-867a-4e0d0263dbcc
2026-06-30 19:11:18.356 10 WARNING neutron.scheduler.dhcp_agent_scheduler [None req-8c1ea34e-1a70-445f-ac56-976ee36b243c ef979f9f229945448379ee724be317d1 961d3458cc1244d5a0325340e06ef365 - - default default] No more DHCP agents
2026-06-30 19:11:18.360 10 WARNING neutron.api.rpc.agentnotifiers.dhcp_rpc_agent_api [None req-8c1ea34e-1a70-445f-ac56-976ee36b243c ef979f9f229945448379ee724be317d1 961d3458cc1244d5a0325340e06ef365 - - default default] Unable to schedule network 662ca833-0b9f-4186-b5df-4c3f5d078557: no agents available; will retry on subsequent port and subnet creation events.
2026-06-30 19:11:18.852 10 INFO neutron.db.ovn_revision_numbers_db [None req-8c1ea34e-1a70-445f-ac56-976ee36b243c ef979f9f229945448379ee724be317d1 961d3458cc1244d5a0325340e06ef365 - - default default] Successfully bumped revision number for resource dbd44d9d-5093-4b4c-acdb-fa851bfddf66 (type: ports) to 2
2026-06-30 19:11:18.880 10 INFO neutron.db.ovn_revision_numbers_db [None req-8c1ea34e-1a70-445f-ac56-976ee36b243c ef979f9f229945448379ee724be317d1 961d3458cc1244d5a0325340e06ef365 - - default default] Successfully bumped revision number for resource 10201898-c2f8-45a9-9fc3-55a260c690fd (type: subnets) to 0
2026-06-30 19:11:18.895 10 INFO neutron.wsgi [None req-8c1ea34e-1a70-445f-ac56-976ee36b243c ef979f9f229945448379ee724be317d1 961d3458cc1244d5a0325340e06ef365 - - default default] 10.0.0.91 "POST /v2.0/subnets HTTP/1.1" status: 201 len: 874 time: 0.7202249
2026-06-30 19:11:19.094 9 INFO neutron.db.ovn_revision_numbers_db [req-bd757faf-f455-48f7-9ad5-d694ad0db8c1 req-9dcd02c5-7706-4413-af66-5873a5dcc878 5236164aa587457e87252a81e1712d29 7de378ecd55648fbbf2180ea8f35c8e4 - - b7a65e3967cb45dbbcb89afd39f4f76c b7a65e3967cb45dbbcb89afd39f4f76c] Successfully bumped revision number for resource 978efc68-b1a1-4e7a-a42e-8c61928622d6 (type: ports) to 2
2026-06-30 19:11:19.201 10 WARNING neutron_lib.context [None req-f3d45ee0-f15c-43be-adba-13e0d5c7b93f 881d12127fa4465b83f7fee649cdb799 dfaa27f41a7342938391353f5ddd3778 - - default default] Method 'is_advsvc' is deprecated since 2023.2 release (neutron-lib 3.8.0) and will be removed once support for the old RBAC API policies will be removed from Neutron. Please use method 'is_service_role' instead.
2026-06-30 19:11:19.201 10 WARNING neutron_lib.context [None req-f3d45ee0-f15c-43be-adba-13e0d5c7b93f 881d12127fa4465b83f7fee649cdb799 dfaa27f41a7342938391353f5ddd3778 - - default default] Method 'is_advsvc' is deprecated since 2023.2 release (neutron-lib 3.8.0) and will be removed once support for the old RBAC API policies will be removed from Neutron. Please use method 'is_service_role' instead.
2026-06-30 19:11:19.277 10 INFO neutron.wsgi [req-875c3c53-4d23-482a-9677-5bd2961fd9dd req-9e19a8e7-94b1-4b48-a0c0-678fd5064399 c6154ec07fdc4a75b53d0336d52eda67 0da8c9bb1a484168844b8806f62c3901 - - default default] 10.0.0.149 "GET /v2.0/ports?device_id=95a5e21e-45bd-4160-8db0-1ff8d966801c HTTP/1.1" status: 200 len: 1168 time: 0.0646529
2026-06-30 19:11:19.350 10 INFO neutron.wsgi [req-875c3c53-4d23-482a-9677-5bd2961fd9dd req-4a4b28f5-679f-4793-96c7-00fcbea02a2d c6154ec07fdc4a75b53d0336d52eda67 0da8c9bb1a484168844b8806f62c3901 - - default default] 10.0.0.149 "GET /v2.0/security-groups?id=404128e6-65f6-4479-ba99-30d5dd58afdf&fields=id&fields=name HTTP/1.1" status: 200 len: 312 time: 0.0652356
2026-06-30 19:11:19.361 9 INFO neutron.db.ovn_revision_numbers_db [req-bd757faf-f455-48f7-9ad5-d694ad0db8c1 req-9dcd02c5-7706-4413-af66-5873a5dcc878 5236164aa587457e87252a81e1712d29 7de378ecd55648fbbf2180ea8f35c8e4 - - b7a65e3967cb45dbbcb89afd39f4f76c b7a65e3967cb45dbbcb89afd39f4f76c] Successfully bumped revision number for resource 978efc68-b1a1-4e7a-a42e-8c61928622d6 (type: ports) to 2
2026-06-30 19:11:19.377 9 INFO neutron.wsgi [req-bd757faf-f455-48f7-9ad5-d694ad0db8c1 req-9dcd02c5-7706-4413-af66-5873a5dcc878 5236164aa587457e87252a81e1712d29 7de378ecd55648fbbf2180ea8f35c8e4 - - b7a65e3967cb45dbbcb89afd39f4f76c b7a65e3967cb45dbbcb89afd39f4f76c] 199.204.45.177 "PUT /v2.0/ports/978efc68-b1a1-4e7a-a42e-8c61928622d6 HTTP/1.1" status: 200 len: 1376 time: 0.7745636 /var/lib/openstack/lib/python3.10/site-packages/pycadf/identifier.py:71: UserWarning: Invalid uuid: neutron. To ensure interoperability, identifiers should be a valid uuid. warnings.warn(('Invalid uuid: %s. To ensure interoperability, '
2026-06-30 19:11:19.475 10 INFO neutron.db.ovn_revision_numbers_db [None req-f3d45ee0-f15c-43be-adba-13e0d5c7b93f 881d12127fa4465b83f7fee649cdb799 dfaa27f41a7342938391353f5ddd3778 - - default default] Successfully bumped revision number for resource 68694597-6931-459e-83a1-ce7a59a59088 (type: security_groups) to 1
2026-06-30 19:11:19.497 9 INFO neutron.wsgi [req-bd757faf-f455-48f7-9ad5-d694ad0db8c1 req-3d0f088d-ec42-4297-b7f4-e9ef9b2c27b5 5236164aa587457e87252a81e1712d29 7de378ecd55648fbbf2180ea8f35c8e4 - - b7a65e3967cb45dbbcb89afd39f4f76c b7a65e3967cb45dbbcb89afd39f4f76c] 199.204.45.177 "GET /v2.0/ports?tenant_id=0da8c9bb1a484168844b8806f62c3901&device_id=95a5e21e-45bd-4160-8db0-1ff8d966801c HTTP/1.1" status: 200 len: 1407 time: 0.0665839
2026-06-30 19:11:19.506 10 INFO neutron.db.ovn_revision_numbers_db [None req-f3d45ee0-f15c-43be-adba-13e0d5c7b93f 881d12127fa4465b83f7fee649cdb799 dfaa27f41a7342938391353f5ddd3778 - - default default] Successfully bumped revision number for resource 126f0461-f00a-4c67-b34b-28f545858336 (type: security_group_rules) to 0
2026-06-30 19:11:19.533 10 WARNING neutron.scheduler.dhcp_agent_scheduler [None req-751ac898-c49f-4c29-ad43-943a62bef4cb ef979f9f229945448379ee724be317d1 961d3458cc1244d5a0325340e06ef365 - - default default] No more DHCP agents
2026-06-30 19:11:19.537 10 WARNING neutron.api.rpc.agentnotifiers.dhcp_rpc_agent_api [None req-751ac898-c49f-4c29-ad43-943a62bef4cb ef979f9f229945448379ee724be317d1 961d3458cc1244d5a0325340e06ef365 - - default default] Unable to schedule network 2ce4b973-0e98-4eb1-bf26-a3b2771ccebd: no agents available; will retry on subsequent port and subnet creation events.
2026-06-30 19:11:19.539 10 INFO neutron.db.ovn_revision_numbers_db [None req-f3d45ee0-f15c-43be-adba-13e0d5c7b93f 881d12127fa4465b83f7fee649cdb799 dfaa27f41a7342938391353f5ddd3778 - - default default] Successfully bumped revision number for resource 27b344e2-a6a4-47c5-89f7-33b3fe3aa006 (type: security_group_rules) to 0
2026-06-30 19:11:19.559 10 INFO neutron.db.ovn_revision_numbers_db [None req-f3d45ee0-f15c-43be-adba-13e0d5c7b93f 881d12127fa4465b83f7fee649cdb799 dfaa27f41a7342938391353f5ddd3778 - - default default] Successfully bumped revision number for resource 41b17d7b-f692-4032-8887-9aab69a16cd4 (type: security_group_rules) to 0
2026-06-30 19:11:19.591 10 INFO neutron.db.ovn_revision_numbers_db [None req-f3d45ee0-f15c-43be-adba-13e0d5c7b93f 881d12127fa4465b83f7fee649cdb799 dfaa27f41a7342938391353f5ddd3778 - - default default] Successfully bumped revision number for resource dd7858a7-9cc5-4ed3-9ae0-c13e0a5dcff7 (type: security_group_rules) to 0
2026-06-30 19:11:19.686 10 INFO neutron.db.segments_db [None req-f3d45ee0-f15c-43be-adba-13e0d5c7b93f 881d12127fa4465b83f7fee649cdb799 dfaa27f41a7342938391353f5ddd3778 - - default default] Added segment 8d969035-1c85-4e8b-86ee-ffcff2b060ff of type geneve for network ecedfcf4-de71-4668-bc69-f2477cd6e2fb
2026-06-30 19:11:19.704 9 INFO neutron.wsgi [req-bd757faf-f455-48f7-9ad5-d694ad0db8c1 req-1dd806d7-128b-4eb9-8afe-8a2b5f79687f 5236164aa587457e87252a81e1712d29 7de378ecd55648fbbf2180ea8f35c8e4 - - b7a65e3967cb45dbbcb89afd39f4f76c b7a65e3967cb45dbbcb89afd39f4f76c] 199.204.45.177 "GET /v2.0/floatingips?fixed_ip_address=10.100.0.9&port_id=978efc68-b1a1-4e7a-a42e-8c61928622d6 HTTP/1.1" status: 200 len: 217 time: 0.2004471
2026-06-30 19:11:19.760 9 INFO neutron.wsgi [req-bd757faf-f455-48f7-9ad5-d694ad0db8c1 req-40c4a247-51fe-4cde-8571-1b9fd248e26e 5236164aa587457e87252a81e1712d29 7de378ecd55648fbbf2180ea8f35c8e4 - - b7a65e3967cb45dbbcb89afd39f4f76c b7a65e3967cb45dbbcb89afd39f4f76c] 199.204.45.177 "GET /v2.0/subnets?id=4a90da1d-cdd7-425b-956e-54795aef185c HTTP/1.1" status: 200 len: 862 time: 0.0498633
2026-06-30 19:11:19.785 10 INFO neutron.db.ovn_revision_numbers_db [None req-751ac898-c49f-4c29-ad43-943a62bef4cb ef979f9f229945448379ee724be317d1 961d3458cc1244d5a0325340e06ef365 - - default default] Successfully bumped revision number for resource c95f8e65-a4c6-4ba4-ba56-28aef9289b68 (type: ports) to 1
2026-06-30 19:11:19.797 9 INFO neutron.wsgi [req-bd757faf-f455-48f7-9ad5-d694ad0db8c1 req-7b846616-0add-4e1c-8fd9-e6ad9b8dbadb 5236164aa587457e87252a81e1712d29 7de378ecd55648fbbf2180ea8f35c8e4 - - b7a65e3967cb45dbbcb89afd39f4f76c b7a65e3967cb45dbbcb89afd39f4f76c] 199.204.45.177 "GET /v2.0/ports?network_id=8ffeb902-f61b-4f48-a570-c6bfd9e4adad&device_owner=network%3Adhcp HTTP/1.1" status: 200 len: 210 time: 0.0271218
2026-06-30 19:11:19.863 10 INFO neutron.db.segments_db [None req-f3d45ee0-f15c-43be-adba-13e0d5c7b93f 881d12127fa4465b83f7fee649cdb799 dfaa27f41a7342938391353f5ddd3778 - - default default] Added segment 51780e1e-bae2-4694-b869-557e12e2f65d of type geneve for network 8ddde80a-605c-46e6-a8f4-94830de3dea3
2026-06-30 19:11:19.879 9 INFO neutron.wsgi [req-bd757faf-f455-48f7-9ad5-d694ad0db8c1 req-2b7d543f-f528-424f-9a40-9617ba589ec7 5236164aa587457e87252a81e1712d29 7de378ecd55648fbbf2180ea8f35c8e4 - - b7a65e3967cb45dbbcb89afd39f4f76c b7a65e3967cb45dbbcb89afd39f4f76c] 199.204.45.177 "GET /v2.0/networks/8ffeb902-f61b-4f48-a570-c6bfd9e4adad?fields=segments HTTP/1.1" status: 200 len: 212 time: 0.0662863
2026-06-30 19:11:19.959 9 INFO neutron.wsgi [req-bd757faf-f455-48f7-9ad5-d694ad0db8c1 req-35a4c4a4-05db-4672-91ef-3c71546fe719 5236164aa587457e87252a81e1712d29 7de378ecd55648fbbf2180ea8f35c8e4 - - b7a65e3967cb45dbbcb89afd39f4f76c b7a65e3967cb45dbbcb89afd39f4f76c] 199.204.45.177 "GET /v2.0/networks/8ffeb902-f61b-4f48-a570-c6bfd9e4adad?fields=provider%3Aphysical_network&fields=provider%3Anetwork_type HTTP/1.1" status: 200 len: 277 time: 0.0631738
2026-06-30 19:11:19.990 9 INFO neutron.notifiers.nova [-] Nova event matching ['req-7f5f2d1c-490a-43dc-8b76-e0388095d5cd'] response: {'name': 'network-changed', 'server_uuid': '95a5e21e-45bd-4160-8db0-1ff8d966801c', 'tag': '978efc68-b1a1-4e7a-a42e-8c61928622d6', 'status': 'completed', 'code': 200}
2026-06-30 19:11:20.056 9 INFO neutron.wsgi [req-36948f18-7069-4a59-8140-9deb6999a385 req-728e017a-4037-41b6-aaa5-04cbf4062e55 5236164aa587457e87252a81e1712d29 7de378ecd55648fbbf2180ea8f35c8e4 - - b7a65e3967cb45dbbcb89afd39f4f76c b7a65e3967cb45dbbcb89afd39f4f76c] 199.204.45.177 "GET /v2.0/ports?tenant_id=0da8c9bb1a484168844b8806f62c3901&device_id=95a5e21e-45bd-4160-8db0-1ff8d966801c HTTP/1.1" status: 200 len: 1407 time: 0.0369399
2026-06-30 19:11:20.068 10 INFO neutron.db.ovn_revision_numbers_db [None req-f3d45ee0-f15c-43be-adba-13e0d5c7b93f 881d12127fa4465b83f7fee649cdb799 dfaa27f41a7342938391353f5ddd3778 - - default default] Successfully bumped revision number for resource ecedfcf4-de71-4668-bc69-f2477cd6e2fb (type: networks) to 1
2026-06-30 19:11:20.235 9 INFO neutron.wsgi [req-36948f18-7069-4a59-8140-9deb6999a385 req-6ecb366b-f894-415c-8ff9-f1952620eced 5236164aa587457e87252a81e1712d29 7de378ecd55648fbbf2180ea8f35c8e4 - - b7a65e3967cb45dbbcb89afd39f4f76c b7a65e3967cb45dbbcb89afd39f4f76c] 199.204.45.177 "GET /v2.0/networks?id=8ffeb902-f61b-4f48-a570-c6bfd9e4adad HTTP/1.1" status: 200 len: 967 time: 0.0690715
2026-06-30 19:11:20.263 9 INFO neutron.wsgi [req-36948f18-7069-4a59-8140-9deb6999a385 req-b43e5687-3e03-43b5-a86b-f7a06b89dbea 5236164aa587457e87252a81e1712d29 7de378ecd55648fbbf2180ea8f35c8e4 - - b7a65e3967cb45dbbcb89afd39f4f76c b7a65e3967cb45dbbcb89afd39f4f76c] 199.204.45.177 "GET /v2.0/floatingips?fixed_ip_address=10.100.0.9&port_id=978efc68-b1a1-4e7a-a42e-8c61928622d6 HTTP/1.1" status: 200 len: 217 time: 0.0225766
2026-06-30 19:11:20.303 9 INFO neutron.wsgi [req-36948f18-7069-4a59-8140-9deb6999a385 req-d3b1bf7a-c510-4878-938b-dccb3b54fbe8 5236164aa587457e87252a81e1712d29 7de378ecd55648fbbf2180ea8f35c8e4 - - b7a65e3967cb45dbbcb89afd39f4f76c b7a65e3967cb45dbbcb89afd39f4f76c] 199.204.45.177 "GET /v2.0/subnets?id=4a90da1d-cdd7-425b-956e-54795aef185c HTTP/1.1" status: 200 len: 862 time: 0.0339406
2026-06-30 19:11:20.332 9 INFO neutron.wsgi [req-36948f18-7069-4a59-8140-9deb6999a385 req-6af3d10e-dc56-461d-a7be-1ce494c7d6e4 5236164aa587457e87252a81e1712d29 7de378ecd55648fbbf2180ea8f35c8e4 - - b7a65e3967cb45dbbcb89afd39f4f76c b7a65e3967cb45dbbcb89afd39f4f76c] 199.204.45.177 "GET /v2.0/ports?network_id=8ffeb902-f61b-4f48-a570-c6bfd9e4adad&device_owner=network%3Adhcp HTTP/1.1" status: 200 len: 210 time: 0.0235097
2026-06-30 19:11:20.390 9 INFO neutron.wsgi [req-36948f18-7069-4a59-8140-9deb6999a385 req-c7c3405d-3304-4933-be2b-fe6c4c82fb6b 5236164aa587457e87252a81e1712d29 7de378ecd55648fbbf2180ea8f35c8e4 - - b7a65e3967cb45dbbcb89afd39f4f76c b7a65e3967cb45dbbcb89afd39f4f76c] 199.204.45.177 "GET /v2.0/networks/8ffeb902-f61b-4f48-a570-c6bfd9e4adad?fields=segments HTTP/1.1" status: 200 len: 212 time: 0.0527573
2026-06-30 19:11:20.449 9 INFO neutron.wsgi [req-36948f18-7069-4a59-8140-9deb6999a385 req-e05e85e9-5208-4fe1-9868-9b7e27b179d2 5236164aa587457e87252a81e1712d29 7de378ecd55648fbbf2180ea8f35c8e4 - - b7a65e3967cb45dbbcb89afd39f4f76c b7a65e3967cb45dbbcb89afd39f4f76c] 199.204.45.177 "GET /v2.0/networks/8ffeb902-f61b-4f48-a570-c6bfd9e4adad?fields=provider%3Aphysical_network&fields=provider%3Anetwork_type HTTP/1.1" status: 200 len: 277 time: 0.0546806
2026-06-30 19:11:20.565 10 WARNING neutron.scheduler.dhcp_agent_scheduler [None req-f3d45ee0-f15c-43be-adba-13e0d5c7b93f 881d12127fa4465b83f7fee649cdb799 dfaa27f41a7342938391353f5ddd3778 - - default default] No more DHCP agents
2026-06-30 19:11:20.570 10 WARNING neutron.api.rpc.agentnotifiers.dhcp_rpc_agent_api [None req-f3d45ee0-f15c-43be-adba-13e0d5c7b93f 881d12127fa4465b83f7fee649cdb799 dfaa27f41a7342938391353f5ddd3778 - - default default] Unable to schedule network ecedfcf4-de71-4668-bc69-f2477cd6e2fb: no agents available; will retry on subsequent port and subnet creation events.
2026-06-30 19:11:20.621 10 INFO neutron.wsgi [req-f630c86d-cd36-404a-9fe8-491820a54799 req-0d114b27-29ee-4e05-8632-fc6d5fb43710 c6154ec07fdc4a75b53d0336d52eda67 0da8c9bb1a484168844b8806f62c3901 - - default default] 10.0.0.149 "GET /v2.0/ports?device_id=95a5e21e-45bd-4160-8db0-1ff8d966801c HTTP/1.1" status: 200 len: 1168 time: 0.1794403
2026-06-30 19:11:20.705 10 INFO neutron.wsgi [req-f630c86d-cd36-404a-9fe8-491820a54799 req-6278288c-bff1-4970-bff9-25afc9ea5c79 c6154ec07fdc4a75b53d0336d52eda67 0da8c9bb1a484168844b8806f62c3901 - - default default] 10.0.0.149 "GET /v2.0/security-groups?id=404128e6-65f6-4479-ba99-30d5dd58afdf&fields=id&fields=name HTTP/1.1" status: 200 len: 312 time: 0.0748665
2026-06-30 19:11:20.720 10 INFO neutron.db.ovn_revision_numbers_db [None req-f3d45ee0-f15c-43be-adba-13e0d5c7b93f 881d12127fa4465b83f7fee649cdb799 dfaa27f41a7342938391353f5ddd3778 - - default default] Successfully bumped revision number for resource 2c8d92f2-b48f-4cbf-b50c-4acff6919dbf (type: ports) to 1
2026-06-30 19:11:20.804 10 INFO neutron.db.ovn_revision_numbers_db [None req-f3d45ee0-f15c-43be-adba-13e0d5c7b93f 881d12127fa4465b83f7fee649cdb799 dfaa27f41a7342938391353f5ddd3778 - - default default] Successfully bumped revision number for resource 8ddde80a-605c-46e6-a8f4-94830de3dea3 (type: networks) to 1
2026-06-30 19:11:21.034 10 INFO neutron.plugins.ml2.drivers.ovn.mech_driver.ovsdb.commands [None req-c3c3cbba-b555-4f71-8e6a-2babebc29b35 - - - - - -] Schedule LRP lrp-c95f8e65-a4c6-4ba4-ba56-28aef9289b68 on gateway 1216dddc-4e26-4a9d-9894-506659a4bf0c with priority 1
2026-06-30 19:11:21.047 9 INFO neutron.plugins.ml2.drivers.ovn.mech_driver.mech_driver [None req-82e30c96-36d2-4c62-8f9d-91015b037f83 - - - - - -] OVN reports status up for port: c95f8e65-a4c6-4ba4-ba56-28aef9289b68
2026-06-30 19:11:21.068 10 WARNING neutron.scheduler.dhcp_agent_scheduler [None req-f3d45ee0-f15c-43be-adba-13e0d5c7b93f 881d12127fa4465b83f7fee649cdb799 dfaa27f41a7342938391353f5ddd3778 - - default default] No more DHCP agents
2026-06-30 19:11:21.074 10 WARNING neutron.api.rpc.agentnotifiers.dhcp_rpc_agent_api [None req-f3d45ee0-f15c-43be-adba-13e0d5c7b93f 881d12127fa4465b83f7fee649cdb799 dfaa27f41a7342938391353f5ddd3778 - - default default] Unable to schedule network 8ddde80a-605c-46e6-a8f4-94830de3dea3: no agents available; will retry on subsequent port and subnet creation events.
2026-06-30 19:11:21.075 9 INFO neutron.plugins.ml2.drivers.ovn.mech_driver.ovsdb.ovsdb_monitor [None req-a5f8d9c4-0179-407d-ad49-c2b4bb6a8d2b - - - - - -] Router dbe2a2ab-d54d-4d5a-b478-c677f6928123 is bound to host instance
2026-06-30 19:11:21.082 9 INFO neutron.plugins.ml2.plugin [None req-82e30c96-36d2-4c62-8f9d-91015b037f83 - - - - - -] Attempt 1 to provision port c95f8e65-a4c6-4ba4-ba56-28aef9289b68
2026-06-30 19:11:21.111 10 INFO neutron.db.ovn_revision_numbers_db [None req-751ac898-c49f-4c29-ad43-943a62bef4cb ef979f9f229945448379ee724be317d1 961d3458cc1244d5a0325340e06ef365 - - default default] Successfully bumped revision number for resource c95f8e65-a4c6-4ba4-ba56-28aef9289b68 (type: router_ports) to 1
2026-06-30 19:11:21.182 10 INFO neutron.db.ovn_revision_numbers_db [None req-f3d45ee0-f15c-43be-adba-13e0d5c7b93f 881d12127fa4465b83f7fee649cdb799 dfaa27f41a7342938391353f5ddd3778 - - default default] Successfully bumped revision number for resource 1dec47d1-a43e-4777-843f-ad9f971c0138 (type: ports) to 1
2026-06-30 19:11:21.197 10 INFO neutron.db.ovn_revision_numbers_db [None req-751ac898-c49f-4c29-ad43-943a62bef4cb ef979f9f229945448379ee724be317d1 961d3458cc1244d5a0325340e06ef365 - - default default] Successfully bumped revision number for resource dbe2a2ab-d54d-4d5a-b478-c677f6928123 (type: routers) to 2
2026-06-30 19:11:21.205 10 INFO neutron.wsgi [None req-f3d45ee0-f15c-43be-adba-13e0d5c7b93f 881d12127fa4465b83f7fee649cdb799 dfaa27f41a7342938391353f5ddd3778 - - default default] 10.0.0.91 "POST /v2.0/networks HTTP/1.1" status: 201 len: 1445 time: 2.1253817
2026-06-30 19:11:21.212 10 INFO neutron.wsgi [None req-751ac898-c49f-4c29-ad43-943a62bef4cb ef979f9f229945448379ee724be317d1 961d3458cc1244d5a0325340e06ef365 - - default default] 10.0.0.91 "POST /v2.0/routers HTTP/1.1" status: 201 len: 1176 time: 2.3116186
2026-06-30 19:11:21.333 9 INFO neutron.wsgi [None req-e9d9632a-23a4-495a-b493-b2b56d0dd3d7 881d12127fa4465b83f7fee649cdb799 dfaa27f41a7342938391353f5ddd3778 - - default default] 10.0.0.91 "GET /v2.0/networks HTTP/1.1" status: 200 len: 2051 time: 0.1216877
2026-06-30 19:11:21.730 10 WARNING neutron.scheduler.dhcp_agent_scheduler [None req-07a61351-5ab5-466a-a2ff-b21e6a2fde19 ef979f9f229945448379ee724be317d1 961d3458cc1244d5a0325340e06ef365 - - default default] No more DHCP agents
2026-06-30 19:11:21.732 10 WARNING neutron.api.rpc.agentnotifiers.dhcp_rpc_agent_api [None req-07a61351-5ab5-466a-a2ff-b21e6a2fde19 ef979f9f229945448379ee724be317d1 961d3458cc1244d5a0325340e06ef365 - - default default] Unable to schedule network 662ca833-0b9f-4186-b5df-4c3f5d078557: no agents available; will retry on subsequent port and subnet creation events.
2026-06-30 19:11:21.855 9 INFO neutron.services.segments.plugin [-] Segment 8d969035-1c85-4e8b-86ee-ffcff2b060ff resource provider aggregate not found
2026-06-30 19:11:21.861 9 INFO neutron.services.segments.plugin [-] Segment 8d969035-1c85-4e8b-86ee-ffcff2b060ff resource provider aggregate not found
2026-06-30 19:11:21.869 9 INFO neutron.services.segments.plugin [-] Segment 8d969035-1c85-4e8b-86ee-ffcff2b060ff resource provider not found; error: Placement Client Error (4xx): {"errors": [{"status": 404, "title": "Not Found", "detail": "The resource could not be found.\n\n No resource provider with uuid 8d969035-1c85-4e8b-86ee-ffcff2b060ff found for delete ", "request_id": "req-b570930e-37bd-4e43-ae21-8f337436a524"}]}
2026-06-30 19:11:21.873 9 INFO neutron.services.segments.plugin [-] Segment 8d969035-1c85-4e8b-86ee-ffcff2b060ff resource provider not found; error: Placement Client Error (4xx): {"errors": [{"status": 404, "title": "Not Found", "detail": "The resource could not be found.\n\n No resource provider with uuid 8d969035-1c85-4e8b-86ee-ffcff2b060ff found for delete ", "request_id": "req-23904cd5-8f76-4c8b-897b-ecb2306c1b3d"}]}
2026-06-30 19:11:21.922 9 INFO neutron.wsgi [None req-e8fe348e-26fa-4aa7-bf03-eba635036683 881d12127fa4465b83f7fee649cdb799 dfaa27f41a7342938391353f5ddd3778 - - default default] 10.0.0.91 "DELETE /v2.0/networks/ecedfcf4-de71-4668-bc69-f2477cd6e2fb HTTP/1.1" status: 204 len: 168 time: 0.5831959
2026-06-30 19:11:21.986 10 INFO neutron.wsgi [req-15c29d90-db8e-4c3b-8eab-86cc9bca55aa req-462ab096-3c7e-436a-8d99-48cffa99b24f c6154ec07fdc4a75b53d0336d52eda67 0da8c9bb1a484168844b8806f62c3901 - - default default] 10.0.0.149 "GET /v2.0/ports?device_id=95a5e21e-45bd-4160-8db0-1ff8d966801c HTTP/1.1" status: 200 len: 1168 time: 0.1991694
2026-06-30 19:11:22.050 10 INFO neutron.wsgi [req-15c29d90-db8e-4c3b-8eab-86cc9bca55aa req-b843d535-4577-4935-b3b4-b2a018488599 c6154ec07fdc4a75b53d0336d52eda67 0da8c9bb1a484168844b8806f62c3901 - - default default] 10.0.0.149 "GET /v2.0/security-groups?id=404128e6-65f6-4479-ba99-30d5dd58afdf&fields=id&fields=name HTTP/1.1" status: 200 len: 312 time: 0.0557957
2026-06-30 19:11:22.102 10 INFO neutron.db.ovn_revision_numbers_db [None req-07a61351-5ab5-466a-a2ff-b21e6a2fde19 ef979f9f229945448379ee724be317d1 961d3458cc1244d5a0325340e06ef365 - - default default] Successfully bumped revision number for resource c1277673-91cc-4f53-ac65-3ba5f5f5f2d0 (type: ports) to 1
2026-06-30 19:11:22.160 9 INFO neutron.db.ovn_revision_numbers_db [None req-a5f8d9c4-0179-407d-ad49-c2b4bb6a8d2b - - - - - -] Successfully bumped revision number for resource c95f8e65-a4c6-4ba4-ba56-28aef9289b68 (type: ports) to 1
2026-06-30 19:11:22.167 10 INFO neutron.plugins.ml2.drivers.ovn.mech_driver.mech_driver [None req-a6ff4054-4c4e-4687-84ca-143e5307079f - - - - - -] OVN reports status up for port: 978efc68-b1a1-4e7a-a42e-8c61928622d6
2026-06-30 19:11:22.192 10 INFO neutron.plugins.ml2.plugin [None req-a6ff4054-4c4e-4687-84ca-143e5307079f - - - - - -] Attempt 1 to provision port 978efc68-b1a1-4e7a-a42e-8c61928622d6
2026-06-30 19:11:22.601 10 INFO neutron.db.ovn_revision_numbers_db [None req-a6ff4054-4c4e-4687-84ca-143e5307079f - - - - - -] Successfully bumped revision number for resource 978efc68-b1a1-4e7a-a42e-8c61928622d6 (type: ports) to 4
2026-06-30 19:11:22.744 9 INFO neutron.wsgi [None req-403068d6-025f-4c4f-94a6-3f12214cc61e 881d12127fa4465b83f7fee649cdb799 dfaa27f41a7342938391353f5ddd3778 - - default default] 10.0.0.91 "DELETE /v2.0/networks/8ddde80a-605c-46e6-a8f4-94830de3dea3 HTTP/1.1" status: 204 len: 168 time: 0.8149107 /var/lib/openstack/lib/python3.10/site-packages/pycadf/identifier.py:71: UserWarning: Invalid uuid: neutron. To ensure interoperability, identifiers should be a valid uuid. warnings.warn(('Invalid uuid: %s. To ensure interoperability, '
2026-06-30 19:11:22.786 9 INFO neutron.db.ovn_revision_numbers_db [None req-f3beeb40-886a-4b08-aa2c-ebb600fb5362 ef979f9f229945448379ee724be317d1 961d3458cc1244d5a0325340e06ef365 - - default default] Successfully bumped revision number for resource 2bd47e29-944b-4782-983c-48ac1245bdd9 (type: security_groups) to 1
2026-06-30 19:11:22.817 9 INFO neutron.db.ovn_revision_numbers_db [None req-f3beeb40-886a-4b08-aa2c-ebb600fb5362 ef979f9f229945448379ee724be317d1 961d3458cc1244d5a0325340e06ef365 - - default default] Successfully bumped revision number for resource 952bc022-20f0-473e-bc60-9605c1765bbd (type: security_group_rules) to 0
2026-06-30 19:11:22.835 9 INFO neutron.db.ovn_revision_numbers_db [None req-f3beeb40-886a-4b08-aa2c-ebb600fb5362 ef979f9f229945448379ee724be317d1 961d3458cc1244d5a0325340e06ef365 - - default default] Successfully bumped revision number for resource b3b730a9-0c74-48f8-abd7-1e9fe802839e (type: security_group_rules) to 0
2026-06-30 19:11:22.844 10 INFO neutron.wsgi [None req-ffee94b9-886b-4963-b2d6-acdefb03ab38 881d12127fa4465b83f7fee649cdb799 dfaa27f41a7342938391353f5ddd3778 - - default default] 10.0.0.91 "GET /v2.0/networks HTTP/1.1" status: 200 len: 845 time: 0.0950837
2026-06-30 19:11:22.849 10 ERROR ovsdbapp.backend.ovs_idl.command [None req-07a61351-5ab5-466a-a2ff-b21e6a2fde19 ef979f9f229945448379ee724be317d1 961d3458cc1244d5a0325340e06ef365 - - default default] Error executing command (DbGetCommand): ovsdbapp.backend.ovs_idl.idlutils.RowNotFound: Cannot find Logical_Router_Port with name=lrp-c1277673-91cc-4f53-ac65-3ba5f5f5f2d0
2026-06-30 19:11:22.849 10 ERROR ovsdbapp.backend.ovs_idl.command
Traceback (most recent call last):
2026-06-30 19:11:22.849 10 ERROR ovsdbapp.backend.ovs_idl.command
File "/var/lib/openstack/lib/python3.10/site-packages/ovsdbapp/backend/ovs_idl/command.py", line 47, in execute
2026-06-30 19:11:22.849 10 ERROR ovsdbapp.backend.ovs_idl.command self.run_idl(None)
