2026-06-30 19:12:57.199 9 INFO neutron.pecan_wsgi.hooks.translation [None req-6d632a7f-9f6c-4b26-b9de-a0fc09ea5b7d ca6997070ba44133896eb5e1c42727af 7cbadf7c43084ee2b4cc52b34ecca308 - - default default] GET failed (client error): The resource could not be found.
2026-06-30 19:12:57.201 9 INFO neutron.wsgi [None req-6d632a7f-9f6c-4b26-b9de-a0fc09ea5b7d ca6997070ba44133896eb5e1c42727af 7cbadf7c43084ee2b4cc52b34ecca308 - - default default] 10.0.0.91 "GET /v2.0/ports/4d1e6605-c974-454d-ba55-8b5dd7aa5664 HTTP/1.1" status: 404 len: 333 time: 0.0207512
2026-06-30 19:12:57.258 9 INFO neutron.wsgi [None req-3507d21c-65ce-4a26-a747-793b90c1523d ca6997070ba44133896eb5e1c42727af 7cbadf7c43084ee2b4cc52b34ecca308 - - default default] 10.0.0.91 "GET /v2.0/ports HTTP/1.1" status: 200 len: 1732 time: 0.0465941
2026-06-30 19:12:57.308 9 INFO neutron.wsgi [None req-b5ab1f0e-97b5-4a45-ada7-2c28e1f63f53 ca6997070ba44133896eb5e1c42727af 7cbadf7c43084ee2b4cc52b34ecca308 - - default default] 10.0.0.91 "GET /v2.0/ports/8b2489fc-c4c5-481b-904f-c8f425e14b99 HTTP/1.1" status: 200 len: 972 time: 0.0417054
2026-06-30 19:12:57.331 9 INFO neutron.pecan_wsgi.hooks.translation [None req-636fe164-b1cc-4ec4-b96c-b4b54e825dac ca6997070ba44133896eb5e1c42727af 7cbadf7c43084ee2b4cc52b34ecca308 - - default default] DELETE failed (client error): The resource could not be found.
2026-06-30 19:12:57.333 9 INFO neutron.wsgi [None req-636fe164-b1cc-4ec4-b96c-b4b54e825dac ca6997070ba44133896eb5e1c42727af 7cbadf7c43084ee2b4cc52b34ecca308 - - default default] 10.0.0.91 "DELETE /v2.0/ports/6ce57104-4423-4894-8a98-8dc285c643b1 HTTP/1.1" status: 404 len: 333 time: 0.0181761
2026-06-30 19:12:57.357 9 INFO neutron.pecan_wsgi.hooks.translation [None req-68b518af-24bf-4176-8bf1-fdb9b933f69e ca6997070ba44133896eb5e1c42727af 7cbadf7c43084ee2b4cc52b34ecca308 - - default default] DELETE failed (client error): The resource could not be found.
2026-06-30 19:12:57.360 9 INFO neutron.wsgi [None req-68b518af-24bf-4176-8bf1-fdb9b933f69e ca6997070ba44133896eb5e1c42727af 7cbadf7c43084ee2b4cc52b34ecca308 - - default default] 10.0.0.91 "DELETE /v2.0/subnets/368a25b0-a8dc-4688-b53b-f152566a3d3c HTTP/1.1" status: 404 len: 337 time: 0.0205886
2026-06-30 19:12:57.389 9 INFO neutron.pecan_wsgi.hooks.translation [None req-181852ce-e86b-425f-83fa-090b54495850 ca6997070ba44133896eb5e1c42727af 7cbadf7c43084ee2b4cc52b34ecca308 - - default default] DELETE failed (client error): The resource could not be found.
2026-06-30 19:12:57.404 9 INFO neutron.wsgi [None req-181852ce-e86b-425f-83fa-090b54495850 ca6997070ba44133896eb5e1c42727af 7cbadf7c43084ee2b4cc52b34ecca308 - - default default] 10.0.0.91 "DELETE /v2.0/subnets/5af59970-6dd0-43d7-bd90-18713037fa3b HTTP/1.1" status: 404 len: 337 time: 0.0371039
2026-06-30 19:12:57.656 9 INFO neutron.wsgi [None req-4cd7c8bc-6c63-4266-8065-c736cd09d676 ca6997070ba44133896eb5e1c42727af 7cbadf7c43084ee2b4cc52b34ecca308 - - default default] 10.0.0.91 "DELETE /v2.0/ports/8b2489fc-c4c5-481b-904f-c8f425e14b99 HTTP/1.1" status: 204 len: 168 time: 0.2486145
2026-06-30 19:12:57.706 10 WARNING neutron.scheduler.dhcp_agent_scheduler [req-19f2d2fb-8707-4ede-8bdb-f560c26ab0f3 req-a10c2a26-d7df-48ca-b63b-25f263d61101 024f32b6fadc4369aa6062a20762bbbd 305b448672ea4e2f821f792bd7bf428e - - default default] No more DHCP agents
2026-06-30 19:12:57.711 10 WARNING neutron.api.rpc.agentnotifiers.dhcp_rpc_agent_api [req-19f2d2fb-8707-4ede-8bdb-f560c26ab0f3 req-a10c2a26-d7df-48ca-b63b-25f263d61101 024f32b6fadc4369aa6062a20762bbbd 305b448672ea4e2f821f792bd7bf428e - - default default] Unable to schedule network bd007436-1b3d-49de-9224-d544d6ff76c7: no agents available; will retry on subsequent port and subnet creation events.
2026-06-30 19:12:57.930 10 INFO neutron.db.ovn_revision_numbers_db [None req-0eb729dd-c3a0-4893-bb12-854c096308b6 d218889590654be5862b147a8f03a88e f424ee546d114cbea50202e2d3cb2116 - - default default] Successfully bumped revision number for resource 6ad4b545-3c9f-44cd-aea2-11edc24b8eed (type: floatingips) to 1
2026-06-30 19:12:58.033 9 INFO neutron.services.segments.plugin [-] Segment 7d960132-9ffa-45a5-ba31-9cdb02f0a0b3 resource provider aggregate not found
2026-06-30 19:12:58.037 9 INFO neutron.services.segments.plugin [-] Segment 7d960132-9ffa-45a5-ba31-9cdb02f0a0b3 resource provider aggregate not found
2026-06-30 19:12:58.045 10 INFO neutron.db.ovn_revision_numbers_db [req-19f2d2fb-8707-4ede-8bdb-f560c26ab0f3 req-a10c2a26-d7df-48ca-b63b-25f263d61101 024f32b6fadc4369aa6062a20762bbbd 305b448672ea4e2f821f792bd7bf428e - - default default] Successfully bumped revision number for resource 3100b562-4e7d-42bb-bd7c-2fa2d5ac7573 (type: ports) to 1
2026-06-30 19:12:58.048 9 INFO neutron.services.segments.plugin [-] Segment 7d960132-9ffa-45a5-ba31-9cdb02f0a0b3 resource provider not found; error: Placement Client Error (4xx): {"errors": [{"status": 404, "title": "Not Found", "detail": "The resource could not be found.\n\n No resource provider with uuid 7d960132-9ffa-45a5-ba31-9cdb02f0a0b3 found for delete ", "request_id": "req-6a82f6fb-e49b-477b-a024-f5a6ff97306c"}]}
2026-06-30 19:12:58.050 9 INFO neutron.services.segments.plugin [-] Segment 7d960132-9ffa-45a5-ba31-9cdb02f0a0b3 resource provider not found; error: Placement Client Error (4xx): {"errors": [{"status": 404, "title": "Not Found", "detail": "The resource could not be found.\n\n No resource provider with uuid 7d960132-9ffa-45a5-ba31-9cdb02f0a0b3 found for delete ", "request_id": "req-cdd3e34b-ec1e-4bd6-980b-841eb2499587"}]}
2026-06-30 19:12:58.091 10 INFO neutron.wsgi [req-19f2d2fb-8707-4ede-8bdb-f560c26ab0f3 req-a10c2a26-d7df-48ca-b63b-25f263d61101 024f32b6fadc4369aa6062a20762bbbd 305b448672ea4e2f821f792bd7bf428e - - default default] 199.204.45.177 "POST /v2.0/ports HTTP/1.1" status: 201 len: 1162 time: 1.3307683
2026-06-30 19:12:58.093 9 INFO neutron.wsgi [None req-03a8f732-45e0-4971-b3b7-1530b83c83fe ca6997070ba44133896eb5e1c42727af 7cbadf7c43084ee2b4cc52b34ecca308 - - default default] 10.0.0.91 "DELETE /v2.0/networks/83b526d7-d096-4f4f-aa50-a23aa9c8c1f7 HTTP/1.1" status: 204 len: 168 time: 0.4304190 /var/lib/openstack/lib/python3.10/site-packages/pycadf/identifier.py:71: UserWarning: Invalid uuid: neutron. To ensure interoperability, identifiers should be a valid uuid. warnings.warn(('Invalid uuid: %s. To ensure interoperability, '
2026-06-30 19:12:58.166 10 INFO neutron.db.ovn_revision_numbers_db [None req-0eb729dd-c3a0-4893-bb12-854c096308b6 d218889590654be5862b147a8f03a88e f424ee546d114cbea50202e2d3cb2116 - - default default] Successfully bumped revision number for resource 6ad4b545-3c9f-44cd-aea2-11edc24b8eed (type: floatingips) to 2
2026-06-30 19:12:58.167 10 INFO neutron.db.l3_db [None req-0eb729dd-c3a0-4893-bb12-854c096308b6 d218889590654be5862b147a8f03a88e f424ee546d114cbea50202e2d3cb2116 - - default default] Floating IP 6ad4b545-3c9f-44cd-aea2-11edc24b8eed associated. External IP: 10.96.250.204, port: a19763a3-e11e-4eeb-9791-86b7e8645a83.
2026-06-30 19:12:58.206 10 INFO neutron.wsgi [None req-0eb729dd-c3a0-4893-bb12-854c096308b6 d218889590654be5862b147a8f03a88e f424ee546d114cbea50202e2d3cb2116 - - default default] 10.0.0.91 "PUT /v2.0/floatingips/6ad4b545-3c9f-44cd-aea2-11edc24b8eed HTTP/1.1" status: 200 len: 1049 time: 1.6114388
2026-06-30 19:12:58.258 10 INFO neutron.notifiers.nova [-] Nova event matching ['req-04cab7e1-9303-427c-a970-eda4de6a5286'] response: {'name': 'network-changed', 'server_uuid': 'e5a57b4a-f85a-4e92-802c-bd8906c332ec', 'tag': 'a19763a3-e11e-4eeb-9791-86b7e8645a83', 'status': 'completed', 'code': 200}
2026-06-30 19:12:58.266 10 INFO neutron.wsgi [req-188fed12-4e91-4407-8864-a3751c5c9666 req-df740db9-ad95-41fd-83d1-a820463fdd38 024f32b6fadc4369aa6062a20762bbbd 305b448672ea4e2f821f792bd7bf428e - - default default] 10.0.0.149 "GET /v2.0/ports?device_id=875a21f1-b323-4038-b581-871550c3ccb4 HTTP/1.1" status: 200 len: 1160 time: 0.0502782
2026-06-30 19:12:58.340 9 INFO neutron.wsgi [req-9a74e626-db60-4f00-ab76-06cd4abf75c8 req-da9f61e8-f4c8-486d-ac45-8a1e15c73a24 5236164aa587457e87252a81e1712d29 7de378ecd55648fbbf2180ea8f35c8e4 - - b7a65e3967cb45dbbcb89afd39f4f76c b7a65e3967cb45dbbcb89afd39f4f76c] 199.204.45.177 "GET /v2.0/ports?tenant_id=f424ee546d114cbea50202e2d3cb2116&device_id=e5a57b4a-f85a-4e92-802c-bd8906c332ec HTTP/1.1" status: 200 len: 1409 time: 0.0648768
2026-06-30 19:12:58.409 9 INFO neutron.wsgi [req-9a74e626-db60-4f00-ab76-06cd4abf75c8 req-90b83e30-5ef7-48f5-991d-f7934f729ee1 5236164aa587457e87252a81e1712d29 7de378ecd55648fbbf2180ea8f35c8e4 - - b7a65e3967cb45dbbcb89afd39f4f76c b7a65e3967cb45dbbcb89afd39f4f76c] 199.204.45.177 "GET /v2.0/networks?id=a87f1ecc-d625-416d-9c99-cee6ffa79e0f HTTP/1.1" status: 200 len: 974 time: 0.0633445
2026-06-30 19:12:58.490 9 INFO neutron.wsgi [req-9a74e626-db60-4f00-ab76-06cd4abf75c8 req-059c1bbd-2e21-44e0-b9ee-49b901d51d01 5236164aa587457e87252a81e1712d29 7de378ecd55648fbbf2180ea8f35c8e4 - - b7a65e3967cb45dbbcb89afd39f4f76c b7a65e3967cb45dbbcb89afd39f4f76c] 199.204.45.177 "GET /v2.0/floatingips?fixed_ip_address=10.100.0.7&port_id=a19763a3-e11e-4eeb-9791-86b7e8645a83 HTTP/1.1" status: 200 len: 1059 time: 0.0729990
2026-06-30 19:12:58.518 9 INFO neutron.wsgi [req-d217602a-a363-4b6b-a3d9-6fcf710aca5a req-11a596e7-11bd-44e4-9b1c-46fb8bc8c7c4 5236164aa587457e87252a81e1712d29 7de378ecd55648fbbf2180ea8f35c8e4 - - b7a65e3967cb45dbbcb89afd39f4f76c b7a65e3967cb45dbbcb89afd39f4f76c] 199.204.45.177 "GET /v2.0/ports?device_id=e5a57b4a-f85a-4e92-802c-bd8906c332ec&fields=binding%3Ahost_id&fields=binding%3Avif_type HTTP/1.1" status: 200 len: 265 time: 0.0664651
2026-06-30 19:12:58.532 9 INFO neutron.wsgi [req-9a74e626-db60-4f00-ab76-06cd4abf75c8 req-554dc51a-1576-4a6f-9f5a-384e6eb572e3 5236164aa587457e87252a81e1712d29 7de378ecd55648fbbf2180ea8f35c8e4 - - b7a65e3967cb45dbbcb89afd39f4f76c b7a65e3967cb45dbbcb89afd39f4f76c] 199.204.45.177 "GET /v2.0/subnets?id=55f02f8b-4489-4c57-9980-c4296d9468b1 HTTP/1.1" status: 200 len: 869 time: 0.0363696
2026-06-30 19:12:58.556 9 INFO neutron.wsgi [req-9a74e626-db60-4f00-ab76-06cd4abf75c8 req-ec22dce0-885c-425e-82bf-0403f99be3f4 5236164aa587457e87252a81e1712d29 7de378ecd55648fbbf2180ea8f35c8e4 - - b7a65e3967cb45dbbcb89afd39f4f76c b7a65e3967cb45dbbcb89afd39f4f76c] 199.204.45.177 "GET /v2.0/ports?network_id=a87f1ecc-d625-416d-9c99-cee6ffa79e0f&device_owner=network%3Adhcp HTTP/1.1" status: 200 len: 210 time: 0.0174506
2026-06-30 19:12:58.608 9 WARNING neutron.plugins.ml2.drivers.ovn.mech_driver.ovsdb.ovn_client [None req-82e30c96-36d2-4c62-8f9d-91015b037f83 - - - - - -] No hosting information found for port 3331bf04-23fe-428e-9286-1aa128bf6e1c: RuntimeError: No hosting information found for port 3331bf04-23fe-428e-9286-1aa128bf6e1c
2026-06-30 19:12:58.609 9 INFO neutron.plugins.ml2.drivers.ovn.mech_driver.mech_driver [None req-82e30c96-36d2-4c62-8f9d-91015b037f83 - - - - - -] OVN reports status down for port: 89e90d5f-5cdb-4a90-a3e9-85d3d294105c
2026-06-30 19:12:58.628 10 INFO neutron.wsgi [req-188fed12-4e91-4407-8864-a3751c5c9666 req-c50dd7ed-e3ca-4de1-9a5a-371b36ea81c8 024f32b6fadc4369aa6062a20762bbbd 305b448672ea4e2f821f792bd7bf428e - - default default] 10.0.0.149 "GET /v2.0/security-groups?id=f391d43a-01ed-452f-b925-c80afcf06b72&fields=id&fields=name HTTP/1.1" status: 200 len: 313 time: 0.3554618
2026-06-30 19:12:58.666 9 INFO neutron.plugins.ml2.drivers.ovn.mech_driver.mech_driver [None req-82e30c96-36d2-4c62-8f9d-91015b037f83 - - - - - -] OVN reports status down for port: 4d1e6605-c974-454d-ba55-8b5dd7aa5664
2026-06-30 19:12:58.688 9 INFO neutron.wsgi [req-9a74e626-db60-4f00-ab76-06cd4abf75c8 req-d88a03bb-c968-4be4-b2f6-084ff0a45021 5236164aa587457e87252a81e1712d29 7de378ecd55648fbbf2180ea8f35c8e4 - - b7a65e3967cb45dbbcb89afd39f4f76c b7a65e3967cb45dbbcb89afd39f4f76c] 199.204.45.177 "GET /v2.0/networks/a87f1ecc-d625-416d-9c99-cee6ffa79e0f?fields=segments HTTP/1.1" status: 200 len: 212 time: 0.1261377 /var/lib/openstack/lib/python3.10/site-packages/pycadf/identifier.py:71: UserWarning: Invalid uuid: neutron. To ensure interoperability, identifiers should be a valid uuid. warnings.warn(('Invalid uuid: %s. To ensure interoperability, '
2026-06-30 19:12:58.760 9 INFO neutron.wsgi [req-9a74e626-db60-4f00-ab76-06cd4abf75c8 req-7e73cc08-1614-4718-8135-4abd5a723039 5236164aa587457e87252a81e1712d29 7de378ecd55648fbbf2180ea8f35c8e4 - - b7a65e3967cb45dbbcb89afd39f4f76c b7a65e3967cb45dbbcb89afd39f4f76c] 199.204.45.177 "GET /v2.0/networks/a87f1ecc-d625-416d-9c99-cee6ffa79e0f?fields=provider%3Aphysical_network&fields=provider%3Anetwork_type HTTP/1.1" status: 200 len: 277 time: 0.0649800
2026-06-30 19:12:58.880 10 INFO neutron.wsgi [None req-58576111-98e8-4730-aba7-3431e11612a1 ef979f9f229945448379ee724be317d1 961d3458cc1244d5a0325340e06ef365 - - default default] 10.0.0.91 "GET /v2.0/security-groups?tenant_id=7cbadf7c43084ee2b4cc52b34ecca308&name=default HTTP/1.1" status: 200 len: 3120 time: 0.2092991
2026-06-30 19:12:58.903 9 INFO neutron.wsgi [req-d217602a-a363-4b6b-a3d9-6fcf710aca5a req-d9fbaf18-c65f-413f-ab40-7b4fed5caac1 5236164aa587457e87252a81e1712d29 7de378ecd55648fbbf2180ea8f35c8e4 - - b7a65e3967cb45dbbcb89afd39f4f76c b7a65e3967cb45dbbcb89afd39f4f76c] 199.204.45.177 "GET /v2.0/ports?tenant_id=f424ee546d114cbea50202e2d3cb2116&device_id=e5a57b4a-f85a-4e92-802c-bd8906c332ec HTTP/1.1" status: 200 len: 1409 time: 0.0507741
2026-06-30 19:12:58.997 9 INFO neutron.wsgi [req-d217602a-a363-4b6b-a3d9-6fcf710aca5a req-6673b467-06cc-4c7f-be66-bb264e6169c0 5236164aa587457e87252a81e1712d29 7de378ecd55648fbbf2180ea8f35c8e4 - - b7a65e3967cb45dbbcb89afd39f4f76c b7a65e3967cb45dbbcb89afd39f4f76c] 199.204.45.177 "GET /v2.0/networks?id=a87f1ecc-d625-416d-9c99-cee6ffa79e0f HTTP/1.1" status: 200 len: 974 time: 0.0726292
2026-06-30 19:12:59.066 9 INFO neutron.wsgi [req-d217602a-a363-4b6b-a3d9-6fcf710aca5a req-3cbdf028-3a22-415c-9c54-3ee022ae3702 5236164aa587457e87252a81e1712d29 7de378ecd55648fbbf2180ea8f35c8e4 - - b7a65e3967cb45dbbcb89afd39f4f76c b7a65e3967cb45dbbcb89afd39f4f76c] 199.204.45.177 "GET /v2.0/floatingips?fixed_ip_address=10.100.0.7&port_id=a19763a3-e11e-4eeb-9791-86b7e8645a83 HTTP/1.1" status: 200 len: 1059 time: 0.0602105
2026-06-30 19:12:59.073 10 INFO neutron.db.ovn_revision_numbers_db [req-19f2d2fb-8707-4ede-8bdb-f560c26ab0f3 req-0eda2dc2-0f32-4299-8eee-d1d66437f749 5236164aa587457e87252a81e1712d29 7de378ecd55648fbbf2180ea8f35c8e4 - - b7a65e3967cb45dbbcb89afd39f4f76c b7a65e3967cb45dbbcb89afd39f4f76c] Successfully bumped revision number for resource 3100b562-4e7d-42bb-bd7c-2fa2d5ac7573 (type: ports) to 2
2026-06-30 19:12:59.421 10 INFO neutron.db.ovn_revision_numbers_db [req-19f2d2fb-8707-4ede-8bdb-f560c26ab0f3 req-0eda2dc2-0f32-4299-8eee-d1d66437f749 5236164aa587457e87252a81e1712d29 7de378ecd55648fbbf2180ea8f35c8e4 - - b7a65e3967cb45dbbcb89afd39f4f76c b7a65e3967cb45dbbcb89afd39f4f76c] Successfully bumped revision number for resource 3100b562-4e7d-42bb-bd7c-2fa2d5ac7573 (type: ports) to 2
2026-06-30 19:12:59.475 10 INFO neutron.wsgi [req-19f2d2fb-8707-4ede-8bdb-f560c26ab0f3 req-0eda2dc2-0f32-4299-8eee-d1d66437f749 5236164aa587457e87252a81e1712d29 7de378ecd55648fbbf2180ea8f35c8e4 - - b7a65e3967cb45dbbcb89afd39f4f76c b7a65e3967cb45dbbcb89afd39f4f76c] 199.204.45.177 "PUT /v2.0/ports/3100b562-4e7d-42bb-bd7c-2fa2d5ac7573 HTTP/1.1" status: 200 len: 1380 time: 1.3760006 /var/lib/openstack/lib/python3.10/site-packages/pycadf/identifier.py:71: UserWarning: Invalid uuid: neutron. To ensure interoperability, identifiers should be a valid uuid. warnings.warn(('Invalid uuid: %s. To ensure interoperability, '
2026-06-30 19:12:59.563 10 INFO neutron.wsgi [req-19f2d2fb-8707-4ede-8bdb-f560c26ab0f3 req-289162dc-d039-4227-99fe-00bdb1e3c036 5236164aa587457e87252a81e1712d29 7de378ecd55648fbbf2180ea8f35c8e4 - - b7a65e3967cb45dbbcb89afd39f4f76c b7a65e3967cb45dbbcb89afd39f4f76c] 199.204.45.177 "GET /v2.0/ports?tenant_id=305b448672ea4e2f821f792bd7bf428e&device_id=875a21f1-b323-4038-b581-871550c3ccb4 HTTP/1.1" status: 200 len: 1411 time: 0.0409408
2026-06-30 19:12:59.605 10 INFO neutron.wsgi [req-19f2d2fb-8707-4ede-8bdb-f560c26ab0f3 req-d78a4728-2c2b-4f2a-8661-cde93c8b7491 5236164aa587457e87252a81e1712d29 7de378ecd55648fbbf2180ea8f35c8e4 - - b7a65e3967cb45dbbcb89afd39f4f76c b7a65e3967cb45dbbcb89afd39f4f76c] 199.204.45.177 "GET /v2.0/floatingips?fixed_ip_address=10.100.0.11&port_id=3100b562-4e7d-42bb-bd7c-2fa2d5ac7573 HTTP/1.1" status: 200 len: 217 time: 0.0348475
2026-06-30 19:12:59.612 9 INFO neutron.wsgi [req-d217602a-a363-4b6b-a3d9-6fcf710aca5a req-82f96cc6-1234-4b58-9e69-a1bbbf5abbb1 5236164aa587457e87252a81e1712d29 7de378ecd55648fbbf2180ea8f35c8e4 - - b7a65e3967cb45dbbcb89afd39f4f76c b7a65e3967cb45dbbcb89afd39f4f76c] 199.204.45.177 "GET /v2.0/subnets?id=55f02f8b-4489-4c57-9980-c4296d9468b1 HTTP/1.1" status: 200 len: 869 time: 0.5398090
2026-06-30 19:12:59.648 9 INFO neutron.wsgi [req-d217602a-a363-4b6b-a3d9-6fcf710aca5a req-3c5bb415-ed96-4d79-899e-9e600d01404f 5236164aa587457e87252a81e1712d29 7de378ecd55648fbbf2180ea8f35c8e4 - - b7a65e3967cb45dbbcb89afd39f4f76c b7a65e3967cb45dbbcb89afd39f4f76c] 199.204.45.177 "GET /v2.0/ports?network_id=a87f1ecc-d625-416d-9c99-cee6ffa79e0f&device_owner=network%3Adhcp HTTP/1.1" status: 200 len: 210 time: 0.0303032
2026-06-30 19:12:59.652 10 INFO neutron.wsgi [req-19f2d2fb-8707-4ede-8bdb-f560c26ab0f3 req-c01d1b7a-071c-49cf-ac27-5e24c0f31fc7 5236164aa587457e87252a81e1712d29 7de378ecd55648fbbf2180ea8f35c8e4 - - b7a65e3967cb45dbbcb89afd39f4f76c b7a65e3967cb45dbbcb89afd39f4f76c] 199.204.45.177 "GET /v2.0/subnets?id=31316d83-ea75-43fe-a7b0-1f9670eb0f7f HTTP/1.1" status: 200 len: 852 time: 0.0404932
2026-06-30 19:12:59.723 10 INFO neutron.wsgi [req-19f2d2fb-8707-4ede-8bdb-f560c26ab0f3 req-7bd464fb-cdae-4295-beb8-b167ea6b4aff 5236164aa587457e87252a81e1712d29 7de378ecd55648fbbf2180ea8f35c8e4 - - b7a65e3967cb45dbbcb89afd39f4f76c b7a65e3967cb45dbbcb89afd39f4f76c] 199.204.45.177 "GET /v2.0/ports?network_id=bd007436-1b3d-49de-9224-d544d6ff76c7&device_owner=network%3Adhcp HTTP/1.1" status: 200 len: 210 time: 0.0610108 /var/lib/openstack/lib/python3.10/site-packages/pycadf/identifier.py:71: UserWarning: Invalid uuid: neutron. To ensure interoperability, identifiers should be a valid uuid. warnings.warn(('Invalid uuid: %s. To ensure interoperability, '
2026-06-30 19:12:59.740 10 INFO neutron.wsgi [None req-7ec3dc84-e547-4f09-81b7-d2448f372a05 ef979f9f229945448379ee724be317d1 961d3458cc1244d5a0325340e06ef365 - - default default] 10.0.0.91 "PUT /v2.0/routers/a8bfb46a-3f0e-47e5-bff4-bd995cdae999/remove_router_interface HTTP/1.1" status: 200 len: 503 time: 2.9221740
2026-06-30 19:12:59.742 9 INFO neutron.wsgi [None req-46bad8c1-083c-4ec4-9c05-62c51bd4108f ef979f9f229945448379ee724be317d1 961d3458cc1244d5a0325340e06ef365 - - default default] 10.0.0.91 "DELETE /v2.0/security-groups/987ff721-8ebf-4469-93bb-8da2ba055e37 HTTP/1.1" status: 204 len: 168 time: 0.8541675
2026-06-30 19:12:59.747 9 INFO neutron.wsgi [req-d217602a-a363-4b6b-a3d9-6fcf710aca5a req-695eb1a9-a063-431a-81fa-09bbf0667ccc 5236164aa587457e87252a81e1712d29 7de378ecd55648fbbf2180ea8f35c8e4 - - b7a65e3967cb45dbbcb89afd39f4f76c b7a65e3967cb45dbbcb89afd39f4f76c] 199.204.45.177 "GET /v2.0/networks/a87f1ecc-d625-416d-9c99-cee6ffa79e0f?fields=segments HTTP/1.1" status: 200 len: 212 time: 0.0834446
2026-06-30 19:12:59.784 10 INFO neutron.wsgi [req-cb9edef5-5a05-4730-a22c-1fbc3627c81a req-f986dc68-3e47-4569-8ef8-027ce92038c7 024f32b6fadc4369aa6062a20762bbbd 305b448672ea4e2f821f792bd7bf428e - - default default] 10.0.0.149 "GET /v2.0/ports?device_id=875a21f1-b323-4038-b581-871550c3ccb4 HTTP/1.1" status: 200 len: 1172 time: 0.0602460
2026-06-30 19:12:59.827 9 INFO neutron.wsgi [req-d217602a-a363-4b6b-a3d9-6fcf710aca5a req-dd4551e6-1e4f-4c0d-bc02-0831e21e510a 5236164aa587457e87252a81e1712d29 7de378ecd55648fbbf2180ea8f35c8e4 - - b7a65e3967cb45dbbcb89afd39f4f76c b7a65e3967cb45dbbcb89afd39f4f76c] 199.204.45.177 "GET /v2.0/networks/a87f1ecc-d625-416d-9c99-cee6ffa79e0f?fields=provider%3Aphysical_network&fields=provider%3Anetwork_type HTTP/1.1" status: 200 len: 277 time: 0.0735934
2026-06-30 19:12:59.845 10 INFO neutron.wsgi [req-19f2d2fb-8707-4ede-8bdb-f560c26ab0f3 req-dbe44bb2-f6b0-4d95-a95f-bf86765582bc 5236164aa587457e87252a81e1712d29 7de378ecd55648fbbf2180ea8f35c8e4 - - b7a65e3967cb45dbbcb89afd39f4f76c b7a65e3967cb45dbbcb89afd39f4f76c] 199.204.45.177 "GET /v2.0/networks/bd007436-1b3d-49de-9224-d544d6ff76c7?fields=segments HTTP/1.1" status: 200 len: 212 time: 0.1088789
2026-06-30 19:12:59.858 10 INFO neutron.wsgi [req-cb9edef5-5a05-4730-a22c-1fbc3627c81a req-a9abeac7-2e18-4f69-b4b9-667f15a0d651 024f32b6fadc4369aa6062a20762bbbd 305b448672ea4e2f821f792bd7bf428e - - default default] 10.0.0.149 "GET /v2.0/security-groups?id=f391d43a-01ed-452f-b925-c80afcf06b72&fields=id&fields=name HTTP/1.1" status: 200 len: 313 time: 0.0668132
2026-06-30 19:12:59.925 10 INFO neutron.wsgi [req-19f2d2fb-8707-4ede-8bdb-f560c26ab0f3 req-f1d289f8-9cd9-4be8-b388-37b39bef0b55 5236164aa587457e87252a81e1712d29 7de378ecd55648fbbf2180ea8f35c8e4 - - b7a65e3967cb45dbbcb89afd39f4f76c b7a65e3967cb45dbbcb89afd39f4f76c] 199.204.45.177 "GET /v2.0/networks/bd007436-1b3d-49de-9224-d544d6ff76c7?fields=provider%3Aphysical_network&fields=provider%3Anetwork_type HTTP/1.1" status: 200 len: 277 time: 0.0751367
2026-06-30 19:13:00.149 10 INFO neutron.plugins.ml2.drivers.ovn.mech_driver.mech_driver [None req-a6ff4054-4c4e-4687-84ca-143e5307079f - - - - - -] OVN reports status up for port: 3100b562-4e7d-42bb-bd7c-2fa2d5ac7573
2026-06-30 19:13:00.174 10 INFO neutron.plugins.ml2.plugin [None req-a6ff4054-4c4e-4687-84ca-143e5307079f - - - - - -] Attempt 1 to provision port 3100b562-4e7d-42bb-bd7c-2fa2d5ac7573
2026-06-30 19:13:00.301 10 INFO neutron.wsgi [-] 10.0.0.96 "GET / HTTP/1.1" status: 200 len: 247 time: 0.0018408
2026-06-30 19:13:00.303 10 INFO neutron.wsgi [-] 10.0.0.96 "GET / HTTP/1.1" status: 200 len: 247 time: 0.0009825
2026-06-30 19:13:00.312 10 INFO neutron.notifiers.nova [-] Nova event matching ['req-55ec7e23-4863-4f37-82ab-d74acca2e599'] response: {'name': 'network-changed', 'server_uuid': '875a21f1-b323-4038-b581-871550c3ccb4', 'tag': '3100b562-4e7d-42bb-bd7c-2fa2d5ac7573', 'status': 'completed', 'code': 200}
2026-06-30 19:13:00.398 10 INFO neutron.wsgi [req-3a780eff-4e47-4928-9611-6f18c56b73e2 req-24621c16-1472-4ebd-8991-3427a9094fb9 5236164aa587457e87252a81e1712d29 7de378ecd55648fbbf2180ea8f35c8e4 - - b7a65e3967cb45dbbcb89afd39f4f76c b7a65e3967cb45dbbcb89afd39f4f76c] 199.204.45.177 "GET /v2.0/ports?tenant_id=305b448672ea4e2f821f792bd7bf428e&device_id=875a21f1-b323-4038-b581-871550c3ccb4 HTTP/1.1" status: 200 len: 1411 time: 0.0667679
2026-06-30 19:13:00.517 10 INFO neutron.wsgi [req-3a780eff-4e47-4928-9611-6f18c56b73e2 req-276c95da-7b1b-4682-bcda-149fc7f8b2a7 5236164aa587457e87252a81e1712d29 7de378ecd55648fbbf2180ea8f35c8e4 - - b7a65e3967cb45dbbcb89afd39f4f76c b7a65e3967cb45dbbcb89afd39f4f76c] 199.204.45.177 "GET /v2.0/networks?id=bd007436-1b3d-49de-9224-d544d6ff76c7 HTTP/1.1" status: 200 len: 959 time: 0.1142621
2026-06-30 19:13:00.553 10 INFO neutron.wsgi [req-3a780eff-4e47-4928-9611-6f18c56b73e2 req-874ca7a5-7ceb-4de8-8979-ef36f5b73b0e 5236164aa587457e87252a81e1712d29 7de378ecd55648fbbf2180ea8f35c8e4 - - b7a65e3967cb45dbbcb89afd39f4f76c b7a65e3967cb45dbbcb89afd39f4f76c] 199.204.45.177 "GET /v2.0/floatingips?fixed_ip_address=10.100.0.11&port_id=3100b562-4e7d-42bb-bd7c-2fa2d5ac7573 HTTP/1.1" status: 200 len: 217 time: 0.0252378
2026-06-30 19:13:00.608 10 INFO neutron.wsgi [req-3a780eff-4e47-4928-9611-6f18c56b73e2 req-76d21805-acfa-49df-a8ba-64d788f33066 5236164aa587457e87252a81e1712d29 7de378ecd55648fbbf2180ea8f35c8e4 - - b7a65e3967cb45dbbcb89afd39f4f76c b7a65e3967cb45dbbcb89afd39f4f76c] 199.204.45.177 "GET /v2.0/subnets?id=31316d83-ea75-43fe-a7b0-1f9670eb0f7f HTTP/1.1" status: 200 len: 852 time: 0.0486712
2026-06-30 19:13:00.653 10 INFO neutron.wsgi [req-3a780eff-4e47-4928-9611-6f18c56b73e2 req-452aa928-b63a-48c7-80cd-45ca68a09c32 5236164aa587457e87252a81e1712d29 7de378ecd55648fbbf2180ea8f35c8e4 - - b7a65e3967cb45dbbcb89afd39f4f76c b7a65e3967cb45dbbcb89afd39f4f76c] 199.204.45.177 "GET /v2.0/ports?network_id=bd007436-1b3d-49de-9224-d544d6ff76c7&device_owner=network%3Adhcp HTTP/1.1" status: 200 len: 210 time: 0.0368581
2026-06-30 19:13:00.728 10 INFO neutron.db.ovn_revision_numbers_db [None req-a6ff4054-4c4e-4687-84ca-143e5307079f - - - - - -] Successfully bumped revision number for resource 3100b562-4e7d-42bb-bd7c-2fa2d5ac7573 (type: ports) to 4
2026-06-30 19:13:00.751 10 INFO neutron.wsgi [req-3a780eff-4e47-4928-9611-6f18c56b73e2 req-e0204c51-6d05-429a-9441-bd74f551da79 5236164aa587457e87252a81e1712d29 7de378ecd55648fbbf2180ea8f35c8e4 - - b7a65e3967cb45dbbcb89afd39f4f76c b7a65e3967cb45dbbcb89afd39f4f76c] 199.204.45.177 "GET /v2.0/networks/bd007436-1b3d-49de-9224-d544d6ff76c7?fields=segments HTTP/1.1" status: 200 len: 212 time: 0.0920229
2026-06-30 19:13:00.784 9 INFO neutron.wsgi [None req-f116aba3-7d9b-4871-8950-2d8dd0347784 ef979f9f229945448379ee724be317d1 961d3458cc1244d5a0325340e06ef365 - - default default] 10.0.0.91 "DELETE /v2.0/routers/a8bfb46a-3f0e-47e5-bff4-bd995cdae999 HTTP/1.1" status: 204 len: 168 time: 1.0362849
2026-06-30 19:13:00.901 10 INFO neutron.wsgi [req-3a780eff-4e47-4928-9611-6f18c56b73e2 req-0a1b5b55-17fa-4f75-a58a-ff352db30940 5236164aa587457e87252a81e1712d29 7de378ecd55648fbbf2180ea8f35c8e4 - - b7a65e3967cb45dbbcb89afd39f4f76c b7a65e3967cb45dbbcb89afd39f4f76c] 199.204.45.177 "GET /v2.0/networks/bd007436-1b3d-49de-9224-d544d6ff76c7?fields=provider%3Aphysical_network&fields=provider%3Anetwork_type HTTP/1.1" status: 200 len: 277 time: 0.1333568 /var/lib/openstack/lib/python3.10/site-packages/pycadf/identifier.py:71: UserWarning: Invalid uuid: neutron. To ensure interoperability, identifiers should be a valid uuid. warnings.warn(('Invalid uuid: %s. To ensure interoperability, '
2026-06-30 19:13:00.988 9 INFO neutron.wsgi [None req-d2e3d4e0-1ba7-489a-9641-f1cdb39a08e6 ef979f9f229945448379ee724be317d1 961d3458cc1244d5a0325340e06ef365 - - default default] 10.0.0.91 "DELETE /v2.0/subnets/b0697303-6124-42be-8a96-b478d940cd0d HTTP/1.1" status: 204 len: 168 time: 0.1988811
2026-06-30 19:13:01.065 10 INFO neutron.wsgi [req-ba547b57-4147-4f2f-b47a-565730d1467a req-84ad009c-a351-4df2-9a88-e6ee4393a57f 024f32b6fadc4369aa6062a20762bbbd 305b448672ea4e2f821f792bd7bf428e - - default default] 10.0.0.149 "GET /v2.0/ports?device_id=875a21f1-b323-4038-b581-871550c3ccb4 HTTP/1.1" status: 200 len: 1174 time: 0.1361594
2026-06-30 19:13:01.130 10 INFO neutron.wsgi [req-ba547b57-4147-4f2f-b47a-565730d1467a req-ab849c4f-681c-4186-bffd-926dc73224d8 024f32b6fadc4369aa6062a20762bbbd 305b448672ea4e2f821f792bd7bf428e - - default default] 10.0.0.149 "GET /v2.0/security-groups?id=f391d43a-01ed-452f-b925-c80afcf06b72&fields=id&fields=name HTTP/1.1" status: 200 len: 313 time: 0.0565648
2026-06-30 19:13:01.485 10 INFO neutron.services.segments.plugin [-] Segment 135e1d7f-f5fe-4e5f-ac94-cb773fef8a56 resource provider aggregate not found
2026-06-30 19:13:01.491 10 INFO neutron.services.segments.plugin [-] Segment 135e1d7f-f5fe-4e5f-ac94-cb773fef8a56 resource provider aggregate not found
2026-06-30 19:13:01.497 10 INFO neutron.services.segments.plugin [-] Segment 135e1d7f-f5fe-4e5f-ac94-cb773fef8a56 resource provider not found; error: Placement Client Error (4xx): {"errors": [{"status": 404, "title": "Not Found", "detail": "The resource could not be found.\n\n No resource provider with uuid 135e1d7f-f5fe-4e5f-ac94-cb773fef8a56 found for delete ", "request_id": "req-d5a79e78-390c-4a34-aa32-44b5522b4913"}]}
2026-06-30 19:13:01.504 10 INFO neutron.services.segments.plugin [-] Segment 135e1d7f-f5fe-4e5f-ac94-cb773fef8a56 resource provider not found; error: Placement Client Error (4xx): {"errors": [{"status": 404, "title": "Not Found", "detail": "The resource could not be found.\n\n No resource provider with uuid 135e1d7f-f5fe-4e5f-ac94-cb773fef8a56 found for delete ", "request_id": "req-41cdc995-e88f-4f75-8b13-090aacf10b6c"}]}
2026-06-30 19:13:01.522 10 INFO neutron.wsgi [None req-c2d7008b-a8e9-4a94-a7b4-6b94da25a91a ef979f9f229945448379ee724be317d1 961d3458cc1244d5a0325340e06ef365 - - default default] 10.0.0.91 "DELETE /v2.0/networks/7ea1e356-a332-4796-8558-47bcf1062075 HTTP/1.1" status: 204 len: 168 time: 0.5204072
2026-06-30 19:13:01.731 9 WARNING neutron_lib.context [None req-170cf90d-de62-4125-8f77-0bd4e503c777 8c51de0d91aa45d087c2908ff7dac2ce c50b7aa1c5584a57ae9ff266f7e8c719 - - default default] Method 'is_advsvc' is deprecated since 2023.2 release (neutron-lib 3.8.0) and will be removed once support for the old RBAC API policies will be removed from Neutron. Please use method 'is_service_role' instead.
2026-06-30 19:13:01.932 9 INFO neutron.db.ovn_revision_numbers_db [None req-170cf90d-de62-4125-8f77-0bd4e503c777 8c51de0d91aa45d087c2908ff7dac2ce c50b7aa1c5584a57ae9ff266f7e8c719 - - default default] Successfully bumped revision number for resource f42936bc-4965-493a-8c48-4502a3ba6617 (type: security_groups) to 1
2026-06-30 19:13:01.957 9 INFO neutron.db.ovn_revision_numbers_db [None req-170cf90d-de62-4125-8f77-0bd4e503c777 8c51de0d91aa45d087c2908ff7dac2ce c50b7aa1c5584a57ae9ff266f7e8c719 - - default default] Successfully bumped revision number for resource 32bd7154-6b22-402f-8058-ac3e9bd38f0e (type: security_group_rules) to 0
2026-06-30 19:13:01.986 9 INFO neutron.db.ovn_revision_numbers_db [None req-170cf90d-de62-4125-8f77-0bd4e503c777 8c51de0d91aa45d087c2908ff7dac2ce c50b7aa1c5584a57ae9ff266f7e8c719 - - default default] Successfully bumped revision number for resource 6d0a63c3-2e80-4f96-8ed1-6cb4fa669c3e (type: security_group_rules) to 0
2026-06-30 19:13:02.002 9 INFO neutron.db.ovn_revision_numbers_db [None req-170cf90d-de62-4125-8f77-0bd4e503c777 8c51de0d91aa45d087c2908ff7dac2ce c50b7aa1c5584a57ae9ff266f7e8c719 - - default default] Successfully bumped revision number for resource b134d0a3-3ea3-491d-8eeb-15e88b3d108b (type: security_group_rules) to 0
2026-06-30 19:13:02.029 9 INFO neutron.db.ovn_revision_numbers_db [None req-170cf90d-de62-4125-8f77-0bd4e503c777 8c51de0d91aa45d087c2908ff7dac2ce c50b7aa1c5584a57ae9ff266f7e8c719 - - default default] Successfully bumped revision number for resource ee1636ed-15ea-4cbd-baa8-931356f7818f (type: security_group_rules) to 0
2026-06-30 19:13:02.091 9 INFO neutron.db.segments_db [None req-170cf90d-de62-4125-8f77-0bd4e503c777 8c51de0d91aa45d087c2908ff7dac2ce c50b7aa1c5584a57ae9ff266f7e8c719 - - default default] Added segment 89da55df-eb71-4e62-932a-a91bcb225a0e of type geneve for network b2ff8da9-f706-4bc1-9903-050ff9b9da76
2026-06-30 19:13:02.249 10 INFO neutron.wsgi [req-2587e997-8db0-4edd-a384-67f635ecff00 req-6b92dc4a-20c4-4be3-b477-561307d75434 024f32b6fadc4369aa6062a20762bbbd 305b448672ea4e2f821f792bd7bf428e - - default default] 10.0.0.149 "GET /v2.0/ports?device_id=875a21f1-b323-4038-b581-871550c3ccb4 HTTP/1.1" status: 200 len: 1174 time: 0.0505238
2026-06-30 19:13:02.289 9 INFO neutron.db.ovn_revision_numbers_db [None req-170cf90d-de62-4125-8f77-0bd4e503c777 8c51de0d91aa45d087c2908ff7dac2ce c50b7aa1c5584a57ae9ff266f7e8c719 - - default default] Successfully bumped revision number for resource b2ff8da9-f706-4bc1-9903-050ff9b9da76 (type: networks) to 1
2026-06-30 19:13:02.301 10 INFO neutron.wsgi [req-2587e997-8db0-4edd-a384-67f635ecff00 req-ef6493d5-12f9-43a0-b23c-f43d720b4c3f 024f32b6fadc4369aa6062a20762bbbd 305b448672ea4e2f821f792bd7bf428e - - default default] 10.0.0.149 "GET /v2.0/security-groups?id=f391d43a-01ed-452f-b925-c80afcf06b72&fields=id&fields=name HTTP/1.1" status: 200 len: 313 time: 0.0433323
2026-06-30 19:13:02.365 10 INFO neutron.notifiers.nova [-] Nova event matching ['req-6a7966f5-41ef-471f-b85d-811b8948e9f4'] response: {'server_uuid': '875a21f1-b323-4038-b581-871550c3ccb4', 'name': 'network-vif-plugged', 'status': 'completed', 'tag': '3100b562-4e7d-42bb-bd7c-2fa2d5ac7573', 'code': 200}
2026-06-30 19:13:02.366 10 INFO neutron.notifiers.nova [-] Nova event matching ['req-6a7966f5-41ef-471f-b85d-811b8948e9f4'] response: {'server_uuid': '875a21f1-b323-4038-b581-871550c3ccb4', 'name': 'network-vif-plugged', 'status': 'completed', 'tag': '3100b562-4e7d-42bb-bd7c-2fa2d5ac7573', 'code': 200}
2026-06-30 19:13:02.585 9 WARNING neutron.scheduler.dhcp_agent_scheduler [None req-170cf90d-de62-4125-8f77-0bd4e503c777 8c51de0d91aa45d087c2908ff7dac2ce c50b7aa1c5584a57ae9ff266f7e8c719 - - default default] No more DHCP agents
2026-06-30 19:13:02.589 9 WARNING neutron.api.rpc.agentnotifiers.dhcp_rpc_agent_api [None req-170cf90d-de62-4125-8f77-0bd4e503c777 8c51de0d91aa45d087c2908ff7dac2ce c50b7aa1c5584a57ae9ff266f7e8c719 - - default default] Unable to schedule network b2ff8da9-f706-4bc1-9903-050ff9b9da76: no agents available; will retry on subsequent port and subnet creation events.
2026-06-30 19:13:02.705 9 INFO neutron.db.ovn_revision_numbers_db [None req-170cf90d-de62-4125-8f77-0bd4e503c777 8c51de0d91aa45d087c2908ff7dac2ce c50b7aa1c5584a57ae9ff266f7e8c719 - - default default] Successfully bumped revision number for resource 01aa172d-0341-4d8f-8b3e-6a93114b1074 (type: ports) to 1
2026-06-30 19:13:02.743 9 INFO neutron.wsgi [None req-170cf90d-de62-4125-8f77-0bd4e503c777 8c51de0d91aa45d087c2908ff7dac2ce c50b7aa1c5584a57ae9ff266f7e8c719 - - default default] 10.0.0.91 "POST /v2.0/networks HTTP/1.1" status: 201 len: 833 time: 1.2073848
2026-06-30 19:13:02.751 9 WARNING neutron_lib.context [None req-feea58f0-cacf-4836-9bad-81f695bbadec 8c51de0d91aa45d087c2908ff7dac2ce c50b7aa1c5584a57ae9ff266f7e8c719 - - default default] Method 'is_advsvc' is deprecated since 2023.2 release (neutron-lib 3.8.0) and will be removed once support for the old RBAC API policies will be removed from Neutron. Please use method 'is_service_role' instead.
2026-06-30 19:13:02.847 9 INFO neutron.db.segments_db [None req-feea58f0-cacf-4836-9bad-81f695bbadec 8c51de0d91aa45d087c2908ff7dac2ce c50b7aa1c5584a57ae9ff266f7e8c719 - - default default] Added segment 32ecf70f-6a36-4b6c-bffd-2819ac7f26e0 of type geneve for network 90ba771c-7e08-4241-8dd4-326345ed5f5d
2026-06-30 19:13:03.270 9 INFO neutron.db.ovn_revision_numbers_db [None req-feea58f0-cacf-4836-9bad-81f695bbadec 8c51de0d91aa45d087c2908ff7dac2ce c50b7aa1c5584a57ae9ff266f7e8c719 - - default default] Successfully bumped revision number for resource 90ba771c-7e08-4241-8dd4-326345ed5f5d (type: networks) to 1
2026-06-30 19:13:03.419 10 INFO neutron.wsgi [req-0fdc49a8-0fc4-4e21-bb71-41cc6dd9d103 req-cc3b585a-868e-4d37-9120-77e035d104be 024f32b6fadc4369aa6062a20762bbbd 305b448672ea4e2f821f792bd7bf428e - - default default] 10.0.0.149 "GET /v2.0/ports?device_id=875a21f1-b323-4038-b581-871550c3ccb4 HTTP/1.1" status: 200 len: 1174 time: 0.0450530
2026-06-30 19:13:03.485 10 INFO neutron.wsgi [req-0fdc49a8-0fc4-4e21-bb71-41cc6dd9d103 req-b56a6bed-e018-48b1-8300-6a47ab271eb2 024f32b6fadc4369aa6062a20762bbbd 305b448672ea4e2f821f792bd7bf428e - - default default] 10.0.0.149 "GET /v2.0/security-groups?id=f391d43a-01ed-452f-b925-c80afcf06b72&fields=id&fields=name HTTP/1.1" status: 200 len: 313 time: 0.0576949
2026-06-30 19:13:03.587 9 INFO neutron.wsgi [None req-effdd70a-5fa6-40ee-bfe3-db6000af5e73 ef979f9f229945448379ee724be317d1 961d3458cc1244d5a0325340e06ef365 - - default default] 10.0.0.91 "PUT /v2.0/routers/d5a7be51-a7a0-4869-8f34-16db9cb55f0b/remove_router_interface HTTP/1.1" status: 200 len: 503 time: 2.0584352
2026-06-30 19:13:03.605 10 INFO neutron.wsgi [req-7de246a9-35fa-4f4c-a020-eb21a1da6b97 req-c4127b1f-02c2-47f3-b157-7af4c0c66ee0 024f32b6fadc4369aa6062a20762bbbd 305b448672ea4e2f821f792bd7bf428e - - default default] 10.0.0.149 "GET /v2.0/ports?device_id=875a21f1-b323-4038-b581-871550c3ccb4 HTTP/1.1" status: 200 len: 1174 time: 0.0478582
2026-06-30 19:13:03.628 9 WARNING neutron.scheduler.dhcp_agent_scheduler [None req-feea58f0-cacf-4836-9bad-81f695bbadec 8c51de0d91aa45d087c2908ff7dac2ce c50b7aa1c5584a57ae9ff266f7e8c719 - - default default] No more DHCP agents
2026-06-30 19:13:03.633 9 WARNING neutron.api.rpc.agentnotifiers.dhcp_rpc_agent_api [None req-feea58f0-cacf-4836-9bad-81f695bbadec 8c51de0d91aa45d087c2908ff7dac2ce c50b7aa1c5584a57ae9ff266f7e8c719 - - default default] Unable to schedule network 90ba771c-7e08-4241-8dd4-326345ed5f5d: no agents available; will retry on subsequent port and subnet creation events.
2026-06-30 19:13:03.761 9 INFO neutron.db.ovn_revision_numbers_db [None req-feea58f0-cacf-4836-9bad-81f695bbadec 8c51de0d91aa45d087c2908ff7dac2ce c50b7aa1c5584a57ae9ff266f7e8c719 - - default default] Successfully bumped revision number for resource 8a931ecd-2bb0-4a71-9fbc-422d1393384a (type: ports) to 1
2026-06-30 19:13:03.787 9 INFO neutron.wsgi [None req-feea58f0-cacf-4836-9bad-81f695bbadec 8c51de0d91aa45d087c2908ff7dac2ce c50b7aa1c5584a57ae9ff266f7e8c719 - - default default] 10.0.0.91 "POST /v2.0/networks HTTP/1.1" status: 201 len: 833 time: 1.0395963 /var/lib/openstack/lib/python3.10/site-packages/pycadf/identifier.py:71: UserWarning: Invalid uuid: neutron. To ensure interoperability, identifiers should be a valid uuid. warnings.warn(('Invalid uuid: %s. To ensure interoperability, '
2026-06-30 19:13:03.799 9 WARNING neutron_lib.context [None req-5c32912d-ee03-4a4e-9d99-b3f0cc482970 8c51de0d91aa45d087c2908ff7dac2ce c50b7aa1c5584a57ae9ff266f7e8c719 - - default default] Method 'is_advsvc' is deprecated since 2023.2 release (neutron-lib 3.8.0) and will be removed once support for the old RBAC API policies will be removed from Neutron. Please use method 'is_service_role' instead.
2026-06-30 19:13:04.067 9 WARNING neutron.scheduler.dhcp_agent_scheduler [None req-5c32912d-ee03-4a4e-9d99-b3f0cc482970 8c51de0d91aa45d087c2908ff7dac2ce c50b7aa1c5584a57ae9ff266f7e8c719 - - default default] No more DHCP agents
2026-06-30 19:13:04.069 9 WARNING neutron.api.rpc.agentnotifiers.dhcp_rpc_agent_api [None req-5c32912d-ee03-4a4e-9d99-b3f0cc482970 8c51de0d91aa45d087c2908ff7dac2ce c50b7aa1c5584a57ae9ff266f7e8c719 - - default default] Unable to schedule network b2ff8da9-f706-4bc1-9903-050ff9b9da76: no agents available; will retry on subsequent port and subnet creation events.
2026-06-30 19:13:04.104 10 INFO neutron.wsgi [req-7de246a9-35fa-4f4c-a020-eb21a1da6b97 req-e681288d-f5bb-4190-aa6c-63a466830073 024f32b6fadc4369aa6062a20762bbbd 305b448672ea4e2f821f792bd7bf428e - - default default] 10.0.0.149 "GET /v2.0/security-groups?id=f391d43a-01ed-452f-b925-c80afcf06b72&fields=id&fields=name HTTP/1.1" status: 200 len: 313 time: 0.4712660
2026-06-30 19:13:04.105 9 INFO neutron.db.ovn_revision_numbers_db [None req-5c32912d-ee03-4a4e-9d99-b3f0cc482970 8c51de0d91aa45d087c2908ff7dac2ce c50b7aa1c5584a57ae9ff266f7e8c719 - - default default] Successfully bumped revision number for resource 76a64209-e88a-4015-a469-7ac4a11cb2e2 (type: subnets) to 0
2026-06-30 19:13:04.132 9 INFO neutron.wsgi [None req-5c32912d-ee03-4a4e-9d99-b3f0cc482970 8c51de0d91aa45d087c2908ff7dac2ce c50b7aa1c5584a57ae9ff266f7e8c719 - - default default] 10.0.0.91 "POST /v2.0/subnets HTTP/1.1" status: 201 len: 821 time: 0.3395889
2026-06-30 19:13:04.143 9 WARNING neutron_lib.context [None req-3874705e-9eb6-425c-bc87-a31f3537e71d 8c51de0d91aa45d087c2908ff7dac2ce c50b7aa1c5584a57ae9ff266f7e8c719 - - default default] Method 'is_advsvc' is deprecated since 2023.2 release (neutron-lib 3.8.0) and will be removed once support for the old RBAC API policies will be removed from Neutron. Please use method 'is_service_role' instead.
2026-06-30 19:13:04.199 9 INFO neutron.wsgi [None req-88e4f463-cc91-47a8-814a-de660d0c07d2 7092d64706d04909a519feeb9f84c512 20930627ef254d27a99d376a1f871f5d - - default default] 10.0.0.91 "GET /v2.0/ports?device_id=875a21f1-b323-4038-b581-871550c3ccb4 HTTP/1.1" status: 200 len: 1408 time: 0.0532331
2026-06-30 19:13:04.209 9 WARNING neutron_lib.context [None req-651e5b43-00d1-4a18-92c5-aba6ad4ed3fd 024f32b6fadc4369aa6062a20762bbbd 305b448672ea4e2f821f792bd7bf428e - - default default] Method 'is_advsvc' is deprecated since 2023.2 release (neutron-lib 3.8.0) and will be removed once support for the old RBAC API policies will be removed from Neutron. Please use method 'is_service_role' instead.
2026-06-30 19:13:04.513 9 WARNING neutron.scheduler.dhcp_agent_scheduler [None req-3874705e-9eb6-425c-bc87-a31f3537e71d 8c51de0d91aa45d087c2908ff7dac2ce c50b7aa1c5584a57ae9ff266f7e8c719 - - default default] No more DHCP agents
2026-06-30 19:13:04.522 9 WARNING neutron.api.rpc.agentnotifiers.dhcp_rpc_agent_api [None req-3874705e-9eb6-425c-bc87-a31f3537e71d 8c51de0d91aa45d087c2908ff7dac2ce c50b7aa1c5584a57ae9ff266f7e8c719 - - default default] Unable to schedule network 90ba771c-7e08-4241-8dd4-326345ed5f5d: no agents available; will retry on subsequent port and subnet creation events.
2026-06-30 19:13:04.571 9 INFO neutron.db.ovn_revision_numbers_db [None req-3874705e-9eb6-425c-bc87-a31f3537e71d 8c51de0d91aa45d087c2908ff7dac2ce c50b7aa1c5584a57ae9ff266f7e8c719 - - default default] Successfully bumped revision number for resource 6e82bf35-a6cc-48d9-9dfd-4af214826d90 (type: subnets) to 0
2026-06-30 19:13:04.617 9 INFO neutron.wsgi [None req-3874705e-9eb6-425c-bc87-a31f3537e71d 8c51de0d91aa45d087c2908ff7dac2ce c50b7aa1c5584a57ae9ff266f7e8c719 - - default default] 10.0.0.91 "POST /v2.0/subnets HTTP/1.1" status: 201 len: 830 time: 0.4800758
2026-06-30 19:13:04.623 9 WARNING neutron.scheduler.dhcp_agent_scheduler [None req-651e5b43-00d1-4a18-92c5-aba6ad4ed3fd 024f32b6fadc4369aa6062a20762bbbd 305b448672ea4e2f821f792bd7bf428e - - default default] No more DHCP agents
2026-06-30 19:13:04.625 9 WARNING neutron.api.rpc.agentnotifiers.dhcp_rpc_agent_api [None req-651e5b43-00d1-4a18-92c5-aba6ad4ed3fd 024f32b6fadc4369aa6062a20762bbbd 305b448672ea4e2f821f792bd7bf428e - - default default] Unable to schedule network 2ce4b973-0e98-4eb1-bf26-a3b2771ccebd: no agents available; will retry on subsequent port and subnet creation events.
2026-06-30 19:13:04.628 10 WARNING neutron_lib.context [None req-d2a73d29-0bbf-4a1d-b923-9e54b60c1412 8c51de0d91aa45d087c2908ff7dac2ce c50b7aa1c5584a57ae9ff266f7e8c719 - - default default] Method 'is_advsvc' is deprecated since 2023.2 release (neutron-lib 3.8.0) and will be removed once support for the old RBAC API policies will be removed from Neutron. Please use method 'is_service_role' instead.
2026-06-30 19:13:04.902 10 INFO neutron.db.ovn_revision_numbers_db [None req-d2a73d29-0bbf-4a1d-b923-9e54b60c1412 8c51de0d91aa45d087c2908ff7dac2ce c50b7aa1c5584a57ae9ff266f7e8c719 - - default default] Successfully bumped revision number for resource f5e48916-d7fc-46fe-9810-104caa51b60f (type: routers) to 1
2026-06-30 19:13:04.935 10 INFO neutron.wsgi [None req-d2a73d29-0bbf-4a1d-b923-9e54b60c1412 8c51de0d91aa45d087c2908ff7dac2ce c50b7aa1c5584a57ae9ff266f7e8c719 - - default default] 10.0.0.91 "POST /v2.0/routers HTTP/1.1" status: 201 len: 806 time: 0.3115175
2026-06-30 19:13:05.016 10 INFO neutron.wsgi [None req-c9afb96c-ad6d-443d-986f-db00be44007e ef979f9f229945448379ee724be317d1 961d3458cc1244d5a0325340e06ef365 - - default default] 10.0.0.91 "DELETE /v2.0/routers/d5a7be51-a7a0-4869-8f34-16db9cb55f0b HTTP/1.1" status: 204 len: 168 time: 1.4193292
2026-06-30 19:13:05.532 9 INFO neutron.db.ovn_revision_numbers_db [None req-651e5b43-00d1-4a18-92c5-aba6ad4ed3fd 024f32b6fadc4369aa6062a20762bbbd 305b448672ea4e2f821f792bd7bf428e - - default default] Successfully bumped revision number for resource 650b2ab2-1029-4232-a0a0-ee9ff87d8eea (type: floatingips) to -1
2026-06-30 19:13:05.564 10 INFO neutron.wsgi [None req-d390fcc2-3527-4062-b0e9-d503d33ec316 ef979f9f229945448379ee724be317d1 961d3458cc1244d5a0325340e06ef365 - - default default] 10.0.0.91 "DELETE /v2.0/subnets/b64e9812-04f7-4d0b-a409-760c71b102a9 HTTP/1.1" status: 204 len: 168 time: 0.5429926 /var/lib/openstack/lib/python3.10/site-packages/pycadf/identifier.py:71: UserWarning: Invalid uuid: neutron. To ensure interoperability, identifiers should be a valid uuid. warnings.warn(('Invalid uuid: %s. To ensure interoperability, '
2026-06-30 19:13:05.737 9 INFO neutron.db.ovn_revision_numbers_db [None req-651e5b43-00d1-4a18-92c5-aba6ad4ed3fd 024f32b6fadc4369aa6062a20762bbbd 305b448672ea4e2f821f792bd7bf428e - - default default] Successfully bumped revision number for resource 650b2ab2-1029-4232-a0a0-ee9ff87d8eea (type: floatingips) to 1
2026-06-30 19:13:05.738 9 INFO neutron.db.l3_db [None req-651e5b43-00d1-4a18-92c5-aba6ad4ed3fd 024f32b6fadc4369aa6062a20762bbbd 305b448672ea4e2f821f792bd7bf428e - - default default] Floating IP 650b2ab2-1029-4232-a0a0-ee9ff87d8eea associated. External IP: 10.96.250.215, port: 3100b562-4e7d-42bb-bd7c-2fa2d5ac7573.
2026-06-30 19:13:05.753 10 WARNING neutron.scheduler.dhcp_agent_scheduler [None req-9a18cfa7-de26-47cf-b595-e6079b86e356 8c51de0d91aa45d087c2908ff7dac2ce c50b7aa1c5584a57ae9ff266f7e8c719 - - default default] No more DHCP agents
2026-06-30 19:13:05.756 10 WARNING neutron.api.rpc.agentnotifiers.dhcp_rpc_agent_api [None req-9a18cfa7-de26-47cf-b595-e6079b86e356 8c51de0d91aa45d087c2908ff7dac2ce c50b7aa1c5584a57ae9ff266f7e8c719 - - default default] Unable to schedule network b2ff8da9-f706-4bc1-9903-050ff9b9da76: no agents available; will retry on subsequent port and subnet creation events.
2026-06-30 19:13:05.813 9 INFO neutron.wsgi [None req-651e5b43-00d1-4a18-92c5-aba6ad4ed3fd 024f32b6fadc4369aa6062a20762bbbd 305b448672ea4e2f821f792bd7bf428e - - default default] 10.0.0.91 "POST /v2.0/floatingips HTTP/1.1" status: 201 len: 1055 time: 1.6085877
2026-06-30 19:13:05.853 9 INFO neutron.notifiers.nova [-] Nova event matching ['req-d4af2627-adbb-48ac-b7bf-162f922f56d3'] response: {'name': 'network-changed', 'server_uuid': '875a21f1-b323-4038-b581-871550c3ccb4', 'tag': '3100b562-4e7d-42bb-bd7c-2fa2d5ac7573', 'status': 'completed', 'code': 200}
2026-06-30 19:13:05.887 10 INFO neutron.wsgi [None req-8985d88c-76d6-499f-8393-0da83f4339d1 024f32b6fadc4369aa6062a20762bbbd 305b448672ea4e2f821f792bd7bf428e - - default default] 10.0.0.91 "GET /v2.0/floatingips/650b2ab2-1029-4232-a0a0-ee9ff87d8eea HTTP/1.1" status: 200 len: 1052 time: 0.0675244
2026-06-30 19:13:05.914 10 INFO neutron.wsgi [req-6783c30c-06fb-48c6-9fff-a67db3576766 req-0736050e-b004-4564-8321-0cf0086c6efe 5236164aa587457e87252a81e1712d29 7de378ecd55648fbbf2180ea8f35c8e4 - - b7a65e3967cb45dbbcb89afd39f4f76c b7a65e3967cb45dbbcb89afd39f4f76c] 199.204.45.177 "GET /v2.0/ports?tenant_id=305b448672ea4e2f821f792bd7bf428e&device_id=875a21f1-b323-4038-b581-871550c3ccb4 HTTP/1.1" status: 200 len: 1413 time: 0.0408151
2026-06-30 19:13:05.914 10 INFO neutron.db.ovn_revision_numbers_db [None req-9a18cfa7-de26-47cf-b595-e6079b86e356 8c51de0d91aa45d087c2908ff7dac2ce c50b7aa1c5584a57ae9ff266f7e8c719 - - default default] Successfully bumped revision number for resource 8e3029f4-2b0d-4adc-b702-58d8fc76a240 (type: ports) to 1
2026-06-30 19:13:06.051 10 INFO neutron.wsgi [req-6783c30c-06fb-48c6-9fff-a67db3576766 req-bafa167d-504d-4f74-b64c-a87946a646b6 5236164aa587457e87252a81e1712d29 7de378ecd55648fbbf2180ea8f35c8e4 - - b7a65e3967cb45dbbcb89afd39f4f76c b7a65e3967cb45dbbcb89afd39f4f76c] 199.204.45.177 "GET /v2.0/networks?id=bd007436-1b3d-49de-9224-d544d6ff76c7 HTTP/1.1" status: 200 len: 959 time: 0.1261234
2026-06-30 19:13:06.094 9 INFO neutron.services.segments.plugin [-] Segment b9a1d83b-0bf5-40b8-89a9-bb9d2e6dc316 resource provider aggregate not found
2026-06-30 19:13:06.098 9 INFO neutron.services.segments.plugin [-] Segment b9a1d83b-0bf5-40b8-89a9-bb9d2e6dc316 resource provider aggregate not found
2026-06-30 19:13:06.112 9 INFO neutron.services.segments.plugin [-] Segment b9a1d83b-0bf5-40b8-89a9-bb9d2e6dc316 resource provider not found; error: Placement Client Error (4xx): {"errors": [{"status": 404, "title": "Not Found", "detail": "The resource could not be found.\n\n No resource provider with uuid b9a1d83b-0bf5-40b8-89a9-bb9d2e6dc316 found for delete ", "request_id": "req-dc184474-e93a-4b87-9d77-bb8b5875a514"}]}
2026-06-30 19:13:06.118 9 INFO neutron.services.segments.plugin [-] Segment b9a1d83b-0bf5-40b8-89a9-bb9d2e6dc316 resource provider not found; error: Placement Client Error (4xx): {"errors": [{"status": 404, "title": "Not Found", "detail": "The resource could not be found.\n\n No resource provider with uuid b9a1d83b-0bf5-40b8-89a9-bb9d2e6dc316 found for delete ", "request_id": "req-e21789d9-1874-4251-8317-97a0ac88cbc9"}]}
2026-06-30 19:13:06.130 10 INFO neutron.wsgi [req-6783c30c-06fb-48c6-9fff-a67db3576766 req-81dd74b5-cfb6-4d65-b1e9-2dc5d8f91ae3 5236164aa587457e87252a81e1712d29 7de378ecd55648fbbf2180ea8f35c8e4 - - b7a65e3967cb45dbbcb89afd39f4f76c b7a65e3967cb45dbbcb89afd39f4f76c] 199.204.45.177 "GET /v2.0/floatingips?fixed_ip_address=10.100.0.11&port_id=3100b562-4e7d-42bb-bd7c-2fa2d5ac7573 HTTP/1.1" status: 200 len: 1060 time: 0.0700033
2026-06-30 19:13:06.146 9 INFO neutron.wsgi [None req-52fb6112-0df2-4366-9fcc-2c0b67ff9e15 ef979f9f229945448379ee724be317d1 961d3458cc1244d5a0325340e06ef365 - - default default] 10.0.0.91 "DELETE /v2.0/networks/8867bd97-232a-42af-b400-f8a628026e83 HTTP/1.1" status: 204 len: 168 time: 0.5688021
2026-06-30 19:13:06.183 10 INFO neutron.wsgi [req-6783c30c-06fb-48c6-9fff-a67db3576766 req-b345444d-7605-40b8-9ca8-be7912bda07b 5236164aa587457e87252a81e1712d29 7de378ecd55648fbbf2180ea8f35c8e4 - - b7a65e3967cb45dbbcb89afd39f4f76c b7a65e3967cb45dbbcb89afd39f4f76c] 199.204.45.177 "GET /v2.0/subnets?id=31316d83-ea75-43fe-a7b0-1f9670eb0f7f HTTP/1.1" status: 200 len: 852 time: 0.0462058
2026-06-30 19:13:06.241 10 INFO neutron.wsgi [req-6783c30c-06fb-48c6-9fff-a67db3576766 req-6fb363ed-1cba-48e8-9228-fb531279b638 5236164aa587457e87252a81e1712d29 7de378ecd55648fbbf2180ea8f35c8e4 - - b7a65e3967cb45dbbcb89afd39f4f76c b7a65e3967cb45dbbcb89afd39f4f76c] 199.204.45.177 "GET /v2.0/ports?network_id=bd007436-1b3d-49de-9224-d544d6ff76c7&device_owner=network%3Adhcp HTTP/1.1" status: 200 len: 210 time: 0.0417700
