2026-06-30 19:11:28.532 10 WARNING neutron_lib.context [None req-61241b20-c65d-4d4c-9d84-45ed12c9b5de 881d12127fa4465b83f7fee649cdb799 dfaa27f41a7342938391353f5ddd3778 - - default default] Method 'is_advsvc' is deprecated since 2023.2 release (neutron-lib 3.8.0) and will be removed once support for the old RBAC API policies will be removed from Neutron. Please use method 'is_service_role' instead.
2026-06-30 19:11:28.570 10 WARNING neutron_lib.context [None req-61241b20-c65d-4d4c-9d84-45ed12c9b5de 881d12127fa4465b83f7fee649cdb799 dfaa27f41a7342938391353f5ddd3778 - - default default] Method 'is_advsvc' is deprecated since 2023.2 release (neutron-lib 3.8.0) and will be removed once support for the old RBAC API policies will be removed from Neutron. Please use method 'is_service_role' instead.
2026-06-30 19:11:28.642 9 INFO neutron.db.ovn_revision_numbers_db [None req-429e1d39-f43c-45a8-a4a3-b0608744fa08 ef979f9f229945448379ee724be317d1 961d3458cc1244d5a0325340e06ef365 - - default default] Successfully bumped revision number for resource 50a3e0e2-27ed-45ef-9d8f-2f405c824285 (type: security_groups) to 1
2026-06-30 19:11:28.655 9 INFO neutron.db.ovn_revision_numbers_db [None req-429e1d39-f43c-45a8-a4a3-b0608744fa08 ef979f9f229945448379ee724be317d1 961d3458cc1244d5a0325340e06ef365 - - default default] Successfully bumped revision number for resource 0cbd59fe-6efa-4e22-b5f5-4af73518957c (type: security_group_rules) to 0
2026-06-30 19:11:28.671 9 INFO neutron.db.ovn_revision_numbers_db [None req-429e1d39-f43c-45a8-a4a3-b0608744fa08 ef979f9f229945448379ee724be317d1 961d3458cc1244d5a0325340e06ef365 - - default default] Successfully bumped revision number for resource 1cee26da-a49e-4fcd-9076-bc0f467aa8c0 (type: security_group_rules) to 0
2026-06-30 19:11:28.698 9 INFO neutron.db.ovn_revision_numbers_db [None req-429e1d39-f43c-45a8-a4a3-b0608744fa08 ef979f9f229945448379ee724be317d1 961d3458cc1244d5a0325340e06ef365 - - default default] Successfully bumped revision number for resource 4e96bd76-db26-46d1-a4c2-afd712833561 (type: security_group_rules) to 0
2026-06-30 19:11:28.712 9 INFO neutron.db.ovn_revision_numbers_db [None req-429e1d39-f43c-45a8-a4a3-b0608744fa08 ef979f9f229945448379ee724be317d1 961d3458cc1244d5a0325340e06ef365 - - default default] Successfully bumped revision number for resource d2b71d10-7d9c-494c-b84b-549ccc8956cf (type: security_group_rules) to 0
2026-06-30 19:11:28.731 9 INFO neutron.wsgi [None req-429e1d39-f43c-45a8-a4a3-b0608744fa08 ef979f9f229945448379ee724be317d1 961d3458cc1244d5a0325340e06ef365 - - default default] 10.0.0.91 "GET /v2.0/security-groups?tenant_id=446e38ab0f3445728b35ad04ae767337&name=default HTTP/1.1" status: 200 len: 3120 time: 0.3254902
2026-06-30 19:11:28.954 9 INFO neutron.wsgi [req-ff65defc-314b-43ce-a25d-ef8c04c04d76 req-4c103a55-f0bc-4259-b807-d86abbc0dd6f 363348cab1d94c789d4ca869b4cbb13c 7b1420ae8aaf430da8b6f32b815c0b07 - - default default] 199.204.45.177 "GET /v2.0/networks?id=662ca833-0b9f-4186-b5df-4c3f5d078557 HTTP/1.1" status: 200 len: 883 time: 0.0797613
2026-06-30 19:11:28.968 10 WARNING neutron.scheduler.dhcp_agent_scheduler [None req-61241b20-c65d-4d4c-9d84-45ed12c9b5de 881d12127fa4465b83f7fee649cdb799 dfaa27f41a7342938391353f5ddd3778 - - default default] No more DHCP agents
2026-06-30 19:11:28.970 10 WARNING neutron.api.rpc.agentnotifiers.dhcp_rpc_agent_api [None req-61241b20-c65d-4d4c-9d84-45ed12c9b5de 881d12127fa4465b83f7fee649cdb799 dfaa27f41a7342938391353f5ddd3778 - - default default] Unable to schedule network 35174c1e-1bc2-42e2-8f56-82d2c13be506: no agents available; will retry on subsequent port and subnet creation events.
2026-06-30 19:11:29.003 9 INFO neutron.wsgi [None req-1e94a8f8-c16b-4371-9140-ce72892d2904 ef979f9f229945448379ee724be317d1 961d3458cc1244d5a0325340e06ef365 - - default default] 10.0.0.91 "DELETE /v2.0/security-groups/50a3e0e2-27ed-45ef-9d8f-2f405c824285 HTTP/1.1" status: 204 len: 168 time: 0.2679176
2026-06-30 19:11:29.014 10 INFO neutron.db.ovn_revision_numbers_db [None req-61241b20-c65d-4d4c-9d84-45ed12c9b5de 881d12127fa4465b83f7fee649cdb799 dfaa27f41a7342938391353f5ddd3778 - - default default] Successfully bumped revision number for resource 887c0f3e-139a-4d2d-86eb-692268686518 (type: subnets) to 0
2026-06-30 19:11:29.023 9 INFO neutron.wsgi [req-ff65defc-314b-43ce-a25d-ef8c04c04d76 req-2770be52-4510-4e62-8a8f-807e56d7a0c4 363348cab1d94c789d4ca869b4cbb13c 7b1420ae8aaf430da8b6f32b815c0b07 - - default default] 199.204.45.177 "GET /v2.0/security-groups?fields=id&fields=name&tenant_id=7b1420ae8aaf430da8b6f32b815c0b07 HTTP/1.1" status: 200 len: 380 time: 0.0615103
2026-06-30 19:11:29.040 10 WARNING neutron.scheduler.dhcp_agent_scheduler [None req-61241b20-c65d-4d4c-9d84-45ed12c9b5de 881d12127fa4465b83f7fee649cdb799 dfaa27f41a7342938391353f5ddd3778 - - default default] No more DHCP agents
2026-06-30 19:11:29.043 9 WARNING neutron_lib.context [req-ff65defc-314b-43ce-a25d-ef8c04c04d76 req-5787b53a-4af0-479f-9f58-b40fe3b360dd 363348cab1d94c789d4ca869b4cbb13c 7b1420ae8aaf430da8b6f32b815c0b07 - - default default] Method 'is_advsvc' is deprecated since 2023.2 release (neutron-lib 3.8.0) and will be removed once support for the old RBAC API policies will be removed from Neutron. Please use method 'is_service_role' instead.
2026-06-30 19:11:29.043 10 WARNING neutron.api.rpc.agentnotifiers.dhcp_rpc_agent_api [None req-61241b20-c65d-4d4c-9d84-45ed12c9b5de 881d12127fa4465b83f7fee649cdb799 dfaa27f41a7342938391353f5ddd3778 - - default default] Unable to schedule network 2833351c-b974-47fe-813f-979524170174: no agents available; will retry on subsequent port and subnet creation events.
2026-06-30 19:11:29.050 9 INFO neutron.wsgi [None req-6eec30e7-52e3-4d7d-85a4-ca9c69581651 c6154ec07fdc4a75b53d0336d52eda67 0da8c9bb1a484168844b8806f62c3901 - - default default] 10.0.0.91 "DELETE /v2.0/security-groups/404128e6-65f6-4479-ba99-30d5dd58afdf HTTP/1.1" status: 204 len: 168 time: 0.1842656
2026-06-30 19:11:29.070 10 INFO neutron.api.v2.resource [None req-e104d577-a476-46c6-bac1-e0f3d91a54d2 c6154ec07fdc4a75b53d0336d52eda67 0da8c9bb1a484168844b8806f62c3901 - - default default] show failed (client error): The resource could not be found.
2026-06-30 19:11:29.071 10 INFO neutron.wsgi [None req-e104d577-a476-46c6-bac1-e0f3d91a54d2 c6154ec07fdc4a75b53d0336d52eda67 0da8c9bb1a484168844b8806f62c3901 - - default default] 10.0.0.91 "GET /v2.0/security-groups/404128e6-65f6-4479-ba99-30d5dd58afdf HTTP/1.1" status: 404 len: 347 time: 0.0178425
2026-06-30 19:11:29.119 10 INFO neutron.db.ovn_revision_numbers_db [None req-61241b20-c65d-4d4c-9d84-45ed12c9b5de 881d12127fa4465b83f7fee649cdb799 dfaa27f41a7342938391353f5ddd3778 - - default default] Successfully bumped revision number for resource cf157841-7ba7-49dd-9870-15724ccaeb69 (type: subnets) to 0
2026-06-30 19:11:29.166 10 INFO neutron.wsgi [None req-61241b20-c65d-4d4c-9d84-45ed12c9b5de 881d12127fa4465b83f7fee649cdb799 dfaa27f41a7342938391353f5ddd3778 - - default default] 10.0.0.91 "POST /v2.0/subnets HTTP/1.1" status: 201 len: 1476 time: 0.6402547
2026-06-30 19:11:29.176 10 INFO neutron.wsgi [req-b95bb9ef-45ef-4282-814a-7bf68b1da16b req-854b3300-5f9e-40a0-9e8a-1d3d0851882f 363348cab1d94c789d4ca869b4cbb13c 7b1420ae8aaf430da8b6f32b815c0b07 - - default default] 10.0.0.149 "GET /v2.0/ports?device_id=c64f7287-d15f-4335-b96f-8299fd087244 HTTP/1.1" status: 200 len: 210 time: 0.0334036
2026-06-30 19:11:29.247 9 INFO neutron.wsgi [None req-76b8f882-08f7-4454-8be7-026b2c0ff7f6 881d12127fa4465b83f7fee649cdb799 dfaa27f41a7342938391353f5ddd3778 - - default default] 10.0.0.91 "GET /v2.0/subnets HTTP/1.1" status: 200 len: 2084 time: 0.0758665
2026-06-30 19:11:29.419 9 INFO neutron.db.ovn_revision_numbers_db [None req-9f947d1e-2e0e-4fe7-a1fe-aa508ac96df1 ef979f9f229945448379ee724be317d1 961d3458cc1244d5a0325340e06ef365 - - default default] Successfully bumped revision number for resource 2b059358-5afa-44a0-88bf-d493f56e2b31 (type: security_groups) to 1
2026-06-30 19:11:29.448 9 INFO neutron.db.ovn_revision_numbers_db [None req-9f947d1e-2e0e-4fe7-a1fe-aa508ac96df1 ef979f9f229945448379ee724be317d1 961d3458cc1244d5a0325340e06ef365 - - default default] Successfully bumped revision number for resource 47b08746-4def-4e0f-b59a-8d92b7f88365 (type: security_group_rules) to 0
2026-06-30 19:11:29.485 9 INFO neutron.db.ovn_revision_numbers_db [None req-9f947d1e-2e0e-4fe7-a1fe-aa508ac96df1 ef979f9f229945448379ee724be317d1 961d3458cc1244d5a0325340e06ef365 - - default default] Successfully bumped revision number for resource a08ec088-89f3-4ffe-a0e9-e11c0a2c73db (type: security_group_rules) to 0
2026-06-30 19:11:29.508 9 INFO neutron.db.ovn_revision_numbers_db [None req-9f947d1e-2e0e-4fe7-a1fe-aa508ac96df1 ef979f9f229945448379ee724be317d1 961d3458cc1244d5a0325340e06ef365 - - default default] Successfully bumped revision number for resource d79a5402-d96e-4e70-a468-12cbfd3ac52f (type: security_group_rules) to 0
2026-06-30 19:11:29.537 10 INFO neutron.wsgi [None req-63a02298-dbd8-4147-876a-8f1045858f8c c6154ec07fdc4a75b53d0336d52eda67 0da8c9bb1a484168844b8806f62c3901 - - default default] 10.0.0.91 "DELETE /v2.0/floatingips/4184d43c-8d5e-4670-af7f-85deaf91d328 HTTP/1.1" status: 204 len: 168 time: 0.4617667
2026-06-30 19:11:29.538 9 INFO neutron.db.ovn_revision_numbers_db [None req-9f947d1e-2e0e-4fe7-a1fe-aa508ac96df1 ef979f9f229945448379ee724be317d1 961d3458cc1244d5a0325340e06ef365 - - default default] Successfully bumped revision number for resource f7524ce4-04ce-4a07-af55-ff2dc6194ede (type: security_group_rules) to 0
2026-06-30 19:11:29.539 10 WARNING neutron.plugins.ml2.drivers.ovn.mech_driver.ovsdb.ovn_client [None req-a6ff4054-4c4e-4687-84ca-143e5307079f - - - - - -] No hosting information found for port c1277673-91cc-4f53-ac65-3ba5f5f5f2d0: RuntimeError: No hosting information found for port c1277673-91cc-4f53-ac65-3ba5f5f5f2d0
2026-06-30 19:11:29.539 10 INFO neutron.plugins.ml2.drivers.ovn.mech_driver.mech_driver [None req-a6ff4054-4c4e-4687-84ca-143e5307079f - - - - - -] OVN reports status down for port: 978efc68-b1a1-4e7a-a42e-8c61928622d6
2026-06-30 19:11:29.543 9 WARNING neutron.scheduler.dhcp_agent_scheduler [req-ff65defc-314b-43ce-a25d-ef8c04c04d76 req-5787b53a-4af0-479f-9f58-b40fe3b360dd 363348cab1d94c789d4ca869b4cbb13c 7b1420ae8aaf430da8b6f32b815c0b07 - - default default] No more DHCP agents
2026-06-30 19:11:29.552 9 WARNING neutron.api.rpc.agentnotifiers.dhcp_rpc_agent_api [req-ff65defc-314b-43ce-a25d-ef8c04c04d76 req-5787b53a-4af0-479f-9f58-b40fe3b360dd 363348cab1d94c789d4ca869b4cbb13c 7b1420ae8aaf430da8b6f32b815c0b07 - - default default] Unable to schedule network 662ca833-0b9f-4186-b5df-4c3f5d078557: no agents available; will retry on subsequent port and subnet creation events.
2026-06-30 19:11:29.590 9 INFO neutron.wsgi [None req-9f947d1e-2e0e-4fe7-a1fe-aa508ac96df1 ef979f9f229945448379ee724be317d1 961d3458cc1244d5a0325340e06ef365 - - default default] 10.0.0.91 "GET /v2.0/security-groups?tenant_id=665ba7bf683f4ec18c0570b74d952ac9&name=default HTTP/1.1" status: 200 len: 3120 time: 0.4541514 /var/lib/openstack/lib/python3.10/site-packages/pycadf/identifier.py:71: UserWarning: Invalid uuid: neutron. To ensure interoperability, identifiers should be a valid uuid. warnings.warn(('Invalid uuid: %s. To ensure interoperability, '
2026-06-30 19:11:29.656 9 INFO neutron.wsgi [None req-d4d423a2-f9d0-4634-adee-6ccc894a259d 881d12127fa4465b83f7fee649cdb799 dfaa27f41a7342938391353f5ddd3778 - - default default] 10.0.0.91 "DELETE /v2.0/subnets/887c0f3e-139a-4d2d-86eb-692268686518 HTTP/1.1" status: 204 len: 168 time: 0.3867013
2026-06-30 19:11:29.836 9 INFO neutron.db.ovn_revision_numbers_db [req-ff65defc-314b-43ce-a25d-ef8c04c04d76 req-5787b53a-4af0-479f-9f58-b40fe3b360dd 363348cab1d94c789d4ca869b4cbb13c 7b1420ae8aaf430da8b6f32b815c0b07 - - default default] Successfully bumped revision number for resource a9a68090-649d-4cad-a2a7-d58dc81e3a1c (type: ports) to 1
2026-06-30 19:11:29.872 9 INFO neutron.wsgi [req-ff65defc-314b-43ce-a25d-ef8c04c04d76 req-5787b53a-4af0-479f-9f58-b40fe3b360dd 363348cab1d94c789d4ca869b4cbb13c 7b1420ae8aaf430da8b6f32b815c0b07 - - default default] 199.204.45.177 "POST /v2.0/ports HTTP/1.1" status: 201 len: 1162 time: 0.8350964
2026-06-30 19:11:29.968 9 INFO neutron.wsgi [None req-8f835b79-2e16-4492-b462-ef8d6a410988 ef979f9f229945448379ee724be317d1 961d3458cc1244d5a0325340e06ef365 - - default default] 10.0.0.91 "DELETE /v2.0/security-groups/2b059358-5afa-44a0-88bf-d493f56e2b31 HTTP/1.1" status: 204 len: 168 time: 0.3674462
2026-06-30 19:11:30.146 10 INFO neutron.wsgi [None req-09b64512-060a-4863-ba38-207445c05a19 881d12127fa4465b83f7fee649cdb799 dfaa27f41a7342938391353f5ddd3778 - - default default] 10.0.0.91 "DELETE /v2.0/subnets/cf157841-7ba7-49dd-9870-15724ccaeb69 HTTP/1.1" status: 204 len: 168 time: 0.4849949
2026-06-30 19:11:30.200 9 INFO neutron.wsgi [None req-e5b18a2a-bae4-48bb-8b7c-4d967e84ca61 881d12127fa4465b83f7fee649cdb799 dfaa27f41a7342938391353f5ddd3778 - - default default] 10.0.0.91 "GET /v2.0/subnets HTTP/1.1" status: 200 len: 820 time: 0.0493562
2026-06-30 19:11:30.301 9 INFO neutron.wsgi [-] 10.0.0.96 "GET / HTTP/1.1" status: 200 len: 247 time: 0.0014219
2026-06-30 19:11:30.302 10 INFO neutron.wsgi [-] 10.0.0.96 "GET / HTTP/1.1" status: 200 len: 247 time: 0.0020754
2026-06-30 19:11:30.309 10 INFO neutron.wsgi [req-54e06233-b45c-4724-85c8-20701a1c74ed req-cb9b01c8-ed29-45ef-ba09-95ad814a39c4 363348cab1d94c789d4ca869b4cbb13c 7b1420ae8aaf430da8b6f32b815c0b07 - - default default] 10.0.0.149 "GET /v2.0/ports?device_id=c64f7287-d15f-4335-b96f-8299fd087244 HTTP/1.1" status: 200 len: 1172 time: 0.0654349
2026-06-30 19:11:30.370 10 INFO neutron.wsgi [req-54e06233-b45c-4724-85c8-20701a1c74ed req-f419cbf7-192e-4c5a-b5b4-16996c668ee1 363348cab1d94c789d4ca869b4cbb13c 7b1420ae8aaf430da8b6f32b815c0b07 - - default default] 10.0.0.149 "GET /v2.0/security-groups?id=e6b458ae-c850-4ac7-a1b4-e000bc213ad9&fields=id&fields=name HTTP/1.1" status: 200 len: 313 time: 0.0544336
2026-06-30 19:11:30.456 9 INFO neutron.db.ovn_revision_numbers_db [req-ff65defc-314b-43ce-a25d-ef8c04c04d76 req-d3240c6e-bf7e-4e40-b182-314827a06846 5236164aa587457e87252a81e1712d29 7de378ecd55648fbbf2180ea8f35c8e4 - - b7a65e3967cb45dbbcb89afd39f4f76c b7a65e3967cb45dbbcb89afd39f4f76c] Successfully bumped revision number for resource a9a68090-649d-4cad-a2a7-d58dc81e3a1c (type: ports) to 2
2026-06-30 19:11:30.776 9 INFO neutron.services.segments.plugin [-] Segment 6f80c582-c990-4f74-8f55-e7238b8b24e4 resource provider aggregate not found
2026-06-30 19:11:30.780 9 INFO neutron.services.segments.plugin [-] Segment 6f80c582-c990-4f74-8f55-e7238b8b24e4 resource provider aggregate not found
2026-06-30 19:11:30.799 9 INFO neutron.services.segments.plugin [-] Segment 6f80c582-c990-4f74-8f55-e7238b8b24e4 resource provider not found; error: Placement Client Error (4xx): {"errors": [{"status": 404, "title": "Not Found", "detail": "The resource could not be found.\n\n No resource provider with uuid 6f80c582-c990-4f74-8f55-e7238b8b24e4 found for delete ", "request_id": "req-c624d5cb-d6b6-4ef4-94fa-a15822b8dace"}]}
2026-06-30 19:11:30.800 9 INFO neutron.db.ovn_revision_numbers_db [req-ff65defc-314b-43ce-a25d-ef8c04c04d76 req-d3240c6e-bf7e-4e40-b182-314827a06846 5236164aa587457e87252a81e1712d29 7de378ecd55648fbbf2180ea8f35c8e4 - - b7a65e3967cb45dbbcb89afd39f4f76c b7a65e3967cb45dbbcb89afd39f4f76c] Successfully bumped revision number for resource a9a68090-649d-4cad-a2a7-d58dc81e3a1c (type: ports) to 2
2026-06-30 19:11:30.801 9 INFO neutron.services.segments.plugin [-] Segment 6f80c582-c990-4f74-8f55-e7238b8b24e4 resource provider not found; error: Placement Client Error (4xx): {"errors": [{"status": 404, "title": "Not Found", "detail": "The resource could not be found.\n\n No resource provider with uuid 6f80c582-c990-4f74-8f55-e7238b8b24e4 found for delete ", "request_id": "req-fbb7cd24-7f71-4146-8fcf-ad4c5d47452a"}]}
2026-06-30 19:11:30.838 9 INFO neutron.wsgi [req-ff65defc-314b-43ce-a25d-ef8c04c04d76 req-d3240c6e-bf7e-4e40-b182-314827a06846 5236164aa587457e87252a81e1712d29 7de378ecd55648fbbf2180ea8f35c8e4 - - b7a65e3967cb45dbbcb89afd39f4f76c b7a65e3967cb45dbbcb89afd39f4f76c] 199.204.45.177 "PUT /v2.0/ports/a9a68090-649d-4cad-a2a7-d58dc81e3a1c HTTP/1.1" status: 200 len: 1380 time: 0.9578841
2026-06-30 19:11:30.855 9 INFO neutron.wsgi [None req-6fa5afe9-0df6-4d06-831c-2b7b0c9f6781 881d12127fa4465b83f7fee649cdb799 dfaa27f41a7342938391353f5ddd3778 - - default default] 10.0.0.91 "DELETE /v2.0/networks/2833351c-b974-47fe-813f-979524170174 HTTP/1.1" status: 204 len: 168 time: 0.6474745
2026-06-30 19:11:30.866 9 INFO neutron.notifiers.nova [-] Nova event matching ['req-abf8b137-f660-4ca1-aed2-3e7789ce59a6'] response: {'name': 'network-changed', 'server_uuid': 'c64f7287-d15f-4335-b96f-8299fd087244', 'tag': 'a9a68090-649d-4cad-a2a7-d58dc81e3a1c', 'status': 'completed', 'code': 200} /var/lib/openstack/lib/python3.10/site-packages/pycadf/identifier.py:71: UserWarning: Invalid uuid: neutron. To ensure interoperability, identifiers should be a valid uuid. warnings.warn(('Invalid uuid: %s. To ensure interoperability, '
2026-06-30 19:11:30.913 9 INFO neutron.wsgi [req-ff65defc-314b-43ce-a25d-ef8c04c04d76 req-3fb35b8c-eded-47ba-a9d7-ff0231e45319 5236164aa587457e87252a81e1712d29 7de378ecd55648fbbf2180ea8f35c8e4 - - b7a65e3967cb45dbbcb89afd39f4f76c b7a65e3967cb45dbbcb89afd39f4f76c] 199.204.45.177 "GET /v2.0/ports?tenant_id=7b1420ae8aaf430da8b6f32b815c0b07&device_id=c64f7287-d15f-4335-b96f-8299fd087244 HTTP/1.1" status: 200 len: 1411 time: 0.0346260
2026-06-30 19:11:30.938 9 INFO neutron.wsgi [req-ff65defc-314b-43ce-a25d-ef8c04c04d76 req-2f928ee0-a2f3-4ff2-8116-df54bc30c76a 5236164aa587457e87252a81e1712d29 7de378ecd55648fbbf2180ea8f35c8e4 - - b7a65e3967cb45dbbcb89afd39f4f76c b7a65e3967cb45dbbcb89afd39f4f76c] 199.204.45.177 "GET /v2.0/floatingips?fixed_ip_address=10.100.0.13&port_id=a9a68090-649d-4cad-a2a7-d58dc81e3a1c HTTP/1.1" status: 200 len: 217 time: 0.0175602
2026-06-30 19:11:30.978 9 INFO neutron.wsgi [req-ff65defc-314b-43ce-a25d-ef8c04c04d76 req-ba2113d3-cccb-4674-929c-0566ee920ee8 5236164aa587457e87252a81e1712d29 7de378ecd55648fbbf2180ea8f35c8e4 - - b7a65e3967cb45dbbcb89afd39f4f76c b7a65e3967cb45dbbcb89afd39f4f76c] 199.204.45.177 "GET /v2.0/subnets?id=10201898-c2f8-45a9-9fc3-55a260c690fd HTTP/1.1" status: 200 len: 877 time: 0.0294201
2026-06-30 19:11:30.998 9 INFO neutron.wsgi [req-ff65defc-314b-43ce-a25d-ef8c04c04d76 req-8d5e1797-a784-4952-af09-8551829a4f30 5236164aa587457e87252a81e1712d29 7de378ecd55648fbbf2180ea8f35c8e4 - - b7a65e3967cb45dbbcb89afd39f4f76c b7a65e3967cb45dbbcb89afd39f4f76c] 199.204.45.177 "GET /v2.0/ports?network_id=662ca833-0b9f-4186-b5df-4c3f5d078557&device_owner=network%3Adhcp HTTP/1.1" status: 200 len: 210 time: 0.0150137
2026-06-30 19:11:31.062 9 INFO neutron.wsgi [req-ff65defc-314b-43ce-a25d-ef8c04c04d76 req-2588bdfd-4f94-4ba5-964c-fa134d1fbed8 5236164aa587457e87252a81e1712d29 7de378ecd55648fbbf2180ea8f35c8e4 - - b7a65e3967cb45dbbcb89afd39f4f76c b7a65e3967cb45dbbcb89afd39f4f76c] 199.204.45.177 "GET /v2.0/networks/662ca833-0b9f-4186-b5df-4c3f5d078557?fields=segments HTTP/1.1" status: 200 len: 212 time: 0.0492673
2026-06-30 19:11:31.122 9 INFO neutron.wsgi [req-ff65defc-314b-43ce-a25d-ef8c04c04d76 req-8666f929-757f-4ec2-8601-196a805d7a9a 5236164aa587457e87252a81e1712d29 7de378ecd55648fbbf2180ea8f35c8e4 - - b7a65e3967cb45dbbcb89afd39f4f76c b7a65e3967cb45dbbcb89afd39f4f76c] 199.204.45.177 "GET /v2.0/networks/662ca833-0b9f-4186-b5df-4c3f5d078557?fields=provider%3Aphysical_network&fields=provider%3Anetwork_type HTTP/1.1" status: 200 len: 277 time: 0.0503347
2026-06-30 19:11:31.172 10 INFO neutron.wsgi [None req-9c004eb0-2544-4818-822d-a19ae3189484 ef979f9f229945448379ee724be317d1 961d3458cc1244d5a0325340e06ef365 - - default default] 10.0.0.91 "PUT /v2.0/routers/9f9a332f-df39-41b1-89eb-3ac8aa080903/remove_router_interface HTTP/1.1" status: 200 len: 503 time: 1.6295240 /var/lib/openstack/lib/python3.10/site-packages/pycadf/identifier.py:71: UserWarning: Invalid uuid: neutron. To ensure interoperability, identifiers should be a valid uuid. warnings.warn(('Invalid uuid: %s. To ensure interoperability, '
2026-06-30 19:11:31.211 9 INFO neutron.wsgi [req-bc55780d-74d4-4e57-b8e2-64e2058b29b1 req-f2e172f2-7252-4c45-ac29-a1eea402d0a2 5236164aa587457e87252a81e1712d29 7de378ecd55648fbbf2180ea8f35c8e4 - - b7a65e3967cb45dbbcb89afd39f4f76c b7a65e3967cb45dbbcb89afd39f4f76c] 199.204.45.177 "GET /v2.0/ports?tenant_id=7b1420ae8aaf430da8b6f32b815c0b07&device_id=c64f7287-d15f-4335-b96f-8299fd087244 HTTP/1.1" status: 200 len: 1411 time: 0.0524290
2026-06-30 19:11:31.291 9 INFO neutron.wsgi [req-bc55780d-74d4-4e57-b8e2-64e2058b29b1 req-56a2cf85-5d79-41ad-9267-caf9bc41fd00 5236164aa587457e87252a81e1712d29 7de378ecd55648fbbf2180ea8f35c8e4 - - b7a65e3967cb45dbbcb89afd39f4f76c b7a65e3967cb45dbbcb89afd39f4f76c] 199.204.45.177 "GET /v2.0/networks?id=662ca833-0b9f-4186-b5df-4c3f5d078557 HTTP/1.1" status: 200 len: 982 time: 0.0723720
2026-06-30 19:11:31.309 10 INFO neutron.plugins.ml2.drivers.ovn.mech_driver.mech_driver [None req-a6ff4054-4c4e-4687-84ca-143e5307079f - - - - - -] OVN reports status up for port: a9a68090-649d-4cad-a2a7-d58dc81e3a1c
2026-06-30 19:11:31.335 9 INFO neutron.wsgi [req-bc55780d-74d4-4e57-b8e2-64e2058b29b1 req-f81ca717-c81b-4f2f-98ab-fdac9d88bff6 5236164aa587457e87252a81e1712d29 7de378ecd55648fbbf2180ea8f35c8e4 - - b7a65e3967cb45dbbcb89afd39f4f76c b7a65e3967cb45dbbcb89afd39f4f76c] 199.204.45.177 "GET /v2.0/floatingips?fixed_ip_address=10.100.0.13&port_id=a9a68090-649d-4cad-a2a7-d58dc81e3a1c HTTP/1.1" status: 200 len: 217 time: 0.0335834
2026-06-30 19:11:31.349 10 INFO neutron.plugins.ml2.plugin [None req-a6ff4054-4c4e-4687-84ca-143e5307079f - - - - - -] Attempt 1 to provision port a9a68090-649d-4cad-a2a7-d58dc81e3a1c
2026-06-30 19:11:31.380 9 INFO neutron.wsgi [req-bc55780d-74d4-4e57-b8e2-64e2058b29b1 req-1e228f32-944c-4953-ac32-fab0eeb42db8 5236164aa587457e87252a81e1712d29 7de378ecd55648fbbf2180ea8f35c8e4 - - b7a65e3967cb45dbbcb89afd39f4f76c b7a65e3967cb45dbbcb89afd39f4f76c] 199.204.45.177 "GET /v2.0/subnets?id=10201898-c2f8-45a9-9fc3-55a260c690fd HTTP/1.1" status: 200 len: 877 time: 0.0403459
2026-06-30 19:11:31.417 9 INFO neutron.wsgi [req-bc55780d-74d4-4e57-b8e2-64e2058b29b1 req-bef2752b-872c-4452-a96c-0fb1f3745522 5236164aa587457e87252a81e1712d29 7de378ecd55648fbbf2180ea8f35c8e4 - - b7a65e3967cb45dbbcb89afd39f4f76c b7a65e3967cb45dbbcb89afd39f4f76c] 199.204.45.177 "GET /v2.0/ports?network_id=662ca833-0b9f-4186-b5df-4c3f5d078557&device_owner=network%3Adhcp HTTP/1.1" status: 200 len: 210 time: 0.0270419
2026-06-30 19:11:31.475 10 INFO neutron.services.segments.plugin [-] Segment dee93fb6-75f6-4607-b859-c1e7347a4124 resource provider aggregate not found
2026-06-30 19:11:31.487 9 INFO neutron.wsgi [req-bc55780d-74d4-4e57-b8e2-64e2058b29b1 req-b7e9d8ce-66c0-49a8-b997-881d48f16753 5236164aa587457e87252a81e1712d29 7de378ecd55648fbbf2180ea8f35c8e4 - - b7a65e3967cb45dbbcb89afd39f4f76c b7a65e3967cb45dbbcb89afd39f4f76c] 199.204.45.177 "GET /v2.0/networks/662ca833-0b9f-4186-b5df-4c3f5d078557?fields=segments HTTP/1.1" status: 200 len: 212 time: 0.0643060
2026-06-30 19:11:31.502 10 INFO neutron.services.segments.plugin [-] Segment dee93fb6-75f6-4607-b859-c1e7347a4124 resource provider aggregate not found
2026-06-30 19:11:31.514 10 INFO neutron.services.segments.plugin [-] Segment dee93fb6-75f6-4607-b859-c1e7347a4124 resource provider not found; error: Placement Client Error (4xx): {"errors": [{"status": 404, "title": "Not Found", "detail": "The resource could not be found.\n\n No resource provider with uuid dee93fb6-75f6-4607-b859-c1e7347a4124 found for delete ", "request_id": "req-003ce78c-17b1-446d-a270-a0970a62d294"}]}
2026-06-30 19:11:31.526 10 INFO neutron.services.segments.plugin [-] Segment dee93fb6-75f6-4607-b859-c1e7347a4124 resource provider not found; error: Placement Client Error (4xx): {"errors": [{"status": 404, "title": "Not Found", "detail": "The resource could not be found.\n\n No resource provider with uuid dee93fb6-75f6-4607-b859-c1e7347a4124 found for delete ", "request_id": "req-5003bc79-4c13-4f3d-90b8-ac1d72c91424"}]}
2026-06-30 19:11:31.557 10 INFO neutron.wsgi [req-5d9c40e5-ce24-4421-a81b-d984ba4960b8 req-f7eb0ea1-6aa6-4a39-a79c-4e690be559de 363348cab1d94c789d4ca869b4cbb13c 7b1420ae8aaf430da8b6f32b815c0b07 - - default default] 10.0.0.149 "GET /v2.0/ports?device_id=c64f7287-d15f-4335-b96f-8299fd087244 HTTP/1.1" status: 200 len: 1172 time: 0.0954652
2026-06-30 19:11:31.738 9 INFO neutron.wsgi [req-bc55780d-74d4-4e57-b8e2-64e2058b29b1 req-80c1f593-71ae-4101-b2db-f4fe08e8fb3f 5236164aa587457e87252a81e1712d29 7de378ecd55648fbbf2180ea8f35c8e4 - - b7a65e3967cb45dbbcb89afd39f4f76c b7a65e3967cb45dbbcb89afd39f4f76c] 199.204.45.177 "GET /v2.0/networks/662ca833-0b9f-4186-b5df-4c3f5d078557?fields=provider%3Aphysical_network&fields=provider%3Anetwork_type HTTP/1.1" status: 200 len: 277 time: 0.2452943
2026-06-30 19:11:31.808 10 INFO neutron.wsgi [None req-434916ba-6480-4947-85eb-d528405d954b 881d12127fa4465b83f7fee649cdb799 dfaa27f41a7342938391353f5ddd3778 - - default default] 10.0.0.91 "DELETE /v2.0/networks/35174c1e-1bc2-42e2-8f56-82d2c13be506 HTTP/1.1" status: 204 len: 168 time: 0.9479132
2026-06-30 19:11:31.863 10 INFO neutron.wsgi [req-5d9c40e5-ce24-4421-a81b-d984ba4960b8 req-51cb20b4-5bf7-4d35-be12-3a06a89b36f6 363348cab1d94c789d4ca869b4cbb13c 7b1420ae8aaf430da8b6f32b815c0b07 - - default default] 10.0.0.149 "GET /v2.0/security-groups?id=e6b458ae-c850-4ac7-a1b4-e000bc213ad9&fields=id&fields=name HTTP/1.1" status: 200 len: 313 time: 0.2971683
2026-06-30 19:11:31.866 10 INFO neutron.notifiers.nova [-] Nova event matching ['req-37ed482e-d266-42ee-a9c3-9120e0436ad2'] response: {'server_uuid': 'c64f7287-d15f-4335-b96f-8299fd087244', 'name': 'network-vif-plugged', 'status': 'completed', 'tag': 'a9a68090-649d-4cad-a2a7-d58dc81e3a1c', 'code': 200}
2026-06-30 19:11:32.062 10 INFO neutron.db.ovn_revision_numbers_db [None req-a6ff4054-4c4e-4687-84ca-143e5307079f - - - - - -] Successfully bumped revision number for resource a9a68090-649d-4cad-a2a7-d58dc81e3a1c (type: ports) to 4
2026-06-30 19:11:32.292 9 INFO neutron.wsgi [None req-959f31ce-4f14-4cd7-8eab-dc9466e91070 881d12127fa4465b83f7fee649cdb799 dfaa27f41a7342938391353f5ddd3778 - - default default] 10.0.0.91 "DELETE /v2.0/networks/bb96b8e2-d761-47d1-b806-c853ddff3e34 HTTP/1.1" status: 204 len: 168 time: 0.4733713
2026-06-30 19:11:32.552 10 INFO neutron.wsgi [None req-d31ba399-1782-4a80-9682-fafc4770fa0c ef979f9f229945448379ee724be317d1 961d3458cc1244d5a0325340e06ef365 - - default default] 10.0.0.91 "DELETE /v2.0/routers/9f9a332f-df39-41b1-89eb-3ac8aa080903 HTTP/1.1" status: 204 len: 168 time: 1.3660977 /var/lib/openstack/lib/python3.10/site-packages/pycadf/identifier.py:71: UserWarning: Invalid uuid: neutron. To ensure interoperability, identifiers should be a valid uuid. warnings.warn(('Invalid uuid: %s. To ensure interoperability, '
2026-06-30 19:11:32.684 9 INFO neutron.wsgi [None req-bf4ac855-e07f-4756-8a77-6b79f24bf78b 881d12127fa4465b83f7fee649cdb799 dfaa27f41a7342938391353f5ddd3778 - - default default] 10.0.0.91 "DELETE /v2.0/networks/7c182771-8410-4afa-886a-25d0c4cb0d7c HTTP/1.1" status: 204 len: 168 time: 0.3851371
2026-06-30 19:11:32.760 10 INFO neutron.wsgi [None req-17f77419-dafb-4ded-b1f8-cec92ade5557 ef979f9f229945448379ee724be317d1 961d3458cc1244d5a0325340e06ef365 - - default default] 10.0.0.91 "DELETE /v2.0/subnets/4a90da1d-cdd7-425b-956e-54795aef185c HTTP/1.1" status: 204 len: 168 time: 0.2059126
2026-06-30 19:11:32.835 9 INFO neutron.services.segments.plugin [-] Segment 06a60e24-4f3e-4c6f-8906-21b3a6c601da resource provider aggregate not found
2026-06-30 19:11:32.840 9 INFO neutron.services.segments.plugin [-] Segment 06a60e24-4f3e-4c6f-8906-21b3a6c601da resource provider aggregate not found
2026-06-30 19:11:32.871 9 INFO neutron.services.segments.plugin [-] Segment 06a60e24-4f3e-4c6f-8906-21b3a6c601da resource provider not found; error: Placement Client Error (4xx): {"errors": [{"status": 404, "title": "Not Found", "detail": "The resource could not be found.\n\n No resource provider with uuid 06a60e24-4f3e-4c6f-8906-21b3a6c601da found for delete ", "request_id": "req-7794219d-dfa8-44bb-9c6f-f319d962370f"}]}
2026-06-30 19:11:32.876 9 INFO neutron.services.segments.plugin [-] Segment 06a60e24-4f3e-4c6f-8906-21b3a6c601da resource provider not found; error: Placement Client Error (4xx): {"errors": [{"status": 404, "title": "Not Found", "detail": "The resource could not be found.\n\n No resource provider with uuid 06a60e24-4f3e-4c6f-8906-21b3a6c601da found for delete ", "request_id": "req-5174508a-82c2-41f2-bff7-32850fab099e"}]}
2026-06-30 19:11:32.891 9 INFO neutron.services.segments.plugin [-] Segment d5111e4d-288c-4c6f-a0d9-8e1b374eafdb resource provider aggregate not found
2026-06-30 19:11:32.896 9 INFO neutron.services.segments.plugin [-] Segment d5111e4d-288c-4c6f-a0d9-8e1b374eafdb resource provider aggregate not found
2026-06-30 19:11:32.908 9 INFO neutron.services.segments.plugin [-] Segment d5111e4d-288c-4c6f-a0d9-8e1b374eafdb resource provider not found; error: Placement Client Error (4xx): {"errors": [{"status": 404, "title": "Not Found", "detail": "The resource could not be found.\n\n No resource provider with uuid d5111e4d-288c-4c6f-a0d9-8e1b374eafdb found for delete ", "request_id": "req-6619a890-11db-4c6f-8093-f03523276352"}]}
2026-06-30 19:11:32.912 9 INFO neutron.services.segments.plugin [-] Segment d5111e4d-288c-4c6f-a0d9-8e1b374eafdb resource provider not found; error: Placement Client Error (4xx): {"errors": [{"status": 404, "title": "Not Found", "detail": "The resource could not be found.\n\n No resource provider with uuid d5111e4d-288c-4c6f-a0d9-8e1b374eafdb found for delete ", "request_id": "req-35f3d766-9940-4c59-bf9f-e1f323640cbb"}]}
2026-06-30 19:11:33.036 10 INFO neutron.wsgi [req-6e62e3bb-6942-4e43-8b9c-daf888fdc631 req-13fcf1df-1d5b-4b81-bc11-bc5dc2bea9bb 363348cab1d94c789d4ca869b4cbb13c 7b1420ae8aaf430da8b6f32b815c0b07 - - default default] 10.0.0.149 "GET /v2.0/ports?device_id=c64f7287-d15f-4335-b96f-8299fd087244 HTTP/1.1" status: 200 len: 1174 time: 0.1003809
2026-06-30 19:11:33.092 10 INFO neutron.wsgi [req-6e62e3bb-6942-4e43-8b9c-daf888fdc631 req-4c6bbab8-63d8-42de-955e-739dcd54d375 363348cab1d94c789d4ca869b4cbb13c 7b1420ae8aaf430da8b6f32b815c0b07 - - default default] 10.0.0.149 "GET /v2.0/security-groups?id=e6b458ae-c850-4ac7-a1b4-e000bc213ad9&fields=id&fields=name HTTP/1.1" status: 200 len: 313 time: 0.0511928
2026-06-30 19:11:33.209 10 INFO neutron.wsgi [req-a3263d82-db85-428a-a60d-4081b8a028a4 req-d46308c8-a692-49ad-a823-33976b1e1d07 363348cab1d94c789d4ca869b4cbb13c 7b1420ae8aaf430da8b6f32b815c0b07 - - default default] 10.0.0.149 "GET /v2.0/ports?device_id=c64f7287-d15f-4335-b96f-8299fd087244 HTTP/1.1" status: 200 len: 1174 time: 0.0542307
2026-06-30 19:11:33.224 9 INFO neutron.wsgi [None req-5af29ff1-ad6e-422b-a16a-fdcd2dcdcc9b ef979f9f229945448379ee724be317d1 961d3458cc1244d5a0325340e06ef365 - - default default] 10.0.0.91 "DELETE /v2.0/networks/8ffeb902-f61b-4f48-a570-c6bfd9e4adad HTTP/1.1" status: 204 len: 168 time: 0.4597838
2026-06-30 19:11:33.511 9 INFO neutron.wsgi [None req-9df21f1d-7549-4a30-81e7-28e952286969 ef979f9f229945448379ee724be317d1 961d3458cc1244d5a0325340e06ef365 - - default default] 10.0.0.91 "GET /v2.0/security-groups?tenant_id=0da8c9bb1a484168844b8806f62c3901&name=default HTTP/1.1" status: 200 len: 3116 time: 0.1050265
2026-06-30 19:11:33.524 10 INFO neutron.wsgi [None req-86516cce-d2e4-4b0a-aa50-42b04dfabb8c ef979f9f229945448379ee724be317d1 961d3458cc1244d5a0325340e06ef365 - - default default] 10.0.0.91 "GET /v2.0/security-groups?tenant_id=dfaa27f41a7342938391353f5ddd3778&name=default HTTP/1.1" status: 200 len: 3120 time: 0.2391288
2026-06-30 19:11:33.838 10 INFO neutron.wsgi [None req-c9e63745-a081-455f-8041-c702fec8385a ef979f9f229945448379ee724be317d1 961d3458cc1244d5a0325340e06ef365 - - default default] 10.0.0.91 "DELETE /v2.0/security-groups/7ec9c379-96e9-42b3-ab91-e6eba5907630 HTTP/1.1" status: 204 len: 168 time: 0.3174672
2026-06-30 19:11:33.851 10 INFO neutron.wsgi [None req-733ab193-8179-46d0-8238-5a6f20a3f55c ef979f9f229945448379ee724be317d1 961d3458cc1244d5a0325340e06ef365 - - default default] 10.0.0.91 "DELETE /v2.0/security-groups/68694597-6931-459e-83a1-ce7a59a59088 HTTP/1.1" status: 204 len: 168 time: 0.3210588
2026-06-30 19:11:33.931 10 INFO neutron.notifiers.nova [-] Nova event matching ['req-d84e3f24-9554-415e-82f9-9c6cf35083ca'] response: {'server_uuid': 'c64f7287-d15f-4335-b96f-8299fd087244', 'name': 'network-vif-plugged', 'status': 'completed', 'tag': 'a9a68090-649d-4cad-a2a7-d58dc81e3a1c', 'code': 200}
2026-06-30 19:11:34.114 9 INFO neutron.db.ovn_revision_numbers_db [None req-a412ebbd-1156-4b32-b92c-728841e099ec 363348cab1d94c789d4ca869b4cbb13c 7b1420ae8aaf430da8b6f32b815c0b07 - - default default] Successfully bumped revision number for resource d44cf398-c0c7-4f7a-841b-15affa1db1e5 (type: floatingips) to 1
2026-06-30 19:11:34.277 9 INFO neutron.db.ovn_revision_numbers_db [None req-a412ebbd-1156-4b32-b92c-728841e099ec 363348cab1d94c789d4ca869b4cbb13c 7b1420ae8aaf430da8b6f32b815c0b07 - - default default] Successfully bumped revision number for resource d44cf398-c0c7-4f7a-841b-15affa1db1e5 (type: floatingips) to 2
2026-06-30 19:11:34.278 9 INFO neutron.db.l3_db [None req-a412ebbd-1156-4b32-b92c-728841e099ec 363348cab1d94c789d4ca869b4cbb13c 7b1420ae8aaf430da8b6f32b815c0b07 - - default default] Floating IP d44cf398-c0c7-4f7a-841b-15affa1db1e5 associated. External IP: 10.96.250.212, port: a9a68090-649d-4cad-a2a7-d58dc81e3a1c.
2026-06-30 19:11:34.319 9 INFO neutron.wsgi [None req-a412ebbd-1156-4b32-b92c-728841e099ec 363348cab1d94c789d4ca869b4cbb13c 7b1420ae8aaf430da8b6f32b815c0b07 - - default default] 10.0.0.91 "PUT /v2.0/floatingips/d44cf398-c0c7-4f7a-841b-15affa1db1e5 HTTP/1.1" status: 200 len: 1050 time: 1.0896459
2026-06-30 19:11:34.369 9 INFO neutron.notifiers.nova [-] Nova event matching ['req-8ad0d975-c115-4803-8ba4-2ecf3e309648'] response: {'name': 'network-changed', 'server_uuid': 'c64f7287-d15f-4335-b96f-8299fd087244', 'tag': 'a9a68090-649d-4cad-a2a7-d58dc81e3a1c', 'status': 'completed', 'code': 200} /var/lib/openstack/lib/python3.10/site-packages/pycadf/identifier.py:71: UserWarning: Invalid uuid: neutron. To ensure interoperability, identifiers should be a valid uuid. warnings.warn(('Invalid uuid: %s. To ensure interoperability, '
2026-06-30 19:11:34.429 10 INFO neutron.wsgi [req-d93b17f9-de61-4950-9943-79b94a6e5d8d req-79f32263-cd86-470d-b71d-a1f8a61abb77 363348cab1d94c789d4ca869b4cbb13c 7b1420ae8aaf430da8b6f32b815c0b07 - - default default] 10.0.0.149 "GET /v2.0/ports?device_id=c64f7287-d15f-4335-b96f-8299fd087244 HTTP/1.1" status: 200 len: 1174 time: 0.0590639
2026-06-30 19:11:34.461 9 INFO neutron.wsgi [req-2ce61e80-18dc-4603-b17c-ad434d90bb55 req-5b9b28b4-c948-4b43-9704-1660eb6f48a1 5236164aa587457e87252a81e1712d29 7de378ecd55648fbbf2180ea8f35c8e4 - - b7a65e3967cb45dbbcb89afd39f4f76c b7a65e3967cb45dbbcb89afd39f4f76c] 199.204.45.177 "GET /v2.0/ports?tenant_id=7b1420ae8aaf430da8b6f32b815c0b07&device_id=c64f7287-d15f-4335-b96f-8299fd087244 HTTP/1.1" status: 200 len: 1413 time: 0.0767555
2026-06-30 19:11:34.482 10 INFO neutron.wsgi [req-d93b17f9-de61-4950-9943-79b94a6e5d8d req-96cf8f86-2fcd-462d-9fbf-97433933e1b4 363348cab1d94c789d4ca869b4cbb13c 7b1420ae8aaf430da8b6f32b815c0b07 - - default default] 10.0.0.149 "GET /v2.0/security-groups?id=e6b458ae-c850-4ac7-a1b4-e000bc213ad9&fields=id&fields=name HTTP/1.1" status: 200 len: 313 time: 0.0477958
2026-06-30 19:11:34.489 10 INFO neutron.db.ovn_revision_numbers_db [None req-1f788c3e-47e1-480c-8179-0549c9d934e2 ef979f9f229945448379ee724be317d1 961d3458cc1244d5a0325340e06ef365 - - default default] Successfully bumped revision number for resource 90063bc9-e21d-4ac7-b1c3-a6daeedc09e1 (type: security_groups) to 1
2026-06-30 19:11:34.516 10 INFO neutron.db.ovn_revision_numbers_db [None req-1f788c3e-47e1-480c-8179-0549c9d934e2 ef979f9f229945448379ee724be317d1 961d3458cc1244d5a0325340e06ef365 - - default default] Successfully bumped revision number for resource 049257e2-741e-494b-b1c8-fe7f72165555 (type: security_group_rules) to 0
2026-06-30 19:11:34.531 10 INFO neutron.db.ovn_revision_numbers_db [None req-1f788c3e-47e1-480c-8179-0549c9d934e2 ef979f9f229945448379ee724be317d1 961d3458cc1244d5a0325340e06ef365 - - default default] Successfully bumped revision number for resource 323dd10a-3441-42e6-bfb4-dad6e439dc65 (type: security_group_rules) to 0
2026-06-30 19:11:34.543 9 INFO neutron.wsgi [req-2ce61e80-18dc-4603-b17c-ad434d90bb55 req-4a5d7cfb-4930-41e3-a371-431b428e355e 5236164aa587457e87252a81e1712d29 7de378ecd55648fbbf2180ea8f35c8e4 - - b7a65e3967cb45dbbcb89afd39f4f76c b7a65e3967cb45dbbcb89afd39f4f76c] 199.204.45.177 "GET /v2.0/networks?id=662ca833-0b9f-4186-b5df-4c3f5d078557 HTTP/1.1" status: 200 len: 982 time: 0.0741796
2026-06-30 19:11:34.545 10 INFO neutron.db.ovn_revision_numbers_db [None req-1f788c3e-47e1-480c-8179-0549c9d934e2 ef979f9f229945448379ee724be317d1 961d3458cc1244d5a0325340e06ef365 - - default default] Successfully bumped revision number for resource 3ccb2038-c253-4250-82c7-4c27d9c2b0e3 (type: security_group_rules) to 0
2026-06-30 19:11:34.558 10 INFO neutron.db.ovn_revision_numbers_db [None req-1f788c3e-47e1-480c-8179-0549c9d934e2 ef979f9f229945448379ee724be317d1 961d3458cc1244d5a0325340e06ef365 - - default default] Successfully bumped revision number for resource db8c8ae8-b318-435f-a72a-c050670530da (type: security_group_rules) to 0
2026-06-30 19:11:34.587 10 INFO neutron.wsgi [None req-1f788c3e-47e1-480c-8179-0549c9d934e2 ef979f9f229945448379ee724be317d1 961d3458cc1244d5a0325340e06ef365 - - default default] 10.0.0.91 "GET /v2.0/security-groups?tenant_id=0708f8d2f38148ddbc4bf90577acc354&name=default HTTP/1.1" status: 200 len: 3120 time: 0.5942800
2026-06-30 19:11:34.596 9 INFO neutron.wsgi [req-2ce61e80-18dc-4603-b17c-ad434d90bb55 req-ba103fb1-b739-4cb5-b603-7b6ee258c055 5236164aa587457e87252a81e1712d29 7de378ecd55648fbbf2180ea8f35c8e4 - - b7a65e3967cb45dbbcb89afd39f4f76c b7a65e3967cb45dbbcb89afd39f4f76c] 199.204.45.177 "GET /v2.0/floatingips?fixed_ip_address=10.100.0.13&port_id=a9a68090-649d-4cad-a2a7-d58dc81e3a1c HTTP/1.1" status: 200 len: 1060 time: 0.0470996
2026-06-30 19:11:34.634 9 INFO neutron.wsgi [req-2ce61e80-18dc-4603-b17c-ad434d90bb55 req-ab398013-b515-49dd-b1fa-290d53b3ba7e 5236164aa587457e87252a81e1712d29 7de378ecd55648fbbf2180ea8f35c8e4 - - b7a65e3967cb45dbbcb89afd39f4f76c b7a65e3967cb45dbbcb89afd39f4f76c] 199.204.45.177 "GET /v2.0/subnets?id=10201898-c2f8-45a9-9fc3-55a260c690fd HTTP/1.1" status: 200 len: 877 time: 0.0305336
2026-06-30 19:11:34.666 9 INFO neutron.wsgi [req-2ce61e80-18dc-4603-b17c-ad434d90bb55 req-0027f927-1838-4562-ba33-991466990b0d 5236164aa587457e87252a81e1712d29 7de378ecd55648fbbf2180ea8f35c8e4 - - b7a65e3967cb45dbbcb89afd39f4f76c b7a65e3967cb45dbbcb89afd39f4f76c] 199.204.45.177 "GET /v2.0/ports?network_id=662ca833-0b9f-4186-b5df-4c3f5d078557&device_owner=network%3Adhcp HTTP/1.1" status: 200 len: 210 time: 0.0261059
2026-06-30 19:11:34.738 9 INFO neutron.wsgi [req-2ce61e80-18dc-4603-b17c-ad434d90bb55 req-18518757-7be4-43d5-a963-900c550a498f 5236164aa587457e87252a81e1712d29 7de378ecd55648fbbf2180ea8f35c8e4 - - b7a65e3967cb45dbbcb89afd39f4f76c b7a65e3967cb45dbbcb89afd39f4f76c] 199.204.45.177 "GET /v2.0/networks/662ca833-0b9f-4186-b5df-4c3f5d078557?fields=segments HTTP/1.1" status: 200 len: 212 time: 0.0647433
2026-06-30 19:11:34.809 9 INFO neutron.wsgi [req-2ce61e80-18dc-4603-b17c-ad434d90bb55 req-aa099df5-de9c-4c26-8320-0c2cad761524 5236164aa587457e87252a81e1712d29 7de378ecd55648fbbf2180ea8f35c8e4 - - b7a65e3967cb45dbbcb89afd39f4f76c b7a65e3967cb45dbbcb89afd39f4f76c] 199.204.45.177 "GET /v2.0/networks/662ca833-0b9f-4186-b5df-4c3f5d078557?fields=provider%3Aphysical_network&fields=provider%3Anetwork_type HTTP/1.1" status: 200 len: 277 time: 0.0621080
2026-06-30 19:11:34.840 15 INFO neutron.plugins.ml2.drivers.ovn.mech_driver.ovsdb.maintenance [None req-3fcd22d8-7121-4631-9ceb-210c7860373b - - - - - -] Maintenance task: Synchronization completed (took 0.33 seconds)
2026-06-30 19:11:34.851 10 INFO neutron.wsgi [None req-4cb0af95-81b8-4347-bb81-ba97e7003488 ef979f9f229945448379ee724be317d1 961d3458cc1244d5a0325340e06ef365 - - default default] 10.0.0.91 "DELETE /v2.0/security-groups/90063bc9-e21d-4ac7-b1c3-a6daeedc09e1 HTTP/1.1" status: 204 len: 168 time: 0.2586997
2026-06-30 19:11:34.927 9 INFO neutron.services.segments.plugin [-] Segment bd7b82f6-cd72-4828-a7cf-6b9baeb46567 resource provider aggregate not found
2026-06-30 19:11:34.941 9 INFO neutron.services.segments.plugin [-] Segment bd7b82f6-cd72-4828-a7cf-6b9baeb46567 resource provider not found; error: Placement Client Error (4xx): {"errors": [{"status": 404, "title": "Not Found", "detail": "The resource could not be found.\n\n No resource provider with uuid bd7b82f6-cd72-4828-a7cf-6b9baeb46567 found for delete ", "request_id": "req-adc8741c-b294-426a-87a3-305c4bd800d8"}]}
2026-06-30 19:11:34.947 9 INFO neutron.services.segments.plugin [-] Segment bd7b82f6-cd72-4828-a7cf-6b9baeb46567 resource provider aggregate not found
2026-06-30 19:11:34.965 9 INFO neutron.services.segments.plugin [-] Segment bd7b82f6-cd72-4828-a7cf-6b9baeb46567 resource provider not found; error: Placement Client Error (4xx): {"errors": [{"status": 404, "title": "Not Found", "detail": "The resource could not be found.\n\n No resource provider with uuid bd7b82f6-cd72-4828-a7cf-6b9baeb46567 found for delete ", "request_id": "req-88d43ca1-b692-43b6-a766-2d0e0c6cf38d"}]}
2026-06-30 19:11:35.119 9 INFO neutron.db.ovn_revision_numbers_db [None req-ecf10c09-2ba2-41d1-87d6-07edd35c06f0 ef979f9f229945448379ee724be317d1 961d3458cc1244d5a0325340e06ef365 - - default default] Successfully bumped revision number for resource 63b42438-1be5-43e7-a858-4b6ac2d6cee9 (type: security_groups) to 1
2026-06-30 19:11:35.134 9 INFO neutron.db.ovn_revision_numbers_db [None req-ecf10c09-2ba2-41d1-87d6-07edd35c06f0 ef979f9f229945448379ee724be317d1 961d3458cc1244d5a0325340e06ef365 - - default default] Successfully bumped revision number for resource 0e5b0009-c9a0-4fec-98ed-ba4e13678020 (type: security_group_rules) to 0
2026-06-30 19:11:35.147 9 INFO neutron.db.ovn_revision_numbers_db [None req-ecf10c09-2ba2-41d1-87d6-07edd35c06f0 ef979f9f229945448379ee724be317d1 961d3458cc1244d5a0325340e06ef365 - - default default] Successfully bumped revision number for resource 2ba1f4cb-9957-45c8-906d-5066bbbc10c9 (type: security_group_rules) to 0
2026-06-30 19:11:35.160 9 INFO neutron.db.ovn_revision_numbers_db [None req-ecf10c09-2ba2-41d1-87d6-07edd35c06f0 ef979f9f229945448379ee724be317d1 961d3458cc1244d5a0325340e06ef365 - - default default] Successfully bumped revision number for resource d54a0ef7-bf8d-484d-858a-9b1893e06e22 (type: security_group_rules) to 0
2026-06-30 19:11:35.173 9 INFO neutron.db.ovn_revision_numbers_db [None req-ecf10c09-2ba2-41d1-87d6-07edd35c06f0 ef979f9f229945448379ee724be317d1 961d3458cc1244d5a0325340e06ef365 - - default default] Successfully bumped revision number for resource fbf4d210-fe65-47d8-b42d-f7b834580e26 (type: security_group_rules) to 0
2026-06-30 19:11:35.191 9 INFO neutron.wsgi [None req-ecf10c09-2ba2-41d1-87d6-07edd35c06f0 ef979f9f229945448379ee724be317d1 961d3458cc1244d5a0325340e06ef365 - - default default] 10.0.0.91 "GET /v2.0/security-groups?tenant_id=1212d2e56f9f4c0ca1a198863f03a4df&name=default HTTP/1.1" status: 200 len: 3120 time: 0.1904366
2026-06-30 19:11:35.444 9 INFO neutron.wsgi [None req-36beb36d-8946-4877-a63b-c432834617da ef979f9f229945448379ee724be317d1 961d3458cc1244d5a0325340e06ef365 - - default default] 10.0.0.91 "DELETE /v2.0/security-groups/63b42438-1be5-43e7-a858-4b6ac2d6cee9 HTTP/1.1" status: 204 len: 168 time: 0.2486446
2026-06-30 19:11:35.869 10 WARNING neutron_lib.context [None req-de4d1e95-6b3c-4677-9dcf-05443d7b9d57 74afb3aa780847aab9ba29759c69bae8 6c5334b5af7c4e258e1ae5379b091338 - - default default] Method 'is_advsvc' is deprecated since 2023.2 release (neutron-lib 3.8.0) and will be removed once support for the old RBAC API policies will be removed from Neutron. Please use method 'is_service_role' instead.
2026-06-30 19:11:36.020 10 INFO neutron.db.ovn_revision_numbers_db [None req-de4d1e95-6b3c-4677-9dcf-05443d7b9d57 74afb3aa780847aab9ba29759c69bae8 6c5334b5af7c4e258e1ae5379b091338 - - default default] Successfully bumped revision number for resource 683a2eca-bfc7-4307-9b1d-c55df68635ea (type: security_groups) to 1
2026-06-30 19:11:36.022 10 INFO neutron.db.ovn_revision_numbers_db [None req-3849cf09-0fe6-48c4-a164-198d169fdc6c ef979f9f229945448379ee724be317d1 961d3458cc1244d5a0325340e06ef365 - - default default] Successfully bumped revision number for resource 2c29a4c2-2305-460b-9910-888fa44a33f5 (type: security_groups) to 1
2026-06-30 19:11:36.036 10 INFO neutron.db.ovn_revision_numbers_db [None req-de4d1e95-6b3c-4677-9dcf-05443d7b9d57 74afb3aa780847aab9ba29759c69bae8 6c5334b5af7c4e258e1ae5379b091338 - - default default] Successfully bumped revision number for resource 3348593f-3106-4244-b099-785b21fe419d (type: security_group_rules) to 0
2026-06-30 19:11:36.039 10 INFO neutron.db.ovn_revision_numbers_db [None req-3849cf09-0fe6-48c4-a164-198d169fdc6c ef979f9f229945448379ee724be317d1 961d3458cc1244d5a0325340e06ef365 - - default default] Successfully bumped revision number for resource 38b64bd8-ad44-45e6-9e62-ad0a3d911d18 (type: security_group_rules) to 0
2026-06-30 19:11:36.058 10 INFO neutron.db.ovn_revision_numbers_db [None req-de4d1e95-6b3c-4677-9dcf-05443d7b9d57 74afb3aa780847aab9ba29759c69bae8 6c5334b5af7c4e258e1ae5379b091338 - - default default] Successfully bumped revision number for resource 3a4045ec-9c93-41f4-a984-6a7d896c172e (type: security_group_rules) to 0
2026-06-30 19:11:36.062 10 INFO neutron.db.ovn_revision_numbers_db [None req-3849cf09-0fe6-48c4-a164-198d169fdc6c ef979f9f229945448379ee724be317d1 961d3458cc1244d5a0325340e06ef365 - - default default] Successfully bumped revision number for resource 3bc7c88f-f5fa-4a36-bf04-208c585cfe7b (type: security_group_rules) to 0
2026-06-30 19:11:36.074 10 INFO neutron.db.ovn_revision_numbers_db [None req-de4d1e95-6b3c-4677-9dcf-05443d7b9d57 74afb3aa780847aab9ba29759c69bae8 6c5334b5af7c4e258e1ae5379b091338 - - default default] Successfully bumped revision number for resource 70c61d89-b246-4dfa-8f10-5bfe467335a1 (type: security_group_rules) to 0
2026-06-30 19:11:36.078 10 INFO neutron.db.ovn_revision_numbers_db [None req-3849cf09-0fe6-48c4-a164-198d169fdc6c ef979f9f229945448379ee724be317d1 961d3458cc1244d5a0325340e06ef365 - - default default] Successfully bumped revision number for resource 92f1a97f-2d03-4e92-8d6a-38a8420253ae (type: security_group_rules) to 0
2026-06-30 19:11:36.086 10 INFO neutron.db.ovn_revision_numbers_db [None req-de4d1e95-6b3c-4677-9dcf-05443d7b9d57 74afb3aa780847aab9ba29759c69bae8 6c5334b5af7c4e258e1ae5379b091338 - - default default] Successfully bumped revision number for resource e90d9bdd-d043-4aeb-a51a-a23bc5c14b0d (type: security_group_rules) to 0
2026-06-30 19:11:36.092 10 INFO neutron.db.ovn_revision_numbers_db [None req-3849cf09-0fe6-48c4-a164-198d169fdc6c ef979f9f229945448379ee724be317d1 961d3458cc1244d5a0325340e06ef365 - - default default] Successfully bumped revision number for resource cc7240de-641f-469a-9b06-180bcf8ce818 (type: security_group_rules) to 0
2026-06-30 19:11:36.152 10 INFO neutron.db.segments_db [None req-3849cf09-0fe6-48c4-a164-198d169fdc6c ef979f9f229945448379ee724be317d1 961d3458cc1244d5a0325340e06ef365 - - default default] Added segment be9847b4-a215-431e-a082-b75d74df6fb5 of type geneve for network 26fcf565-653b-4a5a-8320-f9a12303a5f5
2026-06-30 19:11:36.217 10 INFO neutron.db.ovn_revision_numbers_db [None req-de4d1e95-6b3c-4677-9dcf-05443d7b9d57 74afb3aa780847aab9ba29759c69bae8 6c5334b5af7c4e258e1ae5379b091338 - - default default] Successfully bumped revision number for resource f23f996c-3008-4870-8837-a91e7c8b32f1 (type: security_groups) to 1
2026-06-30 19:11:36.237 10 INFO neutron.db.ovn_revision_numbers_db [None req-de4d1e95-6b3c-4677-9dcf-05443d7b9d57 74afb3aa780847aab9ba29759c69bae8 6c5334b5af7c4e258e1ae5379b091338 - - default default] Successfully bumped revision number for resource 0fae5081-4a80-4378-b5de-abaa2180ed66 (type: security_group_rules) to 0
2026-06-30 19:11:36.276 10 INFO neutron.db.ovn_revision_numbers_db [None req-de4d1e95-6b3c-4677-9dcf-05443d7b9d57 74afb3aa780847aab9ba29759c69bae8 6c5334b5af7c4e258e1ae5379b091338 - - default default] Successfully bumped revision number for resource d6dc9f44-0ae7-4d1c-baee-c4f3634a3bc4 (type: security_group_rules) to 0
2026-06-30 19:11:36.312 10 INFO neutron.wsgi [None req-de4d1e95-6b3c-4677-9dcf-05443d7b9d57 74afb3aa780847aab9ba29759c69bae8 6c5334b5af7c4e258e1ae5379b091338 - - default default] 10.0.0.91 "POST /v2.0/security-groups HTTP/1.1" status: 201 len: 1825 time: 0.5956185
2026-06-30 19:11:36.326 10 INFO neutron.db.ovn_revision_numbers_db [None req-3849cf09-0fe6-48c4-a164-198d169fdc6c ef979f9f229945448379ee724be317d1 961d3458cc1244d5a0325340e06ef365 - - default default] Successfully bumped revision number for resource 26fcf565-653b-4a5a-8320-f9a12303a5f5 (type: networks) to 1
2026-06-30 19:11:36.380 9 INFO neutron.wsgi [None req-a51d7fad-970d-4d7e-8fc6-0ae38b500713 74afb3aa780847aab9ba29759c69bae8 6c5334b5af7c4e258e1ae5379b091338 - - default default] 10.0.0.91 "GET /v2.0/security-groups HTTP/1.1" status: 200 len: 4725 time: 0.0605710
2026-06-30 19:11:36.459 9 INFO neutron.db.ovn_revision_numbers_db [None req-219831ce-db6b-46ce-a9fb-1e816a02b22a 74afb3aa780847aab9ba29759c69bae8 6c5334b5af7c4e258e1ae5379b091338 - - default default] Successfully bumped revision number for resource f23f996c-3008-4870-8837-a91e7c8b32f1 (type: security_groups) to 2
