2026-06-30 19:10:09.866 10 INFO neutron.wsgi [None req-485b439e-6655-460b-8963-28dde3bc5ed7 ef979f9f229945448379ee724be317d1 961d3458cc1244d5a0325340e06ef365 - - default default] 10.0.0.46 "GET /v2.0/networks HTTP/1.1" status: 200 len: 2350 time: 0.0593488
2026-06-30 19:10:09.915 10 INFO neutron.wsgi [None req-f643dcd3-3334-4869-ba6c-a172628c9759 ef979f9f229945448379ee724be317d1 961d3458cc1244d5a0325340e06ef365 - - default default] 10.0.0.46 "GET /v2.0/security-groups HTTP/1.1" status: 200 len: 17578 time: 0.0455439
2026-06-30 19:10:09.953 10 INFO neutron.wsgi [None req-26606298-f188-44c7-a6d6-494412911b6e ef979f9f229945448379ee724be317d1 961d3458cc1244d5a0325340e06ef365 - - default default] 10.0.0.46 "GET /v2.0/subnets HTTP/1.1" status: 200 len: 1437 time: 0.0324547
2026-06-30 19:10:09.962 10 INFO neutron.wsgi [None req-060a7bcd-1274-47ff-9b22-cdb5aa33bde7 ef979f9f229945448379ee724be317d1 961d3458cc1244d5a0325340e06ef365 - - default default] 10.0.0.46 "GET /v2.0/subnetpools HTTP/1.1" status: 200 len: 193 time: 0.0077806
2026-06-30 19:10:09.975 10 INFO neutron.wsgi [None req-8c832e71-e5e8-454e-9b33-ebe8b477dce5 ef979f9f229945448379ee724be317d1 961d3458cc1244d5a0325340e06ef365 - - default default] 10.0.0.46 "GET /v2.0/agents HTTP/1.1" status: 200 len: 1390 time: 0.0125711
2026-06-30 19:10:10.022 10 INFO neutron.wsgi [None req-7afc3d2a-e0ae-4aca-8413-c7a23fe34360 ef979f9f229945448379ee724be317d1 961d3458cc1244d5a0325340e06ef365 - - default default] 10.0.0.46 "GET /v2.0/subnets HTTP/1.1" status: 200 len: 1437 time: 0.0455699
2026-06-30 19:10:15.302 10 INFO neutron.wsgi [-] 10.0.0.96 "GET / HTTP/1.1" status: 200 len: 247 time: 0.0017905
2026-06-30 19:10:15.303 9 INFO neutron.wsgi [-] 10.0.0.96 "GET / HTTP/1.1" status: 200 len: 247 time: 0.0024390
2026-06-30 19:10:30.303 10 INFO neutron.wsgi [-] 10.0.0.96 "GET / HTTP/1.1" status: 200 len: 247 time: 0.0027382
2026-06-30 19:10:30.304 9 INFO neutron.wsgi [-] 10.0.0.96 "GET / HTTP/1.1" status: 200 len: 247 time: 0.0040061
2026-06-30 19:10:45.302 10 INFO neutron.wsgi [-] 10.0.0.96 "GET / HTTP/1.1" status: 200 len: 247 time: 0.0024924
2026-06-30 19:10:45.303 9 INFO neutron.wsgi [-] 10.0.0.96 "GET / HTTP/1.1" status: 200 len: 247 time: 0.0024552
2026-06-30 19:10:46.932 10 INFO neutron.wsgi [None req-b2aacd2c-7a9b-4a19-a109-31e99eb478a7 ef979f9f229945448379ee724be317d1 961d3458cc1244d5a0325340e06ef365 - - default default] 10.0.0.91 "GET /v2.0/networks HTTP/1.1" status: 200 len: 2369 time: 0.2352989 /var/lib/openstack/lib/python3.10/site-packages/pycadf/identifier.py:71: UserWarning: Invalid uuid: neutron. To ensure interoperability, identifiers should be a valid uuid. warnings.warn(('Invalid uuid: %s. To ensure interoperability, '
2026-06-30 19:10:48.083 9 INFO neutron.wsgi [None req-5ce02306-7639-444e-b59d-4b0c13683d72 ef979f9f229945448379ee724be317d1 961d3458cc1244d5a0325340e06ef365 - - default default] 10.0.0.91 "GET /v2.0/floatingips HTTP/1.1" status: 200 len: 212 time: 0.0334730
2026-06-30 19:10:48.122 9 INFO neutron.wsgi [None req-577588d5-7a95-449e-bf95-331b4464dd69 ef979f9f229945448379ee724be317d1 961d3458cc1244d5a0325340e06ef365 - - default default] 10.0.0.91 "GET /v2.0/routers HTTP/1.1" status: 200 len: 208 time: 0.0336649
2026-06-30 19:10:48.186 9 INFO neutron.wsgi [None req-7902267f-8c17-485c-9bd1-668fe8aa4cf9 ef979f9f229945448379ee724be317d1 961d3458cc1244d5a0325340e06ef365 - - default default] 10.0.0.91 "GET /v2.0/ports HTTP/1.1" status: 200 len: 5370 time: 0.0602136
2026-06-30 19:10:48.234 9 INFO neutron.wsgi [None req-e1dcab66-cfdc-4ec7-acb4-eddbe00b76fd ef979f9f229945448379ee724be317d1 961d3458cc1244d5a0325340e06ef365 - - default default] 10.0.0.91 "GET /v2.0/subnets HTTP/1.1" status: 200 len: 1456 time: 0.0428653
2026-06-30 19:10:48.388 9 INFO neutron.wsgi [None req-5a3d7ffe-bebe-4408-b9dd-b0779fda3966 ef979f9f229945448379ee724be317d1 961d3458cc1244d5a0325340e06ef365 - - default default] 10.0.0.91 "GET /v2.0/networks HTTP/1.1" status: 200 len: 2369 time: 0.1483860
2026-06-30 19:10:48.436 9 INFO neutron.wsgi [None req-83f5166d-c758-4077-8d60-a703ee31a849 ef979f9f229945448379ee724be317d1 961d3458cc1244d5a0325340e06ef365 - - default default] 10.0.0.91 "GET /v2.0/security-groups HTTP/1.1" status: 200 len: 17597 time: 0.0429273
2026-06-30 19:10:48.452 9 INFO neutron.wsgi [None req-aa75d811-5962-4660-8d2b-1341b48d8d20 ef979f9f229945448379ee724be317d1 961d3458cc1244d5a0325340e06ef365 - - default default] 10.0.0.91 "GET /v2.0/subnetpools HTTP/1.1" status: 200 len: 212 time: 0.0113447
2026-06-30 19:10:59.465 9 INFO neutron.db.ovn_revision_numbers_db [None req-1b353973-24ff-4205-b31e-fae40009e1cb ef979f9f229945448379ee724be317d1 961d3458cc1244d5a0325340e06ef365 - - default default] Successfully bumped revision number for resource c45291b7-4cab-4dc4-a4eb-a9a547530f46 (type: security_groups) to 1
2026-06-30 19:10:59.478 10 INFO neutron.db.ovn_revision_numbers_db [None req-8bdfde9f-5603-4ea4-be09-ed6fd9685afc ef979f9f229945448379ee724be317d1 961d3458cc1244d5a0325340e06ef365 - - default default] Successfully bumped revision number for resource 11d52c3c-2b69-4202-97aa-8ca48b87310e (type: security_groups) to 1
2026-06-30 19:10:59.480 9 INFO neutron.db.ovn_revision_numbers_db [None req-1b353973-24ff-4205-b31e-fae40009e1cb ef979f9f229945448379ee724be317d1 961d3458cc1244d5a0325340e06ef365 - - default default] Successfully bumped revision number for resource 24545388-0b5f-4d56-abec-88051f1fbffc (type: security_group_rules) to 0
2026-06-30 19:10:59.491 10 INFO neutron.db.ovn_revision_numbers_db [None req-8bdfde9f-5603-4ea4-be09-ed6fd9685afc ef979f9f229945448379ee724be317d1 961d3458cc1244d5a0325340e06ef365 - - default default] Successfully bumped revision number for resource 12da2765-b19e-4248-8329-57afad8ffbef (type: security_group_rules) to 0
2026-06-30 19:10:59.496 9 INFO neutron.db.ovn_revision_numbers_db [None req-1b353973-24ff-4205-b31e-fae40009e1cb ef979f9f229945448379ee724be317d1 961d3458cc1244d5a0325340e06ef365 - - default default] Successfully bumped revision number for resource 75618e77-289b-414d-bc72-cb9b8dd1ea9b (type: security_group_rules) to 0
2026-06-30 19:10:59.507 10 INFO neutron.db.ovn_revision_numbers_db [None req-8bdfde9f-5603-4ea4-be09-ed6fd9685afc ef979f9f229945448379ee724be317d1 961d3458cc1244d5a0325340e06ef365 - - default default] Successfully bumped revision number for resource 221398b3-9eb0-465a-9e88-a187f223e201 (type: security_group_rules) to 0
2026-06-30 19:10:59.508 9 INFO neutron.db.ovn_revision_numbers_db [None req-1b353973-24ff-4205-b31e-fae40009e1cb ef979f9f229945448379ee724be317d1 961d3458cc1244d5a0325340e06ef365 - - default default] Successfully bumped revision number for resource a8f639b1-5872-4821-a72b-54451e48b810 (type: security_group_rules) to 0
2026-06-30 19:10:59.521 10 INFO neutron.db.ovn_revision_numbers_db [None req-8bdfde9f-5603-4ea4-be09-ed6fd9685afc ef979f9f229945448379ee724be317d1 961d3458cc1244d5a0325340e06ef365 - - default default] Successfully bumped revision number for resource 2913526d-a991-4c6a-abe1-870c614369a0 (type: security_group_rules) to 0
2026-06-30 19:10:59.523 9 INFO neutron.db.ovn_revision_numbers_db [None req-1b353973-24ff-4205-b31e-fae40009e1cb ef979f9f229945448379ee724be317d1 961d3458cc1244d5a0325340e06ef365 - - default default] Successfully bumped revision number for resource fda7cb1b-903e-4c2b-bf58-222f6542028e (type: security_group_rules) to 0
2026-06-30 19:10:59.546 10 INFO neutron.db.ovn_revision_numbers_db [None req-8bdfde9f-5603-4ea4-be09-ed6fd9685afc ef979f9f229945448379ee724be317d1 961d3458cc1244d5a0325340e06ef365 - - default default] Successfully bumped revision number for resource e7072aef-c7df-4c14-8529-4c452767950f (type: security_group_rules) to 0
2026-06-30 19:10:59.594 9 INFO neutron.db.segments_db [None req-1b353973-24ff-4205-b31e-fae40009e1cb ef979f9f229945448379ee724be317d1 961d3458cc1244d5a0325340e06ef365 - - default default] Added segment 60fca1d1-b17d-4303-aa18-9072d5c3f7b9 of type geneve for network 67266c14-b07a-45a3-aed9-d809e52af6c7
2026-06-30 19:10:59.616 10 INFO neutron.db.segments_db [None req-8bdfde9f-5603-4ea4-be09-ed6fd9685afc ef979f9f229945448379ee724be317d1 961d3458cc1244d5a0325340e06ef365 - - default default] Added segment 44604522-a4b3-47b9-8592-a6e6e4f971a5 of type geneve for network 7a8c7507-059e-470d-8657-25122c46bf0e
2026-06-30 19:10:59.766 10 INFO neutron.db.ovn_revision_numbers_db [None req-8bdfde9f-5603-4ea4-be09-ed6fd9685afc ef979f9f229945448379ee724be317d1 961d3458cc1244d5a0325340e06ef365 - - default default] Successfully bumped revision number for resource 7a8c7507-059e-470d-8657-25122c46bf0e (type: networks) to 1
2026-06-30 19:10:59.766 9 INFO neutron.db.ovn_revision_numbers_db [None req-1b353973-24ff-4205-b31e-fae40009e1cb ef979f9f229945448379ee724be317d1 961d3458cc1244d5a0325340e06ef365 - - default default] Successfully bumped revision number for resource 67266c14-b07a-45a3-aed9-d809e52af6c7 (type: networks) to 1
2026-06-30 19:10:59.936 10 WARNING neutron.scheduler.dhcp_agent_scheduler [None req-8bdfde9f-5603-4ea4-be09-ed6fd9685afc ef979f9f229945448379ee724be317d1 961d3458cc1244d5a0325340e06ef365 - - default default] No more DHCP agents
2026-06-30 19:10:59.938 10 WARNING neutron.api.rpc.agentnotifiers.dhcp_rpc_agent_api [None req-8bdfde9f-5603-4ea4-be09-ed6fd9685afc ef979f9f229945448379ee724be317d1 961d3458cc1244d5a0325340e06ef365 - - default default] Unable to schedule network 7a8c7507-059e-470d-8657-25122c46bf0e: no agents available; will retry on subsequent port and subnet creation events.
2026-06-30 19:10:59.967 9 WARNING neutron.scheduler.dhcp_agent_scheduler [None req-1b353973-24ff-4205-b31e-fae40009e1cb ef979f9f229945448379ee724be317d1 961d3458cc1244d5a0325340e06ef365 - - default default] No more DHCP agents
2026-06-30 19:10:59.969 9 WARNING neutron.api.rpc.agentnotifiers.dhcp_rpc_agent_api [None req-1b353973-24ff-4205-b31e-fae40009e1cb ef979f9f229945448379ee724be317d1 961d3458cc1244d5a0325340e06ef365 - - default default] Unable to schedule network 67266c14-b07a-45a3-aed9-d809e52af6c7: no agents available; will retry on subsequent port and subnet creation events.
2026-06-30 19:11:00.025 10 INFO neutron.db.ovn_revision_numbers_db [None req-8bdfde9f-5603-4ea4-be09-ed6fd9685afc ef979f9f229945448379ee724be317d1 961d3458cc1244d5a0325340e06ef365 - - default default] Successfully bumped revision number for resource 4d9a9336-c7bd-4604-b472-fd05debccd75 (type: ports) to 1
2026-06-30 19:11:00.047 10 INFO neutron.wsgi [None req-8bdfde9f-5603-4ea4-be09-ed6fd9685afc ef979f9f229945448379ee724be317d1 961d3458cc1244d5a0325340e06ef365 - - default default] 10.0.0.91 "POST /v2.0/networks HTTP/1.1" status: 201 len: 947 time: 0.7920325
2026-06-30 19:11:00.053 9 INFO neutron.db.ovn_revision_numbers_db [None req-1b353973-24ff-4205-b31e-fae40009e1cb ef979f9f229945448379ee724be317d1 961d3458cc1244d5a0325340e06ef365 - - default default] Successfully bumped revision number for resource b0d05ed8-e5a4-49fd-a8ca-cacf9fa3db85 (type: ports) to 1
2026-06-30 19:11:00.079 9 INFO neutron.wsgi [None req-1b353973-24ff-4205-b31e-fae40009e1cb ef979f9f229945448379ee724be317d1 961d3458cc1244d5a0325340e06ef365 - - default default] 10.0.0.91 "POST /v2.0/networks HTTP/1.1" status: 201 len: 949 time: 0.9766781
2026-06-30 19:11:00.241 10 WARNING neutron.scheduler.dhcp_agent_scheduler [None req-bd87619f-894f-4f28-a2c3-05c00f308f01 ef979f9f229945448379ee724be317d1 961d3458cc1244d5a0325340e06ef365 - - default default] No more DHCP agents
2026-06-30 19:11:00.243 10 WARNING neutron.api.rpc.agentnotifiers.dhcp_rpc_agent_api [None req-bd87619f-894f-4f28-a2c3-05c00f308f01 ef979f9f229945448379ee724be317d1 961d3458cc1244d5a0325340e06ef365 - - default default] Unable to schedule network 7a8c7507-059e-470d-8657-25122c46bf0e: no agents available; will retry on subsequent port and subnet creation events.
2026-06-30 19:11:00.263 9 WARNING neutron.scheduler.dhcp_agent_scheduler [None req-5bd19890-342d-41b6-893a-b012de73044d ef979f9f229945448379ee724be317d1 961d3458cc1244d5a0325340e06ef365 - - default default] No more DHCP agents
2026-06-30 19:11:00.265 9 WARNING neutron.api.rpc.agentnotifiers.dhcp_rpc_agent_api [None req-5bd19890-342d-41b6-893a-b012de73044d ef979f9f229945448379ee724be317d1 961d3458cc1244d5a0325340e06ef365 - - default default] Unable to schedule network 67266c14-b07a-45a3-aed9-d809e52af6c7: no agents available; will retry on subsequent port and subnet creation events.
2026-06-30 19:11:00.301 9 INFO neutron.wsgi [-] 10.0.0.96 "GET / HTTP/1.1" status: 200 len: 247 time: 0.0016966
2026-06-30 19:11:00.301 10 INFO neutron.wsgi [-] 10.0.0.96 "GET / HTTP/1.1" status: 200 len: 247 time: 0.0015464
2026-06-30 19:11:00.661 9 INFO neutron.db.ovn_revision_numbers_db [None req-8be85e07-6536-4f3a-9420-8a2248457970 ef979f9f229945448379ee724be317d1 961d3458cc1244d5a0325340e06ef365 - - default default] Successfully bumped revision number for resource d1b2655b-f263-4c6d-b3eb-2152f05eb104 (type: security_groups) to 1
2026-06-30 19:11:00.682 9 INFO neutron.db.ovn_revision_numbers_db [None req-8be85e07-6536-4f3a-9420-8a2248457970 ef979f9f229945448379ee724be317d1 961d3458cc1244d5a0325340e06ef365 - - default default] Successfully bumped revision number for resource 1d6c5a98-b84a-4cd2-9145-fca5c891a662 (type: security_group_rules) to 0
2026-06-30 19:11:00.708 9 INFO neutron.db.ovn_revision_numbers_db [None req-8be85e07-6536-4f3a-9420-8a2248457970 ef979f9f229945448379ee724be317d1 961d3458cc1244d5a0325340e06ef365 - - default default] Successfully bumped revision number for resource 476c6e47-54c0-4e66-9df4-2d5d99497620 (type: security_group_rules) to 0
2026-06-30 19:11:00.734 9 INFO neutron.db.ovn_revision_numbers_db [None req-8be85e07-6536-4f3a-9420-8a2248457970 ef979f9f229945448379ee724be317d1 961d3458cc1244d5a0325340e06ef365 - - default default] Successfully bumped revision number for resource 6e20e34b-fdb7-4dd2-b753-ad770ac91f08 (type: security_group_rules) to 0
2026-06-30 19:11:00.752 9 INFO neutron.db.ovn_revision_numbers_db [None req-8be85e07-6536-4f3a-9420-8a2248457970 ef979f9f229945448379ee724be317d1 961d3458cc1244d5a0325340e06ef365 - - default default] Successfully bumped revision number for resource db843b02-763a-4cb9-8de0-d3db37c470a3 (type: security_group_rules) to 0
2026-06-30 19:11:00.782 9 INFO neutron.wsgi [None req-8be85e07-6536-4f3a-9420-8a2248457970 ef979f9f229945448379ee724be317d1 961d3458cc1244d5a0325340e06ef365 - - default default] 10.0.0.91 "GET /v2.0/security-groups?tenant_id=f549326c78354eab98006b59d05a4cca&name=default HTTP/1.1" status: 200 len: 3116 time: 0.6018615
2026-06-30 19:11:00.911 10 INFO neutron.db.ovn_revision_numbers_db [None req-0fbd6145-a533-4fa8-9d04-50e9bb6ec03d ef979f9f229945448379ee724be317d1 961d3458cc1244d5a0325340e06ef365 - - default default] Successfully bumped revision number for resource 35e388a8-b973-423e-8ba2-741535a1a8d1 (type: security_groups) to 1
2026-06-30 19:11:00.924 10 INFO neutron.db.ovn_revision_numbers_db [None req-bd87619f-894f-4f28-a2c3-05c00f308f01 ef979f9f229945448379ee724be317d1 961d3458cc1244d5a0325340e06ef365 - - default default] Successfully bumped revision number for resource 4d9a9336-c7bd-4604-b472-fd05debccd75 (type: ports) to 2
2026-06-30 19:11:00.926 10 INFO neutron.db.ovn_revision_numbers_db [None req-0fbd6145-a533-4fa8-9d04-50e9bb6ec03d ef979f9f229945448379ee724be317d1 961d3458cc1244d5a0325340e06ef365 - - default default] Successfully bumped revision number for resource 295d48b4-ccea-4d23-87e4-68921be28a47 (type: security_group_rules) to 0
2026-06-30 19:11:00.947 10 INFO neutron.db.ovn_revision_numbers_db [None req-0fbd6145-a533-4fa8-9d04-50e9bb6ec03d ef979f9f229945448379ee724be317d1 961d3458cc1244d5a0325340e06ef365 - - default default] Successfully bumped revision number for resource 2fb9ba09-3d73-4077-a60d-e598ea99361b (type: security_group_rules) to 0
2026-06-30 19:11:00.961 10 INFO neutron.db.ovn_revision_numbers_db [None req-bd87619f-894f-4f28-a2c3-05c00f308f01 ef979f9f229945448379ee724be317d1 961d3458cc1244d5a0325340e06ef365 - - default default] Successfully bumped revision number for resource 9026ee2f-78ad-4aa3-8c3e-14bf0829f625 (type: subnets) to 0
2026-06-30 19:11:00.963 9 INFO neutron.db.ovn_revision_numbers_db [None req-5bd19890-342d-41b6-893a-b012de73044d ef979f9f229945448379ee724be317d1 961d3458cc1244d5a0325340e06ef365 - - default default] Successfully bumped revision number for resource b0d05ed8-e5a4-49fd-a8ca-cacf9fa3db85 (type: ports) to 2
2026-06-30 19:11:00.966 10 INFO neutron.db.ovn_revision_numbers_db [None req-0fbd6145-a533-4fa8-9d04-50e9bb6ec03d ef979f9f229945448379ee724be317d1 961d3458cc1244d5a0325340e06ef365 - - default default] Successfully bumped revision number for resource c823fef8-ecf3-426b-9786-81f3acad538d (type: security_group_rules) to 0
2026-06-30 19:11:00.977 10 INFO neutron.wsgi [None req-bd87619f-894f-4f28-a2c3-05c00f308f01 ef979f9f229945448379ee724be317d1 961d3458cc1244d5a0325340e06ef365 - - default default] 10.0.0.91 "POST /v2.0/subnets HTTP/1.1" status: 201 len: 867 time: 0.9246886
2026-06-30 19:11:00.990 10 INFO neutron.db.ovn_revision_numbers_db [None req-0fbd6145-a533-4fa8-9d04-50e9bb6ec03d ef979f9f229945448379ee724be317d1 961d3458cc1244d5a0325340e06ef365 - - default default] Successfully bumped revision number for resource d781c6b0-c9d2-426c-9097-09c579eb2d2e (type: security_group_rules) to 0
2026-06-30 19:11:01.013 9 INFO neutron.db.ovn_revision_numbers_db [None req-5bd19890-342d-41b6-893a-b012de73044d ef979f9f229945448379ee724be317d1 961d3458cc1244d5a0325340e06ef365 - - default default] Successfully bumped revision number for resource a366cead-4872-4d2c-899a-9f4a248941af (type: subnets) to 0
2026-06-30 19:11:01.024 10 INFO neutron.wsgi [None req-0fbd6145-a533-4fa8-9d04-50e9bb6ec03d ef979f9f229945448379ee724be317d1 961d3458cc1244d5a0325340e06ef365 - - default default] 10.0.0.91 "GET /v2.0/security-groups?tenant_id=25c7189f4e3d4916a4ad785d86d5aaac&name=default HTTP/1.1" status: 200 len: 3116 time: 0.4293427
2026-06-30 19:11:01.033 9 INFO neutron.wsgi [None req-5bd19890-342d-41b6-893a-b012de73044d ef979f9f229945448379ee724be317d1 961d3458cc1244d5a0325340e06ef365 - - default default] 10.0.0.91 "POST /v2.0/subnets HTTP/1.1" status: 201 len: 869 time: 0.9496140
2026-06-30 19:11:01.098 9 INFO neutron.wsgi [None req-fc12ea6c-1f06-40d5-839a-d40fde0bcc1b ef979f9f229945448379ee724be317d1 961d3458cc1244d5a0325340e06ef365 - - default default] 10.0.0.91 "DELETE /v2.0/security-groups/d1b2655b-f263-4c6d-b3eb-2152f05eb104 HTTP/1.1" status: 204 len: 168 time: 0.3106694
2026-06-30 19:11:01.467 10 INFO neutron.wsgi [None req-b781528c-79c4-496b-b268-7e9816d124c1 ef979f9f229945448379ee724be317d1 961d3458cc1244d5a0325340e06ef365 - - default default] 10.0.0.91 "DELETE /v2.0/security-groups/35e388a8-b973-423e-8ba2-741535a1a8d1 HTTP/1.1" status: 204 len: 168 time: 0.4337192
2026-06-30 19:11:01.650 9 WARNING neutron.scheduler.dhcp_agent_scheduler [None req-2bb588cb-6356-4508-956e-227472e41501 ef979f9f229945448379ee724be317d1 961d3458cc1244d5a0325340e06ef365 - - default default] No more DHCP agents
2026-06-30 19:11:01.651 9 WARNING neutron.api.rpc.agentnotifiers.dhcp_rpc_agent_api [None req-2bb588cb-6356-4508-956e-227472e41501 ef979f9f229945448379ee724be317d1 961d3458cc1244d5a0325340e06ef365 - - default default] Unable to schedule network 2ce4b973-0e98-4eb1-bf26-a3b2771ccebd: no agents available; will retry on subsequent port and subnet creation events.
2026-06-30 19:11:01.652 10 WARNING neutron.scheduler.dhcp_agent_scheduler [None req-b339bfca-59dc-429b-afe3-e7cf3034b97f ef979f9f229945448379ee724be317d1 961d3458cc1244d5a0325340e06ef365 - - default default] No more DHCP agents
2026-06-30 19:11:01.653 10 WARNING neutron.api.rpc.agentnotifiers.dhcp_rpc_agent_api [None req-b339bfca-59dc-429b-afe3-e7cf3034b97f ef979f9f229945448379ee724be317d1 961d3458cc1244d5a0325340e06ef365 - - default default] Unable to schedule network 2ce4b973-0e98-4eb1-bf26-a3b2771ccebd: no agents available; will retry on subsequent port and subnet creation events.
2026-06-30 19:11:01.769 10 INFO neutron.db.ovn_revision_numbers_db [None req-b339bfca-59dc-429b-afe3-e7cf3034b97f ef979f9f229945448379ee724be317d1 961d3458cc1244d5a0325340e06ef365 - - default default] Successfully bumped revision number for resource 0447d9ee-647d-428c-872d-e7b5770c8021 (type: ports) to 1
2026-06-30 19:11:01.833 9 INFO neutron.db.ovn_revision_numbers_db [None req-2bb588cb-6356-4508-956e-227472e41501 ef979f9f229945448379ee724be317d1 961d3458cc1244d5a0325340e06ef365 - - default default] Successfully bumped revision number for resource 2ac5f817-7cd0-4ce4-bd9f-b4ed0081ed4d (type: ports) to 1
2026-06-30 19:11:02.156 9 INFO neutron.plugins.ml2.drivers.ovn.mech_driver.ovsdb.extensions.qos [None req-2bb588cb-6356-4508-956e-227472e41501 ef979f9f229945448379ee724be317d1 961d3458cc1244d5a0325340e06ef365 - - default default] Starting OVNClientQosExtension
2026-06-30 19:11:02.213 10 INFO neutron.plugins.ml2.drivers.ovn.mech_driver.ovsdb.extensions.qos [None req-b339bfca-59dc-429b-afe3-e7cf3034b97f ef979f9f229945448379ee724be317d1 961d3458cc1244d5a0325340e06ef365 - - default default] Starting OVNClientQosExtension
2026-06-30 19:11:02.540 9 INFO neutron.plugins.ml2.drivers.ovn.mech_driver.ovsdb.commands [None req-ae05a08c-9445-4eb2-8314-492c230be400 - - - - - -] Schedule LRP lrp-2ac5f817-7cd0-4ce4-bd9f-b4ed0081ed4d on gateway 1216dddc-4e26-4a9d-9894-506659a4bf0c with priority 1
2026-06-30 19:11:02.570 10 INFO neutron.plugins.ml2.drivers.ovn.mech_driver.mech_driver [-] OVN reports status up for port: 2ac5f817-7cd0-4ce4-bd9f-b4ed0081ed4d
2026-06-30 19:11:02.586 10 INFO neutron.plugins.ml2.drivers.ovn.mech_driver.ovsdb.ovsdb_monitor [-] Router b0e18c92-55f2-4612-87c0-bc104aefdc72 is bound to host instance
2026-06-30 19:11:02.588 9 INFO neutron.db.ovn_revision_numbers_db [None req-2bb588cb-6356-4508-956e-227472e41501 ef979f9f229945448379ee724be317d1 961d3458cc1244d5a0325340e06ef365 - - default default] Successfully bumped revision number for resource 2ac5f817-7cd0-4ce4-bd9f-b4ed0081ed4d (type: router_ports) to 1
2026-06-30 19:11:02.589 10 INFO neutron.plugins.ml2.plugin [None req-a6ff4054-4c4e-4687-84ca-143e5307079f - - - - - -] Attempt 1 to provision port 2ac5f817-7cd0-4ce4-bd9f-b4ed0081ed4d
2026-06-30 19:11:02.677 10 INFO neutron.plugins.ml2.drivers.ovn.mech_driver.ovsdb.commands [None req-c3c3cbba-b555-4f71-8e6a-2babebc29b35 - - - - - -] Schedule LRP lrp-0447d9ee-647d-428c-872d-e7b5770c8021 on gateway 1216dddc-4e26-4a9d-9894-506659a4bf0c with priority 1
2026-06-30 19:11:02.686 9 INFO neutron.plugins.ml2.drivers.ovn.mech_driver.mech_driver [None req-82e30c96-36d2-4c62-8f9d-91015b037f83 - - - - - -] OVN reports status up for port: 0447d9ee-647d-428c-872d-e7b5770c8021
2026-06-30 19:11:02.695 9 INFO neutron.db.ovn_revision_numbers_db [None req-2bb588cb-6356-4508-956e-227472e41501 ef979f9f229945448379ee724be317d1 961d3458cc1244d5a0325340e06ef365 - - default default] Successfully bumped revision number for resource b0e18c92-55f2-4612-87c0-bc104aefdc72 (type: routers) to 2
2026-06-30 19:11:02.705 9 INFO neutron.plugins.ml2.drivers.ovn.mech_driver.ovsdb.ovsdb_monitor [-] Router 1358cdd5-a88b-4fff-ba98-a15257f328da is bound to host instance
2026-06-30 19:11:02.717 9 INFO neutron.plugins.ml2.plugin [None req-82e30c96-36d2-4c62-8f9d-91015b037f83 - - - - - -] Attempt 1 to provision port 0447d9ee-647d-428c-872d-e7b5770c8021
2026-06-30 19:11:02.742 10 INFO neutron.db.ovn_revision_numbers_db [None req-b339bfca-59dc-429b-afe3-e7cf3034b97f ef979f9f229945448379ee724be317d1 961d3458cc1244d5a0325340e06ef365 - - default default] Successfully bumped revision number for resource 0447d9ee-647d-428c-872d-e7b5770c8021 (type: router_ports) to 1
2026-06-30 19:11:02.744 9 INFO neutron.wsgi [None req-2bb588cb-6356-4508-956e-227472e41501 ef979f9f229945448379ee724be317d1 961d3458cc1244d5a0325340e06ef365 - - default default] 10.0.0.91 "POST /v2.0/routers HTTP/1.1" status: 201 len: 1171 time: 1.7068572
2026-06-30 19:11:02.997 10 INFO neutron.db.ovn_revision_numbers_db [None req-b339bfca-59dc-429b-afe3-e7cf3034b97f ef979f9f229945448379ee724be317d1 961d3458cc1244d5a0325340e06ef365 - - default default] Successfully bumped revision number for resource 1358cdd5-a88b-4fff-ba98-a15257f328da (type: routers) to 2
2026-06-30 19:11:03.040 10 INFO neutron.wsgi [None req-b339bfca-59dc-429b-afe3-e7cf3034b97f ef979f9f229945448379ee724be317d1 961d3458cc1244d5a0325340e06ef365 - - default default] 10.0.0.91 "POST /v2.0/routers HTTP/1.1" status: 201 len: 1169 time: 2.0562766
2026-06-30 19:11:03.487 9 INFO neutron.db.ovn_revision_numbers_db [None req-a5f8d9c4-0179-407d-ad49-c2b4bb6a8d2b - - - - - -] Successfully bumped revision number for resource 0447d9ee-647d-428c-872d-e7b5770c8021 (type: ports) to 1
2026-06-30 19:11:03.717 10 INFO neutron.db.ovn_revision_numbers_db [None req-ce1c5cec-f5c2-438a-8458-eca813769a39 ef979f9f229945448379ee724be317d1 961d3458cc1244d5a0325340e06ef365 - - default default] Successfully bumped revision number for resource 7ec9c379-96e9-42b3-ab91-e6eba5907630 (type: security_groups) to 1
2026-06-30 19:11:03.778 10 INFO neutron.db.ovn_revision_numbers_db [None req-ce1c5cec-f5c2-438a-8458-eca813769a39 ef979f9f229945448379ee724be317d1 961d3458cc1244d5a0325340e06ef365 - - default default] Successfully bumped revision number for resource 5e5d5943-a62f-46d6-96f8-514c35e3d3bc (type: security_group_rules) to 0
2026-06-30 19:11:03.822 10 INFO neutron.db.ovn_revision_numbers_db [None req-ce1c5cec-f5c2-438a-8458-eca813769a39 ef979f9f229945448379ee724be317d1 961d3458cc1244d5a0325340e06ef365 - - default default] Successfully bumped revision number for resource 72d7c7e7-a1b5-4447-b5bb-40353e524cff (type: security_group_rules) to 0
2026-06-30 19:11:03.865 10 INFO neutron.db.ovn_revision_numbers_db [None req-ce1c5cec-f5c2-438a-8458-eca813769a39 ef979f9f229945448379ee724be317d1 961d3458cc1244d5a0325340e06ef365 - - default default] Successfully bumped revision number for resource b92f34d9-9514-43af-bb61-c4491a1a24c2 (type: security_group_rules) to 0
2026-06-30 19:11:03.884 9 INFO neutron.db.ovn_revision_numbers_db [None req-a5f8d9c4-0179-407d-ad49-c2b4bb6a8d2b - - - - - -] Successfully bumped revision number for resource 0447d9ee-647d-428c-872d-e7b5770c8021 (type: router_ports) to 3
2026-06-30 19:11:03.901 10 INFO neutron.db.ovn_revision_numbers_db [None req-ce1c5cec-f5c2-438a-8458-eca813769a39 ef979f9f229945448379ee724be317d1 961d3458cc1244d5a0325340e06ef365 - - default default] Successfully bumped revision number for resource dd471f5d-7afc-4a1e-9f89-5cc1264391b2 (type: security_group_rules) to 0
2026-06-30 19:11:04.001 10 INFO neutron.db.segments_db [None req-ce1c5cec-f5c2-438a-8458-eca813769a39 ef979f9f229945448379ee724be317d1 961d3458cc1244d5a0325340e06ef365 - - default default] Added segment bd7b82f6-cd72-4828-a7cf-6b9baeb46567 of type geneve for network 8ffeb902-f61b-4f48-a570-c6bfd9e4adad
2026-06-30 19:11:04.093 9 INFO neutron.db.ovn_revision_numbers_db [None req-a5f8d9c4-0179-407d-ad49-c2b4bb6a8d2b - - - - - -] Successfully bumped revision number for resource 0447d9ee-647d-428c-872d-e7b5770c8021 (type: ports) to 2
2026-06-30 19:11:04.138 10 WARNING neutron.scheduler.dhcp_agent_scheduler [None req-4433a44b-1a0d-4a4f-b993-ff05fa42c515 ef979f9f229945448379ee724be317d1 961d3458cc1244d5a0325340e06ef365 - - default default] No more DHCP agents
2026-06-30 19:11:04.146 10 WARNING neutron.api.rpc.agentnotifiers.dhcp_rpc_agent_api [None req-4433a44b-1a0d-4a4f-b993-ff05fa42c515 ef979f9f229945448379ee724be317d1 961d3458cc1244d5a0325340e06ef365 - - default default] Unable to schedule network 67266c14-b07a-45a3-aed9-d809e52af6c7: no agents available; will retry on subsequent port and subnet creation events.
2026-06-30 19:11:04.226 10 WARNING neutron.scheduler.dhcp_agent_scheduler [None req-28b2c5ec-3c10-4fee-b4e0-24b4ef99d526 ef979f9f229945448379ee724be317d1 961d3458cc1244d5a0325340e06ef365 - - default default] No more DHCP agents
2026-06-30 19:11:04.239 10 WARNING neutron.api.rpc.agentnotifiers.dhcp_rpc_agent_api [None req-28b2c5ec-3c10-4fee-b4e0-24b4ef99d526 ef979f9f229945448379ee724be317d1 961d3458cc1244d5a0325340e06ef365 - - default default] Unable to schedule network 7a8c7507-059e-470d-8657-25122c46bf0e: no agents available; will retry on subsequent port and subnet creation events.
2026-06-30 19:11:04.240 10 INFO neutron.db.ovn_revision_numbers_db [None req-aaa94f13-b46f-4dd2-88b8-18011223298c - - - - - -] Successfully bumped revision number for resource 2ac5f817-7cd0-4ce4-bd9f-b4ed0081ed4d (type: ports) to 1
2026-06-30 19:11:04.336 10 INFO neutron.db.ovn_revision_numbers_db [None req-ce1c5cec-f5c2-438a-8458-eca813769a39 ef979f9f229945448379ee724be317d1 961d3458cc1244d5a0325340e06ef365 - - default default] Successfully bumped revision number for resource 8ffeb902-f61b-4f48-a570-c6bfd9e4adad (type: networks) to 1
2026-06-30 19:11:04.515 10 INFO neutron.db.ovn_revision_numbers_db [None req-4433a44b-1a0d-4a4f-b993-ff05fa42c515 ef979f9f229945448379ee724be317d1 961d3458cc1244d5a0325340e06ef365 - - default default] Successfully bumped revision number for resource 7424b9ea-efd2-44d9-959d-40d13af581a4 (type: ports) to 1
2026-06-30 19:11:04.525 9 INFO neutron.db.ovn_revision_numbers_db [None req-a5f8d9c4-0179-407d-ad49-c2b4bb6a8d2b - - - - - -] Successfully bumped revision number for resource 0447d9ee-647d-428c-872d-e7b5770c8021 (type: ports) to 4
2026-06-30 19:11:04.722 10 INFO neutron.db.ovn_revision_numbers_db [None req-28b2c5ec-3c10-4fee-b4e0-24b4ef99d526 ef979f9f229945448379ee724be317d1 961d3458cc1244d5a0325340e06ef365 - - default default] Successfully bumped revision number for resource e234ccb0-2498-4303-a58b-40cbf09a1215 (type: ports) to 1
2026-06-30 19:11:04.863 9 INFO neutron.db.ovn_revision_numbers_db [None req-a5f8d9c4-0179-407d-ad49-c2b4bb6a8d2b - - - - - -] Successfully bumped revision number for resource 0447d9ee-647d-428c-872d-e7b5770c8021 (type: router_ports) to 4
2026-06-30 19:11:04.891 10 WARNING neutron.scheduler.dhcp_agent_scheduler [None req-ce1c5cec-f5c2-438a-8458-eca813769a39 ef979f9f229945448379ee724be317d1 961d3458cc1244d5a0325340e06ef365 - - default default] No more DHCP agents
2026-06-30 19:11:04.897 10 WARNING neutron.api.rpc.agentnotifiers.dhcp_rpc_agent_api [None req-ce1c5cec-f5c2-438a-8458-eca813769a39 ef979f9f229945448379ee724be317d1 961d3458cc1244d5a0325340e06ef365 - - default default] Unable to schedule network 8ffeb902-f61b-4f48-a570-c6bfd9e4adad: no agents available; will retry on subsequent port and subnet creation events.
2026-06-30 19:11:05.087 10 INFO neutron.db.ovn_revision_numbers_db [None req-ce1c5cec-f5c2-438a-8458-eca813769a39 ef979f9f229945448379ee724be317d1 961d3458cc1244d5a0325340e06ef365 - - default default] Successfully bumped revision number for resource cadb05e3-83a5-4c6f-ab06-ea159b88ebb6 (type: ports) to 1
2026-06-30 19:11:05.136 10 INFO neutron.wsgi [None req-ce1c5cec-f5c2-438a-8458-eca813769a39 ef979f9f229945448379ee724be317d1 961d3458cc1244d5a0325340e06ef365 - - default default] 10.0.0.91 "POST /v2.0/networks HTTP/1.1" status: 201 len: 939 time: 2.2130983
2026-06-30 19:11:05.321 9 WARNING neutron.scheduler.dhcp_agent_scheduler [None req-d4eaa5e1-0003-493a-88ef-151a52f87cba ef979f9f229945448379ee724be317d1 961d3458cc1244d5a0325340e06ef365 - - default default] No more DHCP agents
2026-06-30 19:11:05.329 9 WARNING neutron.api.rpc.agentnotifiers.dhcp_rpc_agent_api [None req-d4eaa5e1-0003-493a-88ef-151a52f87cba ef979f9f229945448379ee724be317d1 961d3458cc1244d5a0325340e06ef365 - - default default] Unable to schedule network 8ffeb902-f61b-4f48-a570-c6bfd9e4adad: no agents available; will retry on subsequent port and subnet creation events.
2026-06-30 19:11:05.433 10 INFO neutron.db.ovn_revision_numbers_db [None req-aaa94f13-b46f-4dd2-88b8-18011223298c - - - - - -] Successfully bumped revision number for resource 2ac5f817-7cd0-4ce4-bd9f-b4ed0081ed4d (type: router_ports) to 3
2026-06-30 19:11:05.796 9 INFO neutron.db.ovn_revision_numbers_db [None req-d4eaa5e1-0003-493a-88ef-151a52f87cba ef979f9f229945448379ee724be317d1 961d3458cc1244d5a0325340e06ef365 - - default default] Successfully bumped revision number for resource cadb05e3-83a5-4c6f-ab06-ea159b88ebb6 (type: ports) to 2
2026-06-30 19:11:05.829 9 INFO neutron.db.ovn_revision_numbers_db [None req-d4eaa5e1-0003-493a-88ef-151a52f87cba ef979f9f229945448379ee724be317d1 961d3458cc1244d5a0325340e06ef365 - - default default] Successfully bumped revision number for resource 4a90da1d-cdd7-425b-956e-54795aef185c (type: subnets) to 0
2026-06-30 19:11:05.844 9 INFO neutron.wsgi [None req-d4eaa5e1-0003-493a-88ef-151a52f87cba ef979f9f229945448379ee724be317d1 961d3458cc1244d5a0325340e06ef365 - - default default] 10.0.0.91 "POST /v2.0/subnets HTTP/1.1" status: 201 len: 859 time: 0.7009151
2026-06-30 19:11:05.862 10 ERROR ovsdbapp.backend.ovs_idl.command [None req-4433a44b-1a0d-4a4f-b993-ff05fa42c515 ef979f9f229945448379ee724be317d1 961d3458cc1244d5a0325340e06ef365 - - default default] Error executing command (DbGetCommand): ovsdbapp.backend.ovs_idl.idlutils.RowNotFound: Cannot find Logical_Router_Port with name=lrp-7424b9ea-efd2-44d9-959d-40d13af581a4
2026-06-30 19:11:05.862 10 ERROR ovsdbapp.backend.ovs_idl.command
Traceback (most recent call last):
2026-06-30 19:11:05.862 10 ERROR ovsdbapp.backend.ovs_idl.command
File "/var/lib/openstack/lib/python3.10/site-packages/ovsdbapp/backend/ovs_idl/command.py", line 47, in execute
2026-06-30 19:11:05.862 10 ERROR ovsdbapp.backend.ovs_idl.command self.run_idl(None)
2026-06-30 19:11:05.862 10 ERROR ovsdbapp.backend.ovs_idl.command
File "/var/lib/openstack/lib/python3.10/site-packages/ovsdbapp/backend/ovs_idl/command.py", line 235, in run_idl
2026-06-30 19:11:05.862 10 ERROR ovsdbapp.backend.ovs_idl.command record = self.api.lookup(self.table, self.record)
2026-06-30 19:11:05.862 10 ERROR ovsdbapp.backend.ovs_idl.command
File "/var/lib/openstack/lib/python3.10/site-packages/ovsdbapp/backend/ovs_idl/__init__.py", line 184, in lookup
2026-06-30 19:11:05.862 10 ERROR ovsdbapp.backend.ovs_idl.command return self._lookup(table, record)
2026-06-30 19:11:05.862 10 ERROR ovsdbapp.backend.ovs_idl.command
File "/var/lib/openstack/lib/python3.10/site-packages/ovsdbapp/backend/ovs_idl/__init__.py", line 235, in _lookup
2026-06-30 19:11:05.862 10 ERROR ovsdbapp.backend.ovs_idl.command row = idlutils.row_by_value(self, rl.table, rl.column, record)
2026-06-30 19:11:05.862 10 ERROR ovsdbapp.backend.ovs_idl.command
File "/var/lib/openstack/lib/python3.10/site-packages/ovsdbapp/backend/ovs_idl/idlutils.py", line 114, in row_by_value
2026-06-30 19:11:05.862 10 ERROR ovsdbapp.backend.ovs_idl.command raise RowNotFound(table=table, col=column, match=match)
2026-06-30 19:11:05.862 10 ERROR ovsdbapp.backend.ovs_idl.command ovsdbapp.backend.ovs_idl.idlutils.RowNotFound: Cannot find Logical_Router_Port with name=lrp-7424b9ea-efd2-44d9-959d-40d13af581a4
2026-06-30 19:11:05.862 10 ERROR ovsdbapp.backend.ovs_idl.command 
2026-06-30 19:11:05.863 10 ERROR neutron_lib.callbacks.manager [None req-4433a44b-1a0d-4a4f-b993-ff05fa42c515 ef979f9f229945448379ee724be317d1 961d3458cc1244d5a0325340e06ef365 - - default default] Error during notification for neutron.services.ovn_l3.plugin.OVNL3RouterPlugin._port_update-8734692774630 port, after_update: ovsdbapp.backend.ovs_idl.idlutils.RowNotFound: Cannot find Logical_Router_Port with name=lrp-7424b9ea-efd2-44d9-959d-40d13af581a4
2026-06-30 19:11:05.863 10 ERROR neutron_lib.callbacks.manager
Traceback (most recent call last):
2026-06-30 19:11:05.863 10 ERROR neutron_lib.callbacks.manager
File "/var/lib/openstack/lib/python3.10/site-packages/neutron_lib/callbacks/manager.py", line 189, in _notify_loop
2026-06-30 19:11:05.863 10 ERROR neutron_lib.callbacks.manager callback.method(resource, event, trigger, payload=payload)
2026-06-30 19:11:05.863 10 ERROR neutron_lib.callbacks.manager
File "/var/lib/openstack/lib/python3.10/site-packages/neutron/services/ovn_l3/plugin.py", line 391, in _port_update
2026-06-30 19:11:05.863 10 ERROR neutron_lib.callbacks.manager l3plugin._ovn_client.update_router_port(context,
2026-06-30 19:11:05.863 10 ERROR neutron_lib.callbacks.manager
File "/var/lib/openstack/lib/python3.10/site-packages/neutron/plugins/ml2/drivers/ovn/mech_driver/ovsdb/ovn_client.py", line 1878, in update_router_port
2026-06-30 19:11:05.863 10 ERROR neutron_lib.callbacks.manager self._update_lrouter_port(context, port, if_exists=if_exists,
2026-06-30 19:11:05.863 10 ERROR neutron_lib.callbacks.manager
File "/var/lib/openstack/lib/python3.10/site-packages/neutron/plugins/ml2/drivers/ovn/mech_driver/ovsdb/ovn_client.py", line 1855, in _update_lrouter_port
2026-06-30 19:11:05.863 10 ERROR neutron_lib.callbacks.manager external_ids = self._nb_idl.db_get(
2026-06-30 19:11:05.863 10 ERROR neutron_lib.callbacks.manager
File "/var/lib/openstack/lib/python3.10/site-packages/ovsdbapp/backend/ovs_idl/command.py", line 47, in execute
2026-06-30 19:11:05.863 10 ERROR neutron_lib.callbacks.manager self.run_idl(None)
2026-06-30 19:11:05.863 10 ERROR neutron_lib.callbacks.manager
File "/var/lib/openstack/lib/python3.10/site-packages/ovsdbapp/backend/ovs_idl/command.py", line 235, in run_idl
2026-06-30 19:11:05.863 10 ERROR neutron_lib.callbacks.manager record = self.api.lookup(self.table, self.record)
2026-06-30 19:11:05.863 10 ERROR neutron_lib.callbacks.manager
File "/var/lib/openstack/lib/python3.10/site-packages/ovsdbapp/backend/ovs_idl/__init__.py", line 184, in lookup
2026-06-30 19:11:05.863 10 ERROR neutron_lib.callbacks.manager return self._lookup(table, record)
2026-06-30 19:11:05.863 10 ERROR neutron_lib.callbacks.manager
File "/var/lib/openstack/lib/python3.10/site-packages/ovsdbapp/backend/ovs_idl/__init__.py", line 235, in _lookup
2026-06-30 19:11:05.863 10 ERROR neutron_lib.callbacks.manager row = idlutils.row_by_value(self, rl.table, rl.column, record)
2026-06-30 19:11:05.863 10 ERROR neutron_lib.callbacks.manager
File "/var/lib/openstack/lib/python3.10/site-packages/ovsdbapp/backend/ovs_idl/idlutils.py", line 114, in row_by_value
2026-06-30 19:11:05.863 10 ERROR neutron_lib.callbacks.manager raise RowNotFound(table=table, col=column, match=match)
2026-06-30 19:11:05.863 10 ERROR neutron_lib.callbacks.manager ovsdbapp.backend.ovs_idl.idlutils.RowNotFound: Cannot find Logical_Router_Port with name=lrp-7424b9ea-efd2-44d9-959d-40d13af581a4
2026-06-30 19:11:05.863 10 ERROR neutron_lib.callbacks.manager 
2026-06-30 19:11:05.871 10 INFO neutron.db.ovn_revision_numbers_db [None req-aaa94f13-b46f-4dd2-88b8-18011223298c - - - - - -] Successfully bumped revision number for resource 2ac5f817-7cd0-4ce4-bd9f-b4ed0081ed4d (type: ports) to 2
2026-06-30 19:11:05.939 10 ERROR ovsdbapp.backend.ovs_idl.command [None req-28b2c5ec-3c10-4fee-b4e0-24b4ef99d526 ef979f9f229945448379ee724be317d1 961d3458cc1244d5a0325340e06ef365 - - default default] Error executing command (DbGetCommand): ovsdbapp.backend.ovs_idl.idlutils.RowNotFound: Cannot find Logical_Router_Port with name=lrp-e234ccb0-2498-4303-a58b-40cbf09a1215
2026-06-30 19:11:05.939 10 ERROR ovsdbapp.backend.ovs_idl.command
Traceback (most recent call last):
2026-06-30 19:11:05.939 10 ERROR ovsdbapp.backend.ovs_idl.command
File "/var/lib/openstack/lib/python3.10/site-packages/ovsdbapp/backend/ovs_idl/command.py", line 47, in execute
2026-06-30 19:11:05.939 10 ERROR ovsdbapp.backend.ovs_idl.command self.run_idl(None)
2026-06-30 19:11:05.939 10 ERROR ovsdbapp.backend.ovs_idl.command
File "/var/lib/openstack/lib/python3.10/site-packages/ovsdbapp/backend/ovs_idl/command.py", line 235, in run_idl
2026-06-30 19:11:05.939 10 ERROR ovsdbapp.backend.ovs_idl.command record = self.api.lookup(self.table, self.record)
2026-06-30 19:11:05.939 10 ERROR ovsdbapp.backend.ovs_idl.command
File "/var/lib/openstack/lib/python3.10/site-packages/ovsdbapp/backend/ovs_idl/__init__.py", line 184, in lookup
2026-06-30 19:11:05.939 10 ERROR ovsdbapp.backend.ovs_idl.command return self._lookup(table, record)
2026-06-30 19:11:05.939 10 ERROR ovsdbapp.backend.ovs_idl.command
File "/var/lib/openstack/lib/python3.10/site-packages/ovsdbapp/backend/ovs_idl/__init__.py", line 235, in _lookup
2026-06-30 19:11:05.939 10 ERROR ovsdbapp.backend.ovs_idl.command row = idlutils.row_by_value(self, rl.table, rl.column, record)
2026-06-30 19:11:05.939 10 ERROR ovsdbapp.backend.ovs_idl.command
File "/var/lib/openstack/lib/python3.10/site-packages/ovsdbapp/backend/ovs_idl/idlutils.py", line 114, in row_by_value
2026-06-30 19:11:05.939 10 ERROR ovsdbapp.backend.ovs_idl.command raise RowNotFound(table=table, col=column, match=match)
2026-06-30 19:11:05.939 10 ERROR ovsdbapp.backend.ovs_idl.command ovsdbapp.backend.ovs_idl.idlutils.RowNotFound: Cannot find Logical_Router_Port with name=lrp-e234ccb0-2498-4303-a58b-40cbf09a1215
2026-06-30 19:11:05.939 10 ERROR ovsdbapp.backend.ovs_idl.command 
2026-06-30 19:11:05.939 10 ERROR neutron_lib.callbacks.manager [None req-28b2c5ec-3c10-4fee-b4e0-24b4ef99d526 ef979f9f229945448379ee724be317d1 961d3458cc1244d5a0325340e06ef365 - - default default] Error during notification for neutron.services.ovn_l3.plugin.OVNL3RouterPlugin._port_update-8734692774630 port, after_update: ovsdbapp.backend.ovs_idl.idlutils.RowNotFound: Cannot find Logical_Router_Port with name=lrp-e234ccb0-2498-4303-a58b-40cbf09a1215
2026-06-30 19:11:05.939 10 ERROR neutron_lib.callbacks.manager
Traceback (most recent call last):
2026-06-30 19:11:05.939 10 ERROR neutron_lib.callbacks.manager
File "/var/lib/openstack/lib/python3.10/site-packages/neutron_lib/callbacks/manager.py", line 189, in _notify_loop
2026-06-30 19:11:05.939 10 ERROR neutron_lib.callbacks.manager callback.method(resource, event, trigger, payload=payload)
2026-06-30 19:11:05.939 10 ERROR neutron_lib.callbacks.manager
File "/var/lib/openstack/lib/python3.10/site-packages/neutron/services/ovn_l3/plugin.py", line 391, in _port_update
2026-06-30 19:11:05.939 10 ERROR neutron_lib.callbacks.manager l3plugin._ovn_client.update_router_port(context,
2026-06-30 19:11:05.939 10 ERROR neutron_lib.callbacks.manager
File "/var/lib/openstack/lib/python3.10/site-packages/neutron/plugins/ml2/drivers/ovn/mech_driver/ovsdb/ovn_client.py", line 1878, in update_router_port
2026-06-30 19:11:05.939 10 ERROR neutron_lib.callbacks.manager self._update_lrouter_port(context, port, if_exists=if_exists,
2026-06-30 19:11:05.939 10 ERROR neutron_lib.callbacks.manager
File "/var/lib/openstack/lib/python3.10/site-packages/neutron/plugins/ml2/drivers/ovn/mech_driver/ovsdb/ovn_client.py", line 1855, in _update_lrouter_port
2026-06-30 19:11:05.939 10 ERROR neutron_lib.callbacks.manager external_ids = self._nb_idl.db_get(
2026-06-30 19:11:05.939 10 ERROR neutron_lib.callbacks.manager
File "/var/lib/openstack/lib/python3.10/site-packages/ovsdbapp/backend/ovs_idl/command.py", line 47, in execute
2026-06-30 19:11:05.939 10 ERROR neutron_lib.callbacks.manager self.run_idl(None)
2026-06-30 19:11:05.939 10 ERROR neutron_lib.callbacks.manager
File "/var/lib/openstack/lib/python3.10/site-packages/ovsdbapp/backend/ovs_idl/command.py", line 235, in run_idl
2026-06-30 19:11:05.939 10 ERROR neutron_lib.callbacks.manager record = self.api.lookup(self.table, self.record)
2026-06-30 19:11:05.939 10 ERROR neutron_lib.callbacks.manager
File "/var/lib/openstack/lib/python3.10/site-packages/ovsdbapp/backend/ovs_idl/__init__.py", line 184, in lookup
2026-06-30 19:11:05.939 10 ERROR neutron_lib.callbacks.manager return self._lookup(table, record)
2026-06-30 19:11:05.939 10 ERROR neutron_lib.callbacks.manager
File "/var/lib/openstack/lib/python3.10/site-packages/ovsdbapp/backend/ovs_idl/__init__.py", line 235, in _lookup
2026-06-30 19:11:05.939 10 ERROR neutron_lib.callbacks.manager row = idlutils.row_by_value(self, rl.table, rl.column, record)
2026-06-30 19:11:05.939 10 ERROR neutron_lib.callbacks.manager
File "/var/lib/openstack/lib/python3.10/site-packages/ovsdbapp/backend/ovs_idl/idlutils.py", line 114, in row_by_value
2026-06-30 19:11:05.939 10 ERROR neutron_lib.callbacks.manager raise RowNotFound(table=table, col=column, match=match)
2026-06-30 19:11:05.939 10 ERROR neutron_lib.callbacks.manager ovsdbapp.backend.ovs_idl.idlutils.RowNotFound: Cannot find Logical_Router_Port with name=lrp-e234ccb0-2498-4303-a58b-40cbf09a1215
2026-06-30 19:11:05.939 10 ERROR neutron_lib.callbacks.manager 
2026-06-30 19:11:06.346 9 WARNING neutron.scheduler.dhcp_agent_scheduler [None req-a6790965-cf60-41af-8d18-c9ae24e5d8f1 ef979f9f229945448379ee724be317d1 961d3458cc1244d5a0325340e06ef365 - - default default] No more DHCP agents
2026-06-30 19:11:06.348 9 WARNING neutron.api.rpc.agentnotifiers.dhcp_rpc_agent_api [None req-a6790965-cf60-41af-8d18-c9ae24e5d8f1 ef979f9f229945448379ee724be317d1 961d3458cc1244d5a0325340e06ef365 - - default default] Unable to schedule network 2ce4b973-0e98-4eb1-bf26-a3b2771ccebd: no agents available; will retry on subsequent port and subnet creation events.
2026-06-30 19:11:06.361 9 INFO neutron.plugins.ml2.drivers.ovn.mech_driver.mech_driver [None req-82e30c96-36d2-4c62-8f9d-91015b037f83 - - - - - -] OVN reports status up for port: 7424b9ea-efd2-44d9-959d-40d13af581a4
2026-06-30 19:11:06.370 9 INFO neutron.plugins.ml2.plugin [None req-82e30c96-36d2-4c62-8f9d-91015b037f83 - - - - - -] Attempt 1 to provision port 7424b9ea-efd2-44d9-959d-40d13af581a4
2026-06-30 19:11:06.407 10 INFO neutron.db.ovn_revision_numbers_db [None req-4433a44b-1a0d-4a4f-b993-ff05fa42c515 ef979f9f229945448379ee724be317d1 961d3458cc1244d5a0325340e06ef365 - - default default] Successfully bumped revision number for resource 7424b9ea-efd2-44d9-959d-40d13af581a4 (type: ports) to 1
2026-06-30 19:11:06.429 10 INFO neutron.db.ovn_revision_numbers_db [None req-28b2c5ec-3c10-4fee-b4e0-24b4ef99d526 ef979f9f229945448379ee724be317d1 961d3458cc1244d5a0325340e06ef365 - - default default] Successfully bumped revision number for resource e234ccb0-2498-4303-a58b-40cbf09a1215 (type: ports) to 1
2026-06-30 19:11:06.515 9 INFO neutron.db.ovn_revision_numbers_db [None req-a6790965-cf60-41af-8d18-c9ae24e5d8f1 ef979f9f229945448379ee724be317d1 961d3458cc1244d5a0325340e06ef365 - - default default] Successfully bumped revision number for resource 6d0da8b1-7ad3-4414-8f92-c084ef9fd616 (type: ports) to 1
2026-06-30 19:11:06.542 10 WARNING neutron.scheduler.dhcp_agent_scheduler [None req-4433a44b-1a0d-4a4f-b993-ff05fa42c515 ef979f9f229945448379ee724be317d1 961d3458cc1244d5a0325340e06ef365 - - default default] No more DHCP agents
2026-06-30 19:11:06.547 10 WARNING neutron.api.rpc.agentnotifiers.dhcp_rpc_agent_api [None req-4433a44b-1a0d-4a4f-b993-ff05fa42c515 ef979f9f229945448379ee724be317d1 961d3458cc1244d5a0325340e06ef365 - - default default] Unable to schedule network 67266c14-b07a-45a3-aed9-d809e52af6c7: no agents available; will retry on subsequent port and subnet creation events.
2026-06-30 19:11:06.572 10 WARNING neutron.scheduler.dhcp_agent_scheduler [None req-28b2c5ec-3c10-4fee-b4e0-24b4ef99d526 ef979f9f229945448379ee724be317d1 961d3458cc1244d5a0325340e06ef365 - - default default] No more DHCP agents
2026-06-30 19:11:06.577 10 WARNING neutron.api.rpc.agentnotifiers.dhcp_rpc_agent_api [None req-28b2c5ec-3c10-4fee-b4e0-24b4ef99d526 ef979f9f229945448379ee724be317d1 961d3458cc1244d5a0325340e06ef365 - - default default] Unable to schedule network 7a8c7507-059e-470d-8657-25122c46bf0e: no agents available; will retry on subsequent port and subnet creation events.
2026-06-30 19:11:06.693 10 INFO neutron.db.ovn_revision_numbers_db [None req-aaa94f13-b46f-4dd2-88b8-18011223298c - - - - - -] Successfully bumped revision number for resource 2ac5f817-7cd0-4ce4-bd9f-b4ed0081ed4d (type: ports) to 4
2026-06-30 19:11:07.002 9 INFO neutron.db.ovn_revision_numbers_db [None req-82e30c96-36d2-4c62-8f9d-91015b037f83 - - - - - -] Successfully bumped revision number for resource 7424b9ea-efd2-44d9-959d-40d13af581a4 (type: ports) to 2
2026-06-30 19:11:07.138 9 ERROR ovsdbapp.backend.ovs_idl.command [None req-82e30c96-36d2-4c62-8f9d-91015b037f83 - - - - - -] Error executing command (DbGetCommand): ovsdbapp.backend.ovs_idl.idlutils.RowNotFound: Cannot find Logical_Router_Port with name=lrp-7424b9ea-efd2-44d9-959d-40d13af581a4
2026-06-30 19:11:07.138 9 ERROR ovsdbapp.backend.ovs_idl.command
Traceback (most recent call last):
2026-06-30 19:11:07.138 9 ERROR ovsdbapp.backend.ovs_idl.command
File "/var/lib/openstack/lib/python3.10/site-packages/ovsdbapp/backend/ovs_idl/command.py", line 47, in execute
2026-06-30 19:11:07.138 9 ERROR ovsdbapp.backend.ovs_idl.command self.run_idl(None)
2026-06-30 19:11:07.138 9 ERROR ovsdbapp.backend.ovs_idl.command
File "/var/lib/openstack/lib/python3.10/site-packages/ovsdbapp/backend/ovs_idl/command.py", line 235, in run_idl
2026-06-30 19:11:07.138 9 ERROR ovsdbapp.backend.ovs_idl.command record = self.api.lookup(self.table, self.record)
2026-06-30 19:11:07.138 9 ERROR ovsdbapp.backend.ovs_idl.command
File "/var/lib/openstack/lib/python3.10/site-packages/ovsdbapp/backend/ovs_idl/__init__.py", line 184, in lookup
2026-06-30 19:11:07.138 9 ERROR ovsdbapp.backend.ovs_idl.command return self._lookup(table, record)
2026-06-30 19:11:07.138 9 ERROR ovsdbapp.backend.ovs_idl.command
File "/var/lib/openstack/lib/python3.10/site-packages/ovsdbapp/backend/ovs_idl/__init__.py", line 235, in _lookup
2026-06-30 19:11:07.138 9 ERROR ovsdbapp.backend.ovs_idl.command row = idlutils.row_by_value(self, rl.table, rl.column, record)
2026-06-30 19:11:07.138 9 ERROR ovsdbapp.backend.ovs_idl.command
File "/var/lib/openstack/lib/python3.10/site-packages/ovsdbapp/backend/ovs_idl/idlutils.py", line 114, in row_by_value
2026-06-30 19:11:07.138 9 ERROR ovsdbapp.backend.ovs_idl.command raise RowNotFound(table=table, col=column, match=match)
2026-06-30 19:11:07.138 9 ERROR ovsdbapp.backend.ovs_idl.command ovsdbapp.backend.ovs_idl.idlutils.RowNotFound: Cannot find Logical_Router_Port with name=lrp-7424b9ea-efd2-44d9-959d-40d13af581a4
2026-06-30 19:11:07.138 9 ERROR ovsdbapp.backend.ovs_idl.command 
