2026-06-30 19:12:25.851 10 WARNING neutron_lib.context [None req-3ec939eb-e5e4-4511-8375-e4be62152401 bb4a47b1b9024c4da079ef93d1cde340 6822edf500114352ad5b69ab41ab9127 - - default default] Method 'is_advsvc' is deprecated since 2023.2 release (neutron-lib 3.8.0) and will be removed once support for the old RBAC API policies will be removed from Neutron. Please use method 'is_service_role' instead.
2026-06-30 19:12:26.028 10 INFO neutron.db.ovn_revision_numbers_db [None req-3ec939eb-e5e4-4511-8375-e4be62152401 bb4a47b1b9024c4da079ef93d1cde340 6822edf500114352ad5b69ab41ab9127 - - default default] Successfully bumped revision number for resource 5e051362-7994-4e14-a61a-ff722a0acb54 (type: security_group_rules) to 0
2026-06-30 19:12:26.041 9 INFO neutron.db.ovn_revision_numbers_db [None req-82e30c96-36d2-4c62-8f9d-91015b037f83 - - - - - -] Successfully bumped revision number for resource 8836c2f9-f78c-44d4-acee-212377bc23db (type: ports) to 4
2026-06-30 19:12:26.057 10 INFO neutron.wsgi [None req-3ec939eb-e5e4-4511-8375-e4be62152401 bb4a47b1b9024c4da079ef93d1cde340 6822edf500114352ad5b69ab41ab9127 - - default default] 10.0.0.91 "POST /v2.0/security-group-rules HTTP/1.1" status: 201 len: 796 time: 0.2165842
2026-06-30 19:12:26.068 10 WARNING neutron_lib.context [None req-0719edae-f561-496d-b9ee-cc26143324b3 bb4a47b1b9024c4da079ef93d1cde340 6822edf500114352ad5b69ab41ab9127 - - default default] Method 'is_advsvc' is deprecated since 2023.2 release (neutron-lib 3.8.0) and will be removed once support for the old RBAC API policies will be removed from Neutron. Please use method 'is_service_role' instead.
2026-06-30 19:12:26.144 9 INFO neutron.wsgi [None req-ad37964a-aa5b-471f-b4d5-9249efee13d2 ef979f9f229945448379ee724be317d1 961d3458cc1244d5a0325340e06ef365 - - default default] 10.0.0.91 "PUT /v2.0/routers/316ad6cc-6227-45be-a5ce-190632d4606c/remove_router_interface HTTP/1.1" status: 200 len: 503 time: 2.1896088 /var/lib/openstack/lib/python3.10/site-packages/pycadf/identifier.py:71: UserWarning: Invalid uuid: neutron. To ensure interoperability, identifiers should be a valid uuid. warnings.warn(('Invalid uuid: %s. To ensure interoperability, '
2026-06-30 19:12:26.220 10 INFO neutron.db.ovn_revision_numbers_db [None req-0719edae-f561-496d-b9ee-cc26143324b3 bb4a47b1b9024c4da079ef93d1cde340 6822edf500114352ad5b69ab41ab9127 - - default default] Successfully bumped revision number for resource f1fb8573-5d88-4451-a0ce-4f8496ba673e (type: security_group_rules) to 0
2026-06-30 19:12:26.252 10 INFO neutron.wsgi [None req-0719edae-f561-496d-b9ee-cc26143324b3 bb4a47b1b9024c4da079ef93d1cde340 6822edf500114352ad5b69ab41ab9127 - - default default] 10.0.0.91 "POST /v2.0/security-group-rules HTTP/1.1" status: 201 len: 801 time: 0.1895022
2026-06-30 19:12:26.264 10 WARNING neutron_lib.context [None req-d71d5a50-5231-4308-aa2b-38bd7e54539c bb4a47b1b9024c4da079ef93d1cde340 6822edf500114352ad5b69ab41ab9127 - - default default] Method 'is_advsvc' is deprecated since 2023.2 release (neutron-lib 3.8.0) and will be removed once support for the old RBAC API policies will be removed from Neutron. Please use method 'is_service_role' instead.
2026-06-30 19:12:26.518 10 WARNING neutron.scheduler.dhcp_agent_scheduler [None req-d71d5a50-5231-4308-aa2b-38bd7e54539c bb4a47b1b9024c4da079ef93d1cde340 6822edf500114352ad5b69ab41ab9127 - - default default] No more DHCP agents
2026-06-30 19:12:26.519 10 WARNING neutron.api.rpc.agentnotifiers.dhcp_rpc_agent_api [None req-d71d5a50-5231-4308-aa2b-38bd7e54539c bb4a47b1b9024c4da079ef93d1cde340 6822edf500114352ad5b69ab41ab9127 - - default default] Unable to schedule network 2ce4b973-0e98-4eb1-bf26-a3b2771ccebd: no agents available; will retry on subsequent port and subnet creation events.
2026-06-30 19:12:26.531 9 INFO neutron.notifiers.nova [-] Nova event matching ['req-91c9632b-2488-46bf-a6c2-da57d4085e91'] response: {'server_uuid': '9dcbc7a8-e58c-48c5-a031-65e02b150d1d', 'name': 'network-vif-plugged', 'status': 'completed', 'tag': '8836c2f9-f78c-44d4-acee-212377bc23db', 'code': 200}
2026-06-30 19:12:26.532 9 INFO neutron.notifiers.nova [-] Nova event matching ['req-91c9632b-2488-46bf-a6c2-da57d4085e91'] response: {'server_uuid': '9dcbc7a8-e58c-48c5-a031-65e02b150d1d', 'name': 'network-vif-plugged', 'status': 'completed', 'tag': '8836c2f9-f78c-44d4-acee-212377bc23db', 'code': 200}
2026-06-30 19:12:26.726 10 WARNING neutron.plugins.ml2.drivers.ovn.mech_driver.ovsdb.ovn_client [None req-a6ff4054-4c4e-4687-84ca-143e5307079f - - - - - -] No hosting information found for port fb1fd651-dccb-4afe-a531-dd03723d1df3: RuntimeError: No hosting information found for port fb1fd651-dccb-4afe-a531-dd03723d1df3
2026-06-30 19:12:26.726 10 INFO neutron.plugins.ml2.drivers.ovn.mech_driver.mech_driver [None req-a6ff4054-4c4e-4687-84ca-143e5307079f - - - - - -] OVN reports status up for port: 70e3d625-9273-47be-b58e-a8eda6b80305
2026-06-30 19:12:26.761 10 INFO neutron.plugins.ml2.drivers.ovn.mech_driver.mech_driver [None req-a6ff4054-4c4e-4687-84ca-143e5307079f - - - - - -] OVN reports status up for port: d66c726e-7beb-4060-93ba-e42fe888b883
2026-06-30 19:12:26.791 10 INFO neutron.plugins.ml2.plugin [None req-a6ff4054-4c4e-4687-84ca-143e5307079f - - - - - -] Attempt 1 to provision port d66c726e-7beb-4060-93ba-e42fe888b883
2026-06-30 19:12:26.845 10 INFO neutron.wsgi [req-e6701649-e37a-4b6d-afc9-fe6142fa771f req-ae83ad8b-9d0f-43d2-881b-9fbf8dc2705f 696399c7a56943cda493df73ced21907 ad91521be65845eab6b1082a6e5b745a - - default default] 10.0.0.149 "GET /v2.0/ports?device_id=9dcbc7a8-e58c-48c5-a031-65e02b150d1d HTTP/1.1" status: 200 len: 1174 time: 0.1590257
2026-06-30 19:12:26.963 10 INFO neutron.wsgi [req-e6701649-e37a-4b6d-afc9-fe6142fa771f req-fcd66e76-a432-4d9c-9a7f-05670d6a1a75 696399c7a56943cda493df73ced21907 ad91521be65845eab6b1082a6e5b745a - - default default] 10.0.0.149 "GET /v2.0/security-groups?id=83fcdb2f-e7bc-4237-8525-86fcf077a81d&fields=id&fields=name HTTP/1.1" status: 200 len: 312 time: 0.1083508
2026-06-30 19:12:26.978 10 INFO neutron.plugins.ml2.drivers.ovn.mech_driver.mech_driver [None req-a6ff4054-4c4e-4687-84ca-143e5307079f - - - - - -] OVN reports status up for port: 79164a6b-abb6-4e32-bf63-eaf28dbee54f
2026-06-30 19:12:26.985 10 INFO neutron.plugins.ml2.plugin [None req-a6ff4054-4c4e-4687-84ca-143e5307079f - - - - - -] Attempt 1 to provision port 79164a6b-abb6-4e32-bf63-eaf28dbee54f
2026-06-30 19:12:27.010 10 INFO neutron.wsgi [None req-d71d5a50-5231-4308-aa2b-38bd7e54539c bb4a47b1b9024c4da079ef93d1cde340 6822edf500114352ad5b69ab41ab9127 - - default default] 10.0.0.91 "POST /v2.0/floatingips HTTP/1.1" status: 201 len: 751 time: 0.7520773
2026-06-30 19:12:27.137 10 WARNING neutron_lib.context [None req-858c7964-96c9-4ef9-b061-e0d93f40ce91 5a7261e96dbc41fcb9d84bb9af180bcc 51b6c7546f18402f9686fc81009d0d44 - - default default] Method 'is_advsvc' is deprecated since 2023.2 release (neutron-lib 3.8.0) and will be removed once support for the old RBAC API policies will be removed from Neutron. Please use method 'is_service_role' instead.
2026-06-30 19:12:27.209 10 INFO neutron.wsgi [req-fe3415d7-eb1c-407b-ab0f-3a028c6a0955 req-12bbf219-e555-42eb-82f8-7f2b7de81082 bb4a47b1b9024c4da079ef93d1cde340 6822edf500114352ad5b69ab41ab9127 - - default default] 10.0.0.149 "GET /v2.0/security-groups?name=tempest-securitygroup--1012165770&fields=id&tenant_id=6822edf500114352ad5b69ab41ab9127 HTTP/1.1" status: 200 len: 267 time: 0.0830142
2026-06-30 19:12:27.270 10 INFO neutron.wsgi [None req-858c7964-96c9-4ef9-b061-e0d93f40ce91 5a7261e96dbc41fcb9d84bb9af180bcc 51b6c7546f18402f9686fc81009d0d44 - - default default] 10.0.0.91 "POST /v2.0/subnetpools HTTP/1.1" status: 201 len: 747 time: 0.3164318
2026-06-30 19:12:27.307 10 INFO neutron.wsgi [req-fe3415d7-eb1c-407b-ab0f-3a028c6a0955 req-0a6bbb2c-324a-4a71-9245-34e2a1ab6507 bb4a47b1b9024c4da079ef93d1cde340 6822edf500114352ad5b69ab41ab9127 - - default default] 10.0.0.149 "GET /v2.0/security-groups?name=tempest-secgroup-smoke-1289253777&fields=id&tenant_id=6822edf500114352ad5b69ab41ab9127 HTTP/1.1" status: 200 len: 267 time: 0.0854867
2026-06-30 19:12:27.312 10 INFO neutron.wsgi [None req-73ab8f98-b156-4987-ab2c-b1f9e3fdb2fe 5a7261e96dbc41fcb9d84bb9af180bcc 51b6c7546f18402f9686fc81009d0d44 - - default default] 10.0.0.91 "GET /v2.0/subnetpools/95dec4f8-0ac6-49be-8c6b-1c79dc3d178e HTTP/1.1" status: 200 len: 742 time: 0.0358489
2026-06-30 19:12:27.365 9 INFO neutron.wsgi [None req-b5507f41-7212-49a6-89a2-89b6f9d25e30 ef979f9f229945448379ee724be317d1 961d3458cc1244d5a0325340e06ef365 - - default default] 10.0.0.91 "DELETE /v2.0/routers/316ad6cc-6227-45be-a5ce-190632d4606c HTTP/1.1" status: 204 len: 168 time: 1.2146771
2026-06-30 19:12:27.409 9 INFO neutron.wsgi [None req-1b50e93c-e93a-42ce-b4b1-c338eaa25f6f 5a7261e96dbc41fcb9d84bb9af180bcc 51b6c7546f18402f9686fc81009d0d44 - - default default] 10.0.0.91 "PUT /v2.0/subnetpools/95dec4f8-0ac6-49be-8c6b-1c79dc3d178e HTTP/1.1" status: 200 len: 695 time: 0.0909784
2026-06-30 19:12:27.422 10 INFO neutron.wsgi [req-fe3415d7-eb1c-407b-ab0f-3a028c6a0955 req-e8a72ec0-d5f9-4e35-bbfe-2558e111502e bb4a47b1b9024c4da079ef93d1cde340 6822edf500114352ad5b69ab41ab9127 - - default default] 10.0.0.149 "GET /v2.0/networks?id=7ea1e356-a332-4796-8558-47bcf1062075 HTTP/1.1" status: 200 len: 869 time: 0.1078336
2026-06-30 19:12:27.466 10 INFO neutron.wsgi [req-fe3415d7-eb1c-407b-ab0f-3a028c6a0955 req-ab50acda-c763-4d07-934e-943b33cafc1f bb4a47b1b9024c4da079ef93d1cde340 6822edf500114352ad5b69ab41ab9127 - - default default] 10.0.0.149 "GET /v2.0/quotas/6822edf500114352ad5b69ab41ab9127 HTTP/1.1" status: 200 len: 491 time: 0.0331674
2026-06-30 19:12:27.475 9 INFO neutron.wsgi [None req-7069d2a9-f7ed-4107-9eba-3f07cf800cd4 5a7261e96dbc41fcb9d84bb9af180bcc 51b6c7546f18402f9686fc81009d0d44 - - default default] 10.0.0.91 "DELETE /v2.0/subnetpools/95dec4f8-0ac6-49be-8c6b-1c79dc3d178e HTTP/1.1" status: 204 len: 168 time: 0.0618856
2026-06-30 19:12:27.490 9 INFO neutron.api.v2.resource [None req-d296687c-1c7d-454c-a597-d44335fb781e 5a7261e96dbc41fcb9d84bb9af180bcc 51b6c7546f18402f9686fc81009d0d44 - - default default] show failed (client error): The resource could not be found.
2026-06-30 19:12:27.491 9 INFO neutron.wsgi [None req-d296687c-1c7d-454c-a597-d44335fb781e 5a7261e96dbc41fcb9d84bb9af180bcc 51b6c7546f18402f9686fc81009d0d44 - - default default] 10.0.0.91 "GET /v2.0/subnetpools/95dec4f8-0ac6-49be-8c6b-1c79dc3d178e HTTP/1.1" status: 404 len: 346 time: 0.0119531
2026-06-30 19:12:27.513 9 INFO neutron.api.v2.resource [None req-81a7c14d-1a57-4574-8b3a-1391e1520b45 5a7261e96dbc41fcb9d84bb9af180bcc 51b6c7546f18402f9686fc81009d0d44 - - default default] delete failed (client error): The resource could not be found.
2026-06-30 19:12:27.515 9 INFO neutron.wsgi [None req-81a7c14d-1a57-4574-8b3a-1391e1520b45 5a7261e96dbc41fcb9d84bb9af180bcc 51b6c7546f18402f9686fc81009d0d44 - - default default] 10.0.0.91 "DELETE /v2.0/subnetpools/95dec4f8-0ac6-49be-8c6b-1c79dc3d178e HTTP/1.1" status: 404 len: 346 time: 0.0177433
2026-06-30 19:12:27.658 10 INFO neutron.wsgi [req-fe3415d7-eb1c-407b-ab0f-3a028c6a0955 req-d8d2a222-1287-43c3-9ba6-c1afffb63c3d bb4a47b1b9024c4da079ef93d1cde340 6822edf500114352ad5b69ab41ab9127 - - default default] 10.0.0.149 "GET /v2.0/ports?tenant_id=6822edf500114352ad5b69ab41ab9127&fields=id HTTP/1.1" status: 200 len: 302 time: 0.1807764
2026-06-30 19:12:27.730 10 INFO neutron.wsgi [None req-9632307e-6664-45b4-b004-0f4cbbd8627a ef979f9f229945448379ee724be317d1 961d3458cc1244d5a0325340e06ef365 - - default default] 10.0.0.91 "DELETE /v2.0/subnets/d2bc46cb-1fd1-4959-ae9b-f7028ec18401 HTTP/1.1" status: 204 len: 168 time: 0.3576245
2026-06-30 19:12:27.732 10 INFO neutron.db.ovn_revision_numbers_db [None req-a6ff4054-4c4e-4687-84ca-143e5307079f - - - - - -] Successfully bumped revision number for resource 79164a6b-abb6-4e32-bf63-eaf28dbee54f (type: ports) to 2
2026-06-30 19:12:27.782 10 INFO neutron.wsgi [req-fe3415d7-eb1c-407b-ab0f-3a028c6a0955 req-b532d172-bfe3-4bd6-b220-bed04cc21d0f 5236164aa587457e87252a81e1712d29 7de378ecd55648fbbf2180ea8f35c8e4 - - b7a65e3967cb45dbbcb89afd39f4f76c b7a65e3967cb45dbbcb89afd39f4f76c] 10.0.0.149 "GET /v2.0/networks/7ea1e356-a332-4796-8558-47bcf1062075?fields=segments HTTP/1.1" status: 200 len: 212 time: 0.1019778
2026-06-30 19:12:28.095 10 INFO neutron.wsgi [req-256c48c5-1252-4242-88a2-03db12d73af6 req-d1b028d5-20da-4cc2-83aa-2b7f5c9a6e63 696399c7a56943cda493df73ced21907 ad91521be65845eab6b1082a6e5b745a - - default default] 10.0.0.149 "GET /v2.0/ports?device_id=9dcbc7a8-e58c-48c5-a031-65e02b150d1d HTTP/1.1" status: 200 len: 1174 time: 0.0510662
2026-06-30 19:12:28.110 9 INFO neutron.services.segments.plugin [-] Segment cd1645b2-ee02-40bb-8c73-f60a63087a47 resource provider aggregate not found
2026-06-30 19:12:28.114 9 INFO neutron.services.segments.plugin [-] Segment cd1645b2-ee02-40bb-8c73-f60a63087a47 resource provider aggregate not found
2026-06-30 19:12:28.120 10 INFO neutron.wsgi [req-fe3415d7-eb1c-407b-ab0f-3a028c6a0955 req-df0df466-feb0-445a-8b59-30cdc6017335 5236164aa587457e87252a81e1712d29 7de378ecd55648fbbf2180ea8f35c8e4 - - b7a65e3967cb45dbbcb89afd39f4f76c b7a65e3967cb45dbbcb89afd39f4f76c] 10.0.0.149 "GET /v2.0/networks/7ea1e356-a332-4796-8558-47bcf1062075?fields=provider%3Aphysical_network&fields=provider%3Anetwork_type HTTP/1.1" status: 200 len: 277 time: 0.1263406
2026-06-30 19:12:28.122 9 INFO neutron.services.segments.plugin [-] Segment cd1645b2-ee02-40bb-8c73-f60a63087a47 resource provider not found; error: Placement Client Error (4xx): {"errors": [{"status": 404, "title": "Not Found", "detail": "The resource could not be found.\n\n No resource provider with uuid cd1645b2-ee02-40bb-8c73-f60a63087a47 found for delete ", "request_id": "req-195ae2e6-fc95-4fa1-a5cb-064db4eaa0dc"}]}
2026-06-30 19:12:28.129 9 INFO neutron.services.segments.plugin [-] Segment cd1645b2-ee02-40bb-8c73-f60a63087a47 resource provider not found; error: Placement Client Error (4xx): {"errors": [{"status": 404, "title": "Not Found", "detail": "The resource could not be found.\n\n No resource provider with uuid cd1645b2-ee02-40bb-8c73-f60a63087a47 found for delete ", "request_id": "req-bf039232-ebbe-4fad-9470-a7ac40d0ccaf"}]}
2026-06-30 19:12:28.147 10 INFO neutron.db.ovn_revision_numbers_db [None req-a6ff4054-4c4e-4687-84ca-143e5307079f - - - - - -] Successfully bumped revision number for resource 79164a6b-abb6-4e32-bf63-eaf28dbee54f (type: router_ports) to 2
2026-06-30 19:12:28.148 9 INFO neutron.wsgi [None req-9f2372c0-b42a-4d49-8204-c33af1156acd ef979f9f229945448379ee724be317d1 961d3458cc1244d5a0325340e06ef365 - - default default] 10.0.0.91 "DELETE /v2.0/networks/df0d82a6-7298-41c2-bbbb-0edf5f7b4fec HTTP/1.1" status: 204 len: 168 time: 0.4109435
2026-06-30 19:12:28.167 10 INFO neutron.wsgi [req-256c48c5-1252-4242-88a2-03db12d73af6 req-6a070b52-ca32-4548-bd2e-ab002d189018 696399c7a56943cda493df73ced21907 ad91521be65845eab6b1082a6e5b745a - - default default] 10.0.0.149 "GET /v2.0/security-groups?id=83fcdb2f-e7bc-4237-8525-86fcf077a81d&fields=id&fields=name HTTP/1.1" status: 200 len: 312 time: 0.0632403
2026-06-30 19:12:28.291 10 INFO neutron.wsgi [req-111c11cb-d52d-453c-82ae-598fca418a6f req-ed30cb70-65a6-4ef4-b6e1-a8043e96b9d7 696399c7a56943cda493df73ced21907 ad91521be65845eab6b1082a6e5b745a - - default default] 10.0.0.149 "GET /v2.0/ports?device_id=9dcbc7a8-e58c-48c5-a031-65e02b150d1d HTTP/1.1" status: 200 len: 1174 time: 0.0664740
2026-06-30 19:12:28.358 9 INFO neutron.wsgi [None req-beca4b82-1383-4181-be9b-bc5990ae0379 ef979f9f229945448379ee724be317d1 961d3458cc1244d5a0325340e06ef365 - - default default] 10.0.0.91 "GET /v2.0/security-groups?tenant_id=67bd572552434f169cbfac9db904f731&name=default HTTP/1.1" status: 200 len: 3120 time: 0.0507143
2026-06-30 19:12:28.361 10 INFO neutron.wsgi [req-0576af0c-a673-4af8-ab15-431c5598dc6b req-b2671fec-729e-4961-bcb9-45dc53f65d48 bb4a47b1b9024c4da079ef93d1cde340 6822edf500114352ad5b69ab41ab9127 - - default default] 10.0.0.149 "GET /v2.0/ports?device_id=e1e6a896-a519-4c54-b503-f2723777fe23 HTTP/1.1" status: 200 len: 210 time: 0.0381551
2026-06-30 19:12:28.493 10 INFO neutron.db.ovn_revision_numbers_db [None req-e6ecc57c-88f9-4050-950d-e3c6ff4127b6 ef979f9f229945448379ee724be317d1 961d3458cc1244d5a0325340e06ef365 - - default default] Successfully bumped revision number for resource ce0cb865-7528-471e-9a62-99ca8f12059d (type: security_groups) to 1
2026-06-30 19:12:28.542 10 INFO neutron.db.ovn_revision_numbers_db [None req-e6ecc57c-88f9-4050-950d-e3c6ff4127b6 ef979f9f229945448379ee724be317d1 961d3458cc1244d5a0325340e06ef365 - - default default] Successfully bumped revision number for resource 13aa37c5-6365-417f-90f1-fd955638e512 (type: security_group_rules) to 0
2026-06-30 19:12:28.580 10 INFO neutron.db.ovn_revision_numbers_db [None req-e6ecc57c-88f9-4050-950d-e3c6ff4127b6 ef979f9f229945448379ee724be317d1 961d3458cc1244d5a0325340e06ef365 - - default default] Successfully bumped revision number for resource 2c347458-a542-448f-bdfb-35d7797817c9 (type: security_group_rules) to 0
2026-06-30 19:12:28.612 10 INFO neutron.db.ovn_revision_numbers_db [None req-e6ecc57c-88f9-4050-950d-e3c6ff4127b6 ef979f9f229945448379ee724be317d1 961d3458cc1244d5a0325340e06ef365 - - default default] Successfully bumped revision number for resource 539118ce-42ab-4005-b2dd-48a8d620a8c8 (type: security_group_rules) to 0
2026-06-30 19:12:28.616 9 INFO neutron.wsgi [None req-6b9baf7d-9714-4abf-96a2-24ad0b84164c ef979f9f229945448379ee724be317d1 961d3458cc1244d5a0325340e06ef365 - - default default] 10.0.0.91 "DELETE /v2.0/security-groups/bcbea0fb-37e8-43a0-b784-a30150fbf324 HTTP/1.1" status: 204 len: 168 time: 0.2519097
2026-06-30 19:12:28.652 10 INFO neutron.db.ovn_revision_numbers_db [None req-e6ecc57c-88f9-4050-950d-e3c6ff4127b6 ef979f9f229945448379ee724be317d1 961d3458cc1244d5a0325340e06ef365 - - default default] Successfully bumped revision number for resource b992008d-cce5-43c3-aa12-2d2ff68fcbc5 (type: security_group_rules) to 0
2026-06-30 19:12:28.705 10 INFO neutron.wsgi [None req-e6ecc57c-88f9-4050-950d-e3c6ff4127b6 ef979f9f229945448379ee724be317d1 961d3458cc1244d5a0325340e06ef365 - - default default] 10.0.0.91 "GET /v2.0/security-groups?tenant_id=51b6c7546f18402f9686fc81009d0d44&name=default HTTP/1.1" status: 200 len: 3120 time: 0.6075473
2026-06-30 19:12:28.954 9 INFO neutron.wsgi [None req-b91ce06c-9040-4834-962a-0d41ca6d8616 ef979f9f229945448379ee724be317d1 961d3458cc1244d5a0325340e06ef365 - - default default] 10.0.0.91 "DELETE /v2.0/security-groups/ce0cb865-7528-471e-9a62-99ca8f12059d HTTP/1.1" status: 204 len: 168 time: 0.2430518
2026-06-30 19:12:29.077 10 INFO neutron.wsgi [req-fe3415d7-eb1c-407b-ab0f-3a028c6a0955 req-6397d41e-d8f0-4ba6-8f5b-aada78c12fa1 bb4a47b1b9024c4da079ef93d1cde340 6822edf500114352ad5b69ab41ab9127 - - default default] 199.204.45.177 "GET /v2.0/networks?id=7ea1e356-a332-4796-8558-47bcf1062075 HTTP/1.1" status: 200 len: 869 time: 0.0785923
2026-06-30 19:12:29.173 10 INFO neutron.wsgi [req-fe3415d7-eb1c-407b-ab0f-3a028c6a0955 req-cab21404-7d21-4047-bc3f-db2e9d0afac3 bb4a47b1b9024c4da079ef93d1cde340 6822edf500114352ad5b69ab41ab9127 - - default default] 199.204.45.177 "GET /v2.0/security-groups?fields=id&fields=name&tenant_id=6822edf500114352ad5b69ab41ab9127 HTTP/1.1" status: 200 len: 473 time: 0.0869975
2026-06-30 19:12:29.182 10 WARNING neutron_lib.context [req-fe3415d7-eb1c-407b-ab0f-3a028c6a0955 req-ce0c06b4-6581-41af-b41d-eb60d6713331 bb4a47b1b9024c4da079ef93d1cde340 6822edf500114352ad5b69ab41ab9127 - - default default] Method 'is_advsvc' is deprecated since 2023.2 release (neutron-lib 3.8.0) and will be removed once support for the old RBAC API policies will be removed from Neutron. Please use method 'is_service_role' instead.
2026-06-30 19:12:29.204 10 INFO neutron.db.ovn_revision_numbers_db [None req-8e9e917a-0599-41b0-84a0-3c1953036250 696399c7a56943cda493df73ced21907 ad91521be65845eab6b1082a6e5b745a - - default default] Successfully bumped revision number for resource 83852e97-89f6-49e2-be29-cf6500118075 (type: floatingips) to 1
2026-06-30 19:12:29.486 10 INFO neutron.wsgi [req-bc485669-a3d0-4825-88b8-6ba2685b6776 req-5f5b119d-7589-4155-982f-291e21e88b55 bb4a47b1b9024c4da079ef93d1cde340 6822edf500114352ad5b69ab41ab9127 - - default default] 10.0.0.149 "GET /v2.0/ports?device_id=e1e6a896-a519-4c54-b503-f2723777fe23 HTTP/1.1" status: 200 len: 210 time: 0.0259333
2026-06-30 19:12:29.619 10 INFO neutron.db.ovn_revision_numbers_db [None req-8e9e917a-0599-41b0-84a0-3c1953036250 696399c7a56943cda493df73ced21907 ad91521be65845eab6b1082a6e5b745a - - default default] Successfully bumped revision number for resource 83852e97-89f6-49e2-be29-cf6500118075 (type: floatingips) to 2
2026-06-30 19:12:29.619 10 INFO neutron.db.l3_db [None req-8e9e917a-0599-41b0-84a0-3c1953036250 696399c7a56943cda493df73ced21907 ad91521be65845eab6b1082a6e5b745a - - default default] Floating IP 83852e97-89f6-49e2-be29-cf6500118075 associated. External IP: 10.96.250.208, port: 8836c2f9-f78c-44d4-acee-212377bc23db.
2026-06-30 19:12:29.658 10 INFO neutron.wsgi [None req-8e9e917a-0599-41b0-84a0-3c1953036250 696399c7a56943cda493df73ced21907 ad91521be65845eab6b1082a6e5b745a - - default default] 10.0.0.91 "PUT /v2.0/floatingips/83852e97-89f6-49e2-be29-cf6500118075 HTTP/1.1" status: 200 len: 1050 time: 1.3526537
2026-06-30 19:12:29.708 10 INFO neutron.notifiers.nova [-] Nova event matching ['req-e8f3d939-3ee4-4ae0-b556-ba71787c8dc2'] response: {'name': 'network-changed', 'server_uuid': '9dcbc7a8-e58c-48c5-a031-65e02b150d1d', 'tag': '8836c2f9-f78c-44d4-acee-212377bc23db', 'status': 'completed', 'code': 200} /var/lib/openstack/lib/python3.10/site-packages/pycadf/identifier.py:71: UserWarning: Invalid uuid: neutron. To ensure interoperability, identifiers should be a valid uuid. warnings.warn(('Invalid uuid: %s. To ensure interoperability, '
2026-06-30 19:12:29.762 10 INFO neutron.wsgi [req-4f0fb9ad-7549-423f-b78f-b5230f702e57 req-08b72c16-1e10-43ad-bb12-5bdd3f3dfdab 696399c7a56943cda493df73ced21907 ad91521be65845eab6b1082a6e5b745a - - default default] 10.0.0.149 "GET /v2.0/ports?device_id=9dcbc7a8-e58c-48c5-a031-65e02b150d1d HTTP/1.1" status: 200 len: 1174 time: 0.0512762
2026-06-30 19:12:29.800 9 INFO neutron.wsgi [req-93086e90-5318-41b6-acf0-42f69113546c req-9812e8ee-f9b7-4a63-bcd9-3a9bd7f3ab6c 5236164aa587457e87252a81e1712d29 7de378ecd55648fbbf2180ea8f35c8e4 - - b7a65e3967cb45dbbcb89afd39f4f76c b7a65e3967cb45dbbcb89afd39f4f76c] 199.204.45.177 "GET /v2.0/ports?tenant_id=ad91521be65845eab6b1082a6e5b745a&device_id=9dcbc7a8-e58c-48c5-a031-65e02b150d1d HTTP/1.1" status: 200 len: 1413 time: 0.0821142
2026-06-30 19:12:29.829 10 INFO neutron.wsgi [req-4f0fb9ad-7549-423f-b78f-b5230f702e57 req-0a469bc6-232d-4bc3-971b-4b260ec2bac0 696399c7a56943cda493df73ced21907 ad91521be65845eab6b1082a6e5b745a - - default default] 10.0.0.149 "GET /v2.0/security-groups?id=83fcdb2f-e7bc-4237-8525-86fcf077a81d&fields=id&fields=name HTTP/1.1" status: 200 len: 312 time: 0.0584331
2026-06-30 19:12:29.865 10 WARNING neutron.scheduler.dhcp_agent_scheduler [req-fe3415d7-eb1c-407b-ab0f-3a028c6a0955 req-ce0c06b4-6581-41af-b41d-eb60d6713331 bb4a47b1b9024c4da079ef93d1cde340 6822edf500114352ad5b69ab41ab9127 - - default default] No more DHCP agents
2026-06-30 19:12:29.871 10 WARNING neutron.api.rpc.agentnotifiers.dhcp_rpc_agent_api [req-fe3415d7-eb1c-407b-ab0f-3a028c6a0955 req-ce0c06b4-6581-41af-b41d-eb60d6713331 bb4a47b1b9024c4da079ef93d1cde340 6822edf500114352ad5b69ab41ab9127 - - default default] Unable to schedule network 7ea1e356-a332-4796-8558-47bcf1062075: no agents available; will retry on subsequent port and subnet creation events.
2026-06-30 19:12:29.877 9 INFO neutron.wsgi [req-93086e90-5318-41b6-acf0-42f69113546c req-f32d1f17-f713-4eb2-9856-24704538f97f 5236164aa587457e87252a81e1712d29 7de378ecd55648fbbf2180ea8f35c8e4 - - b7a65e3967cb45dbbcb89afd39f4f76c b7a65e3967cb45dbbcb89afd39f4f76c] 199.204.45.177 "GET /v2.0/networks?id=7fd2c5ed-7a7a-44e8-a1ba-ac6b3d62b2b7 HTTP/1.1" status: 200 len: 978 time: 0.0702765
2026-06-30 19:12:29.971 9 INFO neutron.wsgi [req-93086e90-5318-41b6-acf0-42f69113546c req-8e5f049f-66bc-46b4-91ab-c6ae046b95a8 5236164aa587457e87252a81e1712d29 7de378ecd55648fbbf2180ea8f35c8e4 - - b7a65e3967cb45dbbcb89afd39f4f76c b7a65e3967cb45dbbcb89afd39f4f76c] 199.204.45.177 "GET /v2.0/floatingips?fixed_ip_address=10.100.0.10&port_id=8836c2f9-f78c-44d4-acee-212377bc23db HTTP/1.1" status: 200 len: 1060 time: 0.0846968
2026-06-30 19:12:30.039 9 INFO neutron.wsgi [req-93086e90-5318-41b6-acf0-42f69113546c req-e2e0ed2b-9e74-4a56-aa0a-9dd981d57c60 5236164aa587457e87252a81e1712d29 7de378ecd55648fbbf2180ea8f35c8e4 - - b7a65e3967cb45dbbcb89afd39f4f76c b7a65e3967cb45dbbcb89afd39f4f76c] 199.204.45.177 "GET /v2.0/subnets?id=d026dbd2-e220-4842-9e12-5d3fdf2f708c HTTP/1.1" status: 200 len: 873 time: 0.0638502
2026-06-30 19:12:30.082 9 INFO neutron.wsgi [req-93086e90-5318-41b6-acf0-42f69113546c req-6129e922-6f0b-4187-8966-82f1b802b091 5236164aa587457e87252a81e1712d29 7de378ecd55648fbbf2180ea8f35c8e4 - - b7a65e3967cb45dbbcb89afd39f4f76c b7a65e3967cb45dbbcb89afd39f4f76c] 199.204.45.177 "GET /v2.0/ports?network_id=7fd2c5ed-7a7a-44e8-a1ba-ac6b3d62b2b7&device_owner=network%3Adhcp HTTP/1.1" status: 200 len: 210 time: 0.0345170 /var/lib/openstack/lib/python3.10/site-packages/pycadf/identifier.py:71: UserWarning: Invalid uuid: neutron. To ensure interoperability, identifiers should be a valid uuid. warnings.warn(('Invalid uuid: %s. To ensure interoperability, '
2026-06-30 19:12:30.117 10 INFO neutron.db.ovn_revision_numbers_db [req-fe3415d7-eb1c-407b-ab0f-3a028c6a0955 req-ce0c06b4-6581-41af-b41d-eb60d6713331 bb4a47b1b9024c4da079ef93d1cde340 6822edf500114352ad5b69ab41ab9127 - - default default] Successfully bumped revision number for resource 89e90d5f-5cdb-4a90-a3e9-85d3d294105c (type: ports) to 1
2026-06-30 19:12:30.148 9 INFO neutron.plugins.ml2.drivers.ovn.mech_driver.mech_driver [None req-82e30c96-36d2-4c62-8f9d-91015b037f83 - - - - - -] OVN reports status down for port: 8836c2f9-f78c-44d4-acee-212377bc23db
2026-06-30 19:12:30.150 10 INFO neutron.wsgi [req-897e5594-82bd-443d-9ef0-b32bb7150ebe req-09fcfa91-4b9f-42d4-bed5-bde4ab14c814 696399c7a56943cda493df73ced21907 ad91521be65845eab6b1082a6e5b745a - - default default] 10.0.0.149 "GET /v2.0/ports?device_id=9dcbc7a8-e58c-48c5-a031-65e02b150d1d HTTP/1.1" status: 200 len: 1174 time: 0.0663424
2026-06-30 19:12:30.163 10 INFO neutron.wsgi [req-fe3415d7-eb1c-407b-ab0f-3a028c6a0955 req-ce0c06b4-6581-41af-b41d-eb60d6713331 bb4a47b1b9024c4da079ef93d1cde340 6822edf500114352ad5b69ab41ab9127 - - default default] 199.204.45.177 "POST /v2.0/ports HTTP/1.1" status: 201 len: 1201 time: 0.9871123
2026-06-30 19:12:30.200 9 INFO neutron.wsgi [req-93086e90-5318-41b6-acf0-42f69113546c req-484341f2-39a3-40d7-aeff-ae7f30c52cbb 5236164aa587457e87252a81e1712d29 7de378ecd55648fbbf2180ea8f35c8e4 - - b7a65e3967cb45dbbcb89afd39f4f76c b7a65e3967cb45dbbcb89afd39f4f76c] 199.204.45.177 "GET /v2.0/networks/7fd2c5ed-7a7a-44e8-a1ba-ac6b3d62b2b7?fields=segments HTTP/1.1" status: 200 len: 212 time: 0.1099548
2026-06-30 19:12:30.216 10 INFO neutron.wsgi [req-897e5594-82bd-443d-9ef0-b32bb7150ebe req-717d574e-5a51-4135-9ff3-9859a8cb069b 696399c7a56943cda493df73ced21907 ad91521be65845eab6b1082a6e5b745a - - default default] 10.0.0.149 "GET /v2.0/security-groups?id=83fcdb2f-e7bc-4237-8525-86fcf077a81d&fields=id&fields=name HTTP/1.1" status: 200 len: 312 time: 0.0608807
2026-06-30 19:12:30.304 10 INFO neutron.wsgi [-] 10.0.0.96 "GET / HTTP/1.1" status: 200 len: 247 time: 0.0042844
2026-06-30 19:12:30.307 9 INFO neutron.wsgi [req-93086e90-5318-41b6-acf0-42f69113546c req-964dddbb-03a8-415e-982a-eac455d9ec40 5236164aa587457e87252a81e1712d29 7de378ecd55648fbbf2180ea8f35c8e4 - - b7a65e3967cb45dbbcb89afd39f4f76c b7a65e3967cb45dbbcb89afd39f4f76c] 199.204.45.177 "GET /v2.0/networks/7fd2c5ed-7a7a-44e8-a1ba-ac6b3d62b2b7?fields=provider%3Aphysical_network&fields=provider%3Anetwork_type HTTP/1.1" status: 200 len: 277 time: 0.1004200
2026-06-30 19:12:30.308 10 INFO neutron.wsgi [-] 10.0.0.96 "GET / HTTP/1.1" status: 200 len: 247 time: 0.0023975
2026-06-30 19:12:30.369 9 INFO neutron.notifiers.nova [-] Nova event matching ['req-7b6f9802-1b73-4cb3-a32b-f1628a8bc415'] response: {'server_uuid': '9dcbc7a8-e58c-48c5-a031-65e02b150d1d', 'name': 'network-vif-unplugged', 'status': 'completed', 'tag': '8836c2f9-f78c-44d4-acee-212377bc23db', 'code': 200}
2026-06-30 19:12:30.554 9 INFO neutron.wsgi [req-3a363a86-0b59-4fb0-b9a9-1009deb8c785 req-f4d0f31a-49bd-448c-92a5-cf449e6764d9 696399c7a56943cda493df73ced21907 ad91521be65845eab6b1082a6e5b745a - - default default] 199.204.45.177 "GET /v2.0/ports?device_id=9dcbc7a8-e58c-48c5-a031-65e02b150d1d HTTP/1.1" status: 200 len: 1172 time: 0.1215737 /var/lib/openstack/lib/python3.10/site-packages/pycadf/identifier.py:71: UserWarning: Invalid uuid: neutron. To ensure interoperability, identifiers should be a valid uuid. warnings.warn(('Invalid uuid: %s. To ensure interoperability, '
2026-06-30 19:12:30.586 9 INFO neutron.db.ovn_revision_numbers_db [None req-82e30c96-36d2-4c62-8f9d-91015b037f83 - - - - - -] Successfully bumped revision number for resource 8836c2f9-f78c-44d4-acee-212377bc23db (type: ports) to 5
2026-06-30 19:12:30.608 10 INFO neutron.wsgi [req-dc26d8fb-2e8e-4f5d-a2ad-118cce1f160b req-edfb8140-c1b2-41b3-9653-5675dc9204c7 bb4a47b1b9024c4da079ef93d1cde340 6822edf500114352ad5b69ab41ab9127 - - default default] 10.0.0.149 "GET /v2.0/ports?device_id=e1e6a896-a519-4c54-b503-f2723777fe23 HTTP/1.1" status: 200 len: 1212 time: 0.0478382
2026-06-30 19:12:30.680 10 INFO neutron.db.ovn_revision_numbers_db [req-fe3415d7-eb1c-407b-ab0f-3a028c6a0955 req-022920e1-a03c-4584-aaac-05b69045a8aa 5236164aa587457e87252a81e1712d29 7de378ecd55648fbbf2180ea8f35c8e4 - - b7a65e3967cb45dbbcb89afd39f4f76c b7a65e3967cb45dbbcb89afd39f4f76c] Successfully bumped revision number for resource 89e90d5f-5cdb-4a90-a3e9-85d3d294105c (type: ports) to 2
2026-06-30 19:12:30.685 10 INFO neutron.wsgi [req-dc26d8fb-2e8e-4f5d-a2ad-118cce1f160b req-54acff11-adff-4f70-be5c-de4832457b0f bb4a47b1b9024c4da079ef93d1cde340 6822edf500114352ad5b69ab41ab9127 - - default default] 10.0.0.149 "GET /v2.0/security-groups?id=73c66d97-1486-40c4-8a66-13ac268d8de8&id=7c7eea98-1e51-409b-9c50-83d557b1cd1c&fields=id&fields=name HTTP/1.1" status: 200 len: 406 time: 0.0695453
2026-06-30 19:12:30.903 10 INFO neutron.db.ovn_revision_numbers_db [req-fe3415d7-eb1c-407b-ab0f-3a028c6a0955 req-022920e1-a03c-4584-aaac-05b69045a8aa 5236164aa587457e87252a81e1712d29 7de378ecd55648fbbf2180ea8f35c8e4 - - b7a65e3967cb45dbbcb89afd39f4f76c b7a65e3967cb45dbbcb89afd39f4f76c] Successfully bumped revision number for resource 89e90d5f-5cdb-4a90-a3e9-85d3d294105c (type: ports) to 2
2026-06-30 19:12:30.924 10 INFO neutron.wsgi [req-fe3415d7-eb1c-407b-ab0f-3a028c6a0955 req-022920e1-a03c-4584-aaac-05b69045a8aa 5236164aa587457e87252a81e1712d29 7de378ecd55648fbbf2180ea8f35c8e4 - - b7a65e3967cb45dbbcb89afd39f4f76c b7a65e3967cb45dbbcb89afd39f4f76c] 199.204.45.177 "PUT /v2.0/ports/89e90d5f-5cdb-4a90-a3e9-85d3d294105c HTTP/1.1" status: 200 len: 1419 time: 0.7506864 /var/lib/openstack/lib/python3.10/site-packages/pycadf/identifier.py:71: UserWarning: Invalid uuid: neutron. To ensure interoperability, identifiers should be a valid uuid. warnings.warn(('Invalid uuid: %s. To ensure interoperability, '
2026-06-30 19:12:31.014 10 INFO neutron.wsgi [req-fe3415d7-eb1c-407b-ab0f-3a028c6a0955 req-6843968c-997f-4585-9f24-7f5665af3a66 5236164aa587457e87252a81e1712d29 7de378ecd55648fbbf2180ea8f35c8e4 - - b7a65e3967cb45dbbcb89afd39f4f76c b7a65e3967cb45dbbcb89afd39f4f76c] 199.204.45.177 "GET /v2.0/ports?tenant_id=6822edf500114352ad5b69ab41ab9127&device_id=e1e6a896-a519-4c54-b503-f2723777fe23 HTTP/1.1" status: 200 len: 1450 time: 0.0465071
2026-06-30 19:12:31.042 10 INFO neutron.wsgi [req-fe3415d7-eb1c-407b-ab0f-3a028c6a0955 req-f4a7ebe5-ad73-46f9-8bac-1d7e63fc2de8 5236164aa587457e87252a81e1712d29 7de378ecd55648fbbf2180ea8f35c8e4 - - b7a65e3967cb45dbbcb89afd39f4f76c b7a65e3967cb45dbbcb89afd39f4f76c] 199.204.45.177 "GET /v2.0/floatingips?fixed_ip_address=10.100.0.14&port_id=89e90d5f-5cdb-4a90-a3e9-85d3d294105c HTTP/1.1" status: 200 len: 217 time: 0.0208120
2026-06-30 19:12:31.062 9 INFO neutron.db.l3_db [req-3a363a86-0b59-4fb0-b9a9-1009deb8c785 req-c1c769b8-d985-4c81-b0a3-ca1ac4df924f 696399c7a56943cda493df73ced21907 ad91521be65845eab6b1082a6e5b745a - - default default] Floating IP 83852e97-89f6-49e2-be29-cf6500118075 disassociated. External IP: 10.96.250.208, port: 8836c2f9-f78c-44d4-acee-212377bc23db.
2026-06-30 19:12:31.079 10 INFO neutron.wsgi [req-fe3415d7-eb1c-407b-ab0f-3a028c6a0955 req-f0259e98-b37c-4d32-8c14-c8db2fd675e6 5236164aa587457e87252a81e1712d29 7de378ecd55648fbbf2180ea8f35c8e4 - - b7a65e3967cb45dbbcb89afd39f4f76c b7a65e3967cb45dbbcb89afd39f4f76c] 199.204.45.177 "GET /v2.0/subnets?id=b0697303-6124-42be-8a96-b478d940cd0d HTTP/1.1" status: 200 len: 863 time: 0.0321867
2026-06-30 19:12:31.118 10 INFO neutron.wsgi [req-fe3415d7-eb1c-407b-ab0f-3a028c6a0955 req-74c61a56-41c5-4ddd-bf06-f2afb9b26a50 5236164aa587457e87252a81e1712d29 7de378ecd55648fbbf2180ea8f35c8e4 - - b7a65e3967cb45dbbcb89afd39f4f76c b7a65e3967cb45dbbcb89afd39f4f76c] 199.204.45.177 "GET /v2.0/ports?network_id=7ea1e356-a332-4796-8558-47bcf1062075&device_owner=network%3Adhcp HTTP/1.1" status: 200 len: 210 time: 0.0268164
2026-06-30 19:12:31.189 10 INFO neutron.wsgi [req-fe3415d7-eb1c-407b-ab0f-3a028c6a0955 req-03e3ce04-b75f-4ae3-ba2a-88cbf55b793e 5236164aa587457e87252a81e1712d29 7de378ecd55648fbbf2180ea8f35c8e4 - - b7a65e3967cb45dbbcb89afd39f4f76c b7a65e3967cb45dbbcb89afd39f4f76c] 199.204.45.177 "GET /v2.0/networks/7ea1e356-a332-4796-8558-47bcf1062075?fields=segments HTTP/1.1" status: 200 len: 212 time: 0.0671937
2026-06-30 19:12:31.191 9 INFO neutron.wsgi [req-3a363a86-0b59-4fb0-b9a9-1009deb8c785 req-c1c769b8-d985-4c81-b0a3-ca1ac4df924f 696399c7a56943cda493df73ced21907 ad91521be65845eab6b1082a6e5b745a - - default default] 199.204.45.177 "DELETE /v2.0/ports/8836c2f9-f78c-44d4-acee-212377bc23db HTTP/1.1" status: 204 len: 173 time: 0.6317184
2026-06-30 19:12:31.286 10 INFO neutron.wsgi [req-fe3415d7-eb1c-407b-ab0f-3a028c6a0955 req-355a5ca6-9758-4c4a-9aec-952d49db376a 5236164aa587457e87252a81e1712d29 7de378ecd55648fbbf2180ea8f35c8e4 - - b7a65e3967cb45dbbcb89afd39f4f76c b7a65e3967cb45dbbcb89afd39f4f76c] 199.204.45.177 "GET /v2.0/networks/7ea1e356-a332-4796-8558-47bcf1062075?fields=provider%3Aphysical_network&fields=provider%3Anetwork_type HTTP/1.1" status: 200 len: 277 time: 0.0892324
2026-06-30 19:12:31.309 10 INFO neutron.wsgi [req-9e681c02-4c19-46e5-b2de-6631fdebe26c req-5e2ee85d-3542-49a8-8785-cacc0d8e07c7 696399c7a56943cda493df73ced21907 ad91521be65845eab6b1082a6e5b745a - - default default] 10.0.0.149 "GET /v2.0/ports?device_id=9dcbc7a8-e58c-48c5-a031-65e02b150d1d HTTP/1.1" status: 200 len: 210 time: 0.0192816
2026-06-30 19:12:31.510 10 INFO neutron.wsgi [req-96bab31c-ab0b-496c-be5d-b4a5beac751f req-3010cc5d-9ea3-4afa-9f45-b467c0f317cf 5236164aa587457e87252a81e1712d29 7de378ecd55648fbbf2180ea8f35c8e4 - - b7a65e3967cb45dbbcb89afd39f4f76c b7a65e3967cb45dbbcb89afd39f4f76c] 199.204.45.177 "GET /v2.0/ports?device_id=e1e6a896-a519-4c54-b503-f2723777fe23 HTTP/1.1" status: 200 len: 1450 time: 0.0546846
2026-06-30 19:12:31.561 10 INFO neutron.wsgi [req-96bab31c-ab0b-496c-be5d-b4a5beac751f req-1ecc812d-4dd6-41ab-916a-f2ccf3fc4b0f 5236164aa587457e87252a81e1712d29 7de378ecd55648fbbf2180ea8f35c8e4 - - b7a65e3967cb45dbbcb89afd39f4f76c b7a65e3967cb45dbbcb89afd39f4f76c] 199.204.45.177 "GET /v2.0/security-groups?id=7c7eea98-1e51-409b-9c50-83d557b1cd1c&id=73c66d97-1486-40c4-8a66-13ac268d8de8&fields=id&fields=name HTTP/1.1" status: 200 len: 406 time: 0.0461509
2026-06-30 19:12:31.683 9 INFO neutron.plugins.ml2.drivers.ovn.mech_driver.mech_driver [None req-82e30c96-36d2-4c62-8f9d-91015b037f83 - - - - - -] OVN reports status up for port: 89e90d5f-5cdb-4a90-a3e9-85d3d294105c
2026-06-30 19:12:31.711 9 INFO neutron.plugins.ml2.plugin [None req-82e30c96-36d2-4c62-8f9d-91015b037f83 - - - - - -] Attempt 1 to provision port 89e90d5f-5cdb-4a90-a3e9-85d3d294105c
2026-06-30 19:12:31.763 10 INFO neutron.notifiers.nova [-] Nova event matching ['req-095a9673-35cc-42fa-bf7d-f57cc36e2e11'] response: {'name': 'network-changed', 'server_uuid': 'e1e6a896-a519-4c54-b503-f2723777fe23', 'tag': '89e90d5f-5cdb-4a90-a3e9-85d3d294105c', 'status': 'completed', 'code': 200}
2026-06-30 19:12:31.848 10 INFO neutron.wsgi [req-cc815fad-5370-4e4e-812a-b2829789ae36 req-ae954f8f-01b6-4d52-8ac0-89113e5afb87 5236164aa587457e87252a81e1712d29 7de378ecd55648fbbf2180ea8f35c8e4 - - b7a65e3967cb45dbbcb89afd39f4f76c b7a65e3967cb45dbbcb89afd39f4f76c] 199.204.45.177 "GET /v2.0/ports?tenant_id=6822edf500114352ad5b69ab41ab9127&device_id=e1e6a896-a519-4c54-b503-f2723777fe23 HTTP/1.1" status: 200 len: 1450 time: 0.0659719
2026-06-30 19:12:31.858 10 INFO neutron.wsgi [req-c06326d0-0c2c-4aae-8f89-379e19f1e623 req-213667c0-9063-49b8-83b4-adde6a62f39b bb4a47b1b9024c4da079ef93d1cde340 6822edf500114352ad5b69ab41ab9127 - - default default] 10.0.0.149 "GET /v2.0/ports?device_id=e1e6a896-a519-4c54-b503-f2723777fe23 HTTP/1.1" status: 200 len: 1212 time: 0.0910063
2026-06-30 19:12:31.936 10 INFO neutron.wsgi [req-c06326d0-0c2c-4aae-8f89-379e19f1e623 req-de132950-37d5-4264-a10a-fd0781969dce bb4a47b1b9024c4da079ef93d1cde340 6822edf500114352ad5b69ab41ab9127 - - default default] 10.0.0.149 "GET /v2.0/security-groups?id=73c66d97-1486-40c4-8a66-13ac268d8de8&id=7c7eea98-1e51-409b-9c50-83d557b1cd1c&fields=id&fields=name HTTP/1.1" status: 200 len: 406 time: 0.0715916
2026-06-30 19:12:31.955 10 INFO neutron.wsgi [req-cc815fad-5370-4e4e-812a-b2829789ae36 req-5261a83a-6c6d-4486-8344-b7892b076cc2 5236164aa587457e87252a81e1712d29 7de378ecd55648fbbf2180ea8f35c8e4 - - b7a65e3967cb45dbbcb89afd39f4f76c b7a65e3967cb45dbbcb89afd39f4f76c] 199.204.45.177 "GET /v2.0/networks?id=7ea1e356-a332-4796-8558-47bcf1062075 HTTP/1.1" status: 200 len: 968 time: 0.1025484
2026-06-30 19:12:31.993 10 INFO neutron.wsgi [req-cc815fad-5370-4e4e-812a-b2829789ae36 req-6c89208c-bd51-422d-aca7-b14bb15966fb 5236164aa587457e87252a81e1712d29 7de378ecd55648fbbf2180ea8f35c8e4 - - b7a65e3967cb45dbbcb89afd39f4f76c b7a65e3967cb45dbbcb89afd39f4f76c] 199.204.45.177 "GET /v2.0/floatingips?fixed_ip_address=10.100.0.14&port_id=89e90d5f-5cdb-4a90-a3e9-85d3d294105c HTTP/1.1" status: 200 len: 217 time: 0.0213594
2026-06-30 19:12:32.038 10 INFO neutron.wsgi [req-cc815fad-5370-4e4e-812a-b2829789ae36 req-4b55195e-0c10-4295-8fed-0a0e52fb4438 5236164aa587457e87252a81e1712d29 7de378ecd55648fbbf2180ea8f35c8e4 - - b7a65e3967cb45dbbcb89afd39f4f76c b7a65e3967cb45dbbcb89afd39f4f76c] 199.204.45.177 "GET /v2.0/subnets?id=b0697303-6124-42be-8a96-b478d940cd0d HTTP/1.1" status: 200 len: 863 time: 0.0407486
2026-06-30 19:12:32.053 9 INFO neutron.db.ovn_revision_numbers_db [None req-82e30c96-36d2-4c62-8f9d-91015b037f83 - - - - - -] Successfully bumped revision number for resource 89e90d5f-5cdb-4a90-a3e9-85d3d294105c (type: ports) to 4
2026-06-30 19:12:32.067 10 INFO neutron.wsgi [req-cc815fad-5370-4e4e-812a-b2829789ae36 req-8cc60c0d-d012-404d-8660-42bd370f5498 5236164aa587457e87252a81e1712d29 7de378ecd55648fbbf2180ea8f35c8e4 - - b7a65e3967cb45dbbcb89afd39f4f76c b7a65e3967cb45dbbcb89afd39f4f76c] 199.204.45.177 "GET /v2.0/ports?network_id=7ea1e356-a332-4796-8558-47bcf1062075&device_owner=network%3Adhcp HTTP/1.1" status: 200 len: 210 time: 0.0235748
2026-06-30 19:12:32.147 10 INFO neutron.wsgi [req-cc815fad-5370-4e4e-812a-b2829789ae36 req-8255638d-0542-4aa6-ba60-94f2f2a0d220 5236164aa587457e87252a81e1712d29 7de378ecd55648fbbf2180ea8f35c8e4 - - b7a65e3967cb45dbbcb89afd39f4f76c b7a65e3967cb45dbbcb89afd39f4f76c] 199.204.45.177 "GET /v2.0/networks/7ea1e356-a332-4796-8558-47bcf1062075?fields=segments HTTP/1.1" status: 200 len: 212 time: 0.0741074
2026-06-30 19:12:32.216 10 INFO neutron.wsgi [req-cc815fad-5370-4e4e-812a-b2829789ae36 req-5a8b995d-68df-492d-b13e-5f25687c65fb 5236164aa587457e87252a81e1712d29 7de378ecd55648fbbf2180ea8f35c8e4 - - b7a65e3967cb45dbbcb89afd39f4f76c b7a65e3967cb45dbbcb89afd39f4f76c] 199.204.45.177 "GET /v2.0/networks/7ea1e356-a332-4796-8558-47bcf1062075?fields=provider%3Aphysical_network&fields=provider%3Anetwork_type HTTP/1.1" status: 200 len: 277 time: 0.0632684
2026-06-30 19:12:32.417 9 INFO neutron.notifiers.nova [-] Nova event matching ['req-0e370fc3-13e5-4703-8806-d6949b7208fc'] response: {'server_uuid': '9dcbc7a8-e58c-48c5-a031-65e02b150d1d', 'name': 'network-vif-unplugged', 'status': 'completed', 'tag': '8836c2f9-f78c-44d4-acee-212377bc23db', 'code': 200}
2026-06-30 19:12:32.417 9 INFO neutron.notifiers.nova [-] Nova event matching ['req-0e370fc3-13e5-4703-8806-d6949b7208fc'] response: {'server_uuid': '9dcbc7a8-e58c-48c5-a031-65e02b150d1d', 'name': 'network-vif-deleted', 'tag': '8836c2f9-f78c-44d4-acee-212377bc23db', 'status': 'completed', 'code': 200}
2026-06-30 19:12:32.417 9 INFO neutron.notifiers.nova [-] Nova event matching ['req-0e370fc3-13e5-4703-8806-d6949b7208fc'] response: {'server_uuid': 'e1e6a896-a519-4c54-b503-f2723777fe23', 'name': 'network-vif-plugged', 'status': 'completed', 'tag': '89e90d5f-5cdb-4a90-a3e9-85d3d294105c', 'code': 200}
2026-06-30 19:12:32.417 9 INFO neutron.notifiers.nova [-] Nova event matching ['req-0e370fc3-13e5-4703-8806-d6949b7208fc'] response: {'server_uuid': 'e1e6a896-a519-4c54-b503-f2723777fe23', 'name': 'network-vif-plugged', 'status': 'completed', 'tag': '89e90d5f-5cdb-4a90-a3e9-85d3d294105c', 'code': 200}
2026-06-30 19:12:32.581 10 INFO neutron.wsgi [None req-49f62699-8c99-4fd3-8295-57eae6ba43d4 696399c7a56943cda493df73ced21907 ad91521be65845eab6b1082a6e5b745a - - default default] 10.0.0.91 "DELETE /v2.0/security-groups/83fcdb2f-e7bc-4237-8525-86fcf077a81d HTTP/1.1" status: 204 len: 168 time: 0.1698170
2026-06-30 19:12:32.594 10 INFO neutron.api.v2.resource [None req-e20dfb88-141a-451f-afde-abf7d256851f 696399c7a56943cda493df73ced21907 ad91521be65845eab6b1082a6e5b745a - - default default] show failed (client error): The resource could not be found.
2026-06-30 19:12:32.595 10 INFO neutron.wsgi [None req-e20dfb88-141a-451f-afde-abf7d256851f 696399c7a56943cda493df73ced21907 ad91521be65845eab6b1082a6e5b745a - - default default] 10.0.0.91 "GET /v2.0/security-groups/83fcdb2f-e7bc-4237-8525-86fcf077a81d HTTP/1.1" status: 404 len: 347 time: 0.0091648
2026-06-30 19:12:32.963 10 INFO neutron.wsgi [None req-91da73e3-33d9-4871-b62f-eaba7da79cb9 696399c7a56943cda493df73ced21907 ad91521be65845eab6b1082a6e5b745a - - default default] 10.0.0.91 "DELETE /v2.0/floatingips/83852e97-89f6-49e2-be29-cf6500118075 HTTP/1.1" status: 204 len: 168 time: 0.3629799 /var/lib/openstack/lib/python3.10/site-packages/pycadf/identifier.py:71: UserWarning: Invalid uuid: neutron. To ensure interoperability, identifiers should be a valid uuid. warnings.warn(('Invalid uuid: %s. To ensure interoperability, '
2026-06-30 19:12:33.093 10 INFO neutron.wsgi [req-ff0b3f81-1961-4376-8109-3367835356d3 req-ec1a48f5-b0fb-43ff-a713-b5cf36a35b49 bb4a47b1b9024c4da079ef93d1cde340 6822edf500114352ad5b69ab41ab9127 - - default default] 10.0.0.149 "GET /v2.0/ports?device_id=e1e6a896-a519-4c54-b503-f2723777fe23 HTTP/1.1" status: 200 len: 1214 time: 0.0850568
2026-06-30 19:12:33.141 10 INFO neutron.wsgi [req-ff0b3f81-1961-4376-8109-3367835356d3 req-77f31b36-55c6-4ad6-bb4a-54e1b27f3210 bb4a47b1b9024c4da079ef93d1cde340 6822edf500114352ad5b69ab41ab9127 - - default default] 10.0.0.149 "GET /v2.0/security-groups?id=73c66d97-1486-40c4-8a66-13ac268d8de8&id=7c7eea98-1e51-409b-9c50-83d557b1cd1c&fields=id&fields=name HTTP/1.1" status: 200 len: 406 time: 0.0421221
2026-06-30 19:12:33.261 10 INFO neutron.wsgi [req-1325390f-6012-449a-9496-ca76d4d24b46 req-a74c8768-3567-400f-9d56-5b134eee2c6d bb4a47b1b9024c4da079ef93d1cde340 6822edf500114352ad5b69ab41ab9127 - - default default] 10.0.0.149 "GET /v2.0/ports?device_id=e1e6a896-a519-4c54-b503-f2723777fe23 HTTP/1.1" status: 200 len: 1214 time: 0.0461242
2026-06-30 19:12:33.806 10 INFO neutron.db.ovn_revision_numbers_db [None req-817c4de2-3e7f-43dc-8ed1-7f74fa606a8c bb4a47b1b9024c4da079ef93d1cde340 6822edf500114352ad5b69ab41ab9127 - - default default] Successfully bumped revision number for resource bda70b96-52b4-4a4d-8651-a277fbbd209f (type: floatingips) to 1
2026-06-30 19:12:33.958 10 INFO neutron.db.ovn_revision_numbers_db [None req-817c4de2-3e7f-43dc-8ed1-7f74fa606a8c bb4a47b1b9024c4da079ef93d1cde340 6822edf500114352ad5b69ab41ab9127 - - default default] Successfully bumped revision number for resource bda70b96-52b4-4a4d-8651-a277fbbd209f (type: floatingips) to 2
2026-06-30 19:12:33.958 10 INFO neutron.db.l3_db [None req-817c4de2-3e7f-43dc-8ed1-7f74fa606a8c bb4a47b1b9024c4da079ef93d1cde340 6822edf500114352ad5b69ab41ab9127 - - default default] Floating IP bda70b96-52b4-4a4d-8651-a277fbbd209f associated. External IP: 10.96.250.203, port: 89e90d5f-5cdb-4a90-a3e9-85d3d294105c.
2026-06-30 19:12:33.991 10 INFO neutron.wsgi [None req-817c4de2-3e7f-43dc-8ed1-7f74fa606a8c bb4a47b1b9024c4da079ef93d1cde340 6822edf500114352ad5b69ab41ab9127 - - default default] 10.0.0.91 "PUT /v2.0/floatingips/bda70b96-52b4-4a4d-8651-a277fbbd209f HTTP/1.1" status: 200 len: 1050 time: 0.7186079
2026-06-30 19:12:34.034 10 INFO neutron.notifiers.nova [-] Nova event matching ['req-a64b00a8-0b29-4a1b-829e-4ebf8993020a'] response: {'name': 'network-changed', 'server_uuid': 'e1e6a896-a519-4c54-b503-f2723777fe23', 'tag': '89e90d5f-5cdb-4a90-a3e9-85d3d294105c', 'status': 'completed', 'code': 200}
2026-06-30 19:12:34.082 10 WARNING neutron.plugins.ml2.drivers.ovn.mech_driver.ovsdb.ovn_client [None req-a6ff4054-4c4e-4687-84ca-143e5307079f - - - - - -] No hosting information found for port 79164a6b-abb6-4e32-bf63-eaf28dbee54f: RuntimeError: No hosting information found for port 79164a6b-abb6-4e32-bf63-eaf28dbee54f
2026-06-30 19:12:34.100 10 INFO neutron.wsgi [req-d98feb06-233f-4ab1-bedd-108d87556f36 req-d10863c3-7a4a-428d-910a-81ea44a5b499 5236164aa587457e87252a81e1712d29 7de378ecd55648fbbf2180ea8f35c8e4 - - b7a65e3967cb45dbbcb89afd39f4f76c b7a65e3967cb45dbbcb89afd39f4f76c] 199.204.45.177 "GET /v2.0/ports?tenant_id=6822edf500114352ad5b69ab41ab9127&device_id=e1e6a896-a519-4c54-b503-f2723777fe23 HTTP/1.1" status: 200 len: 1452 time: 0.0454645
2026-06-30 19:12:34.181 10 INFO neutron.wsgi [req-d98feb06-233f-4ab1-bedd-108d87556f36 req-c106839a-7cb1-4462-87aa-a67924494267 5236164aa587457e87252a81e1712d29 7de378ecd55648fbbf2180ea8f35c8e4 - - b7a65e3967cb45dbbcb89afd39f4f76c b7a65e3967cb45dbbcb89afd39f4f76c] 199.204.45.177 "GET /v2.0/networks?id=7ea1e356-a332-4796-8558-47bcf1062075 HTTP/1.1" status: 200 len: 968 time: 0.0688295
2026-06-30 19:12:34.255 10 INFO neutron.wsgi [req-d98feb06-233f-4ab1-bedd-108d87556f36 req-f412cfc9-32f1-4086-b89e-2200a7075fa0 5236164aa587457e87252a81e1712d29 7de378ecd55648fbbf2180ea8f35c8e4 - - b7a65e3967cb45dbbcb89afd39f4f76c b7a65e3967cb45dbbcb89afd39f4f76c] 199.204.45.177 "GET /v2.0/floatingips?fixed_ip_address=10.100.0.14&port_id=89e90d5f-5cdb-4a90-a3e9-85d3d294105c HTTP/1.1" status: 200 len: 1060 time: 0.0681069
2026-06-30 19:12:34.309 10 INFO neutron.wsgi [req-d98feb06-233f-4ab1-bedd-108d87556f36 req-7947f676-7d22-44e0-9b88-4c6d6e6f05da 5236164aa587457e87252a81e1712d29 7de378ecd55648fbbf2180ea8f35c8e4 - - b7a65e3967cb45dbbcb89afd39f4f76c b7a65e3967cb45dbbcb89afd39f4f76c] 199.204.45.177 "GET /v2.0/subnets?id=b0697303-6124-42be-8a96-b478d940cd0d HTTP/1.1" status: 200 len: 863 time: 0.0491655
2026-06-30 19:12:34.347 10 INFO neutron.wsgi [req-d98feb06-233f-4ab1-bedd-108d87556f36 req-0827d10c-b756-4816-8c26-e07ce49f7f65 5236164aa587457e87252a81e1712d29 7de378ecd55648fbbf2180ea8f35c8e4 - - b7a65e3967cb45dbbcb89afd39f4f76c b7a65e3967cb45dbbcb89afd39f4f76c] 199.204.45.177 "GET /v2.0/ports?network_id=7ea1e356-a332-4796-8558-47bcf1062075&device_owner=network%3Adhcp HTTP/1.1" status: 200 len: 210 time: 0.0262280
2026-06-30 19:12:34.435 10 INFO neutron.wsgi [req-d98feb06-233f-4ab1-bedd-108d87556f36 req-5e8ed28b-9ef9-484e-aed3-0a825c608b3a 5236164aa587457e87252a81e1712d29 7de378ecd55648fbbf2180ea8f35c8e4 - - b7a65e3967cb45dbbcb89afd39f4f76c b7a65e3967cb45dbbcb89afd39f4f76c] 199.204.45.177 "GET /v2.0/networks/7ea1e356-a332-4796-8558-47bcf1062075?fields=segments HTTP/1.1" status: 200 len: 212 time: 0.0806670
2026-06-30 19:12:34.499 10 INFO neutron.wsgi [req-d98feb06-233f-4ab1-bedd-108d87556f36 req-4fedae5c-3b25-4810-9a85-2a93f3d1fe0b 5236164aa587457e87252a81e1712d29 7de378ecd55648fbbf2180ea8f35c8e4 - - b7a65e3967cb45dbbcb89afd39f4f76c b7a65e3967cb45dbbcb89afd39f4f76c] 199.204.45.177 "GET /v2.0/networks/7ea1e356-a332-4796-8558-47bcf1062075?fields=provider%3Aphysical_network&fields=provider%3Anetwork_type HTTP/1.1" status: 200 len: 277 time: 0.0562146
2026-06-30 19:12:34.700 9 INFO neutron.wsgi [None req-f2d3a8f7-83ad-4a88-aded-32ae56d75882 ef979f9f229945448379ee724be317d1 961d3458cc1244d5a0325340e06ef365 - - default default] 10.0.0.91 "PUT /v2.0/routers/f0e50790-c7c9-43cd-8cb6-6d6a8513d029/remove_router_interface HTTP/1.1" status: 200 len: 503 time: 1.7315276 /var/lib/openstack/lib/python3.10/site-packages/pycadf/identifier.py:71: UserWarning: Invalid uuid: neutron. To ensure interoperability, identifiers should be a valid uuid. warnings.warn(('Invalid uuid: %s. To ensure interoperability, '
2026-06-30 19:12:35.043 10 INFO neutron.db.ovn_revision_numbers_db [None req-73f30f81-2fe7-4ba9-88cd-944d2cc2b6b6 ef979f9f229945448379ee724be317d1 961d3458cc1244d5a0325340e06ef365 - - default default] Successfully bumped revision number for resource 83405ca0-630b-4051-b85d-fd076a1efb20 (type: security_groups) to 1
