2026-06-30 19:11:53.635 9 INFO neutron.notifiers.nova [-] Nova event matching ['req-492f120c-d475-42f1-8b95-e89e3e499c7c'] response: {'name': 'network-changed', 'server_uuid': 'c64f7287-d15f-4335-b96f-8299fd087244', 'tag': 'a9a68090-649d-4cad-a2a7-d58dc81e3a1c', 'status': 'completed', 'code': 200}
2026-06-30 19:11:53.698 9 INFO neutron.wsgi [req-c6201da2-1aa1-4b9c-8f09-e37251f6f9ab req-aadcd0dd-a627-44c2-9f78-0b0c1fe7a063 5236164aa587457e87252a81e1712d29 7de378ecd55648fbbf2180ea8f35c8e4 - - b7a65e3967cb45dbbcb89afd39f4f76c b7a65e3967cb45dbbcb89afd39f4f76c] 199.204.45.177 "GET /v2.0/ports?tenant_id=7b1420ae8aaf430da8b6f32b815c0b07&device_id=c64f7287-d15f-4335-b96f-8299fd087244 HTTP/1.1" status: 200 len: 1413 time: 0.0965285
2026-06-30 19:11:53.810 9 INFO neutron.wsgi [req-c6201da2-1aa1-4b9c-8f09-e37251f6f9ab req-a2ffc82e-2955-4974-a8dd-396594e1816e 5236164aa587457e87252a81e1712d29 7de378ecd55648fbbf2180ea8f35c8e4 - - b7a65e3967cb45dbbcb89afd39f4f76c b7a65e3967cb45dbbcb89afd39f4f76c] 199.204.45.177 "GET /v2.0/networks?id=662ca833-0b9f-4186-b5df-4c3f5d078557 HTTP/1.1" status: 200 len: 982 time: 0.1041148
2026-06-30 19:11:53.882 9 INFO neutron.wsgi [req-c6201da2-1aa1-4b9c-8f09-e37251f6f9ab req-ee6ec456-72e2-4c45-aa2c-a05b074a29a5 5236164aa587457e87252a81e1712d29 7de378ecd55648fbbf2180ea8f35c8e4 - - b7a65e3967cb45dbbcb89afd39f4f76c b7a65e3967cb45dbbcb89afd39f4f76c] 199.204.45.177 "GET /v2.0/floatingips?fixed_ip_address=10.100.0.13&port_id=a9a68090-649d-4cad-a2a7-d58dc81e3a1c HTTP/1.1" status: 200 len: 1060 time: 0.0643682
2026-06-30 19:11:53.930 9 INFO neutron.wsgi [req-c6201da2-1aa1-4b9c-8f09-e37251f6f9ab req-b90d39f6-6a96-4673-a112-80094f54f54d 5236164aa587457e87252a81e1712d29 7de378ecd55648fbbf2180ea8f35c8e4 - - b7a65e3967cb45dbbcb89afd39f4f76c b7a65e3967cb45dbbcb89afd39f4f76c] 199.204.45.177 "GET /v2.0/subnets?id=10201898-c2f8-45a9-9fc3-55a260c690fd HTTP/1.1" status: 200 len: 877 time: 0.0376530
2026-06-30 19:11:53.940 9 INFO neutron.wsgi [None req-152a3f16-5776-46fd-bb06-b019165ada17 62bd80caf8a34df99faacad92a4224d9 70c398958596430a82d505b1db7ec982 - - default default] 10.0.0.91 "DELETE /v2.0/floatingips/fb40ce51-e352-4840-8e72-7dd6bdce9de9 HTTP/1.1" status: 204 len: 168 time: 0.6297562
2026-06-30 19:11:53.961 9 WARNING neutron_lib.context [None req-99615542-a8c1-40fb-8211-9374b1006b95 62bd80caf8a34df99faacad92a4224d9 70c398958596430a82d505b1db7ec982 - - default default] Method 'is_advsvc' is deprecated since 2023.2 release (neutron-lib 3.8.0) and will be removed once support for the old RBAC API policies will be removed from Neutron. Please use method 'is_service_role' instead.
2026-06-30 19:11:53.966 9 INFO neutron.wsgi [req-c6201da2-1aa1-4b9c-8f09-e37251f6f9ab req-506ed195-8664-4ec3-a58e-19ede57274f9 5236164aa587457e87252a81e1712d29 7de378ecd55648fbbf2180ea8f35c8e4 - - b7a65e3967cb45dbbcb89afd39f4f76c b7a65e3967cb45dbbcb89afd39f4f76c] 199.204.45.177 "GET /v2.0/ports?network_id=662ca833-0b9f-4186-b5df-4c3f5d078557&device_owner=network%3Adhcp HTTP/1.1" status: 200 len: 210 time: 0.0301075
2026-06-30 19:11:54.057 9 INFO neutron.wsgi [req-c6201da2-1aa1-4b9c-8f09-e37251f6f9ab req-656e0057-974e-42e5-b643-33c7920fbfe3 5236164aa587457e87252a81e1712d29 7de378ecd55648fbbf2180ea8f35c8e4 - - b7a65e3967cb45dbbcb89afd39f4f76c b7a65e3967cb45dbbcb89afd39f4f76c] 199.204.45.177 "GET /v2.0/networks/662ca833-0b9f-4186-b5df-4c3f5d078557?fields=segments HTTP/1.1" status: 200 len: 212 time: 0.0815494
2026-06-30 19:11:54.098 9 INFO neutron.wsgi [None req-1104c640-c403-46bf-951a-14a94bce72f6 ef979f9f229945448379ee724be317d1 961d3458cc1244d5a0325340e06ef365 - - default default] 10.0.0.91 "DELETE /v2.0/security-groups/b9b28579-f221-4628-879e-b7d0fe549c13 HTTP/1.1" status: 204 len: 168 time: 0.4910805
2026-06-30 19:11:54.143 9 INFO neutron.wsgi [req-c6201da2-1aa1-4b9c-8f09-e37251f6f9ab req-ae1d61cc-0bae-4a65-b611-7db436b1dc98 5236164aa587457e87252a81e1712d29 7de378ecd55648fbbf2180ea8f35c8e4 - - b7a65e3967cb45dbbcb89afd39f4f76c b7a65e3967cb45dbbcb89afd39f4f76c] 199.204.45.177 "GET /v2.0/networks/662ca833-0b9f-4186-b5df-4c3f5d078557?fields=provider%3Aphysical_network&fields=provider%3Anetwork_type HTTP/1.1" status: 200 len: 277 time: 0.0792258
2026-06-30 19:11:54.238 9 INFO neutron.wsgi [req-99fb097d-f8ac-44ea-8d4d-c38a3bbeea44 req-982278bc-6bce-4af8-a0f7-959affec9c0a 5236164aa587457e87252a81e1712d29 7de378ecd55648fbbf2180ea8f35c8e4 - - b7a65e3967cb45dbbcb89afd39f4f76c b7a65e3967cb45dbbcb89afd39f4f76c] 199.204.45.177 "GET /v2.0/ports?tenant_id=7b1420ae8aaf430da8b6f32b815c0b07&device_id=c64f7287-d15f-4335-b96f-8299fd087244 HTTP/1.1" status: 200 len: 1413 time: 0.0508220
2026-06-30 19:11:54.300 10 INFO neutron.db.ovn_revision_numbers_db [None req-45a049e7-b417-4de8-9882-278047b48b76 1afce252f6a745768789b82917b03284 446fbafa49384e9192d05ac4fd3ea780 - - default default] Successfully bumped revision number for resource 706478f0-3a5c-4c73-865f-8ff6f920df87 (type: floatingips) to 1
2026-06-30 19:11:54.326 9 INFO neutron.wsgi [req-99fb097d-f8ac-44ea-8d4d-c38a3bbeea44 req-5c31fab7-96d0-4294-b927-0d32d1da705f 5236164aa587457e87252a81e1712d29 7de378ecd55648fbbf2180ea8f35c8e4 - - b7a65e3967cb45dbbcb89afd39f4f76c b7a65e3967cb45dbbcb89afd39f4f76c] 199.204.45.177 "GET /v2.0/networks?id=662ca833-0b9f-4186-b5df-4c3f5d078557 HTTP/1.1" status: 200 len: 982 time: 0.0817058
2026-06-30 19:11:54.329 9 WARNING neutron.scheduler.dhcp_agent_scheduler [None req-99615542-a8c1-40fb-8211-9374b1006b95 62bd80caf8a34df99faacad92a4224d9 70c398958596430a82d505b1db7ec982 - - default default] No more DHCP agents
2026-06-30 19:11:54.332 9 WARNING neutron.api.rpc.agentnotifiers.dhcp_rpc_agent_api [None req-99615542-a8c1-40fb-8211-9374b1006b95 62bd80caf8a34df99faacad92a4224d9 70c398958596430a82d505b1db7ec982 - - default default] Unable to schedule network 2ce4b973-0e98-4eb1-bf26-a3b2771ccebd: no agents available; will retry on subsequent port and subnet creation events.
2026-06-30 19:11:54.393 9 INFO neutron.wsgi [req-99fb097d-f8ac-44ea-8d4d-c38a3bbeea44 req-3fe55ebc-f5a1-412f-b162-a12b2cae57bc 5236164aa587457e87252a81e1712d29 7de378ecd55648fbbf2180ea8f35c8e4 - - b7a65e3967cb45dbbcb89afd39f4f76c b7a65e3967cb45dbbcb89afd39f4f76c] 199.204.45.177 "GET /v2.0/floatingips?fixed_ip_address=10.100.0.13&port_id=a9a68090-649d-4cad-a2a7-d58dc81e3a1c HTTP/1.1" status: 200 len: 1060 time: 0.0538857
2026-06-30 19:11:54.453 9 INFO neutron.wsgi [req-99fb097d-f8ac-44ea-8d4d-c38a3bbeea44 req-57b223b6-90fd-455a-8f59-745850428e30 5236164aa587457e87252a81e1712d29 7de378ecd55648fbbf2180ea8f35c8e4 - - b7a65e3967cb45dbbcb89afd39f4f76c b7a65e3967cb45dbbcb89afd39f4f76c] 199.204.45.177 "GET /v2.0/subnets?id=10201898-c2f8-45a9-9fc3-55a260c690fd HTTP/1.1" status: 200 len: 877 time: 0.0507562
2026-06-30 19:11:54.461 10 INFO neutron.db.ovn_revision_numbers_db [None req-45a049e7-b417-4de8-9882-278047b48b76 1afce252f6a745768789b82917b03284 446fbafa49384e9192d05ac4fd3ea780 - - default default] Successfully bumped revision number for resource 706478f0-3a5c-4c73-865f-8ff6f920df87 (type: floatingips) to 2
2026-06-30 19:11:54.462 10 INFO neutron.db.l3_db [None req-45a049e7-b417-4de8-9882-278047b48b76 1afce252f6a745768789b82917b03284 446fbafa49384e9192d05ac4fd3ea780 - - default default] Floating IP 706478f0-3a5c-4c73-865f-8ff6f920df87 associated. External IP: 10.96.250.216, port: 4db7eaef-875e-4cd1-b760-021737b76f17.
2026-06-30 19:11:54.488 9 INFO neutron.wsgi [req-99fb097d-f8ac-44ea-8d4d-c38a3bbeea44 req-bb3a3ab3-4ebd-42dc-846a-2dcc1ba40e3e 5236164aa587457e87252a81e1712d29 7de378ecd55648fbbf2180ea8f35c8e4 - - b7a65e3967cb45dbbcb89afd39f4f76c b7a65e3967cb45dbbcb89afd39f4f76c] 199.204.45.177 "GET /v2.0/ports?network_id=662ca833-0b9f-4186-b5df-4c3f5d078557&device_owner=network%3Adhcp HTTP/1.1" status: 200 len: 210 time: 0.0260301
2026-06-30 19:11:54.494 10 INFO neutron.wsgi [None req-45a049e7-b417-4de8-9882-278047b48b76 1afce252f6a745768789b82917b03284 446fbafa49384e9192d05ac4fd3ea780 - - default default] 10.0.0.91 "PUT /v2.0/floatingips/706478f0-3a5c-4c73-865f-8ff6f920df87 HTTP/1.1" status: 200 len: 1050 time: 1.0574977
2026-06-30 19:11:54.542 10 INFO neutron.notifiers.nova [-] Nova event matching ['req-761eded5-1272-4e8e-9b8e-00b8a12d3a8e'] response: {'server_uuid': '873dfa01-ce48-4c59-912a-ac61f21ce5bc', 'name': 'network-vif-plugged', 'status': 'completed', 'tag': '4db7eaef-875e-4cd1-b760-021737b76f17', 'code': 200}
2026-06-30 19:11:54.542 10 INFO neutron.notifiers.nova [-] Nova event matching ['req-761eded5-1272-4e8e-9b8e-00b8a12d3a8e'] response: {'name': 'network-changed', 'server_uuid': '873dfa01-ce48-4c59-912a-ac61f21ce5bc', 'tag': '4db7eaef-875e-4cd1-b760-021737b76f17', 'status': 'completed', 'code': 200} /var/lib/openstack/lib/python3.10/site-packages/pycadf/identifier.py:71: UserWarning: Invalid uuid: neutron. To ensure interoperability, identifiers should be a valid uuid. warnings.warn(('Invalid uuid: %s. To ensure interoperability, '
2026-06-30 19:11:54.576 10 INFO neutron.wsgi [req-52c8c594-0db2-428b-a26d-8da8e14eb7a2 req-fd8af763-793e-4095-9aa5-278405168e2a 1afce252f6a745768789b82917b03284 446fbafa49384e9192d05ac4fd3ea780 - - default default] 10.0.0.149 "GET /v2.0/ports?device_id=873dfa01-ce48-4c59-912a-ac61f21ce5bc HTTP/1.1" status: 200 len: 1174 time: 0.0389280
2026-06-30 19:11:54.627 10 INFO neutron.wsgi [req-52c8c594-0db2-428b-a26d-8da8e14eb7a2 req-b6940270-1915-445d-ac6a-ab724c3cf2a7 1afce252f6a745768789b82917b03284 446fbafa49384e9192d05ac4fd3ea780 - - default default] 10.0.0.149 "GET /v2.0/security-groups?id=c96d8f53-b004-477d-8b8f-220e0886b92a&fields=id&fields=name HTTP/1.1" status: 200 len: 311 time: 0.0439155
2026-06-30 19:11:54.642 9 INFO neutron.wsgi [req-8c9c9435-ef5f-4264-907a-3b3602752afd req-ee342c48-e99c-445b-8821-99d1269868d2 5236164aa587457e87252a81e1712d29 7de378ecd55648fbbf2180ea8f35c8e4 - - b7a65e3967cb45dbbcb89afd39f4f76c b7a65e3967cb45dbbcb89afd39f4f76c] 199.204.45.177 "GET /v2.0/ports?tenant_id=446fbafa49384e9192d05ac4fd3ea780&device_id=873dfa01-ce48-4c59-912a-ac61f21ce5bc HTTP/1.1" status: 200 len: 1413 time: 0.0722995
2026-06-30 19:11:54.645 9 INFO neutron.wsgi [req-99fb097d-f8ac-44ea-8d4d-c38a3bbeea44 req-e789b798-ac98-417f-8f11-56f20a8f5bdf 5236164aa587457e87252a81e1712d29 7de378ecd55648fbbf2180ea8f35c8e4 - - b7a65e3967cb45dbbcb89afd39f4f76c b7a65e3967cb45dbbcb89afd39f4f76c] 199.204.45.177 "GET /v2.0/networks/662ca833-0b9f-4186-b5df-4c3f5d078557?fields=segments HTTP/1.1" status: 200 len: 212 time: 0.1357687
2026-06-30 19:11:54.999 10 INFO neutron.plugins.ml2.drivers.ovn.mech_driver.mech_driver [None req-a6ff4054-4c4e-4687-84ca-143e5307079f - - - - - -] OVN reports status down for port: 4db7eaef-875e-4cd1-b760-021737b76f17
2026-06-30 19:11:55.036 10 INFO neutron.wsgi [req-7410330f-9be0-429b-bf07-96248301658c req-64711ab8-354f-4d7f-a9ef-bc78ddb5474c 1afce252f6a745768789b82917b03284 446fbafa49384e9192d05ac4fd3ea780 - - default default] 10.0.0.149 "GET /v2.0/ports?device_id=873dfa01-ce48-4c59-912a-ac61f21ce5bc HTTP/1.1" status: 200 len: 1174 time: 0.0848424
2026-06-30 19:11:55.071 10 INFO neutron.wsgi [req-3a20747f-ab8a-405f-bfd6-9f254fd6a42d req-b5420392-4313-408f-8fca-4e1d00de65a9 363348cab1d94c789d4ca869b4cbb13c 7b1420ae8aaf430da8b6f32b815c0b07 - - default default] 10.0.0.149 "GET /v2.0/ports?device_id=c64f7287-d15f-4335-b96f-8299fd087244 HTTP/1.1" status: 200 len: 1174 time: 0.0729711
2026-06-30 19:11:55.112 10 INFO neutron.wsgi [req-7410330f-9be0-429b-bf07-96248301658c req-d99b86b6-bb90-4fd2-a0fb-2973bb5b5a15 1afce252f6a745768789b82917b03284 446fbafa49384e9192d05ac4fd3ea780 - - default default] 10.0.0.149 "GET /v2.0/security-groups?id=c96d8f53-b004-477d-8b8f-220e0886b92a&fields=id&fields=name HTTP/1.1" status: 200 len: 311 time: 0.0678899
2026-06-30 19:11:55.126 9 INFO neutron.wsgi [req-8c9c9435-ef5f-4264-907a-3b3602752afd req-acc57e73-ba54-4cb4-a06d-7a58c2fead12 5236164aa587457e87252a81e1712d29 7de378ecd55648fbbf2180ea8f35c8e4 - - b7a65e3967cb45dbbcb89afd39f4f76c b7a65e3967cb45dbbcb89afd39f4f76c] 199.204.45.177 "GET /v2.0/networks?id=26fcf565-653b-4a5a-8320-f9a12303a5f5 HTTP/1.1" status: 200 len: 974 time: 0.4733868
2026-06-30 19:11:55.139 9 INFO neutron.wsgi [req-99fb097d-f8ac-44ea-8d4d-c38a3bbeea44 req-7fb143dc-e170-4c8f-93e0-e1e04ae32a47 5236164aa587457e87252a81e1712d29 7de378ecd55648fbbf2180ea8f35c8e4 - - b7a65e3967cb45dbbcb89afd39f4f76c b7a65e3967cb45dbbcb89afd39f4f76c] 199.204.45.177 "GET /v2.0/networks/662ca833-0b9f-4186-b5df-4c3f5d078557?fields=provider%3Aphysical_network&fields=provider%3Anetwork_type HTTP/1.1" status: 200 len: 277 time: 0.4838102
2026-06-30 19:11:55.142 9 WARNING neutron.plugins.ml2.drivers.ovn.mech_driver.ovsdb.ovn_client [None req-82e30c96-36d2-4c62-8f9d-91015b037f83 - - - - - -] No hosting information found for port d037cae2-18d7-48b8-b348-7eb4f8dbc7c4: RuntimeError: No hosting information found for port d037cae2-18d7-48b8-b348-7eb4f8dbc7c4
2026-06-30 19:11:55.146 10 INFO neutron.wsgi [req-3a20747f-ab8a-405f-bfd6-9f254fd6a42d req-153bde2d-196a-45f1-a25b-ece92ef8baf1 363348cab1d94c789d4ca869b4cbb13c 7b1420ae8aaf430da8b6f32b815c0b07 - - default default] 10.0.0.149 "GET /v2.0/security-groups?id=e6b458ae-c850-4ac7-a1b4-e000bc213ad9&fields=id&fields=name HTTP/1.1" status: 200 len: 313 time: 0.0663786 /var/lib/openstack/lib/python3.10/site-packages/pycadf/identifier.py:71: UserWarning: Invalid uuid: neutron. To ensure interoperability, identifiers should be a valid uuid. warnings.warn(('Invalid uuid: %s. To ensure interoperability, '
2026-06-30 19:11:55.291 9 INFO neutron.wsgi [req-8c9c9435-ef5f-4264-907a-3b3602752afd req-718c77d8-44ab-4330-a143-d6030d9f2f14 5236164aa587457e87252a81e1712d29 7de378ecd55648fbbf2180ea8f35c8e4 - - b7a65e3967cb45dbbcb89afd39f4f76c b7a65e3967cb45dbbcb89afd39f4f76c] 199.204.45.177 "GET /v2.0/floatingips?fixed_ip_address=10.100.0.14&port_id=4db7eaef-875e-4cd1-b760-021737b76f17 HTTP/1.1" status: 200 len: 1060 time: 0.1569576 /var/lib/openstack/lib/python3.10/site-packages/pycadf/identifier.py:71: UserWarning: Invalid uuid: neutron. To ensure interoperability, identifiers should be a valid uuid. warnings.warn(('Invalid uuid: %s. To ensure interoperability, '
2026-06-30 19:11:55.381 9 INFO neutron.wsgi [req-8c9c9435-ef5f-4264-907a-3b3602752afd req-ef11ad41-75f8-49bf-bc84-fb6f439a1672 5236164aa587457e87252a81e1712d29 7de378ecd55648fbbf2180ea8f35c8e4 - - b7a65e3967cb45dbbcb89afd39f4f76c b7a65e3967cb45dbbcb89afd39f4f76c] 199.204.45.177 "GET /v2.0/subnets?id=caecfccc-3cd9-4d99-98e1-ff5eb6ad1758 HTTP/1.1" status: 200 len: 869 time: 0.0832098
2026-06-30 19:11:55.421 9 INFO neutron.wsgi [req-8c9c9435-ef5f-4264-907a-3b3602752afd req-c2398476-c023-4f14-a488-b6c903b4a68b 5236164aa587457e87252a81e1712d29 7de378ecd55648fbbf2180ea8f35c8e4 - - b7a65e3967cb45dbbcb89afd39f4f76c b7a65e3967cb45dbbcb89afd39f4f76c] 199.204.45.177 "GET /v2.0/ports?network_id=26fcf565-653b-4a5a-8320-f9a12303a5f5&device_owner=network%3Adhcp HTTP/1.1" status: 200 len: 210 time: 0.0273564
2026-06-30 19:11:55.441 10 INFO neutron.db.ovn_revision_numbers_db [None req-a6ff4054-4c4e-4687-84ca-143e5307079f - - - - - -] Successfully bumped revision number for resource 4db7eaef-875e-4cd1-b760-021737b76f17 (type: ports) to 5
2026-06-30 19:11:55.467 10 INFO neutron.plugins.ml2.drivers.ovn.mech_driver.mech_driver [None req-a6ff4054-4c4e-4687-84ca-143e5307079f - - - - - -] OVN reports status down for port: a9a68090-649d-4cad-a2a7-d58dc81e3a1c
2026-06-30 19:11:55.528 9 INFO neutron.wsgi [req-65a9c039-8a7c-461f-bb00-d74638e6a126 req-956b57e3-8407-43c2-88f4-50539b4c7866 1afce252f6a745768789b82917b03284 446fbafa49384e9192d05ac4fd3ea780 - - default default] 199.204.45.177 "GET /v2.0/ports?device_id=873dfa01-ce48-4c59-912a-ac61f21ce5bc HTTP/1.1" status: 200 len: 1172 time: 0.1830204
2026-06-30 19:11:55.542 10 INFO neutron.wsgi [req-cd4d4e40-4ef1-416a-a489-ba202b3496f4 req-e5db31ff-d130-4838-8101-75b7f0d97e70 363348cab1d94c789d4ca869b4cbb13c 7b1420ae8aaf430da8b6f32b815c0b07 - - default default] 199.204.45.177 "GET /v2.0/ports?device_id=c64f7287-d15f-4335-b96f-8299fd087244 HTTP/1.1" status: 200 len: 1174 time: 0.1310978
2026-06-30 19:11:55.548 9 INFO neutron.wsgi [req-8c9c9435-ef5f-4264-907a-3b3602752afd req-e497347b-200b-4fb2-98ba-0e433dfdca69 5236164aa587457e87252a81e1712d29 7de378ecd55648fbbf2180ea8f35c8e4 - - b7a65e3967cb45dbbcb89afd39f4f76c b7a65e3967cb45dbbcb89afd39f4f76c] 199.204.45.177 "GET /v2.0/networks/26fcf565-653b-4a5a-8320-f9a12303a5f5?fields=segments HTTP/1.1" status: 200 len: 212 time: 0.1159809 /var/lib/openstack/lib/python3.10/site-packages/pycadf/identifier.py:71: UserWarning: Invalid uuid: neutron. To ensure interoperability, identifiers should be a valid uuid. warnings.warn(('Invalid uuid: %s. To ensure interoperability, '
2026-06-30 19:11:55.671 9 INFO neutron.wsgi [req-8c9c9435-ef5f-4264-907a-3b3602752afd req-62568abf-7268-4124-a0e6-be0c612807a8 5236164aa587457e87252a81e1712d29 7de378ecd55648fbbf2180ea8f35c8e4 - - b7a65e3967cb45dbbcb89afd39f4f76c b7a65e3967cb45dbbcb89afd39f4f76c] 199.204.45.177 "GET /v2.0/networks/26fcf565-653b-4a5a-8320-f9a12303a5f5?fields=provider%3Aphysical_network&fields=provider%3Anetwork_type HTTP/1.1" status: 200 len: 277 time: 0.1152546
2026-06-30 19:11:55.941 10 INFO neutron.db.ovn_revision_numbers_db [None req-a6ff4054-4c4e-4687-84ca-143e5307079f - - - - - -] Successfully bumped revision number for resource a9a68090-649d-4cad-a2a7-d58dc81e3a1c (type: ports) to 7
2026-06-30 19:11:55.975 9 INFO neutron.db.ovn_revision_numbers_db [None req-99615542-a8c1-40fb-8211-9374b1006b95 62bd80caf8a34df99faacad92a4224d9 70c398958596430a82d505b1db7ec982 - - default default] Successfully bumped revision number for resource 444fc18a-ccca-489a-aab7-9076bdd11f4a (type: floatingips) to -1
2026-06-30 19:11:56.061 9 INFO neutron.db.l3_db [req-65a9c039-8a7c-461f-bb00-d74638e6a126 req-7f6e994f-d142-48c5-87df-b460138a5e23 1afce252f6a745768789b82917b03284 446fbafa49384e9192d05ac4fd3ea780 - - default default] Floating IP 706478f0-3a5c-4c73-865f-8ff6f920df87 disassociated. External IP: 10.96.250.216, port: 4db7eaef-875e-4cd1-b760-021737b76f17.
2026-06-30 19:11:56.124 10 INFO neutron.db.l3_db [req-cd4d4e40-4ef1-416a-a489-ba202b3496f4 req-7381f8e9-13b9-4c71-a13b-b24f9c08637c 363348cab1d94c789d4ca869b4cbb13c 7b1420ae8aaf430da8b6f32b815c0b07 - - default default] Floating IP d44cf398-c0c7-4f7a-841b-15affa1db1e5 disassociated. External IP: 10.96.250.212, port: a9a68090-649d-4cad-a2a7-d58dc81e3a1c.
2026-06-30 19:11:56.161 9 INFO neutron.db.ovn_revision_numbers_db [None req-99615542-a8c1-40fb-8211-9374b1006b95 62bd80caf8a34df99faacad92a4224d9 70c398958596430a82d505b1db7ec982 - - default default] Successfully bumped revision number for resource 444fc18a-ccca-489a-aab7-9076bdd11f4a (type: floatingips) to 1
2026-06-30 19:11:56.161 9 INFO neutron.db.l3_db [None req-99615542-a8c1-40fb-8211-9374b1006b95 62bd80caf8a34df99faacad92a4224d9 70c398958596430a82d505b1db7ec982 - - default default] Floating IP 444fc18a-ccca-489a-aab7-9076bdd11f4a associated. External IP: 10.96.250.206, port: e309b850-30b5-477b-867f-573293c89f78. /var/lib/openstack/lib/python3.10/site-packages/pycadf/identifier.py:71: UserWarning: Invalid uuid: neutron. To ensure interoperability, identifiers should be a valid uuid. warnings.warn(('Invalid uuid: %s. To ensure interoperability, '
2026-06-30 19:11:56.217 9 INFO neutron.wsgi [None req-99615542-a8c1-40fb-8211-9374b1006b95 62bd80caf8a34df99faacad92a4224d9 70c398958596430a82d505b1db7ec982 - - default default] 10.0.0.91 "POST /v2.0/floatingips HTTP/1.1" status: 201 len: 1041 time: 2.2681375 /var/lib/openstack/lib/python3.10/site-packages/pycadf/identifier.py:71: UserWarning: Invalid uuid: neutron. To ensure interoperability, identifiers should be a valid uuid. warnings.warn(('Invalid uuid: %s. To ensure interoperability, '
2026-06-30 19:11:56.237 10 INFO neutron.wsgi [req-fb9cb13f-4ecf-4bad-bcbf-a3627ef71ee6 req-292b00a8-ea03-42dd-85c4-a05c7e050b21 1afce252f6a745768789b82917b03284 446fbafa49384e9192d05ac4fd3ea780 - - default default] 10.0.0.149 "GET /v2.0/ports?device_id=873dfa01-ce48-4c59-912a-ac61f21ce5bc HTTP/1.1" status: 200 len: 210 time: 0.0348132
2026-06-30 19:11:56.267 9 INFO neutron.wsgi [req-65a9c039-8a7c-461f-bb00-d74638e6a126 req-7f6e994f-d142-48c5-87df-b460138a5e23 1afce252f6a745768789b82917b03284 446fbafa49384e9192d05ac4fd3ea780 - - default default] 199.204.45.177 "DELETE /v2.0/ports/4db7eaef-875e-4cd1-b760-021737b76f17 HTTP/1.1" status: 204 len: 173 time: 0.7326863
2026-06-30 19:11:56.293 10 INFO neutron.wsgi [req-9136dc3f-26a5-40e4-923f-6c1e38a00186 req-09ad43a3-0a63-42da-a5da-405172b2cf98 363348cab1d94c789d4ca869b4cbb13c 7b1420ae8aaf430da8b6f32b815c0b07 - - default default] 10.0.0.149 "GET /v2.0/ports?device_id=c64f7287-d15f-4335-b96f-8299fd087244 HTTP/1.1" status: 200 len: 1172 time: 0.0777264
2026-06-30 19:11:56.299 9 INFO neutron.wsgi [None req-eefdcf21-71dc-498b-9291-372c2998723e 62bd80caf8a34df99faacad92a4224d9 70c398958596430a82d505b1db7ec982 - - default default] 10.0.0.91 "GET /v2.0/floatingips/444fc18a-ccca-489a-aab7-9076bdd11f4a HTTP/1.1" status: 200 len: 1038 time: 0.0755138
2026-06-30 19:11:56.318 10 INFO neutron.wsgi [req-cd4d4e40-4ef1-416a-a489-ba202b3496f4 req-7381f8e9-13b9-4c71-a13b-b24f9c08637c 363348cab1d94c789d4ca869b4cbb13c 7b1420ae8aaf430da8b6f32b815c0b07 - - default default] 199.204.45.177 "DELETE /v2.0/ports/a9a68090-649d-4cad-a2a7-d58dc81e3a1c HTTP/1.1" status: 204 len: 173 time: 0.7654569
2026-06-30 19:11:56.322 9 INFO neutron.notifiers.nova [-] Nova event matching ['req-957d0c95-684d-4751-9486-1667f13a3e24'] response: {'server_uuid': '873dfa01-ce48-4c59-912a-ac61f21ce5bc', 'name': 'network-vif-deleted', 'tag': '4db7eaef-875e-4cd1-b760-021737b76f17', 'status': 'completed', 'code': 200}
2026-06-30 19:11:56.362 10 INFO neutron.wsgi [req-9136dc3f-26a5-40e4-923f-6c1e38a00186 req-35281b07-b53c-4e39-9f46-df89ab6c77b9 363348cab1d94c789d4ca869b4cbb13c 7b1420ae8aaf430da8b6f32b815c0b07 - - default default] 10.0.0.149 "GET /v2.0/security-groups?id=e6b458ae-c850-4ac7-a1b4-e000bc213ad9&fields=id&fields=name HTTP/1.1" status: 200 len: 313 time: 0.0590768
2026-06-30 19:11:56.389 9 INFO neutron.wsgi [None req-49d4d859-7565-443a-a72e-329cecbfbec9 62bd80caf8a34df99faacad92a4224d9 70c398958596430a82d505b1db7ec982 - - default default] 10.0.0.91 "GET /v2.0/floatingips HTTP/1.1" status: 200 len: 1041 time: 0.0833337
2026-06-30 19:11:56.591 10 INFO neutron.notifiers.nova [-] Nova event matching ['req-2405ae64-6326-4006-a3f6-60870212aabf'] response: {'server_uuid': '873dfa01-ce48-4c59-912a-ac61f21ce5bc', 'name': 'network-vif-unplugged', 'status': 'completed', 'tag': '4db7eaef-875e-4cd1-b760-021737b76f17', 'code': 200}
2026-06-30 19:11:56.592 10 INFO neutron.notifiers.nova [-] Nova event matching ['req-2405ae64-6326-4006-a3f6-60870212aabf'] response: {'server_uuid': '873dfa01-ce48-4c59-912a-ac61f21ce5bc', 'name': 'network-vif-unplugged', 'status': 'completed', 'tag': '4db7eaef-875e-4cd1-b760-021737b76f17', 'code': 200}
2026-06-30 19:11:56.592 10 INFO neutron.notifiers.nova [-] Nova event matching ['req-2405ae64-6326-4006-a3f6-60870212aabf'] response: {'server_uuid': 'c64f7287-d15f-4335-b96f-8299fd087244', 'name': 'network-vif-unplugged', 'status': 'completed', 'tag': 'a9a68090-649d-4cad-a2a7-d58dc81e3a1c', 'code': 200}
2026-06-30 19:11:56.592 10 INFO neutron.notifiers.nova [-] Nova event matching ['req-2405ae64-6326-4006-a3f6-60870212aabf'] response: {'server_uuid': 'c64f7287-d15f-4335-b96f-8299fd087244', 'name': 'network-vif-unplugged', 'status': 'completed', 'tag': 'a9a68090-649d-4cad-a2a7-d58dc81e3a1c', 'code': 200}
2026-06-30 19:11:56.592 10 INFO neutron.notifiers.nova [-] Nova event matching ['req-2405ae64-6326-4006-a3f6-60870212aabf'] response: {'server_uuid': 'c64f7287-d15f-4335-b96f-8299fd087244', 'name': 'network-vif-deleted', 'tag': 'a9a68090-649d-4cad-a2a7-d58dc81e3a1c', 'status': 'completed', 'code': 200}
2026-06-30 19:11:57.120 9 INFO neutron.db.ovn_revision_numbers_db [None req-7fa0fbbe-9e8d-48a7-8170-d53a10680c8f 62bd80caf8a34df99faacad92a4224d9 70c398958596430a82d505b1db7ec982 - - default default] Successfully bumped revision number for resource 444fc18a-ccca-489a-aab7-9076bdd11f4a (type: floatingips) to 2
2026-06-30 19:11:57.263 9 INFO neutron.db.ovn_revision_numbers_db [None req-7fa0fbbe-9e8d-48a7-8170-d53a10680c8f 62bd80caf8a34df99faacad92a4224d9 70c398958596430a82d505b1db7ec982 - - default default] Successfully bumped revision number for resource 444fc18a-ccca-489a-aab7-9076bdd11f4a (type: floatingips) to 2
2026-06-30 19:11:57.264 9 INFO neutron.db.l3_db [None req-7fa0fbbe-9e8d-48a7-8170-d53a10680c8f 62bd80caf8a34df99faacad92a4224d9 70c398958596430a82d505b1db7ec982 - - default default] Floating IP 444fc18a-ccca-489a-aab7-9076bdd11f4a associated. External IP: 10.96.250.206, port: e309b850-30b5-477b-867f-573293c89f78.
2026-06-30 19:11:57.328 9 INFO neutron.wsgi [None req-7fa0fbbe-9e8d-48a7-8170-d53a10680c8f 62bd80caf8a34df99faacad92a4224d9 70c398958596430a82d505b1db7ec982 - - default default] 10.0.0.91 "PUT /v2.0/floatingips/444fc18a-ccca-489a-aab7-9076bdd11f4a HTTP/1.1" status: 200 len: 1037 time: 0.9324307 /var/lib/openstack/lib/python3.10/site-packages/pycadf/identifier.py:71: UserWarning: Invalid uuid: neutron. To ensure interoperability, identifiers should be a valid uuid. warnings.warn(('Invalid uuid: %s. To ensure interoperability, ' /var/lib/openstack/lib/python3.10/site-packages/pycadf/identifier.py:71: UserWarning: Invalid uuid: neutron. To ensure interoperability, identifiers should be a valid uuid. warnings.warn(('Invalid uuid: %s. To ensure interoperability, '
2026-06-30 19:11:57.527 10 INFO neutron.wsgi [None req-5462c04e-af7a-4622-92f9-e0d87ea4dbc7 1afce252f6a745768789b82917b03284 446fbafa49384e9192d05ac4fd3ea780 - - default default] 10.0.0.91 "DELETE /v2.0/security-groups/c96d8f53-b004-477d-8b8f-220e0886b92a HTTP/1.1" status: 204 len: 168 time: 0.1844110
2026-06-30 19:11:57.554 10 INFO neutron.api.v2.resource [None req-25e90ffd-54d7-4deb-b395-ade5fec07ed5 1afce252f6a745768789b82917b03284 446fbafa49384e9192d05ac4fd3ea780 - - default default] show failed (client error): The resource could not be found.
2026-06-30 19:11:57.555 10 INFO neutron.wsgi [None req-25e90ffd-54d7-4deb-b395-ade5fec07ed5 1afce252f6a745768789b82917b03284 446fbafa49384e9192d05ac4fd3ea780 - - default default] 10.0.0.91 "GET /v2.0/security-groups/c96d8f53-b004-477d-8b8f-220e0886b92a HTTP/1.1" status: 404 len: 347 time: 0.0214550
2026-06-30 19:11:57.666 10 INFO neutron.wsgi [None req-29d99a98-dc88-46d5-aebb-f5292a3fde52 363348cab1d94c789d4ca869b4cbb13c 7b1420ae8aaf430da8b6f32b815c0b07 - - default default] 10.0.0.91 "DELETE /v2.0/security-groups/e6b458ae-c850-4ac7-a1b4-e000bc213ad9 HTTP/1.1" status: 204 len: 168 time: 0.2085717
2026-06-30 19:11:57.691 10 INFO neutron.api.v2.resource [None req-96890bf0-a716-44c9-9a6a-48e77bd8e861 363348cab1d94c789d4ca869b4cbb13c 7b1420ae8aaf430da8b6f32b815c0b07 - - default default] show failed (client error): The resource could not be found.
2026-06-30 19:11:57.692 10 INFO neutron.wsgi [None req-96890bf0-a716-44c9-9a6a-48e77bd8e861 363348cab1d94c789d4ca869b4cbb13c 7b1420ae8aaf430da8b6f32b815c0b07 - - default default] 10.0.0.91 "GET /v2.0/security-groups/e6b458ae-c850-4ac7-a1b4-e000bc213ad9 HTTP/1.1" status: 404 len: 347 time: 0.0177877
2026-06-30 19:11:57.769 9 INFO neutron.db.ovn_revision_numbers_db [None req-603b8136-b895-4f24-a595-ef313f2f2347 62bd80caf8a34df99faacad92a4224d9 70c398958596430a82d505b1db7ec982 - - default default] Successfully bumped revision number for resource 444fc18a-ccca-489a-aab7-9076bdd11f4a (type: floatingips) to 3
2026-06-30 19:11:57.835 9 INFO neutron.db.l3_db [None req-603b8136-b895-4f24-a595-ef313f2f2347 62bd80caf8a34df99faacad92a4224d9 70c398958596430a82d505b1db7ec982 - - default default] Floating IP 444fc18a-ccca-489a-aab7-9076bdd11f4a disassociated. External IP: 10.96.250.206, port: 8cab424f-2051-4a64-98b3-b0b5b68d2c45.
2026-06-30 19:11:57.866 9 INFO neutron.wsgi [None req-603b8136-b895-4f24-a595-ef313f2f2347 62bd80caf8a34df99faacad92a4224d9 70c398958596430a82d505b1db7ec982 - - default default] 10.0.0.91 "PUT /v2.0/floatingips/444fc18a-ccca-489a-aab7-9076bdd11f4a HTTP/1.1" status: 200 len: 748 time: 0.5261717 /var/lib/openstack/lib/python3.10/site-packages/pycadf/identifier.py:71: UserWarning: Invalid uuid: neutron. To ensure interoperability, identifiers should be a valid uuid. warnings.warn(('Invalid uuid: %s. To ensure interoperability, '
2026-06-30 19:11:58.050 10 INFO neutron.db.ovn_revision_numbers_db [None req-ca2ae4a6-afdd-4eb4-8a53-d660c3119447 ef979f9f229945448379ee724be317d1 961d3458cc1244d5a0325340e06ef365 - - default default] Successfully bumped revision number for resource af745203-8e78-4a15-abf0-e298e532b070 (type: security_groups) to 1
2026-06-30 19:11:58.076 10 INFO neutron.db.ovn_revision_numbers_db [None req-ca2ae4a6-afdd-4eb4-8a53-d660c3119447 ef979f9f229945448379ee724be317d1 961d3458cc1244d5a0325340e06ef365 - - default default] Successfully bumped revision number for resource 0f87476d-a090-49a0-9b4c-284672025c80 (type: security_group_rules) to 0
2026-06-30 19:11:58.090 10 INFO neutron.wsgi [None req-593fde0f-378a-48f8-98ef-49c0f2482982 1afce252f6a745768789b82917b03284 446fbafa49384e9192d05ac4fd3ea780 - - default default] 10.0.0.91 "DELETE /v2.0/floatingips/706478f0-3a5c-4c73-865f-8ff6f920df87 HTTP/1.1" status: 204 len: 168 time: 0.5297818
2026-06-30 19:11:58.109 10 INFO neutron.db.ovn_revision_numbers_db [None req-ca2ae4a6-afdd-4eb4-8a53-d660c3119447 ef979f9f229945448379ee724be317d1 961d3458cc1244d5a0325340e06ef365 - - default default] Successfully bumped revision number for resource 2c2efe62-fb2a-4c11-906f-612aadf7677b (type: security_group_rules) to 0
2026-06-30 19:11:58.129 10 INFO neutron.db.ovn_revision_numbers_db [None req-ca2ae4a6-afdd-4eb4-8a53-d660c3119447 ef979f9f229945448379ee724be317d1 961d3458cc1244d5a0325340e06ef365 - - default default] Successfully bumped revision number for resource 6c4b1593-5179-43f9-ad73-73e1c48eb0cf (type: security_group_rules) to 0
2026-06-30 19:11:58.153 10 INFO neutron.db.ovn_revision_numbers_db [None req-ca2ae4a6-afdd-4eb4-8a53-d660c3119447 ef979f9f229945448379ee724be317d1 961d3458cc1244d5a0325340e06ef365 - - default default] Successfully bumped revision number for resource ba97ff87-edf6-4172-b939-3a9c3a5876eb (type: security_group_rules) to 0
2026-06-30 19:11:58.178 10 INFO neutron.wsgi [None req-ca2ae4a6-afdd-4eb4-8a53-d660c3119447 ef979f9f229945448379ee724be317d1 961d3458cc1244d5a0325340e06ef365 - - default default] 10.0.0.91 "GET /v2.0/security-groups?tenant_id=92a8c642335f421c968fbd8a75ee5c58&name=default HTTP/1.1" status: 200 len: 3120 time: 0.5068355
2026-06-30 19:11:58.208 10 INFO neutron.wsgi [None req-d347ac49-8806-4802-8711-5ec3513b7dac 363348cab1d94c789d4ca869b4cbb13c 7b1420ae8aaf430da8b6f32b815c0b07 - - default default] 10.0.0.91 "DELETE /v2.0/floatingips/d44cf398-c0c7-4f7a-841b-15affa1db1e5 HTTP/1.1" status: 204 len: 168 time: 0.5111625
2026-06-30 19:11:58.306 9 INFO neutron.wsgi [None req-7311f709-ae77-4509-b181-8b5c8c15b9e6 62bd80caf8a34df99faacad92a4224d9 70c398958596430a82d505b1db7ec982 - - default default] 10.0.0.91 "DELETE /v2.0/floatingips/444fc18a-ccca-489a-aab7-9076bdd11f4a HTTP/1.1" status: 204 len: 168 time: 0.4340136
2026-06-30 19:11:58.335 9 INFO neutron.api.v2.resource [None req-11a8165b-62af-4144-b81c-e8ef243aa02e 62bd80caf8a34df99faacad92a4224d9 70c398958596430a82d505b1db7ec982 - - default default] delete failed (client error): The resource could not be found.
2026-06-30 19:11:58.336 9 INFO neutron.wsgi [None req-11a8165b-62af-4144-b81c-e8ef243aa02e 62bd80caf8a34df99faacad92a4224d9 70c398958596430a82d505b1db7ec982 - - default default] 10.0.0.91 "DELETE /v2.0/floatingips/444fc18a-ccca-489a-aab7-9076bdd11f4a HTTP/1.1" status: 404 len: 345 time: 0.0240185
2026-06-30 19:11:58.492 10 INFO neutron.wsgi [None req-f8199d3c-2672-4f26-b8cb-e6fb7a59b2d3 ef979f9f229945448379ee724be317d1 961d3458cc1244d5a0325340e06ef365 - - default default] 10.0.0.91 "DELETE /v2.0/security-groups/af745203-8e78-4a15-abf0-e298e532b070 HTTP/1.1" status: 204 len: 168 time: 0.3085470
2026-06-30 19:11:58.924 9 INFO neutron.wsgi [None req-6c4800f5-cf75-452c-9b80-1d4e076d0cc8 62bd80caf8a34df99faacad92a4224d9 70c398958596430a82d505b1db7ec982 - - default default] 10.0.0.91 "DELETE /v2.0/ports/8cab424f-2051-4a64-98b3-b0b5b68d2c45 HTTP/1.1" status: 204 len: 168 time: 0.5826011
2026-06-30 19:11:59.496 10 INFO neutron.wsgi [None req-f150dbed-5c59-4b1c-926c-beccd160e316 62bd80caf8a34df99faacad92a4224d9 70c398958596430a82d505b1db7ec982 - - default default] 10.0.0.91 "DELETE /v2.0/ports/e309b850-30b5-477b-867f-573293c89f78 HTTP/1.1" status: 204 len: 168 time: 0.5645781
2026-06-30 19:11:59.549 10 INFO neutron.wsgi [None req-dc4bae48-b503-45c5-8abd-67b1a3499771 62bd80caf8a34df99faacad92a4224d9 70c398958596430a82d505b1db7ec982 - - default default] 10.0.0.91 "GET /v2.0/ports?device_id=0e93e769-0fe4-479a-b404-3d8b58ef404c HTTP/1.1" status: 200 len: 1140 time: 0.0473056
2026-06-30 19:11:59.762 9 INFO neutron.wsgi [None req-306e69b6-560d-4cc2-a7dc-d653a60d17d8 ef979f9f229945448379ee724be317d1 961d3458cc1244d5a0325340e06ef365 - - default default] 10.0.0.91 "PUT /v2.0/routers/a40343ec-8304-4dab-87a8-07df11971050/remove_router_interface HTTP/1.1" status: 200 len: 503 time: 1.6633308 /var/lib/openstack/lib/python3.10/site-packages/pycadf/identifier.py:71: UserWarning: Invalid uuid: neutron. To ensure interoperability, identifiers should be a valid uuid. warnings.warn(('Invalid uuid: %s. To ensure interoperability, '
2026-06-30 19:11:59.929 10 INFO neutron.wsgi [None req-f75004d2-c03b-459b-8907-64c36eaad2ea ef979f9f229945448379ee724be317d1 961d3458cc1244d5a0325340e06ef365 - - default default] 10.0.0.91 "PUT /v2.0/routers/dbe2a2ab-d54d-4d5a-b478-c677f6928123/remove_router_interface HTTP/1.1" status: 200 len: 503 time: 1.6459274 /var/lib/openstack/lib/python3.10/site-packages/pycadf/identifier.py:71: UserWarning: Invalid uuid: neutron. To ensure interoperability, identifiers should be a valid uuid. warnings.warn(('Invalid uuid: %s. To ensure interoperability, '
2026-06-30 19:12:00.304 9 INFO neutron.wsgi [-] 10.0.0.96 "GET / HTTP/1.1" status: 200 len: 247 time: 0.0019357
2026-06-30 19:12:00.306 9 INFO neutron.wsgi [-] 10.0.0.96 "GET / HTTP/1.1" status: 200 len: 247 time: 0.0009427
2026-06-30 19:12:00.850 10 INFO neutron.wsgi [None req-d72d5df3-7c5b-4286-8c95-df1d824dc1f8 ef979f9f229945448379ee724be317d1 961d3458cc1244d5a0325340e06ef365 - - default default] 10.0.0.91 "DELETE /v2.0/routers/dbe2a2ab-d54d-4d5a-b478-c677f6928123 HTTP/1.1" status: 204 len: 168 time: 0.9161863
2026-06-30 19:12:01.041 10 INFO neutron.wsgi [None req-df9122f3-ae66-46c7-a3fd-59b2030a5f54 ef979f9f229945448379ee724be317d1 961d3458cc1244d5a0325340e06ef365 - - default default] 10.0.0.91 "DELETE /v2.0/subnets/10201898-c2f8-45a9-9fc3-55a260c690fd HTTP/1.1" status: 204 len: 168 time: 0.1867888
2026-06-30 19:12:01.104 9 INFO neutron.wsgi [None req-6e47b972-ce21-4c29-a71c-db1151fbe057 ef979f9f229945448379ee724be317d1 961d3458cc1244d5a0325340e06ef365 - - default default] 10.0.0.91 "DELETE /v2.0/routers/a40343ec-8304-4dab-87a8-07df11971050 HTTP/1.1" status: 204 len: 168 time: 1.3308821
2026-06-30 19:12:01.196 10 INFO neutron.db.ovn_revision_numbers_db [None req-d51039d1-e11b-4f87-aa2d-c6190875cbe3 ef979f9f229945448379ee724be317d1 961d3458cc1244d5a0325340e06ef365 - - default default] Successfully bumped revision number for resource 21a1f651-f350-49ad-a0fc-62fab0073432 (type: security_groups) to 1
2026-06-30 19:12:01.217 10 INFO neutron.db.ovn_revision_numbers_db [None req-d51039d1-e11b-4f87-aa2d-c6190875cbe3 ef979f9f229945448379ee724be317d1 961d3458cc1244d5a0325340e06ef365 - - default default] Successfully bumped revision number for resource 04472ef1-2e4d-4a0d-86f9-af1cd7d5cf7b (type: security_group_rules) to 0
2026-06-30 19:12:01.232 10 INFO neutron.db.ovn_revision_numbers_db [None req-d51039d1-e11b-4f87-aa2d-c6190875cbe3 ef979f9f229945448379ee724be317d1 961d3458cc1244d5a0325340e06ef365 - - default default] Successfully bumped revision number for resource 1f747d04-4a7e-46b5-9eb5-7cfa4e870520 (type: security_group_rules) to 0
2026-06-30 19:12:01.258 10 INFO neutron.db.ovn_revision_numbers_db [None req-d51039d1-e11b-4f87-aa2d-c6190875cbe3 ef979f9f229945448379ee724be317d1 961d3458cc1244d5a0325340e06ef365 - - default default] Successfully bumped revision number for resource 5eb6b3b1-b602-4e31-8ae9-78e92a19a169 (type: security_group_rules) to 0
2026-06-30 19:12:01.269 9 INFO neutron.wsgi [None req-59787ae3-d02f-4753-8504-d6f611609a1e 62bd80caf8a34df99faacad92a4224d9 70c398958596430a82d505b1db7ec982 - - default default] 10.0.0.91 "PUT /v2.0/routers/0e93e769-0fe4-479a-b404-3d8b58ef404c/remove_router_interface HTTP/1.1" status: 200 len: 503 time: 1.7144578
2026-06-30 19:12:01.277 10 INFO neutron.db.ovn_revision_numbers_db [None req-d51039d1-e11b-4f87-aa2d-c6190875cbe3 ef979f9f229945448379ee724be317d1 961d3458cc1244d5a0325340e06ef365 - - default default] Successfully bumped revision number for resource a99a5ea3-8a69-4a9b-a93f-49d8aa9cd252 (type: security_group_rules) to 0 /var/lib/openstack/lib/python3.10/site-packages/pycadf/identifier.py:71: UserWarning: Invalid uuid: neutron. To ensure interoperability, identifiers should be a valid uuid. warnings.warn(('Invalid uuid: %s. To ensure interoperability, '
2026-06-30 19:12:01.302 10 INFO neutron.wsgi [None req-d51039d1-e11b-4f87-aa2d-c6190875cbe3 ef979f9f229945448379ee724be317d1 961d3458cc1244d5a0325340e06ef365 - - default default] 10.0.0.91 "GET /v2.0/security-groups?tenant_id=adc12b955da144d88c625cdfb76b497c&name=default HTTP/1.1" status: 200 len: 3120 time: 0.3974245
2026-06-30 19:12:01.432 9 INFO neutron.wsgi [None req-c9e96b6e-6909-4b31-a772-6b927f8c38ab ef979f9f229945448379ee724be317d1 961d3458cc1244d5a0325340e06ef365 - - default default] 10.0.0.91 "DELETE /v2.0/subnets/caecfccc-3cd9-4d99-98e1-ff5eb6ad1758 HTTP/1.1" status: 204 len: 168 time: 0.3224611
2026-06-30 19:12:01.503 10 INFO neutron.services.segments.plugin [-] Segment 98969c70-ea2c-4073-aba7-6f5c5df0b9a2 resource provider aggregate not found
2026-06-30 19:12:01.510 10 INFO neutron.services.segments.plugin [-] Segment 98969c70-ea2c-4073-aba7-6f5c5df0b9a2 resource provider aggregate not found
2026-06-30 19:12:01.517 10 INFO neutron.services.segments.plugin [-] Segment 98969c70-ea2c-4073-aba7-6f5c5df0b9a2 resource provider not found; error: Placement Client Error (4xx): {"errors": [{"status": 404, "title": "Not Found", "detail": "The resource could not be found.\n\n No resource provider with uuid 98969c70-ea2c-4073-aba7-6f5c5df0b9a2 found for delete ", "request_id": "req-bc539ae8-a895-4253-bbb0-ddd386a30139"}]}
2026-06-30 19:12:01.532 10 INFO neutron.services.segments.plugin [-] Segment 98969c70-ea2c-4073-aba7-6f5c5df0b9a2 resource provider not found; error: Placement Client Error (4xx): {"errors": [{"status": 404, "title": "Not Found", "detail": "The resource could not be found.\n\n No resource provider with uuid 98969c70-ea2c-4073-aba7-6f5c5df0b9a2 found for delete ", "request_id": "req-3c616cc5-2df8-4b73-884a-9a577a10825b"}]}
2026-06-30 19:12:01.539 10 INFO neutron.wsgi [None req-c01587b5-bb30-4298-84c1-920e54d62246 ef979f9f229945448379ee724be317d1 961d3458cc1244d5a0325340e06ef365 - - default default] 10.0.0.91 "DELETE /v2.0/networks/662ca833-0b9f-4186-b5df-4c3f5d078557 HTTP/1.1" status: 204 len: 168 time: 0.4941094
2026-06-30 19:12:01.606 10 INFO neutron.wsgi [None req-c340600d-f9eb-4be6-bd3b-84ba7490ab99 ef979f9f229945448379ee724be317d1 961d3458cc1244d5a0325340e06ef365 - - default default] 10.0.0.91 "DELETE /v2.0/security-groups/21a1f651-f350-49ad-a0fc-62fab0073432 HTTP/1.1" status: 204 len: 168 time: 0.2940471
2026-06-30 19:12:01.731 10 INFO neutron.wsgi [None req-c1c4ba55-c4fa-401c-a231-84b5b7c6f090 ef979f9f229945448379ee724be317d1 961d3458cc1244d5a0325340e06ef365 - - default default] 10.0.0.91 "GET /v2.0/security-groups?tenant_id=7b1420ae8aaf430da8b6f32b815c0b07&name=default HTTP/1.1" status: 200 len: 3120 time: 0.0471730
2026-06-30 19:12:01.971 10 INFO neutron.wsgi [None req-e4d6892e-9a5c-4951-ba13-782771ff6e20 ef979f9f229945448379ee724be317d1 961d3458cc1244d5a0325340e06ef365 - - default default] 10.0.0.91 "DELETE /v2.0/security-groups/c6a385f1-ef96-43d9-bc6a-1830610f5bcc HTTP/1.1" status: 204 len: 168 time: 0.2357256
2026-06-30 19:12:02.220 9 INFO neutron.services.segments.plugin [-] Segment be9847b4-a215-431e-a082-b75d74df6fb5 resource provider aggregate not found
2026-06-30 19:12:02.229 9 INFO neutron.services.segments.plugin [-] Segment be9847b4-a215-431e-a082-b75d74df6fb5 resource provider aggregate not found
2026-06-30 19:12:02.243 9 INFO neutron.services.segments.plugin [-] Segment be9847b4-a215-431e-a082-b75d74df6fb5 resource provider not found; error: Placement Client Error (4xx): {"errors": [{"status": 404, "title": "Not Found", "detail": "The resource could not be found.\n\n No resource provider with uuid be9847b4-a215-431e-a082-b75d74df6fb5 found for delete ", "request_id": "req-6ee400be-43ee-4d42-971a-0bb345b438b7"}]}
2026-06-30 19:12:02.254 9 INFO neutron.services.segments.plugin [-] Segment be9847b4-a215-431e-a082-b75d74df6fb5 resource provider not found; error: Placement Client Error (4xx): {"errors": [{"status": 404, "title": "Not Found", "detail": "The resource could not be found.\n\n No resource provider with uuid be9847b4-a215-431e-a082-b75d74df6fb5 found for delete ", "request_id": "req-1b1d72b0-97b1-401f-940d-ed4c9b74f65a"}]}
2026-06-30 19:12:02.264 9 INFO neutron.wsgi [None req-11203fd6-32de-4c0d-b7b4-f2e842c3db17 ef979f9f229945448379ee724be317d1 961d3458cc1244d5a0325340e06ef365 - - default default] 10.0.0.91 "DELETE /v2.0/networks/26fcf565-653b-4a5a-8320-f9a12303a5f5 HTTP/1.1" status: 204 len: 168 time: 0.8277342
2026-06-30 19:12:02.516 10 INFO neutron.wsgi [None req-fce52ad8-f5fd-412b-9856-802fb6f437df ef979f9f229945448379ee724be317d1 961d3458cc1244d5a0325340e06ef365 - - default default] 10.0.0.91 "GET /v2.0/security-groups?tenant_id=446fbafa49384e9192d05ac4fd3ea780&name=default HTTP/1.1" status: 200 len: 3120 time: 0.0370579
2026-06-30 19:12:02.633 9 INFO neutron.wsgi [None req-721abc54-49ee-48db-8b2c-52661d999002 62bd80caf8a34df99faacad92a4224d9 70c398958596430a82d505b1db7ec982 - - default default] 10.0.0.91 "DELETE /v2.0/routers/0e93e769-0fe4-479a-b404-3d8b58ef404c HTTP/1.1" status: 204 len: 168 time: 1.3583050
2026-06-30 19:12:02.774 10 INFO neutron.wsgi [None req-d0802464-e4ca-4fe9-8f44-a11e6f6ef713 ef979f9f229945448379ee724be317d1 961d3458cc1244d5a0325340e06ef365 - - default default] 10.0.0.91 "DELETE /v2.0/security-groups/2c29a4c2-2305-460b-9910-888fa44a33f5 HTTP/1.1" status: 204 len: 168 time: 0.2530446
2026-06-30 19:12:02.815 10 INFO neutron.wsgi [None req-13a0fec0-b0b9-4009-822c-ed90b04bd5be 62bd80caf8a34df99faacad92a4224d9 70c398958596430a82d505b1db7ec982 - - default default] 10.0.0.91 "DELETE /v2.0/subnets/e351df6c-defa-473a-a498-126beb649f96 HTTP/1.1" status: 204 len: 168 time: 0.1769135
2026-06-30 19:12:03.228 10 INFO neutron.wsgi [None req-22f0201b-8ceb-49b6-827e-af4f636a0ca8 62bd80caf8a34df99faacad92a4224d9 70c398958596430a82d505b1db7ec982 - - default default] 10.0.0.91 "DELETE /v2.0/networks/7c8f6b3d-35b1-4b0e-ae0e-451014b1390d HTTP/1.1" status: 204 len: 168 time: 0.4057541
2026-06-30 19:12:03.538 10 INFO neutron.services.segments.plugin [-] Segment 9a34327f-0b0a-43cf-add5-45ff56665185 resource provider aggregate not found
2026-06-30 19:12:03.548 10 INFO neutron.services.segments.plugin [-] Segment 9a34327f-0b0a-43cf-add5-45ff56665185 resource provider aggregate not found
2026-06-30 19:12:03.554 10 INFO neutron.services.segments.plugin [-] Segment 9a34327f-0b0a-43cf-add5-45ff56665185 resource provider not found; error: Placement Client Error (4xx): {"errors": [{"status": 404, "title": "Not Found", "detail": "The resource could not be found.\n\n No resource provider with uuid 9a34327f-0b0a-43cf-add5-45ff56665185 found for delete ", "request_id": "req-c4e0d694-18c3-40a2-b321-e0dabe21c47c"}]}
2026-06-30 19:12:03.559 10 INFO neutron.services.segments.plugin [-] Segment 9a34327f-0b0a-43cf-add5-45ff56665185 resource provider not found; error: Placement Client Error (4xx): {"errors": [{"status": 404, "title": "Not Found", "detail": "The resource could not be found.\n\n No resource provider with uuid 9a34327f-0b0a-43cf-add5-45ff56665185 found for delete ", "request_id": "req-59614143-4ac9-4c35-a59d-0773de6b751a"}]}
2026-06-30 19:12:03.832 9 INFO neutron.db.ovn_revision_numbers_db [None req-edbaeec2-294b-4d49-8556-96ce03f48e0d ef979f9f229945448379ee724be317d1 961d3458cc1244d5a0325340e06ef365 - - default default] Successfully bumped revision number for resource cab5ae4a-44df-4191-8674-c8e2800e407e (type: security_groups) to 1
2026-06-30 19:12:03.854 9 INFO neutron.db.ovn_revision_numbers_db [None req-edbaeec2-294b-4d49-8556-96ce03f48e0d ef979f9f229945448379ee724be317d1 961d3458cc1244d5a0325340e06ef365 - - default default] Successfully bumped revision number for resource 0fa56dda-5226-46c8-8328-82098ee5d3ed (type: security_group_rules) to 0
2026-06-30 19:12:03.869 9 INFO neutron.db.ovn_revision_numbers_db [None req-edbaeec2-294b-4d49-8556-96ce03f48e0d ef979f9f229945448379ee724be317d1 961d3458cc1244d5a0325340e06ef365 - - default default] Successfully bumped revision number for resource b14f34f7-dcf3-4a5d-bafc-dea86397530d (type: security_group_rules) to 0
2026-06-30 19:12:03.886 9 INFO neutron.db.ovn_revision_numbers_db [None req-edbaeec2-294b-4d49-8556-96ce03f48e0d ef979f9f229945448379ee724be317d1 961d3458cc1244d5a0325340e06ef365 - - default default] Successfully bumped revision number for resource cebf2dfb-2cd5-4cfd-a796-5e6d20a041ca (type: security_group_rules) to 0
2026-06-30 19:12:03.901 9 INFO neutron.db.ovn_revision_numbers_db [None req-edbaeec2-294b-4d49-8556-96ce03f48e0d ef979f9f229945448379ee724be317d1 961d3458cc1244d5a0325340e06ef365 - - default default] Successfully bumped revision number for resource d3abdc57-bc4e-4c5c-9428-d5d176a7d149 (type: security_group_rules) to 0
2026-06-30 19:12:03.961 9 INFO neutron.db.segments_db [None req-edbaeec2-294b-4d49-8556-96ce03f48e0d ef979f9f229945448379ee724be317d1 961d3458cc1244d5a0325340e06ef365 - - default default] Added segment 135e1d7f-f5fe-4e5f-ac94-cb773fef8a56 of type geneve for network 7ea1e356-a332-4796-8558-47bcf1062075
2026-06-30 19:12:04.033 9 INFO neutron.wsgi [None req-7f1b5dfd-0e9f-4b55-ab71-e78a02161fdc ef979f9f229945448379ee724be317d1 961d3458cc1244d5a0325340e06ef365 - - default default] 10.0.0.91 "GET /v2.0/security-groups?tenant_id=70c398958596430a82d505b1db7ec982&name=default HTTP/1.1" status: 200 len: 3120 time: 0.1972568
2026-06-30 19:12:04.090 10 INFO neutron.db.ovn_revision_numbers_db [None req-977c7003-79a4-42b4-961e-6db3a1291b14 ef979f9f229945448379ee724be317d1 961d3458cc1244d5a0325340e06ef365 - - default default] Successfully bumped revision number for resource 6dc9ef42-a1cc-4117-a7f5-6e20d585fd82 (type: security_groups) to 1
2026-06-30 19:12:04.111 10 INFO neutron.db.ovn_revision_numbers_db [None req-977c7003-79a4-42b4-961e-6db3a1291b14 ef979f9f229945448379ee724be317d1 961d3458cc1244d5a0325340e06ef365 - - default default] Successfully bumped revision number for resource 51fad8aa-af20-4677-868f-cd7793f19f6b (type: security_group_rules) to 0
2026-06-30 19:12:04.136 10 INFO neutron.db.ovn_revision_numbers_db [None req-977c7003-79a4-42b4-961e-6db3a1291b14 ef979f9f229945448379ee724be317d1 961d3458cc1244d5a0325340e06ef365 - - default default] Successfully bumped revision number for resource 8caea3fb-66df-4df2-9c1d-c565a90db7ca (type: security_group_rules) to 0
2026-06-30 19:12:04.137 9 INFO neutron.db.ovn_revision_numbers_db [None req-edbaeec2-294b-4d49-8556-96ce03f48e0d ef979f9f229945448379ee724be317d1 961d3458cc1244d5a0325340e06ef365 - - default default] Successfully bumped revision number for resource 7ea1e356-a332-4796-8558-47bcf1062075 (type: networks) to 1
2026-06-30 19:12:04.154 10 INFO neutron.db.ovn_revision_numbers_db [None req-977c7003-79a4-42b4-961e-6db3a1291b14 ef979f9f229945448379ee724be317d1 961d3458cc1244d5a0325340e06ef365 - - default default] Successfully bumped revision number for resource c583960f-f7a3-4bd6-8a00-9acbba85a754 (type: security_group_rules) to 0
2026-06-30 19:12:04.171 10 INFO neutron.db.ovn_revision_numbers_db [None req-977c7003-79a4-42b4-961e-6db3a1291b14 ef979f9f229945448379ee724be317d1 961d3458cc1244d5a0325340e06ef365 - - default default] Successfully bumped revision number for resource efe72209-65df-422a-8e0d-3bf837a0eb37 (type: security_group_rules) to 0
2026-06-30 19:12:04.237 10 INFO neutron.db.segments_db [None req-977c7003-79a4-42b4-961e-6db3a1291b14 ef979f9f229945448379ee724be317d1 961d3458cc1244d5a0325340e06ef365 - - default default] Added segment b09fe5c2-fb0f-4273-8031-8da494bb2247 of type geneve for network 7fd2c5ed-7a7a-44e8-a1ba-ac6b3d62b2b7
2026-06-30 19:12:04.324 9 WARNING neutron.scheduler.dhcp_agent_scheduler [None req-edbaeec2-294b-4d49-8556-96ce03f48e0d ef979f9f229945448379ee724be317d1 961d3458cc1244d5a0325340e06ef365 - - default default] No more DHCP agents
2026-06-30 19:12:04.327 9 WARNING neutron.api.rpc.agentnotifiers.dhcp_rpc_agent_api [None req-edbaeec2-294b-4d49-8556-96ce03f48e0d ef979f9f229945448379ee724be317d1 961d3458cc1244d5a0325340e06ef365 - - default default] Unable to schedule network 7ea1e356-a332-4796-8558-47bcf1062075: no agents available; will retry on subsequent port and subnet creation events.
2026-06-30 19:12:04.357 10 INFO neutron.wsgi [None req-fcdd3443-31dc-435e-a92f-e744dfc66f85 ef979f9f229945448379ee724be317d1 961d3458cc1244d5a0325340e06ef365 - - default default] 10.0.0.91 "DELETE /v2.0/security-groups/be85d614-0202-459b-a442-f7601f1a595a HTTP/1.1" status: 204 len: 168 time: 0.3097799
