2026-06-30 19:14:28.088 9 INFO neutron.wsgi [None req-5a2d4d75-1b49-4504-b327-25b1d716b0bf df72653c8e6b424aa584bb6877e2c50d 362e0f6febe145f6be8306bef8fe8275 - - default default] 10.0.0.91 "GET /v2.0/networks HTTP/1.1" status: 200 len: 1508 time: 0.1161580 /var/lib/openstack/lib/python3.10/site-packages/pycadf/identifier.py:71: UserWarning: Invalid uuid: neutron. To ensure interoperability, identifiers should be a valid uuid. warnings.warn(('Invalid uuid: %s. To ensure interoperability, '
2026-06-30 19:14:28.169 10 INFO neutron.wsgi [None req-d58e260a-9d5a-4b07-aeda-61124ca508c2 df72653c8e6b424aa584bb6877e2c50d 362e0f6febe145f6be8306bef8fe8275 - - default default] 10.0.0.91 "GET /v2.0/subnets HTTP/1.1" status: 200 len: 1460 time: 0.0713458
2026-06-30 19:14:28.185 10 INFO neutron.db.ovn_revision_numbers_db [req-a768d02b-98a7-4b97-826a-ad50e84505c4 req-093b088f-87f5-48ec-b855-5f0d235005dd 5236164aa587457e87252a81e1712d29 7de378ecd55648fbbf2180ea8f35c8e4 - - b7a65e3967cb45dbbcb89afd39f4f76c b7a65e3967cb45dbbcb89afd39f4f76c] Successfully bumped revision number for resource 19f39754-2f6f-4214-ab92-ab2be6b3f549 (type: ports) to 2
2026-06-30 19:14:28.254 9 INFO neutron.wsgi [None req-dc9d659a-dad8-4373-9c21-c665d0fb8f0d df72653c8e6b424aa584bb6877e2c50d 362e0f6febe145f6be8306bef8fe8275 - - default default] 10.0.0.91 "GET /v2.0/networks/8cf9449d-2f35-4d1b-9509-9686464af192 HTTP/1.1" status: 200 len: 867 time: 0.0762086
2026-06-30 19:14:28.304 9 INFO neutron.wsgi [None req-030e271d-dae9-4192-814e-27b7fdda38d1 df72653c8e6b424aa584bb6877e2c50d 362e0f6febe145f6be8306bef8fe8275 - - default default] 10.0.0.91 "GET /v2.0/subnets/452ba44e-dafc-4e53-9ec2-c2c9599113bf HTTP/1.1" status: 200 len: 843 time: 0.0414252
2026-06-30 19:14:28.331 9 INFO neutron.pecan_wsgi.hooks.translation [None req-84756716-d211-4686-bd9a-b7785266eada df72653c8e6b424aa584bb6877e2c50d 362e0f6febe145f6be8306bef8fe8275 - - default default] DELETE failed (client error): The resource could not be found.
2026-06-30 19:14:28.335 9 INFO neutron.wsgi [None req-84756716-d211-4686-bd9a-b7785266eada df72653c8e6b424aa584bb6877e2c50d 362e0f6febe145f6be8306bef8fe8275 - - default default] 10.0.0.91 "DELETE /v2.0/subnets/a8f6c55b-e22e-4acf-96af-58dfcaf19a07 HTTP/1.1" status: 404 len: 337 time: 0.0196252
2026-06-30 19:14:28.351 9 INFO neutron.pecan_wsgi.hooks.translation [None req-42b6bf9f-4a87-4eec-9ad4-00d2e5f12096 df72653c8e6b424aa584bb6877e2c50d 362e0f6febe145f6be8306bef8fe8275 - - default default] DELETE failed (client error): The resource could not be found.
2026-06-30 19:14:28.354 9 INFO neutron.wsgi [None req-42b6bf9f-4a87-4eec-9ad4-00d2e5f12096 df72653c8e6b424aa584bb6877e2c50d 362e0f6febe145f6be8306bef8fe8275 - - default default] 10.0.0.91 "DELETE /v2.0/networks/8bf7b68c-7b23-48dd-89bf-fd5a739d3537 HTTP/1.1" status: 404 len: 339 time: 0.0127649
2026-06-30 19:14:28.461 10 INFO neutron.db.ovn_revision_numbers_db [None req-d1bcb4a1-4389-4a26-80f6-3fa0ae5f2ca1 ef979f9f229945448379ee724be317d1 961d3458cc1244d5a0325340e06ef365 - - default default] Successfully bumped revision number for resource 75c3eb54-78cd-42b2-be0a-a14ee55b1bab (type: security_groups) to 1
2026-06-30 19:14:28.481 10 INFO neutron.db.ovn_revision_numbers_db [None req-d1bcb4a1-4389-4a26-80f6-3fa0ae5f2ca1 ef979f9f229945448379ee724be317d1 961d3458cc1244d5a0325340e06ef365 - - default default] Successfully bumped revision number for resource 2b7926b4-25ac-452a-9c35-d27f298312e9 (type: security_group_rules) to 0
2026-06-30 19:14:28.491 10 INFO neutron.db.ovn_revision_numbers_db [req-a768d02b-98a7-4b97-826a-ad50e84505c4 req-093b088f-87f5-48ec-b855-5f0d235005dd 5236164aa587457e87252a81e1712d29 7de378ecd55648fbbf2180ea8f35c8e4 - - b7a65e3967cb45dbbcb89afd39f4f76c b7a65e3967cb45dbbcb89afd39f4f76c] Successfully bumped revision number for resource 19f39754-2f6f-4214-ab92-ab2be6b3f549 (type: ports) to 2
2026-06-30 19:14:28.494 10 INFO neutron.db.ovn_revision_numbers_db [None req-d1bcb4a1-4389-4a26-80f6-3fa0ae5f2ca1 ef979f9f229945448379ee724be317d1 961d3458cc1244d5a0325340e06ef365 - - default default] Successfully bumped revision number for resource 3056eb13-7255-480a-8ad9-44ae1443d02c (type: security_group_rules) to 0
2026-06-30 19:14:28.510 10 INFO neutron.wsgi [req-a768d02b-98a7-4b97-826a-ad50e84505c4 req-093b088f-87f5-48ec-b855-5f0d235005dd 5236164aa587457e87252a81e1712d29 7de378ecd55648fbbf2180ea8f35c8e4 - - b7a65e3967cb45dbbcb89afd39f4f76c b7a65e3967cb45dbbcb89afd39f4f76c] 199.204.45.177 "PUT /v2.0/ports/19f39754-2f6f-4214-ab92-ab2be6b3f549 HTTP/1.1" status: 200 len: 1601 time: 0.8737285
2026-06-30 19:14:28.516 10 INFO neutron.db.ovn_revision_numbers_db [None req-d1bcb4a1-4389-4a26-80f6-3fa0ae5f2ca1 ef979f9f229945448379ee724be317d1 961d3458cc1244d5a0325340e06ef365 - - default default] Successfully bumped revision number for resource 5a70cbf8-52b1-4103-b2c3-cca6c7a58214 (type: security_group_rules) to 0
2026-06-30 19:14:28.520 9 INFO neutron.wsgi [None req-6b6a22ad-7042-4763-845b-ad319b6e3f58 df72653c8e6b424aa584bb6877e2c50d 362e0f6febe145f6be8306bef8fe8275 - - default default] 10.0.0.91 "DELETE /v2.0/subnets/452ba44e-dafc-4e53-9ec2-c2c9599113bf HTTP/1.1" status: 204 len: 168 time: 0.1616473 /var/lib/openstack/lib/python3.10/site-packages/pycadf/identifier.py:71: UserWarning: Invalid uuid: neutron. To ensure interoperability, identifiers should be a valid uuid. warnings.warn(('Invalid uuid: %s. To ensure interoperability, '
2026-06-30 19:14:28.559 10 INFO neutron.notifiers.nova [-] Nova event matching ['req-227460e0-60e6-4bf7-8b82-954c218ed673'] response: {'name': 'network-changed', 'server_uuid': '84c141bf-cb0b-4197-98e4-0304fae4a288', 'tag': '19f39754-2f6f-4214-ab92-ab2be6b3f549', 'status': 'completed', 'code': 200}
2026-06-30 19:14:28.562 10 INFO neutron.db.ovn_revision_numbers_db [None req-d1bcb4a1-4389-4a26-80f6-3fa0ae5f2ca1 ef979f9f229945448379ee724be317d1 961d3458cc1244d5a0325340e06ef365 - - default default] Successfully bumped revision number for resource 82979b56-2a76-4b8c-96c6-2c4fd678da62 (type: security_group_rules) to 0
2026-06-30 19:14:28.624 10 INFO neutron.wsgi [None req-d1bcb4a1-4389-4a26-80f6-3fa0ae5f2ca1 ef979f9f229945448379ee724be317d1 961d3458cc1244d5a0325340e06ef365 - - default default] 10.0.0.91 "GET /v2.0/security-groups?tenant_id=e0e85d9f7ca54a2d89933b5d7aa61efa&name=default HTTP/1.1" status: 200 len: 3120 time: 0.3936591
2026-06-30 19:14:28.639 10 INFO neutron.wsgi [req-a768d02b-98a7-4b97-826a-ad50e84505c4 req-ee439351-07ab-4601-b339-e1f1a451270e 5236164aa587457e87252a81e1712d29 7de378ecd55648fbbf2180ea8f35c8e4 - - b7a65e3967cb45dbbcb89afd39f4f76c b7a65e3967cb45dbbcb89afd39f4f76c] 199.204.45.177 "GET /v2.0/ports?tenant_id=1765ada5f7ae457e82958e3b213838c2&device_id=84c141bf-cb0b-4197-98e4-0304fae4a288 HTTP/1.1" status: 200 len: 1632 time: 0.0755460
2026-06-30 19:14:28.693 10 INFO neutron.wsgi [req-a768d02b-98a7-4b97-826a-ad50e84505c4 req-3cb5d98e-b799-4218-8b14-126fd68adffb 5236164aa587457e87252a81e1712d29 7de378ecd55648fbbf2180ea8f35c8e4 - - b7a65e3967cb45dbbcb89afd39f4f76c b7a65e3967cb45dbbcb89afd39f4f76c] 199.204.45.177 "GET /v2.0/floatingips?fixed_ip_address=10.2.1.10&port_id=19f39754-2f6f-4214-ab92-ab2be6b3f549 HTTP/1.1" status: 200 len: 217 time: 0.0466783
2026-06-30 19:14:28.737 10 INFO neutron.wsgi [req-a768d02b-98a7-4b97-826a-ad50e84505c4 req-241e26c0-d793-4b5c-b3d2-987dfde84cd9 5236164aa587457e87252a81e1712d29 7de378ecd55648fbbf2180ea8f35c8e4 - - b7a65e3967cb45dbbcb89afd39f4f76c b7a65e3967cb45dbbcb89afd39f4f76c] 199.204.45.177 "GET /v2.0/floatingips?fixed_ip_address=fd7b%3Af9f7%3Afff%3A4eca%3A%3A215&port_id=19f39754-2f6f-4214-ab92-ab2be6b3f549 HTTP/1.1" status: 200 len: 217 time: 0.0374033
2026-06-30 19:14:28.790 10 INFO neutron.wsgi [req-a768d02b-98a7-4b97-826a-ad50e84505c4 req-b30c6de8-df2c-4839-9eb4-4696b1974e4e 5236164aa587457e87252a81e1712d29 7de378ecd55648fbbf2180ea8f35c8e4 - - b7a65e3967cb45dbbcb89afd39f4f76c b7a65e3967cb45dbbcb89afd39f4f76c] 199.204.45.177 "GET /v2.0/subnets?id=0c5e262e-be0d-479c-a59e-ceb8931998e0&id=e6e402da-6ea9-4fa4-80ff-c284d87bcb9b HTTP/1.1" status: 200 len: 1562 time: 0.0471420
2026-06-30 19:14:28.831 10 INFO neutron.wsgi [req-a768d02b-98a7-4b97-826a-ad50e84505c4 req-4c495b33-f183-4d54-bbe1-bfafc3f32db4 5236164aa587457e87252a81e1712d29 7de378ecd55648fbbf2180ea8f35c8e4 - - b7a65e3967cb45dbbcb89afd39f4f76c b7a65e3967cb45dbbcb89afd39f4f76c] 199.204.45.177 "GET /v2.0/ports?network_id=95ff0f28-4e96-45a6-bda5-41152eed22d6&device_owner=network%3Adhcp HTTP/1.1" status: 200 len: 210 time: 0.0341680
2026-06-30 19:14:28.864 9 INFO neutron.wsgi [None req-bb468827-ef09-4253-997c-00eacf46ba04 ef979f9f229945448379ee724be317d1 961d3458cc1244d5a0325340e06ef365 - - default default] 10.0.0.91 "DELETE /v2.0/security-groups/75c3eb54-78cd-42b2-be0a-a14ee55b1bab HTTP/1.1" status: 204 len: 168 time: 0.2340703
2026-06-30 19:14:28.882 10 INFO neutron.wsgi [req-a768d02b-98a7-4b97-826a-ad50e84505c4 req-00e04c43-d196-466f-98fd-7d96039cd47e 5236164aa587457e87252a81e1712d29 7de378ecd55648fbbf2180ea8f35c8e4 - - b7a65e3967cb45dbbcb89afd39f4f76c b7a65e3967cb45dbbcb89afd39f4f76c] 199.204.45.177 "GET /v2.0/ports?network_id=95ff0f28-4e96-45a6-bda5-41152eed22d6&device_owner=network%3Adhcp HTTP/1.1" status: 200 len: 210 time: 0.0433879
2026-06-30 19:14:28.977 10 INFO neutron.wsgi [req-a768d02b-98a7-4b97-826a-ad50e84505c4 req-3ac2812b-7e16-4ed1-be56-c60ba42fb53f 5236164aa587457e87252a81e1712d29 7de378ecd55648fbbf2180ea8f35c8e4 - - b7a65e3967cb45dbbcb89afd39f4f76c b7a65e3967cb45dbbcb89afd39f4f76c] 199.204.45.177 "GET /v2.0/networks/95ff0f28-4e96-45a6-bda5-41152eed22d6?fields=segments HTTP/1.1" status: 200 len: 212 time: 0.0880961
2026-06-30 19:14:29.087 10 INFO neutron.wsgi [req-a768d02b-98a7-4b97-826a-ad50e84505c4 req-8e0bc120-ab39-403c-a84e-d2207fb73ce6 5236164aa587457e87252a81e1712d29 7de378ecd55648fbbf2180ea8f35c8e4 - - b7a65e3967cb45dbbcb89afd39f4f76c b7a65e3967cb45dbbcb89afd39f4f76c] 199.204.45.177 "GET /v2.0/networks/95ff0f28-4e96-45a6-bda5-41152eed22d6?fields=provider%3Aphysical_network&fields=provider%3Anetwork_type HTTP/1.1" status: 200 len: 277 time: 0.1051607
2026-06-30 19:14:29.188 10 INFO neutron.wsgi [req-67d552e1-d9e4-47d2-bef7-7b11450da5e1 req-0acb4912-0686-4162-aa96-5766595339cd 5236164aa587457e87252a81e1712d29 7de378ecd55648fbbf2180ea8f35c8e4 - - b7a65e3967cb45dbbcb89afd39f4f76c b7a65e3967cb45dbbcb89afd39f4f76c] 199.204.45.177 "GET /v2.0/ports?tenant_id=1765ada5f7ae457e82958e3b213838c2&device_id=84c141bf-cb0b-4197-98e4-0304fae4a288 HTTP/1.1" status: 200 len: 1632 time: 0.0525353
2026-06-30 19:14:29.307 10 INFO neutron.plugins.ml2.drivers.ovn.mech_driver.mech_driver [None req-a6ff4054-4c4e-4687-84ca-143e5307079f - - - - - -] OVN reports status up for port: 19f39754-2f6f-4214-ab92-ab2be6b3f549
2026-06-30 19:14:29.322 10 INFO neutron.services.segments.plugin [-] Segment f215e01b-693b-45bb-a87d-aed7785ffbf4 resource provider aggregate not found
2026-06-30 19:14:29.327 10 INFO neutron.services.segments.plugin [-] Segment f215e01b-693b-45bb-a87d-aed7785ffbf4 resource provider aggregate not found
2026-06-30 19:14:29.339 10 INFO neutron.wsgi [req-67d552e1-d9e4-47d2-bef7-7b11450da5e1 req-bc8cacb2-899c-4916-abf9-1f1b7e94e2cc 5236164aa587457e87252a81e1712d29 7de378ecd55648fbbf2180ea8f35c8e4 - - b7a65e3967cb45dbbcb89afd39f4f76c b7a65e3967cb45dbbcb89afd39f4f76c] 199.204.45.177 "GET /v2.0/networks?id=95ff0f28-4e96-45a6-bda5-41152eed22d6 HTTP/1.1" status: 200 len: 1002 time: 0.1461761
2026-06-30 19:14:29.341 10 INFO neutron.plugins.ml2.plugin [None req-a6ff4054-4c4e-4687-84ca-143e5307079f - - - - - -] Attempt 1 to provision port 19f39754-2f6f-4214-ab92-ab2be6b3f549
2026-06-30 19:14:29.342 10 INFO neutron.services.segments.plugin [-] Segment f215e01b-693b-45bb-a87d-aed7785ffbf4 resource provider not found; error: Placement Client Error (4xx): {"errors": [{"status": 404, "title": "Not Found", "detail": "The resource could not be found.\n\n No resource provider with uuid f215e01b-693b-45bb-a87d-aed7785ffbf4 found for delete ", "request_id": "req-cfd5c351-53a0-4b68-b4c7-8ffd7b3ddc3e"}]}
2026-06-30 19:14:29.353 10 INFO neutron.services.segments.plugin [-] Segment f215e01b-693b-45bb-a87d-aed7785ffbf4 resource provider not found; error: Placement Client Error (4xx): {"errors": [{"status": 404, "title": "Not Found", "detail": "The resource could not be found.\n\n No resource provider with uuid f215e01b-693b-45bb-a87d-aed7785ffbf4 found for delete ", "request_id": "req-99ab0fb0-c585-4f67-a9b2-fb3846c45859"}]}
2026-06-30 19:14:29.376 10 INFO neutron.wsgi [req-67d552e1-d9e4-47d2-bef7-7b11450da5e1 req-5da88768-5616-4127-9ea9-f07f72a473f5 5236164aa587457e87252a81e1712d29 7de378ecd55648fbbf2180ea8f35c8e4 - - b7a65e3967cb45dbbcb89afd39f4f76c b7a65e3967cb45dbbcb89afd39f4f76c] 199.204.45.177 "GET /v2.0/floatingips?fixed_ip_address=10.2.1.10&port_id=19f39754-2f6f-4214-ab92-ab2be6b3f549 HTTP/1.1" status: 200 len: 217 time: 0.0219736
2026-06-30 19:14:29.384 10 INFO neutron.wsgi [None req-7c0ca3cf-085b-45d9-bcca-062a42e7ddda df72653c8e6b424aa584bb6877e2c50d 362e0f6febe145f6be8306bef8fe8275 - - default default] 10.0.0.91 "DELETE /v2.0/networks/8cf9449d-2f35-4d1b-9509-9686464af192 HTTP/1.1" status: 204 len: 168 time: 0.8584406
2026-06-30 19:14:29.431 10 INFO neutron.wsgi [req-67d552e1-d9e4-47d2-bef7-7b11450da5e1 req-546213f9-5bb1-4d07-a266-ef6956e712d6 5236164aa587457e87252a81e1712d29 7de378ecd55648fbbf2180ea8f35c8e4 - - b7a65e3967cb45dbbcb89afd39f4f76c b7a65e3967cb45dbbcb89afd39f4f76c] 199.204.45.177 "GET /v2.0/floatingips?fixed_ip_address=fd7b%3Af9f7%3Afff%3A4eca%3A%3A215&port_id=19f39754-2f6f-4214-ab92-ab2be6b3f549 HTTP/1.1" status: 200 len: 217 time: 0.0466728
2026-06-30 19:14:29.438 9 WARNING neutron.plugins.ml2.drivers.ovn.mech_driver.ovsdb.ovn_client [None req-82e30c96-36d2-4c62-8f9d-91015b037f83 - - - - - -] No hosting information found for port 43926490-7edf-42ab-86c4-b705ab6766a1: RuntimeError: No hosting information found for port 43926490-7edf-42ab-86c4-b705ab6766a1
2026-06-30 19:14:29.482 10 INFO neutron.wsgi [req-67d552e1-d9e4-47d2-bef7-7b11450da5e1 req-61ead614-e8b3-4474-8ada-6d67928b451c 5236164aa587457e87252a81e1712d29 7de378ecd55648fbbf2180ea8f35c8e4 - - b7a65e3967cb45dbbcb89afd39f4f76c b7a65e3967cb45dbbcb89afd39f4f76c] 199.204.45.177 "GET /v2.0/subnets?id=0c5e262e-be0d-479c-a59e-ceb8931998e0&id=e6e402da-6ea9-4fa4-80ff-c284d87bcb9b HTTP/1.1" status: 200 len: 1562 time: 0.0444782
2026-06-30 19:14:29.514 10 INFO neutron.wsgi [req-67d552e1-d9e4-47d2-bef7-7b11450da5e1 req-e67944b3-a21e-48d4-b124-3437b0b573a3 5236164aa587457e87252a81e1712d29 7de378ecd55648fbbf2180ea8f35c8e4 - - b7a65e3967cb45dbbcb89afd39f4f76c b7a65e3967cb45dbbcb89afd39f4f76c] 199.204.45.177 "GET /v2.0/ports?network_id=95ff0f28-4e96-45a6-bda5-41152eed22d6&device_owner=network%3Adhcp HTTP/1.1" status: 200 len: 210 time: 0.0249369
2026-06-30 19:14:29.536 10 INFO neutron.wsgi [req-67d552e1-d9e4-47d2-bef7-7b11450da5e1 req-a3745b43-c53c-4735-9d74-dbbe94f10850 5236164aa587457e87252a81e1712d29 7de378ecd55648fbbf2180ea8f35c8e4 - - b7a65e3967cb45dbbcb89afd39f4f76c b7a65e3967cb45dbbcb89afd39f4f76c] 199.204.45.177 "GET /v2.0/ports?network_id=95ff0f28-4e96-45a6-bda5-41152eed22d6&device_owner=network%3Adhcp HTTP/1.1" status: 200 len: 210 time: 0.0161412
2026-06-30 19:14:29.618 10 INFO neutron.wsgi [req-67d552e1-d9e4-47d2-bef7-7b11450da5e1 req-0020cb17-2817-4023-a334-c9929e6e567b 5236164aa587457e87252a81e1712d29 7de378ecd55648fbbf2180ea8f35c8e4 - - b7a65e3967cb45dbbcb89afd39f4f76c b7a65e3967cb45dbbcb89afd39f4f76c] 199.204.45.177 "GET /v2.0/networks/95ff0f28-4e96-45a6-bda5-41152eed22d6?fields=segments HTTP/1.1" status: 200 len: 212 time: 0.0764318
2026-06-30 19:14:29.709 10 INFO neutron.wsgi [req-67d552e1-d9e4-47d2-bef7-7b11450da5e1 req-83e7f7d0-07b1-4652-925b-1fd20bfcc4c9 5236164aa587457e87252a81e1712d29 7de378ecd55648fbbf2180ea8f35c8e4 - - b7a65e3967cb45dbbcb89afd39f4f76c b7a65e3967cb45dbbcb89afd39f4f76c] 199.204.45.177 "GET /v2.0/networks/95ff0f28-4e96-45a6-bda5-41152eed22d6?fields=provider%3Aphysical_network&fields=provider%3Anetwork_type HTTP/1.1" status: 200 len: 277 time: 0.0822272
2026-06-30 19:14:29.771 10 INFO neutron.db.ovn_revision_numbers_db [None req-a6ff4054-4c4e-4687-84ca-143e5307079f - - - - - -] Successfully bumped revision number for resource 19f39754-2f6f-4214-ab92-ab2be6b3f549 (type: ports) to 4 /var/lib/openstack/lib/python3.10/site-packages/pycadf/identifier.py:71: UserWarning: Invalid uuid: neutron. To ensure interoperability, identifiers should be a valid uuid. warnings.warn(('Invalid uuid: %s. To ensure interoperability, '
2026-06-30 19:14:29.923 9 WARNING neutron_lib.context [None req-63d6eec5-0c1b-4f1c-a8b7-e5e3849d7149 e1ac42cf41ce4d01ac325962aaac60c3 571f43a274f24479b12f7554ff301f21 - - default default] Method 'is_advsvc' is deprecated since 2023.2 release (neutron-lib 3.8.0) and will be removed once support for the old RBAC API policies will be removed from Neutron. Please use method 'is_service_role' instead.
2026-06-30 19:14:29.957 10 INFO neutron.wsgi [None req-55b00545-6f77-49dc-838f-40c770cb1532 ef979f9f229945448379ee724be317d1 961d3458cc1244d5a0325340e06ef365 - - default default] 10.0.0.91 "GET /v2.0/security-groups?tenant_id=362e0f6febe145f6be8306bef8fe8275&name=default HTTP/1.1" status: 200 len: 3120 time: 0.0851855
2026-06-30 19:14:30.087 9 INFO neutron.db.ovn_revision_numbers_db [None req-63d6eec5-0c1b-4f1c-a8b7-e5e3849d7149 e1ac42cf41ce4d01ac325962aaac60c3 571f43a274f24479b12f7554ff301f21 - - default default] Successfully bumped revision number for resource 3f0be511-7dac-4bbe-adf1-c857b4eed408 (type: security_groups) to 1
2026-06-30 19:14:30.104 9 INFO neutron.db.ovn_revision_numbers_db [None req-63d6eec5-0c1b-4f1c-a8b7-e5e3849d7149 e1ac42cf41ce4d01ac325962aaac60c3 571f43a274f24479b12f7554ff301f21 - - default default] Successfully bumped revision number for resource 2f4bcd11-8702-42c8-b085-d25169861bab (type: security_group_rules) to 0
2026-06-30 19:14:30.123 9 INFO neutron.db.ovn_revision_numbers_db [None req-63d6eec5-0c1b-4f1c-a8b7-e5e3849d7149 e1ac42cf41ce4d01ac325962aaac60c3 571f43a274f24479b12f7554ff301f21 - - default default] Successfully bumped revision number for resource 4f1d7dc3-885b-4431-83a3-25584600e899 (type: security_group_rules) to 0
2026-06-30 19:14:30.137 9 INFO neutron.db.ovn_revision_numbers_db [None req-63d6eec5-0c1b-4f1c-a8b7-e5e3849d7149 e1ac42cf41ce4d01ac325962aaac60c3 571f43a274f24479b12f7554ff301f21 - - default default] Successfully bumped revision number for resource 51b7e23d-7667-4ed2-8d30-7a80f3102602 (type: security_group_rules) to 0
2026-06-30 19:14:30.149 9 INFO neutron.db.ovn_revision_numbers_db [None req-63d6eec5-0c1b-4f1c-a8b7-e5e3849d7149 e1ac42cf41ce4d01ac325962aaac60c3 571f43a274f24479b12f7554ff301f21 - - default default] Successfully bumped revision number for resource aef5651c-5025-4a2b-968d-1f0655d24193 (type: security_group_rules) to 0
2026-06-30 19:14:30.177 10 INFO neutron.wsgi [None req-384ad8ab-0fc4-4ba6-8378-4154767884fe ef979f9f229945448379ee724be317d1 961d3458cc1244d5a0325340e06ef365 - - default default] 10.0.0.91 "DELETE /v2.0/security-groups/01b9decf-6b12-48fb-b1b3-0626ed1d71eb HTTP/1.1" status: 204 len: 168 time: 0.2118244
2026-06-30 19:14:30.202 9 INFO neutron.db.segments_db [None req-63d6eec5-0c1b-4f1c-a8b7-e5e3849d7149 e1ac42cf41ce4d01ac325962aaac60c3 571f43a274f24479b12f7554ff301f21 - - default default] Added segment 8d8f143d-b688-4be9-a53a-9e0d2b26a16c of type geneve for network 11186a0e-9f6f-412f-9732-c3311caa74d0
2026-06-30 19:14:30.304 10 INFO neutron.wsgi [-] 10.0.0.96 "GET / HTTP/1.1" status: 200 len: 247 time: 0.0027759
2026-06-30 19:14:30.307 10 INFO neutron.wsgi [-] 10.0.0.96 "GET / HTTP/1.1" status: 200 len: 247 time: 0.0021291
2026-06-30 19:14:30.405 9 INFO neutron.db.ovn_revision_numbers_db [None req-63d6eec5-0c1b-4f1c-a8b7-e5e3849d7149 e1ac42cf41ce4d01ac325962aaac60c3 571f43a274f24479b12f7554ff301f21 - - default default] Successfully bumped revision number for resource 11186a0e-9f6f-412f-9732-c3311caa74d0 (type: networks) to 1
2026-06-30 19:14:30.587 9 WARNING neutron.scheduler.dhcp_agent_scheduler [None req-63d6eec5-0c1b-4f1c-a8b7-e5e3849d7149 e1ac42cf41ce4d01ac325962aaac60c3 571f43a274f24479b12f7554ff301f21 - - default default] No more DHCP agents
2026-06-30 19:14:30.590 9 WARNING neutron.api.rpc.agentnotifiers.dhcp_rpc_agent_api [None req-63d6eec5-0c1b-4f1c-a8b7-e5e3849d7149 e1ac42cf41ce4d01ac325962aaac60c3 571f43a274f24479b12f7554ff301f21 - - default default] Unable to schedule network 11186a0e-9f6f-412f-9732-c3311caa74d0: no agents available; will retry on subsequent port and subnet creation events.
2026-06-30 19:14:30.599 10 INFO neutron.notifiers.nova [-] Nova event matching ['req-42810fb2-ad45-4704-ad28-b23eb38e524d'] response: {'server_uuid': '84c141bf-cb0b-4197-98e4-0304fae4a288', 'name': 'network-vif-plugged', 'status': 'completed', 'tag': '19f39754-2f6f-4214-ab92-ab2be6b3f549', 'code': 200}
2026-06-30 19:14:30.599 10 INFO neutron.notifiers.nova [-] Nova event matching ['req-42810fb2-ad45-4704-ad28-b23eb38e524d'] response: {'server_uuid': '84c141bf-cb0b-4197-98e4-0304fae4a288', 'name': 'network-vif-plugged', 'status': 'completed', 'tag': '19f39754-2f6f-4214-ab92-ab2be6b3f549', 'code': 200}
2026-06-30 19:14:30.715 9 INFO neutron.db.ovn_revision_numbers_db [None req-63d6eec5-0c1b-4f1c-a8b7-e5e3849d7149 e1ac42cf41ce4d01ac325962aaac60c3 571f43a274f24479b12f7554ff301f21 - - default default] Successfully bumped revision number for resource 1eaa64cb-391f-4263-9d9a-b7fb10f8a528 (type: ports) to 1
2026-06-30 19:14:30.751 9 INFO neutron.wsgi [None req-63d6eec5-0c1b-4f1c-a8b7-e5e3849d7149 e1ac42cf41ce4d01ac325962aaac60c3 571f43a274f24479b12f7554ff301f21 - - default default] 10.0.0.91 "POST /v2.0/networks HTTP/1.1" status: 201 len: 825 time: 0.9865093
2026-06-30 19:14:30.765 9 WARNING neutron_lib.context [None req-0c6b0493-3a1d-4a64-9812-6ecff0fc35fb e1ac42cf41ce4d01ac325962aaac60c3 571f43a274f24479b12f7554ff301f21 - - default default] Method 'is_advsvc' is deprecated since 2023.2 release (neutron-lib 3.8.0) and will be removed once support for the old RBAC API policies will be removed from Neutron. Please use method 'is_service_role' instead.
2026-06-30 19:14:30.899 10 INFO neutron.wsgi [req-d0a3506a-30c2-4126-b733-ed0fdc4eec86 req-d3a8f745-afd8-4fb9-a454-68a961e0b463 e14242d363134b45b96bac6637f7142c 1765ada5f7ae457e82958e3b213838c2 - - default default] 10.0.0.149 "GET /v2.0/ports?device_id=84c141bf-cb0b-4197-98e4-0304fae4a288 HTTP/1.1" status: 200 len: 1396 time: 0.1293595
2026-06-30 19:14:30.967 10 INFO neutron.wsgi [req-d0a3506a-30c2-4126-b733-ed0fdc4eec86 req-c1a22ae5-dc1a-4bfb-9b56-a9210d4d2a5a e14242d363134b45b96bac6637f7142c 1765ada5f7ae457e82958e3b213838c2 - - default default] 10.0.0.149 "GET /v2.0/security-groups?id=b91b15cb-d15f-4816-a01b-a6534f13b42f&fields=id&fields=name HTTP/1.1" status: 200 len: 311 time: 0.0567906
2026-06-30 19:14:31.050 9 WARNING neutron.scheduler.dhcp_agent_scheduler [None req-0c6b0493-3a1d-4a64-9812-6ecff0fc35fb e1ac42cf41ce4d01ac325962aaac60c3 571f43a274f24479b12f7554ff301f21 - - default default] No more DHCP agents
2026-06-30 19:14:31.053 9 WARNING neutron.api.rpc.agentnotifiers.dhcp_rpc_agent_api [None req-0c6b0493-3a1d-4a64-9812-6ecff0fc35fb e1ac42cf41ce4d01ac325962aaac60c3 571f43a274f24479b12f7554ff301f21 - - default default] Unable to schedule network 11186a0e-9f6f-412f-9732-c3311caa74d0: no agents available; will retry on subsequent port and subnet creation events.
2026-06-30 19:14:31.848 9 INFO neutron.db.ovn_revision_numbers_db [None req-0c6b0493-3a1d-4a64-9812-6ecff0fc35fb e1ac42cf41ce4d01ac325962aaac60c3 571f43a274f24479b12f7554ff301f21 - - default default] Successfully bumped revision number for resource 1eaa64cb-391f-4263-9d9a-b7fb10f8a528 (type: ports) to 2
2026-06-30 19:14:31.890 9 INFO neutron.db.ovn_revision_numbers_db [None req-0c6b0493-3a1d-4a64-9812-6ecff0fc35fb e1ac42cf41ce4d01ac325962aaac60c3 571f43a274f24479b12f7554ff301f21 - - default default] Successfully bumped revision number for resource bfba8833-68b2-4bec-a377-ba57b7f241fc (type: subnets) to 0
2026-06-30 19:14:31.909 9 INFO neutron.wsgi [None req-0c6b0493-3a1d-4a64-9812-6ecff0fc35fb e1ac42cf41ce4d01ac325962aaac60c3 571f43a274f24479b12f7554ff301f21 - - default default] 10.0.0.91 "POST /v2.0/subnets HTTP/1.1" status: 201 len: 801 time: 1.1499012
2026-06-30 19:14:31.917 9 WARNING neutron_lib.context [None req-93aecd7a-8b91-4398-bdf2-49711ab989e1 e1ac42cf41ce4d01ac325962aaac60c3 571f43a274f24479b12f7554ff301f21 - - default default] Method 'is_advsvc' is deprecated since 2023.2 release (neutron-lib 3.8.0) and will be removed once support for the old RBAC API policies will be removed from Neutron. Please use method 'is_service_role' instead.
2026-06-30 19:14:32.147 10 WARNING neutron_lib.context [None req-b05b3f5f-f17f-4380-8382-647f8d612754 a74c4bbdcdce480b83aabab0294bb7c8 dca83da2b95d428ca4574e9f570ff52f - - default default] Method 'is_advsvc' is deprecated since 2023.2 release (neutron-lib 3.8.0) and will be removed once support for the old RBAC API policies will be removed from Neutron. Please use method 'is_service_role' instead.
2026-06-30 19:14:32.314 10 INFO neutron.db.ovn_revision_numbers_db [None req-b05b3f5f-f17f-4380-8382-647f8d612754 a74c4bbdcdce480b83aabab0294bb7c8 dca83da2b95d428ca4574e9f570ff52f - - default default] Successfully bumped revision number for resource 22af3557-eb1d-4e20-b9a8-2c010ab13b1d (type: security_groups) to 1
2026-06-30 19:14:32.322 10 WARNING neutron_lib.context [None req-de1543a9-8812-48af-b549-51319db43248 e845b1447e734285ac62e5ca9df84780 96fbb877f877404dbdc5ee3a8c5ad953 - - default default] Method 'is_advsvc' is deprecated since 2023.2 release (neutron-lib 3.8.0) and will be removed once support for the old RBAC API policies will be removed from Neutron. Please use method 'is_service_role' instead.
2026-06-30 19:14:32.339 10 INFO neutron.db.ovn_revision_numbers_db [None req-b05b3f5f-f17f-4380-8382-647f8d612754 a74c4bbdcdce480b83aabab0294bb7c8 dca83da2b95d428ca4574e9f570ff52f - - default default] Successfully bumped revision number for resource 2addcce2-9d79-4fc2-9966-3820dd869167 (type: security_group_rules) to 0
2026-06-30 19:14:32.365 10 INFO neutron.db.ovn_revision_numbers_db [None req-b05b3f5f-f17f-4380-8382-647f8d612754 a74c4bbdcdce480b83aabab0294bb7c8 dca83da2b95d428ca4574e9f570ff52f - - default default] Successfully bumped revision number for resource 82b4f578-f49a-4d61-b1ec-743133f3c895 (type: security_group_rules) to 0
2026-06-30 19:14:32.380 10 INFO neutron.db.ovn_revision_numbers_db [None req-b05b3f5f-f17f-4380-8382-647f8d612754 a74c4bbdcdce480b83aabab0294bb7c8 dca83da2b95d428ca4574e9f570ff52f - - default default] Successfully bumped revision number for resource c17a8015-5fc0-4853-916f-0081a0f818c7 (type: security_group_rules) to 0
2026-06-30 19:14:32.388 10 INFO neutron.wsgi [None req-de1543a9-8812-48af-b549-51319db43248 e845b1447e734285ac62e5ca9df84780 96fbb877f877404dbdc5ee3a8c5ad953 - - default default] 10.0.0.91 "POST /v2.0/subnetpools HTTP/1.1" status: 201 len: 715 time: 0.1124465
2026-06-30 19:14:32.396 10 INFO neutron.db.ovn_revision_numbers_db [None req-b05b3f5f-f17f-4380-8382-647f8d612754 a74c4bbdcdce480b83aabab0294bb7c8 dca83da2b95d428ca4574e9f570ff52f - - default default] Successfully bumped revision number for resource d76f09d7-8261-402a-9af1-43e11d7a9a41 (type: security_group_rules) to 0
2026-06-30 19:14:32.443 10 INFO neutron.wsgi [None req-47aa2848-8159-4534-8080-92e19ee23fad e845b1447e734285ac62e5ca9df84780 96fbb877f877404dbdc5ee3a8c5ad953 - - default default] 10.0.0.91 "PUT /v2.0/subnetpools/3b2052d7-ccc8-48fa-91f0-5de1624a57d1/tags HTTP/1.1" status: 200 len: 218 time: 0.0375321
2026-06-30 19:14:32.460 9 WARNING neutron.scheduler.dhcp_agent_scheduler [None req-93aecd7a-8b91-4398-bdf2-49711ab989e1 e1ac42cf41ce4d01ac325962aaac60c3 571f43a274f24479b12f7554ff301f21 - - default default] No more DHCP agents
2026-06-30 19:14:32.462 9 WARNING neutron.api.rpc.agentnotifiers.dhcp_rpc_agent_api [None req-93aecd7a-8b91-4398-bdf2-49711ab989e1 e1ac42cf41ce4d01ac325962aaac60c3 571f43a274f24479b12f7554ff301f21 - - default default] Unable to schedule network 2ce4b973-0e98-4eb1-bf26-a3b2771ccebd: no agents available; will retry on subsequent port and subnet creation events.
2026-06-30 19:14:32.474 10 INFO neutron.db.segments_db [None req-b05b3f5f-f17f-4380-8382-647f8d612754 a74c4bbdcdce480b83aabab0294bb7c8 dca83da2b95d428ca4574e9f570ff52f - - default default] Added segment ee85d46d-ee41-401d-b9a5-55014294091a of type geneve for network af0e0160-c92b-450e-931a-586acc100ddf
2026-06-30 19:14:32.487 10 INFO neutron.wsgi [None req-37ac59ce-3d6a-4b37-82d0-7ec44ce72cf0 e845b1447e734285ac62e5ca9df84780 96fbb877f877404dbdc5ee3a8c5ad953 - - default default] 10.0.0.91 "GET /v2.0/subnetpools/3b2052d7-ccc8-48fa-91f0-5de1624a57d1/tags HTTP/1.1" status: 200 len: 218 time: 0.0338035
2026-06-30 19:14:32.544 10 INFO neutron.wsgi [None req-0cd270ce-2db2-4667-b20f-44904f86afb7 e845b1447e734285ac62e5ca9df84780 96fbb877f877404dbdc5ee3a8c5ad953 - - default default] 10.0.0.91 "PUT /v2.0/subnetpools/3b2052d7-ccc8-48fa-91f0-5de1624a57d1/tags/green HTTP/1.1" status: 201 len: 201 time: 0.0500386
2026-06-30 19:14:32.586 9 INFO neutron.wsgi [None req-0b64c7cf-e6ee-4500-95bc-307b372e518a e845b1447e734285ac62e5ca9df84780 96fbb877f877404dbdc5ee3a8c5ad953 - - default default] 10.0.0.91 "GET /v2.0/subnetpools/3b2052d7-ccc8-48fa-91f0-5de1624a57d1/tags HTTP/1.1" status: 200 len: 227 time: 0.0346677
2026-06-30 19:14:32.628 10 INFO neutron.db.ovn_revision_numbers_db [None req-b05b3f5f-f17f-4380-8382-647f8d612754 a74c4bbdcdce480b83aabab0294bb7c8 dca83da2b95d428ca4574e9f570ff52f - - default default] Successfully bumped revision number for resource af0e0160-c92b-450e-931a-586acc100ddf (type: networks) to 1
2026-06-30 19:14:32.632 9 INFO neutron.wsgi [None req-7341c1e3-e55f-4e84-a13d-8a2fe05c5556 e845b1447e734285ac62e5ca9df84780 96fbb877f877404dbdc5ee3a8c5ad953 - - default default] 10.0.0.91 "PUT /v2.0/subnetpools/3b2052d7-ccc8-48fa-91f0-5de1624a57d1/tags/red HTTP/1.1" status: 201 len: 201 time: 0.0394456
2026-06-30 19:14:32.643 9 INFO neutron.db.ovn_revision_numbers_db [None req-93aecd7a-8b91-4398-bdf2-49711ab989e1 e1ac42cf41ce4d01ac325962aaac60c3 571f43a274f24479b12f7554ff301f21 - - default default] Successfully bumped revision number for resource acf8d3ec-3c4d-4939-9463-c4f323b80dd3 (type: ports) to 1
2026-06-30 19:14:32.660 9 INFO neutron.wsgi [None req-34dc595b-de92-4128-bf21-eead72cda3c4 e845b1447e734285ac62e5ca9df84780 96fbb877f877404dbdc5ee3a8c5ad953 - - default default] 10.0.0.91 "GET /v2.0/subnetpools/3b2052d7-ccc8-48fa-91f0-5de1624a57d1/tags HTTP/1.1" status: 200 len: 227 time: 0.0229208
2026-06-30 19:14:32.725 10 INFO neutron.wsgi [None req-c588e66d-6816-4df0-8394-a700762670c1 e845b1447e734285ac62e5ca9df84780 96fbb877f877404dbdc5ee3a8c5ad953 - - default default] 10.0.0.91 "PUT /v2.0/subnetpools/3b2052d7-ccc8-48fa-91f0-5de1624a57d1/tags/black.or.white HTTP/1.1" status: 201 len: 201 time: 0.0548298
2026-06-30 19:14:33.032 10 INFO neutron.wsgi [None req-be8b6df3-a927-4298-9149-b9d1c9c3d56a e845b1447e734285ac62e5ca9df84780 96fbb877f877404dbdc5ee3a8c5ad953 - - default default] 10.0.0.91 "GET /v2.0/subnetpools/3b2052d7-ccc8-48fa-91f0-5de1624a57d1/tags HTTP/1.1" status: 200 len: 245 time: 0.3012280
2026-06-30 19:14:33.091 10 INFO neutron.wsgi [None req-5a679c53-fe0b-47e5-96d9-0be66b375fa9 e845b1447e734285ac62e5ca9df84780 96fbb877f877404dbdc5ee3a8c5ad953 - - default default] 10.0.0.91 "PUT /v2.0/subnetpools/3b2052d7-ccc8-48fa-91f0-5de1624a57d1/tags HTTP/1.1" status: 200 len: 230 time: 0.0534768
2026-06-30 19:14:33.115 10 WARNING neutron.scheduler.dhcp_agent_scheduler [None req-b05b3f5f-f17f-4380-8382-647f8d612754 a74c4bbdcdce480b83aabab0294bb7c8 dca83da2b95d428ca4574e9f570ff52f - - default default] No more DHCP agents
2026-06-30 19:14:33.117 10 WARNING neutron.api.rpc.agentnotifiers.dhcp_rpc_agent_api [None req-b05b3f5f-f17f-4380-8382-647f8d612754 a74c4bbdcdce480b83aabab0294bb7c8 dca83da2b95d428ca4574e9f570ff52f - - default default] Unable to schedule network af0e0160-c92b-450e-931a-586acc100ddf: no agents available; will retry on subsequent port and subnet creation events.
2026-06-30 19:14:33.134 9 INFO neutron.wsgi [None req-3e088ebd-fa3f-41e9-8f54-cf970998163b e845b1447e734285ac62e5ca9df84780 96fbb877f877404dbdc5ee3a8c5ad953 - - default default] 10.0.0.91 "GET /v2.0/subnetpools/3b2052d7-ccc8-48fa-91f0-5de1624a57d1/tags HTTP/1.1" status: 200 len: 230 time: 0.0371623
2026-06-30 19:14:33.186 9 INFO neutron.wsgi [None req-d2cd8762-f32a-4d29-9cba-5089230a99da e845b1447e734285ac62e5ca9df84780 96fbb877f877404dbdc5ee3a8c5ad953 - - default default] 10.0.0.91 "GET /v2.0/subnetpools/3b2052d7-ccc8-48fa-91f0-5de1624a57d1/tags/red HTTP/1.1" status: 204 len: 168 time: 0.0436375
2026-06-30 19:14:33.209 10 INFO neutron.db.ovn_revision_numbers_db [None req-b05b3f5f-f17f-4380-8382-647f8d612754 a74c4bbdcdce480b83aabab0294bb7c8 dca83da2b95d428ca4574e9f570ff52f - - default default] Successfully bumped revision number for resource 760b3113-ac89-42de-9139-c6f63259fedf (type: ports) to 1
2026-06-30 19:14:33.219 9 INFO neutron.api.v2.resource [None req-c5407177-1a17-4a9f-a819-097f76fc8ea7 e845b1447e734285ac62e5ca9df84780 96fbb877f877404dbdc5ee3a8c5ad953 - - default default] show failed (client error): The resource could not be found.
2026-06-30 19:14:33.221 9 INFO neutron.wsgi [None req-c5407177-1a17-4a9f-a819-097f76fc8ea7 e845b1447e734285ac62e5ca9df84780 96fbb877f877404dbdc5ee3a8c5ad953 - - default default] 10.0.0.91 "GET /v2.0/subnetpools/3b2052d7-ccc8-48fa-91f0-5de1624a57d1/tags/green HTTP/1.1" status: 404 len: 299 time: 0.0287147
2026-06-30 19:14:33.253 10 INFO neutron.wsgi [None req-b05b3f5f-f17f-4380-8382-647f8d612754 a74c4bbdcdce480b83aabab0294bb7c8 dca83da2b95d428ca4574e9f570ff52f - - default default] 10.0.0.91 "POST /v2.0/networks HTTP/1.1" status: 201 len: 844 time: 1.2165864
2026-06-30 19:14:33.264 10 WARNING neutron_lib.context [None req-ac63a5ad-ac81-4de7-9b33-2ded2a34ceb5 a74c4bbdcdce480b83aabab0294bb7c8 dca83da2b95d428ca4574e9f570ff52f - - default default] Method 'is_advsvc' is deprecated since 2023.2 release (neutron-lib 3.8.0) and will be removed once support for the old RBAC API policies will be removed from Neutron. Please use method 'is_service_role' instead.
2026-06-30 19:14:33.307 9 INFO neutron.wsgi [None req-1c9ac160-5d52-4d02-afd3-a36a3cc97b2a e845b1447e734285ac62e5ca9df84780 96fbb877f877404dbdc5ee3a8c5ad953 - - default default] 10.0.0.91 "DELETE /v2.0/subnetpools/3b2052d7-ccc8-48fa-91f0-5de1624a57d1/tags/red HTTP/1.1" status: 204 len: 168 time: 0.0808690
2026-06-30 19:14:33.347 10 INFO neutron.wsgi [None req-c9a54961-6055-4fc0-a71b-edd2971713ce e845b1447e734285ac62e5ca9df84780 96fbb877f877404dbdc5ee3a8c5ad953 - - default default] 10.0.0.91 "GET /v2.0/subnetpools/3b2052d7-ccc8-48fa-91f0-5de1624a57d1/tags HTTP/1.1" status: 200 len: 223 time: 0.0317624
2026-06-30 19:14:33.391 9 INFO neutron.api.v2.resource [None req-10e16e61-87ad-49f2-b0a1-232aab09f81d e845b1447e734285ac62e5ca9df84780 96fbb877f877404dbdc5ee3a8c5ad953 - - default default] delete failed (client error): The resource could not be found.
2026-06-30 19:14:33.393 9 INFO neutron.wsgi [None req-10e16e61-87ad-49f2-b0a1-232aab09f81d e845b1447e734285ac62e5ca9df84780 96fbb877f877404dbdc5ee3a8c5ad953 - - default default] 10.0.0.91 "DELETE /v2.0/subnetpools/3b2052d7-ccc8-48fa-91f0-5de1624a57d1/tags/green HTTP/1.1" status: 404 len: 299 time: 0.0374272
2026-06-30 19:14:33.411 9 INFO neutron.plugins.ml2.drivers.ovn.mech_driver.ovsdb.commands [None req-ae05a08c-9445-4eb2-8314-492c230be400 - - - - - -] Schedule LRP lrp-acf8d3ec-3c4d-4939-9463-c4f323b80dd3 on gateway 1216dddc-4e26-4a9d-9894-506659a4bf0c with priority 1
2026-06-30 19:14:33.441 10 INFO neutron.plugins.ml2.drivers.ovn.mech_driver.mech_driver [None req-a6ff4054-4c4e-4687-84ca-143e5307079f - - - - - -] OVN reports status up for port: acf8d3ec-3c4d-4939-9463-c4f323b80dd3
2026-06-30 19:14:33.456 10 INFO neutron.wsgi [None req-780f45fe-4149-455a-97a3-9711a4f92210 e845b1447e734285ac62e5ca9df84780 96fbb877f877404dbdc5ee3a8c5ad953 - - default default] 10.0.0.91 "DELETE /v2.0/subnetpools/3b2052d7-ccc8-48fa-91f0-5de1624a57d1/tags HTTP/1.1" status: 204 len: 168 time: 0.0580132
2026-06-30 19:14:33.458 10 INFO neutron.plugins.ml2.plugin [None req-a6ff4054-4c4e-4687-84ca-143e5307079f - - - - - -] Attempt 1 to provision port acf8d3ec-3c4d-4939-9463-c4f323b80dd3
2026-06-30 19:14:33.463 9 INFO neutron.db.ovn_revision_numbers_db [None req-93aecd7a-8b91-4398-bdf2-49711ab989e1 e1ac42cf41ce4d01ac325962aaac60c3 571f43a274f24479b12f7554ff301f21 - - default default] Successfully bumped revision number for resource acf8d3ec-3c4d-4939-9463-c4f323b80dd3 (type: router_ports) to 1
2026-06-30 19:14:33.514 10 INFO neutron.wsgi [None req-3761e561-6466-4c90-8a02-88ede5f16812 e845b1447e734285ac62e5ca9df84780 96fbb877f877404dbdc5ee3a8c5ad953 - - default default] 10.0.0.91 "GET /v2.0/subnetpools/3b2052d7-ccc8-48fa-91f0-5de1624a57d1/tags HTTP/1.1" status: 200 len: 205 time: 0.0522218
2026-06-30 19:14:33.554 9 INFO neutron.db.ovn_revision_numbers_db [None req-93aecd7a-8b91-4398-bdf2-49711ab989e1 e1ac42cf41ce4d01ac325962aaac60c3 571f43a274f24479b12f7554ff301f21 - - default default] Successfully bumped revision number for resource b439b64b-1f5f-4802-91e4-d74cd4be47c9 (type: routers) to 2
2026-06-30 19:14:33.572 9 INFO neutron.wsgi [None req-93aecd7a-8b91-4398-bdf2-49711ab989e1 e1ac42cf41ce4d01ac325962aaac60c3 571f43a274f24479b12f7554ff301f21 - - default default] 10.0.0.91 "POST /v2.0/routers HTTP/1.1" status: 201 len: 1135 time: 1.6592891
2026-06-30 19:14:33.619 10 WARNING neutron.scheduler.dhcp_agent_scheduler [None req-ac63a5ad-ac81-4de7-9b33-2ded2a34ceb5 a74c4bbdcdce480b83aabab0294bb7c8 dca83da2b95d428ca4574e9f570ff52f - - default default] No more DHCP agents
2026-06-30 19:14:33.620 10 WARNING neutron.api.rpc.agentnotifiers.dhcp_rpc_agent_api [None req-ac63a5ad-ac81-4de7-9b33-2ded2a34ceb5 a74c4bbdcdce480b83aabab0294bb7c8 dca83da2b95d428ca4574e9f570ff52f - - default default] Unable to schedule network af0e0160-c92b-450e-931a-586acc100ddf: no agents available; will retry on subsequent port and subnet creation events.
2026-06-30 19:14:33.626 10 INFO neutron.wsgi [None req-7731a984-db5d-4d65-bc06-8a3339e97b4f e845b1447e734285ac62e5ca9df84780 96fbb877f877404dbdc5ee3a8c5ad953 - - default default] 10.0.0.91 "DELETE /v2.0/subnetpools/3b2052d7-ccc8-48fa-91f0-5de1624a57d1 HTTP/1.1" status: 204 len: 168 time: 0.0930390
2026-06-30 19:14:33.709 10 INFO neutron.db.ovn_revision_numbers_db [None req-ac63a5ad-ac81-4de7-9b33-2ded2a34ceb5 a74c4bbdcdce480b83aabab0294bb7c8 dca83da2b95d428ca4574e9f570ff52f - - default default] Successfully bumped revision number for resource 73ff27cc-ef9f-4be4-af21-89b35316b590 (type: ports) to 1
2026-06-30 19:14:33.736 10 INFO neutron.wsgi [None req-ac63a5ad-ac81-4de7-9b33-2ded2a34ceb5 a74c4bbdcdce480b83aabab0294bb7c8 dca83da2b95d428ca4574e9f570ff52f - - default default] 10.0.0.91 "POST /v2.0/ports HTTP/1.1" status: 201 len: 973 time: 0.4775023
2026-06-30 19:14:33.747 10 WARNING neutron_lib.context [None req-0ce29242-3eaf-485c-9865-eb8fa43b1602 a74c4bbdcdce480b83aabab0294bb7c8 dca83da2b95d428ca4574e9f570ff52f - - default default] Method 'is_advsvc' is deprecated since 2023.2 release (neutron-lib 3.8.0) and will be removed once support for the old RBAC API policies will be removed from Neutron. Please use method 'is_service_role' instead. /var/lib/openstack/lib/python3.10/site-packages/pycadf/identifier.py:71: UserWarning: Invalid uuid: neutron. To ensure interoperability, identifiers should be a valid uuid. warnings.warn(('Invalid uuid: %s. To ensure interoperability, '
2026-06-30 19:14:33.845 10 INFO neutron.db.segments_db [None req-0ce29242-3eaf-485c-9865-eb8fa43b1602 a74c4bbdcdce480b83aabab0294bb7c8 dca83da2b95d428ca4574e9f570ff52f - - default default] Added segment bff77843-7b31-46ec-aee6-c6a696184f01 of type geneve for network 3ea02b3a-372e-4873-9efc-0bbe6b26a5a7
2026-06-30 19:14:34.006 10 INFO neutron.db.ovn_revision_numbers_db [None req-0ce29242-3eaf-485c-9865-eb8fa43b1602 a74c4bbdcdce480b83aabab0294bb7c8 dca83da2b95d428ca4574e9f570ff52f - - default default] Successfully bumped revision number for resource 3ea02b3a-372e-4873-9efc-0bbe6b26a5a7 (type: networks) to 1
2026-06-30 19:14:34.314 10 WARNING neutron.scheduler.dhcp_agent_scheduler [None req-0ce29242-3eaf-485c-9865-eb8fa43b1602 a74c4bbdcdce480b83aabab0294bb7c8 dca83da2b95d428ca4574e9f570ff52f - - default default] No more DHCP agents
2026-06-30 19:14:34.317 10 WARNING neutron.api.rpc.agentnotifiers.dhcp_rpc_agent_api [None req-0ce29242-3eaf-485c-9865-eb8fa43b1602 a74c4bbdcdce480b83aabab0294bb7c8 dca83da2b95d428ca4574e9f570ff52f - - default default] Unable to schedule network 3ea02b3a-372e-4873-9efc-0bbe6b26a5a7: no agents available; will retry on subsequent port and subnet creation events.
2026-06-30 19:14:34.424 10 INFO neutron.db.ovn_revision_numbers_db [None req-0ce29242-3eaf-485c-9865-eb8fa43b1602 a74c4bbdcdce480b83aabab0294bb7c8 dca83da2b95d428ca4574e9f570ff52f - - default default] Successfully bumped revision number for resource ad94d19d-f082-4d77-b186-32d11b9373da (type: ports) to 1
2026-06-30 19:14:34.458 10 INFO neutron.wsgi [None req-0ce29242-3eaf-485c-9865-eb8fa43b1602 a74c4bbdcdce480b83aabab0294bb7c8 dca83da2b95d428ca4574e9f570ff52f - - default default] 10.0.0.91 "POST /v2.0/networks HTTP/1.1" status: 201 len: 831 time: 0.7163787
2026-06-30 19:14:34.467 10 WARNING neutron_lib.context [None req-91163f9d-ef42-4ee2-9ba7-a6a30a23debb a74c4bbdcdce480b83aabab0294bb7c8 dca83da2b95d428ca4574e9f570ff52f - - default default] Method 'is_advsvc' is deprecated since 2023.2 release (neutron-lib 3.8.0) and will be removed once support for the old RBAC API policies will be removed from Neutron. Please use method 'is_service_role' instead.
2026-06-30 19:14:34.530 9 WARNING neutron.scheduler.dhcp_agent_scheduler [None req-c34cac04-f672-4d1c-a41b-c1546bd7211c e1ac42cf41ce4d01ac325962aaac60c3 571f43a274f24479b12f7554ff301f21 - - default default] No more DHCP agents
2026-06-30 19:14:34.534 9 WARNING neutron.api.rpc.agentnotifiers.dhcp_rpc_agent_api [None req-c34cac04-f672-4d1c-a41b-c1546bd7211c e1ac42cf41ce4d01ac325962aaac60c3 571f43a274f24479b12f7554ff301f21 - - default default] Unable to schedule network 11186a0e-9f6f-412f-9732-c3311caa74d0: no agents available; will retry on subsequent port and subnet creation events.
2026-06-30 19:14:34.701 9 INFO neutron.db.ovn_revision_numbers_db [None req-c34cac04-f672-4d1c-a41b-c1546bd7211c e1ac42cf41ce4d01ac325962aaac60c3 571f43a274f24479b12f7554ff301f21 - - default default] Successfully bumped revision number for resource 6cef7d92-8bc5-4d10-8a2d-f66f6f0e5af4 (type: ports) to 1
2026-06-30 19:14:34.718 10 INFO neutron.db.ovn_revision_numbers_db [None req-51b892ec-acb1-4302-a371-5feb15e617c5 ef979f9f229945448379ee724be317d1 961d3458cc1244d5a0325340e06ef365 - - default default] Successfully bumped revision number for resource 584a9d05-670c-41e9-9374-051c40dbf5ef (type: security_groups) to 1
2026-06-30 19:14:34.747 10 INFO neutron.db.ovn_revision_numbers_db [None req-51b892ec-acb1-4302-a371-5feb15e617c5 ef979f9f229945448379ee724be317d1 961d3458cc1244d5a0325340e06ef365 - - default default] Successfully bumped revision number for resource 9cdcdfe6-5a59-4547-9155-1c0b163f1f71 (type: security_group_rules) to 0
2026-06-30 19:14:34.754 10 WARNING neutron.scheduler.dhcp_agent_scheduler [None req-91163f9d-ef42-4ee2-9ba7-a6a30a23debb a74c4bbdcdce480b83aabab0294bb7c8 dca83da2b95d428ca4574e9f570ff52f - - default default] No more DHCP agents
2026-06-30 19:14:34.758 10 WARNING neutron.api.rpc.agentnotifiers.dhcp_rpc_agent_api [None req-91163f9d-ef42-4ee2-9ba7-a6a30a23debb a74c4bbdcdce480b83aabab0294bb7c8 dca83da2b95d428ca4574e9f570ff52f - - default default] Unable to schedule network 3ea02b3a-372e-4873-9efc-0bbe6b26a5a7: no agents available; will retry on subsequent port and subnet creation events.
2026-06-30 19:14:34.777 10 INFO neutron.db.ovn_revision_numbers_db [None req-51b892ec-acb1-4302-a371-5feb15e617c5 ef979f9f229945448379ee724be317d1 961d3458cc1244d5a0325340e06ef365 - - default default] Successfully bumped revision number for resource becd7de9-f70e-499d-a51d-7b4073970cd6 (type: security_group_rules) to 0
2026-06-30 19:14:34.808 10 INFO neutron.db.ovn_revision_numbers_db [None req-51b892ec-acb1-4302-a371-5feb15e617c5 ef979f9f229945448379ee724be317d1 961d3458cc1244d5a0325340e06ef365 - - default default] Successfully bumped revision number for resource c536f35b-2b27-4a55-9969-cda63a091772 (type: security_group_rules) to 0
2026-06-30 19:14:34.824 10 INFO neutron.db.ovn_revision_numbers_db [None req-51b892ec-acb1-4302-a371-5feb15e617c5 ef979f9f229945448379ee724be317d1 961d3458cc1244d5a0325340e06ef365 - - default default] Successfully bumped revision number for resource fe89e592-dc26-4fc6-99f1-c01b7a2381bd (type: security_group_rules) to 0
2026-06-30 19:14:34.853 10 INFO neutron.wsgi [None req-51b892ec-acb1-4302-a371-5feb15e617c5 ef979f9f229945448379ee724be317d1 961d3458cc1244d5a0325340e06ef365 - - default default] 10.0.0.91 "GET /v2.0/security-groups?tenant_id=96fbb877f877404dbdc5ee3a8c5ad953&name=default HTTP/1.1" status: 200 len: 3120 time: 0.4135764
2026-06-30 19:14:35.177 10 INFO neutron.wsgi [None req-118f8b7e-1479-4647-b8e9-0ae68c408693 ef979f9f229945448379ee724be317d1 961d3458cc1244d5a0325340e06ef365 - - default default] 10.0.0.91 "DELETE /v2.0/security-groups/584a9d05-670c-41e9-9374-051c40dbf5ef HTTP/1.1" status: 204 len: 168 time: 0.3003449
2026-06-30 19:14:35.320 9 ERROR ovsdbapp.backend.ovs_idl.command [None req-c34cac04-f672-4d1c-a41b-c1546bd7211c e1ac42cf41ce4d01ac325962aaac60c3 571f43a274f24479b12f7554ff301f21 - - default default] Error executing command (DbGetCommand): ovsdbapp.backend.ovs_idl.idlutils.RowNotFound: Cannot find Logical_Router_Port with name=lrp-6cef7d92-8bc5-4d10-8a2d-f66f6f0e5af4
2026-06-30 19:14:35.320 9 ERROR ovsdbapp.backend.ovs_idl.command
Traceback (most recent call last):
2026-06-30 19:14:35.320 9 ERROR ovsdbapp.backend.ovs_idl.command
File "/var/lib/openstack/lib/python3.10/site-packages/ovsdbapp/backend/ovs_idl/command.py", line 47, in execute
2026-06-30 19:14:35.320 9 ERROR ovsdbapp.backend.ovs_idl.command self.run_idl(None)
2026-06-30 19:14:35.320 9 ERROR ovsdbapp.backend.ovs_idl.command
File "/var/lib/openstack/lib/python3.10/site-packages/ovsdbapp/backend/ovs_idl/command.py", line 235, in run_idl
2026-06-30 19:14:35.320 9 ERROR ovsdbapp.backend.ovs_idl.command record = self.api.lookup(self.table, self.record)
2026-06-30 19:14:35.320 9 ERROR ovsdbapp.backend.ovs_idl.command
File "/var/lib/openstack/lib/python3.10/site-packages/ovsdbapp/backend/ovs_idl/__init__.py", line 184, in lookup
2026-06-30 19:14:35.320 9 ERROR ovsdbapp.backend.ovs_idl.command return self._lookup(table, record)
2026-06-30 19:14:35.320 9 ERROR ovsdbapp.backend.ovs_idl.command
File "/var/lib/openstack/lib/python3.10/site-packages/ovsdbapp/backend/ovs_idl/__init__.py", line 235, in _lookup
2026-06-30 19:14:35.320 9 ERROR ovsdbapp.backend.ovs_idl.command row = idlutils.row_by_value(self, rl.table, rl.column, record)
2026-06-30 19:14:35.320 9 ERROR ovsdbapp.backend.ovs_idl.command
File "/var/lib/openstack/lib/python3.10/site-packages/ovsdbapp/backend/ovs_idl/idlutils.py", line 114, in row_by_value
2026-06-30 19:14:35.320 9 ERROR ovsdbapp.backend.ovs_idl.command raise RowNotFound(table=table, col=column, match=match)
2026-06-30 19:14:35.320 9 ERROR ovsdbapp.backend.ovs_idl.command ovsdbapp.backend.ovs_idl.idlutils.RowNotFound: Cannot find Logical_Router_Port with name=lrp-6cef7d92-8bc5-4d10-8a2d-f66f6f0e5af4
2026-06-30 19:14:35.320 9 ERROR ovsdbapp.backend.ovs_idl.command 
2026-06-30 19:14:35.321 9 ERROR neutron_lib.callbacks.manager [None req-c34cac04-f672-4d1c-a41b-c1546bd7211c e1ac42cf41ce4d01ac325962aaac60c3 571f43a274f24479b12f7554ff301f21 - - default default] Error during notification for neutron.services.ovn_l3.plugin.OVNL3RouterPlugin._port_update-8734692774630 port, after_update: ovsdbapp.backend.ovs_idl.idlutils.RowNotFound: Cannot find Logical_Router_Port with name=lrp-6cef7d92-8bc5-4d10-8a2d-f66f6f0e5af4
2026-06-30 19:14:35.321 9 ERROR neutron_lib.callbacks.manager
Traceback (most recent call last):
2026-06-30 19:14:35.321 9 ERROR neutron_lib.callbacks.manager
File "/var/lib/openstack/lib/python3.10/site-packages/neutron_lib/callbacks/manager.py", line 189, in _notify_loop
2026-06-30 19:14:35.321 9 ERROR neutron_lib.callbacks.manager callback.method(resource, event, trigger, payload=payload)
2026-06-30 19:14:35.321 9 ERROR neutron_lib.callbacks.manager
File "/var/lib/openstack/lib/python3.10/site-packages/neutron/services/ovn_l3/plugin.py", line 391, in _port_update
2026-06-30 19:14:35.321 9 ERROR neutron_lib.callbacks.manager l3plugin._ovn_client.update_router_port(context,
2026-06-30 19:14:35.321 9 ERROR neutron_lib.callbacks.manager
File "/var/lib/openstack/lib/python3.10/site-packages/neutron/plugins/ml2/drivers/ovn/mech_driver/ovsdb/ovn_client.py", line 1878, in update_router_port
2026-06-30 19:14:35.321 9 ERROR neutron_lib.callbacks.manager self._update_lrouter_port(context, port, if_exists=if_exists,
2026-06-30 19:14:35.321 9 ERROR neutron_lib.callbacks.manager
File "/var/lib/openstack/lib/python3.10/site-packages/neutron/plugins/ml2/drivers/ovn/mech_driver/ovsdb/ovn_client.py", line 1855, in _update_lrouter_port
2026-06-30 19:14:35.321 9 ERROR neutron_lib.callbacks.manager external_ids = self._nb_idl.db_get(
2026-06-30 19:14:35.321 9 ERROR neutron_lib.callbacks.manager
File "/var/lib/openstack/lib/python3.10/site-packages/ovsdbapp/backend/ovs_idl/command.py", line 47, in execute
2026-06-30 19:14:35.321 9 ERROR neutron_lib.callbacks.manager self.run_idl(None)
2026-06-30 19:14:35.321 9 ERROR neutron_lib.callbacks.manager
File "/var/lib/openstack/lib/python3.10/site-packages/ovsdbapp/backend/ovs_idl/command.py", line 235, in run_idl
