2026-06-30 19:12:35.056 10 INFO neutron.db.ovn_revision_numbers_db [None req-73f30f81-2fe7-4ba9-88cd-944d2cc2b6b6 ef979f9f229945448379ee724be317d1 961d3458cc1244d5a0325340e06ef365 - - default default] Successfully bumped revision number for resource 7038ea72-bb8f-4150-a728-e7fb74496c2a (type: security_group_rules) to 0
2026-06-30 19:12:35.070 10 INFO neutron.db.ovn_revision_numbers_db [None req-73f30f81-2fe7-4ba9-88cd-944d2cc2b6b6 ef979f9f229945448379ee724be317d1 961d3458cc1244d5a0325340e06ef365 - - default default] Successfully bumped revision number for resource 9006ace7-bb4c-4747-87b4-c6c2125955c5 (type: security_group_rules) to 0
2026-06-30 19:12:35.092 10 INFO neutron.db.ovn_revision_numbers_db [None req-73f30f81-2fe7-4ba9-88cd-944d2cc2b6b6 ef979f9f229945448379ee724be317d1 961d3458cc1244d5a0325340e06ef365 - - default default] Successfully bumped revision number for resource 9255db76-1087-4036-888d-9272fe5e0433 (type: security_group_rules) to 0
2026-06-30 19:12:35.104 10 INFO neutron.db.ovn_revision_numbers_db [None req-73f30f81-2fe7-4ba9-88cd-944d2cc2b6b6 ef979f9f229945448379ee724be317d1 961d3458cc1244d5a0325340e06ef365 - - default default] Successfully bumped revision number for resource b179013b-5c4a-49d8-afa6-ab8843d98683 (type: security_group_rules) to 0
2026-06-30 19:12:35.123 10 INFO neutron.wsgi [None req-73f30f81-2fe7-4ba9-88cd-944d2cc2b6b6 ef979f9f229945448379ee724be317d1 961d3458cc1244d5a0325340e06ef365 - - default default] 10.0.0.91 "GET /v2.0/security-groups?tenant_id=006ddb951436420c807d631cb8052389&name=default HTTP/1.1" status: 200 len: 3120 time: 0.3738751
2026-06-30 19:12:35.539 9 INFO neutron.wsgi [None req-c562f68d-6216-42a1-96cf-330e883b05e1 ef979f9f229945448379ee724be317d1 961d3458cc1244d5a0325340e06ef365 - - default default] 10.0.0.91 "DELETE /v2.0/security-groups/83405ca0-630b-4051-b85d-fd076a1efb20 HTTP/1.1" status: 204 len: 168 time: 0.4095273
2026-06-30 19:12:35.723 9 INFO neutron.wsgi [None req-fd33fa03-29e0-4367-84a6-495c54a6ede4 ef979f9f229945448379ee724be317d1 961d3458cc1244d5a0325340e06ef365 - - default default] 10.0.0.91 "DELETE /v2.0/routers/f0e50790-c7c9-43cd-8cb6-6d6a8513d029 HTTP/1.1" status: 204 len: 168 time: 1.0191166
2026-06-30 19:12:35.765 10 INFO neutron.db.ovn_revision_numbers_db [None req-d7c0dc93-fdf0-40d8-81cf-46a4eb51cd86 ef979f9f229945448379ee724be317d1 961d3458cc1244d5a0325340e06ef365 - - default default] Successfully bumped revision number for resource ef617a1c-7f1d-44f1-93f0-7751dd86b0c2 (type: security_groups) to 1
2026-06-30 19:12:35.786 10 INFO neutron.db.ovn_revision_numbers_db [None req-d7c0dc93-fdf0-40d8-81cf-46a4eb51cd86 ef979f9f229945448379ee724be317d1 961d3458cc1244d5a0325340e06ef365 - - default default] Successfully bumped revision number for resource 2c9be9a7-f36c-4c3b-97e8-e5bc914ef957 (type: security_group_rules) to 0
2026-06-30 19:12:35.814 10 INFO neutron.db.ovn_revision_numbers_db [None req-d7c0dc93-fdf0-40d8-81cf-46a4eb51cd86 ef979f9f229945448379ee724be317d1 961d3458cc1244d5a0325340e06ef365 - - default default] Successfully bumped revision number for resource 4ab53413-36ca-4b41-9b42-0c0624298568 (type: security_group_rules) to 0
2026-06-30 19:12:35.843 10 INFO neutron.db.ovn_revision_numbers_db [None req-d7c0dc93-fdf0-40d8-81cf-46a4eb51cd86 ef979f9f229945448379ee724be317d1 961d3458cc1244d5a0325340e06ef365 - - default default] Successfully bumped revision number for resource 93cba114-6c0d-4661-85fa-bc92060a4905 (type: security_group_rules) to 0
2026-06-30 19:12:35.866 10 INFO neutron.db.ovn_revision_numbers_db [None req-d7c0dc93-fdf0-40d8-81cf-46a4eb51cd86 ef979f9f229945448379ee724be317d1 961d3458cc1244d5a0325340e06ef365 - - default default] Successfully bumped revision number for resource ddb8326d-fae6-40c6-b19b-85831731441e (type: security_group_rules) to 0
2026-06-30 19:12:35.898 10 INFO neutron.wsgi [None req-d7c0dc93-fdf0-40d8-81cf-46a4eb51cd86 ef979f9f229945448379ee724be317d1 961d3458cc1244d5a0325340e06ef365 - - default default] 10.0.0.91 "GET /v2.0/security-groups?tenant_id=930c3c9de2f84f7c8494feb4e2d05769&name=default HTTP/1.1" status: 200 len: 3120 time: 0.2673740
2026-06-30 19:12:35.939 10 INFO neutron.wsgi [None req-9dcdbaf5-ba53-4d90-8113-e91759eba91a ef979f9f229945448379ee724be317d1 961d3458cc1244d5a0325340e06ef365 - - default default] 10.0.0.91 "DELETE /v2.0/subnets/d026dbd2-e220-4842-9e12-5d3fdf2f708c HTTP/1.1" status: 204 len: 168 time: 0.2068903
2026-06-30 19:12:36.151 9 INFO neutron.wsgi [None req-1f493a75-b10a-440b-a814-68f739afdc2b ef979f9f229945448379ee724be317d1 961d3458cc1244d5a0325340e06ef365 - - default default] 10.0.0.91 "DELETE /v2.0/security-groups/ef617a1c-7f1d-44f1-93f0-7751dd86b0c2 HTTP/1.1" status: 204 len: 168 time: 0.2471528
2026-06-30 19:12:36.353 10 INFO neutron.services.segments.plugin [-] Segment b09fe5c2-fb0f-4273-8031-8da494bb2247 resource provider aggregate not found
2026-06-30 19:12:36.361 10 INFO neutron.services.segments.plugin [-] Segment b09fe5c2-fb0f-4273-8031-8da494bb2247 resource provider aggregate not found
2026-06-30 19:12:36.380 10 INFO neutron.wsgi [None req-d24260c2-1d42-4631-aa71-91af707b25cc ef979f9f229945448379ee724be317d1 961d3458cc1244d5a0325340e06ef365 - - default default] 10.0.0.91 "DELETE /v2.0/networks/7fd2c5ed-7a7a-44e8-a1ba-ac6b3d62b2b7 HTTP/1.1" status: 204 len: 168 time: 0.4333320
2026-06-30 19:12:36.381 10 INFO neutron.services.segments.plugin [-] Segment b09fe5c2-fb0f-4273-8031-8da494bb2247 resource provider not found; error: Placement Client Error (4xx): {"errors": [{"status": 404, "title": "Not Found", "detail": "The resource could not be found.\n\n No resource provider with uuid b09fe5c2-fb0f-4273-8031-8da494bb2247 found for delete ", "request_id": "req-d6a81990-8761-40c8-9220-ec588b72d259"}]}
2026-06-30 19:12:36.382 10 INFO neutron.services.segments.plugin [-] Segment b09fe5c2-fb0f-4273-8031-8da494bb2247 resource provider not found; error: Placement Client Error (4xx): {"errors": [{"status": 404, "title": "Not Found", "detail": "The resource could not be found.\n\n No resource provider with uuid b09fe5c2-fb0f-4273-8031-8da494bb2247 found for delete ", "request_id": "req-7a831cb0-53e3-485b-a9d1-440e7bb77880"}]}
2026-06-30 19:12:36.612 9 INFO neutron.wsgi [None req-981aa34b-277c-42e2-b9ff-31bda4d02598 ef979f9f229945448379ee724be317d1 961d3458cc1244d5a0325340e06ef365 - - default default] 10.0.0.91 "GET /v2.0/security-groups?tenant_id=ad91521be65845eab6b1082a6e5b745a&name=default HTTP/1.1" status: 200 len: 3120 time: 0.0534806
2026-06-30 19:12:36.839 10 INFO neutron.wsgi [None req-395f2742-a68d-4dda-9e5c-a188ee80397b ef979f9f229945448379ee724be317d1 961d3458cc1244d5a0325340e06ef365 - - default default] 10.0.0.91 "DELETE /v2.0/security-groups/6dc9ef42-a1cc-4117-a7f5-6e20d585fd82 HTTP/1.1" status: 204 len: 168 time: 0.2196887
2026-06-30 19:12:39.115 10 INFO neutron.db.ovn_revision_numbers_db [None req-02e46488-5cff-4ac2-9483-2a0e0062f262 ef979f9f229945448379ee724be317d1 961d3458cc1244d5a0325340e06ef365 - - default default] Successfully bumped revision number for resource c7218fe5-9d7b-4274-bde4-a4c2d438a5e2 (type: security_groups) to 1
2026-06-30 19:12:39.136 10 INFO neutron.db.ovn_revision_numbers_db [None req-02e46488-5cff-4ac2-9483-2a0e0062f262 ef979f9f229945448379ee724be317d1 961d3458cc1244d5a0325340e06ef365 - - default default] Successfully bumped revision number for resource 54bfa939-93cf-4993-9546-532c11e79f10 (type: security_group_rules) to 0
2026-06-30 19:12:39.152 10 INFO neutron.db.ovn_revision_numbers_db [None req-02e46488-5cff-4ac2-9483-2a0e0062f262 ef979f9f229945448379ee724be317d1 961d3458cc1244d5a0325340e06ef365 - - default default] Successfully bumped revision number for resource 68de0c36-e42f-45ba-8669-0d244be31bf7 (type: security_group_rules) to 0
2026-06-30 19:12:39.165 10 INFO neutron.db.ovn_revision_numbers_db [None req-02e46488-5cff-4ac2-9483-2a0e0062f262 ef979f9f229945448379ee724be317d1 961d3458cc1244d5a0325340e06ef365 - - default default] Successfully bumped revision number for resource 7a1596e7-f785-412b-a886-82f633911ed3 (type: security_group_rules) to 0
2026-06-30 19:12:39.186 10 INFO neutron.db.ovn_revision_numbers_db [None req-02e46488-5cff-4ac2-9483-2a0e0062f262 ef979f9f229945448379ee724be317d1 961d3458cc1244d5a0325340e06ef365 - - default default] Successfully bumped revision number for resource b6f574f9-b35c-430c-b053-8c7a3dc8d466 (type: security_group_rules) to 0
2026-06-30 19:12:39.248 10 INFO neutron.db.segments_db [None req-02e46488-5cff-4ac2-9483-2a0e0062f262 ef979f9f229945448379ee724be317d1 961d3458cc1244d5a0325340e06ef365 - - default default] Added segment 41b10ca1-659e-417a-ace8-e5a10323c282 of type geneve for network a87f1ecc-d625-416d-9c99-cee6ffa79e0f
2026-06-30 19:12:39.406 10 INFO neutron.db.ovn_revision_numbers_db [None req-02e46488-5cff-4ac2-9483-2a0e0062f262 ef979f9f229945448379ee724be317d1 961d3458cc1244d5a0325340e06ef365 - - default default] Successfully bumped revision number for resource a87f1ecc-d625-416d-9c99-cee6ffa79e0f (type: networks) to 1
2026-06-30 19:12:39.580 10 WARNING neutron.scheduler.dhcp_agent_scheduler [None req-02e46488-5cff-4ac2-9483-2a0e0062f262 ef979f9f229945448379ee724be317d1 961d3458cc1244d5a0325340e06ef365 - - default default] No more DHCP agents
2026-06-30 19:12:39.582 10 WARNING neutron.api.rpc.agentnotifiers.dhcp_rpc_agent_api [None req-02e46488-5cff-4ac2-9483-2a0e0062f262 ef979f9f229945448379ee724be317d1 961d3458cc1244d5a0325340e06ef365 - - default default] Unable to schedule network a87f1ecc-d625-416d-9c99-cee6ffa79e0f: no agents available; will retry on subsequent port and subnet creation events.
2026-06-30 19:12:39.583 9 INFO neutron.db.ovn_revision_numbers_db [None req-ebfb04b7-f570-40e6-9eac-940664a68d45 ef979f9f229945448379ee724be317d1 961d3458cc1244d5a0325340e06ef365 - - default default] Successfully bumped revision number for resource 7031f213-2d04-42ac-b22e-df6b4cec2b63 (type: security_groups) to 1
2026-06-30 19:12:39.600 9 INFO neutron.db.ovn_revision_numbers_db [None req-ebfb04b7-f570-40e6-9eac-940664a68d45 ef979f9f229945448379ee724be317d1 961d3458cc1244d5a0325340e06ef365 - - default default] Successfully bumped revision number for resource 1f84fc10-d934-4819-a213-9b4058124d4d (type: security_group_rules) to 0
2026-06-30 19:12:39.614 9 INFO neutron.db.ovn_revision_numbers_db [None req-ebfb04b7-f570-40e6-9eac-940664a68d45 ef979f9f229945448379ee724be317d1 961d3458cc1244d5a0325340e06ef365 - - default default] Successfully bumped revision number for resource 5a777a7f-4d8e-429f-8530-1fee8e9889ed (type: security_group_rules) to 0
2026-06-30 19:12:39.630 9 INFO neutron.db.ovn_revision_numbers_db [None req-ebfb04b7-f570-40e6-9eac-940664a68d45 ef979f9f229945448379ee724be317d1 961d3458cc1244d5a0325340e06ef365 - - default default] Successfully bumped revision number for resource ec81c564-ec16-4bc7-84d9-f6e77f9444e1 (type: security_group_rules) to 0
2026-06-30 19:12:39.650 9 INFO neutron.db.ovn_revision_numbers_db [None req-ebfb04b7-f570-40e6-9eac-940664a68d45 ef979f9f229945448379ee724be317d1 961d3458cc1244d5a0325340e06ef365 - - default default] Successfully bumped revision number for resource f6ee7686-affa-4c0d-bf88-bf1ab18585d7 (type: security_group_rules) to 0
2026-06-30 19:12:39.674 10 INFO neutron.db.ovn_revision_numbers_db [None req-02e46488-5cff-4ac2-9483-2a0e0062f262 ef979f9f229945448379ee724be317d1 961d3458cc1244d5a0325340e06ef365 - - default default] Successfully bumped revision number for resource 85892f10-20af-4b38-9cc5-65622c0fc78e (type: ports) to 1
2026-06-30 19:12:39.676 9 INFO neutron.wsgi [None req-ebfb04b7-f570-40e6-9eac-940664a68d45 ef979f9f229945448379ee724be317d1 961d3458cc1244d5a0325340e06ef365 - - default default] 10.0.0.91 "GET /v2.0/security-groups?tenant_id=b4944c8d525447fe8fa3301df2ccbade&name=default HTTP/1.1" status: 200 len: 3120 time: 0.3305299
2026-06-30 19:12:39.697 10 INFO neutron.wsgi [None req-02e46488-5cff-4ac2-9483-2a0e0062f262 ef979f9f229945448379ee724be317d1 961d3458cc1244d5a0325340e06ef365 - - default default] 10.0.0.91 "POST /v2.0/networks HTTP/1.1" status: 201 len: 946 time: 1.1676154
2026-06-30 19:12:39.833 10 WARNING neutron.scheduler.dhcp_agent_scheduler [None req-90ee335a-ea2f-4bd8-8a6e-d63c78e79beb ef979f9f229945448379ee724be317d1 961d3458cc1244d5a0325340e06ef365 - - default default] No more DHCP agents
2026-06-30 19:12:39.836 10 WARNING neutron.api.rpc.agentnotifiers.dhcp_rpc_agent_api [None req-90ee335a-ea2f-4bd8-8a6e-d63c78e79beb ef979f9f229945448379ee724be317d1 961d3458cc1244d5a0325340e06ef365 - - default default] Unable to schedule network a87f1ecc-d625-416d-9c99-cee6ffa79e0f: no agents available; will retry on subsequent port and subnet creation events.
2026-06-30 19:12:39.890 9 INFO neutron.wsgi [None req-7571730a-4632-4d8f-b68c-9609fccdc6e9 ef979f9f229945448379ee724be317d1 961d3458cc1244d5a0325340e06ef365 - - default default] 10.0.0.91 "DELETE /v2.0/security-groups/7031f213-2d04-42ac-b22e-df6b4cec2b63 HTTP/1.1" status: 204 len: 168 time: 0.2084355
2026-06-30 19:12:40.305 10 INFO neutron.db.ovn_revision_numbers_db [None req-90ee335a-ea2f-4bd8-8a6e-d63c78e79beb ef979f9f229945448379ee724be317d1 961d3458cc1244d5a0325340e06ef365 - - default default] Successfully bumped revision number for resource 85892f10-20af-4b38-9cc5-65622c0fc78e (type: ports) to 2
2026-06-30 19:12:40.338 10 INFO neutron.db.ovn_revision_numbers_db [None req-90ee335a-ea2f-4bd8-8a6e-d63c78e79beb ef979f9f229945448379ee724be317d1 961d3458cc1244d5a0325340e06ef365 - - default default] Successfully bumped revision number for resource 55f02f8b-4489-4c57-9980-c4296d9468b1 (type: subnets) to 0
2026-06-30 19:12:40.356 10 INFO neutron.wsgi [None req-90ee335a-ea2f-4bd8-8a6e-d63c78e79beb ef979f9f229945448379ee724be317d1 961d3458cc1244d5a0325340e06ef365 - - default default] 10.0.0.91 "POST /v2.0/subnets HTTP/1.1" status: 201 len: 866 time: 0.6535773
2026-06-30 19:12:41.145 9 WARNING neutron.scheduler.dhcp_agent_scheduler [None req-7d7464c6-403f-49ce-8a83-e12dac9286c1 ef979f9f229945448379ee724be317d1 961d3458cc1244d5a0325340e06ef365 - - default default] No more DHCP agents
2026-06-30 19:12:41.147 9 WARNING neutron.api.rpc.agentnotifiers.dhcp_rpc_agent_api [None req-7d7464c6-403f-49ce-8a83-e12dac9286c1 ef979f9f229945448379ee724be317d1 961d3458cc1244d5a0325340e06ef365 - - default default] Unable to schedule network 2ce4b973-0e98-4eb1-bf26-a3b2771ccebd: no agents available; will retry on subsequent port and subnet creation events.
2026-06-30 19:12:41.220 10 INFO neutron.db.ovn_revision_numbers_db [None req-de83662a-406b-45e9-bc26-470b1c2f211e ef979f9f229945448379ee724be317d1 961d3458cc1244d5a0325340e06ef365 - - default default] Successfully bumped revision number for resource 8042159d-2c3f-4d1b-8654-c582b1418504 (type: security_groups) to 1
2026-06-30 19:12:41.247 10 INFO neutron.db.ovn_revision_numbers_db [None req-de83662a-406b-45e9-bc26-470b1c2f211e ef979f9f229945448379ee724be317d1 961d3458cc1244d5a0325340e06ef365 - - default default] Successfully bumped revision number for resource 19082c37-83f6-4f5e-959f-e20f40d83103 (type: security_group_rules) to 0
2026-06-30 19:12:41.266 10 INFO neutron.db.ovn_revision_numbers_db [None req-de83662a-406b-45e9-bc26-470b1c2f211e ef979f9f229945448379ee724be317d1 961d3458cc1244d5a0325340e06ef365 - - default default] Successfully bumped revision number for resource 983dd72e-96c4-42be-b737-b38d1a75bf60 (type: security_group_rules) to 0
2026-06-30 19:12:41.283 10 INFO neutron.db.ovn_revision_numbers_db [None req-de83662a-406b-45e9-bc26-470b1c2f211e ef979f9f229945448379ee724be317d1 961d3458cc1244d5a0325340e06ef365 - - default default] Successfully bumped revision number for resource bb9f7ac4-b16b-473e-a0f1-e241f4910f66 (type: security_group_rules) to 0
2026-06-30 19:12:41.303 10 INFO neutron.db.ovn_revision_numbers_db [None req-de83662a-406b-45e9-bc26-470b1c2f211e ef979f9f229945448379ee724be317d1 961d3458cc1244d5a0325340e06ef365 - - default default] Successfully bumped revision number for resource efd5cb52-bc96-4a12-93e3-43ef38c1239d (type: security_group_rules) to 0
2026-06-30 19:12:41.330 10 INFO neutron.wsgi [None req-de83662a-406b-45e9-bc26-470b1c2f211e ef979f9f229945448379ee724be317d1 961d3458cc1244d5a0325340e06ef365 - - default default] 10.0.0.91 "GET /v2.0/security-groups?tenant_id=69c0043a97024943829f7ee8cb941b93&name=default HTTP/1.1" status: 200 len: 3120 time: 0.3996463
2026-06-30 19:12:41.344 9 INFO neutron.db.ovn_revision_numbers_db [None req-7d7464c6-403f-49ce-8a83-e12dac9286c1 ef979f9f229945448379ee724be317d1 961d3458cc1244d5a0325340e06ef365 - - default default] Successfully bumped revision number for resource 03be5636-7433-4e17-ab59-aa69fe657b17 (type: ports) to 1
2026-06-30 19:12:41.541 10 INFO neutron.wsgi [None req-0f174274-17a4-4a31-a0da-caeba178f49b ef979f9f229945448379ee724be317d1 961d3458cc1244d5a0325340e06ef365 - - default default] 10.0.0.91 "DELETE /v2.0/security-groups/8042159d-2c3f-4d1b-8654-c582b1418504 HTTP/1.1" status: 204 len: 168 time: 0.2048962
2026-06-30 19:12:42.034 9 INFO neutron.plugins.ml2.drivers.ovn.mech_driver.ovsdb.commands [None req-ae05a08c-9445-4eb2-8314-492c230be400 - - - - - -] Schedule LRP lrp-03be5636-7433-4e17-ab59-aa69fe657b17 on gateway 1216dddc-4e26-4a9d-9894-506659a4bf0c with priority 1
2026-06-30 19:12:42.043 9 INFO neutron.plugins.ml2.drivers.ovn.mech_driver.mech_driver [None req-82e30c96-36d2-4c62-8f9d-91015b037f83 - - - - - -] OVN reports status up for port: 03be5636-7433-4e17-ab59-aa69fe657b17
2026-06-30 19:12:42.066 9 INFO neutron.plugins.ml2.drivers.ovn.mech_driver.ovsdb.ovsdb_monitor [None req-a5f8d9c4-0179-407d-ad49-c2b4bb6a8d2b - - - - - -] Router 4a9b98ac-33ea-4733-9ac2-179dcccdcf72 is bound to host instance
2026-06-30 19:12:42.068 9 INFO neutron.plugins.ml2.plugin [None req-82e30c96-36d2-4c62-8f9d-91015b037f83 - - - - - -] Attempt 1 to provision port 03be5636-7433-4e17-ab59-aa69fe657b17
2026-06-30 19:12:42.106 9 INFO neutron.db.ovn_revision_numbers_db [None req-7d7464c6-403f-49ce-8a83-e12dac9286c1 ef979f9f229945448379ee724be317d1 961d3458cc1244d5a0325340e06ef365 - - default default] Successfully bumped revision number for resource 03be5636-7433-4e17-ab59-aa69fe657b17 (type: router_ports) to 1
2026-06-30 19:12:42.218 9 INFO neutron.db.ovn_revision_numbers_db [None req-7d7464c6-403f-49ce-8a83-e12dac9286c1 ef979f9f229945448379ee724be317d1 961d3458cc1244d5a0325340e06ef365 - - default default] Successfully bumped revision number for resource 4a9b98ac-33ea-4733-9ac2-179dcccdcf72 (type: routers) to 2
2026-06-30 19:12:42.241 9 INFO neutron.wsgi [None req-7d7464c6-403f-49ce-8a83-e12dac9286c1 ef979f9f229945448379ee724be317d1 961d3458cc1244d5a0325340e06ef365 - - default default] 10.0.0.91 "POST /v2.0/routers HTTP/1.1" status: 201 len: 1168 time: 1.8789842
2026-06-30 19:12:42.947 10 WARNING neutron_lib.context [None req-ef161165-6de8-495f-9b4e-cbbbe7b6eb20 024f32b6fadc4369aa6062a20762bbbd 305b448672ea4e2f821f792bd7bf428e - - default default] Method 'is_advsvc' is deprecated since 2023.2 release (neutron-lib 3.8.0) and will be removed once support for the old RBAC API policies will be removed from Neutron. Please use method 'is_service_role' instead.
2026-06-30 19:12:43.104 10 INFO neutron.db.ovn_revision_numbers_db [None req-ef161165-6de8-495f-9b4e-cbbbe7b6eb20 024f32b6fadc4369aa6062a20762bbbd 305b448672ea4e2f821f792bd7bf428e - - default default] Successfully bumped revision number for resource 3b003153-0dc7-4623-ba08-201ac2c3af34 (type: security_groups) to 1
2026-06-30 19:12:43.118 10 INFO neutron.db.ovn_revision_numbers_db [None req-ef161165-6de8-495f-9b4e-cbbbe7b6eb20 024f32b6fadc4369aa6062a20762bbbd 305b448672ea4e2f821f792bd7bf428e - - default default] Successfully bumped revision number for resource 12c70643-9b4a-4285-aa61-4045fe73a404 (type: security_group_rules) to 0
2026-06-30 19:12:43.131 10 INFO neutron.db.ovn_revision_numbers_db [None req-ef161165-6de8-495f-9b4e-cbbbe7b6eb20 024f32b6fadc4369aa6062a20762bbbd 305b448672ea4e2f821f792bd7bf428e - - default default] Successfully bumped revision number for resource 226d0ba7-50ab-4648-bdcd-be1343629d19 (type: security_group_rules) to 0
2026-06-30 19:12:43.142 10 INFO neutron.db.ovn_revision_numbers_db [None req-ef161165-6de8-495f-9b4e-cbbbe7b6eb20 024f32b6fadc4369aa6062a20762bbbd 305b448672ea4e2f821f792bd7bf428e - - default default] Successfully bumped revision number for resource 9ee5d372-cfe3-4e26-9506-ceaf7a2d3900 (type: security_group_rules) to 0
2026-06-30 19:12:43.155 10 INFO neutron.db.ovn_revision_numbers_db [None req-ef161165-6de8-495f-9b4e-cbbbe7b6eb20 024f32b6fadc4369aa6062a20762bbbd 305b448672ea4e2f821f792bd7bf428e - - default default] Successfully bumped revision number for resource a98b94ac-88cc-4f83-b5ba-be8360e0e00c (type: security_group_rules) to 0
2026-06-30 19:12:43.204 10 INFO neutron.db.segments_db [None req-ef161165-6de8-495f-9b4e-cbbbe7b6eb20 024f32b6fadc4369aa6062a20762bbbd 305b448672ea4e2f821f792bd7bf428e - - default default] Added segment b737ce0e-ef64-4faa-9851-b39ab6e0ad9e of type geneve for network bd007436-1b3d-49de-9224-d544d6ff76c7
2026-06-30 19:12:43.231 9 WARNING neutron.scheduler.dhcp_agent_scheduler [None req-124a4027-7d99-483c-a7c9-c5ed0d954a17 ef979f9f229945448379ee724be317d1 961d3458cc1244d5a0325340e06ef365 - - default default] No more DHCP agents
2026-06-30 19:12:43.234 9 WARNING neutron.api.rpc.agentnotifiers.dhcp_rpc_agent_api [None req-124a4027-7d99-483c-a7c9-c5ed0d954a17 ef979f9f229945448379ee724be317d1 961d3458cc1244d5a0325340e06ef365 - - default default] Unable to schedule network a87f1ecc-d625-416d-9c99-cee6ffa79e0f: no agents available; will retry on subsequent port and subnet creation events.
2026-06-30 19:12:43.353 9 INFO neutron.db.ovn_revision_numbers_db [None req-a5f8d9c4-0179-407d-ad49-c2b4bb6a8d2b - - - - - -] Successfully bumped revision number for resource 03be5636-7433-4e17-ab59-aa69fe657b17 (type: ports) to 1
2026-06-30 19:12:43.373 10 INFO neutron.db.ovn_revision_numbers_db [None req-ef161165-6de8-495f-9b4e-cbbbe7b6eb20 024f32b6fadc4369aa6062a20762bbbd 305b448672ea4e2f821f792bd7bf428e - - default default] Successfully bumped revision number for resource bd007436-1b3d-49de-9224-d544d6ff76c7 (type: networks) to 1
2026-06-30 19:12:43.413 10 INFO neutron.wsgi [None req-b2df3b4a-cad4-4694-bb71-8ae53578cad3 aaddf7f6f8164e148cb64349fc1e798a 12919a16ae3c44bf993da54b315e19da - - default default] 10.0.0.91 "GET /v2.0/extensions HTTP/1.1" status: 200 len: 18678 time: 0.1372359
2026-06-30 19:12:43.423 10 INFO neutron.wsgi [None req-03143c42-4e05-4f57-bdb9-d56c6218a07b aaddf7f6f8164e148cb64349fc1e798a 12919a16ae3c44bf993da54b315e19da - - default default] 10.0.0.91 "GET /v2.0/extensions/address-group HTTP/1.1" status: 200 len: 353 time: 0.0039296
2026-06-30 19:12:43.425 9 INFO neutron.db.ovn_revision_numbers_db [None req-124a4027-7d99-483c-a7c9-c5ed0d954a17 ef979f9f229945448379ee724be317d1 961d3458cc1244d5a0325340e06ef365 - - default default] Successfully bumped revision number for resource 492ea92a-332f-472c-b3b2-b609de8b6b60 (type: ports) to 1
2026-06-30 19:12:43.436 9 INFO neutron.wsgi [None req-e50473db-46e6-4ca1-b26b-53cadff486ad aaddf7f6f8164e148cb64349fc1e798a 12919a16ae3c44bf993da54b315e19da - - default default] 10.0.0.91 "GET /v2.0/extensions/address-scope HTTP/1.1" status: 200 len: 357 time: 0.0080924
2026-06-30 19:12:43.456 9 INFO neutron.wsgi [None req-94736c86-86ea-410a-afc0-e6dd5e8a304c aaddf7f6f8164e148cb64349fc1e798a 12919a16ae3c44bf993da54b315e19da - - default default] 10.0.0.91 "GET /v2.0/extensions/agent HTTP/1.1" status: 200 len: 347 time: 0.0159557
2026-06-30 19:12:43.469 10 INFO neutron.wsgi [None req-05f300a1-a97b-4f14-9c8c-3975c8023bb8 aaddf7f6f8164e148cb64349fc1e798a 12919a16ae3c44bf993da54b315e19da - - default default] 10.0.0.91 "GET /v2.0/extensions/allowed-address-pairs HTTP/1.1" status: 200 len: 378 time: 0.0057187
2026-06-30 19:12:43.477 10 INFO neutron.wsgi [None req-f144f28c-27fb-4c84-a28d-0d3a0d88ee4d aaddf7f6f8164e148cb64349fc1e798a 12919a16ae3c44bf993da54b315e19da - - default default] 10.0.0.91 "GET /v2.0/extensions/auto-allocated-topology HTTP/1.1" status: 200 len: 394 time: 0.0042436
2026-06-30 19:12:43.487 9 INFO neutron.wsgi [None req-f1bd862e-f77f-4e19-8003-dc45617c57ec aaddf7f6f8164e148cb64349fc1e798a 12919a16ae3c44bf993da54b315e19da - - default default] 10.0.0.91 "GET /v2.0/extensions/availability_zone HTTP/1.1" status: 200 len: 372 time: 0.0056887
2026-06-30 19:12:43.497 9 INFO neutron.wsgi [None req-d238dacb-febe-4a5c-a927-e0721c1caf3d aaddf7f6f8164e148cb64349fc1e798a 12919a16ae3c44bf993da54b315e19da - - default default] 10.0.0.91 "GET /v2.0/extensions/default-subnetpools HTTP/1.1" status: 200 len: 405 time: 0.0054836
2026-06-30 19:12:43.507 10 INFO neutron.wsgi [None req-0d9a91c3-9c35-4a9a-a34b-37e1bdd5841d aaddf7f6f8164e148cb64349fc1e798a 12919a16ae3c44bf993da54b315e19da - - default default] 10.0.0.91 "GET /v2.0/extensions/dhcp_agent_scheduler HTTP/1.1" status: 200 len: 381 time: 0.0055885
2026-06-30 19:12:43.527 9 INFO neutron.wsgi [None req-72e442fd-3cf9-4a79-944f-d8bf74050a7c aaddf7f6f8164e148cb64349fc1e798a 12919a16ae3c44bf993da54b315e19da - - default default] 10.0.0.91 "GET /v2.0/extensions/dns-integration HTTP/1.1" status: 200 len: 366 time: 0.0151300
2026-06-30 19:12:43.539 10 INFO neutron.wsgi [None req-f3e0c807-1f04-4919-9988-70fd81421b9e aaddf7f6f8164e148cb64349fc1e798a 12919a16ae3c44bf993da54b315e19da - - default default] 10.0.0.91 "GET /v2.0/extensions/dns-domain-ports HTTP/1.1" status: 200 len: 399 time: 0.0069885
2026-06-30 19:12:43.556 9 INFO neutron.wsgi [None req-09c02d9c-2a38-4d1e-9109-44cb0ac73268 aaddf7f6f8164e148cb64349fc1e798a 12919a16ae3c44bf993da54b315e19da - - default default] 10.0.0.91 "GET /v2.0/extensions/dns-integration-domain-keywords HTTP/1.1" status: 200 len: 477 time: 0.0137172
2026-06-30 19:12:43.565 9 INFO neutron.wsgi [None req-5e2cd8db-0a01-4fe3-b888-21a827df4d74 aaddf7f6f8164e148cb64349fc1e798a 12919a16ae3c44bf993da54b315e19da - - default default] 10.0.0.91 "GET /v2.0/extensions/empty-string-filtering HTTP/1.1" status: 200 len: 413 time: 0.0039806
2026-06-30 19:12:43.575 10 INFO neutron.wsgi [None req-2ce9f60c-7f47-4214-b52d-281119b97cad aaddf7f6f8164e148cb64349fc1e798a 12919a16ae3c44bf993da54b315e19da - - default default] 10.0.0.91 "GET /v2.0/extensions/external-net HTTP/1.1" status: 200 len: 394 time: 0.0054030
2026-06-30 19:12:43.587 10 INFO neutron.wsgi [None req-af7237e5-d2b0-4789-ab52-e57dd7c6fa58 aaddf7f6f8164e148cb64349fc1e798a 12919a16ae3c44bf993da54b315e19da - - default default] 10.0.0.91 "GET /v2.0/extensions/extra_dhcp_opt HTTP/1.1" status: 200 len: 498 time: 0.0058711
2026-06-30 19:12:43.601 9 INFO neutron.wsgi [None req-419bced4-b332-455c-ac1c-2a1bd9618eb7 aaddf7f6f8164e148cb64349fc1e798a 12919a16ae3c44bf993da54b315e19da - - default default] 10.0.0.91 "GET /v2.0/extensions/extraroute HTTP/1.1" status: 200 len: 375 time: 0.0065939
2026-06-30 19:12:43.603 10 WARNING neutron.scheduler.dhcp_agent_scheduler [None req-ef161165-6de8-495f-9b4e-cbbbe7b6eb20 024f32b6fadc4369aa6062a20762bbbd 305b448672ea4e2f821f792bd7bf428e - - default default] No more DHCP agents
2026-06-30 19:12:43.605 10 WARNING neutron.api.rpc.agentnotifiers.dhcp_rpc_agent_api [None req-ef161165-6de8-495f-9b4e-cbbbe7b6eb20 024f32b6fadc4369aa6062a20762bbbd 305b448672ea4e2f821f792bd7bf428e - - default default] Unable to schedule network bd007436-1b3d-49de-9224-d544d6ff76c7: no agents available; will retry on subsequent port and subnet creation events.
2026-06-30 19:12:43.618 9 INFO neutron.wsgi [None req-2db9a218-c290-40e2-93ef-b67d922d8fce aaddf7f6f8164e148cb64349fc1e798a 12919a16ae3c44bf993da54b315e19da - - default default] 10.0.0.91 "GET /v2.0/extensions/floating-ip-port-forwarding-detail HTTP/1.1" status: 200 len: 465 time: 0.0113282
2026-06-30 19:12:43.630 9 INFO neutron.wsgi [None req-88a834d1-7adf-4e41-9c64-b370912623a1 aaddf7f6f8164e148cb64349fc1e798a 12919a16ae3c44bf993da54b315e19da - - default default] 10.0.0.91 "GET /v2.0/extensions/fip-port-details HTTP/1.1" status: 200 len: 406 time: 0.0047295
2026-06-30 19:12:43.639 10 INFO neutron.wsgi [None req-067f9070-96e4-478d-9174-d027cb096f1f aaddf7f6f8164e148cb64349fc1e798a 12919a16ae3c44bf993da54b315e19da - - default default] 10.0.0.91 "GET /v2.0/extensions/flavors HTTP/1.1" status: 200 len: 387 time: 0.0043569
2026-06-30 19:12:43.647 10 INFO neutron.wsgi [None req-e7db1216-8d02-4338-808c-941cf706aa74 aaddf7f6f8164e148cb64349fc1e798a 12919a16ae3c44bf993da54b315e19da - - default default] 10.0.0.91 "GET /v2.0/extensions/floatingip-pools HTTP/1.1" status: 200 len: 382 time: 0.0041835
2026-06-30 19:12:43.658 9 INFO neutron.wsgi [None req-34ed7c8d-b7c2-4eb4-82b6-afaf20a6877d aaddf7f6f8164e148cb64349fc1e798a 12919a16ae3c44bf993da54b315e19da - - default default] 10.0.0.91 "GET /v2.0/extensions/ip_allocation HTTP/1.1" status: 200 len: 356 time: 0.0057175
2026-06-30 19:12:43.667 10 INFO neutron.wsgi [None req-b72dd1fb-72af-45ee-8029-bd52729198c8 aaddf7f6f8164e148cb64349fc1e798a 12919a16ae3c44bf993da54b315e19da - - default default] 10.0.0.91 "GET /v2.0/extensions/l2_adjacency HTTP/1.1" status: 200 len: 372 time: 0.0040891
2026-06-30 19:12:43.680 9 INFO neutron.wsgi [None req-ef5e9b10-3342-4236-a4f6-57fd16ff1c1b aaddf7f6f8164e148cb64349fc1e798a 12919a16ae3c44bf993da54b315e19da - - default default] 10.0.0.91 "GET /v2.0/extensions/router HTTP/1.1" status: 200 len: 450 time: 0.0055661
2026-06-30 19:12:43.689 9 INFO neutron.wsgi [None req-aee744b5-c0b0-4627-8225-8e0b39f9c87d aaddf7f6f8164e148cb64349fc1e798a 12919a16ae3c44bf993da54b315e19da - - default default] 10.0.0.91 "GET /v2.0/extensions/enable-default-route-bfd HTTP/1.1" status: 200 len: 406 time: 0.0047605
2026-06-30 19:12:43.715 10 INFO neutron.db.ovn_revision_numbers_db [None req-ef161165-6de8-495f-9b4e-cbbbe7b6eb20 024f32b6fadc4369aa6062a20762bbbd 305b448672ea4e2f821f792bd7bf428e - - default default] Successfully bumped revision number for resource a6d3b1cf-d6e8-44b8-9e41-72b121b0ac80 (type: ports) to 1
2026-06-30 19:12:43.718 9 INFO neutron.wsgi [None req-9bbfdb3d-5c5d-48f8-9857-b03754cf5cc0 aaddf7f6f8164e148cb64349fc1e798a 12919a16ae3c44bf993da54b315e19da - - default default] 10.0.0.91 "GET /v2.0/extensions/enable-default-route-ecmp HTTP/1.1" status: 200 len: 409 time: 0.0118182
2026-06-30 19:12:43.729 9 INFO neutron.wsgi [None req-d70c139d-acb7-45f8-b106-150fbbe1cdf9 aaddf7f6f8164e148cb64349fc1e798a 12919a16ae3c44bf993da54b315e19da - - default default] 10.0.0.91 "GET /v2.0/extensions/ext-gw-mode HTTP/1.1" status: 200 len: 462 time: 0.0046721
2026-06-30 19:12:43.739 9 INFO neutron.wsgi [None req-2f6368da-bc97-4e5f-8f01-2bc209e08167 aaddf7f6f8164e148cb64349fc1e798a 12919a16ae3c44bf993da54b315e19da - - default default] 10.0.0.91 "GET /v2.0/extensions/l3-ha HTTP/1.1" status: 200 len: 360 time: 0.0062838
2026-06-30 19:12:43.741 10 INFO neutron.wsgi [None req-ef161165-6de8-495f-9b4e-cbbbe7b6eb20 024f32b6fadc4369aa6062a20762bbbd 305b448672ea4e2f821f792bd7bf428e - - default default] 10.0.0.91 "POST /v2.0/networks HTTP/1.1" status: 201 len: 832 time: 1.0151138
2026-06-30 19:12:43.751 10 WARNING neutron_lib.context [None req-ab0ecb82-e062-413f-9f07-1b5776177258 024f32b6fadc4369aa6062a20762bbbd 305b448672ea4e2f821f792bd7bf428e - - default default] Method 'is_advsvc' is deprecated since 2023.2 release (neutron-lib 3.8.0) and will be removed once support for the old RBAC API policies will be removed from Neutron. Please use method 'is_service_role' instead.
2026-06-30 19:12:43.767 9 INFO neutron.wsgi [None req-25cf3aff-5c39-4b79-81d1-becbcaeae429 aaddf7f6f8164e148cb64349fc1e798a 12919a16ae3c44bf993da54b315e19da - - default default] 10.0.0.91 "GET /v2.0/extensions/external-gateway-multihoming HTTP/1.1" status: 200 len: 421 time: 0.0226882
2026-06-30 19:12:43.778 10 INFO neutron.wsgi [None req-a6cbdfc8-ce4a-47e0-81e4-f8113f240bf0 aaddf7f6f8164e148cb64349fc1e798a 12919a16ae3c44bf993da54b315e19da - - default default] 10.0.0.91 "GET /v2.0/extensions/l3-flavors HTTP/1.1" status: 200 len: 366 time: 0.0056865
2026-06-30 19:12:43.785 10 INFO neutron.wsgi [None req-7248e1eb-322b-400f-9e3d-d664dccd07b5 aaddf7f6f8164e148cb64349fc1e798a 12919a16ae3c44bf993da54b315e19da - - default default] 10.0.0.91 "GET /v2.0/extensions/logging HTTP/1.1" status: 200 len: 407 time: 0.0039370
2026-06-30 19:12:43.792 10 INFO neutron.wsgi [None req-5e046f59-8ee2-4cb1-bf65-5f0d27d6fd0d aaddf7f6f8164e148cb64349fc1e798a 12919a16ae3c44bf993da54b315e19da - - default default] 10.0.0.91 "GET /v2.0/extensions/multi-provider HTTP/1.1" status: 200 len: 406 time: 0.0036342
2026-06-30 19:12:43.799 10 INFO neutron.wsgi [None req-38001499-e6c1-48c4-8019-0228b8ea8d02 aaddf7f6f8164e148cb64349fc1e798a 12919a16ae3c44bf993da54b315e19da - - default default] 10.0.0.91 "GET /v2.0/extensions/net-mtu HTTP/1.1" status: 200 len: 370 time: 0.0035861
2026-06-30 19:12:43.806 10 INFO neutron.wsgi [None req-4d006150-c6ef-47ed-b821-d62c0184fff0 aaddf7f6f8164e148cb64349fc1e798a 12919a16ae3c44bf993da54b315e19da - - default default] 10.0.0.91 "GET /v2.0/extensions/net-mtu-writable HTTP/1.1" status: 200 len: 401 time: 0.0031688
2026-06-30 19:12:43.816 9 INFO neutron.wsgi [None req-7af2082b-a258-4c82-9b75-d894b421110d aaddf7f6f8164e148cb64349fc1e798a 12919a16ae3c44bf993da54b315e19da - - default default] 10.0.0.91 "GET /v2.0/extensions/network_availability_zone HTTP/1.1" status: 200 len: 394 time: 0.0059428
2026-06-30 19:12:43.829 9 INFO neutron.wsgi [None req-abd033d3-8b36-463c-9db3-9bee2eb859af aaddf7f6f8164e148cb64349fc1e798a 12919a16ae3c44bf993da54b315e19da - - default default] 10.0.0.91 "GET /v2.0/extensions/network-ip-availability HTTP/1.1" status: 200 len: 410 time: 0.0083065
2026-06-30 19:12:43.838 9 INFO neutron.wsgi [None req-248476b5-f68a-4dd9-80b8-62f435614c00 aaddf7f6f8164e148cb64349fc1e798a 12919a16ae3c44bf993da54b315e19da - - default default] 10.0.0.91 "GET /v2.0/extensions/pagination HTTP/1.1" status: 200 len: 386 time: 0.0043321
2026-06-30 19:12:43.847 9 INFO neutron.wsgi [None req-4c6a9a25-769d-49bc-8525-51fbc90bf2b4 aaddf7f6f8164e148cb64349fc1e798a 12919a16ae3c44bf993da54b315e19da - - default default] 10.0.0.91 "GET /v2.0/extensions/port-device-profile HTTP/1.1" status: 200 len: 383 time: 0.0049849
2026-06-30 19:12:43.855 9 INFO neutron.wsgi [None req-b66b79a6-e983-4104-8c1d-ecdf2fb3416c aaddf7f6f8164e148cb64349fc1e798a 12919a16ae3c44bf993da54b315e19da - - default default] 10.0.0.91 "GET /v2.0/extensions/port-mac-address-regenerate HTTP/1.1" status: 200 len: 403 time: 0.0039620
2026-06-30 19:12:43.864 10 INFO neutron.wsgi [None req-220b2a57-762a-4d64-984a-82d82d6cd114 aaddf7f6f8164e148cb64349fc1e798a 12919a16ae3c44bf993da54b315e19da - - default default] 10.0.0.91 "GET /v2.0/extensions/port-numa-affinity-policy HTTP/1.1" status: 200 len: 392 time: 0.0054035
2026-06-30 19:12:43.879 9 INFO neutron.wsgi [None req-a4199fa7-94a2-44d8-9d52-245fc6f58f3a aaddf7f6f8164e148cb64349fc1e798a 12919a16ae3c44bf993da54b315e19da - - default default] 10.0.0.91 "GET /v2.0/extensions/port-resource-request HTTP/1.1" status: 200 len: 379 time: 0.0061557
2026-06-30 19:12:43.888 9 INFO neutron.wsgi [None req-438a55b3-166e-48d6-9684-394a8a69f0ff aaddf7f6f8164e148cb64349fc1e798a 12919a16ae3c44bf993da54b315e19da - - default default] 10.0.0.91 "GET /v2.0/extensions/port-resource-request-groups HTTP/1.1" status: 200 len: 465 time: 0.0040317
2026-06-30 19:12:43.896 10 INFO neutron.wsgi [None req-8df684bc-223f-4a62-89b2-f81d59cdbbe7 aaddf7f6f8164e148cb64349fc1e798a 12919a16ae3c44bf993da54b315e19da - - default default] 10.0.0.91 "GET /v2.0/extensions/binding HTTP/1.1" status: 200 len: 387 time: 0.0039437
2026-06-30 19:12:43.909 9 INFO neutron.wsgi [None req-020fcf5b-1c70-49eb-a3a9-8964d8a9a0a8 aaddf7f6f8164e148cb64349fc1e798a 12919a16ae3c44bf993da54b315e19da - - default default] 10.0.0.91 "GET /v2.0/extensions/binding-extended HTTP/1.1" status: 200 len: 406 time: 0.0058932
2026-06-30 19:12:43.918 10 INFO neutron.wsgi [None req-524c3a3e-54cb-4547-84ec-6b66580d0b04 aaddf7f6f8164e148cb64349fc1e798a 12919a16ae3c44bf993da54b315e19da - - default default] 10.0.0.91 "GET /v2.0/extensions/port-security HTTP/1.1" status: 200 len: 354 time: 0.0043941
2026-06-30 19:12:43.935 9 INFO neutron.wsgi [None req-f5a800a8-2cae-418f-ae56-4c57fde0b53c aaddf7f6f8164e148cb64349fc1e798a 12919a16ae3c44bf993da54b315e19da - - default default] 10.0.0.91 "GET /v2.0/extensions/project-id HTTP/1.1" status: 200 len: 398 time: 0.0047345
2026-06-30 19:12:43.958 9 INFO neutron.wsgi [None req-14a2dde8-f6be-4767-a2a3-92441a6c028a aaddf7f6f8164e148cb64349fc1e798a 12919a16ae3c44bf993da54b315e19da - - default default] 10.0.0.91 "GET /v2.0/extensions/provider HTTP/1.1" status: 200 len: 385 time: 0.0138884
2026-06-30 19:12:43.970 9 INFO neutron.wsgi [None req-c1e66afe-c471-474f-9e7f-10b6b42a8142 aaddf7f6f8164e148cb64349fc1e798a 12919a16ae3c44bf993da54b315e19da - - default default] 10.0.0.91 "GET /v2.0/extensions/qos HTTP/1.1" status: 200 len: 360 time: 0.0058098
2026-06-30 19:12:43.981 10 INFO neutron.wsgi [None req-5c4043ca-c38c-404a-9acb-a73d469347b0 aaddf7f6f8164e148cb64349fc1e798a 12919a16ae3c44bf993da54b315e19da - - default default] 10.0.0.91 "GET /v2.0/extensions/qos-bw-limit-direction HTTP/1.1" status: 200 len: 452 time: 0.0070262
2026-06-30 19:12:43.988 9 INFO neutron.db.ovn_revision_numbers_db [None req-a5f8d9c4-0179-407d-ad49-c2b4bb6a8d2b - - - - - -] Successfully bumped revision number for resource 03be5636-7433-4e17-ab59-aa69fe657b17 (type: router_ports) to 3
2026-06-30 19:12:43.990 10 INFO neutron.wsgi [None req-fc9bda95-f845-4857-ad49-7273bd0b2990 aaddf7f6f8164e148cb64349fc1e798a 12919a16ae3c44bf993da54b315e19da - - default default] 10.0.0.91 "GET /v2.0/extensions/qos-bw-minimum-ingress HTTP/1.1" status: 200 len: 445 time: 0.0055439
2026-06-30 19:12:44.000 10 INFO neutron.wsgi [None req-ba791bc3-cb7d-47be-8b73-1213379e8670 aaddf7f6f8164e148cb64349fc1e798a 12919a16ae3c44bf993da54b315e19da - - default default] 10.0.0.91 "GET /v2.0/extensions/qos-default HTTP/1.1" status: 200 len: 377 time: 0.0037777
2026-06-30 19:12:44.009 10 INFO neutron.wsgi [None req-60311377-851a-4d71-b358-86d89079cb8a aaddf7f6f8164e148cb64349fc1e798a 12919a16ae3c44bf993da54b315e19da - - default default] 10.0.0.91 "GET /v2.0/extensions/qos-fip HTTP/1.1" status: 200 len: 372 time: 0.0046930
2026-06-30 19:12:44.035 10 INFO neutron.wsgi [None req-c8f5feff-3658-41d3-976d-ae891c3192a1 aaddf7f6f8164e148cb64349fc1e798a 12919a16ae3c44bf993da54b315e19da - - default default] 10.0.0.91 "GET /v2.0/extensions/qos-gateway-ip HTTP/1.1" status: 200 len: 391 time: 0.0208807
2026-06-30 19:12:44.047 10 INFO neutron.wsgi [None req-f5f85f17-ba0a-4f5d-8cdc-67ff9a6b3ef8 aaddf7f6f8164e148cb64349fc1e798a 12919a16ae3c44bf993da54b315e19da - - default default] 10.0.0.91 "GET /v2.0/extensions/qos-port-network-policy HTTP/1.1" status: 200 len: 403 time: 0.0080361
2026-06-30 19:12:44.074 9 INFO neutron.wsgi [None req-4dbb5d60-c58e-4b2d-ab85-cd1f48ecbe2c aaddf7f6f8164e148cb64349fc1e798a 12919a16ae3c44bf993da54b315e19da - - default default] 10.0.0.91 "GET /v2.0/extensions/qos-pps-minimum HTTP/1.1" status: 200 len: 397 time: 0.0055931
2026-06-30 19:12:44.083 9 INFO neutron.wsgi [None req-9642a56e-3f8b-49dd-a57c-5f2d08f3a61c aaddf7f6f8164e148cb64349fc1e798a 12919a16ae3c44bf993da54b315e19da - - default default] 10.0.0.91 "GET /v2.0/extensions/qos-pps-minimum-rule-alias HTTP/1.1" status: 200 len: 471 time: 0.0045810
2026-06-30 19:12:44.093 10 INFO neutron.wsgi [None req-28912f72-5382-41cc-a798-8ae7fd8be918 aaddf7f6f8164e148cb64349fc1e798a 12919a16ae3c44bf993da54b315e19da - - default default] 10.0.0.91 "GET /v2.0/extensions/qos-pps HTTP/1.1" status: 200 len: 389 time: 0.0060186
2026-06-30 19:12:44.104 10 INFO neutron.wsgi [None req-2cafbb9d-00eb-42db-a31c-cda8fed50b85 aaddf7f6f8164e148cb64349fc1e798a 12919a16ae3c44bf993da54b315e19da - - default default] 10.0.0.91 "GET /v2.0/extensions/qos-rule-type-details HTTP/1.1" status: 200 len: 423 time: 0.0075433
2026-06-30 19:12:44.115 9 INFO neutron.wsgi [None req-fe2df3fe-9d27-408e-85b1-971b7393d8c1 aaddf7f6f8164e148cb64349fc1e798a 12919a16ae3c44bf993da54b315e19da - - default default] 10.0.0.91 "GET /v2.0/extensions/qos-rule-type-filter HTTP/1.1" status: 200 len: 567 time: 0.0042493
2026-06-30 19:12:44.124 10 INFO neutron.wsgi [None req-d761120f-7b34-4f20-a349-ce2fa9192e80 aaddf7f6f8164e148cb64349fc1e798a 12919a16ae3c44bf993da54b315e19da - - default default] 10.0.0.91 "GET /v2.0/extensions/qos-rules-alias HTTP/1.1" status: 200 len: 448 time: 0.0058920
2026-06-30 19:12:44.134 10 INFO neutron.wsgi [None req-3c4917f5-c893-4905-b9dd-7881e14749c7 aaddf7f6f8164e148cb64349fc1e798a 12919a16ae3c44bf993da54b315e19da - - default default] 10.0.0.91 "GET /v2.0/extensions/quota-check-limit HTTP/1.1" status: 200 len: 420 time: 0.0042734
2026-06-30 19:12:44.141 10 INFO neutron.wsgi [None req-24d13c4d-1e90-48e1-b1cf-1080e850f36b aaddf7f6f8164e148cb64349fc1e798a 12919a16ae3c44bf993da54b315e19da - - default default] 10.0.0.91 "GET /v2.0/extensions/quotas HTTP/1.1" status: 200 len: 386 time: 0.0040576
2026-06-30 19:12:44.153 9 INFO neutron.wsgi [None req-7100bcf3-adf1-4e12-8af2-f8c92de7117e aaddf7f6f8164e148cb64349fc1e798a 12919a16ae3c44bf993da54b315e19da - - default default] 10.0.0.91 "GET /v2.0/extensions/quota_details HTTP/1.1" status: 200 len: 407 time: 0.0066915
2026-06-30 19:12:44.163 10 INFO neutron.wsgi [None req-cb8d5af7-748f-4e71-b962-84fce35867ba aaddf7f6f8164e148cb64349fc1e798a 12919a16ae3c44bf993da54b315e19da - - default default] 10.0.0.91 "GET /v2.0/extensions/rbac-policies HTTP/1.1" status: 200 len: 417 time: 0.0062070
2026-06-30 19:12:44.174 9 INFO neutron.wsgi [None req-8f6872d6-a9f1-409c-adfa-89efd3b863a2 aaddf7f6f8164e148cb64349fc1e798a 12919a16ae3c44bf993da54b315e19da - - default default] 10.0.0.91 "GET /v2.0/extensions/rbac-address-scope HTTP/1.1" status: 200 len: 384 time: 0.0050035
2026-06-30 19:12:44.186 10 INFO neutron.wsgi [None req-301d9e83-2636-4881-8746-93ca1c0ee815 aaddf7f6f8164e148cb64349fc1e798a 12919a16ae3c44bf993da54b315e19da - - default default] 10.0.0.91 "GET /v2.0/extensions/rbac-security-groups HTTP/1.1" status: 200 len: 404 time: 0.0048983
2026-06-30 19:12:44.194 10 INFO neutron.wsgi [None req-92fa093a-567a-489d-bc8a-220b3aa6841a aaddf7f6f8164e148cb64349fc1e798a 12919a16ae3c44bf993da54b315e19da - - default default] 10.0.0.91 "GET /v2.0/extensions/revision-if-match HTTP/1.1" status: 200 len: 441 time: 0.0043967
2026-06-30 19:12:44.213 9 INFO neutron.wsgi [None req-db1a06a5-fc26-490e-946c-1ee133111e44 aaddf7f6f8164e148cb64349fc1e798a 12919a16ae3c44bf993da54b315e19da - - default default] 10.0.0.91 "GET /v2.0/extensions/standard-attr-revisions HTTP/1.1" status: 200 len: 423 time: 0.0155416
2026-06-30 19:12:44.223 9 INFO neutron.wsgi [None req-42c8136c-073b-4396-9e5c-88640a657008 aaddf7f6f8164e148cb64349fc1e798a 12919a16ae3c44bf993da54b315e19da - - default default] 10.0.0.91 "GET /v2.0/extensions/router_availability_zone HTTP/1.1" status: 200 len: 391 time: 0.0047083
2026-06-30 19:12:44.236 10 INFO neutron.wsgi [None req-e9b9e0c2-01b1-4da1-8479-6f8f70bbe14b aaddf7f6f8164e148cb64349fc1e798a 12919a16ae3c44bf993da54b315e19da - - default default] 10.0.0.91 "GET /v2.0/extensions/security-groups-default-rules HTTP/1.1" status: 200 len: 456 time: 0.0102308
2026-06-30 19:12:44.255 10 INFO neutron.wsgi [None req-0abd2ef9-8d28-486e-92f7-2fc865777320 aaddf7f6f8164e148cb64349fc1e798a 12919a16ae3c44bf993da54b315e19da - - default default] 10.0.0.91 "GET /v2.0/extensions/security-groups-normalized-cidr HTTP/1.1" status: 200 len: 445 time: 0.0160053
2026-06-30 19:12:44.263 10 INFO neutron.wsgi [None req-f45c6494-e82f-4f45-934f-7860314d3420 aaddf7f6f8164e148cb64349fc1e798a 12919a16ae3c44bf993da54b315e19da - - default default] 10.0.0.91 "GET /v2.0/extensions/security-groups-remote-address-group HTTP/1.1" status: 200 len: 448 time: 0.0044267
2026-06-30 19:12:44.273 10 INFO neutron.wsgi [None req-fd1f4eab-5f04-4dd0-a650-7942e22b7e51 aaddf7f6f8164e148cb64349fc1e798a 12919a16ae3c44bf993da54b315e19da - - default default] 10.0.0.91 "GET /v2.0/extensions/security-groups-rules-belongs-to-default-sg HTTP/1.1" status: 200 len: 508 time: 0.0052714
2026-06-30 19:12:44.272 9 ERROR ovsdbapp.backend.ovs_idl.command [None req-124a4027-7d99-483c-a7c9-c5ed0d954a17 ef979f9f229945448379ee724be317d1 961d3458cc1244d5a0325340e06ef365 - - default default] Error executing command (DbGetCommand): ovsdbapp.backend.ovs_idl.idlutils.RowNotFound: Cannot find Logical_Router_Port with name=lrp-492ea92a-332f-472c-b3b2-b609de8b6b60
2026-06-30 19:12:44.272 9 ERROR ovsdbapp.backend.ovs_idl.command
Traceback (most recent call last):
2026-06-30 19:12:44.272 9 ERROR ovsdbapp.backend.ovs_idl.command
File "/var/lib/openstack/lib/python3.10/site-packages/ovsdbapp/backend/ovs_idl/command.py", line 47, in execute
2026-06-30 19:12:44.272 9 ERROR ovsdbapp.backend.ovs_idl.command self.run_idl(None)
2026-06-30 19:12:44.272 9 ERROR ovsdbapp.backend.ovs_idl.command
File "/var/lib/openstack/lib/python3.10/site-packages/ovsdbapp/backend/ovs_idl/command.py", line 235, in run_idl
2026-06-30 19:12:44.272 9 ERROR ovsdbapp.backend.ovs_idl.command record = self.api.lookup(self.table, self.record)
2026-06-30 19:12:44.272 9 ERROR ovsdbapp.backend.ovs_idl.command
File "/var/lib/openstack/lib/python3.10/site-packages/ovsdbapp/backend/ovs_idl/__init__.py", line 184, in lookup
2026-06-30 19:12:44.272 9 ERROR ovsdbapp.backend.ovs_idl.command return self._lookup(table, record)
2026-06-30 19:12:44.272 9 ERROR ovsdbapp.backend.ovs_idl.command
File "/var/lib/openstack/lib/python3.10/site-packages/ovsdbapp/backend/ovs_idl/__init__.py", line 235, in _lookup
2026-06-30 19:12:44.272 9 ERROR ovsdbapp.backend.ovs_idl.command row = idlutils.row_by_value(self, rl.table, rl.column, record)
2026-06-30 19:12:44.272 9 ERROR ovsdbapp.backend.ovs_idl.command
File "/var/lib/openstack/lib/python3.10/site-packages/ovsdbapp/backend/ovs_idl/idlutils.py", line 114, in row_by_value
2026-06-30 19:12:44.272 9 ERROR ovsdbapp.backend.ovs_idl.command raise RowNotFound(table=table, col=column, match=match)
2026-06-30 19:12:44.272 9 ERROR ovsdbapp.backend.ovs_idl.command ovsdbapp.backend.ovs_idl.idlutils.RowNotFound: Cannot find Logical_Router_Port with name=lrp-492ea92a-332f-472c-b3b2-b609de8b6b60
2026-06-30 19:12:44.272 9 ERROR ovsdbapp.backend.ovs_idl.command 
2026-06-30 19:12:44.273 9 ERROR neutron_lib.callbacks.manager [None req-124a4027-7d99-483c-a7c9-c5ed0d954a17 ef979f9f229945448379ee724be317d1 961d3458cc1244d5a0325340e06ef365 - - default default] Error during notification for neutron.services.ovn_l3.plugin.OVNL3RouterPlugin._port_update-8734692774630 port, after_update: ovsdbapp.backend.ovs_idl.idlutils.RowNotFound: Cannot find Logical_Router_Port with name=lrp-492ea92a-332f-472c-b3b2-b609de8b6b60
2026-06-30 19:12:44.273 9 ERROR neutron_lib.callbacks.manager
Traceback (most recent call last):
2026-06-30 19:12:44.273 9 ERROR neutron_lib.callbacks.manager
File "/var/lib/openstack/lib/python3.10/site-packages/neutron_lib/callbacks/manager.py", line 189, in _notify_loop
2026-06-30 19:12:44.273 9 ERROR neutron_lib.callbacks.manager callback.method(resource, event, trigger, payload=payload)
2026-06-30 19:12:44.273 9 ERROR neutron_lib.callbacks.manager
File "/var/lib/openstack/lib/python3.10/site-packages/neutron/services/ovn_l3/plugin.py", line 391, in _port_update
2026-06-30 19:12:44.273 9 ERROR neutron_lib.callbacks.manager l3plugin._ovn_client.update_router_port(context,
2026-06-30 19:12:44.273 9 ERROR neutron_lib.callbacks.manager
File "/var/lib/openstack/lib/python3.10/site-packages/neutron/plugins/ml2/drivers/ovn/mech_driver/ovsdb/ovn_client.py", line 1878, in update_router_port
2026-06-30 19:12:44.273 9 ERROR neutron_lib.callbacks.manager self._update_lrouter_port(context, port, if_exists=if_exists,
2026-06-30 19:12:44.273 9 ERROR neutron_lib.callbacks.manager
File "/var/lib/openstack/lib/python3.10/site-packages/neutron/plugins/ml2/drivers/ovn/mech_driver/ovsdb/ovn_client.py", line 1855, in _update_lrouter_port
2026-06-30 19:12:44.273 9 ERROR neutron_lib.callbacks.manager external_ids = self._nb_idl.db_get(
2026-06-30 19:12:44.273 9 ERROR neutron_lib.callbacks.manager
File "/var/lib/openstack/lib/python3.10/site-packages/ovsdbapp/backend/ovs_idl/command.py", line 47, in execute
2026-06-30 19:12:44.273 9 ERROR neutron_lib.callbacks.manager self.run_idl(None)
2026-06-30 19:12:44.273 9 ERROR neutron_lib.callbacks.manager
File "/var/lib/openstack/lib/python3.10/site-packages/ovsdbapp/backend/ovs_idl/command.py", line 235, in run_idl
2026-06-30 19:12:44.273 9 ERROR neutron_lib.callbacks.manager record = self.api.lookup(self.table, self.record)
2026-06-30 19:12:44.273 9 ERROR neutron_lib.callbacks.manager
File "/var/lib/openstack/lib/python3.10/site-packages/ovsdbapp/backend/ovs_idl/__init__.py", line 184, in lookup
2026-06-30 19:12:44.273 9 ERROR neutron_lib.callbacks.manager return self._lookup(table, record)
2026-06-30 19:12:44.273 9 ERROR neutron_lib.callbacks.manager
File "/var/lib/openstack/lib/python3.10/site-packages/ovsdbapp/backend/ovs_idl/__init__.py", line 235, in _lookup
2026-06-30 19:12:44.273 9 ERROR neutron_lib.callbacks.manager row = idlutils.row_by_value(self, rl.table, rl.column, record)
2026-06-30 19:12:44.273 9 ERROR neutron_lib.callbacks.manager
File "/var/lib/openstack/lib/python3.10/site-packages/ovsdbapp/backend/ovs_idl/idlutils.py", line 114, in row_by_value
2026-06-30 19:12:44.273 9 ERROR neutron_lib.callbacks.manager raise RowNotFound(table=table, col=column, match=match)
2026-06-30 19:12:44.273 9 ERROR neutron_lib.callbacks.manager ovsdbapp.backend.ovs_idl.idlutils.RowNotFound: Cannot find Logical_Router_Port with name=lrp-492ea92a-332f-472c-b3b2-b609de8b6b60
2026-06-30 19:12:44.273 9 ERROR neutron_lib.callbacks.manager 
