+ COMMAND=start + start + for KEYSTONE_WSGI_SCRIPT in keystone-wsgi-public ++ type -p keystone-wsgi-public + cp -a /var/lib/openstack/bin/keystone-wsgi-public /var/www/cgi-bin/keystone/ + '[' -f /etc/apache2/envvars ']' + source /etc/apache2/envvars ++ unset HOME ++ '[' '' '!=' '' ']' ++ SUFFIX= ++ export APACHE_RUN_USER=www-data ++ APACHE_RUN_USER=www-data ++ export APACHE_RUN_GROUP=www-data ++ APACHE_RUN_GROUP=www-data ++ export APACHE_PID_FILE=/var/run/apache2/apache2.pid ++ APACHE_PID_FILE=/var/run/apache2/apache2.pid ++ export APACHE_RUN_DIR=/var/run/apache2 ++ APACHE_RUN_DIR=/var/run/apache2 ++ export APACHE_LOCK_DIR=/var/lock/apache2 ++ APACHE_LOCK_DIR=/var/lock/apache2 ++ export APACHE_LOG_DIR=/var/log/apache2 ++ APACHE_LOG_DIR=/var/log/apache2 ++ export LANG=C ++ LANG=C ++ export LANG + '[' -f /var/run/apache2/apache2.pid ']' + exec apache2 -DFOREGROUND AH00558: apache2: Could not reliably determine the server's fully qualified domain name, using 10.0.0.40. Set the 'ServerName' directive globally to suppress this message AH00558: apache2: Could not reliably determine the server's fully qualified domain name, using 10.0.0.40. Set the 'ServerName' directive globally to suppress this message
[Sun Jun 28 11:08:43.762116 2026] [mpm_event:notice] [pid 1:tid 140101609977728] AH00489: Apache/2.4.58 (Ubuntu) mod_wsgi/5.0.0 Python/3.12 configured -- resuming normal operations
[Sun Jun 28 11:08:43.762274 2026] [core:notice] [pid 1:tid 140101609977728] AH00094: Command line: 'apache2 -D FOREGROUND'
[Sun Jun 28 11:09:45.282482 2026] [wsgi:error] [pid 10:tid 140100973205184] /var/lib/openstack/lib/python3.12/site-packages/oslo_utils/importutils.py:77: EventletDeprecationWarning:
[Sun Jun 28 11:09:45.282525 2026] [wsgi:error] [pid 10:tid 140100973205184] Eventlet is deprecated. It is currently being maintained in bugfix mode, and
[Sun Jun 28 11:09:45.282526 2026] [wsgi:error] [pid 10:tid 140100973205184] we strongly recommend against using it for new projects.
[Sun Jun 28 11:09:45.282528 2026] [wsgi:error] [pid 10:tid 140100973205184]
[Sun Jun 28 11:09:45.282529 2026] [wsgi:error] [pid 10:tid 140100973205184] If you are already using Eventlet, we recommend migrating to a different
[Sun Jun 28 11:09:45.282530 2026] [wsgi:error] [pid 10:tid 140100973205184] framework. For more detail see
[Sun Jun 28 11:09:45.282531 2026] [wsgi:error] [pid 10:tid 140100973205184] https://eventlet.readthedocs.io/en/latest/asyncio/migration.html
[Sun Jun 28 11:09:45.282533 2026] [wsgi:error] [pid 10:tid 140100973205184]
[Sun Jun 28 11:09:45.282534 2026] [wsgi:error] [pid 10:tid 140100973205184] __import__(import_str)
[Sun Jun 28 11:09:45.344794 2026] [wsgi:error] [pid 11:tid 140100973205184] /var/lib/openstack/lib/python3.12/site-packages/oslo_utils/importutils.py:77: EventletDeprecationWarning:
[Sun Jun 28 11:09:45.344837 2026] [wsgi:error] [pid 11:tid 140100973205184] Eventlet is deprecated. It is currently being maintained in bugfix mode, and
[Sun Jun 28 11:09:45.344838 2026] [wsgi:error] [pid 11:tid 140100973205184] we strongly recommend against using it for new projects.
[Sun Jun 28 11:09:45.344840 2026] [wsgi:error] [pid 11:tid 140100973205184]
[Sun Jun 28 11:09:45.344841 2026] [wsgi:error] [pid 11:tid 140100973205184] If you are already using Eventlet, we recommend migrating to a different
[Sun Jun 28 11:09:45.344842 2026] [wsgi:error] [pid 11:tid 140100973205184] framework. For more detail see
[Sun Jun 28 11:09:45.344843 2026] [wsgi:error] [pid 11:tid 140100973205184] https://eventlet.readthedocs.io/en/latest/asyncio/migration.html
[Sun Jun 28 11:09:45.344844 2026] [wsgi:error] [pid 11:tid 140100973205184]
[Sun Jun 28 11:09:45.344845 2026] [wsgi:error] [pid 11:tid 140100973205184] __import__(import_str) 10.0.0.78 - - [28/Jun/2026:11:09:44 +0000] "GET /v3/ HTTP/1.1" 200 249 10.0.0.78 - - [28/Jun/2026:11:09:44 +0000] "GET /v3/ HTTP/1.1" 200 249
[Sun Jun 28 11:09:58.741527 2026] [wsgi:error] [pid 9:tid 140100973205184] /var/lib/openstack/lib/python3.12/site-packages/oslo_utils/importutils.py:77: EventletDeprecationWarning:
[Sun Jun 28 11:09:58.741569 2026] [wsgi:error] [pid 9:tid 140100973205184] Eventlet is deprecated. It is currently being maintained in bugfix mode, and
[Sun Jun 28 11:09:58.741572 2026] [wsgi:error] [pid 9:tid 140100973205184] we strongly recommend against using it for new projects.
[Sun Jun 28 11:09:58.741573 2026] [wsgi:error] [pid 9:tid 140100973205184]
[Sun Jun 28 11:09:58.741574 2026] [wsgi:error] [pid 9:tid 140100973205184] If you are already using Eventlet, we recommend migrating to a different
[Sun Jun 28 11:09:58.741575 2026] [wsgi:error] [pid 9:tid 140100973205184] framework. For more detail see
[Sun Jun 28 11:09:58.741576 2026] [wsgi:error] [pid 9:tid 140100973205184] https://eventlet.readthedocs.io/en/latest/asyncio/migration.html
[Sun Jun 28 11:09:58.741577 2026] [wsgi:error] [pid 9:tid 140100973205184]
[Sun Jun 28 11:09:58.741578 2026] [wsgi:error] [pid 9:tid 140100973205184] __import__(import_str) 10.0.0.34 - - [28/Jun/2026:11:09:57 +0000] "GET / HTTP/1.1" 300 295
[Sun Jun 28 11:10:04.178045 2026] [wsgi:error] [pid 12:tid 140100973205184] /var/lib/openstack/lib/python3.12/site-packages/oslo_utils/importutils.py:77: EventletDeprecationWarning:
[Sun Jun 28 11:10:04.178079 2026] [wsgi:error] [pid 12:tid 140100973205184] Eventlet is deprecated. It is currently being maintained in bugfix mode, and
[Sun Jun 28 11:10:04.178080 2026] [wsgi:error] [pid 12:tid 140100973205184] we strongly recommend against using it for new projects.
[Sun Jun 28 11:10:04.178082 2026] [wsgi:error] [pid 12:tid 140100973205184]
[Sun Jun 28 11:10:04.178083 2026] [wsgi:error] [pid 12:tid 140100973205184] If you are already using Eventlet, we recommend migrating to a different
[Sun Jun 28 11:10:04.178084 2026] [wsgi:error] [pid 12:tid 140100973205184] framework. For more detail see
[Sun Jun 28 11:10:04.178085 2026] [wsgi:error] [pid 12:tid 140100973205184] https://eventlet.readthedocs.io/en/latest/asyncio/migration.html
[Sun Jun 28 11:10:04.178086 2026] [wsgi:error] [pid 12:tid 140100973205184]
[Sun Jun 28 11:10:04.178087 2026] [wsgi:error] [pid 12:tid 140100973205184] __import__(import_str)
[Sun Jun 28 11:10:08.897121 2026] [wsgi:error] [pid 12:tid 140100973205184] [remote 10.0.0.34:53170] 2026-06-28 11:10:08.894 12 WARNING keystone.identity.core [None req-08474cd0-6ec3-4baa-a196-15dd3c8c15d0 - - - - - -] Invalid domain name (atmosphere) found in config file name: keystone.exception.DomainNotFound: Could not find domain: atmosphere.
[Sun Jun 28 11:10:08.945146 2026] [wsgi:error] [pid 12:tid 140100973205184] [remote 10.0.0.34:53170] 2026-06-28 11:10:08.944 12 WARNING keystone.common.password_hashing [None req-08474cd0-6ec3-4baa-a196-15dd3c8c15d0 - - - - - -] Truncating password to algorithm specific maximum length 72 characters.
[Sun Jun 28 11:10:09.228448 2026] [wsgi:error] [pid 12:tid 140100973205184] [remote 10.0.0.34:53170] 2026-06-28 11:10:09.228 12 WARNING keystone.common.fernet_utils [None req-08474cd0-6ec3-4baa-a196-15dd3c8c15d0 - - - - - -] key_repository is world readable: /etc/keystone/fernet-keys/ 10.0.0.34 - - [28/Jun/2026:11:10:03 +0000] "POST /v3/auth/tokens HTTP/1.1" 201 1360
[Sun Jun 28 11:10:09.591703 2026] [wsgi:error] [pid 11:tid 140100973205184] [remote 10.0.0.34:53170] 2026-06-28 11:10:09.589 11 WARNING keystone.identity.core [None req-ca562ed1-0dd2-428a-9215-ffd6f23dc209 - - - - - -] Invalid domain name (atmosphere) found in config file name: keystone.exception.DomainNotFound: Could not find domain: atmosphere. 10.0.0.34 - - [28/Jun/2026:11:10:09 +0000] "POST /v3/domains HTTP/1.1" 201 261 10.0.0.34 - - [28/Jun/2026:11:10:21 +0000] "GET / HTTP/1.1" 300 295
[Sun Jun 28 11:10:21.455384 2026] [wsgi:error] [pid 9:tid 140100973205184] [remote 10.0.0.34:40360] 2026-06-28 11:10:21.454 9 WARNING keystone.common.password_hashing [None req-d4c8a3e1-c1a8-4f29-b820-03575580e5fa - - - - - -] Truncating password to algorithm specific maximum length 72 characters.
[Sun Jun 28 11:10:21.750741 2026] [wsgi:error] [pid 9:tid 140100973205184] [remote 10.0.0.34:40360] 2026-06-28 11:10:21.750 9 WARNING keystone.common.fernet_utils [None req-d4c8a3e1-c1a8-4f29-b820-03575580e5fa - - - - - -] key_repository is world readable: /etc/keystone/fernet-keys/ 10.0.0.34 - - [28/Jun/2026:11:10:21 +0000] "POST /v3/auth/tokens HTTP/1.1" 201 1360 10.0.0.34 - - [28/Jun/2026:11:10:21 +0000] "GET /v3/roles/admin HTTP/1.1" 404 83
[Sun Jun 28 11:10:22.014868 2026] [wsgi:error] [pid 11:tid 140100973205184] [remote 10.0.0.34:40360] 2026-06-28 11:10:22.014 11 WARNING keystone.common.rbac_enforcer.enforcer [None req-288c4bb4-989a-4ddf-8a99-ceda34245708 06e648da97cb43efabcd752c6bf12627 cf6032743f4b4b308e310bfa529e7dfb - - default default] Deprecated policy rules found. Use oslopolicy-policy-generator and oslopolicy-policy-upgrade to detect and resolve deprecated policies in your configuration. 10.0.0.34 - - [28/Jun/2026:11:10:21 +0000] "GET /v3/roles?name=admin HTTP/1.1" 200 389
[Sun Jun 28 11:10:22.534348 2026] [wsgi:error] [pid 10:tid 140100973205184] [remote 10.0.0.34:40360] 2026-06-28 11:10:22.534 10 WARNING keystone.common.rbac_enforcer.enforcer [None req-7a8af068-1de6-423c-8bee-82aa0e2ac357 06e648da97cb43efabcd752c6bf12627 cf6032743f4b4b308e310bfa529e7dfb - - default default] Deprecated policy rules found. Use oslopolicy-policy-generator and oslopolicy-policy-upgrade to detect and resolve deprecated policies in your configuration. 10.0.0.34 - - [28/Jun/2026:11:10:22 +0000] "GET /v3/users/admin-RegionOne HTTP/1.1" 404 93
[Sun Jun 28 11:10:22.737889 2026] [wsgi:error] [pid 9:tid 140100973205184] [remote 10.0.0.34:40360] 2026-06-28 11:10:22.737 9 WARNING keystone.common.rbac_enforcer.enforcer [None req-06b05024-994b-4c80-b57a-82dfd43ecee8 06e648da97cb43efabcd752c6bf12627 cf6032743f4b4b308e310bfa529e7dfb - - default default] Deprecated policy rules found. Use oslopolicy-policy-generator and oslopolicy-policy-upgrade to detect and resolve deprecated policies in your configuration. 10.0.0.34 - - [28/Jun/2026:11:10:22 +0000] "GET /v3/users?name=admin-RegionOne HTTP/1.1" 200 422
[Sun Jun 28 11:10:22.908079 2026] [wsgi:error] [pid 12:tid 140100973205184] [remote 10.0.0.34:40360] 2026-06-28 11:10:22.907 12 WARNING keystone.common.rbac_enforcer.enforcer [None req-4ac03dcb-88ad-4a52-a8be-5573d6b4c881 06e648da97cb43efabcd752c6bf12627 cf6032743f4b4b308e310bfa529e7dfb - - default default] Deprecated policy rules found. Use oslopolicy-policy-generator and oslopolicy-policy-upgrade to detect and resolve deprecated policies in your configuration. 10.0.0.34 - - [28/Jun/2026:11:10:22 +0000] "GET /v3/domains/default HTTP/1.1" 200 224 10.0.0.34 - - [28/Jun/2026:11:10:22 +0000] "PUT /v3/domains/default/users/06e648da97cb43efabcd752c6bf12627/roles/68cf8b1b3c7b4a728503c58a70f1258b HTTP/1.1" 204 - 10.0.0.78 - - [28/Jun/2026:11:10:33 +0000] "GET / HTTP/1.1" 300 281 10.0.0.78 - - [28/Jun/2026:11:10:34 +0000] "GET /v3 HTTP/1.1" 200 266
[Sun Jun 28 11:10:34.545605 2026] [wsgi:error] [pid 12:tid 140100973205184] [remote 10.0.0.78:36234] 2026-06-28 11:10:34.545 12 WARNING keystone.common.password_hashing [None req-6d9d6cf7-cfb2-4daf-a982-087670ab5549 - - - - - -] Truncating password to algorithm specific maximum length 72 characters.
[Sun Jun 28 11:10:34.839070 2026] [wsgi:error] [pid 12:tid 140100973205184] [remote 10.0.0.78:36234] 2026-06-28 11:10:34.838 12 WARNING keystone.common.fernet_utils [None req-6d9d6cf7-cfb2-4daf-a982-087670ab5549 - - - - - -] key_repository is world readable: /etc/keystone/fernet-keys/ 10.0.0.78 - - [28/Jun/2026:11:10:34 +0000] "POST /v3/auth/tokens HTTP/1.1" 201 1360 10.0.0.78 - - [28/Jun/2026:11:10:34 +0000] "GET / HTTP/1.1" 300 281 10.0.0.78 - - [28/Jun/2026:11:10:34 +0000] "GET /v3/domains/atmosphere HTTP/1.1" 404 90 10.0.0.78 - - [28/Jun/2026:11:10:35 +0000] "GET /v3/domains?name=atmosphere HTTP/1.1" 200 370 10.0.0.78 - - [28/Jun/2026:11:10:35 +0000] "GET /v3/domains/f78f8c33de7f483aa9547606637f980f HTTP/1.1" 200 247 10.0.0.78 - - [28/Jun/2026:11:10:35 +0000] "GET /v3 HTTP/1.1" 200 266
[Sun Jun 28 11:10:35.835344 2026] [wsgi:error] [pid 10:tid 140100973205184] [remote 10.0.0.78:36234] 2026-06-28 11:10:35.834 10 WARNING keystone.common.password_hashing [None req-c67fdb09-895d-4f91-a142-74871ec643c9 - - - - - -] Truncating password to algorithm specific maximum length 72 characters.
[Sun Jun 28 11:10:36.115566 2026] [wsgi:error] [pid 10:tid 140100973205184] [remote 10.0.0.78:36234] 2026-06-28 11:10:36.115 10 WARNING keystone.common.fernet_utils [None req-c67fdb09-895d-4f91-a142-74871ec643c9 - - - - - -] key_repository is world readable: /etc/keystone/fernet-keys/ 10.0.0.78 - - [28/Jun/2026:11:10:35 +0000] "POST /v3/auth/tokens HTTP/1.1" 201 1360 10.0.0.78 - - [28/Jun/2026:11:10:36 +0000] "GET / HTTP/1.1" 300 281 10.0.0.78 - - [28/Jun/2026:11:10:36 +0000] "GET /v3/OS-FEDERATION/identity_providers/atmosphere HTTP/1.1" 404 101 10.0.0.78 - - [28/Jun/2026:11:10:36 +0000] "GET /v3/OS-FEDERATION/identity_providers HTTP/1.1" 200 156 10.0.0.78 - - [28/Jun/2026:11:10:36 +0000] "PUT /v3/OS-FEDERATION/identity_providers/atmosphere HTTP/1.1" 201 342 10.0.0.78 - - [28/Jun/2026:11:10:36 +0000] "GET /v3 HTTP/1.1" 200 266
[Sun Jun 28 11:10:36.846382 2026] [wsgi:error] [pid 12:tid 140100973205184] [remote 10.0.0.78:36240] 2026-06-28 11:10:36.846 12 WARNING keystone.common.password_hashing [None req-614139ba-3f47-4523-9c1d-83993f2e6fd4 - - - - - -] Truncating password to algorithm specific maximum length 72 characters.
[Sun Jun 28 11:10:37.122449 2026] [wsgi:error] [pid 12:tid 140100973205184] [remote 10.0.0.78:36240] 2026-06-28 11:10:37.122 12 WARNING keystone.common.fernet_utils [None req-614139ba-3f47-4523-9c1d-83993f2e6fd4 - - - - - -] key_repository is world readable: /etc/keystone/fernet-keys/ 10.0.0.78 - - [28/Jun/2026:11:10:36 +0000] "POST /v3/auth/tokens HTTP/1.1" 201 1360 10.0.0.78 - - [28/Jun/2026:11:10:37 +0000] "GET / HTTP/1.1" 300 281 10.0.0.78 - - [28/Jun/2026:11:10:37 +0000] "GET /v3/OS-FEDERATION/mappings/atmosphere-openid HTTP/1.1" 404 98 10.0.0.78 - - [28/Jun/2026:11:10:37 +0000] "GET /v3/OS-FEDERATION/mappings HTTP/1.1" 200 136 10.0.0.78 - - [28/Jun/2026:11:10:37 +0000] "PUT /v3/OS-FEDERATION/mappings/atmosphere-openid HTTP/1.1" 201 357 10.0.0.78 - - [28/Jun/2026:11:10:37 +0000] "GET /v3 HTTP/1.1" 200 266
[Sun Jun 28 11:10:37.831187 2026] [wsgi:error] [pid 10:tid 140100973205184] [remote 10.0.0.78:36234] 2026-06-28 11:10:37.831 10 WARNING keystone.common.password_hashing [None req-97b0578d-0ddf-4fb2-8acc-9bd8bd5f2c95 - - - - - -] Truncating password to algorithm specific maximum length 72 characters.
[Sun Jun 28 11:10:38.113273 2026] [wsgi:error] [pid 10:tid 140100973205184] [remote 10.0.0.78:36234] 2026-06-28 11:10:38.113 10 WARNING keystone.common.fernet_utils [None req-97b0578d-0ddf-4fb2-8acc-9bd8bd5f2c95 - - - - - -] key_repository is world readable: /etc/keystone/fernet-keys/ 10.0.0.78 - - [28/Jun/2026:11:10:37 +0000] "POST /v3/auth/tokens HTTP/1.1" 201 1360 10.0.0.78 - - [28/Jun/2026:11:10:38 +0000] "GET / HTTP/1.1" 300 281 10.0.0.78 - - [28/Jun/2026:11:10:38 +0000] "GET /v3/OS-FEDERATION/identity_providers/atmosphere/protocols/openid?idp_id=atmosphere HTTP/1.1" 404 131 10.0.0.78 - - [28/Jun/2026:11:10:38 +0000] "GET /v3/OS-FEDERATION/identity_providers/atmosphere/protocols HTTP/1.1" 200 168 10.0.0.78 - - [28/Jun/2026:11:10:38 +0000] "PUT /v3/OS-FEDERATION/identity_providers/atmosphere/protocols/openid HTTP/1.1" 201 224 10.0.0.78 - - [28/Jun/2026:11:10:44 +0000] "GET /v3/ HTTP/1.1" 200 249 10.0.0.78 - - [28/Jun/2026:11:10:44 +0000] "GET /v3/ HTTP/1.1" 200 249 10.0.0.78 - - [28/Jun/2026:11:11:44 +0000] "GET /v3/ HTTP/1.1" 200 249 10.0.0.78 - - [28/Jun/2026:11:11:44 +0000] "GET /v3/ HTTP/1.1" 200 249 10.0.0.31 - - [28/Jun/2026:11:12:00 +0000] "GET / HTTP/1.1" 300 295
[Sun Jun 28 11:12:01.002453 2026] [wsgi:error] [pid 12:tid 140100973205184] [remote 10.0.0.31:45812] 2026-06-28 11:12:01.002 12 WARNING keystone.common.password_hashing [None req-2c83e819-fa28-4878-bb0c-9e62273c7af9 - - - - - -] Truncating password to algorithm specific maximum length 72 characters.
[Sun Jun 28 11:12:01.283746 2026] [wsgi:error] [pid 12:tid 140100973205184] [remote 10.0.0.31:45812] 2026-06-28 11:12:01.283 12 WARNING keystone.common.fernet_utils [None req-2c83e819-fa28-4878-bb0c-9e62273c7af9 - - - - - -] key_repository is world readable: /etc/keystone/fernet-keys/ 10.0.0.31 - - [28/Jun/2026:11:12:00 +0000] "POST /v3/auth/tokens HTTP/1.1" 201 1360 10.0.0.31 - - [28/Jun/2026:11:12:01 +0000] "GET /v3/services HTTP/1.1" 200 355 10.0.0.31 - - [28/Jun/2026:11:12:04 +0000] "GET / HTTP/1.1" 300 295
[Sun Jun 28 11:12:04.947613 2026] [wsgi:error] [pid 9:tid 140100973205184] [remote 10.0.0.31:45820] 2026-06-28 11:12:04.947 9 WARNING keystone.common.password_hashing [None req-5a7514d0-f47a-454b-b2ce-068ff2fc7ef0 - - - - - -] Truncating password to algorithm specific maximum length 72 characters.
[Sun Jun 28 11:12:05.219948 2026] [wsgi:error] [pid 9:tid 140100973205184] [remote 10.0.0.31:45820] 2026-06-28 11:12:05.219 9 WARNING keystone.common.fernet_utils [None req-5a7514d0-f47a-454b-b2ce-068ff2fc7ef0 - - - - - -] key_repository is world readable: /etc/keystone/fernet-keys/ 10.0.0.31 - - [28/Jun/2026:11:12:04 +0000] "POST /v3/auth/tokens HTTP/1.1" 201 1360 10.0.0.31 - - [28/Jun/2026:11:12:05 +0000] "GET /v3/services HTTP/1.1" 200 355 10.0.0.31 - - [28/Jun/2026:11:12:08 +0000] "GET / HTTP/1.1" 300 295
[Sun Jun 28 11:12:08.832313 2026] [wsgi:error] [pid 10:tid 140100973205184] [remote 10.0.0.31:45822] 2026-06-28 11:12:08.832 10 WARNING keystone.common.password_hashing [None req-cce23bfc-20ef-4173-b584-544bd2da6d3e - - - - - -] Truncating password to algorithm specific maximum length 72 characters.
[Sun Jun 28 11:12:09.109498 2026] [wsgi:error] [pid 10:tid 140100973205184] [remote 10.0.0.31:45822] 2026-06-28 11:12:09.109 10 WARNING keystone.common.fernet_utils [None req-cce23bfc-20ef-4173-b584-544bd2da6d3e - - - - - -] key_repository is world readable: /etc/keystone/fernet-keys/ 10.0.0.31 - - [28/Jun/2026:11:12:08 +0000] "POST /v3/auth/tokens HTTP/1.1" 201 1360 10.0.0.31 - - [28/Jun/2026:11:12:09 +0000] "GET /v3/services HTTP/1.1" 200 355 10.0.0.31 - - [28/Jun/2026:11:12:12 +0000] "GET / HTTP/1.1" 300 295
[Sun Jun 28 11:12:12.713279 2026] [wsgi:error] [pid 11:tid 140100973205184] [remote 10.0.0.31:47066] 2026-06-28 11:12:12.712 11 WARNING keystone.common.password_hashing [None req-ae286d9c-a0af-47ad-8b4e-32d70908c49c - - - - - -] Truncating password to algorithm specific maximum length 72 characters.
[Sun Jun 28 11:12:12.987367 2026] [wsgi:error] [pid 11:tid 140100973205184] [remote 10.0.0.31:47066] 2026-06-28 11:12:12.987 11 WARNING keystone.common.fernet_utils [None req-ae286d9c-a0af-47ad-8b4e-32d70908c49c - - - - - -] key_repository is world readable: /etc/keystone/fernet-keys/ 10.0.0.31 - - [28/Jun/2026:11:12:12 +0000] "POST /v3/auth/tokens HTTP/1.1" 201 1360 10.0.0.31 - - [28/Jun/2026:11:12:13 +0000] "POST /v3/services HTTP/1.1" 201 296 10.0.0.213 - - [28/Jun/2026:11:12:24 +0000] "GET / HTTP/1.1" 300 295
[Sun Jun 28 11:12:24.319526 2026] [wsgi:error] [pid 12:tid 140100973205184] [remote 10.0.0.213:53902] 2026-06-28 11:12:24.319 12 WARNING keystone.common.password_hashing [None req-4a8acd7f-930e-4d7e-aded-2c8313fe6f47 - - - - - -] Truncating password to algorithm specific maximum length 72 characters. 10.0.0.213 - - [28/Jun/2026:11:12:24 +0000] "GET / HTTP/1.1" 300 295
[Sun Jun 28 11:12:24.417989 2026] [wsgi:error] [pid 10:tid 140100973205184] [remote 10.0.0.213:53910] 2026-06-28 11:12:24.417 10 WARNING keystone.common.password_hashing [None req-a9f0f3a1-4d94-448b-888d-eeea82d34cb4 - - - - - -] Truncating password to algorithm specific maximum length 72 characters. 10.0.0.213 - - [28/Jun/2026:11:12:24 +0000] "GET / HTTP/1.1" 300 295
[Sun Jun 28 11:12:24.552423 2026] [wsgi:error] [pid 11:tid 140100973205184] [remote 10.0.0.213:53914] 2026-06-28 11:12:24.552 11 WARNING keystone.common.password_hashing [None req-6508f50c-aab6-41b0-ab93-199339848866 - - - - - -] Truncating password to algorithm specific maximum length 72 characters.
[Sun Jun 28 11:12:24.613207 2026] [wsgi:error] [pid 12:tid 140100973205184] [remote 10.0.0.213:53902] 2026-06-28 11:12:24.612 12 WARNING keystone.common.fernet_utils [None req-4a8acd7f-930e-4d7e-aded-2c8313fe6f47 - - - - - -] key_repository is world readable: /etc/keystone/fernet-keys/ 10.0.0.213 - - [28/Jun/2026:11:12:24 +0000] "POST /v3/auth/tokens HTTP/1.1" 201 1464
[Sun Jun 28 11:12:24.703952 2026] [wsgi:error] [pid 10:tid 140100973205184] [remote 10.0.0.213:53910] 2026-06-28 11:12:24.703 10 WARNING keystone.common.fernet_utils [None req-a9f0f3a1-4d94-448b-888d-eeea82d34cb4 - - - - - -] key_repository is world readable: /etc/keystone/fernet-keys/ 10.0.0.213 - - [28/Jun/2026:11:12:24 +0000] "POST /v3/auth/tokens HTTP/1.1" 201 1464 10.0.0.213 - - [28/Jun/2026:11:12:24 +0000] "GET /v3/services HTTP/1.1" 200 639 10.0.0.213 - - [28/Jun/2026:11:12:24 +0000] "GET /v3/services HTTP/1.1" 200 639
[Sun Jun 28 11:12:24.834098 2026] [wsgi:error] [pid 11:tid 140100973205184] [remote 10.0.0.213:53914] 2026-06-28 11:12:24.833 11 WARNING keystone.common.fernet_utils [None req-6508f50c-aab6-41b0-ab93-199339848866 - - - - - -] key_repository is world readable: /etc/keystone/fernet-keys/ 10.0.0.213 - - [28/Jun/2026:11:12:24 +0000] "POST /v3/auth/tokens HTTP/1.1" 201 1464 10.0.0.213 - - [28/Jun/2026:11:12:24 +0000] "GET /v3/services HTTP/1.1" 200 639 10.0.0.213 - - [28/Jun/2026:11:12:26 +0000] "GET / HTTP/1.1" 300 295
[Sun Jun 28 11:12:26.333377 2026] [wsgi:error] [pid 12:tid 140100973205184] [remote 10.0.0.213:53918] 2026-06-28 11:12:26.333 12 WARNING keystone.common.password_hashing [None req-f4f58b3d-8b55-46e2-b608-c26272339130 - - - - - -] Truncating password to algorithm specific maximum length 72 characters. 10.0.0.213 - - [28/Jun/2026:11:12:26 +0000] "GET / HTTP/1.1" 300 295
[Sun Jun 28 11:12:26.426357 2026] [wsgi:error] [pid 10:tid 140100973205184] [remote 10.0.0.213:53926] 2026-06-28 11:12:26.426 10 WARNING keystone.common.password_hashing [None req-fe77c614-c339-47d2-9057-a568662d83e8 - - - - - -] Truncating password to algorithm specific maximum length 72 characters. 10.0.0.213 - - [28/Jun/2026:11:12:26 +0000] "GET / HTTP/1.1" 300 295
[Sun Jun 28 11:12:26.547557 2026] [wsgi:error] [pid 11:tid 140100973205184] [remote 10.0.0.213:53938] 2026-06-28 11:12:26.547 11 WARNING keystone.common.password_hashing [None req-85b410d3-5feb-4c33-8226-40081d0e5cb4 - - - - - -] Truncating password to algorithm specific maximum length 72 characters.
[Sun Jun 28 11:12:26.608089 2026] [wsgi:error] [pid 12:tid 140100973205184] [remote 10.0.0.213:53918] 2026-06-28 11:12:26.607 12 WARNING keystone.common.fernet_utils [None req-f4f58b3d-8b55-46e2-b608-c26272339130 - - - - - -] key_repository is world readable: /etc/keystone/fernet-keys/ 10.0.0.213 - - [28/Jun/2026:11:12:26 +0000] "POST /v3/auth/tokens HTTP/1.1" 201 1464
[Sun Jun 28 11:12:26.719375 2026] [wsgi:error] [pid 10:tid 140100973205184] [remote 10.0.0.213:53926] 2026-06-28 11:12:26.719 10 WARNING keystone.common.fernet_utils [None req-fe77c614-c339-47d2-9057-a568662d83e8 - - - - - -] key_repository is world readable: /etc/keystone/fernet-keys/ 10.0.0.213 - - [28/Jun/2026:11:12:26 +0000] "POST /v3/auth/tokens HTTP/1.1" 201 1464 10.0.0.213 - - [28/Jun/2026:11:12:26 +0000] "GET /v3/endpoints HTTP/1.1" 200 1227 10.0.0.213 - - [28/Jun/2026:11:12:26 +0000] "GET /v3/services/2223d907783c451880f0a86362b115a3 HTTP/1.1" 200 233 10.0.0.213 - - [28/Jun/2026:11:12:26 +0000] "GET /v3/services/2223d907783c451880f0a86362b115a3 HTTP/1.1" 200 233 10.0.0.213 - - [28/Jun/2026:11:12:26 +0000] "GET /v3/services/2223d907783c451880f0a86362b115a3 HTTP/1.1" 200 233
[Sun Jun 28 11:12:26.834319 2026] [wsgi:error] [pid 11:tid 140100973205184] [remote 10.0.0.213:53938] 2026-06-28 11:12:26.834 11 WARNING keystone.common.fernet_utils [None req-85b410d3-5feb-4c33-8226-40081d0e5cb4 - - - - - -] key_repository is world readable: /etc/keystone/fernet-keys/ 10.0.0.213 - - [28/Jun/2026:11:12:26 +0000] "POST /v3/auth/tokens HTTP/1.1" 201 1464 10.0.0.213 - - [28/Jun/2026:11:12:26 +0000] "GET /v3/endpoints HTTP/1.1" 200 1227 10.0.0.213 - - [28/Jun/2026:11:12:26 +0000] "GET /v3/services/2223d907783c451880f0a86362b115a3 HTTP/1.1" 200 233 10.0.0.213 - - [28/Jun/2026:11:12:26 +0000] "GET /v3/services/2223d907783c451880f0a86362b115a3 HTTP/1.1" 200 233 10.0.0.213 - - [28/Jun/2026:11:12:26 +0000] "GET /v3/services/2223d907783c451880f0a86362b115a3 HTTP/1.1" 200 233 10.0.0.213 - - [28/Jun/2026:11:12:26 +0000] "GET /v3/endpoints HTTP/1.1" 200 1227 10.0.0.213 - - [28/Jun/2026:11:12:26 +0000] "GET /v3/services/2223d907783c451880f0a86362b115a3 HTTP/1.1" 200 233 10.0.0.213 - - [28/Jun/2026:11:12:26 +0000] "GET /v3/services/2223d907783c451880f0a86362b115a3 HTTP/1.1" 200 233 10.0.0.213 - - [28/Jun/2026:11:12:27 +0000] "GET /v3/services/2223d907783c451880f0a86362b115a3 HTTP/1.1" 200 233 10.0.0.213 - - [28/Jun/2026:11:12:28 +0000] "GET / HTTP/1.1" 300 295
[Sun Jun 28 11:12:28.271590 2026] [wsgi:error] [pid 10:tid 140100973205184] [remote 10.0.0.213:53942] 2026-06-28 11:12:28.271 10 WARNING keystone.common.password_hashing [None req-40d45790-2a0b-41c1-8345-ceda3ecb57b6 - - - - - -] Truncating password to algorithm specific maximum length 72 characters. 10.0.0.213 - - [28/Jun/2026:11:12:28 +0000] "GET / HTTP/1.1" 300 295
[Sun Jun 28 11:12:28.339132 2026] [wsgi:error] [pid 11:tid 140100973205184] [remote 10.0.0.213:53954] 2026-06-28 11:12:28.338 11 WARNING keystone.common.password_hashing [None req-934aae5d-78fc-43f2-820b-678d50423cae - - - - - -] Truncating password to algorithm specific maximum length 72 characters. 10.0.0.213 - - [28/Jun/2026:11:12:28 +0000] "GET / HTTP/1.1" 300 295
[Sun Jun 28 11:12:28.477518 2026] [wsgi:error] [pid 9:tid 140100973205184] [remote 10.0.0.213:53964] 2026-06-28 11:12:28.477 9 WARNING keystone.common.password_hashing [None req-660b4fb0-a7a0-4c96-bc32-534fcd82d653 - - - - - -] Truncating password to algorithm specific maximum length 72 characters.
[Sun Jun 28 11:12:28.549505 2026] [wsgi:error] [pid 10:tid 140100973205184] [remote 10.0.0.213:53942] 2026-06-28 11:12:28.549 10 WARNING keystone.common.fernet_utils [None req-40d45790-2a0b-41c1-8345-ceda3ecb57b6 - - - - - -] key_repository is world readable: /etc/keystone/fernet-keys/ 10.0.0.213 - - [28/Jun/2026:11:12:28 +0000] "POST /v3/auth/tokens HTTP/1.1" 201 1464
[Sun Jun 28 11:12:28.620646 2026] [wsgi:error] [pid 11:tid 140100973205184] [remote 10.0.0.213:53954] 2026-06-28 11:12:28.620 11 WARNING keystone.common.fernet_utils [None req-934aae5d-78fc-43f2-820b-678d50423cae - - - - - -] key_repository is world readable: /etc/keystone/fernet-keys/ 10.0.0.213 - - [28/Jun/2026:11:12:28 +0000] "POST /v3/auth/tokens HTTP/1.1" 201 1464 10.0.0.213 - - [28/Jun/2026:11:12:28 +0000] "GET /v3/services/9f9576d3dcda44ed9e67261aed1d082b HTTP/1.1" 200 296 10.0.0.213 - - [28/Jun/2026:11:12:28 +0000] "GET /v3/regions/RegionOne HTTP/1.1" 200 173 10.0.0.213 - - [28/Jun/2026:11:12:28 +0000] "POST /v3/endpoints HTTP/1.1" 201 380 10.0.0.213 - - [28/Jun/2026:11:12:28 +0000] "GET /v3/services/9f9576d3dcda44ed9e67261aed1d082b HTTP/1.1" 200 296 10.0.0.213 - - [28/Jun/2026:11:12:28 +0000] "GET /v3/regions/RegionOne HTTP/1.1" 200 173
[Sun Jun 28 11:12:28.761602 2026] [wsgi:error] [pid 9:tid 140100973205184] [remote 10.0.0.213:53964] 2026-06-28 11:12:28.761 9 WARNING keystone.common.fernet_utils [None req-660b4fb0-a7a0-4c96-bc32-534fcd82d653 - - - - - -] key_repository is world readable: /etc/keystone/fernet-keys/ 10.0.0.213 - - [28/Jun/2026:11:12:28 +0000] "POST /v3/auth/tokens HTTP/1.1" 201 1641 10.0.0.213 - - [28/Jun/2026:11:12:28 +0000] "POST /v3/endpoints HTTP/1.1" 201 383 10.0.0.213 - - [28/Jun/2026:11:12:28 +0000] "GET /v3/services/9f9576d3dcda44ed9e67261aed1d082b HTTP/1.1" 200 296 10.0.0.213 - - [28/Jun/2026:11:12:28 +0000] "GET /v3/regions/RegionOne HTTP/1.1" 200 173 10.0.0.213 - - [28/Jun/2026:11:12:28 +0000] "POST /v3/endpoints HTTP/1.1" 201 370 10.0.0.213 - - [28/Jun/2026:11:12:30 +0000] "GET / HTTP/1.1" 300 295
[Sun Jun 28 11:12:30.203576 2026] [wsgi:error] [pid 12:tid 140100973205184] [remote 10.0.0.213:58318] 2026-06-28 11:12:30.203 12 WARNING keystone.common.password_hashing [None req-88c93d4a-5520-4b91-b03d-023e6df6b597 - - - - - -] Truncating password to algorithm specific maximum length 72 characters. 10.0.0.213 - - [28/Jun/2026:11:12:30 +0000] "GET / HTTP/1.1" 300 295
[Sun Jun 28 11:12:30.235863 2026] [wsgi:error] [pid 9:tid 140100973205184] [remote 10.0.0.213:58332] 2026-06-28 11:12:30.235 9 WARNING keystone.common.password_hashing [None req-11f03696-6f08-485e-9da4-8c97fa303c4f - - - - - -] Truncating password to algorithm specific maximum length 72 characters.
[Sun Jun 28 11:12:30.472754 2026] [wsgi:error] [pid 12:tid 140100973205184] [remote 10.0.0.213:58318] 2026-06-28 11:12:30.472 12 WARNING keystone.common.fernet_utils [None req-88c93d4a-5520-4b91-b03d-023e6df6b597 - - - - - -] key_repository is world readable: /etc/keystone/fernet-keys/ 10.0.0.213 - - [28/Jun/2026:11:12:30 +0000] "POST /v3/auth/tokens HTTP/1.1" 201 1992
[Sun Jun 28 11:12:30.507959 2026] [wsgi:error] [pid 9:tid 140100973205184] [remote 10.0.0.213:58332] 2026-06-28 11:12:30.507 9 WARNING keystone.common.fernet_utils [None req-11f03696-6f08-485e-9da4-8c97fa303c4f - - - - - -] key_repository is world readable: /etc/keystone/fernet-keys/ 10.0.0.213 - - [28/Jun/2026:11:12:30 +0000] "POST /v3/auth/tokens HTTP/1.1" 201 1992 10.0.0.213 - - [28/Jun/2026:11:12:30 +0000] "GET / HTTP/1.1" 300 295
[Sun Jun 28 11:12:30.554598 2026] [wsgi:error] [pid 10:tid 140100973205184] [remote 10.0.0.213:58346] 2026-06-28 11:12:30.554 10 WARNING keystone.common.password_hashing [None req-d075fb74-aee4-476a-a2b7-57a8f1084930 - - - - - -] Truncating password to algorithm specific maximum length 72 characters. 10.0.0.213 - - [28/Jun/2026:11:12:30 +0000] "GET /v3/endpoints/acfa8fbd87434ac79973c2880b71c6d5 HTTP/1.1" 200 380 10.0.0.213 - - [28/Jun/2026:11:12:30 +0000] "GET /v3/services/9f9576d3dcda44ed9e67261aed1d082b HTTP/1.1" 200 296 10.0.0.213 - - [28/Jun/2026:11:12:30 +0000] "GET /v3/endpoints/24f4e7ab44184c768730e9c3bce81cdf HTTP/1.1" 200 383 10.0.0.213 - - [28/Jun/2026:11:12:30 +0000] "GET /v3/services/9f9576d3dcda44ed9e67261aed1d082b HTTP/1.1" 200 296
[Sun Jun 28 11:12:30.829408 2026] [wsgi:error] [pid 10:tid 140100973205184] [remote 10.0.0.213:58346] 2026-06-28 11:12:30.829 10 WARNING keystone.common.fernet_utils [None req-d075fb74-aee4-476a-a2b7-57a8f1084930 - - - - - -] key_repository is world readable: /etc/keystone/fernet-keys/ 10.0.0.213 - - [28/Jun/2026:11:12:30 +0000] "POST /v3/auth/tokens HTTP/1.1" 201 1992 10.0.0.213 - - [28/Jun/2026:11:12:30 +0000] "GET /v3/endpoints/e0b5c32990da4f53a4eb433bf497c31c HTTP/1.1" 200 370 10.0.0.213 - - [28/Jun/2026:11:12:30 +0000] "GET /v3/services/9f9576d3dcda44ed9e67261aed1d082b HTTP/1.1" 200 296 10.0.0.170 - - [28/Jun/2026:11:12:42 +0000] "GET / HTTP/1.1" 300 295
[Sun Jun 28 11:12:42.307963 2026] [wsgi:error] [pid 10:tid 140100973205184] [remote 10.0.0.170:33226] 2026-06-28 11:12:42.307 10 WARNING keystone.common.password_hashing [None req-a7a9dbe7-5b86-441c-9aaf-2d8e2899e924 - - - - - -] Truncating password to algorithm specific maximum length 72 characters.
[Sun Jun 28 11:12:42.585662 2026] [wsgi:error] [pid 10:tid 140100973205184] [remote 10.0.0.170:33226] 2026-06-28 11:12:42.585 10 WARNING keystone.common.fernet_utils [None req-a7a9dbe7-5b86-441c-9aaf-2d8e2899e924 - - - - - -] key_repository is world readable: /etc/keystone/fernet-keys/ 10.0.0.170 - - [28/Jun/2026:11:12:42 +0000] "POST /v3/auth/tokens HTTP/1.1" 201 1992 10.0.0.170 - - [28/Jun/2026:11:12:42 +0000] "POST /v3/domains HTTP/1.1" 201 284 10.0.0.170 - - [28/Jun/2026:11:12:44 +0000] "GET / HTTP/1.1" 300 295
[Sun Jun 28 11:12:44.297176 2026] [wsgi:error] [pid 12:tid 140100973205184] [remote 10.0.0.170:33228] 2026-06-28 11:12:44.296 12 WARNING keystone.common.password_hashing [None req-4b3ae660-d4e3-4f6f-82f3-2c559be44b33 - - - - - -] Truncating password to algorithm specific maximum length 72 characters. 10.0.0.78 - - [28/Jun/2026:11:12:44 +0000] "GET /v3/ HTTP/1.1" 200 249 10.0.0.78 - - [28/Jun/2026:11:12:44 +0000] "GET /v3/ HTTP/1.1" 200 249
[Sun Jun 28 11:12:44.580167 2026] [wsgi:error] [pid 12:tid 140100973205184] [remote 10.0.0.170:33228] 2026-06-28 11:12:44.580 12 WARNING keystone.common.fernet_utils [None req-4b3ae660-d4e3-4f6f-82f3-2c559be44b33 - - - - - -] key_repository is world readable: /etc/keystone/fernet-keys/ 10.0.0.170 - - [28/Jun/2026:11:12:44 +0000] "POST /v3/auth/tokens HTTP/1.1" 201 1992
[Sun Jun 28 11:12:44.764411 2026] [wsgi:error] [pid 9:tid 140100973205184] [remote 10.0.0.170:33228] 2026-06-28 11:12:44.749 9 ERROR keystone.server.flask.application [None req-16b4c09c-ca52-4524-a861-b1ab54299e9b 06e648da97cb43efabcd752c6bf12627 cf6032743f4b4b308e310bfa529e7dfb - - default default] Conflict occurred attempting to store project - it is not permitted to have two projects acting as domains with the same name: service.: keystone.exception.Conflict: Conflict occurred attempting to store project - it is not permitted to have two projects acting as domains with the same name: service.
[Sun Jun 28 11:12:44.764436 2026] [wsgi:error] [pid 9:tid 140100973205184] [remote 10.0.0.170:33228] 2026-06-28 11:12:44.749 9 ERROR keystone.server.flask.application
Traceback (most recent call last):
[Sun Jun 28 11:12:44.764438 2026] [wsgi:error] [pid 9:tid 140100973205184] [remote 10.0.0.170:33228] 2026-06-28 11:12:44.749 9 ERROR keystone.server.flask.application
File "/var/lib/openstack/lib/python3.12/site-packages/sqlalchemy/engine/base.py", line 1969, in _exec_single_context
[Sun Jun 28 11:12:44.764440 2026] [wsgi:error] [pid 9:tid 140100973205184] [remote 10.0.0.170:33228] 2026-06-28 11:12:44.749 9 ERROR keystone.server.flask.application self.dialect.do_execute(
[Sun Jun 28 11:12:44.764442 2026] [wsgi:error] [pid 9:tid 140100973205184] [remote 10.0.0.170:33228] 2026-06-28 11:12:44.749 9 ERROR keystone.server.flask.application
File "/var/lib/openstack/lib/python3.12/site-packages/sqlalchemy/engine/default.py", line 952, in do_execute
[Sun Jun 28 11:12:44.764444 2026] [wsgi:error] [pid 9:tid 140100973205184] [remote 10.0.0.170:33228] 2026-06-28 11:12:44.749 9 ERROR keystone.server.flask.application cursor.execute(statement, parameters)
[Sun Jun 28 11:12:44.764445 2026] [wsgi:error] [pid 9:tid 140100973205184] [remote 10.0.0.170:33228] 2026-06-28 11:12:44.749 9 ERROR keystone.server.flask.application
File "/var/lib/openstack/lib/python3.12/site-packages/pymysql/cursors.py", line 159, in execute
[Sun Jun 28 11:12:44.764447 2026] [wsgi:error] [pid 9:tid 140100973205184] [remote 10.0.0.170:33228] 2026-06-28 11:12:44.749 9 ERROR keystone.server.flask.application result = self._query(query)
[Sun Jun 28 11:12:44.764448 2026] [wsgi:error] [pid 9:tid 140100973205184] [remote 10.0.0.170:33228] 2026-06-28 11:12:44.749 9 ERROR keystone.server.flask.application ^^^^^^^^^^^^^^^^^^
[Sun Jun 28 11:12:44.764450 2026] [wsgi:error] [pid 9:tid 140100973205184] [remote 10.0.0.170:33228] 2026-06-28 11:12:44.749 9 ERROR keystone.server.flask.application
File "/var/lib/openstack/lib/python3.12/site-packages/pymysql/cursors.py", line 330, in _query
[Sun Jun 28 11:12:44.764452 2026] [wsgi:error] [pid 9:tid 140100973205184] [remote 10.0.0.170:33228] 2026-06-28 11:12:44.749 9 ERROR keystone.server.flask.application conn.query(q)
[Sun Jun 28 11:12:44.764454 2026] [wsgi:error] [pid 9:tid 140100973205184] [remote 10.0.0.170:33228] 2026-06-28 11:12:44.749 9 ERROR keystone.server.flask.application
File "/var/lib/openstack/lib/python3.12/site-packages/pymysql/connections.py", line 582, in query
[Sun Jun 28 11:12:44.764456 2026] [wsgi:error] [pid 9:tid 140100973205184] [remote 10.0.0.170:33228] 2026-06-28 11:12:44.749 9 ERROR keystone.server.flask.application self._affected_rows = self._read_query_result(unbuffered=unbuffered)
[Sun Jun 28 11:12:44.764458 2026] [wsgi:error] [pid 9:tid 140100973205184] [remote 10.0.0.170:33228] 2026-06-28 11:12:44.749 9 ERROR keystone.server.flask.application ^^^^^^^^^^^^^^^^^^^^^^^^^^^^^^^^^^^^^^^^^^^^^^
[Sun Jun 28 11:12:44.764459 2026] [wsgi:error] [pid 9:tid 140100973205184] [remote 10.0.0.170:33228] 2026-06-28 11:12:44.749 9 ERROR keystone.server.flask.application
File "/var/lib/openstack/lib/python3.12/site-packages/pymysql/connections.py", line 847, in _read_query_result
[Sun Jun 28 11:12:44.764461 2026] [wsgi:error] [pid 9:tid 140100973205184] [remote 10.0.0.170:33228] 2026-06-28 11:12:44.749 9 ERROR keystone.server.flask.application result.read()
[Sun Jun 28 11:12:44.764464 2026] [wsgi:error] [pid 9:tid 140100973205184] [remote 10.0.0.170:33228] 2026-06-28 11:12:44.749 9 ERROR keystone.server.flask.application
File "/var/lib/openstack/lib/python3.12/site-packages/pymysql/connections.py", line 1245, in read
[Sun Jun 28 11:12:44.764465 2026] [wsgi:error] [pid 9:tid 140100973205184] [remote 10.0.0.170:33228] 2026-06-28 11:12:44.749 9 ERROR keystone.server.flask.application first_packet = self.connection._read_packet()
[Sun Jun 28 11:12:44.764467 2026] [wsgi:error] [pid 9:tid 140100973205184] [remote 10.0.0.170:33228] 2026-06-28 11:12:44.749 9 ERROR keystone.server.flask.application ^^^^^^^^^^^^^^^^^^^^^^^^^^^^^^
[Sun Jun 28 11:12:44.764468 2026] [wsgi:error] [pid 9:tid 140100973205184] [remote 10.0.0.170:33228] 2026-06-28 11:12:44.749 9 ERROR keystone.server.flask.application
File "/var/lib/openstack/lib/python3.12/site-packages/pymysql/connections.py", line 803, in _read_packet
[Sun Jun 28 11:12:44.764469 2026] [wsgi:error] [pid 9:tid 140100973205184] [remote 10.0.0.170:33228] 2026-06-28 11:12:44.749 9 ERROR keystone.server.flask.application packet.raise_for_error()
[Sun Jun 28 11:12:44.764471 2026] [wsgi:error] [pid 9:tid 140100973205184] [remote 10.0.0.170:33228] 2026-06-28 11:12:44.749 9 ERROR keystone.server.flask.application
File "/var/lib/openstack/lib/python3.12/site-packages/pymysql/protocol.py", line 219, in raise_for_error
[Sun Jun 28 11:12:44.764472 2026] [wsgi:error] [pid 9:tid 140100973205184] [remote 10.0.0.170:33228] 2026-06-28 11:12:44.749 9 ERROR keystone.server.flask.application err.raise_mysql_exception(self._data)
[Sun Jun 28 11:12:44.764474 2026] [wsgi:error] [pid 9:tid 140100973205184] [remote 10.0.0.170:33228] 2026-06-28 11:12:44.749 9 ERROR keystone.server.flask.application
File "/var/lib/openstack/lib/python3.12/site-packages/pymysql/err.py", line 154, in raise_mysql_exception
[Sun Jun 28 11:12:44.764509 2026] [wsgi:error] [pid 9:tid 140100973205184] [remote 10.0.0.170:33228] 2026-06-28 11:12:44.749 9 ERROR keystone.server.flask.application raise errorclass(errno, errval, sqlstate=sqlstate)
[Sun Jun 28 11:12:44.764511 2026] [wsgi:error] [pid 9:tid 140100973205184] [remote 10.0.0.170:33228] 2026-06-28 11:12:44.749 9 ERROR keystone.server.flask.application pymysql.err.IntegrityError: (1062, "Duplicate entry '<>-service' for key 'project.ixu_project_name_domain_id'")
[Sun Jun 28 11:12:44.764513 2026] [wsgi:error] [pid 9:tid 140100973205184] [remote 10.0.0.170:33228] 2026-06-28 11:12:44.749 9 ERROR keystone.server.flask.application
[Sun Jun 28 11:12:44.764515 2026] [wsgi:error] [pid 9:tid 140100973205184] [remote 10.0.0.170:33228] 2026-06-28 11:12:44.749 9 ERROR keystone.server.flask.application The above exception was the direct cause of the following exception:
[Sun Jun 28 11:12:44.764516 2026] [wsgi:error] [pid 9:tid 140100973205184] [remote 10.0.0.170:33228] 2026-06-28 11:12:44.749 9 ERROR keystone.server.flask.application
[Sun Jun 28 11:12:44.764518 2026] [wsgi:error] [pid 9:tid 140100973205184] [remote 10.0.0.170:33228] 2026-06-28 11:12:44.749 9 ERROR keystone.server.flask.application
Traceback (most recent call last):
[Sun Jun 28 11:12:44.764519 2026] [wsgi:error] [pid 9:tid 140100973205184] [remote 10.0.0.170:33228] 2026-06-28 11:12:44.749 9 ERROR keystone.server.flask.application
File "/var/lib/openstack/lib/python3.12/site-packages/keystone/common/sql/core.py", line 575, in wrapper
[Sun Jun 28 11:12:44.764521 2026] [wsgi:error] [pid 9:tid 140100973205184] [remote 10.0.0.170:33228] 2026-06-28 11:12:44.749 9 ERROR keystone.server.flask.application return method(*args, **kwargs)
[Sun Jun 28 11:12:44.764522 2026] [wsgi:error] [pid 9:tid 140100973205184] [remote 10.0.0.170:33228] 2026-06-28 11:12:44.749 9 ERROR keystone.server.flask.application ^^^^^^^^^^^^^^^^^^^^^^^
[Sun Jun 28 11:12:44.764524 2026] [wsgi:error] [pid 9:tid 140100973205184] [remote 10.0.0.170:33228] 2026-06-28 11:12:44.749 9 ERROR keystone.server.flask.application
File "/var/lib/openstack/lib/python3.12/site-packages/keystone/resource/backends/sql.py", line 278, in create_project
[Sun Jun 28 11:12:44.764526 2026] [wsgi:error] [pid 9:tid 140100973205184] [remote 10.0.0.170:33228] 2026-06-28 11:12:44.749 9 ERROR keystone.server.flask.application with sql.session_for_write() as session:
[Sun Jun 28 11:12:44.764527 2026] [wsgi:error] [pid 9:tid 140100973205184] [remote 10.0.0.170:33228] 2026-06-28 11:12:44.749 9 ERROR keystone.server.flask.application
File "/usr/lib/python3.12/contextlib.py", line 144, in __exit__
[Sun Jun 28 11:12:44.764530 2026] [wsgi:error] [pid 9:tid 140100973205184] [remote 10.0.0.170:33228] 2026-06-28 11:12:44.749 9 ERROR keystone.server.flask.application next(self.gen)
[Sun Jun 28 11:12:44.764532 2026] [wsgi:error] [pid 9:tid 140100973205184] [remote 10.0.0.170:33228] 2026-06-28 11:12:44.749 9 ERROR keystone.server.flask.application
File "/var/lib/openstack/lib/python3.12/site-packages/oslo_db/sqlalchemy/enginefacade.py", line 1175, in _transaction_scope
[Sun Jun 28 11:12:44.764534 2026] [wsgi:error] [pid 9:tid 140100973205184] [remote 10.0.0.170:33228] 2026-06-28 11:12:44.749 9 ERROR keystone.server.flask.application with current._produce_block(
[Sun Jun 28 11:12:44.764536 2026] [wsgi:error] [pid 9:tid 140100973205184] [remote 10.0.0.170:33228] 2026-06-28 11:12:44.749 9 ERROR keystone.server.flask.application
File "/usr/lib/python3.12/contextlib.py", line 144, in __exit__
[Sun Jun 28 11:12:44.764539 2026] [wsgi:error] [pid 9:tid 140100973205184] [remote 10.0.0.170:33228] 2026-06-28 11:12:44.749 9 ERROR keystone.server.flask.application next(self.gen)
[Sun Jun 28 11:12:44.764541 2026] [wsgi:error] [pid 9:tid 140100973205184] [remote 10.0.0.170:33228] 2026-06-28 11:12:44.749 9 ERROR keystone.server.flask.application
File "/var/lib/openstack/lib/python3.12/site-packages/oslo_db/sqlalchemy/enginefacade.py", line 837, in _session
[Sun Jun 28 11:12:44.764543 2026] [wsgi:error] [pid 9:tid 140100973205184] [remote 10.0.0.170:33228] 2026-06-28 11:12:44.749 9 ERROR keystone.server.flask.application with excutils.save_and_reraise_exception():
[Sun Jun 28 11:12:44.764545 2026] [wsgi:error] [pid 9:tid 140100973205184] [remote 10.0.0.170:33228] 2026-06-28 11:12:44.749 9 ERROR keystone.server.flask.application
File "/var/lib/openstack/lib/python3.12/site-packages/oslo_utils/excutils.py", line 266, in __exit__
[Sun Jun 28 11:12:44.764548 2026] [wsgi:error] [pid 9:tid 140100973205184] [remote 10.0.0.170:33228] 2026-06-28 11:12:44.749 9 ERROR keystone.server.flask.application self.force_reraise()
[Sun Jun 28 11:12:44.764549 2026] [wsgi:error] [pid 9:tid 140100973205184] [remote 10.0.0.170:33228] 2026-06-28 11:12:44.749 9 ERROR keystone.server.flask.application
File "/var/lib/openstack/lib/python3.12/site-packages/oslo_utils/excutils.py", line 232, in force_reraise
[Sun Jun 28 11:12:44.764552 2026] [wsgi:error] [pid 9:tid 140100973205184] [remote 10.0.0.170:33228] 2026-06-28 11:12:44.749 9 ERROR keystone.server.flask.application raise self.value
[Sun Jun 28 11:12:44.764554 2026] [wsgi:error] [pid 9:tid 140100973205184] [remote 10.0.0.170:33228] 2026-06-28 11:12:44.749 9 ERROR keystone.server.flask.application
File "/var/lib/openstack/lib/python3.12/site-packages/oslo_db/sqlalchemy/enginefacade.py", line 835, in _session
[Sun Jun 28 11:12:44.764556 2026] [wsgi:error] [pid 9:tid 140100973205184] [remote 10.0.0.170:33228] 2026-06-28 11:12:44.749 9 ERROR keystone.server.flask.application self._end_session_transaction(self.session)
[Sun Jun 28 11:12:44.764559 2026] [wsgi:error] [pid 9:tid 140100973205184] [remote 10.0.0.170:33228] 2026-06-28 11:12:44.749 9 ERROR keystone.server.flask.application
File "/var/lib/openstack/lib/python3.12/site-packages/oslo_db/sqlalchemy/enginefacade.py", line 748, in _end_session_transaction
[Sun Jun 28 11:12:44.764561 2026] [wsgi:error] [pid 9:tid 140100973205184] [remote 10.0.0.170:33228] 2026-06-28 11:12:44.749 9 ERROR keystone.server.flask.application session.commit()
[Sun Jun 28 11:12:44.764562 2026] [wsgi:error] [pid 9:tid 140100973205184] [remote 10.0.0.170:33228] 2026-06-28 11:12:44.749 9 ERROR keystone.server.flask.application
File "/var/lib/openstack/lib/python3.12/site-packages/sqlalchemy/orm/session.py", line 2034, in commit
[Sun Jun 28 11:12:44.764582 2026] [wsgi:error] [pid 9:tid 140100973205184] [remote 10.0.0.170:33228] 2026-06-28 11:12:44.749 9 ERROR keystone.server.flask.application trans.commit(_to_root=True)
[Sun Jun 28 11:12:44.764589 2026] [wsgi:error] [pid 9:tid 140100973205184] [remote 10.0.0.170:33228] 2026-06-28 11:12:44.749 9 ERROR keystone.server.flask.application File "", line 2, in commit
[Sun Jun 28 11:12:44.764590 2026] [wsgi:error] [pid 9:tid 140100973205184] [remote 10.0.0.170:33228] 2026-06-28 11:12:44.749 9 ERROR keystone.server.flask.application
File "/var/lib/openstack/lib/python3.12/site-packages/sqlalchemy/orm/state_changes.py", line 137, in _go
[Sun Jun 28 11:12:44.764592 2026] [wsgi:error] [pid 9:tid 140100973205184] [remote 10.0.0.170:33228] 2026-06-28 11:12:44.749 9 ERROR keystone.server.flask.application ret_value = fn(self, *arg, **kw)
[Sun Jun 28 11:12:44.764593 2026] [wsgi:error] [pid 9:tid 140100973205184] [remote 10.0.0.170:33228] 2026-06-28 11:12:44.749 9 ERROR keystone.server.flask.application ^^^^^^^^^^^^^^^^^^^^
[Sun Jun 28 11:12:44.764595 2026] [wsgi:error] [pid 9:tid 140100973205184] [remote 10.0.0.170:33228] 2026-06-28 11:12:44.749 9 ERROR keystone.server.flask.application
File "/var/lib/openstack/lib/python3.12/site-packages/sqlalchemy/orm/session.py", line 1315, in commit
[Sun Jun 28 11:12:44.764596 2026] [wsgi:error] [pid 9:tid 140100973205184] [remote 10.0.0.170:33228] 2026-06-28 11:12:44.749 9 ERROR keystone.server.flask.application self._prepare_impl()
[Sun Jun 28 11:12:44.764598 2026] [wsgi:error] [pid 9:tid 140100973205184] [remote 10.0.0.170:33228] 2026-06-28 11:12:44.749 9 ERROR keystone.server.flask.application File "", line 2, in _prepare_impl
[Sun Jun 28 11:12:44.764599 2026] [wsgi:error] [pid 9:tid 140100973205184] [remote 10.0.0.170:33228] 2026-06-28 11:12:44.749 9 ERROR keystone.server.flask.application
File "/var/lib/openstack/lib/python3.12/site-packages/sqlalchemy/orm/state_changes.py", line 137, in _go
[Sun Jun 28 11:12:44.764601 2026] [wsgi:error] [pid 9:tid 140100973205184] [remote 10.0.0.170:33228] 2026-06-28 11:12:44.749 9 ERROR keystone.server.flask.application ret_value = fn(self, *arg, **kw)
[Sun Jun 28 11:12:44.764603 2026] [wsgi:error] [pid 9:tid 140100973205184] [remote 10.0.0.170:33228] 2026-06-28 11:12:44.749 9 ERROR keystone.server.flask.application ^^^^^^^^^^^^^^^^^^^^
[Sun Jun 28 11:12:44.764604 2026] [wsgi:error] [pid 9:tid 140100973205184] [remote 10.0.0.170:33228] 2026-06-28 11:12:44.749 9 ERROR keystone.server.flask.application
File "/var/lib/openstack/lib/python3.12/site-packages/sqlalchemy/orm/session.py", line 1290, in _prepare_impl
[Sun Jun 28 11:12:44.764606 2026] [wsgi:error] [pid 9:tid 140100973205184] [remote 10.0.0.170:33228] 2026-06-28 11:12:44.749 9 ERROR keystone.server.flask.application self.session.flush()
[Sun Jun 28 11:12:44.764608 2026] [wsgi:error] [pid 9:tid 140100973205184] [remote 10.0.0.170:33228] 2026-06-28 11:12:44.749 9 ERROR keystone.server.flask.application
File "/var/lib/openstack/lib/python3.12/site-packages/sqlalchemy/orm/session.py", line 4352, in flush
[Sun Jun 28 11:12:44.764610 2026] [wsgi:error] [pid 9:tid 140100973205184] [remote 10.0.0.170:33228] 2026-06-28 11:12:44.749 9 ERROR keystone.server.flask.application self._flush(objects)
[Sun Jun 28 11:12:44.764611 2026] [wsgi:error] [pid 9:tid 140100973205184] [remote 10.0.0.170:33228] 2026-06-28 11:12:44.749 9 ERROR keystone.server.flask.application
File "/var/lib/openstack/lib/python3.12/site-packages/sqlalchemy/orm/session.py", line 4487, in _flush
[Sun Jun 28 11:12:44.764613 2026] [wsgi:error] [pid 9:tid 140100973205184] [remote 10.0.0.170:33228] 2026-06-28 11:12:44.749 9 ERROR keystone.server.flask.application with util.safe_reraise():
[Sun Jun 28 11:12:44.764633 2026] [wsgi:error] [pid 9:tid 140100973205184] [remote 10.0.0.170:33228] 2026-06-28 11:12:44.749 9 ERROR keystone.server.flask.application
File "/var/lib/openstack/lib/python3.12/site-packages/sqlalchemy/util/langhelpers.py", line 122, in __exit__
[Sun Jun 28 11:12:44.764635 2026] [wsgi:error] [pid 9:tid 140100973205184] [remote 10.0.0.170:33228] 2026-06-28 11:12:44.749 9 ERROR keystone.server.flask.application raise exc_value.with_traceback(exc_tb)
[Sun Jun 28 11:12:44.764637 2026] [wsgi:error] [pid 9:tid 140100973205184] [remote 10.0.0.170:33228] 2026-06-28 11:12:44.749 9 ERROR keystone.server.flask.application
File "/var/lib/openstack/lib/python3.12/site-packages/sqlalchemy/orm/session.py", line 4448, in _flush
[Sun Jun 28 11:12:44.764638 2026] [wsgi:error] [pid 9:tid 140100973205184] [remote 10.0.0.170:33228] 2026-06-28 11:12:44.749 9 ERROR keystone.server.flask.application flush_context.execute()
[Sun Jun 28 11:12:44.764640 2026] [wsgi:error] [pid 9:tid 140100973205184] [remote 10.0.0.170:33228] 2026-06-28 11:12:44.749 9 ERROR keystone.server.flask.application
File "/var/lib/openstack/lib/python3.12/site-packages/sqlalchemy/orm/unitofwork.py", line 465, in execute
