Mar 30 15:21:31.183011 np0000161237 devstack@neutron-api.service[102484]: DEBUG neutron.api.extensions [None req-2b55105d-7cc2-44cf-9730-c4569c52e727 None None] Loading extension file: __init__.py {{(pid=102484) _load_all_extensions_from_path /opt/stack/neutron/neutron/api/extensions.py:449}}
Mar 30 15:21:31.183069 np0000161237 devstack@neutron-api.service[102484]: DEBUG neutron.api.extensions [None req-2b55105d-7cc2-44cf-9730-c4569c52e727 None None] Loading extension file: __pycache__ {{(pid=102484) _load_all_extensions_from_path /opt/stack/neutron/neutron/api/extensions.py:449}}
Mar 30 15:21:31.183519 np0000161237 devstack@neutron-api.service[102484]: DEBUG neutron.api.extensions [None req-2b55105d-7cc2-44cf-9730-c4569c52e727 None None] Loading extension file: address_group.py {{(pid=102484) _load_all_extensions_from_path /opt/stack/neutron/neutron/api/extensions.py:449}}
Mar 30 15:21:31.183820 np0000161237 devstack@neutron-api.service[102484]: DEBUG neutron.api.extensions [None req-2b55105d-7cc2-44cf-9730-c4569c52e727 None None] Ext name="Address group" alias="address-group" description="Support address group" updated="2020-07-15T10:00:00-00:00" {{(pid=102484) _check_extension /opt/stack/neutron/neutron/api/extensions.py:415}}
Mar 30 15:21:31.184151 np0000161237 devstack@neutron-api.service[102484]: INFO neutron.api.extensions [None req-2b55105d-7cc2-44cf-9730-c4569c52e727 None None] Loaded extension: address-group
Mar 30 15:21:31.184289 np0000161237 devstack@neutron-api.service[102484]: DEBUG neutron.api.extensions [None req-2b55105d-7cc2-44cf-9730-c4569c52e727 None None] Loading extension file: address_scope.py {{(pid=102484) _load_all_extensions_from_path /opt/stack/neutron/neutron/api/extensions.py:449}}
Mar 30 15:21:31.184702 np0000161237 devstack@neutron-api.service[102484]: DEBUG neutron.api.extensions [None req-2b55105d-7cc2-44cf-9730-c4569c52e727 None None] Ext name="Address scope" alias="address-scope" description="Address scopes extension." updated="2015-07-26T10:00:00-00:00" {{(pid=102484) _check_extension /opt/stack/neutron/neutron/api/extensions.py:415}}
Mar 30 15:21:31.185004 np0000161237 devstack@neutron-api.service[102484]: INFO neutron.api.extensions [None req-2b55105d-7cc2-44cf-9730-c4569c52e727 None None] Loaded extension: address-scope
Mar 30 15:21:31.185100 np0000161237 devstack@neutron-api.service[102484]: DEBUG neutron.api.extensions [None req-2b55105d-7cc2-44cf-9730-c4569c52e727 None None] Loading extension file: admin_state_down_before_update.py {{(pid=102484) _load_all_extensions_from_path /opt/stack/neutron/neutron/api/extensions.py:449}}
Mar 30 15:21:31.185416 np0000161237 devstack@neutron-api.service[102484]: DEBUG neutron.api.extensions [None req-2b55105d-7cc2-44cf-9730-c4569c52e727 None None] Ext name="Enforce Router's Admin State Down Before Update Extension" alias="router-admin-state-down-before-update" description="Ensure that the admin state of a router is DOWN (admin_state_up=False) before updating the distributed attribute" updated="2019-07-02T15:56:00" {{(pid=102484) _check_extension /opt/stack/neutron/neutron/api/extensions.py:415}}
Mar 30 15:21:31.185653 np0000161237 devstack@neutron-api.service[102484]: INFO neutron.api.extensions [None req-2b55105d-7cc2-44cf-9730-c4569c52e727 None None] Extension router-admin-state-down-before-update not supported by any of loaded plugins
Mar 30 15:21:31.185784 np0000161237 devstack@neutron-api.service[102484]: DEBUG neutron.api.extensions [None req-2b55105d-7cc2-44cf-9730-c4569c52e727 None None] Loading extension file: agent.py {{(pid=102484) _load_all_extensions_from_path /opt/stack/neutron/neutron/api/extensions.py:449}}
Mar 30 15:21:31.186196 np0000161237 devstack@neutron-api.service[102484]: DEBUG neutron.api.extensions [None req-2b55105d-7cc2-44cf-9730-c4569c52e727 None None] Ext name="agent" alias="agent" description="The agent management extension." updated="2013-02-03T10:00:00-00:00" {{(pid=102484) _check_extension /opt/stack/neutron/neutron/api/extensions.py:415}}
Mar 30 15:21:31.186451 np0000161237 devstack@neutron-api.service[102484]: INFO neutron.api.extensions [None req-2b55105d-7cc2-44cf-9730-c4569c52e727 None None] Loaded extension: agent
Mar 30 15:21:31.186589 np0000161237 devstack@neutron-api.service[102484]: DEBUG neutron.api.extensions [None req-2b55105d-7cc2-44cf-9730-c4569c52e727 None None] Loading extension file: agent_resources_synced.py {{(pid=102484) _load_all_extensions_from_path /opt/stack/neutron/neutron/api/extensions.py:449}}
Mar 30 15:21:31.186924 np0000161237 devstack@neutron-api.service[102484]: DEBUG neutron.api.extensions [None req-2b55105d-7cc2-44cf-9730-c4569c52e727 None None] Ext name="Agent's Resource View Synced to Placement" alias="agent-resources-synced" description="Stores success/failure of last sync to Placement" updated="2018-12-19T00:00:00-00:00" {{(pid=102484) _check_extension /opt/stack/neutron/neutron/api/extensions.py:415}}
Mar 30 15:21:31.187146 np0000161237 devstack@neutron-api.service[102484]: INFO neutron.api.extensions [None req-2b55105d-7cc2-44cf-9730-c4569c52e727 None None] Extension agent-resources-synced not supported by any of loaded plugins
Mar 30 15:21:31.187241 np0000161237 devstack@neutron-api.service[102484]: DEBUG neutron.api.extensions [None req-2b55105d-7cc2-44cf-9730-c4569c52e727 None None] Loading extension file: allowedaddresspairs.py {{(pid=102484) _load_all_extensions_from_path /opt/stack/neutron/neutron/api/extensions.py:449}}
Mar 30 15:21:31.187949 np0000161237 devstack@neutron-api.service[102484]: DEBUG neutron.api.extensions [None req-2b55105d-7cc2-44cf-9730-c4569c52e727 None None] Ext name="Allowed Address Pairs" alias="allowed-address-pairs" description="Provides allowed address pairs" updated="2013-07-23T10:00:00-00:00" {{(pid=102484) _check_extension /opt/stack/neutron/neutron/api/extensions.py:415}}
Mar 30 15:21:31.188209 np0000161237 devstack@neutron-api.service[102484]: INFO neutron.api.extensions [None req-2b55105d-7cc2-44cf-9730-c4569c52e727 None None] Loaded extension: allowed-address-pairs
Mar 30 15:21:31.188209 np0000161237 devstack@neutron-api.service[102484]: DEBUG neutron.api.extensions [None req-2b55105d-7cc2-44cf-9730-c4569c52e727 None None] Loading extension file: auto_allocated_topology.py {{(pid=102484) _load_all_extensions_from_path /opt/stack/neutron/neutron/api/extensions.py:449}}
Mar 30 15:21:31.188534 np0000161237 devstack@neutron-api.service[102484]: DEBUG neutron.api.extensions [None req-2b55105d-7cc2-44cf-9730-c4569c52e727 None None] Ext name="Auto Allocated Topology Services" alias="auto-allocated-topology" description="Auto Allocated Topology Services." updated="2016-01-01T00:00:00-00:00" {{(pid=102484) _check_extension /opt/stack/neutron/neutron/api/extensions.py:415}}
Mar 30 15:21:31.188658 np0000161237 devstack@neutron-api.service[102484]: INFO neutron.api.extensions [None req-2b55105d-7cc2-44cf-9730-c4569c52e727 None None] Loaded extension: auto-allocated-topology
Mar 30 15:21:31.188734 np0000161237 devstack@neutron-api.service[102484]: DEBUG neutron.api.extensions [None req-2b55105d-7cc2-44cf-9730-c4569c52e727 None None] Loading extension file: availability_zone.py {{(pid=102484) _load_all_extensions_from_path /opt/stack/neutron/neutron/api/extensions.py:449}}
Mar 30 15:21:31.189027 np0000161237 devstack@neutron-api.service[102484]: DEBUG neutron.api.extensions [None req-2b55105d-7cc2-44cf-9730-c4569c52e727 None None] Ext name="Availability Zone" alias="availability_zone" description="The availability zone extension." updated="2015-01-01T10:00:00-00:00" {{(pid=102484) _check_extension /opt/stack/neutron/neutron/api/extensions.py:415}}
Mar 30 15:21:31.189190 np0000161237 devstack@neutron-api.service[102484]: INFO neutron.api.extensions [None req-2b55105d-7cc2-44cf-9730-c4569c52e727 None None] Loaded extension: availability_zone
Mar 30 15:21:31.189311 np0000161237 devstack@neutron-api.service[102484]: DEBUG neutron.api.extensions [None req-2b55105d-7cc2-44cf-9730-c4569c52e727 None None] Loading extension file: availability_zone_filter.py {{(pid=102484) _load_all_extensions_from_path /opt/stack/neutron/neutron/api/extensions.py:449}}
Mar 30 15:21:31.189517 np0000161237 devstack@neutron-api.service[102484]: DEBUG neutron.api.extensions [None req-2b55105d-7cc2-44cf-9730-c4569c52e727 None None] Ext name="Availability Zone Filter Extension" alias="availability_zone_filter" description="Add filter parameters to AvailabilityZone resource" updated="2018-06-22T10:00:00-00:00" {{(pid=102484) _check_extension /opt/stack/neutron/neutron/api/extensions.py:415}}
Mar 30 15:21:31.189689 np0000161237 devstack@neutron-api.service[102484]: INFO neutron.api.extensions [None req-2b55105d-7cc2-44cf-9730-c4569c52e727 None None] Extension availability_zone_filter not supported by any of loaded plugins
Mar 30 15:21:31.189777 np0000161237 devstack@neutron-api.service[102484]: DEBUG neutron.api.extensions [None req-2b55105d-7cc2-44cf-9730-c4569c52e727 None None] Loading extension file: data_plane_status.py {{(pid=102484) _load_all_extensions_from_path /opt/stack/neutron/neutron/api/extensions.py:449}}
Mar 30 15:21:31.190027 np0000161237 devstack@neutron-api.service[102484]: DEBUG neutron.api.extensions [None req-2b55105d-7cc2-44cf-9730-c4569c52e727 None None] Ext name="Port data plane status extension" alias="data-plane-status" description="Expose status of underlying data plane" updated="2017-01-24T10:00:00-00:00" {{(pid=102484) _check_extension /opt/stack/neutron/neutron/api/extensions.py:415}}
Mar 30 15:21:31.190211 np0000161237 devstack@neutron-api.service[102484]: INFO neutron.api.extensions [None req-2b55105d-7cc2-44cf-9730-c4569c52e727 None None] Extension data-plane-status not supported by any of loaded plugins
Mar 30 15:21:31.190307 np0000161237 devstack@neutron-api.service[102484]: DEBUG neutron.api.extensions [None req-2b55105d-7cc2-44cf-9730-c4569c52e727 None None] Loading extension file: default_subnetpools.py {{(pid=102484) _load_all_extensions_from_path /opt/stack/neutron/neutron/api/extensions.py:449}}
Mar 30 15:21:31.190585 np0000161237 devstack@neutron-api.service[102484]: DEBUG neutron.api.extensions [None req-2b55105d-7cc2-44cf-9730-c4569c52e727 None None] Ext name="Default Subnetpools" alias="default-subnetpools" description="Provides ability to mark and use a subnetpool as the default." updated="2016-02-18T18:00:00-00:00" {{(pid=102484) _check_extension /opt/stack/neutron/neutron/api/extensions.py:415}}
Mar 30 15:21:31.190757 np0000161237 devstack@neutron-api.service[102484]: INFO neutron.api.extensions [None req-2b55105d-7cc2-44cf-9730-c4569c52e727 None None] Loaded extension: default-subnetpools
Mar 30 15:21:31.190843 np0000161237 devstack@neutron-api.service[102484]: DEBUG neutron.api.extensions [None req-2b55105d-7cc2-44cf-9730-c4569c52e727 None None] Loading extension file: dhcpagentscheduler.py {{(pid=102484) _load_all_extensions_from_path /opt/stack/neutron/neutron/api/extensions.py:449}}
Mar 30 15:21:31.191243 np0000161237 devstack@neutron-api.service[102484]: DEBUG neutron.api.extensions [None req-2b55105d-7cc2-44cf-9730-c4569c52e727 None None] Ext name="DHCP Agent Scheduler" alias="dhcp_agent_scheduler" description="Schedule networks among dhcp agents" updated="2013-02-07T10:00:00-00:00" {{(pid=102484) _check_extension /opt/stack/neutron/neutron/api/extensions.py:415}}
Mar 30 15:21:31.191430 np0000161237 devstack@neutron-api.service[102484]: INFO neutron.api.extensions [None req-2b55105d-7cc2-44cf-9730-c4569c52e727 None None] Loaded extension: dhcp_agent_scheduler
Mar 30 15:21:31.191481 np0000161237 devstack@neutron-api.service[102484]: DEBUG neutron.api.extensions [None req-2b55105d-7cc2-44cf-9730-c4569c52e727 None None] Loading extension file: dns.py {{(pid=102484) _load_all_extensions_from_path /opt/stack/neutron/neutron/api/extensions.py:449}}
Mar 30 15:21:31.191722 np0000161237 devstack@neutron-api.service[102484]: DEBUG neutron.api.extensions [None req-2b55105d-7cc2-44cf-9730-c4569c52e727 None None] Ext name="DNS Integration" alias="dns-integration" description="Provides integration with DNS." updated="2015-08-15T18:00:00-00:00" {{(pid=102484) _check_extension /opt/stack/neutron/neutron/api/extensions.py:415}}
Mar 30 15:21:31.191952 np0000161237 devstack@neutron-api.service[102484]: INFO neutron.api.extensions [None req-2b55105d-7cc2-44cf-9730-c4569c52e727 None None] Loaded extension: dns-integration
Mar 30 15:21:31.192001 np0000161237 devstack@neutron-api.service[102484]: DEBUG neutron.api.extensions [None req-2b55105d-7cc2-44cf-9730-c4569c52e727 None None] Loading extension file: dns_domain_ports.py {{(pid=102484) _load_all_extensions_from_path /opt/stack/neutron/neutron/api/extensions.py:449}}
Mar 30 15:21:31.192228 np0000161237 devstack@neutron-api.service[102484]: DEBUG neutron.api.extensions [None req-2b55105d-7cc2-44cf-9730-c4569c52e727 None None] Ext name="dns_domain for ports" alias="dns-domain-ports" description="Allows the DNS domain to be specified for a network port." updated="2017-04-24T10:00:00-00:00" {{(pid=102484) _check_extension /opt/stack/neutron/neutron/api/extensions.py:415}}
Mar 30 15:21:31.192461 np0000161237 devstack@neutron-api.service[102484]: INFO neutron.api.extensions [None req-2b55105d-7cc2-44cf-9730-c4569c52e727 None None] Loaded extension: dns-domain-ports
Mar 30 15:21:31.192514 np0000161237 devstack@neutron-api.service[102484]: DEBUG neutron.api.extensions [None req-2b55105d-7cc2-44cf-9730-c4569c52e727 None None] Loading extension file: dns_integration_domain_keywords.py {{(pid=102484) _load_all_extensions_from_path /opt/stack/neutron/neutron/api/extensions.py:449}}
Mar 30 15:21:31.192761 np0000161237 devstack@neutron-api.service[102484]: DEBUG neutron.api.extensions [None req-2b55105d-7cc2-44cf-9730-c4569c52e727 None None] Ext name="DNS domain names with keywords allowed" alias="dns-integration-domain-keywords" description="Allows to use keywords like , , and as DNS domain name" updated="2020-06-15T18:00:00-00:00" {{(pid=102484) _check_extension /opt/stack/neutron/neutron/api/extensions.py:415}}
Mar 30 15:21:31.192972 np0000161237 devstack@neutron-api.service[102484]: INFO neutron.api.extensions [None req-2b55105d-7cc2-44cf-9730-c4569c52e727 None None] Loaded extension: dns-integration-domain-keywords
Mar 30 15:21:31.193002 np0000161237 devstack@neutron-api.service[102484]: DEBUG neutron.api.extensions [None req-2b55105d-7cc2-44cf-9730-c4569c52e727 None None] Loading extension file: dvr.py {{(pid=102484) _load_all_extensions_from_path /opt/stack/neutron/neutron/api/extensions.py:449}}
Mar 30 15:21:31.193289 np0000161237 devstack@neutron-api.service[102484]: DEBUG neutron.api.extensions [None req-2b55105d-7cc2-44cf-9730-c4569c52e727 None None] Ext name="Distributed Virtual Router" alias="dvr" description="Enables configuration of Distributed Virtual Routers." updated="2014-06-1T10:00:00-00:00" {{(pid=102484) _check_extension /opt/stack/neutron/neutron/api/extensions.py:415}}
Mar 30 15:21:31.193464 np0000161237 devstack@neutron-api.service[102484]: INFO neutron.api.extensions [None req-2b55105d-7cc2-44cf-9730-c4569c52e727 None None] Extension dvr not supported by any of loaded plugins
Mar 30 15:21:31.193515 np0000161237 devstack@neutron-api.service[102484]: DEBUG neutron.api.extensions [None req-2b55105d-7cc2-44cf-9730-c4569c52e727 None None] Loading extension file: ecmp_routes.py {{(pid=102484) _load_all_extensions_from_path /opt/stack/neutron/neutron/api/extensions.py:449}}
Mar 30 15:21:31.193770 np0000161237 devstack@neutron-api.service[102484]: DEBUG neutron.api.extensions [None req-2b55105d-7cc2-44cf-9730-c4569c52e727 None None] Ext name="Equal Cost Multipath Routing" alias="ecmp_routes" description="Allows traffic to reach thesame destination via multiple different links " updated="2020-11-26T18:00:00-00:00" {{(pid=102484) _check_extension /opt/stack/neutron/neutron/api/extensions.py:415}}
Mar 30 15:21:31.193973 np0000161237 devstack@neutron-api.service[102484]: INFO neutron.api.extensions [None req-2b55105d-7cc2-44cf-9730-c4569c52e727 None None] Extension ecmp_routes not supported by any of loaded plugins
Mar 30 15:21:31.194001 np0000161237 devstack@neutron-api.service[102484]: DEBUG neutron.api.extensions [None req-2b55105d-7cc2-44cf-9730-c4569c52e727 None None] Loading extension file: empty_string_filtering.py {{(pid=102484) _load_all_extensions_from_path /opt/stack/neutron/neutron/api/extensions.py:449}}
Mar 30 15:21:31.194273 np0000161237 devstack@neutron-api.service[102484]: DEBUG neutron.api.extensions [None req-2b55105d-7cc2-44cf-9730-c4569c52e727 None None] Ext name="Empty String Filtering Extension" alias="empty-string-filtering" description="Allow filtering by attributes with empty string value" updated="2018-05-01T10:00:00-00:00" {{(pid=102484) _check_extension /opt/stack/neutron/neutron/api/extensions.py:415}}
Mar 30 15:21:31.194418 np0000161237 devstack@neutron-api.service[102484]: INFO neutron.api.extensions [None req-2b55105d-7cc2-44cf-9730-c4569c52e727 None None] Loaded extension: empty-string-filtering
Mar 30 15:21:31.194541 np0000161237 devstack@neutron-api.service[102484]: DEBUG neutron.api.extensions [None req-2b55105d-7cc2-44cf-9730-c4569c52e727 None None] Loading extension file: expose_l3_conntrack_helper.py {{(pid=102484) _load_all_extensions_from_path /opt/stack/neutron/neutron/api/extensions.py:449}}
Mar 30 15:21:31.194741 np0000161237 devstack@neutron-api.service[102484]: DEBUG neutron.api.extensions [None req-2b55105d-7cc2-44cf-9730-c4569c52e727 None None] Ext name="Expose CT target rules for conntrack helper" alias="expose-l3-conntrack-helper" description="Expose allow adding CT target rules for conntrack helper" updated="2019-04-04T10:00:00-00:00" {{(pid=102484) _check_extension /opt/stack/neutron/neutron/api/extensions.py:415}}
Mar 30 15:21:31.194941 np0000161237 devstack@neutron-api.service[102484]: INFO neutron.api.extensions [None req-2b55105d-7cc2-44cf-9730-c4569c52e727 None None] Extension expose-l3-conntrack-helper not supported by any of loaded plugins
Mar 30 15:21:31.194979 np0000161237 devstack@neutron-api.service[102484]: DEBUG neutron.api.extensions [None req-2b55105d-7cc2-44cf-9730-c4569c52e727 None None] Loading extension file: expose_port_forwarding_in_fip.py {{(pid=102484) _load_all_extensions_from_path /opt/stack/neutron/neutron/api/extensions.py:449}}
Mar 30 15:21:31.195240 np0000161237 devstack@neutron-api.service[102484]: DEBUG neutron.api.extensions [None req-2b55105d-7cc2-44cf-9730-c4569c52e727 None None] Ext name="Expose Floating IP port forwardings" alias="expose-port-forwarding-in-fip" description="Expose port forwarding fields in floating IP response" updated="2018-06-28T16:00:00-00:00" {{(pid=102484) _check_extension /opt/stack/neutron/neutron/api/extensions.py:415}}
Mar 30 15:21:31.195438 np0000161237 devstack@neutron-api.service[102484]: INFO neutron.api.extensions [None req-2b55105d-7cc2-44cf-9730-c4569c52e727 None None] Extension expose-port-forwarding-in-fip not supported by any of loaded plugins
Mar 30 15:21:31.195555 np0000161237 devstack@neutron-api.service[102484]: DEBUG neutron.api.extensions [None req-2b55105d-7cc2-44cf-9730-c4569c52e727 None None] Loading extension file: external_net.py {{(pid=102484) _load_all_extensions_from_path /opt/stack/neutron/neutron/api/extensions.py:449}}
Mar 30 15:21:31.195756 np0000161237 devstack@neutron-api.service[102484]: DEBUG neutron.api.extensions [None req-2b55105d-7cc2-44cf-9730-c4569c52e727 None None] Ext name="Neutron external network" alias="external-net" description="Adds external network attribute to network resource." updated="2013-01-14T10:00:00-00:00" {{(pid=102484) _check_extension /opt/stack/neutron/neutron/api/extensions.py:415}}
Mar 30 15:21:31.195959 np0000161237 devstack@neutron-api.service[102484]: INFO neutron.api.extensions [None req-2b55105d-7cc2-44cf-9730-c4569c52e727 None None] Loaded extension: external-net
Mar 30 15:21:31.196002 np0000161237 devstack@neutron-api.service[102484]: DEBUG neutron.api.extensions [None req-2b55105d-7cc2-44cf-9730-c4569c52e727 None None] Loading extension file: extra_dhcp_opt.py {{(pid=102484) _load_all_extensions_from_path /opt/stack/neutron/neutron/api/extensions.py:449}}
Mar 30 15:21:31.196269 np0000161237 devstack@neutron-api.service[102484]: DEBUG neutron.api.extensions [None req-2b55105d-7cc2-44cf-9730-c4569c52e727 None None] Ext name="Neutron Extra DHCP options" alias="extra_dhcp_opt" description="Extra options configuration for DHCP. For example PXE boot options to DHCP clients can be specified (e.g. tftp-server, server-ip-address, bootfile-name)" updated="2013-03-17T12:00:00-00:00" {{(pid=102484) _check_extension /opt/stack/neutron/neutron/api/extensions.py:415}}
Mar 30 15:21:31.196417 np0000161237 devstack@neutron-api.service[102484]: INFO neutron.api.extensions [None req-2b55105d-7cc2-44cf-9730-c4569c52e727 None None] Loaded extension: extra_dhcp_opt
Mar 30 15:21:31.196483 np0000161237 devstack@neutron-api.service[102484]: DEBUG neutron.api.extensions [None req-2b55105d-7cc2-44cf-9730-c4569c52e727 None None] Loading extension file: extraroute.py {{(pid=102484) _load_all_extensions_from_path /opt/stack/neutron/neutron/api/extensions.py:449}}
Mar 30 15:21:31.196720 np0000161237 devstack@neutron-api.service[102484]: DEBUG neutron.api.extensions [None req-2b55105d-7cc2-44cf-9730-c4569c52e727 None None] Ext name="Neutron Extra Route" alias="extraroute" description="Extra routes configuration for L3 router" updated="2013-02-01T10:00:00-00:00" {{(pid=102484) _check_extension /opt/stack/neutron/neutron/api/extensions.py:415}}
Mar 30 15:21:31.196886 np0000161237 devstack@neutron-api.service[102484]: INFO neutron.api.extensions [None req-2b55105d-7cc2-44cf-9730-c4569c52e727 None None] Loaded extension: extraroute
Mar 30 15:21:31.196972 np0000161237 devstack@neutron-api.service[102484]: DEBUG neutron.api.extensions [None req-2b55105d-7cc2-44cf-9730-c4569c52e727 None None] Loading extension file: extraroute_atomic.py {{(pid=102484) _load_all_extensions_from_path /opt/stack/neutron/neutron/api/extensions.py:449}}
Mar 30 15:21:31.197209 np0000161237 devstack@neutron-api.service[102484]: DEBUG neutron.api.extensions [None req-2b55105d-7cc2-44cf-9730-c4569c52e727 None None] Ext name="Atomically add/remove extra routes" alias="extraroute-atomic" description="Edit extra routes of a router on server side by atomically adding/removing extra routes" updated="2019-07-10T00:00:00+00:00" {{(pid=102484) _check_extension /opt/stack/neutron/neutron/api/extensions.py:415}}
Mar 30 15:21:31.197370 np0000161237 devstack@neutron-api.service[102484]: INFO neutron.api.extensions [None req-2b55105d-7cc2-44cf-9730-c4569c52e727 None None] Loaded extension: extraroute-atomic
Mar 30 15:21:31.197468 np0000161237 devstack@neutron-api.service[102484]: DEBUG neutron.api.extensions [None req-2b55105d-7cc2-44cf-9730-c4569c52e727 None None] Loading extension file: filter_validation.py {{(pid=102484) _load_all_extensions_from_path /opt/stack/neutron/neutron/api/extensions.py:449}}
Mar 30 15:21:31.197711 np0000161237 devstack@neutron-api.service[102484]: DEBUG neutron.api.extensions [None req-2b55105d-7cc2-44cf-9730-c4569c52e727 None None] Ext name="Filter parameters validation" alias="filter-validation" description="Provides validation on filter parameters." updated="2018-07-04T10:00:00-00:00" {{(pid=102484) _check_extension /opt/stack/neutron/neutron/api/extensions.py:415}}
Mar 30 15:21:31.197927 np0000161237 devstack@neutron-api.service[102484]: INFO neutron.api.extensions [None req-2b55105d-7cc2-44cf-9730-c4569c52e727 None None] Loaded extension: filter-validation
Mar 30 15:21:31.198002 np0000161237 devstack@neutron-api.service[102484]: DEBUG neutron.api.extensions [None req-2b55105d-7cc2-44cf-9730-c4569c52e727 None None] Loading extension file: fip_pf_description.py {{(pid=102484) _load_all_extensions_from_path /opt/stack/neutron/neutron/api/extensions.py:449}}
Mar 30 15:21:31.198220 np0000161237 devstack@neutron-api.service[102484]: DEBUG neutron.api.extensions [None req-2b55105d-7cc2-44cf-9730-c4569c52e727 None None] Ext name="Floating IP Port Forwarding new attribute description" alias="floating-ip-port-forwarding-description" description="Add a description field to Port Forwarding rules" updated="2019-11-01T10:00:00-00:00" {{(pid=102484) _check_extension /opt/stack/neutron/neutron/api/extensions.py:415}}
Mar 30 15:21:31.198492 np0000161237 devstack@neutron-api.service[102484]: INFO neutron.api.extensions [None req-2b55105d-7cc2-44cf-9730-c4569c52e727 None None] Extension floating-ip-port-forwarding-description not supported by any of loaded plugins
Mar 30 15:21:31.198492 np0000161237 devstack@neutron-api.service[102484]: DEBUG neutron.api.extensions [None req-2b55105d-7cc2-44cf-9730-c4569c52e727 None None] Loading extension file: fip_pf_detail.py {{(pid=102484) _load_all_extensions_from_path /opt/stack/neutron/neutron/api/extensions.py:449}}
Mar 30 15:21:31.198755 np0000161237 devstack@neutron-api.service[102484]: DEBUG neutron.api.extensions [None req-2b55105d-7cc2-44cf-9730-c4569c52e727 None None] Ext name="Floating IP port forwarding detail" alias="floating-ip-port-forwarding-detail" description="Allow list floating ip return more port forwarding data, include'id' and 'internal_port_id'" updated="2022-05-06T10:00:00-00:00" {{(pid=102484) _check_extension /opt/stack/neutron/neutron/api/extensions.py:415}}
Mar 30 15:21:31.198949 np0000161237 devstack@neutron-api.service[102484]: INFO neutron.api.extensions [None req-2b55105d-7cc2-44cf-9730-c4569c52e727 None None] Loaded extension: floating-ip-port-forwarding-detail
Mar 30 15:21:31.198949 np0000161237 devstack@neutron-api.service[102484]: DEBUG neutron.api.extensions [None req-2b55105d-7cc2-44cf-9730-c4569c52e727 None None] Loading extension file: fip_pf_port_range.py {{(pid=102484) _load_all_extensions_from_path /opt/stack/neutron/neutron/api/extensions.py:449}}
Mar 30 15:21:31.199224 np0000161237 devstack@neutron-api.service[102484]: DEBUG neutron.api.extensions [None req-2b55105d-7cc2-44cf-9730-c4569c52e727 None None] Ext name="Floating IP Port Forwarding support port ranges" alias="floating-ip-port-forwarding-port-ranges" description="Add support to port ranges" updated="2020-07-01T10:00:00-00:00" {{(pid=102484) _check_extension /opt/stack/neutron/neutron/api/extensions.py:415}}
Mar 30 15:21:31.199431 np0000161237 devstack@neutron-api.service[102484]: INFO neutron.api.extensions [None req-2b55105d-7cc2-44cf-9730-c4569c52e727 None None] Extension floating-ip-port-forwarding-port-ranges not supported by any of loaded plugins
Mar 30 15:21:31.199543 np0000161237 devstack@neutron-api.service[102484]: DEBUG neutron.api.extensions [None req-2b55105d-7cc2-44cf-9730-c4569c52e727 None None] Loading extension file: fip_port_details.py {{(pid=102484) _load_all_extensions_from_path /opt/stack/neutron/neutron/api/extensions.py:449}}
Mar 30 15:21:31.199724 np0000161237 devstack@neutron-api.service[102484]: DEBUG neutron.api.extensions [None req-2b55105d-7cc2-44cf-9730-c4569c52e727 None None] Ext name="Floating IP Port Details Extension" alias="fip-port-details" description="Add port_details attribute to Floating IP resource" updated="2018-04-09T10:00:00-00:00" {{(pid=102484) _check_extension /opt/stack/neutron/neutron/api/extensions.py:415}}
Mar 30 15:21:31.200472 np0000161237 devstack@neutron-api.service[102487]: INFO neutron.plugins.ml2.drivers.type_vlan [None req-49b7ae03-6529-4d77-874e-fc357ea58ff8 None None] VlanTypeDriver initialization complete
Mar 30 15:21:31.200823 np0000161237 devstack@neutron-api.service[102487]: INFO neutron.plugins.ml2.managers [None req-49b7ae03-6529-4d77-874e-fc357ea58ff8 None None] Initializing extension driver 'port_security'
Mar 30 15:21:31.200823 np0000161237 devstack@neutron-api.service[102487]: INFO neutron.plugins.ml2.extensions.port_security [None req-49b7ae03-6529-4d77-874e-fc357ea58ff8 None None] PortSecurityExtensionDriver initialization complete
Mar 30 15:21:31.200823 np0000161237 devstack@neutron-api.service[102487]: INFO neutron.plugins.ml2.managers [None req-49b7ae03-6529-4d77-874e-fc357ea58ff8 None None] Initializing extension driver 'qos'
Mar 30 15:21:31.201064 np0000161237 devstack@neutron-api.service[102484]: INFO neutron.api.extensions [None req-2b55105d-7cc2-44cf-9730-c4569c52e727 None None] Loaded extension: fip-port-details
Mar 30 15:21:31.201145 np0000161237 devstack@neutron-api.service[102487]: DEBUG neutron.plugins.ml2.extensions.qos [None req-49b7ae03-6529-4d77-874e-fc357ea58ff8 None None] QosExtensionDriver initialization complete {{(pid=102487) initialize /opt/stack/neutron/neutron/plugins/ml2/extensions/qos.py:31}}
Mar 30 15:21:31.201173 np0000161237 devstack@neutron-api.service[102484]: DEBUG neutron.api.extensions [None req-2b55105d-7cc2-44cf-9730-c4569c52e727 None None] Loading extension file: flavors.py {{(pid=102484) _load_all_extensions_from_path /opt/stack/neutron/neutron/api/extensions.py:449}}
Mar 30 15:21:31.201223 np0000161237 devstack@neutron-api.service[102487]: INFO neutron.plugins.ml2.managers [None req-49b7ae03-6529-4d77-874e-fc357ea58ff8 None None] Initializing mechanism driver 'ovn'
Mar 30 15:21:31.201223 np0000161237 devstack@neutron-api.service[102487]: INFO neutron.plugins.ml2.drivers.ovn.mech_driver.mech_driver [None req-49b7ae03-6529-4d77-874e-fc357ea58ff8 None None] Starting OVNMechanismDriver
Mar 30 15:21:31.201273 np0000161237 devstack@neutron-api.service[102484]: DEBUG neutron.api.extensions [None req-2b55105d-7cc2-44cf-9730-c4569c52e727 None None] Ext name="Neutron Service Flavors" alias="flavors" description="Flavor specification for Neutron advanced services." updated="2015-09-17T10:00:00-00:00" {{(pid=102484) _check_extension /opt/stack/neutron/neutron/api/extensions.py:415}}
Mar 30 15:21:31.201323 np0000161237 devstack@neutron-api.service[102484]: INFO neutron.api.extensions [None req-2b55105d-7cc2-44cf-9730-c4569c52e727 None None] Loaded extension: flavors
Mar 30 15:21:31.201504 np0000161237 devstack@neutron-api.service[102484]: DEBUG neutron.api.extensions [None req-2b55105d-7cc2-44cf-9730-c4569c52e727 None None] Loading extension file: floating_ip_port_forwarding.py {{(pid=102484) _load_all_extensions_from_path /opt/stack/neutron/neutron/api/extensions.py:449}}
Mar 30 15:21:31.201812 np0000161237 devstack@neutron-api.service[102484]: DEBUG neutron.api.extensions [None req-2b55105d-7cc2-44cf-9730-c4569c52e727 None None] Ext name="Floating IP Port Forwarding" alias="floating-ip-port-forwarding" description="Allow port forwarding from floating IP port to an internal port" updated="2018-01-19T10:00:00-00:00" {{(pid=102484) _check_extension /opt/stack/neutron/neutron/api/extensions.py:415}}
Mar 30 15:21:31.202016 np0000161237 devstack@neutron-api.service[102484]: INFO neutron.api.extensions [None req-2b55105d-7cc2-44cf-9730-c4569c52e727 None None] Extension floating-ip-port-forwarding not supported by any of loaded plugins
Mar 30 15:21:31.202016 np0000161237 devstack@neutron-api.service[102484]: DEBUG neutron.api.extensions [None req-2b55105d-7cc2-44cf-9730-c4569c52e727 None None] Loading extension file: floatingip_pools.py {{(pid=102484) _load_all_extensions_from_path /opt/stack/neutron/neutron/api/extensions.py:449}}
Mar 30 15:21:31.202261 np0000161237 devstack@neutron-api.service[102484]: DEBUG neutron.api.extensions [None req-2b55105d-7cc2-44cf-9730-c4569c52e727 None None] Ext name="Floating IP Pools Extension" alias="floatingip-pools" description="Provides a floating IP pools API." updated="2018-03-21T10:00:00-00:00" {{(pid=102484) _check_extension /opt/stack/neutron/neutron/api/extensions.py:415}}
Mar 30 15:21:31.202442 np0000161237 devstack@neutron-api.service[102484]: INFO neutron.api.extensions [None req-2b55105d-7cc2-44cf-9730-c4569c52e727 None None] Loaded extension: floatingip-pools
Mar 30 15:21:31.202597 np0000161237 devstack@neutron-api.service[102484]: DEBUG neutron.api.extensions [None req-2b55105d-7cc2-44cf-9730-c4569c52e727 None None] Loading extension file: ip_allocation.py {{(pid=102484) _load_all_extensions_from_path /opt/stack/neutron/neutron/api/extensions.py:449}}
Mar 30 15:21:31.202643 np0000161237 devstack@neutron-api.service[102487]: DEBUG neutron_lib.callbacks.manager [None req-49b7ae03-6529-4d77-874e-fc357ea58ff8 None None] Subscribe: > process before_spawn 55550000, False {{(pid=102487) subscribe /opt/stack/data/venv/lib/python3.12/site-packages/neutron_lib/callbacks/manager.py:52}}
Mar 30 15:21:31.202776 np0000161237 devstack@neutron-api.service[102487]: DEBUG neutron_lib.callbacks.manager [None req-49b7ae03-6529-4d77-874e-fc357ea58ff8 None None] Subscribe: > process after_init 55550000, True {{(pid=102487) subscribe /opt/stack/data/venv/lib/python3.12/site-packages/neutron_lib/callbacks/manager.py:52}}
Mar 30 15:21:31.202890 np0000161237 devstack@neutron-api.service[102484]: DEBUG neutron.api.extensions [None req-2b55105d-7cc2-44cf-9730-c4569c52e727 None None] Ext name="IP Allocation" alias="ip_allocation" description="IP allocation extension." updated="2016-06-10T23:00:00-00:00" {{(pid=102484) _check_extension /opt/stack/neutron/neutron/api/extensions.py:415}}
Mar 30 15:21:31.203040 np0000161237 devstack@neutron-api.service[102487]: DEBUG neutron_lib.callbacks.manager [None req-49b7ae03-6529-4d77-874e-fc357ea58ff8 None None] Subscribe: > segment after_create 55550000, False {{(pid=102487) subscribe /opt/stack/data/venv/lib/python3.12/site-packages/neutron_lib/callbacks/manager.py:52}}
Mar 30 15:21:31.203040 np0000161237 devstack@neutron-api.service[102487]: DEBUG neutron_lib.callbacks.manager [None req-49b7ae03-6529-4d77-874e-fc357ea58ff8 None None] Subscribe: > segment after_create 55550000, False {{(pid=102487) subscribe /opt/stack/data/venv/lib/python3.12/site-packages/neutron_lib/callbacks/manager.py:52}}
Mar 30 15:21:31.203243 np0000161237 devstack@neutron-api.service[102484]: INFO neutron.api.extensions [None req-2b55105d-7cc2-44cf-9730-c4569c52e727 None None] Extension ip_allocation not supported by any of loaded plugins
Mar 30 15:21:31.203393 np0000161237 devstack@neutron-api.service[102487]: DEBUG neutron_lib.callbacks.manager [None req-49b7ae03-6529-4d77-874e-fc357ea58ff8 None None] Subscribe: > segment after_delete 55550000, False {{(pid=102487) subscribe /opt/stack/data/venv/lib/python3.12/site-packages/neutron_lib/callbacks/manager.py:52}}
Mar 30 15:21:31.203508 np0000161237 devstack@neutron-api.service[102484]: DEBUG neutron.api.extensions [None req-2b55105d-7cc2-44cf-9730-c4569c52e727 None None] Loading extension file: ip_substring_port_filtering.py {{(pid=102484) _load_all_extensions_from_path /opt/stack/neutron/neutron/api/extensions.py:449}}
Mar 30 15:21:31.203678 np0000161237 devstack@neutron-api.service[102487]: DEBUG neutron_lib.callbacks.manager [None req-49b7ae03-6529-4d77-874e-fc357ea58ff8 None None] Subscribe: > allowed_address_pair before_create 55550000, False {{(pid=102487) subscribe /opt/stack/data/venv/lib/python3.12/site-packages/neutron_lib/callbacks/manager.py:52}}
Mar 30 15:21:31.203678 np0000161237 devstack@neutron-api.service[102487]: DEBUG neutron_lib.callbacks.manager [None req-49b7ae03-6529-4d77-874e-fc357ea58ff8 None None] Subscribe: > security_group precommit_create 55550000, False {{(pid=102487) subscribe /opt/stack/data/venv/lib/python3.12/site-packages/neutron_lib/callbacks/manager.py:52}}
Mar 30 15:21:31.203952 np0000161237 devstack@neutron-api.service[102484]: DEBUG neutron.api.extensions [None req-2b55105d-7cc2-44cf-9730-c4569c52e727 None None] Ext name="IP address substring filtering" alias="ip-substring-filtering" description="Provides IP address substring filtering when listing ports" updated="2017-11-28T09:00:00-00:00" {{(pid=102484) _check_extension /opt/stack/neutron/neutron/api/extensions.py:415}}
Mar 30 15:21:31.204084 np0000161237 devstack@neutron-api.service[102487]: DEBUG neutron_lib.callbacks.manager [None req-49b7ae03-6529-4d77-874e-fc357ea58ff8 None None] Subscribe: > security_group after_update 55550000, False {{(pid=102487) subscribe /opt/stack/data/venv/lib/python3.12/site-packages/neutron_lib/callbacks/manager.py:52}}
Mar 30 15:21:31.204084 np0000161237 devstack@neutron-api.service[102487]: DEBUG neutron_lib.callbacks.manager [None req-49b7ae03-6529-4d77-874e-fc357ea58ff8 None None] Subscribe: > security_group after_create 55550000, False {{(pid=102487) subscribe /opt/stack/data/venv/lib/python3.12/site-packages/neutron_lib/callbacks/manager.py:52}}
Mar 30 15:21:31.204189 np0000161237 devstack@neutron-api.service[102484]: INFO neutron.api.extensions [None req-2b55105d-7cc2-44cf-9730-c4569c52e727 None None] Extension ip-substring-filtering not supported by any of loaded plugins
Mar 30 15:21:31.204214 np0000161237 devstack@neutron-api.service[102487]: DEBUG neutron_lib.callbacks.manager [None req-49b7ae03-6529-4d77-874e-fc357ea58ff8 None None] Subscribe: > security_group precommit_delete 55550000, False {{(pid=102487) subscribe /opt/stack/data/venv/lib/python3.12/site-packages/neutron_lib/callbacks/manager.py:52}}
Mar 30 15:21:31.204243 np0000161237 devstack@neutron-api.service[102484]: DEBUG neutron.api.extensions [None req-2b55105d-7cc2-44cf-9730-c4569c52e727 None None] Loading extension file: l2_adjacency.py {{(pid=102484) _load_all_extensions_from_path /opt/stack/neutron/neutron/api/extensions.py:449}}
Mar 30 15:21:31.204304 np0000161237 devstack@neutron-api.service[102487]: DEBUG neutron_lib.callbacks.manager [None req-49b7ae03-6529-4d77-874e-fc357ea58ff8 None None] Subscribe: > security_group after_delete 55550000, False {{(pid=102487) subscribe /opt/stack/data/venv/lib/python3.12/site-packages/neutron_lib/callbacks/manager.py:52}}
Mar 30 15:21:31.204304 np0000161237 devstack@neutron-api.service[102487]: DEBUG neutron_lib.callbacks.manager [None req-49b7ae03-6529-4d77-874e-fc357ea58ff8 None None] Subscribe: > security_group_rule precommit_create 55550000, False {{(pid=102487) subscribe /opt/stack/data/venv/lib/python3.12/site-packages/neutron_lib/callbacks/manager.py:52}}
Mar 30 15:21:31.204393 np0000161237 devstack@neutron-api.service[102484]: DEBUG neutron.api.extensions [None req-2b55105d-7cc2-44cf-9730-c4569c52e727 None None] Ext name="L2 Adjacency" alias="l2_adjacency" description="Display L2 Adjacency for Neutron Networks." updated="2016-04-12T16:00:00-00:00" {{(pid=102484) _check_extension /opt/stack/neutron/neutron/api/extensions.py:415}}
Mar 30 15:21:31.204451 np0000161237 devstack@neutron-api.service[102487]: DEBUG neutron_lib.callbacks.manager [None req-49b7ae03-6529-4d77-874e-fc357ea58ff8 None None] Subscribe: > security_group_rule after_create 55550000, False {{(pid=102487) subscribe /opt/stack/data/venv/lib/python3.12/site-packages/neutron_lib/callbacks/manager.py:52}}
Mar 30 15:21:31.204451 np0000161237 devstack@neutron-api.service[102487]: DEBUG neutron_lib.callbacks.manager [None req-49b7ae03-6529-4d77-874e-fc357ea58ff8 None None] Subscribe: > security_group_rule before_delete 55550000, False {{(pid=102487) subscribe /opt/stack/data/venv/lib/python3.12/site-packages/neutron_lib/callbacks/manager.py:52}}
Mar 30 15:21:31.204532 np0000161237 devstack@neutron-api.service[102484]: INFO neutron.api.extensions [None req-2b55105d-7cc2-44cf-9730-c4569c52e727 None None] Extension l2_adjacency not supported by any of loaded plugins
Mar 30 15:21:31.204532 np0000161237 devstack@neutron-api.service[102484]: DEBUG neutron.api.extensions [None req-2b55105d-7cc2-44cf-9730-c4569c52e727 None None] Loading extension file: l3.py {{(pid=102484) _load_all_extensions_from_path /opt/stack/neutron/neutron/api/extensions.py:449}}
Mar 30 15:21:31.204584 np0000161237 devstack@neutron-api.service[102487]: DEBUG neutron_lib.callbacks.manager [None req-49b7ae03-6529-4d77-874e-fc357ea58ff8 None None] Subscribe: > address_group after_create 55550000, False {{(pid=102487) subscribe /opt/stack/data/venv/lib/python3.12/site-packages/neutron_lib/callbacks/manager.py:52}}
Mar 30 15:21:31.204584 np0000161237 devstack@neutron-api.service[102487]: DEBUG neutron_lib.callbacks.manager [None req-49b7ae03-6529-4d77-874e-fc357ea58ff8 None None] Subscribe: > address_group after_update 55550000, False {{(pid=102487) subscribe /opt/stack/data/venv/lib/python3.12/site-packages/neutron_lib/callbacks/manager.py:52}}
Mar 30 15:21:31.204584 np0000161237 devstack@neutron-api.service[102487]: DEBUG neutron_lib.callbacks.manager [None req-49b7ae03-6529-4d77-874e-fc357ea58ff8 None None] Subscribe: > address_group after_delete 55550000, False {{(pid=102487) subscribe /opt/stack/data/venv/lib/python3.12/site-packages/neutron_lib/callbacks/manager.py:52}}
Mar 30 15:21:31.204584 np0000161237 devstack@neutron-api.service[102487]: DEBUG neutron_lib.callbacks.manager [None req-49b7ae03-6529-4d77-874e-fc357ea58ff8 None None] Subscribe: > qos_plugin after_init 55550000, False {{(pid=102487) subscribe /opt/stack/data/venv/lib/python3.12/site-packages/neutron_lib/callbacks/manager.py:52}}
Mar 30 15:21:31.204740 np0000161237 devstack@neutron-api.service[102484]: DEBUG neutron.api.extensions [None req-2b55105d-7cc2-44cf-9730-c4569c52e727 None None] Ext name="Neutron L3 Router" alias="router" description="Router abstraction for basic L3 forwarding between L2 Neutron networks and access to external networks via a NAT gateway." updated="2012-07-20T10:00:00-00:00" {{(pid=102484) _check_extension /opt/stack/neutron/neutron/api/extensions.py:415}}
Mar 30 15:21:31.204774 np0000161237 devstack@neutron-api.service[102487]: DEBUG neutron_lib.callbacks.manager [None req-49b7ae03-6529-4d77-874e-fc357ea58ff8 None None] Subscribe: > trunk_plugin after_init 55550000, False {{(pid=102487) subscribe /opt/stack/data/venv/lib/python3.12/site-packages/neutron_lib/callbacks/manager.py:52}}
Mar 30 15:21:31.204801 np0000161237 devstack@neutron-api.service[102484]: INFO neutron.api.extensions [None req-2b55105d-7cc2-44cf-9730-c4569c52e727 None None] Loaded extension: router
Mar 30 15:21:31.204801 np0000161237 devstack@neutron-api.service[102484]: DEBUG neutron.api.extensions [None req-2b55105d-7cc2-44cf-9730-c4569c52e727 None None] Loading extension file: l3_conntrack_helper.py {{(pid=102484) _load_all_extensions_from_path /opt/stack/neutron/neutron/api/extensions.py:449}}
Mar 30 15:21:31.204846 np0000161237 devstack@neutron-api.service[102487]: DEBUG neutron_lib.callbacks.manager [None req-49b7ae03-6529-4d77-874e-fc357ea58ff8 None None] Subscribe: > logging-plugin after_init 55550000, False {{(pid=102487) subscribe /opt/stack/data/venv/lib/python3.12/site-packages/neutron_lib/callbacks/manager.py:52}}
Mar 30 15:21:31.205269 np0000161237 devstack@neutron-api.service[102487]: INFO neutron.services.logapi.drivers.ovn.driver [None req-49b7ae03-6529-4d77-874e-fc357ea58ff8 None None] OVN logging driver registered
Mar 30 15:21:31.205386 np0000161237 devstack@neutron-api.service[102484]: DEBUG neutron.api.extensions [None req-2b55105d-7cc2-44cf-9730-c4569c52e727 None None] Ext name="L3 Conntrack helper" alias="l3-conntrack-helper" description="Allow adding CT target rules for conntrack helper" updated="2019-04-04T10:00:00-00:00" {{(pid=102484) _check_extension /opt/stack/neutron/neutron/api/extensions.py:415}}
Mar 30 15:21:31.205542 np0000161237 devstack@neutron-api.service[102484]: INFO neutron.api.extensions [None req-2b55105d-7cc2-44cf-9730-c4569c52e727 None None] Extension l3-conntrack-helper not supported by any of loaded plugins
Mar 30 15:21:31.205658 np0000161237 devstack@neutron-api.service[102484]: DEBUG neutron.api.extensions [None req-2b55105d-7cc2-44cf-9730-c4569c52e727 None None] Loading extension file: l3_enable_default_route_bfd.py {{(pid=102484) _load_all_extensions_from_path /opt/stack/neutron/neutron/api/extensions.py:449}}
Mar 30 15:21:31.205874 np0000161237 devstack@neutron-api.service[102484]: DEBUG neutron.api.extensions [None req-2b55105d-7cc2-44cf-9730-c4569c52e727 None None] Ext name="Enable Default Route BFD" alias="enable-default-route-bfd" description="Enables configurable BFD behavior for default routes" updated="2023-02-27T00:00:00-00:00" {{(pid=102484) _check_extension /opt/stack/neutron/neutron/api/extensions.py:415}}
Mar 30 15:21:31.206066 np0000161237 devstack@neutron-api.service[102484]: INFO neutron.api.extensions [None req-2b55105d-7cc2-44cf-9730-c4569c52e727 None None] Loaded extension: enable-default-route-bfd
Mar 30 15:21:31.206144 np0000161237 devstack@neutron-api.service[102484]: DEBUG neutron.api.extensions [None req-2b55105d-7cc2-44cf-9730-c4569c52e727 None None] Loading extension file: l3_enable_default_route_ecmp.py {{(pid=102484) _load_all_extensions_from_path /opt/stack/neutron/neutron/api/extensions.py:449}}
Mar 30 15:21:31.206385 np0000161237 devstack@neutron-api.service[102484]: DEBUG neutron.api.extensions [None req-2b55105d-7cc2-44cf-9730-c4569c52e727 None None] Ext name="Enable Default Route ECMP" alias="enable-default-route-ecmp" description="Enables configurable ECMP behavior for default routes" updated="2023-02-27T00:00:00-00:00" {{(pid=102484) _check_extension /opt/stack/neutron/neutron/api/extensions.py:415}}
Mar 30 15:21:31.206555 np0000161237 devstack@neutron-api.service[102484]: INFO neutron.api.extensions [None req-2b55105d-7cc2-44cf-9730-c4569c52e727 None None] Loaded extension: enable-default-route-ecmp
Mar 30 15:21:31.206601 np0000161237 devstack@neutron-api.service[102487]: DEBUG neutron.plugins.ml2.plugin [None req-49b7ae03-6529-4d77-874e-fc357ea58ff8 None None] neutron.plugins.ml2.plugin.Ml2Plugin method _start_rpc_notifiers called with arguments () {} {{(pid=102487) wrapper /opt/stack/data/venv/lib/python3.12/site-packages/oslo_log/helpers.py:77}}
Mar 30 15:21:31.206653 np0000161237 devstack@neutron-api.service[102484]: DEBUG neutron.api.extensions [None req-2b55105d-7cc2-44cf-9730-c4569c52e727 None None] Loading extension file: l3_ext_gw_mode.py {{(pid=102484) _load_all_extensions_from_path /opt/stack/neutron/neutron/api/extensions.py:449}}
Mar 30 15:21:31.206908 np0000161237 devstack@neutron-api.service[102487]: DEBUG neutron_lib.callbacks.manager [None req-49b7ae03-6529-4d77-874e-fc357ea58ff8 None None] Subscribe: > port after_create 55550000, False {{(pid=102487) subscribe /opt/stack/data/venv/lib/python3.12/site-packages/neutron_lib/callbacks/manager.py:52}}
Mar 30 15:21:31.206958 np0000161237 devstack@neutron-api.service[102484]: DEBUG neutron.api.extensions [None req-2b55105d-7cc2-44cf-9730-c4569c52e727 None None] Ext name="Neutron L3 Configurable external gateway mode" alias="ext-gw-mode" description="Extension of the router abstraction for specifying whether SNAT should occur on the external gateway" updated="2013-03-28T10:00:00-00:00" {{(pid=102484) _check_extension /opt/stack/neutron/neutron/api/extensions.py:415}}
Mar 30 15:21:31.207024 np0000161237 devstack@neutron-api.service[102487]: DEBUG neutron_lib.callbacks.manager [None req-49b7ae03-6529-4d77-874e-fc357ea58ff8 None None] Subscribe: > port after_update 55550000, False {{(pid=102487) subscribe /opt/stack/data/venv/lib/python3.12/site-packages/neutron_lib/callbacks/manager.py:52}}
Mar 30 15:21:31.207226 np0000161237 devstack@neutron-api.service[102484]: INFO neutron.api.extensions [None req-2b55105d-7cc2-44cf-9730-c4569c52e727 None None] Loaded extension: ext-gw-mode
Mar 30 15:21:31.207287 np0000161237 devstack@neutron-api.service[102487]: DEBUG neutron_lib.callbacks.manager [None req-49b7ae03-6529-4d77-874e-fc357ea58ff8 None None] Subscribe: > port after_delete 55550000, False {{(pid=102487) subscribe /opt/stack/data/venv/lib/python3.12/site-packages/neutron_lib/callbacks/manager.py:52}}
Mar 30 15:21:31.207320 np0000161237 devstack@neutron-api.service[102484]: DEBUG neutron.api.extensions [None req-2b55105d-7cc2-44cf-9730-c4569c52e727 None None] Loading extension file: l3_ext_ha_mode.py {{(pid=102484) _load_all_extensions_from_path /opt/stack/neutron/neutron/api/extensions.py:449}}
Mar 30 15:21:31.207389 np0000161237 devstack@neutron-api.service[102487]: DEBUG neutron_lib.callbacks.manager [None req-49b7ae03-6529-4d77-874e-fc357ea58ff8 None None] Subscribe: > subnet after_create 55550000, False {{(pid=102487) subscribe /opt/stack/data/venv/lib/python3.12/site-packages/neutron_lib/callbacks/manager.py:52}}
Mar 30 15:21:31.207389 np0000161237 devstack@neutron-api.service[102487]: DEBUG neutron_lib.callbacks.manager [None req-49b7ae03-6529-4d77-874e-fc357ea58ff8 None None] Subscribe: > subnet after_update 55550000, False {{(pid=102487) subscribe /opt/stack/data/venv/lib/python3.12/site-packages/neutron_lib/callbacks/manager.py:52}}
Mar 30 15:21:31.207457 np0000161237 devstack@neutron-api.service[102484]: DEBUG neutron.api.extensions [None req-2b55105d-7cc2-44cf-9730-c4569c52e727 None None] Ext name="HA Router extension" alias="l3-ha" description="Adds HA capability to routers." updated="2014-04-26T00:00:00-00:00" {{(pid=102484) _check_extension /opt/stack/neutron/neutron/api/extensions.py:415}}
Mar 30 15:21:31.207525 np0000161237 devstack@neutron-api.service[102487]: DEBUG neutron_lib.callbacks.manager [None req-49b7ae03-6529-4d77-874e-fc357ea58ff8 None None] Subscribe: > subnet after_delete 55550000, False {{(pid=102487) subscribe /opt/stack/data/venv/lib/python3.12/site-packages/neutron_lib/callbacks/manager.py:52}}
Mar 30 15:21:31.207525 np0000161237 devstack@neutron-api.service[102487]: DEBUG neutron_lib.callbacks.manager [None req-49b7ae03-6529-4d77-874e-fc357ea58ff8 None None] Subscribe: > network after_create 55550000, False {{(pid=102487) subscribe /opt/stack/data/venv/lib/python3.12/site-packages/neutron_lib/callbacks/manager.py:52}}
Mar 30 15:21:31.207585 np0000161237 devstack@neutron-api.service[102484]: INFO neutron.api.extensions [None req-2b55105d-7cc2-44cf-9730-c4569c52e727 None None] Loaded extension: l3-ha
