Apr 15 08:48:46.414071 np0000166423 neutron-periodic-workers[106311]: DEBUG cotyledon.oslo_config_glue [-] ml2.overlay_ip_version = 4 {{(pid=106311) log_opt_values /opt/stack/data/venv/lib/python3.12/site-packages/oslo_config/cfg.py:3006}}
Apr 15 08:48:46.414116 np0000166423 neutron-periodic-workers[106311]: DEBUG cotyledon.oslo_config_glue [-] ml2.path_mtu = 0 {{(pid=106311) log_opt_values /opt/stack/data/venv/lib/python3.12/site-packages/oslo_config/cfg.py:3006}}
Apr 15 08:48:46.414166 np0000166423 neutron-periodic-workers[106311]: DEBUG cotyledon.oslo_config_glue [-] ml2.physical_network_mtus = {} {{(pid=106311) log_opt_values /opt/stack/data/venv/lib/python3.12/site-packages/oslo_config/cfg.py:3006}}
Apr 15 08:48:46.414211 np0000166423 neutron-periodic-workers[106311]: DEBUG cotyledon.oslo_config_glue [-] ml2.project_network_types = ['geneve'] {{(pid=106311) log_opt_values /opt/stack/data/venv/lib/python3.12/site-packages/oslo_config/cfg.py:3006}}
Apr 15 08:48:46.414261 np0000166423 neutron-periodic-workers[106311]: DEBUG cotyledon.oslo_config_glue [-] ml2.tunnelled_network_rp_name = rp_tunnelled {{(pid=106311) log_opt_values /opt/stack/data/venv/lib/python3.12/site-packages/oslo_config/cfg.py:3006}}
Apr 15 08:48:46.414306 np0000166423 neutron-periodic-workers[106311]: DEBUG cotyledon.oslo_config_glue [-] ml2.type_drivers = ['local', 'flat', 'vlan', 'geneve'] {{(pid=106311) log_opt_values /opt/stack/data/venv/lib/python3.12/site-packages/oslo_config/cfg.py:3006}}
Apr 15 08:48:46.414381 np0000166423 neutron-periodic-workers[106311]: DEBUG cotyledon.oslo_config_glue [-] ml2_type_flat.flat_networks = ['public'] {{(pid=106311) log_opt_values /opt/stack/data/venv/lib/python3.12/site-packages/oslo_config/cfg.py:3006}}
Apr 15 08:48:46.414451 np0000166423 neutron-periodic-workers[106311]: DEBUG cotyledon.oslo_config_glue [-] ml2_type_geneve.max_header_size = 38 {{(pid=106311) log_opt_values /opt/stack/data/venv/lib/python3.12/site-packages/oslo_config/cfg.py:3006}}
Apr 15 08:48:46.414487 np0000166423 neutron-periodic-workers[106311]: DEBUG cotyledon.oslo_config_glue [-] ml2_type_geneve.vni_ranges = ['1:65536'] {{(pid=106311) log_opt_values /opt/stack/data/venv/lib/python3.12/site-packages/oslo_config/cfg.py:3006}}
Apr 15 08:48:46.414556 np0000166423 neutron-periodic-workers[106311]: DEBUG cotyledon.oslo_config_glue [-] ml2_type_vlan.network_vlan_ranges = ['public'] {{(pid=106311) log_opt_values /opt/stack/data/venv/lib/python3.12/site-packages/oslo_config/cfg.py:3006}}
Apr 15 08:48:46.414663 np0000166423 neutron-periodic-workers[106311]: DEBUG cotyledon.oslo_config_glue [-] network_log.burst_limit = 25 {{(pid=106311) log_opt_values /opt/stack/data/venv/lib/python3.12/site-packages/oslo_config/cfg.py:3006}}
Apr 15 08:48:46.414714 np0000166423 neutron-periodic-workers[106311]: DEBUG cotyledon.oslo_config_glue [-] network_log.local_output_log_base = None {{(pid=106311) log_opt_values /opt/stack/data/venv/lib/python3.12/site-packages/oslo_config/cfg.py:3006}}
Apr 15 08:48:46.414757 np0000166423 neutron-periodic-workers[106311]: DEBUG cotyledon.oslo_config_glue [-] network_log.rate_limit = 100 {{(pid=106311) log_opt_values /opt/stack/data/venv/lib/python3.12/site-packages/oslo_config/cfg.py:3006}}
Apr 15 08:48:46.414823 np0000166423 neutron-periodic-workers[106311]: DEBUG cotyledon.oslo_config_glue [-] database.asyncio_connection = **** {{(pid=106311) log_opt_values /opt/stack/data/venv/lib/python3.12/site-packages/oslo_config/cfg.py:3006}}
Apr 15 08:48:46.414873 np0000166423 neutron-periodic-workers[106311]: DEBUG cotyledon.oslo_config_glue [-] database.asyncio_slave_connection = **** {{(pid=106311) log_opt_values /opt/stack/data/venv/lib/python3.12/site-packages/oslo_config/cfg.py:3006}}
Apr 15 08:48:46.414922 np0000166423 neutron-periodic-workers[106311]: DEBUG cotyledon.oslo_config_glue [-] database.backend = sqlalchemy {{(pid=106311) log_opt_values /opt/stack/data/venv/lib/python3.12/site-packages/oslo_config/cfg.py:3006}}
Apr 15 08:48:46.414995 np0000166423 neutron-periodic-workers[106311]: DEBUG cotyledon.oslo_config_glue [-] database.connection = **** {{(pid=106311) log_opt_values /opt/stack/data/venv/lib/python3.12/site-packages/oslo_config/cfg.py:3006}}
Apr 15 08:48:46.415052 np0000166423 neutron-periodic-workers[106311]: DEBUG cotyledon.oslo_config_glue [-] database.connection_debug = 0 {{(pid=106311) log_opt_values /opt/stack/data/venv/lib/python3.12/site-packages/oslo_config/cfg.py:3006}}
Apr 15 08:48:46.415100 np0000166423 neutron-periodic-workers[106311]: DEBUG cotyledon.oslo_config_glue [-] database.connection_parameters = {{(pid=106311) log_opt_values /opt/stack/data/venv/lib/python3.12/site-packages/oslo_config/cfg.py:3006}}
Apr 15 08:48:46.415156 np0000166423 neutron-periodic-workers[106311]: DEBUG cotyledon.oslo_config_glue [-] database.connection_recycle_time = 3600 {{(pid=106311) log_opt_values /opt/stack/data/venv/lib/python3.12/site-packages/oslo_config/cfg.py:3006}}
Apr 15 08:48:46.415199 np0000166423 neutron-periodic-workers[106311]: DEBUG cotyledon.oslo_config_glue [-] database.connection_trace = False {{(pid=106311) log_opt_values /opt/stack/data/venv/lib/python3.12/site-packages/oslo_config/cfg.py:3006}}
Apr 15 08:48:46.415241 np0000166423 neutron-periodic-workers[106311]: DEBUG cotyledon.oslo_config_glue [-] database.db_inc_retry_interval = True {{(pid=106311) log_opt_values /opt/stack/data/venv/lib/python3.12/site-packages/oslo_config/cfg.py:3006}}
Apr 15 08:48:46.415284 np0000166423 neutron-periodic-workers[106311]: DEBUG cotyledon.oslo_config_glue [-] database.db_max_retries = 20 {{(pid=106311) log_opt_values /opt/stack/data/venv/lib/python3.12/site-packages/oslo_config/cfg.py:3006}}
Apr 15 08:48:46.415327 np0000166423 neutron-periodic-workers[106311]: DEBUG cotyledon.oslo_config_glue [-] database.db_max_retry_interval = 10 {{(pid=106311) log_opt_values /opt/stack/data/venv/lib/python3.12/site-packages/oslo_config/cfg.py:3006}}
Apr 15 08:48:46.415370 np0000166423 neutron-periodic-workers[106311]: DEBUG cotyledon.oslo_config_glue [-] database.db_retry_interval = 1 {{(pid=106311) log_opt_values /opt/stack/data/venv/lib/python3.12/site-packages/oslo_config/cfg.py:3006}}
Apr 15 08:48:46.415413 np0000166423 neutron-periodic-workers[106311]: DEBUG cotyledon.oslo_config_glue [-] database.max_overflow = 50 {{(pid=106311) log_opt_values /opt/stack/data/venv/lib/python3.12/site-packages/oslo_config/cfg.py:3006}}
Apr 15 08:48:46.415472 np0000166423 neutron-periodic-workers[106311]: DEBUG cotyledon.oslo_config_glue [-] database.max_pool_size = 5 {{(pid=106311) log_opt_values /opt/stack/data/venv/lib/python3.12/site-packages/oslo_config/cfg.py:3006}}
Apr 15 08:48:46.415520 np0000166423 neutron-periodic-workers[106311]: DEBUG cotyledon.oslo_config_glue [-] database.max_retries = 10 {{(pid=106311) log_opt_values /opt/stack/data/venv/lib/python3.12/site-packages/oslo_config/cfg.py:3006}}
Apr 15 08:48:46.415570 np0000166423 neutron-periodic-workers[106311]: DEBUG cotyledon.oslo_config_glue [-] database.mysql_sql_mode = TRADITIONAL {{(pid=106311) log_opt_values /opt/stack/data/venv/lib/python3.12/site-packages/oslo_config/cfg.py:3006}}
Apr 15 08:48:46.415619 np0000166423 neutron-periodic-workers[106311]: DEBUG cotyledon.oslo_config_glue [-] database.mysql_wsrep_sync_wait = None {{(pid=106311) log_opt_values /opt/stack/data/venv/lib/python3.12/site-packages/oslo_config/cfg.py:3006}}
Apr 15 08:48:46.415665 np0000166423 neutron-periodic-workers[106311]: DEBUG cotyledon.oslo_config_glue [-] database.pool_timeout = None {{(pid=106311) log_opt_values /opt/stack/data/venv/lib/python3.12/site-packages/oslo_config/cfg.py:3006}}
Apr 15 08:48:46.415705 np0000166423 neutron-periodic-workers[106311]: DEBUG cotyledon.oslo_config_glue [-] database.retry_interval = 10 {{(pid=106311) log_opt_values /opt/stack/data/venv/lib/python3.12/site-packages/oslo_config/cfg.py:3006}}
Apr 15 08:48:46.415760 np0000166423 neutron-periodic-workers[106311]: DEBUG cotyledon.oslo_config_glue [-] database.slave_connection = **** {{(pid=106311) log_opt_values /opt/stack/data/venv/lib/python3.12/site-packages/oslo_config/cfg.py:3006}}
Apr 15 08:48:46.415809 np0000166423 neutron-periodic-workers[106311]: DEBUG cotyledon.oslo_config_glue [-] database.sqlite_synchronous = True {{(pid=106311) log_opt_values /opt/stack/data/venv/lib/python3.12/site-packages/oslo_config/cfg.py:3006}}
Apr 15 08:48:46.415851 np0000166423 neutron-periodic-workers[106311]: DEBUG cotyledon.oslo_config_glue [-] database.synchronous_reader = True {{(pid=106311) log_opt_values /opt/stack/data/venv/lib/python3.12/site-packages/oslo_config/cfg.py:3006}}
Apr 15 08:48:46.415894 np0000166423 neutron-periodic-workers[106311]: DEBUG cotyledon.oslo_config_glue [-] database.use_db_reconnect = False {{(pid=106311) log_opt_values /opt/stack/data/venv/lib/python3.12/site-packages/oslo_config/cfg.py:3006}}
Apr 15 08:48:46.415997 np0000166423 neutron-periodic-workers[106311]: DEBUG cotyledon.oslo_config_glue [-] ovn.bfd_min_rx = 1000 {{(pid=106311) log_opt_values /opt/stack/data/venv/lib/python3.12/site-packages/oslo_config/cfg.py:3006}}
Apr 15 08:48:46.416048 np0000166423 neutron-periodic-workers[106311]: DEBUG cotyledon.oslo_config_glue [-] ovn.bfd_min_tx = 100 {{(pid=106311) log_opt_values /opt/stack/data/venv/lib/python3.12/site-packages/oslo_config/cfg.py:3006}}
Apr 15 08:48:46.416101 np0000166423 neutron-periodic-workers[106311]: DEBUG cotyledon.oslo_config_glue [-] ovn.bfd_mult = 3 {{(pid=106311) log_opt_values /opt/stack/data/venv/lib/python3.12/site-packages/oslo_config/cfg.py:3006}}
Apr 15 08:48:46.416139 np0000166423 neutron-periodic-workers[106311]: DEBUG cotyledon.oslo_config_glue [-] ovn.broadcast_arps_to_all_routers = True {{(pid=106311) log_opt_values /opt/stack/data/venv/lib/python3.12/site-packages/oslo_config/cfg.py:3006}}
Apr 15 08:48:46.416191 np0000166423 neutron-periodic-workers[106311]: DEBUG cotyledon.oslo_config_glue [-] ovn.dhcp_default_lease_time = 43200 {{(pid=106311) log_opt_values /opt/stack/data/venv/lib/python3.12/site-packages/oslo_config/cfg.py:3006}}
Apr 15 08:48:46.416220 np0000166423 neutron-periodic-workers[106311]: DEBUG cotyledon.oslo_config_glue [-] ovn.disable_ovn_dhcp_for_baremetal_ports = False {{(pid=106311) log_opt_values /opt/stack/data/venv/lib/python3.12/site-packages/oslo_config/cfg.py:3006}}
Apr 15 08:48:46.416290 np0000166423 neutron-periodic-workers[106311]: DEBUG cotyledon.oslo_config_glue [-] ovn.dns_records_ovn_owned = False {{(pid=106311) log_opt_values /opt/stack/data/venv/lib/python3.12/site-packages/oslo_config/cfg.py:3006}}
Apr 15 08:48:46.416337 np0000166423 neutron-periodic-workers[106311]: DEBUG cotyledon.oslo_config_glue [-] ovn.dns_servers = [] {{(pid=106311) log_opt_values /opt/stack/data/venv/lib/python3.12/site-packages/oslo_config/cfg.py:3006}}
Apr 15 08:48:46.416366 np0000166423 neutron-periodic-workers[106311]: DEBUG cotyledon.oslo_config_glue [-] ovn.enable_distributed_floating_ip = False {{(pid=106311) log_opt_values /opt/stack/data/venv/lib/python3.12/site-packages/oslo_config/cfg.py:3006}}
Apr 15 08:48:46.416417 np0000166423 neutron-periodic-workers[106311]: DEBUG cotyledon.oslo_config_glue [-] ovn.fdb_age_threshold = 300 {{(pid=106311) log_opt_values /opt/stack/data/venv/lib/python3.12/site-packages/oslo_config/cfg.py:3006}}
Apr 15 08:48:46.416465 np0000166423 neutron-periodic-workers[106311]: DEBUG cotyledon.oslo_config_glue [-] ovn.ha_failover_strategy = normal {{(pid=106311) log_opt_values /opt/stack/data/venv/lib/python3.12/site-packages/oslo_config/cfg.py:3006}}
Apr 15 08:48:46.416494 np0000166423 neutron-periodic-workers[106311]: DEBUG cotyledon.oslo_config_glue [-] ovn.live_migration_activation_strategy = rarp {{(pid=106311) log_opt_values /opt/stack/data/venv/lib/python3.12/site-packages/oslo_config/cfg.py:3006}}
Apr 15 08:48:46.416531 np0000166423 neutron-periodic-workers[106311]: DEBUG cotyledon.oslo_config_glue [-] ovn.localnet_learn_fdb = False {{(pid=106311) log_opt_values /opt/stack/data/venv/lib/python3.12/site-packages/oslo_config/cfg.py:3006}}
Apr 15 08:48:46.416579 np0000166423 neutron-periodic-workers[106311]: DEBUG cotyledon.oslo_config_glue [-] ovn.mac_binding_age_threshold = 300 {{(pid=106311) log_opt_values /opt/stack/data/venv/lib/python3.12/site-packages/oslo_config/cfg.py:3006}}
Apr 15 08:48:46.416629 np0000166423 neutron-periodic-workers[106311]: DEBUG cotyledon.oslo_config_glue [-] ovn.neutron_sync_mode = log {{(pid=106311) log_opt_values /opt/stack/data/venv/lib/python3.12/site-packages/oslo_config/cfg.py:3006}}
Apr 15 08:48:46.416675 np0000166423 neutron-periodic-workers[106311]: DEBUG cotyledon.oslo_config_glue [-] ovn.ovn_dhcp4_global_options = {} {{(pid=106311) log_opt_values /opt/stack/data/venv/lib/python3.12/site-packages/oslo_config/cfg.py:3006}}
Apr 15 08:48:46.416717 np0000166423 neutron-periodic-workers[106311]: DEBUG cotyledon.oslo_config_glue [-] ovn.ovn_dhcp6_global_options = {} {{(pid=106311) log_opt_values /opt/stack/data/venv/lib/python3.12/site-packages/oslo_config/cfg.py:3006}}
Apr 15 08:48:46.416766 np0000166423 neutron-periodic-workers[106311]: DEBUG cotyledon.oslo_config_glue [-] ovn.ovn_l3_scheduler = leastloaded {{(pid=106311) log_opt_values /opt/stack/data/venv/lib/python3.12/site-packages/oslo_config/cfg.py:3006}}
Apr 15 08:48:46.416807 np0000166423 neutron-periodic-workers[106311]: DEBUG cotyledon.oslo_config_glue [-] ovn.ovn_metadata_enabled = True {{(pid=106311) log_opt_values /opt/stack/data/venv/lib/python3.12/site-packages/oslo_config/cfg.py:3006}}
Apr 15 08:48:46.416858 np0000166423 neutron-periodic-workers[106311]: DEBUG cotyledon.oslo_config_glue [-] ovn.ovn_nb_ca_cert = /opt/stack/data/CA/int-ca/ca-chain.pem {{(pid=106311) log_opt_values /opt/stack/data/venv/lib/python3.12/site-packages/oslo_config/cfg.py:3006}}
Apr 15 08:48:46.416912 np0000166423 neutron-periodic-workers[106311]: DEBUG cotyledon.oslo_config_glue [-] ovn.ovn_nb_certificate = /opt/stack/data/CA/int-ca/devstack-cert.crt {{(pid=106311) log_opt_values /opt/stack/data/venv/lib/python3.12/site-packages/oslo_config/cfg.py:3006}}
Apr 15 08:48:46.416956 np0000166423 neutron-periodic-workers[106311]: DEBUG cotyledon.oslo_config_glue [-] ovn.ovn_nb_connection = ['ssl:199.204.45.222:6641'] {{(pid=106311) log_opt_values /opt/stack/data/venv/lib/python3.12/site-packages/oslo_config/cfg.py:3006}}
Apr 15 08:48:46.417032 np0000166423 neutron-periodic-workers[106311]: DEBUG cotyledon.oslo_config_glue [-] ovn.ovn_nb_private_key = /opt/stack/data/CA/int-ca/private/devstack-cert.key {{(pid=106311) log_opt_values /opt/stack/data/venv/lib/python3.12/site-packages/oslo_config/cfg.py:3006}}
Apr 15 08:48:46.417069 np0000166423 neutron-periodic-workers[106311]: DEBUG cotyledon.oslo_config_glue [-] ovn.ovn_router_indirect_snat = False {{(pid=106311) log_opt_values /opt/stack/data/venv/lib/python3.12/site-packages/oslo_config/cfg.py:3006}}
Apr 15 08:48:46.417116 np0000166423 neutron-periodic-workers[106311]: DEBUG cotyledon.oslo_config_glue [-] ovn.ovn_sb_ca_cert = /opt/stack/data/CA/int-ca/ca-chain.pem {{(pid=106311) log_opt_values /opt/stack/data/venv/lib/python3.12/site-packages/oslo_config/cfg.py:3006}}
Apr 15 08:48:46.417147 np0000166423 neutron-periodic-workers[106311]: DEBUG cotyledon.oslo_config_glue [-] ovn.ovn_sb_certificate = /opt/stack/data/CA/int-ca/devstack-cert.crt {{(pid=106311) log_opt_values /opt/stack/data/venv/lib/python3.12/site-packages/oslo_config/cfg.py:3006}}
Apr 15 08:48:46.417197 np0000166423 neutron-periodic-workers[106311]: DEBUG cotyledon.oslo_config_glue [-] ovn.ovn_sb_connection = ['ssl:199.204.45.222:6642'] {{(pid=106311) log_opt_values /opt/stack/data/venv/lib/python3.12/site-packages/oslo_config/cfg.py:3006}}
Apr 15 08:48:46.417238 np0000166423 neutron-periodic-workers[106311]: DEBUG cotyledon.oslo_config_glue [-] ovn.ovn_sb_private_key = /opt/stack/data/CA/int-ca/private/devstack-cert.key {{(pid=106311) log_opt_values /opt/stack/data/venv/lib/python3.12/site-packages/oslo_config/cfg.py:3006}}
Apr 15 08:48:46.417280 np0000166423 neutron-periodic-workers[106311]: DEBUG cotyledon.oslo_config_glue [-] ovn.ovs_create_tap = False {{(pid=106311) log_opt_values /opt/stack/data/venv/lib/python3.12/site-packages/oslo_config/cfg.py:3006}}
Apr 15 08:48:46.417326 np0000166423 neutron-periodic-workers[106311]: DEBUG cotyledon.oslo_config_glue [-] ovn.ovsdb_connection_timeout = 180 {{(pid=106311) log_opt_values /opt/stack/data/venv/lib/python3.12/site-packages/oslo_config/cfg.py:3006}}
Apr 15 08:48:46.417361 np0000166423 neutron-periodic-workers[106311]: DEBUG cotyledon.oslo_config_glue [-] ovn.ovsdb_log_level = INFO {{(pid=106311) log_opt_values /opt/stack/data/venv/lib/python3.12/site-packages/oslo_config/cfg.py:3006}}
Apr 15 08:48:46.417393 np0000166423 neutron-periodic-workers[106311]: DEBUG cotyledon.oslo_config_glue [-] ovn.ovsdb_probe_interval = 60000 {{(pid=106311) log_opt_values /opt/stack/data/venv/lib/python3.12/site-packages/oslo_config/cfg.py:3006}}
Apr 15 08:48:46.417445 np0000166423 neutron-periodic-workers[106311]: DEBUG cotyledon.oslo_config_glue [-] ovn.ovsdb_retry_max_interval = 180 {{(pid=106311) log_opt_values /opt/stack/data/venv/lib/python3.12/site-packages/oslo_config/cfg.py:3006}}
Apr 15 08:48:46.417492 np0000166423 neutron-periodic-workers[106311]: DEBUG cotyledon.oslo_config_glue [-] ovn.stateless_nat_enabled = False {{(pid=106311) log_opt_values /opt/stack/data/venv/lib/python3.12/site-packages/oslo_config/cfg.py:3006}}
Apr 15 08:48:46.417538 np0000166423 neutron-periodic-workers[106311]: DEBUG cotyledon.oslo_config_glue [-] ovn.vhost_sock_dir = /var/run/openvswitch {{(pid=106311) log_opt_values /opt/stack/data/venv/lib/python3.12/site-packages/oslo_config/cfg.py:3006}}
Apr 15 08:48:46.417598 np0000166423 neutron-periodic-workers[106311]: DEBUG cotyledon.oslo_config_glue [-] OVS.bridge_mac_table_size = 50000 {{(pid=106311) log_opt_values /opt/stack/data/venv/lib/python3.12/site-packages/oslo_config/cfg.py:3006}}
Apr 15 08:48:46.417650 np0000166423 neutron-periodic-workers[106311]: DEBUG cotyledon.oslo_config_glue [-] OVS.igmp_flood = False {{(pid=106311) log_opt_values /opt/stack/data/venv/lib/python3.12/site-packages/oslo_config/cfg.py:3006}}
Apr 15 08:48:46.417691 np0000166423 neutron-periodic-workers[106311]: DEBUG cotyledon.oslo_config_glue [-] OVS.igmp_flood_reports = True {{(pid=106311) log_opt_values /opt/stack/data/venv/lib/python3.12/site-packages/oslo_config/cfg.py:3006}}
Apr 15 08:48:46.417727 np0000166423 neutron-periodic-workers[106311]: DEBUG cotyledon.oslo_config_glue [-] OVS.igmp_flood_unregistered = False {{(pid=106311) log_opt_values /opt/stack/data/venv/lib/python3.12/site-packages/oslo_config/cfg.py:3006}}
Apr 15 08:48:46.417781 np0000166423 neutron-periodic-workers[106311]: DEBUG cotyledon.oslo_config_glue [-] OVS.igmp_snooping_enable = False {{(pid=106311) log_opt_values /opt/stack/data/venv/lib/python3.12/site-packages/oslo_config/cfg.py:3006}}
Apr 15 08:48:46.417823 np0000166423 neutron-periodic-workers[106311]: DEBUG cotyledon.oslo_config_glue [-] OVS.ovsdb_timeout = 10 {{(pid=106311) log_opt_values /opt/stack/data/venv/lib/python3.12/site-packages/oslo_config/cfg.py:3006}}
Apr 15 08:48:46.417875 np0000166423 neutron-periodic-workers[106311]: DEBUG cotyledon.oslo_config_glue [-] ovn_nb_global.fdb_removal_limit = 0 {{(pid=106311) log_opt_values /opt/stack/data/venv/lib/python3.12/site-packages/oslo_config/cfg.py:3006}}
Apr 15 08:48:46.417919 np0000166423 neutron-periodic-workers[106311]: DEBUG cotyledon.oslo_config_glue [-] ovn_nb_global.ignore_lsp_down = False {{(pid=106311) log_opt_values /opt/stack/data/venv/lib/python3.12/site-packages/oslo_config/cfg.py:3006}}
Apr 15 08:48:46.418001 np0000166423 neutron-periodic-workers[106311]: DEBUG cotyledon.oslo_config_glue [-] ovn_nb_global.mac_binding_removal_limit = 0 {{(pid=106311) log_opt_values /opt/stack/data/venv/lib/python3.12/site-packages/oslo_config/cfg.py:3006}}
Apr 15 08:48:46.418052 np0000166423 neutron-periodic-workers[106311]: DEBUG cotyledon.oslo_config_glue [-] ******************************************************************************** {{(pid=106311) log_opt_values /opt/stack/data/venv/lib/python3.12/site-packages/oslo_config/cfg.py:3013}}
Apr 15 08:48:46.418217 np0000166423 neutron-periodic-workers[106311]: DEBUG cotyledon._service_worker [-] Run service ServiceWrapper(0) [106311] {{(pid=106311) wait_forever /opt/stack/data/venv/lib/python3.12/site-packages/cotyledon/_service_worker.py:218}}
Apr 15 08:48:56.066120 np0000166423 neutron-periodic-workers[105477]: DEBUG dbcounter [-] [105477] Writing DB stats neutron:SELECT=4 {{(pid=105477) stat_writer /opt/stack/data/venv/lib/python3.12/site-packages/dbcounter.py:115}}
Apr 15 08:49:44.412486 np0000166423 neutron-periodic-workers[106297]: DEBUG oslo_db.sqlalchemy.engines [None req-a79b189e-8e9c-4aff-8236-18591e1d3af3 None None] Parent process 105477 forked (106297) with an open database connection, which is being discarded and recreated. {{(pid=106297) checkout /opt/stack/data/venv/lib/python3.12/site-packages/oslo_db/sqlalchemy/engines.py:402}}
Apr 15 08:49:44.420037 np0000166423 neutron-periodic-workers[106297]: DEBUG dbcounter [-] [106297] Writer thread running {{(pid=106297) stat_writer /opt/stack/data/venv/lib/python3.12/site-packages/dbcounter.py:102}}
Apr 15 08:49:44.423915 np0000166423 neutron-periodic-workers[106297]: DEBUG neutron.db.agents_db [None req-a79b189e-8e9c-4aff-8236-18591e1d3af3 None None] Agent healthcheck: found 0 active agents {{(pid=106297) agent_health_check /opt/stack/neutron/neutron/db/agents_db.py:317}}
Apr 15 08:49:44.424082 np0000166423 neutron-periodic-workers[106297]: DEBUG oslo.service.backend._threading.loopingcall [None req-a79b189e-8e9c-4aff-8236-18591e1d3af3 None None] Fixed interval looping call 'neutron.plugins.ml2.plugin.AgentDbMixin.agent_health_check' sleeping for 36.98 seconds {{(pid=106297) _run_loop /opt/stack/data/venv/lib/python3.12/site-packages/oslo_service/backend/_threading/loopingcall.py:125}}
Apr 15 08:49:54.400983 np0000166423 neutron-periodic-workers[106290]: DEBUG dbcounter [-] [106290] Writer thread running {{(pid=106290) stat_writer /opt/stack/data/venv/lib/python3.12/site-packages/dbcounter.py:102}}
Apr 15 08:49:54.411066 np0000166423 neutron-periodic-workers[106290]: DEBUG oslo.service.backend._threading.loopingcall [None req-2f46e234-9984-4964-8293-80c4a15d1503 None None] Fixed interval looping call 'neutron.plugins.ml2.plugin.DhcpAgentSchedulerDbMixin.remove_networks_from_down_agents' sleeping for 36.97 seconds {{(pid=106290) _run_loop /opt/stack/data/venv/lib/python3.12/site-packages/oslo_service/backend/_threading/loopingcall.py:125}}
Apr 15 08:49:54.420717 np0000166423 neutron-periodic-workers[106297]: DEBUG dbcounter [-] [106297] Writing DB stats neutron:SELECT=1 {{(pid=106297) stat_writer /opt/stack/data/venv/lib/python3.12/site-packages/dbcounter.py:115}}
Apr 15 08:50:04.409831 np0000166423 neutron-periodic-workers[106290]: DEBUG dbcounter [-] [106290] Writing DB stats neutron:SELECT=3 {{(pid=106290) stat_writer /opt/stack/data/venv/lib/python3.12/site-packages/dbcounter.py:115}}
Apr 15 08:50:21.410126 np0000166423 neutron-periodic-workers[106297]: DEBUG neutron.db.agents_db [None req-a79b189e-8e9c-4aff-8236-18591e1d3af3 None None] Agent healthcheck: found 0 active agents {{(pid=106297) agent_health_check /opt/stack/neutron/neutron/db/agents_db.py:317}}
Apr 15 08:50:21.410688 np0000166423 neutron-periodic-workers[106297]: DEBUG oslo.service.backend._threading.loopingcall [None req-a79b189e-8e9c-4aff-8236-18591e1d3af3 None None] Fixed interval looping call 'neutron.plugins.ml2.plugin.AgentDbMixin.agent_health_check' sleeping for 36.99 seconds {{(pid=106297) _run_loop /opt/stack/data/venv/lib/python3.12/site-packages/oslo_service/backend/_threading/loopingcall.py:125}}
Apr 15 08:50:31.392445 np0000166423 neutron-periodic-workers[106290]: DEBUG oslo.service.backend._threading.loopingcall [None req-2f46e234-9984-4964-8293-80c4a15d1503 None None] Fixed interval looping call 'neutron.plugins.ml2.plugin.DhcpAgentSchedulerDbMixin.remove_networks_from_down_agents' sleeping for 36.99 seconds {{(pid=106290) _run_loop /opt/stack/data/venv/lib/python3.12/site-packages/oslo_service/backend/_threading/loopingcall.py:125}}
Apr 15 08:50:31.408086 np0000166423 neutron-periodic-workers[106297]: DEBUG dbcounter [-] [106297] Writing DB stats neutron:SELECT=1 {{(pid=106297) stat_writer /opt/stack/data/venv/lib/python3.12/site-packages/dbcounter.py:115}}
Apr 15 08:50:41.390648 np0000166423 neutron-periodic-workers[106290]: DEBUG dbcounter [-] [106290] Writing DB stats neutron:SELECT=3 {{(pid=106290) stat_writer /opt/stack/data/venv/lib/python3.12/site-packages/dbcounter.py:115}}
Apr 15 08:50:46.437972 np0000166423 neutron-periodic-workers[106311]: DEBUG dbcounter [-] [106311] Writer thread running {{(pid=106311) stat_writer /opt/stack/data/venv/lib/python3.12/site-packages/dbcounter.py:102}}
Apr 15 08:50:46.440173 np0000166423 neutron-periodic-workers[106311]: DEBUG oslo.service.backend._threading.loopingcall [None req-ce836989-0f43-4f16-b1c8-beb5f3439c07 None None] Fixed interval looping call 'neutron.db.quota.driver_nolock.DbQuotaNoLockDriver._remove_expired_reservations' sleeping for 119.98 seconds {{(pid=106311) _run_loop /opt/stack/data/venv/lib/python3.12/site-packages/oslo_service/backend/_threading/loopingcall.py:125}}
Apr 15 08:50:56.438645 np0000166423 neutron-periodic-workers[106311]: DEBUG dbcounter [-] [106311] Writing DB stats neutron:DELETE=1 {{(pid=106311) stat_writer /opt/stack/data/venv/lib/python3.12/site-packages/dbcounter.py:115}}
Apr 15 08:50:58.405909 np0000166423 neutron-periodic-workers[106297]: DEBUG neutron.db.agents_db [None req-a79b189e-8e9c-4aff-8236-18591e1d3af3 None None] Agent healthcheck: found 0 active agents {{(pid=106297) agent_health_check /opt/stack/neutron/neutron/db/agents_db.py:317}}
Apr 15 08:50:58.406448 np0000166423 neutron-periodic-workers[106297]: DEBUG oslo.service.backend._threading.loopingcall [None req-a79b189e-8e9c-4aff-8236-18591e1d3af3 None None] Fixed interval looping call 'neutron.plugins.ml2.plugin.AgentDbMixin.agent_health_check' sleeping for 36.99 seconds {{(pid=106297) _run_loop /opt/stack/data/venv/lib/python3.12/site-packages/oslo_service/backend/_threading/loopingcall.py:125}}
Apr 15 08:51:08.392630 np0000166423 neutron-periodic-workers[106290]: DEBUG oslo.service.backend._threading.loopingcall [None req-2f46e234-9984-4964-8293-80c4a15d1503 None None] Fixed interval looping call 'neutron.plugins.ml2.plugin.DhcpAgentSchedulerDbMixin.remove_networks_from_down_agents' sleeping for 36.99 seconds {{(pid=106290) _run_loop /opt/stack/data/venv/lib/python3.12/site-packages/oslo_service/backend/_threading/loopingcall.py:125}}
Apr 15 08:51:08.404138 np0000166423 neutron-periodic-workers[106297]: DEBUG dbcounter [-] [106297] Writing DB stats neutron:SELECT=1 {{(pid=106297) stat_writer /opt/stack/data/venv/lib/python3.12/site-packages/dbcounter.py:115}}
Apr 15 08:51:18.391413 np0000166423 neutron-periodic-workers[106290]: DEBUG dbcounter [-] [106290] Writing DB stats neutron:SELECT=3 {{(pid=106290) stat_writer /opt/stack/data/venv/lib/python3.12/site-packages/dbcounter.py:115}}
Apr 15 08:51:35.404832 np0000166423 neutron-periodic-workers[106297]: DEBUG neutron.db.agents_db [None req-a79b189e-8e9c-4aff-8236-18591e1d3af3 None None] Agent healthcheck: found 0 active agents {{(pid=106297) agent_health_check /opt/stack/neutron/neutron/db/agents_db.py:317}}
Apr 15 08:51:35.405847 np0000166423 neutron-periodic-workers[106297]: DEBUG oslo.service.backend._threading.loopingcall [None req-a79b189e-8e9c-4aff-8236-18591e1d3af3 None None] Fixed interval looping call 'neutron.plugins.ml2.plugin.AgentDbMixin.agent_health_check' sleeping for 36.99 seconds {{(pid=106297) _run_loop /opt/stack/data/venv/lib/python3.12/site-packages/oslo_service/backend/_threading/loopingcall.py:125}}
Apr 15 08:51:45.394273 np0000166423 neutron-periodic-workers[106290]: DEBUG oslo.service.backend._threading.loopingcall [None req-2f46e234-9984-4964-8293-80c4a15d1503 None None] Fixed interval looping call 'neutron.plugins.ml2.plugin.DhcpAgentSchedulerDbMixin.remove_networks_from_down_agents' sleeping for 36.99 seconds {{(pid=106290) _run_loop /opt/stack/data/venv/lib/python3.12/site-packages/oslo_service/backend/_threading/loopingcall.py:125}}
Apr 15 08:51:45.402525 np0000166423 neutron-periodic-workers[106297]: DEBUG dbcounter [-] [106297] Writing DB stats neutron:SELECT=1 {{(pid=106297) stat_writer /opt/stack/data/venv/lib/python3.12/site-packages/dbcounter.py:115}}
Apr 15 08:51:52.395524 np0000166423 neutron-periodic-workers[106286]: DEBUG dbcounter [-] [106286] Writer thread running {{(pid=106286) stat_writer /opt/stack/data/venv/lib/python3.12/site-packages/dbcounter.py:102}}
Apr 15 08:51:52.405189 np0000166423 neutron-periodic-workers[106286]: DEBUG oslo.service.backend._threading.loopingcall [None req-591ab270-93fa-4e7f-9ef3-ff044c39bdc0 None None] Fixed interval looping call 'neutron.services.ovn_l3.plugin.L3_NAT_dbonly_mixin._clean_garbage' sleeping for 299.96 seconds {{(pid=106286) _run_loop /opt/stack/data/venv/lib/python3.12/site-packages/oslo_service/backend/_threading/loopingcall.py:125}}
Apr 15 08:51:55.392894 np0000166423 neutron-periodic-workers[106290]: DEBUG dbcounter [-] [106290] Writing DB stats neutron:SELECT=3 {{(pid=106290) stat_writer /opt/stack/data/venv/lib/python3.12/site-packages/dbcounter.py:115}}
Apr 15 08:52:02.396089 np0000166423 neutron-periodic-workers[106286]: DEBUG dbcounter [-] [106286] Writing DB stats neutron:SELECT=1 {{(pid=106286) stat_writer /opt/stack/data/venv/lib/python3.12/site-packages/dbcounter.py:115}}
Apr 15 08:52:12.402446 np0000166423 neutron-periodic-workers[106297]: DEBUG neutron.db.agents_db [None req-a79b189e-8e9c-4aff-8236-18591e1d3af3 None None] Agent healthcheck: found 0 active agents {{(pid=106297) agent_health_check /opt/stack/neutron/neutron/db/agents_db.py:317}}
Apr 15 08:52:12.403005 np0000166423 neutron-periodic-workers[106297]: DEBUG oslo.service.backend._threading.loopingcall [None req-a79b189e-8e9c-4aff-8236-18591e1d3af3 None None] Fixed interval looping call 'neutron.plugins.ml2.plugin.AgentDbMixin.agent_health_check' sleeping for 36.99 seconds {{(pid=106297) _run_loop /opt/stack/data/venv/lib/python3.12/site-packages/oslo_service/backend/_threading/loopingcall.py:125}}
Apr 15 08:52:22.396300 np0000166423 neutron-periodic-workers[106290]: DEBUG oslo.service.backend._threading.loopingcall [None req-2f46e234-9984-4964-8293-80c4a15d1503 None None] Fixed interval looping call 'neutron.plugins.ml2.plugin.DhcpAgentSchedulerDbMixin.remove_networks_from_down_agents' sleeping for 36.99 seconds {{(pid=106290) _run_loop /opt/stack/data/venv/lib/python3.12/site-packages/oslo_service/backend/_threading/loopingcall.py:125}}
Apr 15 08:52:22.399751 np0000166423 neutron-periodic-workers[106297]: DEBUG dbcounter [-] [106297] Writing DB stats neutron:SELECT=1 {{(pid=106297) stat_writer /opt/stack/data/venv/lib/python3.12/site-packages/dbcounter.py:115}}
Apr 15 08:52:32.394684 np0000166423 neutron-periodic-workers[106290]: DEBUG dbcounter [-] [106290] Writing DB stats neutron:SELECT=3 {{(pid=106290) stat_writer /opt/stack/data/venv/lib/python3.12/site-packages/dbcounter.py:115}}
Apr 15 08:52:46.427163 np0000166423 neutron-periodic-workers[106311]: DEBUG oslo.service.backend._threading.loopingcall [None req-ce836989-0f43-4f16-b1c8-beb5f3439c07 None None] Fixed interval looping call 'neutron.db.quota.driver_nolock.DbQuotaNoLockDriver._remove_expired_reservations' sleeping for 119.99 seconds {{(pid=106311) _run_loop /opt/stack/data/venv/lib/python3.12/site-packages/oslo_service/backend/_threading/loopingcall.py:125}}
Apr 15 08:52:49.399185 np0000166423 neutron-periodic-workers[106297]: DEBUG neutron.db.agents_db [None req-a79b189e-8e9c-4aff-8236-18591e1d3af3 None None] Agent healthcheck: found 0 active agents {{(pid=106297) agent_health_check /opt/stack/neutron/neutron/db/agents_db.py:317}}
Apr 15 08:52:49.399838 np0000166423 neutron-periodic-workers[106297]: DEBUG oslo.service.backend._threading.loopingcall [None req-a79b189e-8e9c-4aff-8236-18591e1d3af3 None None] Fixed interval looping call 'neutron.plugins.ml2.plugin.AgentDbMixin.agent_health_check' sleeping for 36.99 seconds {{(pid=106297) _run_loop /opt/stack/data/venv/lib/python3.12/site-packages/oslo_service/backend/_threading/loopingcall.py:125}}
Apr 15 08:52:56.425240 np0000166423 neutron-periodic-workers[106311]: DEBUG dbcounter [-] [106311] Writing DB stats neutron:DELETE=1 {{(pid=106311) stat_writer /opt/stack/data/venv/lib/python3.12/site-packages/dbcounter.py:115}}
Apr 15 08:52:59.392480 np0000166423 neutron-periodic-workers[106290]: DEBUG oslo.service.backend._threading.loopingcall [None req-2f46e234-9984-4964-8293-80c4a15d1503 None None] Fixed interval looping call 'neutron.plugins.ml2.plugin.DhcpAgentSchedulerDbMixin.remove_networks_from_down_agents' sleeping for 36.99 seconds {{(pid=106290) _run_loop /opt/stack/data/venv/lib/python3.12/site-packages/oslo_service/backend/_threading/loopingcall.py:125}}
Apr 15 08:52:59.397105 np0000166423 neutron-periodic-workers[106297]: DEBUG dbcounter [-] [106297] Writing DB stats neutron:SELECT=1 {{(pid=106297) stat_writer /opt/stack/data/venv/lib/python3.12/site-packages/dbcounter.py:115}}
Apr 15 08:53:09.392264 np0000166423 neutron-periodic-workers[106290]: DEBUG dbcounter [-] [106290] Writing DB stats neutron:SELECT=3 {{(pid=106290) stat_writer /opt/stack/data/venv/lib/python3.12/site-packages/dbcounter.py:115}}
Apr 15 08:53:26.397051 np0000166423 neutron-periodic-workers[106297]: DEBUG neutron.db.agents_db [None req-a79b189e-8e9c-4aff-8236-18591e1d3af3 None None] Agent healthcheck: found 0 active agents {{(pid=106297) agent_health_check /opt/stack/neutron/neutron/db/agents_db.py:317}}
Apr 15 08:53:26.397051 np0000166423 neutron-periodic-workers[106297]: DEBUG oslo.service.backend._threading.loopingcall [None req-a79b189e-8e9c-4aff-8236-18591e1d3af3 None None] Fixed interval looping call 'neutron.plugins.ml2.plugin.AgentDbMixin.agent_health_check' sleeping for 37.00 seconds {{(pid=106297) _run_loop /opt/stack/data/venv/lib/python3.12/site-packages/oslo_service/backend/_threading/loopingcall.py:125}}
Apr 15 08:53:36.391680 np0000166423 neutron-periodic-workers[106290]: DEBUG oslo.service.backend._threading.loopingcall [None req-2f46e234-9984-4964-8293-80c4a15d1503 None None] Fixed interval looping call 'neutron.plugins.ml2.plugin.DhcpAgentSchedulerDbMixin.remove_networks_from_down_agents' sleeping for 36.99 seconds {{(pid=106290) _run_loop /opt/stack/data/venv/lib/python3.12/site-packages/oslo_service/backend/_threading/loopingcall.py:125}}
Apr 15 08:53:36.393258 np0000166423 neutron-periodic-workers[106297]: DEBUG dbcounter [-] [106297] Writing DB stats neutron:SELECT=1 {{(pid=106297) stat_writer /opt/stack/data/venv/lib/python3.12/site-packages/dbcounter.py:115}}
Apr 15 08:53:46.391135 np0000166423 neutron-periodic-workers[106290]: DEBUG dbcounter [-] [106290] Writing DB stats neutron:SELECT=3 {{(pid=106290) stat_writer /opt/stack/data/venv/lib/python3.12/site-packages/dbcounter.py:115}}
Apr 15 08:54:03.401321 np0000166423 neutron-periodic-workers[106297]: DEBUG neutron.db.agents_db [None req-a79b189e-8e9c-4aff-8236-18591e1d3af3 None None] Agent healthcheck: found 0 active agents {{(pid=106297) agent_health_check /opt/stack/neutron/neutron/db/agents_db.py:317}}
Apr 15 08:54:03.402350 np0000166423 neutron-periodic-workers[106297]: DEBUG oslo.service.backend._threading.loopingcall [None req-a79b189e-8e9c-4aff-8236-18591e1d3af3 None None] Fixed interval looping call 'neutron.plugins.ml2.plugin.AgentDbMixin.agent_health_check' sleeping for 36.99 seconds {{(pid=106297) _run_loop /opt/stack/data/venv/lib/python3.12/site-packages/oslo_service/backend/_threading/loopingcall.py:125}}
Apr 15 08:54:13.392174 np0000166423 neutron-periodic-workers[106290]: DEBUG oslo.service.backend._threading.loopingcall [None req-2f46e234-9984-4964-8293-80c4a15d1503 None None] Fixed interval looping call 'neutron.plugins.ml2.plugin.DhcpAgentSchedulerDbMixin.remove_networks_from_down_agents' sleeping for 36.99 seconds {{(pid=106290) _run_loop /opt/stack/data/venv/lib/python3.12/site-packages/oslo_service/backend/_threading/loopingcall.py:125}}
Apr 15 08:54:13.398709 np0000166423 neutron-periodic-workers[106297]: DEBUG dbcounter [-] [106297] Writing DB stats neutron:SELECT=1 {{(pid=106297) stat_writer /opt/stack/data/venv/lib/python3.12/site-packages/dbcounter.py:115}}
Apr 15 08:54:23.390769 np0000166423 neutron-periodic-workers[106290]: DEBUG dbcounter [-] [106290] Writing DB stats neutron:SELECT=3 {{(pid=106290) stat_writer /opt/stack/data/venv/lib/python3.12/site-packages/dbcounter.py:115}}
Apr 15 08:54:40.397331 np0000166423 neutron-periodic-workers[106297]: DEBUG neutron.db.agents_db [None req-a79b189e-8e9c-4aff-8236-18591e1d3af3 None None] Agent healthcheck: found 0 active agents {{(pid=106297) agent_health_check /opt/stack/neutron/neutron/db/agents_db.py:317}}
Apr 15 08:54:40.398085 np0000166423 neutron-periodic-workers[106297]: DEBUG oslo.service.backend._threading.loopingcall [None req-a79b189e-8e9c-4aff-8236-18591e1d3af3 None None] Fixed interval looping call 'neutron.plugins.ml2.plugin.AgentDbMixin.agent_health_check' sleeping for 36.99 seconds {{(pid=106297) _run_loop /opt/stack/data/venv/lib/python3.12/site-packages/oslo_service/backend/_threading/loopingcall.py:125}}
Apr 15 08:54:46.424264 np0000166423 neutron-periodic-workers[106311]: DEBUG oslo.service.backend._threading.loopingcall [None req-ce836989-0f43-4f16-b1c8-beb5f3439c07 None None] Fixed interval looping call 'neutron.db.quota.driver_nolock.DbQuotaNoLockDriver._remove_expired_reservations' sleeping for 119.99 seconds {{(pid=106311) _run_loop /opt/stack/data/venv/lib/python3.12/site-packages/oslo_service/backend/_threading/loopingcall.py:125}}
Apr 15 08:54:50.392867 np0000166423 neutron-periodic-workers[106290]: DEBUG oslo.service.backend._threading.loopingcall [None req-2f46e234-9984-4964-8293-80c4a15d1503 None None] Fixed interval looping call 'neutron.plugins.ml2.plugin.DhcpAgentSchedulerDbMixin.remove_networks_from_down_agents' sleeping for 36.99 seconds {{(pid=106290) _run_loop /opt/stack/data/venv/lib/python3.12/site-packages/oslo_service/backend/_threading/loopingcall.py:125}}
Apr 15 08:54:50.395671 np0000166423 neutron-periodic-workers[106297]: DEBUG dbcounter [-] [106297] Writing DB stats neutron:SELECT=1 {{(pid=106297) stat_writer /opt/stack/data/venv/lib/python3.12/site-packages/dbcounter.py:115}}
Apr 15 08:54:56.422382 np0000166423 neutron-periodic-workers[106311]: DEBUG dbcounter [-] [106311] Writing DB stats neutron:DELETE=1 {{(pid=106311) stat_writer /opt/stack/data/venv/lib/python3.12/site-packages/dbcounter.py:115}}
Apr 15 08:55:00.392274 np0000166423 neutron-periodic-workers[106290]: DEBUG dbcounter [-] [106290] Writing DB stats neutron:SELECT=3 {{(pid=106290) stat_writer /opt/stack/data/venv/lib/python3.12/site-packages/dbcounter.py:115}}
Apr 15 08:55:17.392343 np0000166423 neutron-periodic-workers[106297]: DEBUG neutron.db.agents_db [None req-a79b189e-8e9c-4aff-8236-18591e1d3af3 None None] Agent healthcheck: found 0 active agents {{(pid=106297) agent_health_check /opt/stack/neutron/neutron/db/agents_db.py:317}}
Apr 15 08:55:17.393229 np0000166423 neutron-periodic-workers[106297]: DEBUG oslo.service.backend._threading.loopingcall [None req-a79b189e-8e9c-4aff-8236-18591e1d3af3 None None] Fixed interval looping call 'neutron.plugins.ml2.plugin.AgentDbMixin.agent_health_check' sleeping for 37.00 seconds {{(pid=106297) _run_loop /opt/stack/data/venv/lib/python3.12/site-packages/oslo_service/backend/_threading/loopingcall.py:125}}
Apr 15 08:55:27.391499 np0000166423 neutron-periodic-workers[106297]: DEBUG dbcounter [-] [106297] Writing DB stats neutron:SELECT=1 {{(pid=106297) stat_writer /opt/stack/data/venv/lib/python3.12/site-packages/dbcounter.py:115}}
Apr 15 08:55:27.397413 np0000166423 neutron-periodic-workers[106290]: DEBUG oslo.service.backend._threading.loopingcall [None req-2f46e234-9984-4964-8293-80c4a15d1503 None None] Fixed interval looping call 'neutron.plugins.ml2.plugin.DhcpAgentSchedulerDbMixin.remove_networks_from_down_agents' sleeping for 36.99 seconds {{(pid=106290) _run_loop /opt/stack/data/venv/lib/python3.12/site-packages/oslo_service/backend/_threading/loopingcall.py:125}}
Apr 15 08:55:37.395735 np0000166423 neutron-periodic-workers[106290]: DEBUG dbcounter [-] [106290] Writing DB stats neutron:SELECT=3 {{(pid=106290) stat_writer /opt/stack/data/venv/lib/python3.12/site-packages/dbcounter.py:115}}
Apr 15 08:55:54.397788 np0000166423 neutron-periodic-workers[106297]: DEBUG neutron.db.agents_db [None req-a79b189e-8e9c-4aff-8236-18591e1d3af3 None None] Agent healthcheck: found 0 active agents {{(pid=106297) agent_health_check /opt/stack/neutron/neutron/db/agents_db.py:317}}
Apr 15 08:55:54.398386 np0000166423 neutron-periodic-workers[106297]: DEBUG oslo.service.backend._threading.loopingcall [None req-a79b189e-8e9c-4aff-8236-18591e1d3af3 None None] Fixed interval looping call 'neutron.plugins.ml2.plugin.AgentDbMixin.agent_health_check' sleeping for 36.99 seconds {{(pid=106297) _run_loop /opt/stack/data/venv/lib/python3.12/site-packages/oslo_service/backend/_threading/loopingcall.py:125}}
Apr 15 08:56:04.396927 np0000166423 neutron-periodic-workers[106297]: DEBUG dbcounter [-] [106297] Writing DB stats neutron:SELECT=1 {{(pid=106297) stat_writer /opt/stack/data/venv/lib/python3.12/site-packages/dbcounter.py:115}}
Apr 15 08:56:04.399273 np0000166423 neutron-periodic-workers[106290]: DEBUG oslo.service.backend._threading.loopingcall [None req-2f46e234-9984-4964-8293-80c4a15d1503 None None] Fixed interval looping call 'neutron.plugins.ml2.plugin.DhcpAgentSchedulerDbMixin.remove_networks_from_down_agents' sleeping for 36.99 seconds {{(pid=106290) _run_loop /opt/stack/data/venv/lib/python3.12/site-packages/oslo_service/backend/_threading/loopingcall.py:125}}
Apr 15 08:56:14.397568 np0000166423 neutron-periodic-workers[106290]: DEBUG dbcounter [-] [106290] Writing DB stats neutron:SELECT=3 {{(pid=106290) stat_writer /opt/stack/data/venv/lib/python3.12/site-packages/dbcounter.py:115}}
Apr 15 08:56:31.393571 np0000166423 neutron-periodic-workers[106297]: DEBUG neutron.db.agents_db [None req-a79b189e-8e9c-4aff-8236-18591e1d3af3 None None] Agent healthcheck: found 0 active agents {{(pid=106297) agent_health_check /opt/stack/neutron/neutron/db/agents_db.py:317}}
Apr 15 08:56:31.394122 np0000166423 neutron-periodic-workers[106297]: DEBUG oslo.service.backend._threading.loopingcall [None req-a79b189e-8e9c-4aff-8236-18591e1d3af3 None None] Fixed interval looping call 'neutron.plugins.ml2.plugin.AgentDbMixin.agent_health_check' sleeping for 36.99 seconds {{(pid=106297) _run_loop /opt/stack/data/venv/lib/python3.12/site-packages/oslo_service/backend/_threading/loopingcall.py:125}}
Apr 15 08:56:41.391921 np0000166423 neutron-periodic-workers[106297]: DEBUG dbcounter [-] [106297] Writing DB stats neutron:SELECT=1 {{(pid=106297) stat_writer /opt/stack/data/venv/lib/python3.12/site-packages/dbcounter.py:115}}
Apr 15 08:56:41.398020 np0000166423 neutron-periodic-workers[106290]: DEBUG oslo.service.backend._threading.loopingcall [None req-2f46e234-9984-4964-8293-80c4a15d1503 None None] Fixed interval looping call 'neutron.plugins.ml2.plugin.DhcpAgentSchedulerDbMixin.remove_networks_from_down_agents' sleeping for 36.99 seconds {{(pid=106290) _run_loop /opt/stack/data/venv/lib/python3.12/site-packages/oslo_service/backend/_threading/loopingcall.py:125}}
Apr 15 08:56:46.421680 np0000166423 neutron-periodic-workers[106311]: DEBUG oslo.service.backend._threading.loopingcall [None req-ce836989-0f43-4f16-b1c8-beb5f3439c07 None None] Fixed interval looping call 'neutron.db.quota.driver_nolock.DbQuotaNoLockDriver._remove_expired_reservations' sleeping for 119.99 seconds {{(pid=106311) _run_loop /opt/stack/data/venv/lib/python3.12/site-packages/oslo_service/backend/_threading/loopingcall.py:125}}
Apr 15 08:56:51.397143 np0000166423 neutron-periodic-workers[106290]: DEBUG dbcounter [-] [106290] Writing DB stats neutron:SELECT=3 {{(pid=106290) stat_writer /opt/stack/data/venv/lib/python3.12/site-packages/dbcounter.py:115}}
Apr 15 08:56:52.378459 np0000166423 neutron-periodic-workers[106286]: DEBUG oslo.service.backend._threading.loopingcall [None req-591ab270-93fa-4e7f-9ef3-ff044c39bdc0 None None] Fixed interval looping call 'neutron.services.ovn_l3.plugin.L3_NAT_dbonly_mixin._clean_garbage' sleeping for 299.99 seconds {{(pid=106286) _run_loop /opt/stack/data/venv/lib/python3.12/site-packages/oslo_service/backend/_threading/loopingcall.py:125}}
Apr 15 08:56:56.419550 np0000166423 neutron-periodic-workers[106311]: DEBUG dbcounter [-] [106311] Writing DB stats neutron:DELETE=1 {{(pid=106311) stat_writer /opt/stack/data/venv/lib/python3.12/site-packages/dbcounter.py:115}}
Apr 15 08:57:02.369703 np0000166423 neutron-periodic-workers[106286]: DEBUG dbcounter [-] [106286] Writing DB stats neutron:SELECT=1 {{(pid=106286) stat_writer /opt/stack/data/venv/lib/python3.12/site-packages/dbcounter.py:115}}
Apr 15 08:57:08.386945 np0000166423 neutron-periodic-workers[106297]: DEBUG neutron.db.agents_db [None req-a79b189e-8e9c-4aff-8236-18591e1d3af3 None None] Agent healthcheck: found 0 active agents {{(pid=106297) agent_health_check /opt/stack/neutron/neutron/db/agents_db.py:317}}
Apr 15 08:57:08.387403 np0000166423 neutron-periodic-workers[106297]: DEBUG oslo.service.backend._threading.loopingcall [None req-a79b189e-8e9c-4aff-8236-18591e1d3af3 None None] Fixed interval looping call 'neutron.plugins.ml2.plugin.AgentDbMixin.agent_health_check' sleeping for 37.00 seconds {{(pid=106297) _run_loop /opt/stack/data/venv/lib/python3.12/site-packages/oslo_service/backend/_threading/loopingcall.py:125}}
Apr 15 08:57:18.386647 np0000166423 neutron-periodic-workers[106297]: DEBUG dbcounter [-] [106297] Writing DB stats neutron:SELECT=1 {{(pid=106297) stat_writer /opt/stack/data/venv/lib/python3.12/site-packages/dbcounter.py:115}}
Apr 15 08:57:18.398522 np0000166423 neutron-periodic-workers[106290]: DEBUG oslo.service.backend._threading.loopingcall [None req-2f46e234-9984-4964-8293-80c4a15d1503 None None] Fixed interval looping call 'neutron.plugins.ml2.plugin.DhcpAgentSchedulerDbMixin.remove_networks_from_down_agents' sleeping for 36.99 seconds {{(pid=106290) _run_loop /opt/stack/data/venv/lib/python3.12/site-packages/oslo_service/backend/_threading/loopingcall.py:125}}
Apr 15 08:57:28.397888 np0000166423 neutron-periodic-workers[106290]: DEBUG dbcounter [-] [106290] Writing DB stats neutron:SELECT=3 {{(pid=106290) stat_writer /opt/stack/data/venv/lib/python3.12/site-packages/dbcounter.py:115}}
Apr 15 08:57:45.393391 np0000166423 neutron-periodic-workers[106297]: DEBUG neutron.db.agents_db [None req-a79b189e-8e9c-4aff-8236-18591e1d3af3 None None] Agent healthcheck: found 0 active agents {{(pid=106297) agent_health_check /opt/stack/neutron/neutron/db/agents_db.py:317}}
Apr 15 08:57:45.393643 np0000166423 neutron-periodic-workers[106297]: DEBUG oslo.service.backend._threading.loopingcall [None req-a79b189e-8e9c-4aff-8236-18591e1d3af3 None None] Fixed interval looping call 'neutron.plugins.ml2.plugin.AgentDbMixin.agent_health_check' sleeping for 36.99 seconds {{(pid=106297) _run_loop /opt/stack/data/venv/lib/python3.12/site-packages/oslo_service/backend/_threading/loopingcall.py:125}}
Apr 15 08:57:55.390913 np0000166423 neutron-periodic-workers[106297]: DEBUG dbcounter [-] [106297] Writing DB stats neutron:SELECT=1 {{(pid=106297) stat_writer /opt/stack/data/venv/lib/python3.12/site-packages/dbcounter.py:115}}
Apr 15 08:57:55.396364 np0000166423 neutron-periodic-workers[106290]: DEBUG oslo.service.backend._threading.loopingcall [None req-2f46e234-9984-4964-8293-80c4a15d1503 None None] Fixed interval looping call 'neutron.plugins.ml2.plugin.DhcpAgentSchedulerDbMixin.remove_networks_from_down_agents' sleeping for 36.99 seconds {{(pid=106290) _run_loop /opt/stack/data/venv/lib/python3.12/site-packages/oslo_service/backend/_threading/loopingcall.py:125}}
Apr 15 08:58:05.395567 np0000166423 neutron-periodic-workers[106290]: DEBUG dbcounter [-] [106290] Writing DB stats neutron:SELECT=3 {{(pid=106290) stat_writer /opt/stack/data/venv/lib/python3.12/site-packages/dbcounter.py:115}}
Apr 15 08:58:22.389157 np0000166423 neutron-periodic-workers[106297]: DEBUG neutron.db.agents_db [None req-a79b189e-8e9c-4aff-8236-18591e1d3af3 None None] Agent healthcheck: found 0 active agents {{(pid=106297) agent_health_check /opt/stack/neutron/neutron/db/agents_db.py:317}}
Apr 15 08:58:22.390602 np0000166423 neutron-periodic-workers[106297]: DEBUG oslo.service.backend._threading.loopingcall [None req-a79b189e-8e9c-4aff-8236-18591e1d3af3 None None] Fixed interval looping call 'neutron.plugins.ml2.plugin.AgentDbMixin.agent_health_check' sleeping for 36.99 seconds {{(pid=106297) _run_loop /opt/stack/data/venv/lib/python3.12/site-packages/oslo_service/backend/_threading/loopingcall.py:125}}
Apr 15 08:58:32.390351 np0000166423 neutron-periodic-workers[106297]: DEBUG dbcounter [-] [106297] Writing DB stats neutron:SELECT=1 {{(pid=106297) stat_writer /opt/stack/data/venv/lib/python3.12/site-packages/dbcounter.py:115}}
Apr 15 08:58:32.399180 np0000166423 neutron-periodic-workers[106290]: DEBUG oslo.service.backend._threading.loopingcall [None req-2f46e234-9984-4964-8293-80c4a15d1503 None None] Fixed interval looping call 'neutron.plugins.ml2.plugin.DhcpAgentSchedulerDbMixin.remove_networks_from_down_agents' sleeping for 36.99 seconds {{(pid=106290) _run_loop /opt/stack/data/venv/lib/python3.12/site-packages/oslo_service/backend/_threading/loopingcall.py:125}}
