2026-09-15 12:37:40.070 8 INFO placement.requestlog [req-edb99679-6722-4ed1-81cf-b164598e65f8 req-b099fbc3-a4a8-4cb3-8139-58c83a5a4a71 8e63fadb5c5f4ee69e31b8ef1b3d68a5 83aad5281e1741c6ab83c237b073ab22 - - ccf486d235bd4cca8ba82375092f09b8 ccf486d235bd4cca8ba82375092f09b8] 162.253.55.107 "GET /resource_providers/33f40d2d-a7d0-4223-a86c-159aba4477e8/allocations" status: 200 len: 54 microversion: 1.0 [pid: 8|app: 0|req: 290/583] 162.253.55.107 () {32 vars in 856 bytes} [Tue Sep 15 12:37:40 2026] GET /resource_providers/33f40d2d-a7d0-4223-a86c-159aba4477e8/allocations => generated 54 bytes in 19 msecs (HTTP/1.1 200) 6 headers in 223 bytes (1 switches on core 0)
2026-09-15 12:37:44.005 7 INFO placement.requestlog [None req-9219a344-529c-4c3e-9760-a3f3a28b2058 - - - - - -] 10.0.0.89 "GET /" status: 200 len: 136 microversion: 1.0
2026-09-15 12:37:44.006 8 INFO placement.requestlog [None req-01708e4e-3935-49c1-a16d-472f7cd59f1a - - - - - -] 10.0.0.89 "GET /" status: 200 len: 136 microversion: 1.0
2026-09-15 12:37:54.005 7 INFO placement.requestlog [None req-235dca79-ebf7-434a-9381-3a3cef813ed7 - - - - - -] 10.0.0.89 "GET /" status: 200 len: 136 microversion: 1.0
2026-09-15 12:37:54.005 8 INFO placement.requestlog [None req-9ad235c5-55a0-4d9e-b301-a42a2a5869f3 - - - - - -] 10.0.0.89 "GET /" status: 200 len: 136 microversion: 1.0
2026-09-15 12:38:04.005 7 INFO placement.requestlog [None req-929386ec-a78b-416c-b15e-8847b21d8d19 - - - - - -] 10.0.0.89 "GET /" status: 200 len: 136 microversion: 1.0
2026-09-15 12:38:04.006 8 INFO placement.requestlog [None req-759748f3-94ac-4c0d-800f-d349f091464a - - - - - -] 10.0.0.89 "GET /" status: 200 len: 136 microversion: 1.0
2026-09-15 12:38:14.005 7 INFO placement.requestlog [None req-8d7d0a5e-4280-4be1-8b6a-dccf820d1bf5 - - - - - -] 10.0.0.89 "GET /" status: 200 len: 136 microversion: 1.0
2026-09-15 12:38:14.005 8 INFO placement.requestlog [None req-05d19b02-c672-43da-a4c5-db580fc4bf51 - - - - - -] 10.0.0.89 "GET /" status: 200 len: 136 microversion: 1.0
2026-09-15 12:38:24.005 7 INFO placement.requestlog [None req-0b8f1190-3e8f-46d2-87e0-adbe9b43d81e - - - - - -] 10.0.0.89 "GET /" status: 200 len: 136 microversion: 1.0
2026-09-15 12:38:24.005 8 INFO placement.requestlog [None req-b69aded2-e743-490b-ad62-68a4a6b4dfe5 - - - - - -] 10.0.0.89 "GET /" status: 200 len: 136 microversion: 1.0
2026-09-15 12:38:34.005 8 INFO placement.requestlog [None req-6d2fa589-794c-4e57-b492-730ccc24156d - - - - - -] 10.0.0.89 "GET /" status: 200 len: 136 microversion: 1.0
2026-09-15 12:38:34.006 7 INFO placement.requestlog [None req-6e8c9f2f-bf85-45c3-88b7-901385ab1d93 - - - - - -] 10.0.0.89 "GET /" status: 200 len: 136 microversion: 1.0
2026-09-15 12:38:39.955 8 INFO placement.requestlog [req-a85b0f79-ef35-475d-abeb-00b9a07e5ae6 req-45633cc6-e8ac-444f-81f3-f95374cc9831 8e63fadb5c5f4ee69e31b8ef1b3d68a5 83aad5281e1741c6ab83c237b073ab22 - - ccf486d235bd4cca8ba82375092f09b8 ccf486d235bd4cca8ba82375092f09b8] 162.253.55.107 "GET /resource_providers/33f40d2d-a7d0-4223-a86c-159aba4477e8/allocations" status: 200 len: 54 microversion: 1.0 [pid: 8|app: 0|req: 297/596] 162.253.55.107 () {32 vars in 856 bytes} [Tue Sep 15 12:38:39 2026] GET /resource_providers/33f40d2d-a7d0-4223-a86c-159aba4477e8/allocations => generated 54 bytes in 22 msecs (HTTP/1.1 200) 6 headers in 223 bytes (1 switches on core 0)
2026-09-15 12:38:39.981 7 INFO placement.requestlog [req-a85b0f79-ef35-475d-abeb-00b9a07e5ae6 req-7649adca-152c-4136-aad7-20d298ecf88c 8e63fadb5c5f4ee69e31b8ef1b3d68a5 83aad5281e1741c6ab83c237b073ab22 - - ccf486d235bd4cca8ba82375092f09b8 ccf486d235bd4cca8ba82375092f09b8] 162.253.55.107 "GET /resource_providers/33f40d2d-a7d0-4223-a86c-159aba4477e8/allocations" status: 200 len: 54 microversion: 1.0 [pid: 7|app: 0|req: 300/597] 162.253.55.107 () {32 vars in 856 bytes} [Tue Sep 15 12:38:39 2026] GET /resource_providers/33f40d2d-a7d0-4223-a86c-159aba4477e8/allocations => generated 54 bytes in 21 msecs (HTTP/1.1 200) 6 headers in 223 bytes (1 switches on core 0)
2026-09-15 12:38:44.005 8 INFO placement.requestlog [None req-0359abb4-fc99-4c2d-bd13-66ac1a416456 - - - - - -] 10.0.0.89 "GET /" status: 200 len: 136 microversion: 1.0
2026-09-15 12:38:44.006 7 INFO placement.requestlog [None req-2f8d3ebe-4411-4a64-b281-348ea01e7948 - - - - - -] 10.0.0.89 "GET /" status: 200 len: 136 microversion: 1.0
2026-09-15 12:38:54.005 7 INFO placement.requestlog [None req-03945ecc-af94-4d33-a3f8-2f4cf6110e65 - - - - - -] 10.0.0.89 "GET /" status: 200 len: 136 microversion: 1.0
2026-09-15 12:38:54.005 8 INFO placement.requestlog [None req-ac60ba01-3f7c-4d51-a37e-f318ea36cb5b - - - - - -] 10.0.0.89 "GET /" status: 200 len: 136 microversion: 1.0
2026-09-15 12:39:04.005 7 INFO placement.requestlog [None req-4af5345e-3dbc-49a4-9492-0ffbfb5b2228 - - - - - -] 10.0.0.89 "GET /" status: 200 len: 136 microversion: 1.0
2026-09-15 12:39:04.005 8 INFO placement.requestlog [None req-897ee3ef-f06d-4a3e-836f-3014933bba33 - - - - - -] 10.0.0.89 "GET /" status: 200 len: 136 microversion: 1.0
2026-09-15 12:39:14.005 8 INFO placement.requestlog [None req-30356b2a-3869-4db1-b4ac-4218717cf64a - - - - - -] 10.0.0.89 "GET /" status: 200 len: 136 microversion: 1.0
2026-09-15 12:39:14.005 7 INFO placement.requestlog [None req-3436242b-ce19-439d-9e69-3260653ce9c2 - - - - - -] 10.0.0.89 "GET /" status: 200 len: 136 microversion: 1.0
2026-09-15 12:39:24.005 8 INFO placement.requestlog [None req-2d911333-3800-4c52-b266-5ace24632fb3 - - - - - -] 10.0.0.89 "GET /" status: 200 len: 136 microversion: 1.0
2026-09-15 12:39:24.006 7 INFO placement.requestlog [None req-4c8bc417-4055-4472-9554-a5f9c80889a9 - - - - - -] 10.0.0.89 "GET /" status: 200 len: 136 microversion: 1.0
2026-09-15 12:39:34.005 7 INFO placement.requestlog [None req-c45e1bc8-1a53-4d50-91da-b456750540bf - - - - - -] 10.0.0.89 "GET /" status: 200 len: 136 microversion: 1.0
2026-09-15 12:39:34.005 8 INFO placement.requestlog [None req-4f551ba2-468a-46c2-a6ab-14d9a2926579 - - - - - -] 10.0.0.89 "GET /" status: 200 len: 136 microversion: 1.0
2026-09-15 12:39:39.888 7 INFO placement.requestlog [req-0ba92a5b-ced9-4d2e-82af-8ecfaf30b65e req-1777320d-26c8-4b78-9f9a-c468c747d5d8 8e63fadb5c5f4ee69e31b8ef1b3d68a5 83aad5281e1741c6ab83c237b073ab22 - - ccf486d235bd4cca8ba82375092f09b8 ccf486d235bd4cca8ba82375092f09b8] 162.253.55.107 "GET /resource_providers/33f40d2d-a7d0-4223-a86c-159aba4477e8/allocations" status: 200 len: 54 microversion: 1.0 [pid: 7|app: 0|req: 307/610] 162.253.55.107 () {32 vars in 856 bytes} [Tue Sep 15 12:39:39 2026] GET /resource_providers/33f40d2d-a7d0-4223-a86c-159aba4477e8/allocations => generated 54 bytes in 28 msecs (HTTP/1.1 200) 6 headers in 223 bytes (1 switches on core 0)
2026-09-15 12:39:39.916 8 INFO placement.requestlog [req-0ba92a5b-ced9-4d2e-82af-8ecfaf30b65e req-b317f9da-9333-4edf-808e-4ea21cc25a5c 8e63fadb5c5f4ee69e31b8ef1b3d68a5 83aad5281e1741c6ab83c237b073ab22 - - ccf486d235bd4cca8ba82375092f09b8 ccf486d235bd4cca8ba82375092f09b8] 162.253.55.107 "GET /resource_providers/33f40d2d-a7d0-4223-a86c-159aba4477e8/allocations" status: 200 len: 54 microversion: 1.0 [pid: 8|app: 0|req: 304/611] 162.253.55.107 () {32 vars in 856 bytes} [Tue Sep 15 12:39:39 2026] GET /resource_providers/33f40d2d-a7d0-4223-a86c-159aba4477e8/allocations => generated 54 bytes in 18 msecs (HTTP/1.1 200) 6 headers in 223 bytes (1 switches on core 0)
2026-09-15 12:39:44.005 8 INFO placement.requestlog [None req-816e7774-b6d1-49f8-bc87-88d63a58fa47 - - - - - -] 10.0.0.89 "GET /" status: 200 len: 136 microversion: 1.0
2026-09-15 12:39:44.006 7 INFO placement.requestlog [None req-18a8636c-bbec-450c-8e94-da00c2c94e98 - - - - - -] 10.0.0.89 "GET /" status: 200 len: 136 microversion: 1.0
2026-09-15 12:39:54.005 8 INFO placement.requestlog [None req-78fa49ae-3aef-4cc1-8a40-d68bc04fe7ef - - - - - -] 10.0.0.89 "GET /" status: 200 len: 136 microversion: 1.0
2026-09-15 12:39:54.007 7 INFO placement.requestlog [None req-f7fe8274-20ec-42ba-95f4-93c3036b13b1 - - - - - -] 10.0.0.89 "GET /" status: 200 len: 136 microversion: 1.0
2026-09-15 12:40:04.006 8 INFO placement.requestlog [None req-e5808b16-baf1-425f-b4aa-3e24e2088d1d - - - - - -] 10.0.0.89 "GET /" status: 200 len: 136 microversion: 1.0
2026-09-15 12:40:04.007 7 INFO placement.requestlog [None req-c2765bfb-4b14-4805-911d-a642c57bc001 - - - - - -] 10.0.0.89 "GET /" status: 200 len: 136 microversion: 1.0
2026-09-15 12:40:14.005 8 INFO placement.requestlog [None req-068b502d-23b5-4bca-927e-e1460a81f4e4 - - - - - -] 10.0.0.89 "GET /" status: 200 len: 136 microversion: 1.0
2026-09-15 12:40:14.005 7 INFO placement.requestlog [None req-37860bc1-8ded-49e8-aaff-49fbaf0db3e6 - - - - - -] 10.0.0.89 "GET /" status: 200 len: 136 microversion: 1.0
2026-09-15 12:40:24.005 8 INFO placement.requestlog [None req-ef3bdab1-f8fd-4579-8672-d870d862beb5 - - - - - -] 10.0.0.89 "GET /" status: 200 len: 136 microversion: 1.0
2026-09-15 12:40:24.006 7 INFO placement.requestlog [None req-4a8169c1-ed2d-4b02-9006-7469f6a22c75 - - - - - -] 10.0.0.89 "GET /" status: 200 len: 136 microversion: 1.0
2026-09-15 12:40:27.443 7 INFO placement.requestlog [None req-724d7ad7-f5f2-4e84-b180-493008b0084c 649c1dcd05064b578a6b8e72944f6364 83aad5281e1741c6ab83c237b073ab22 - - ccf486d235bd4cca8ba82375092f09b8 ccf486d235bd4cca8ba82375092f09b8] 10.0.0.128 "GET /resource_providers/b4a2187e-0cba-4e9a-89ef-4aeca3e1eaaf/aggregates" status: 404 len: 235 microversion: 1.1 [pid: 7|app: 0|req: 313/622] 10.0.0.128 () {32 vars in 815 bytes} [Tue Sep 15 12:40:27 2026] GET /resource_providers/b4a2187e-0cba-4e9a-89ef-4aeca3e1eaaf/aggregates => generated 235 bytes in 201 msecs (HTTP/1.1 404) 5 headers in 202 bytes (1 switches on core 0)
2026-09-15 12:40:27.458 7 INFO placement.requestlog [None req-2a74850e-536a-4374-be66-26bbb6bafda0 649c1dcd05064b578a6b8e72944f6364 83aad5281e1741c6ab83c237b073ab22 - - ccf486d235bd4cca8ba82375092f09b8 ccf486d235bd4cca8ba82375092f09b8] 10.0.0.128 "DELETE /resource_providers/b4a2187e-0cba-4e9a-89ef-4aeca3e1eaaf" status: 404 len: 246 microversion: 1.1 [pid: 7|app: 0|req: 314/623] 10.0.0.128 () {34 vars in 815 bytes} [Tue Sep 15 12:40:27 2026] DELETE /resource_providers/b4a2187e-0cba-4e9a-89ef-4aeca3e1eaaf => generated 246 bytes in 9 msecs (HTTP/1.1 404) 6 headers in 231 bytes (1 switches on core 0)
2026-09-15 12:40:27.498 8 INFO placement.requestlog [None req-a90305e6-d0aa-434c-b904-e10d8e121cb2 649c1dcd05064b578a6b8e72944f6364 83aad5281e1741c6ab83c237b073ab22 - - ccf486d235bd4cca8ba82375092f09b8 ccf486d235bd4cca8ba82375092f09b8] 10.0.0.128 "GET /resource_providers/b4a2187e-0cba-4e9a-89ef-4aeca3e1eaaf/aggregates" status: 404 len: 235 microversion: 1.1 [pid: 8|app: 0|req: 310/624] 10.0.0.128 () {32 vars in 815 bytes} [Tue Sep 15 12:40:27 2026] GET /resource_providers/b4a2187e-0cba-4e9a-89ef-4aeca3e1eaaf/aggregates => generated 235 bytes in 256 msecs (HTTP/1.1 404) 5 headers in 202 bytes (1 switches on core 0)
2026-09-15 12:40:27.523 7 INFO placement.requestlog [None req-127705fd-9a4a-4d42-9042-0c309ff794d3 649c1dcd05064b578a6b8e72944f6364 83aad5281e1741c6ab83c237b073ab22 - - ccf486d235bd4cca8ba82375092f09b8 ccf486d235bd4cca8ba82375092f09b8] 10.0.0.128 "DELETE /resource_providers/b4a2187e-0cba-4e9a-89ef-4aeca3e1eaaf" status: 404 len: 246 microversion: 1.1 [pid: 7|app: 0|req: 315/625] 10.0.0.128 () {34 vars in 815 bytes} [Tue Sep 15 12:40:27 2026] DELETE /resource_providers/b4a2187e-0cba-4e9a-89ef-4aeca3e1eaaf => generated 246 bytes in 18 msecs (HTTP/1.1 404) 6 headers in 231 bytes (1 switches on core 0)
2026-09-15 12:40:28.815 8 INFO placement.requestlog [req-68fb769c-09c4-423b-bb0d-aa133e7fddbb req-d5bb3662-097e-4b1c-9bac-3ce5862ca268 8e63fadb5c5f4ee69e31b8ef1b3d68a5 83aad5281e1741c6ab83c237b073ab22 - - ccf486d235bd4cca8ba82375092f09b8 ccf486d235bd4cca8ba82375092f09b8] 10.0.0.199 "GET /allocation_candidates?limit=1000&resources=MEMORY_MB%3A512%2CVCPU%3A1&root_required=%21COMPUTE_STATUS_DISABLED" status: 200 len: 2203 microversion: 1.36 [pid: 8|app: 0|req: 311/626] 10.0.0.199 () {34 vars in 983 bytes} [Tue Sep 15 12:40:28 2026] GET /allocation_candidates?limit=1000&resources=MEMORY_MB%3A512%2CVCPU%3A1&root_required=%21COMPUTE_STATUS_DISABLED => generated 2203 bytes in 325 msecs (HTTP/1.1 200) 8 headers in 297 bytes (1 switches on core 0)
2026-09-15 12:40:28.893 7 INFO placement.requestlog [req-68fb769c-09c4-423b-bb0d-aa133e7fddbb req-4153edcd-5113-4c4b-a2e2-41366dbdd147 8e63fadb5c5f4ee69e31b8ef1b3d68a5 83aad5281e1741c6ab83c237b073ab22 - - ccf486d235bd4cca8ba82375092f09b8 ccf486d235bd4cca8ba82375092f09b8] 10.0.0.199 "GET /allocations/8fde1f70-2647-4bcf-9474-48973ff6faa5" status: 200 len: 19 microversion: 1.28 [pid: 7|app: 0|req: 316/627] 10.0.0.199 () {34 vars in 860 bytes} [Tue Sep 15 12:40:28 2026] GET /allocations/8fde1f70-2647-4bcf-9474-48973ff6faa5 => generated 19 bytes in 34 msecs (HTTP/1.1 200) 8 headers in 295 bytes (1 switches on core 0)
2026-09-15 12:40:28.984 8 INFO placement.requestlog [req-68fb769c-09c4-423b-bb0d-aa133e7fddbb req-59359116-07ab-4d56-a408-8a707631b835 8e63fadb5c5f4ee69e31b8ef1b3d68a5 83aad5281e1741c6ab83c237b073ab22 - - ccf486d235bd4cca8ba82375092f09b8 ccf486d235bd4cca8ba82375092f09b8] 10.0.0.199 "PUT /allocations/8fde1f70-2647-4bcf-9474-48973ff6faa5" status: 204 len: 0 microversion: 1.36 [pid: 8|app: 0|req: 312/628] 10.0.0.199 () {38 vars in 913 bytes} [Tue Sep 15 12:40:28 2026] PUT /allocations/8fde1f70-2647-4bcf-9474-48973ff6faa5 => generated 0 bytes in 80 msecs (HTTP/1.1 204) 5 headers in 199 bytes (1 switches on core 0)
2026-09-15 12:40:29.415 7 INFO placement.requestlog [req-68fb769c-09c4-423b-bb0d-aa133e7fddbb req-9992efe3-c7f1-46c1-b015-ebc772a40869 8e63fadb5c5f4ee69e31b8ef1b3d68a5 83aad5281e1741c6ab83c237b073ab22 - - ccf486d235bd4cca8ba82375092f09b8 ccf486d235bd4cca8ba82375092f09b8] 162.253.55.107 "GET /allocations/8fde1f70-2647-4bcf-9474-48973ff6faa5" status: 200 len: 243 microversion: 1.28 [pid: 7|app: 0|req: 317/629] 162.253.55.107 () {34 vars in 862 bytes} [Tue Sep 15 12:40:29 2026] GET /allocations/8fde1f70-2647-4bcf-9474-48973ff6faa5 => generated 243 bytes in 12 msecs (HTTP/1.1 200) 8 headers in 296 bytes (1 switches on core 0)
2026-09-15 12:40:29.580 8 INFO placement.requestlog [req-68fb769c-09c4-423b-bb0d-aa133e7fddbb req-505a94fc-2d16-4dca-8c55-e2d34f9731b0 8e63fadb5c5f4ee69e31b8ef1b3d68a5 83aad5281e1741c6ab83c237b073ab22 - - ccf486d235bd4cca8ba82375092f09b8 ccf486d235bd4cca8ba82375092f09b8] 162.253.55.107 "GET /resource_providers/33f40d2d-a7d0-4223-a86c-159aba4477e8/allocations" status: 200 len: 138 microversion: 1.0 [pid: 8|app: 0|req: 313/630] 162.253.55.107 () {32 vars in 856 bytes} [Tue Sep 15 12:40:29 2026] GET /resource_providers/33f40d2d-a7d0-4223-a86c-159aba4477e8/allocations => generated 138 bytes in 31 msecs (HTTP/1.1 200) 6 headers in 224 bytes (1 switches on core 0)
2026-09-15 12:40:29.606 7 INFO placement.requestlog [req-68fb769c-09c4-423b-bb0d-aa133e7fddbb req-ee759386-6ee5-48f1-a29d-485cc501d5f9 8e63fadb5c5f4ee69e31b8ef1b3d68a5 83aad5281e1741c6ab83c237b073ab22 - - ccf486d235bd4cca8ba82375092f09b8 ccf486d235bd4cca8ba82375092f09b8] 162.253.55.107 "GET /allocations/8fde1f70-2647-4bcf-9474-48973ff6faa5" status: 200 len: 243 microversion: 1.28 [pid: 7|app: 0|req: 318/631] 162.253.55.107 () {34 vars in 862 bytes} [Tue Sep 15 12:40:29 2026] GET /allocations/8fde1f70-2647-4bcf-9474-48973ff6faa5 => generated 243 bytes in 19 msecs (HTTP/1.1 200) 8 headers in 296 bytes (1 switches on core 0)
2026-09-15 12:40:29.645 8 INFO placement.requestlog [None req-7ffc32d9-ca3c-4e9e-8b0e-e62fb0802f87 649c1dcd05064b578a6b8e72944f6364 83aad5281e1741c6ab83c237b073ab22 - - ccf486d235bd4cca8ba82375092f09b8 ccf486d235bd4cca8ba82375092f09b8] 10.0.0.128 "GET /resource_providers/ad9928d5-63ef-4567-9103-79d433deea35/aggregates" status: 404 len: 235 microversion: 1.1 [pid: 8|app: 0|req: 314/632] 10.0.0.128 () {32 vars in 815 bytes} [Tue Sep 15 12:40:29 2026] GET /resource_providers/ad9928d5-63ef-4567-9103-79d433deea35/aggregates => generated 235 bytes in 13 msecs (HTTP/1.1 404) 5 headers in 202 bytes (1 switches on core 0)
2026-09-15 12:40:29.663 7 INFO placement.requestlog [None req-2dc1d80c-d7d7-44ce-b8fb-7f3e11acac28 649c1dcd05064b578a6b8e72944f6364 83aad5281e1741c6ab83c237b073ab22 - - ccf486d235bd4cca8ba82375092f09b8 ccf486d235bd4cca8ba82375092f09b8] 10.0.0.128 "GET /resource_providers/ad9928d5-63ef-4567-9103-79d433deea35/aggregates" status: 404 len: 235 microversion: 1.1 [pid: 7|app: 0|req: 319/633] 10.0.0.128 () {32 vars in 815 bytes} [Tue Sep 15 12:40:29 2026] GET /resource_providers/ad9928d5-63ef-4567-9103-79d433deea35/aggregates => generated 235 bytes in 25 msecs (HTTP/1.1 404) 5 headers in 202 bytes (1 switches on core 0)
2026-09-15 12:40:29.666 8 INFO placement.requestlog [None req-60c6def0-52e2-4109-84fe-d740d2ee814a 649c1dcd05064b578a6b8e72944f6364 83aad5281e1741c6ab83c237b073ab22 - - ccf486d235bd4cca8ba82375092f09b8 ccf486d235bd4cca8ba82375092f09b8] 10.0.0.128 "DELETE /resource_providers/ad9928d5-63ef-4567-9103-79d433deea35" status: 404 len: 246 microversion: 1.1 [pid: 8|app: 0|req: 315/634] 10.0.0.128 () {34 vars in 815 bytes} [Tue Sep 15 12:40:29 2026] DELETE /resource_providers/ad9928d5-63ef-4567-9103-79d433deea35 => generated 246 bytes in 10 msecs (HTTP/1.1 404) 6 headers in 231 bytes (1 switches on core 0)
2026-09-15 12:40:29.695 7 INFO placement.requestlog [None req-4f7b06c9-61ed-4c9b-9e3a-4524ae3ea9f6 649c1dcd05064b578a6b8e72944f6364 83aad5281e1741c6ab83c237b073ab22 - - ccf486d235bd4cca8ba82375092f09b8 ccf486d235bd4cca8ba82375092f09b8] 10.0.0.128 "DELETE /resource_providers/ad9928d5-63ef-4567-9103-79d433deea35" status: 404 len: 246 microversion: 1.1 [pid: 7|app: 0|req: 320/635] 10.0.0.128 () {34 vars in 815 bytes} [Tue Sep 15 12:40:29 2026] DELETE /resource_providers/ad9928d5-63ef-4567-9103-79d433deea35 => generated 246 bytes in 19 msecs (HTTP/1.1 404) 6 headers in 231 bytes (1 switches on core 0)
2026-09-15 12:40:31.692 8 INFO placement.requestlog [None req-4dfabf56-457d-4a4e-ba06-348e9d294210 649c1dcd05064b578a6b8e72944f6364 83aad5281e1741c6ab83c237b073ab22 - - ccf486d235bd4cca8ba82375092f09b8 ccf486d235bd4cca8ba82375092f09b8] 10.0.0.128 "GET /resource_providers/39a736f0-cd8c-44c2-b038-138d192bbd92/aggregates" status: 404 len: 235 microversion: 1.1 [pid: 8|app: 0|req: 316/636] 10.0.0.128 () {32 vars in 815 bytes} [Tue Sep 15 12:40:31 2026] GET /resource_providers/39a736f0-cd8c-44c2-b038-138d192bbd92/aggregates => generated 235 bytes in 16 msecs (HTTP/1.1 404) 5 headers in 202 bytes (1 switches on core 0)
2026-09-15 12:40:31.714 7 INFO placement.requestlog [None req-de61d6c7-b56a-4853-9bb1-be4d7993adb3 649c1dcd05064b578a6b8e72944f6364 83aad5281e1741c6ab83c237b073ab22 - - ccf486d235bd4cca8ba82375092f09b8 ccf486d235bd4cca8ba82375092f09b8] 10.0.0.128 "DELETE /resource_providers/39a736f0-cd8c-44c2-b038-138d192bbd92" status: 404 len: 246 microversion: 1.1 [pid: 7|app: 0|req: 321/637] 10.0.0.128 () {34 vars in 815 bytes} [Tue Sep 15 12:40:31 2026] DELETE /resource_providers/39a736f0-cd8c-44c2-b038-138d192bbd92 => generated 246 bytes in 18 msecs (HTTP/1.1 404) 6 headers in 231 bytes (1 switches on core 0)
2026-09-15 12:40:32.027 8 INFO placement.requestlog [None req-77835de6-5ed3-4bad-b3b7-6e43ee4b86b5 649c1dcd05064b578a6b8e72944f6364 83aad5281e1741c6ab83c237b073ab22 - - ccf486d235bd4cca8ba82375092f09b8 ccf486d235bd4cca8ba82375092f09b8] 10.0.0.128 "GET /resource_providers/39a736f0-cd8c-44c2-b038-138d192bbd92/aggregates" status: 404 len: 235 microversion: 1.1 [pid: 8|app: 0|req: 317/638] 10.0.0.128 () {32 vars in 815 bytes} [Tue Sep 15 12:40:32 2026] GET /resource_providers/39a736f0-cd8c-44c2-b038-138d192bbd92/aggregates => generated 235 bytes in 14 msecs (HTTP/1.1 404) 5 headers in 202 bytes (1 switches on core 0)
2026-09-15 12:40:32.055 7 INFO placement.requestlog [None req-28cfcd47-02d9-431b-ae9e-c96766180b1b 649c1dcd05064b578a6b8e72944f6364 83aad5281e1741c6ab83c237b073ab22 - - ccf486d235bd4cca8ba82375092f09b8 ccf486d235bd4cca8ba82375092f09b8] 10.0.0.128 "DELETE /resource_providers/39a736f0-cd8c-44c2-b038-138d192bbd92" status: 404 len: 246 microversion: 1.1 [pid: 7|app: 0|req: 322/639] 10.0.0.128 () {34 vars in 815 bytes} [Tue Sep 15 12:40:32 2026] DELETE /resource_providers/39a736f0-cd8c-44c2-b038-138d192bbd92 => generated 246 bytes in 10 msecs (HTTP/1.1 404) 6 headers in 231 bytes (1 switches on core 0)
2026-09-15 12:40:33.684 8 INFO placement.requestlog [None req-def1a879-4aeb-425b-a03f-ec915c5fb215 649c1dcd05064b578a6b8e72944f6364 83aad5281e1741c6ab83c237b073ab22 - - ccf486d235bd4cca8ba82375092f09b8 ccf486d235bd4cca8ba82375092f09b8] 10.0.0.128 "GET /resource_providers/a19a6f94-c1ff-46e1-92df-c294ac4530fc/aggregates" status: 404 len: 235 microversion: 1.1 [pid: 8|app: 0|req: 318/640] 10.0.0.128 () {32 vars in 815 bytes} [Tue Sep 15 12:40:33 2026] GET /resource_providers/a19a6f94-c1ff-46e1-92df-c294ac4530fc/aggregates => generated 235 bytes in 299 msecs (HTTP/1.1 404) 5 headers in 202 bytes (1 switches on core 0)
2026-09-15 12:40:33.714 8 INFO placement.requestlog [None req-f3f8b62b-88f8-45d3-955e-4f2a5f17e293 649c1dcd05064b578a6b8e72944f6364 83aad5281e1741c6ab83c237b073ab22 - - ccf486d235bd4cca8ba82375092f09b8 ccf486d235bd4cca8ba82375092f09b8] 10.0.0.128 "DELETE /resource_providers/a19a6f94-c1ff-46e1-92df-c294ac4530fc" status: 404 len: 246 microversion: 1.1 [pid: 8|app: 0|req: 319/641] 10.0.0.128 () {34 vars in 815 bytes} [Tue Sep 15 12:40:33 2026] DELETE /resource_providers/a19a6f94-c1ff-46e1-92df-c294ac4530fc => generated 246 bytes in 20 msecs (HTTP/1.1 404) 6 headers in 231 bytes (1 switches on core 0)
2026-09-15 12:40:33.715 7 INFO placement.requestlog [None req-5bb4fdda-fef0-4268-964e-d9968bdcfd44 649c1dcd05064b578a6b8e72944f6364 83aad5281e1741c6ab83c237b073ab22 - - ccf486d235bd4cca8ba82375092f09b8 ccf486d235bd4cca8ba82375092f09b8] 10.0.0.128 "GET /resource_providers/a19a6f94-c1ff-46e1-92df-c294ac4530fc/aggregates" status: 404 len: 235 microversion: 1.1 [pid: 7|app: 0|req: 323/642] 10.0.0.128 () {32 vars in 815 bytes} [Tue Sep 15 12:40:33 2026] GET /resource_providers/a19a6f94-c1ff-46e1-92df-c294ac4530fc/aggregates => generated 235 bytes in 292 msecs (HTTP/1.1 404) 5 headers in 202 bytes (1 switches on core 0)
2026-09-15 12:40:33.737 8 INFO placement.requestlog [None req-849ba6c9-874a-4189-ab06-bcfa6aec7e7d 649c1dcd05064b578a6b8e72944f6364 83aad5281e1741c6ab83c237b073ab22 - - ccf486d235bd4cca8ba82375092f09b8 ccf486d235bd4cca8ba82375092f09b8] 10.0.0.128 "DELETE /resource_providers/a19a6f94-c1ff-46e1-92df-c294ac4530fc" status: 404 len: 246 microversion: 1.1 [pid: 8|app: 0|req: 320/643] 10.0.0.128 () {34 vars in 815 bytes} [Tue Sep 15 12:40:33 2026] DELETE /resource_providers/a19a6f94-c1ff-46e1-92df-c294ac4530fc => generated 246 bytes in 13 msecs (HTTP/1.1 404) 6 headers in 231 bytes (1 switches on core 0)
2026-09-15 12:40:34.005 7 INFO placement.requestlog [None req-5f428cdb-c351-437a-96e8-d94341b4323a - - - - - -] 10.0.0.89 "GET /" status: 200 len: 136 microversion: 1.0
2026-09-15 12:40:34.007 8 INFO placement.requestlog [None req-0405f07a-8856-496d-97b0-de2f111ad3fa - - - - - -] 10.0.0.89 "GET /" status: 200 len: 136 microversion: 1.0
2026-09-15 12:40:39.493 7 INFO placement.requestlog [req-080d6f9a-ed53-4d70-aafb-e51e28e83e7f req-213d4e18-a33f-432e-9d11-e369346206f4 8e63fadb5c5f4ee69e31b8ef1b3d68a5 83aad5281e1741c6ab83c237b073ab22 - - ccf486d235bd4cca8ba82375092f09b8 ccf486d235bd4cca8ba82375092f09b8] 10.0.0.199 "GET /allocation_candidates?limit=1000&resources=DISK_GB%3A1%2CMEMORY_MB%3A512%2CVCPU%3A1&root_required=%21COMPUTE_STATUS_DISABLED" status: 200 len: 2219 microversion: 1.36 [pid: 7|app: 0|req: 325/646] 10.0.0.199 () {34 vars in 1011 bytes} [Tue Sep 15 12:40:39 2026] GET /allocation_candidates?limit=1000&resources=DISK_GB%3A1%2CMEMORY_MB%3A512%2CVCPU%3A1&root_required=%21COMPUTE_STATUS_DISABLED => generated 2219 bytes in 70 msecs (HTTP/1.1 200) 8 headers in 297 bytes (1 switches on core 0)
2026-09-15 12:40:39.541 8 INFO placement.requestlog [req-080d6f9a-ed53-4d70-aafb-e51e28e83e7f req-36b52dc2-c9b7-444d-97d3-48a9c1b1f8ad 8e63fadb5c5f4ee69e31b8ef1b3d68a5 83aad5281e1741c6ab83c237b073ab22 - - ccf486d235bd4cca8ba82375092f09b8 ccf486d235bd4cca8ba82375092f09b8] 10.0.0.199 "GET /allocations/a21d7cf0-173b-42cd-91bb-5fee8fd22508" status: 200 len: 19 microversion: 1.28 [pid: 8|app: 0|req: 322/647] 10.0.0.199 () {34 vars in 860 bytes} [Tue Sep 15 12:40:39 2026] GET /allocations/a21d7cf0-173b-42cd-91bb-5fee8fd22508 => generated 19 bytes in 14 msecs (HTTP/1.1 200) 8 headers in 295 bytes (1 switches on core 0)
2026-09-15 12:40:39.680 7 INFO placement.requestlog [req-080d6f9a-ed53-4d70-aafb-e51e28e83e7f req-1ce9d331-439c-47f1-9db8-e91cf6056025 8e63fadb5c5f4ee69e31b8ef1b3d68a5 83aad5281e1741c6ab83c237b073ab22 - - ccf486d235bd4cca8ba82375092f09b8 ccf486d235bd4cca8ba82375092f09b8] 10.0.0.199 "PUT /allocations/a21d7cf0-173b-42cd-91bb-5fee8fd22508" status: 204 len: 0 microversion: 1.36 [pid: 7|app: 0|req: 326/648] 10.0.0.199 () {38 vars in 913 bytes} [Tue Sep 15 12:40:39 2026] PUT /allocations/a21d7cf0-173b-42cd-91bb-5fee8fd22508 => generated 0 bytes in 134 msecs (HTTP/1.1 204) 5 headers in 199 bytes (1 switches on core 0)
2026-09-15 12:40:40.159 8 INFO placement.requestlog [req-080d6f9a-ed53-4d70-aafb-e51e28e83e7f req-f3ad52d7-45cd-4141-87ef-af912274cb4d 8e63fadb5c5f4ee69e31b8ef1b3d68a5 83aad5281e1741c6ab83c237b073ab22 - - ccf486d235bd4cca8ba82375092f09b8 ccf486d235bd4cca8ba82375092f09b8] 162.253.55.107 "GET /allocations/a21d7cf0-173b-42cd-91bb-5fee8fd22508" status: 200 len: 257 microversion: 1.28 [pid: 8|app: 0|req: 323/649] 162.253.55.107 () {34 vars in 862 bytes} [Tue Sep 15 12:40:40 2026] GET /allocations/a21d7cf0-173b-42cd-91bb-5fee8fd22508 => generated 257 bytes in 15 msecs (HTTP/1.1 200) 8 headers in 296 bytes (1 switches on core 0)
2026-09-15 12:40:40.262 7 INFO placement.requestlog [req-080d6f9a-ed53-4d70-aafb-e51e28e83e7f req-b1aafc8a-8465-482d-a328-dc246aeac69d 8e63fadb5c5f4ee69e31b8ef1b3d68a5 83aad5281e1741c6ab83c237b073ab22 - - ccf486d235bd4cca8ba82375092f09b8 ccf486d235bd4cca8ba82375092f09b8] 162.253.55.107 "GET /resource_providers/33f40d2d-a7d0-4223-a86c-159aba4477e8/allocations" status: 200 len: 238 microversion: 1.0 [pid: 7|app: 0|req: 327/650] 162.253.55.107 () {32 vars in 856 bytes} [Tue Sep 15 12:40:40 2026] GET /resource_providers/33f40d2d-a7d0-4223-a86c-159aba4477e8/allocations => generated 238 bytes in 27 msecs (HTTP/1.1 200) 6 headers in 224 bytes (1 switches on core 0)
2026-09-15 12:40:40.287 8 INFO placement.requestlog [req-080d6f9a-ed53-4d70-aafb-e51e28e83e7f req-2515a343-9865-45a7-a32c-649c31db5907 8e63fadb5c5f4ee69e31b8ef1b3d68a5 83aad5281e1741c6ab83c237b073ab22 - - ccf486d235bd4cca8ba82375092f09b8 ccf486d235bd4cca8ba82375092f09b8] 162.253.55.107 "GET /allocations/8fde1f70-2647-4bcf-9474-48973ff6faa5" status: 200 len: 243 microversion: 1.28 [pid: 8|app: 0|req: 324/651] 162.253.55.107 () {34 vars in 862 bytes} [Tue Sep 15 12:40:40 2026] GET /allocations/8fde1f70-2647-4bcf-9474-48973ff6faa5 => generated 243 bytes in 18 msecs (HTTP/1.1 200) 8 headers in 296 bytes (1 switches on core 0)
2026-09-15 12:40:40.311 7 INFO placement.requestlog [req-080d6f9a-ed53-4d70-aafb-e51e28e83e7f req-aa940b74-29e3-4f11-a172-2b92f92cbdb8 8e63fadb5c5f4ee69e31b8ef1b3d68a5 83aad5281e1741c6ab83c237b073ab22 - - ccf486d235bd4cca8ba82375092f09b8 ccf486d235bd4cca8ba82375092f09b8] 162.253.55.107 "GET /allocations/a21d7cf0-173b-42cd-91bb-5fee8fd22508" status: 200 len: 257 microversion: 1.28 [pid: 7|app: 0|req: 328/652] 162.253.55.107 () {34 vars in 862 bytes} [Tue Sep 15 12:40:40 2026] GET /allocations/a21d7cf0-173b-42cd-91bb-5fee8fd22508 => generated 257 bytes in 20 msecs (HTTP/1.1 200) 8 headers in 296 bytes (1 switches on core 0)
2026-09-15 12:40:40.496 8 INFO placement.requestlog [req-3c65ae92-9cda-43fb-a511-eb175ce84d66 req-b6395f40-da91-4d9c-bc24-133d656dbb09 8e63fadb5c5f4ee69e31b8ef1b3d68a5 83aad5281e1741c6ab83c237b073ab22 - - ccf486d235bd4cca8ba82375092f09b8 ccf486d235bd4cca8ba82375092f09b8] 162.253.55.107 "GET /resource_providers/33f40d2d-a7d0-4223-a86c-159aba4477e8/allocations" status: 200 len: 238 microversion: 1.0 [pid: 8|app: 0|req: 325/653] 162.253.55.107 () {32 vars in 856 bytes} [Tue Sep 15 12:40:40 2026] GET /resource_providers/33f40d2d-a7d0-4223-a86c-159aba4477e8/allocations => generated 238 bytes in 26 msecs (HTTP/1.1 200) 6 headers in 224 bytes (1 switches on core 0)
2026-09-15 12:40:40.526 7 INFO placement.requestlog [req-3c65ae92-9cda-43fb-a511-eb175ce84d66 req-b7ee4f48-0369-4059-9fcc-fcd421002810 8e63fadb5c5f4ee69e31b8ef1b3d68a5 83aad5281e1741c6ab83c237b073ab22 - - ccf486d235bd4cca8ba82375092f09b8 ccf486d235bd4cca8ba82375092f09b8] 162.253.55.107 "GET /resource_providers/33f40d2d-a7d0-4223-a86c-159aba4477e8/allocations" status: 200 len: 238 microversion: 1.0 [pid: 7|app: 0|req: 329/654] 162.253.55.107 () {32 vars in 856 bytes} [Tue Sep 15 12:40:40 2026] GET /resource_providers/33f40d2d-a7d0-4223-a86c-159aba4477e8/allocations => generated 238 bytes in 21 msecs (HTTP/1.1 200) 6 headers in 224 bytes (1 switches on core 0)
2026-09-15 12:40:40.549 8 INFO placement.requestlog [req-3c65ae92-9cda-43fb-a511-eb175ce84d66 req-9d77350e-6e15-4afc-b3ab-74b8f20b6947 8e63fadb5c5f4ee69e31b8ef1b3d68a5 83aad5281e1741c6ab83c237b073ab22 - - ccf486d235bd4cca8ba82375092f09b8 ccf486d235bd4cca8ba82375092f09b8] 162.253.55.107 "GET /allocations/8fde1f70-2647-4bcf-9474-48973ff6faa5" status: 200 len: 243 microversion: 1.28 [pid: 8|app: 0|req: 326/655] 162.253.55.107 () {34 vars in 862 bytes} [Tue Sep 15 12:40:40 2026] GET /allocations/8fde1f70-2647-4bcf-9474-48973ff6faa5 => generated 243 bytes in 18 msecs (HTTP/1.1 200) 8 headers in 296 bytes (1 switches on core 0)
2026-09-15 12:40:40.566 7 INFO placement.requestlog [req-3c65ae92-9cda-43fb-a511-eb175ce84d66 req-6bd2e65c-b9ef-4abe-9931-0086453c1b3e 8e63fadb5c5f4ee69e31b8ef1b3d68a5 83aad5281e1741c6ab83c237b073ab22 - - ccf486d235bd4cca8ba82375092f09b8 ccf486d235bd4cca8ba82375092f09b8] 162.253.55.107 "GET /allocations/a21d7cf0-173b-42cd-91bb-5fee8fd22508" status: 200 len: 257 microversion: 1.28 [pid: 7|app: 0|req: 330/656] 162.253.55.107 () {34 vars in 862 bytes} [Tue Sep 15 12:40:40 2026] GET /allocations/a21d7cf0-173b-42cd-91bb-5fee8fd22508 => generated 257 bytes in 13 msecs (HTTP/1.1 200) 8 headers in 296 bytes (1 switches on core 0)
2026-09-15 12:40:44.005 8 INFO placement.requestlog [None req-0861bb54-89d5-4278-9f8c-9df51f7e957c - - - - - -] 10.0.0.89 "GET /" status: 200 len: 136 microversion: 1.0
2026-09-15 12:40:44.006 7 INFO placement.requestlog [None req-faac1e2e-1f30-4e1e-a10c-5882a7d7be50 - - - - - -] 10.0.0.89 "GET /" status: 200 len: 136 microversion: 1.0
2026-09-15 12:40:44.833 8 INFO placement.requestlog [req-0cf4703b-0955-49b5-969e-b50c6d8698ba req-9202788d-2b30-4eeb-854a-3ec5e32febac 8e63fadb5c5f4ee69e31b8ef1b3d68a5 83aad5281e1741c6ab83c237b073ab22 - - ccf486d235bd4cca8ba82375092f09b8 ccf486d235bd4cca8ba82375092f09b8] 162.253.55.107 "GET /resource_providers/33f40d2d-a7d0-4223-a86c-159aba4477e8/allocations" status: 200 len: 238 microversion: 1.0 [pid: 8|app: 0|req: 328/659] 162.253.55.107 () {32 vars in 856 bytes} [Tue Sep 15 12:40:44 2026] GET /resource_providers/33f40d2d-a7d0-4223-a86c-159aba4477e8/allocations => generated 238 bytes in 26 msecs (HTTP/1.1 200) 6 headers in 224 bytes (1 switches on core 0)
2026-09-15 12:40:44.854 7 INFO placement.requestlog [req-0cf4703b-0955-49b5-969e-b50c6d8698ba req-81e6a76b-2fbc-4bf9-85d9-c172e2513343 8e63fadb5c5f4ee69e31b8ef1b3d68a5 83aad5281e1741c6ab83c237b073ab22 - - ccf486d235bd4cca8ba82375092f09b8 ccf486d235bd4cca8ba82375092f09b8] 162.253.55.107 "GET /allocations/8fde1f70-2647-4bcf-9474-48973ff6faa5" status: 200 len: 243 microversion: 1.28 [pid: 7|app: 0|req: 332/660] 162.253.55.107 () {34 vars in 862 bytes} [Tue Sep 15 12:40:44 2026] GET /allocations/8fde1f70-2647-4bcf-9474-48973ff6faa5 => generated 243 bytes in 16 msecs (HTTP/1.1 200) 8 headers in 296 bytes (1 switches on core 0)
2026-09-15 12:40:44.892 8 INFO placement.requestlog [req-0cf4703b-0955-49b5-969e-b50c6d8698ba req-8c5b5def-7a9b-4cf6-9788-d651c43d4323 8e63fadb5c5f4ee69e31b8ef1b3d68a5 83aad5281e1741c6ab83c237b073ab22 - - ccf486d235bd4cca8ba82375092f09b8 ccf486d235bd4cca8ba82375092f09b8] 162.253.55.107 "GET /allocations/a21d7cf0-173b-42cd-91bb-5fee8fd22508" status: 200 len: 257 microversion: 1.28 [pid: 8|app: 0|req: 329/661] 162.253.55.107 () {34 vars in 862 bytes} [Tue Sep 15 12:40:44 2026] GET /allocations/a21d7cf0-173b-42cd-91bb-5fee8fd22508 => generated 257 bytes in 25 msecs (HTTP/1.1 200) 8 headers in 296 bytes (1 switches on core 0)
2026-09-15 12:40:45.008 7 INFO placement.requestlog [req-0cf4703b-0955-49b5-969e-b50c6d8698ba req-32f72b79-1341-4a4f-844e-01a9ea865296 8e63fadb5c5f4ee69e31b8ef1b3d68a5 83aad5281e1741c6ab83c237b073ab22 - - ccf486d235bd4cca8ba82375092f09b8 ccf486d235bd4cca8ba82375092f09b8] 162.253.55.107 "DELETE /allocations/8fde1f70-2647-4bcf-9474-48973ff6faa5" status: 204 len: 0 microversion: 1.0 [pid: 7|app: 0|req: 333/662] 162.253.55.107 () {34 vars in 840 bytes} [Tue Sep 15 12:40:44 2026] DELETE /allocations/8fde1f70-2647-4bcf-9474-48973ff6faa5 => generated 0 bytes in 32 msecs (HTTP/1.1 204) 5 headers in 198 bytes (1 switches on core 0)
2026-09-15 12:40:48.653 8 INFO placement.requestlog [None req-2d472822-b1e6-4051-ba31-db1a61e7678f 649c1dcd05064b578a6b8e72944f6364 83aad5281e1741c6ab83c237b073ab22 - - ccf486d235bd4cca8ba82375092f09b8 ccf486d235bd4cca8ba82375092f09b8] 10.0.0.128 "GET /resource_providers/a05f5205-ced8-43e3-b9b2-cfcfebc94918/aggregates" status: 404 len: 235 microversion: 1.1 [pid: 8|app: 0|req: 330/663] 10.0.0.128 () {32 vars in 815 bytes} [Tue Sep 15 12:40:48 2026] GET /resource_providers/a05f5205-ced8-43e3-b9b2-cfcfebc94918/aggregates => generated 235 bytes in 15 msecs (HTTP/1.1 404) 5 headers in 202 bytes (1 switches on core 0)
2026-09-15 12:40:48.659 7 INFO placement.requestlog [None req-f185e687-0126-4b8a-a16d-1f0445f4d418 649c1dcd05064b578a6b8e72944f6364 83aad5281e1741c6ab83c237b073ab22 - - ccf486d235bd4cca8ba82375092f09b8 ccf486d235bd4cca8ba82375092f09b8] 10.0.0.128 "GET /resource_providers/a05f5205-ced8-43e3-b9b2-cfcfebc94918/aggregates" status: 404 len: 235 microversion: 1.1 [pid: 7|app: 0|req: 334/664] 10.0.0.128 () {32 vars in 815 bytes} [Tue Sep 15 12:40:48 2026] GET /resource_providers/a05f5205-ced8-43e3-b9b2-cfcfebc94918/aggregates => generated 235 bytes in 20 msecs (HTTP/1.1 404) 5 headers in 202 bytes (1 switches on core 0)
2026-09-15 12:40:48.675 8 INFO placement.requestlog [None req-217dbde1-18db-4810-ad96-633cb9d8d117 649c1dcd05064b578a6b8e72944f6364 83aad5281e1741c6ab83c237b073ab22 - - ccf486d235bd4cca8ba82375092f09b8 ccf486d235bd4cca8ba82375092f09b8] 10.0.0.128 "DELETE /resource_providers/a05f5205-ced8-43e3-b9b2-cfcfebc94918" status: 404 len: 246 microversion: 1.1 [pid: 8|app: 0|req: 331/665] 10.0.0.128 () {34 vars in 815 bytes} [Tue Sep 15 12:40:48 2026] DELETE /resource_providers/a05f5205-ced8-43e3-b9b2-cfcfebc94918 => generated 246 bytes in 15 msecs (HTTP/1.1 404) 6 headers in 231 bytes (1 switches on core 0)
2026-09-15 12:40:48.677 7 INFO placement.requestlog [None req-16547727-faee-4c60-bf2f-f726319121e8 649c1dcd05064b578a6b8e72944f6364 83aad5281e1741c6ab83c237b073ab22 - - ccf486d235bd4cca8ba82375092f09b8 ccf486d235bd4cca8ba82375092f09b8] 10.0.0.128 "DELETE /resource_providers/a05f5205-ced8-43e3-b9b2-cfcfebc94918" status: 404 len: 246 microversion: 1.1 [pid: 7|app: 0|req: 335/666] 10.0.0.128 () {34 vars in 815 bytes} [Tue Sep 15 12:40:48 2026] DELETE /resource_providers/a05f5205-ced8-43e3-b9b2-cfcfebc94918 => generated 246 bytes in 14 msecs (HTTP/1.1 404) 6 headers in 231 bytes (1 switches on core 0)
2026-09-15 12:40:52.083 8 INFO placement.requestlog [None req-85a8506f-d065-4477-81bf-4685d9717c56 649c1dcd05064b578a6b8e72944f6364 83aad5281e1741c6ab83c237b073ab22 - - ccf486d235bd4cca8ba82375092f09b8 ccf486d235bd4cca8ba82375092f09b8] 10.0.0.128 "GET /resource_providers/18a213d2-2ff5-4dc5-9fbb-d837b6cbfd54/aggregates" status: 404 len: 235 microversion: 1.1 [pid: 8|app: 0|req: 332/667] 10.0.0.128 () {32 vars in 815 bytes} [Tue Sep 15 12:40:52 2026] GET /resource_providers/18a213d2-2ff5-4dc5-9fbb-d837b6cbfd54/aggregates => generated 235 bytes in 13 msecs (HTTP/1.1 404) 5 headers in 202 bytes (1 switches on core 0)
2026-09-15 12:40:52.092 7 INFO placement.requestlog [None req-4a0e6e5e-16e5-4fa8-a068-5928f29c9ed5 649c1dcd05064b578a6b8e72944f6364 83aad5281e1741c6ab83c237b073ab22 - - ccf486d235bd4cca8ba82375092f09b8 ccf486d235bd4cca8ba82375092f09b8] 10.0.0.128 "GET /resource_providers/18a213d2-2ff5-4dc5-9fbb-d837b6cbfd54/aggregates" status: 404 len: 235 microversion: 1.1 [pid: 7|app: 0|req: 336/668] 10.0.0.128 () {32 vars in 815 bytes} [Tue Sep 15 12:40:52 2026] GET /resource_providers/18a213d2-2ff5-4dc5-9fbb-d837b6cbfd54/aggregates => generated 235 bytes in 17 msecs (HTTP/1.1 404) 5 headers in 202 bytes (1 switches on core 0)
2026-09-15 12:40:52.108 7 INFO placement.requestlog [None req-298b4d63-9784-4191-809f-c4372988b763 649c1dcd05064b578a6b8e72944f6364 83aad5281e1741c6ab83c237b073ab22 - - ccf486d235bd4cca8ba82375092f09b8 ccf486d235bd4cca8ba82375092f09b8] 10.0.0.128 "DELETE /resource_providers/18a213d2-2ff5-4dc5-9fbb-d837b6cbfd54" status: 404 len: 246 microversion: 1.1 [pid: 7|app: 0|req: 337/669] 10.0.0.128 () {34 vars in 815 bytes} [Tue Sep 15 12:40:52 2026] DELETE /resource_providers/18a213d2-2ff5-4dc5-9fbb-d837b6cbfd54 => generated 246 bytes in 10 msecs (HTTP/1.1 404) 6 headers in 231 bytes (1 switches on core 0)
2026-09-15 12:40:52.116 8 INFO placement.requestlog [None req-fde57753-8d02-4143-a9f5-f37c30f7af6f 649c1dcd05064b578a6b8e72944f6364 83aad5281e1741c6ab83c237b073ab22 - - ccf486d235bd4cca8ba82375092f09b8 ccf486d235bd4cca8ba82375092f09b8] 10.0.0.128 "DELETE /resource_providers/18a213d2-2ff5-4dc5-9fbb-d837b6cbfd54" status: 404 len: 246 microversion: 1.1 [pid: 8|app: 0|req: 333/670] 10.0.0.128 () {34 vars in 815 bytes} [Tue Sep 15 12:40:52 2026] DELETE /resource_providers/18a213d2-2ff5-4dc5-9fbb-d837b6cbfd54 => generated 246 bytes in 19 msecs (HTTP/1.1 404) 6 headers in 231 bytes (1 switches on core 0)
2026-09-15 12:40:54.005 7 INFO placement.requestlog [None req-797f0966-2c00-4be7-9bc4-313037cb1ed1 - - - - - -] 10.0.0.89 "GET /" status: 200 len: 136 microversion: 1.0
2026-09-15 12:40:54.005 8 INFO placement.requestlog [None req-192008a6-c4e6-4fdb-ab22-82dd57b30022 - - - - - -] 10.0.0.89 "GET /" status: 200 len: 136 microversion: 1.0
2026-09-15 12:41:00.989 8 INFO placement.requestlog [req-08fe687f-d601-40ed-a12c-09d50e0f9501 req-3c096d6f-e436-4b0c-b240-4e58eab8331a 8e63fadb5c5f4ee69e31b8ef1b3d68a5 83aad5281e1741c6ab83c237b073ab22 - - ccf486d235bd4cca8ba82375092f09b8 ccf486d235bd4cca8ba82375092f09b8] 10.0.0.199 "GET /allocation_candidates?limit=1000&resources=DISK_GB%3A1%2CMEMORY_MB%3A512%2CVCPU%3A1&root_required=%21COMPUTE_STATUS_DISABLED" status: 200 len: 2219 microversion: 1.36 [pid: 8|app: 0|req: 335/673] 10.0.0.199 () {34 vars in 1011 bytes} [Tue Sep 15 12:41:00 2026] GET /allocation_candidates?limit=1000&resources=DISK_GB%3A1%2CMEMORY_MB%3A512%2CVCPU%3A1&root_required=%21COMPUTE_STATUS_DISABLED => generated 2219 bytes in 75 msecs (HTTP/1.1 200) 8 headers in 297 bytes (1 switches on core 0)
2026-09-15 12:41:01.024 7 INFO placement.requestlog [req-08fe687f-d601-40ed-a12c-09d50e0f9501 req-a1874b7a-9470-420a-a1cd-bc861c540b68 8e63fadb5c5f4ee69e31b8ef1b3d68a5 83aad5281e1741c6ab83c237b073ab22 - - ccf486d235bd4cca8ba82375092f09b8 ccf486d235bd4cca8ba82375092f09b8] 10.0.0.199 "GET /allocations/9e8e5492-8d24-4548-9430-e4b9a87c9cda" status: 200 len: 19 microversion: 1.28 [pid: 7|app: 0|req: 339/674] 10.0.0.199 () {34 vars in 860 bytes} [Tue Sep 15 12:41:01 2026] GET /allocations/9e8e5492-8d24-4548-9430-e4b9a87c9cda => generated 19 bytes in 8 msecs (HTTP/1.1 200) 8 headers in 295 bytes (1 switches on core 0)
2026-09-15 12:41:01.107 8 INFO placement.requestlog [req-08fe687f-d601-40ed-a12c-09d50e0f9501 req-8d550305-8b9e-4df2-ae35-eb6568e252fc 8e63fadb5c5f4ee69e31b8ef1b3d68a5 83aad5281e1741c6ab83c237b073ab22 - - ccf486d235bd4cca8ba82375092f09b8 ccf486d235bd4cca8ba82375092f09b8] 10.0.0.199 "PUT /allocations/9e8e5492-8d24-4548-9430-e4b9a87c9cda" status: 204 len: 0 microversion: 1.36 [pid: 8|app: 0|req: 336/675] 10.0.0.199 () {38 vars in 913 bytes} [Tue Sep 15 12:41:01 2026] PUT /allocations/9e8e5492-8d24-4548-9430-e4b9a87c9cda => generated 0 bytes in 80 msecs (HTTP/1.1 204) 5 headers in 199 bytes (1 switches on core 0)
2026-09-15 12:41:01.347 7 INFO placement.requestlog [req-08fe687f-d601-40ed-a12c-09d50e0f9501 req-bb8d5f74-7ff5-420c-84a7-e1c850d7bfff 8e63fadb5c5f4ee69e31b8ef1b3d68a5 83aad5281e1741c6ab83c237b073ab22 - - ccf486d235bd4cca8ba82375092f09b8 ccf486d235bd4cca8ba82375092f09b8] 162.253.55.107 "GET /allocations/9e8e5492-8d24-4548-9430-e4b9a87c9cda" status: 200 len: 257 microversion: 1.28 [pid: 7|app: 0|req: 340/676] 162.253.55.107 () {34 vars in 862 bytes} [Tue Sep 15 12:41:01 2026] GET /allocations/9e8e5492-8d24-4548-9430-e4b9a87c9cda => generated 257 bytes in 16 msecs (HTTP/1.1 200) 8 headers in 296 bytes (1 switches on core 0)
2026-09-15 12:41:01.465 8 INFO placement.requestlog [req-08fe687f-d601-40ed-a12c-09d50e0f9501 req-bfe205b9-ed05-4b0b-a47e-61ec600e592b 8e63fadb5c5f4ee69e31b8ef1b3d68a5 83aad5281e1741c6ab83c237b073ab22 - - ccf486d235bd4cca8ba82375092f09b8 ccf486d235bd4cca8ba82375092f09b8] 162.253.55.107 "GET /resource_providers/33f40d2d-a7d0-4223-a86c-159aba4477e8/allocations" status: 200 len: 252 microversion: 1.0 [pid: 8|app: 0|req: 337/677] 162.253.55.107 () {32 vars in 856 bytes} [Tue Sep 15 12:41:01 2026] GET /resource_providers/33f40d2d-a7d0-4223-a86c-159aba4477e8/allocations => generated 252 bytes in 11 msecs (HTTP/1.1 200) 6 headers in 224 bytes (1 switches on core 0)
2026-09-15 12:41:01.490 7 INFO placement.requestlog [req-08fe687f-d601-40ed-a12c-09d50e0f9501 req-f5d1b755-e6fa-4bd2-9f40-9e06730615ce 8e63fadb5c5f4ee69e31b8ef1b3d68a5 83aad5281e1741c6ab83c237b073ab22 - - ccf486d235bd4cca8ba82375092f09b8 ccf486d235bd4cca8ba82375092f09b8] 162.253.55.107 "GET /allocations/9e8e5492-8d24-4548-9430-e4b9a87c9cda" status: 200 len: 257 microversion: 1.28 [pid: 7|app: 0|req: 341/678] 162.253.55.107 () {34 vars in 862 bytes} [Tue Sep 15 12:41:01 2026] GET /allocations/9e8e5492-8d24-4548-9430-e4b9a87c9cda => generated 257 bytes in 20 msecs (HTTP/1.1 200) 8 headers in 296 bytes (1 switches on core 0)
2026-09-15 12:41:01.508 8 INFO placement.requestlog [req-08fe687f-d601-40ed-a12c-09d50e0f9501 req-3c33fc73-023a-4ed8-a483-58fde44776c9 8e63fadb5c5f4ee69e31b8ef1b3d68a5 83aad5281e1741c6ab83c237b073ab22 - - ccf486d235bd4cca8ba82375092f09b8 ccf486d235bd4cca8ba82375092f09b8] 162.253.55.107 "GET /allocations/a21d7cf0-173b-42cd-91bb-5fee8fd22508" status: 200 len: 257 microversion: 1.28 [pid: 8|app: 0|req: 338/679] 162.253.55.107 () {34 vars in 862 bytes} [Tue Sep 15 12:41:01 2026] GET /allocations/a21d7cf0-173b-42cd-91bb-5fee8fd22508 => generated 257 bytes in 12 msecs (HTTP/1.1 200) 8 headers in 296 bytes (1 switches on core 0)
2026-09-15 12:41:04.005 7 INFO placement.requestlog [None req-b55d46b2-58e0-49ae-afcf-47ff05d617c2 - - - - - -] 10.0.0.89 "GET /" status: 200 len: 136 microversion: 1.0
2026-09-15 12:41:04.005 8 INFO placement.requestlog [None req-24985b43-fc32-43d4-8973-78a8e9735a3d - - - - - -] 10.0.0.89 "GET /" status: 200 len: 136 microversion: 1.0
2026-09-15 12:41:09.721 7 INFO placement.requestlog [req-4b869f39-9ab5-4977-aff2-f3bb3484cb5a req-37bed3b7-0da5-4470-97d9-54ac2422a246 8e63fadb5c5f4ee69e31b8ef1b3d68a5 83aad5281e1741c6ab83c237b073ab22 - - ccf486d235bd4cca8ba82375092f09b8 ccf486d235bd4cca8ba82375092f09b8] 162.253.55.107 "GET /resource_providers/33f40d2d-a7d0-4223-a86c-159aba4477e8/allocations" status: 200 len: 252 microversion: 1.0 [pid: 7|app: 0|req: 343/682] 162.253.55.107 () {32 vars in 856 bytes} [Tue Sep 15 12:41:09 2026] GET /resource_providers/33f40d2d-a7d0-4223-a86c-159aba4477e8/allocations => generated 252 bytes in 29 msecs (HTTP/1.1 200) 6 headers in 224 bytes (1 switches on core 0)
2026-09-15 12:41:09.747 8 INFO placement.requestlog [req-4b869f39-9ab5-4977-aff2-f3bb3484cb5a req-aeae3494-4b5b-4c23-ba6b-403a33bda346 8e63fadb5c5f4ee69e31b8ef1b3d68a5 83aad5281e1741c6ab83c237b073ab22 - - ccf486d235bd4cca8ba82375092f09b8 ccf486d235bd4cca8ba82375092f09b8] 162.253.55.107 "GET /allocations/9e8e5492-8d24-4548-9430-e4b9a87c9cda" status: 200 len: 257 microversion: 1.28 [pid: 8|app: 0|req: 340/683] 162.253.55.107 () {34 vars in 862 bytes} [Tue Sep 15 12:41:09 2026] GET /allocations/9e8e5492-8d24-4548-9430-e4b9a87c9cda => generated 257 bytes in 18 msecs (HTTP/1.1 200) 8 headers in 296 bytes (1 switches on core 0)
2026-09-15 12:41:09.778 7 INFO placement.requestlog [req-4b869f39-9ab5-4977-aff2-f3bb3484cb5a req-c993a74d-7e6e-448c-b218-861a1cff53f0 8e63fadb5c5f4ee69e31b8ef1b3d68a5 83aad5281e1741c6ab83c237b073ab22 - - ccf486d235bd4cca8ba82375092f09b8 ccf486d235bd4cca8ba82375092f09b8] 162.253.55.107 "GET /allocations/a21d7cf0-173b-42cd-91bb-5fee8fd22508" status: 200 len: 257 microversion: 1.28 [pid: 7|app: 0|req: 344/684] 162.253.55.107 () {34 vars in 862 bytes} [Tue Sep 15 12:41:09 2026] GET /allocations/a21d7cf0-173b-42cd-91bb-5fee8fd22508 => generated 257 bytes in 23 msecs (HTTP/1.1 200) 8 headers in 296 bytes (1 switches on core 0)
2026-09-15 12:41:09.915 8 INFO placement.requestlog [req-4b869f39-9ab5-4977-aff2-f3bb3484cb5a req-9d482f92-eadf-4b4e-aeb7-a93a9b55cc62 8e63fadb5c5f4ee69e31b8ef1b3d68a5 83aad5281e1741c6ab83c237b073ab22 - - ccf486d235bd4cca8ba82375092f09b8 ccf486d235bd4cca8ba82375092f09b8] 162.253.55.107 "DELETE /allocations/9e8e5492-8d24-4548-9430-e4b9a87c9cda" status: 204 len: 0 microversion: 1.0 [pid: 8|app: 0|req: 341/685] 162.253.55.107 () {34 vars in 840 bytes} [Tue Sep 15 12:41:09 2026] DELETE /allocations/9e8e5492-8d24-4548-9430-e4b9a87c9cda => generated 0 bytes in 36 msecs (HTTP/1.1 204) 5 headers in 198 bytes (1 switches on core 0)
2026-09-15 12:41:13.883 8 INFO placement.requestlog [None req-4d0177f3-a856-4d5f-9968-ab74c4fee8dd 649c1dcd05064b578a6b8e72944f6364 83aad5281e1741c6ab83c237b073ab22 - - ccf486d235bd4cca8ba82375092f09b8 ccf486d235bd4cca8ba82375092f09b8] 10.0.0.128 "GET /resource_providers/32ef8834-7be3-443b-822c-fb4b62bbdc91/aggregates" status: 404 len: 235 microversion: 1.1 [pid: 8|app: 0|req: 342/686] 10.0.0.128 () {32 vars in 815 bytes} [Tue Sep 15 12:41:13 2026] GET /resource_providers/32ef8834-7be3-443b-822c-fb4b62bbdc91/aggregates => generated 235 bytes in 18 msecs (HTTP/1.1 404) 5 headers in 202 bytes (1 switches on core 0)
2026-09-15 12:41:13.891 7 INFO placement.requestlog [None req-247e69d5-1aa7-4ba4-acf6-18f0ba8f100e 649c1dcd05064b578a6b8e72944f6364 83aad5281e1741c6ab83c237b073ab22 - - ccf486d235bd4cca8ba82375092f09b8 ccf486d235bd4cca8ba82375092f09b8] 10.0.0.128 "GET /resource_providers/32ef8834-7be3-443b-822c-fb4b62bbdc91/aggregates" status: 404 len: 235 microversion: 1.1 [pid: 7|app: 0|req: 345/687] 10.0.0.128 () {32 vars in 815 bytes} [Tue Sep 15 12:41:13 2026] GET /resource_providers/32ef8834-7be3-443b-822c-fb4b62bbdc91/aggregates => generated 235 bytes in 27 msecs (HTTP/1.1 404) 5 headers in 202 bytes (1 switches on core 0)
2026-09-15 12:41:13.912 8 INFO placement.requestlog [None req-7715dadc-7ef0-4965-97d1-45d0e144fb4c 649c1dcd05064b578a6b8e72944f6364 83aad5281e1741c6ab83c237b073ab22 - - ccf486d235bd4cca8ba82375092f09b8 ccf486d235bd4cca8ba82375092f09b8] 10.0.0.128 "DELETE /resource_providers/32ef8834-7be3-443b-822c-fb4b62bbdc91" status: 404 len: 246 microversion: 1.1 [pid: 8|app: 0|req: 343/688] 10.0.0.128 () {34 vars in 815 bytes} [Tue Sep 15 12:41:13 2026] DELETE /resource_providers/32ef8834-7be3-443b-822c-fb4b62bbdc91 => generated 246 bytes in 12 msecs (HTTP/1.1 404) 6 headers in 231 bytes (1 switches on core 0)
2026-09-15 12:41:13.924 7 INFO placement.requestlog [None req-f0ab9ad0-8416-4334-a8f9-1e10c6733ea2 649c1dcd05064b578a6b8e72944f6364 83aad5281e1741c6ab83c237b073ab22 - - ccf486d235bd4cca8ba82375092f09b8 ccf486d235bd4cca8ba82375092f09b8] 10.0.0.128 "DELETE /resource_providers/32ef8834-7be3-443b-822c-fb4b62bbdc91" status: 404 len: 246 microversion: 1.1 [pid: 7|app: 0|req: 346/689] 10.0.0.128 () {34 vars in 815 bytes} [Tue Sep 15 12:41:13 2026] DELETE /resource_providers/32ef8834-7be3-443b-822c-fb4b62bbdc91 => generated 246 bytes in 9 msecs (HTTP/1.1 404) 6 headers in 231 bytes (1 switches on core 0)
2026-09-15 12:41:14.006 8 INFO placement.requestlog [None req-3b21d10c-f973-4034-a449-80de17c10ed2 - - - - - -] 10.0.0.89 "GET /" status: 200 len: 136 microversion: 1.0
2026-09-15 12:41:14.006 7 INFO placement.requestlog [None req-ebe1865f-2782-485c-8d5c-52735b3142ce - - - - - -] 10.0.0.89 "GET /" status: 200 len: 136 microversion: 1.0
2026-09-15 12:41:16.060 8 INFO placement.requestlog [None req-c52e17f3-47f7-4def-bcea-3fef35bb18d0 649c1dcd05064b578a6b8e72944f6364 83aad5281e1741c6ab83c237b073ab22 - - ccf486d235bd4cca8ba82375092f09b8 ccf486d235bd4cca8ba82375092f09b8] 10.0.0.128 "GET /resource_providers/b264be85-1974-4525-a09f-4934b27549df/aggregates" status: 404 len: 235 microversion: 1.1 [pid: 8|app: 0|req: 345/692] 10.0.0.128 () {32 vars in 815 bytes} [Tue Sep 15 12:41:16 2026] GET /resource_providers/b264be85-1974-4525-a09f-4934b27549df/aggregates => generated 235 bytes in 12 msecs (HTTP/1.1 404) 5 headers in 202 bytes (1 switches on core 0)
2026-09-15 12:41:16.063 7 INFO placement.requestlog [None req-1b182aa8-d9f3-42ab-b013-3aa6cc6bb7de 649c1dcd05064b578a6b8e72944f6364 83aad5281e1741c6ab83c237b073ab22 - - ccf486d235bd4cca8ba82375092f09b8 ccf486d235bd4cca8ba82375092f09b8] 10.0.0.128 "GET /resource_providers/b264be85-1974-4525-a09f-4934b27549df/aggregates" status: 404 len: 235 microversion: 1.1 [pid: 7|app: 0|req: 348/693] 10.0.0.128 () {32 vars in 815 bytes} [Tue Sep 15 12:41:16 2026] GET /resource_providers/b264be85-1974-4525-a09f-4934b27549df/aggregates => generated 235 bytes in 13 msecs (HTTP/1.1 404) 5 headers in 202 bytes (1 switches on core 0)
