Jun 26 01:34:39.649245 np0000183031 devstack@neutron-api.service[103130]: DEBUG neutron_lib.callbacks.manager [None req-b18d19eb-90c1-44ff-a878-59c9df19d90a None None] Subscribe: > network after_create 55550000, False {{(pid=103130) subscribe /opt/stack/data/venv/lib/python3.12/site-packages/neutron_lib/callbacks/manager.py:52}}
Jun 26 01:34:39.649327 np0000183031 devstack@neutron-api.service[103127]: INFO neutron.api.extensions [None req-06488791-08bb-4912-b06c-a6e8dbb6c313 None None] Extension floating-ip-port-forwarding not supported by any of loaded plugins
Jun 26 01:34:39.649357 np0000183031 devstack@neutron-api.service[103130]: DEBUG neutron_lib.callbacks.manager [None req-b18d19eb-90c1-44ff-a878-59c9df19d90a None None] Subscribe: > network after_update 55550000, False {{(pid=103130) subscribe /opt/stack/data/venv/lib/python3.12/site-packages/neutron_lib/callbacks/manager.py:52}}
Jun 26 01:34:39.649420 np0000183031 devstack@neutron-api.service[103127]: DEBUG neutron.api.extensions [None req-06488791-08bb-4912-b06c-a6e8dbb6c313 None None] Loading extension file: floatingip_pools.py {{(pid=103127) _load_all_extensions_from_path /opt/stack/neutron/neutron/api/extensions.py:449}}
Jun 26 01:34:39.649449 np0000183031 devstack@neutron-api.service[103130]: DEBUG neutron_lib.callbacks.manager [None req-b18d19eb-90c1-44ff-a878-59c9df19d90a None None] Subscribe: > network after_delete 55550000, False {{(pid=103130) subscribe /opt/stack/data/venv/lib/python3.12/site-packages/neutron_lib/callbacks/manager.py:52}}
Jun 26 01:34:39.649515 np0000183031 devstack@neutron-api.service[103130]: DEBUG neutron_lib.callbacks.manager [None req-b18d19eb-90c1-44ff-a878-59c9df19d90a None None] Subscribe: > security_group after_create 55550000, False {{(pid=103130) subscribe /opt/stack/data/venv/lib/python3.12/site-packages/neutron_lib/callbacks/manager.py:52}}
Jun 26 01:34:39.649639 np0000183031 devstack@neutron-api.service[103130]: DEBUG neutron_lib.callbacks.manager [None req-b18d19eb-90c1-44ff-a878-59c9df19d90a None None] Subscribe: > security_group after_update 55550000, False {{(pid=103130) subscribe /opt/stack/data/venv/lib/python3.12/site-packages/neutron_lib/callbacks/manager.py:52}}
Jun 26 01:34:39.649693 np0000183031 devstack@neutron-api.service[103127]: DEBUG neutron.api.extensions [None req-06488791-08bb-4912-b06c-a6e8dbb6c313 None None] Ext name="Floating IP Pools Extension" alias="floatingip-pools" description="Provides a floating IP pools API." updated="2018-03-21T10:00:00-00:00" {{(pid=103127) _check_extension /opt/stack/neutron/neutron/api/extensions.py:415}}
Jun 26 01:34:39.649758 np0000183031 devstack@neutron-api.service[103130]: DEBUG neutron_lib.callbacks.manager [None req-b18d19eb-90c1-44ff-a878-59c9df19d90a None None] Subscribe: > security_group after_delete 55550000, False {{(pid=103130) subscribe /opt/stack/data/venv/lib/python3.12/site-packages/neutron_lib/callbacks/manager.py:52}}
Jun 26 01:34:39.649815 np0000183031 devstack@neutron-api.service[103130]: DEBUG neutron_lib.callbacks.manager [None req-b18d19eb-90c1-44ff-a878-59c9df19d90a None None] Subscribe: > security_group_rule after_create 55550000, False {{(pid=103130) subscribe /opt/stack/data/venv/lib/python3.12/site-packages/neutron_lib/callbacks/manager.py:52}}
Jun 26 01:34:39.649873 np0000183031 devstack@neutron-api.service[103127]: INFO neutron.api.extensions [None req-06488791-08bb-4912-b06c-a6e8dbb6c313 None None] Loaded extension: floatingip-pools
Jun 26 01:34:39.649901 np0000183031 devstack@neutron-api.service[103130]: DEBUG neutron_lib.callbacks.manager [None req-b18d19eb-90c1-44ff-a878-59c9df19d90a None None] Subscribe: > security_group_rule after_update 55550000, False {{(pid=103130) subscribe /opt/stack/data/venv/lib/python3.12/site-packages/neutron_lib/callbacks/manager.py:52}}
Jun 26 01:34:39.649996 np0000183031 devstack@neutron-api.service[103127]: DEBUG neutron.api.extensions [None req-06488791-08bb-4912-b06c-a6e8dbb6c313 None None] Loading extension file: ip_allocation.py {{(pid=103127) _load_all_extensions_from_path /opt/stack/neutron/neutron/api/extensions.py:449}}
Jun 26 01:34:39.650025 np0000183031 devstack@neutron-api.service[103130]: DEBUG neutron_lib.callbacks.manager [None req-b18d19eb-90c1-44ff-a878-59c9df19d90a None None] Subscribe: > security_group_rule after_delete 55550000, False {{(pid=103130) subscribe /opt/stack/data/venv/lib/python3.12/site-packages/neutron_lib/callbacks/manager.py:52}}
Jun 26 01:34:39.650140 np0000183031 devstack@neutron-api.service[103130]: DEBUG neutron_lib.callbacks.manager [None req-b18d19eb-90c1-44ff-a878-59c9df19d90a None None] Subscribe: > address_group after_create 55550000, False {{(pid=103130) subscribe /opt/stack/data/venv/lib/python3.12/site-packages/neutron_lib/callbacks/manager.py:52}}
Jun 26 01:34:39.650270 np0000183031 devstack@neutron-api.service[103127]: DEBUG neutron.api.extensions [None req-06488791-08bb-4912-b06c-a6e8dbb6c313 None None] Ext name="IP Allocation" alias="ip_allocation" description="IP allocation extension." updated="2016-06-10T23:00:00-00:00" {{(pid=103127) _check_extension /opt/stack/neutron/neutron/api/extensions.py:415}}
Jun 26 01:34:39.650300 np0000183031 devstack@neutron-api.service[103130]: DEBUG neutron_lib.callbacks.manager [None req-b18d19eb-90c1-44ff-a878-59c9df19d90a None None] Subscribe: > address_group after_update 55550000, False {{(pid=103130) subscribe /opt/stack/data/venv/lib/python3.12/site-packages/neutron_lib/callbacks/manager.py:52}}
Jun 26 01:34:39.650333 np0000183031 devstack@neutron-api.service[103130]: DEBUG neutron_lib.callbacks.manager [None req-b18d19eb-90c1-44ff-a878-59c9df19d90a None None] Subscribe: > address_group after_delete 55550000, False {{(pid=103130) subscribe /opt/stack/data/venv/lib/python3.12/site-packages/neutron_lib/callbacks/manager.py:52}}
Jun 26 01:34:39.650418 np0000183031 devstack@neutron-api.service[103127]: INFO neutron.api.extensions [None req-06488791-08bb-4912-b06c-a6e8dbb6c313 None None] Extension ip_allocation not supported by any of loaded plugins
Jun 26 01:34:39.650445 np0000183031 devstack@neutron-api.service[103130]: DEBUG neutron.plugins.ml2.ovo_rpc [None req-b18d19eb-90c1-44ff-a878-59c9df19d90a None None] ML2 OVO RPC backend initialized. {{(pid=103130) __init__ /opt/stack/neutron/neutron/plugins/ml2/ovo_rpc.py:117}}
Jun 26 01:34:39.650504 np0000183031 devstack@neutron-api.service[103127]: DEBUG neutron.api.extensions [None req-06488791-08bb-4912-b06c-a6e8dbb6c313 None None] Loading extension file: ip_substring_port_filtering.py {{(pid=103127) _load_all_extensions_from_path /opt/stack/neutron/neutron/api/extensions.py:449}}
Jun 26 01:34:39.650738 np0000183031 devstack@neutron-api.service[103127]: DEBUG neutron.api.extensions [None req-06488791-08bb-4912-b06c-a6e8dbb6c313 None None] Ext name="IP address substring filtering" alias="ip-substring-filtering" description="Provides IP address substring filtering when listing ports" updated="2017-11-28T09:00:00-00:00" {{(pid=103127) _check_extension /opt/stack/neutron/neutron/api/extensions.py:415}}
Jun 26 01:34:39.650877 np0000183031 devstack@neutron-api.service[103127]: INFO neutron.api.extensions [None req-06488791-08bb-4912-b06c-a6e8dbb6c313 None None] Extension ip-substring-filtering not supported by any of loaded plugins
Jun 26 01:34:39.650990 np0000183031 devstack@neutron-api.service[103127]: DEBUG neutron.api.extensions [None req-06488791-08bb-4912-b06c-a6e8dbb6c313 None None] Loading extension file: l2_adjacency.py {{(pid=103127) _load_all_extensions_from_path /opt/stack/neutron/neutron/api/extensions.py:449}}
Jun 26 01:34:39.651221 np0000183031 devstack@neutron-api.service[103130]: INFO neutron.quota [None req-b18d19eb-90c1-44ff-a878-59c9df19d90a None None] Loaded quota_driver: .
Jun 26 01:34:39.651275 np0000183031 devstack@neutron-api.service[103127]: DEBUG neutron.api.extensions [None req-06488791-08bb-4912-b06c-a6e8dbb6c313 None None] Ext name="L2 Adjacency" alias="l2_adjacency" description="Display L2 Adjacency for Neutron Networks." updated="2016-04-12T16:00:00-00:00" {{(pid=103127) _check_extension /opt/stack/neutron/neutron/api/extensions.py:415}}
Jun 26 01:34:39.651343 np0000183031 devstack@neutron-api.service[103130]: INFO neutron.plugins.ml2.plugin [None req-b18d19eb-90c1-44ff-a878-59c9df19d90a None None] Modular L2 Plugin initialization complete
Jun 26 01:34:39.651411 np0000183031 devstack@neutron-api.service[103127]: INFO neutron.api.extensions [None req-06488791-08bb-4912-b06c-a6e8dbb6c313 None None] Extension l2_adjacency not supported by any of loaded plugins
Jun 26 01:34:39.651465 np0000183031 devstack@neutron-api.service[103130]: DEBUG neutron.manager [None req-b18d19eb-90c1-44ff-a878-59c9df19d90a None None] Loading services supported by the core plugin {{(pid=103130) _load_services_from_core_plugin /opt/stack/neutron/neutron/manager.py:167}}
Jun 26 01:34:39.651521 np0000183031 devstack@neutron-api.service[103127]: DEBUG neutron.api.extensions [None req-06488791-08bb-4912-b06c-a6e8dbb6c313 None None] Loading extension file: l3.py {{(pid=103127) _load_all_extensions_from_path /opt/stack/neutron/neutron/api/extensions.py:449}}
Jun 26 01:34:39.651587 np0000183031 devstack@neutron-api.service[103130]: INFO neutron.plugins.ml2.managers [None req-b18d19eb-90c1-44ff-a878-59c9df19d90a None None] Got port-security extension from driver 'port_security'
Jun 26 01:34:39.651838 np0000183031 devstack@neutron-api.service[103130]: DEBUG neutron.manager [None req-b18d19eb-90c1-44ff-a878-59c9df19d90a None None] Loading service plugins: ['ovn-router', 'auto_allocate', 'tag', 'timestamp', 'network_ip_availability', 'flavors', 'revisions'] {{(pid=103130) _load_service_plugins /opt/stack/neutron/neutron/manager.py:192}}
Jun 26 01:34:39.651940 np0000183031 devstack@neutron-api.service[103127]: DEBUG neutron.api.extensions [None req-06488791-08bb-4912-b06c-a6e8dbb6c313 None None] Ext name="Neutron L3 Router" alias="router" description="Router abstraction for basic L3 forwarding between L2 Neutron networks and access to external networks via a NAT gateway." updated="2012-07-20T10:00:00-00:00" {{(pid=103127) _check_extension /opt/stack/neutron/neutron/api/extensions.py:415}}
Jun 26 01:34:39.651972 np0000183031 devstack@neutron-api.service[103130]: INFO neutron.manager [None req-b18d19eb-90c1-44ff-a878-59c9df19d90a None None] Loading Plugin: ovn-router
Jun 26 01:34:39.652172 np0000183031 devstack@neutron-api.service[103127]: INFO neutron.api.extensions [None req-06488791-08bb-4912-b06c-a6e8dbb6c313 None None] Loaded extension: router
Jun 26 01:34:39.652264 np0000183031 devstack@neutron-api.service[103127]: DEBUG neutron.api.extensions [None req-06488791-08bb-4912-b06c-a6e8dbb6c313 None None] Loading extension file: l3_agent_scheduler_ha_chassis_priority.py {{(pid=103127) _load_all_extensions_from_path /opt/stack/neutron/neutron/api/extensions.py:449}}
Jun 26 01:34:39.652474 np0000183031 devstack@neutron-api.service[103127]: DEBUG neutron.api.extensions [None req-06488791-08bb-4912-b06c-a6e8dbb6c313 None None] Ext name="L3 Agent Scheduler HA Chassis Priority" alias="l3-agent-scheduler-ha-chassis-priority" description="Exposes the HA_Chassis priority in the L3 Agent Scheduler API responses and allows setting priority when scheduling a router to a chassis." updated="2026-03-31T00:00:00-00:00" {{(pid=103127) _check_extension /opt/stack/neutron/neutron/api/extensions.py:415}}
Jun 26 01:34:39.652652 np0000183031 devstack@neutron-api.service[103127]: INFO neutron.api.extensions [None req-06488791-08bb-4912-b06c-a6e8dbb6c313 None None] Loaded extension: l3-agent-scheduler-ha-chassis-priority
Jun 26 01:34:39.652777 np0000183031 devstack@neutron-api.service[103127]: DEBUG neutron.api.extensions [None req-06488791-08bb-4912-b06c-a6e8dbb6c313 None None] Loading extension file: l3_conntrack_helper.py {{(pid=103127) _load_all_extensions_from_path /opt/stack/neutron/neutron/api/extensions.py:449}}
Jun 26 01:34:39.653408 np0000183031 devstack@neutron-api.service[103127]: DEBUG neutron.api.extensions [None req-06488791-08bb-4912-b06c-a6e8dbb6c313 None None] Ext name="L3 Conntrack helper" alias="l3-conntrack-helper" description="Allow adding CT target rules for conntrack helper" updated="2019-04-04T10:00:00-00:00" {{(pid=103127) _check_extension /opt/stack/neutron/neutron/api/extensions.py:415}}
Jun 26 01:34:39.653591 np0000183031 devstack@neutron-api.service[103127]: INFO neutron.api.extensions [None req-06488791-08bb-4912-b06c-a6e8dbb6c313 None None] Extension l3-conntrack-helper not supported by any of loaded plugins
Jun 26 01:34:39.653684 np0000183031 devstack@neutron-api.service[103127]: DEBUG neutron.api.extensions [None req-06488791-08bb-4912-b06c-a6e8dbb6c313 None None] Loading extension file: l3_enable_default_route_bfd.py {{(pid=103127) _load_all_extensions_from_path /opt/stack/neutron/neutron/api/extensions.py:449}}
Jun 26 01:34:39.653930 np0000183031 devstack@neutron-api.service[103127]: DEBUG neutron.api.extensions [None req-06488791-08bb-4912-b06c-a6e8dbb6c313 None None] Ext name="Enable Default Route BFD" alias="enable-default-route-bfd" description="Enables configurable BFD behavior for default routes" updated="2023-02-27T00:00:00-00:00" {{(pid=103127) _check_extension /opt/stack/neutron/neutron/api/extensions.py:415}}
Jun 26 01:34:39.654218 np0000183031 devstack@neutron-api.service[103127]: INFO neutron.api.extensions [None req-06488791-08bb-4912-b06c-a6e8dbb6c313 None None] Loaded extension: enable-default-route-bfd
Jun 26 01:34:39.654312 np0000183031 devstack@neutron-api.service[103127]: DEBUG neutron.api.extensions [None req-06488791-08bb-4912-b06c-a6e8dbb6c313 None None] Loading extension file: l3_enable_default_route_ecmp.py {{(pid=103127) _load_all_extensions_from_path /opt/stack/neutron/neutron/api/extensions.py:449}}
Jun 26 01:34:39.654550 np0000183031 devstack@neutron-api.service[103127]: DEBUG neutron.api.extensions [None req-06488791-08bb-4912-b06c-a6e8dbb6c313 None None] Ext name="Enable Default Route ECMP" alias="enable-default-route-ecmp" description="Enables configurable ECMP behavior for default routes" updated="2023-02-27T00:00:00-00:00" {{(pid=103127) _check_extension /opt/stack/neutron/neutron/api/extensions.py:415}}
Jun 26 01:34:39.654742 np0000183031 devstack@neutron-api.service[103127]: INFO neutron.api.extensions [None req-06488791-08bb-4912-b06c-a6e8dbb6c313 None None] Loaded extension: enable-default-route-ecmp
Jun 26 01:34:39.654809 np0000183031 devstack@neutron-api.service[103127]: DEBUG neutron.api.extensions [None req-06488791-08bb-4912-b06c-a6e8dbb6c313 None None] Loading extension file: l3_ext_gw_mode.py {{(pid=103127) _load_all_extensions_from_path /opt/stack/neutron/neutron/api/extensions.py:449}}
Jun 26 01:34:39.655036 np0000183031 devstack@neutron-api.service[103127]: DEBUG neutron.api.extensions [None req-06488791-08bb-4912-b06c-a6e8dbb6c313 None None] Ext name="Neutron L3 Configurable external gateway mode" alias="ext-gw-mode" description="Extension of the router abstraction for specifying whether SNAT should occur on the external gateway" updated="2013-03-28T10:00:00-00:00" {{(pid=103127) _check_extension /opt/stack/neutron/neutron/api/extensions.py:415}}
Jun 26 01:34:39.655244 np0000183031 devstack@neutron-api.service[103127]: INFO neutron.api.extensions [None req-06488791-08bb-4912-b06c-a6e8dbb6c313 None None] Loaded extension: ext-gw-mode
Jun 26 01:34:39.655337 np0000183031 devstack@neutron-api.service[103127]: DEBUG neutron.api.extensions [None req-06488791-08bb-4912-b06c-a6e8dbb6c313 None None] Loading extension file: l3_ext_ha_mode.py {{(pid=103127) _load_all_extensions_from_path /opt/stack/neutron/neutron/api/extensions.py:449}}
Jun 26 01:34:39.655580 np0000183031 devstack@neutron-api.service[103127]: DEBUG neutron.api.extensions [None req-06488791-08bb-4912-b06c-a6e8dbb6c313 None None] Ext name="HA Router extension" alias="l3-ha" description="Adds HA capability to routers." updated="2014-04-26T00:00:00-00:00" {{(pid=103127) _check_extension /opt/stack/neutron/neutron/api/extensions.py:415}}
Jun 26 01:34:39.655752 np0000183031 devstack@neutron-api.service[103127]: INFO neutron.api.extensions [None req-06488791-08bb-4912-b06c-a6e8dbb6c313 None None] Loaded extension: l3-ha
Jun 26 01:34:39.655843 np0000183031 devstack@neutron-api.service[103127]: DEBUG neutron.api.extensions [None req-06488791-08bb-4912-b06c-a6e8dbb6c313 None None] Loading extension file: l3_ext_ndp_proxy.py {{(pid=103127) _load_all_extensions_from_path /opt/stack/neutron/neutron/api/extensions.py:449}}
Jun 26 01:34:39.657154 np0000183031 devstack@neutron-api.service[103127]: DEBUG neutron.api.extensions [None req-06488791-08bb-4912-b06c-a6e8dbb6c313 None None] Ext name="Router support to enable NDP proxy" alias="l3-ext-ndp-proxy" description="Router extension to enable ndp proxy" updated="2020-08-25T00:00:00-00:00" {{(pid=103127) _check_extension /opt/stack/neutron/neutron/api/extensions.py:415}}
Jun 26 01:34:39.657345 np0000183031 devstack@neutron-api.service[103127]: INFO neutron.api.extensions [None req-06488791-08bb-4912-b06c-a6e8dbb6c313 None None] Extension l3-ext-ndp-proxy not supported by any of loaded plugins
Jun 26 01:34:39.657439 np0000183031 devstack@neutron-api.service[103127]: DEBUG neutron.api.extensions [None req-06488791-08bb-4912-b06c-a6e8dbb6c313 None None] Loading extension file: l3_extra_gws.py {{(pid=103127) _load_all_extensions_from_path /opt/stack/neutron/neutron/api/extensions.py:449}}
Jun 26 01:34:39.657682 np0000183031 devstack@neutron-api.service[103127]: DEBUG neutron.api.extensions [None req-06488791-08bb-4912-b06c-a6e8dbb6c313 None None] Ext name="Neutron L3 External Gateway Multihoming" alias="external-gateway-multihoming" description="Allow multiple external gateway ports per router" updated="2023-01-18T00:00:00-00:00" {{(pid=103127) _check_extension /opt/stack/neutron/neutron/api/extensions.py:415}}
Jun 26 01:34:39.657855 np0000183031 devstack@neutron-api.service[103127]: INFO neutron.api.extensions [None req-06488791-08bb-4912-b06c-a6e8dbb6c313 None None] Loaded extension: external-gateway-multihoming
Jun 26 01:34:39.657940 np0000183031 devstack@neutron-api.service[103127]: DEBUG neutron.api.extensions [None req-06488791-08bb-4912-b06c-a6e8dbb6c313 None None] Loading extension file: l3_flavors.py {{(pid=103127) _load_all_extensions_from_path /opt/stack/neutron/neutron/api/extensions.py:449}}
Jun 26 01:34:39.658205 np0000183031 devstack@neutron-api.service[103127]: DEBUG neutron.api.extensions [None req-06488791-08bb-4912-b06c-a6e8dbb6c313 None None] Ext name="Router Flavor Extension" alias="l3-flavors" description="Flavor support for routers." updated="2016-05-17T00:00:00-00:00" {{(pid=103127) _check_extension /opt/stack/neutron/neutron/api/extensions.py:415}}
Jun 26 01:34:39.658373 np0000183031 devstack@neutron-api.service[103127]: INFO neutron.api.extensions [None req-06488791-08bb-4912-b06c-a6e8dbb6c313 None None] Loaded extension: l3-flavors
Jun 26 01:34:39.658464 np0000183031 devstack@neutron-api.service[103127]: DEBUG neutron.api.extensions [None req-06488791-08bb-4912-b06c-a6e8dbb6c313 None None] Loading extension file: l3_ndp_proxy.py {{(pid=103127) _load_all_extensions_from_path /opt/stack/neutron/neutron/api/extensions.py:449}}
Jun 26 01:34:39.658786 np0000183031 devstack@neutron-api.service[103127]: DEBUG neutron.api.extensions [None req-06488791-08bb-4912-b06c-a6e8dbb6c313 None None] Ext name="name" alias="l3-ndp-proxy" description="description" updated="2021-06-29T10:00:00-00:00" {{(pid=103127) _check_extension /opt/stack/neutron/neutron/api/extensions.py:415}}
Jun 26 01:34:39.658958 np0000183031 devstack@neutron-api.service[103127]: INFO neutron.api.extensions [None req-06488791-08bb-4912-b06c-a6e8dbb6c313 None None] Extension l3-ndp-proxy not supported by any of loaded plugins
Jun 26 01:34:39.659049 np0000183031 devstack@neutron-api.service[103127]: DEBUG neutron.api.extensions [None req-06488791-08bb-4912-b06c-a6e8dbb6c313 None None] Loading extension file: l3_port_ip_change_not_allowed.py {{(pid=103127) _load_all_extensions_from_path /opt/stack/neutron/neutron/api/extensions.py:449}}
Jun 26 01:34:39.659292 np0000183031 devstack@neutron-api.service[103127]: DEBUG neutron.api.extensions [None req-06488791-08bb-4912-b06c-a6e8dbb6c313 None None] Ext name="Prevent L3 router ports IP address change extension" alias="l3-port-ip-change-not-allowed" description="Prevent change of IP address for some L3 router ports" updated="2018-10-09T10:00:00-00:00" {{(pid=103127) _check_extension /opt/stack/neutron/neutron/api/extensions.py:415}}
Jun 26 01:34:39.659459 np0000183031 devstack@neutron-api.service[103127]: INFO neutron.api.extensions [None req-06488791-08bb-4912-b06c-a6e8dbb6c313 None None] Extension l3-port-ip-change-not-allowed not supported by any of loaded plugins
Jun 26 01:34:39.659544 np0000183031 devstack@neutron-api.service[103127]: DEBUG neutron.api.extensions [None req-06488791-08bb-4912-b06c-a6e8dbb6c313 None None] Loading extension file: l3agentscheduler.py {{(pid=103127) _load_all_extensions_from_path /opt/stack/neutron/neutron/api/extensions.py:449}}
Jun 26 01:34:39.660245 np0000183031 devstack@neutron-api.service[103127]: DEBUG neutron.api.extensions [None req-06488791-08bb-4912-b06c-a6e8dbb6c313 None None] Ext name="L3 Agent Scheduler" alias="l3_agent_scheduler" description="Schedule routers among l3 agents" updated="2013-02-07T10:00:00-00:00" {{(pid=103127) _check_extension /opt/stack/neutron/neutron/api/extensions.py:415}}
Jun 26 01:34:39.660416 np0000183031 devstack@neutron-api.service[103127]: INFO neutron.api.extensions [None req-06488791-08bb-4912-b06c-a6e8dbb6c313 None None] Loaded extension: l3_agent_scheduler
Jun 26 01:34:39.660508 np0000183031 devstack@neutron-api.service[103127]: DEBUG neutron.api.extensions [None req-06488791-08bb-4912-b06c-a6e8dbb6c313 None None] Loading extension file: local_ip.py {{(pid=103127) _load_all_extensions_from_path /opt/stack/neutron/neutron/api/extensions.py:449}}
Jun 26 01:34:39.660831 np0000183031 devstack@neutron-api.service[103127]: DEBUG neutron.api.extensions [None req-06488791-08bb-4912-b06c-a6e8dbb6c313 None None] Ext name="Local IP" alias="local_ip" description="Support Node Local Virtual IP" updated="2021-07-26T10:00:00-00:00" {{(pid=103127) _check_extension /opt/stack/neutron/neutron/api/extensions.py:415}}
Jun 26 01:34:39.661005 np0000183031 devstack@neutron-api.service[103127]: INFO neutron.api.extensions [None req-06488791-08bb-4912-b06c-a6e8dbb6c313 None None] Extension local_ip not supported by any of loaded plugins
Jun 26 01:34:39.661093 np0000183031 devstack@neutron-api.service[103127]: DEBUG neutron.api.extensions [None req-06488791-08bb-4912-b06c-a6e8dbb6c313 None None] Loading extension file: logging.py {{(pid=103127) _load_all_extensions_from_path /opt/stack/neutron/neutron/api/extensions.py:449}}
Jun 26 01:34:39.661413 np0000183031 devstack@neutron-api.service[103127]: DEBUG neutron.api.extensions [None req-06488791-08bb-4912-b06c-a6e8dbb6c313 None None] Ext name="Logging API Extension" alias="logging" description="Provides a logging API for resources such as security group and firewall." updated="2017-01-01T10:00:00-00:00" {{(pid=103127) _check_extension /opt/stack/neutron/neutron/api/extensions.py:415}}
Jun 26 01:34:39.661497 np0000183031 devstack@neutron-api.service[103130]: DEBUG neutron_lib.callbacks.manager [None req-b18d19eb-90c1-44ff-a878-59c9df19d90a None None] Subscribe: > router before_delete 55550000, False {{(pid=103130) subscribe /opt/stack/data/venv/lib/python3.12/site-packages/neutron_lib/callbacks/manager.py:52}}
Jun 26 01:34:39.661584 np0000183031 devstack@neutron-api.service[103127]: INFO neutron.api.extensions [None req-06488791-08bb-4912-b06c-a6e8dbb6c313 None None] Extension logging not supported by any of loaded plugins
Jun 26 01:34:39.661630 np0000183031 devstack@neutron-api.service[103130]: DEBUG neutron_lib.callbacks.manager [None req-b18d19eb-90c1-44ff-a878-59c9df19d90a None None] Subscribe: port before_update 55550000, False {{(pid=103130) subscribe /opt/stack/data/venv/lib/python3.12/site-packages/neutron_lib/callbacks/manager.py:52}}
Jun 26 01:34:39.661670 np0000183031 devstack@neutron-api.service[103127]: DEBUG neutron.api.extensions [None req-06488791-08bb-4912-b06c-a6e8dbb6c313 None None] Loading extension file: metering.py {{(pid=103127) _load_all_extensions_from_path /opt/stack/neutron/neutron/api/extensions.py:449}}
Jun 26 01:34:39.661738 np0000183031 devstack@neutron-api.service[103130]: DEBUG neutron_lib.callbacks.manager [None req-b18d19eb-90c1-44ff-a878-59c9df19d90a None None] Subscribe: port after_update 55550000, False {{(pid=103130) subscribe /opt/stack/data/venv/lib/python3.12/site-packages/neutron_lib/callbacks/manager.py:52}}
Jun 26 01:34:39.661846 np0000183031 devstack@neutron-api.service[103130]: DEBUG neutron_lib.callbacks.manager [None req-b18d19eb-90c1-44ff-a878-59c9df19d90a None None] Subscribe: > port precommit_delete 55550000, False {{(pid=103130) subscribe /opt/stack/data/venv/lib/python3.12/site-packages/neutron_lib/callbacks/manager.py:52}}
Jun 26 01:34:39.661954 np0000183031 devstack@neutron-api.service[103130]: DEBUG neutron_lib.callbacks.manager [None req-b18d19eb-90c1-44ff-a878-59c9df19d90a None None] Subscribe: port before_update 55550000, False {{(pid=103130) subscribe /opt/stack/data/venv/lib/python3.12/site-packages/neutron_lib/callbacks/manager.py:52}}
Jun 26 01:34:39.662017 np0000183031 devstack@neutron-api.service[103127]: DEBUG neutron.api.extensions [None req-06488791-08bb-4912-b06c-a6e8dbb6c313 None None] Ext name="Neutron Metering" alias="metering" description="Neutron Metering extension." updated="2013-06-12T10:00:00-00:00" {{(pid=103127) _check_extension /opt/stack/neutron/neutron/api/extensions.py:415}}
Jun 26 01:34:39.662068 np0000183031 devstack@neutron-api.service[103130]: DEBUG neutron_lib.callbacks.manager [None req-b18d19eb-90c1-44ff-a878-59c9df19d90a None None] Subscribe: port before_delete 55550000, False {{(pid=103130) subscribe /opt/stack/data/venv/lib/python3.12/site-packages/neutron_lib/callbacks/manager.py:52}}
Jun 26 01:34:39.662193 np0000183031 devstack@neutron-api.service[103130]: DEBUG neutron_lib.callbacks.manager [None req-b18d19eb-90c1-44ff-a878-59c9df19d90a None None] Subscribe: > router precommit_create 55550000, False {{(pid=103130) subscribe /opt/stack/data/venv/lib/python3.12/site-packages/neutron_lib/callbacks/manager.py:52}}
Jun 26 01:34:39.662237 np0000183031 devstack@neutron-api.service[103127]: INFO neutron.api.extensions [None req-06488791-08bb-4912-b06c-a6e8dbb6c313 None None] Extension metering not supported by any of loaded plugins
Jun 26 01:34:39.662300 np0000183031 devstack@neutron-api.service[103130]: DEBUG neutron_lib.callbacks.manager [None req-b18d19eb-90c1-44ff-a878-59c9df19d90a None None] Subscribe: > router precommit_create 55550000, False {{(pid=103130) subscribe /opt/stack/data/venv/lib/python3.12/site-packages/neutron_lib/callbacks/manager.py:52}}
Jun 26 01:34:39.662343 np0000183031 devstack@neutron-api.service[103127]: DEBUG neutron.api.extensions [None req-06488791-08bb-4912-b06c-a6e8dbb6c313 None None] Loading extension file: metering_source_and_destination_fields.py {{(pid=103127) _load_all_extensions_from_path /opt/stack/neutron/neutron/api/extensions.py:449}}
Jun 26 01:34:39.662392 np0000183031 devstack@neutron-api.service[103130]: DEBUG neutron_lib.callbacks.manager [None req-b18d19eb-90c1-44ff-a878-59c9df19d90a None None] Subscribe: > router precommit_update 55550000, False {{(pid=103130) subscribe /opt/stack/data/venv/lib/python3.12/site-packages/neutron_lib/callbacks/manager.py:52}}
Jun 26 01:34:39.662504 np0000183031 devstack@neutron-api.service[103130]: DEBUG neutron_lib.callbacks.manager [None req-b18d19eb-90c1-44ff-a878-59c9df19d90a None None] Subscribe: subnet after_update 55550000, False {{(pid=103130) subscribe /opt/stack/data/venv/lib/python3.12/site-packages/neutron_lib/callbacks/manager.py:52}}
Jun 26 01:34:39.662553 np0000183031 devstack@neutron-api.service[103127]: DEBUG neutron.api.extensions [None req-06488791-08bb-4912-b06c-a6e8dbb6c313 None None] Ext name="Neutron Metering with source and destination filtering" alias="metering_source_and_destination_fields" description="Neutron Metering extension that enables the use of source and destination IP prefixes to create metering label rules." updated="2020-08-21T08:12:00-00:00" {{(pid=103127) _check_extension /opt/stack/neutron/neutron/api/extensions.py:415}}
Jun 26 01:34:39.662702 np0000183031 devstack@neutron-api.service[103130]: DEBUG neutron.quota.resource_registry [None req-b18d19eb-90c1-44ff-a878-59c9df19d90a None None] Tracking information for resource: router configured {{(pid=103130) set_tracked_resource /opt/stack/neutron/neutron/quota/resource_registry.py:203}}
Jun 26 01:34:39.662745 np0000183031 devstack@neutron-api.service[103127]: INFO neutron.api.extensions [None req-06488791-08bb-4912-b06c-a6e8dbb6c313 None None] Extension metering_source_and_destination_fields not supported by any of loaded plugins
Jun 26 01:34:39.662784 np0000183031 devstack@neutron-api.service[103130]: DEBUG neutron.quota.resource_registry [None req-b18d19eb-90c1-44ff-a878-59c9df19d90a None None] Tracking information for resource: floatingip configured {{(pid=103130) set_tracked_resource /opt/stack/neutron/neutron/quota/resource_registry.py:203}}
Jun 26 01:34:39.662825 np0000183031 devstack@neutron-api.service[103127]: DEBUG neutron.api.extensions [None req-06488791-08bb-4912-b06c-a6e8dbb6c313 None None] Loading extension file: multiprovidernet.py {{(pid=103127) _load_all_extensions_from_path /opt/stack/neutron/neutron/api/extensions.py:449}}
Jun 26 01:34:39.662863 np0000183031 devstack@neutron-api.service[103130]: INFO neutron.services.ovn_l3.plugin [None req-b18d19eb-90c1-44ff-a878-59c9df19d90a None None] Starting OVNL3RouterPlugin
Jun 26 01:34:39.663026 np0000183031 devstack@neutron-api.service[103127]: DEBUG neutron.api.extensions [None req-06488791-08bb-4912-b06c-a6e8dbb6c313 None None] Ext name="Multi Provider Network" alias="multi-provider" description="Expose mapping of virtual networks to multiple physical networks" updated="2013-06-27T10:00:00-00:00" {{(pid=103127) _check_extension /opt/stack/neutron/neutron/api/extensions.py:415}}
Jun 26 01:34:39.663076 np0000183031 devstack@neutron-api.service[103130]: DEBUG neutron_lib.callbacks.manager [None req-b18d19eb-90c1-44ff-a878-59c9df19d90a None None] Subscribe: > port_forwarding_plugin after_init 55550000, False {{(pid=103130) subscribe /opt/stack/data/venv/lib/python3.12/site-packages/neutron_lib/callbacks/manager.py:52}}
Jun 26 01:34:39.663212 np0000183031 devstack@neutron-api.service[103127]: INFO neutron.api.extensions [None req-06488791-08bb-4912-b06c-a6e8dbb6c313 None None] Loaded extension: multi-provider
Jun 26 01:34:39.663295 np0000183031 devstack@neutron-api.service[103130]: DEBUG neutron_lib.callbacks.manager [None req-b18d19eb-90c1-44ff-a878-59c9df19d90a None None] Subscribe: > router before_create 55550100, False {{(pid=103130) subscribe /opt/stack/data/venv/lib/python3.12/site-packages/neutron_lib/callbacks/manager.py:52}}
Jun 26 01:34:39.663338 np0000183031 devstack@neutron-api.service[103127]: DEBUG neutron.api.extensions [None req-06488791-08bb-4912-b06c-a6e8dbb6c313 None None] Loading extension file: netmtu.py {{(pid=103127) _load_all_extensions_from_path /opt/stack/neutron/neutron/api/extensions.py:449}}
Jun 26 01:34:39.663405 np0000183031 devstack@neutron-api.service[103130]: DEBUG neutron_lib.callbacks.manager [None req-b18d19eb-90c1-44ff-a878-59c9df19d90a None None] Subscribe: > router precommit_delete 55550100, False {{(pid=103130) subscribe /opt/stack/data/venv/lib/python3.12/site-packages/neutron_lib/callbacks/manager.py:52}}
Jun 26 01:34:39.663511 np0000183031 devstack@neutron-api.service[103130]: DEBUG neutron_lib.callbacks.manager [None req-b18d19eb-90c1-44ff-a878-59c9df19d90a None None] Subscribe: > router precommit_create 55550100, False {{(pid=103130) subscribe /opt/stack/data/venv/lib/python3.12/site-packages/neutron_lib/callbacks/manager.py:52}}
Jun 26 01:34:39.663553 np0000183031 devstack@neutron-api.service[103127]: DEBUG neutron.api.extensions [None req-06488791-08bb-4912-b06c-a6e8dbb6c313 None None] Ext name="Network MTU" alias="net-mtu" description="Provides MTU attribute for a network resource." updated="2015-03-25T10:00:00-00:00" {{(pid=103127) _check_extension /opt/stack/neutron/neutron/api/extensions.py:415}}
Jun 26 01:34:39.663616 np0000183031 devstack@neutron-api.service[103130]: DEBUG neutron_lib.callbacks.manager [None req-b18d19eb-90c1-44ff-a878-59c9df19d90a None None] Subscribe: > router precommit_update 55550100, False {{(pid=103130) subscribe /opt/stack/data/venv/lib/python3.12/site-packages/neutron_lib/callbacks/manager.py:52}}
Jun 26 01:34:39.663683 np0000183031 devstack@neutron-api.service[103127]: INFO neutron.api.extensions [None req-06488791-08bb-4912-b06c-a6e8dbb6c313 None None] Loaded extension: net-mtu
Jun 26 01:34:39.663774 np0000183031 devstack@neutron-api.service[103127]: DEBUG neutron.api.extensions [None req-06488791-08bb-4912-b06c-a6e8dbb6c313 None None] Loading extension file: netmtu_writable.py {{(pid=103127) _load_all_extensions_from_path /opt/stack/neutron/neutron/api/extensions.py:449}}
Jun 26 01:34:39.664004 np0000183031 devstack@neutron-api.service[103127]: DEBUG neutron.api.extensions [None req-06488791-08bb-4912-b06c-a6e8dbb6c313 None None] Ext name="Network MTU (writable)" alias="net-mtu-writable" description="Provides a writable MTU attribute for a network resource." updated="2017-07-12T00:00:00-00:00" {{(pid=103127) _check_extension /opt/stack/neutron/neutron/api/extensions.py:415}}
Jun 26 01:34:39.664181 np0000183031 devstack@neutron-api.service[103127]: INFO neutron.api.extensions [None req-06488791-08bb-4912-b06c-a6e8dbb6c313 None None] Loaded extension: net-mtu-writable
Jun 26 01:34:39.664271 np0000183031 devstack@neutron-api.service[103127]: DEBUG neutron.api.extensions [None req-06488791-08bb-4912-b06c-a6e8dbb6c313 None None] Loading extension file: network_availability_zone.py {{(pid=103127) _load_all_extensions_from_path /opt/stack/neutron/neutron/api/extensions.py:449}}
Jun 26 01:34:39.664522 np0000183031 devstack@neutron-api.service[103127]: DEBUG neutron.api.extensions [None req-06488791-08bb-4912-b06c-a6e8dbb6c313 None None] Ext name="Network Availability Zone" alias="network_availability_zone" description="Availability zone support for network." updated="2015-01-01T10:00:00-00:00" {{(pid=103127) _check_extension /opt/stack/neutron/neutron/api/extensions.py:415}}
Jun 26 01:34:39.664690 np0000183031 devstack@neutron-api.service[103127]: INFO neutron.api.extensions [None req-06488791-08bb-4912-b06c-a6e8dbb6c313 None None] Loaded extension: network_availability_zone
Jun 26 01:34:39.664780 np0000183031 devstack@neutron-api.service[103127]: DEBUG neutron.api.extensions [None req-06488791-08bb-4912-b06c-a6e8dbb6c313 None None] Loading extension file: network_ha.py {{(pid=103127) _load_all_extensions_from_path /opt/stack/neutron/neutron/api/extensions.py:449}}
Jun 26 01:34:39.665000 np0000183031 devstack@neutron-api.service[103127]: DEBUG neutron.api.extensions [None req-06488791-08bb-4912-b06c-a6e8dbb6c313 None None] Ext name="Network HA creation flag" alias="network_ha" description="Network high availability creation flag." updated="2023-04-27T10:00:00-00:00" {{(pid=103127) _check_extension /opt/stack/neutron/neutron/api/extensions.py:415}}
Jun 26 01:34:39.665195 np0000183031 devstack@neutron-api.service[103127]: INFO neutron.api.extensions [None req-06488791-08bb-4912-b06c-a6e8dbb6c313 None None] Extension network_ha not supported by any of loaded plugins
Jun 26 01:34:39.665284 np0000183031 devstack@neutron-api.service[103127]: DEBUG neutron.api.extensions [None req-06488791-08bb-4912-b06c-a6e8dbb6c313 None None] Loading extension file: network_ip_availability.py {{(pid=103127) _load_all_extensions_from_path /opt/stack/neutron/neutron/api/extensions.py:449}}
Jun 26 01:34:39.665533 np0000183031 devstack@neutron-api.service[103127]: DEBUG neutron.api.extensions [None req-06488791-08bb-4912-b06c-a6e8dbb6c313 None None] Ext name="Network IP Availability" alias="network-ip-availability" description="Provides IP availability data for each network and subnet." updated="2015-09-24T00:00:00-00:00" {{(pid=103127) _check_extension /opt/stack/neutron/neutron/api/extensions.py:415}}
Jun 26 01:34:39.665698 np0000183031 devstack@neutron-api.service[103127]: INFO neutron.api.extensions [None req-06488791-08bb-4912-b06c-a6e8dbb6c313 None None] Loaded extension: network-ip-availability
Jun 26 01:34:39.665788 np0000183031 devstack@neutron-api.service[103127]: DEBUG neutron.api.extensions [None req-06488791-08bb-4912-b06c-a6e8dbb6c313 None None] Loading extension file: network_ip_availability_details.py {{(pid=103127) _load_all_extensions_from_path /opt/stack/neutron/neutron/api/extensions.py:449}}
Jun 26 01:34:39.666066 np0000183031 devstack@neutron-api.service[103127]: DEBUG neutron.api.extensions [None req-06488791-08bb-4912-b06c-a6e8dbb6c313 None None] Ext name="Network IP Availability Details Extension" alias="network-ip-availability-details" description="Add ip_availability_details attribute to network-ip-availabilities resource." updated="2025-10-31T00:00:00-00:00" {{(pid=103127) _check_extension /opt/stack/neutron/neutron/api/extensions.py:415}}
Jun 26 01:34:39.666229 np0000183031 devstack@neutron-api.service[103127]: INFO neutron.api.extensions [None req-06488791-08bb-4912-b06c-a6e8dbb6c313 None None] Loaded extension: network-ip-availability-details
Jun 26 01:34:39.666317 np0000183031 devstack@neutron-api.service[103127]: DEBUG neutron.api.extensions [None req-06488791-08bb-4912-b06c-a6e8dbb6c313 None None] Loading extension file: network_segment_range.py {{(pid=103127) _load_all_extensions_from_path /opt/stack/neutron/neutron/api/extensions.py:449}}
Jun 26 01:34:39.666661 np0000183031 devstack@neutron-api.service[103127]: DEBUG neutron.api.extensions [None req-06488791-08bb-4912-b06c-a6e8dbb6c313 None None] Ext name="Neutron Network Segment Range" alias="network-segment-range" description="Provides support for the network segment range management" updated="2018-11-29T00:00:00-00:00" {{(pid=103127) _check_extension /opt/stack/neutron/neutron/api/extensions.py:415}}
Jun 26 01:34:39.666831 np0000183031 devstack@neutron-api.service[103127]: INFO neutron.api.extensions [None req-06488791-08bb-4912-b06c-a6e8dbb6c313 None None] Extension network-segment-range not supported by any of loaded plugins
Jun 26 01:34:39.666922 np0000183031 devstack@neutron-api.service[103127]: DEBUG neutron.api.extensions [None req-06488791-08bb-4912-b06c-a6e8dbb6c313 None None] Loading extension file: pagination.py {{(pid=103127) _load_all_extensions_from_path /opt/stack/neutron/neutron/api/extensions.py:449}}
Jun 26 01:34:39.667031 np0000183031 devstack@neutron-api.service[103130]: DEBUG neutron.services.provider_configuration [None req-b18d19eb-90c1-44ff-a878-59c9df19d90a None None] Service providers = [] {{(pid=103130) parse_service_provider_opt /opt/stack/neutron/neutron/services/provider_configuration.py:170}}
Jun 26 01:34:39.667159 np0000183031 devstack@neutron-api.service[103130]: DEBUG neutron.db.servicetype_db [None req-b18d19eb-90c1-44ff-a878-59c9df19d90a None None] Adding provider configuration for service L3_ROUTER_NAT {{(pid=103130) add_provider_configuration /opt/stack/neutron/neutron/db/servicetype_db.py:45}}
Jun 26 01:34:39.667201 np0000183031 devstack@neutron-api.service[103127]: DEBUG neutron.api.extensions [None req-06488791-08bb-4912-b06c-a6e8dbb6c313 None None] Ext name="Pagination support" alias="pagination" description="Extension that indicates that pagination is enabled." updated="2016-06-12T00:00:00-00:00" {{(pid=103127) _check_extension /opt/stack/neutron/neutron/api/extensions.py:415}}
Jun 26 01:34:39.667255 np0000183031 devstack@neutron-api.service[103127]: INFO neutron.api.extensions [None req-06488791-08bb-4912-b06c-a6e8dbb6c313 None None] Loaded extension: pagination
Jun 26 01:34:39.667343 np0000183031 devstack@neutron-api.service[103127]: DEBUG neutron.api.extensions [None req-06488791-08bb-4912-b06c-a6e8dbb6c313 None None] Loading extension file: port_device_profile.py {{(pid=103127) _load_all_extensions_from_path /opt/stack/neutron/neutron/api/extensions.py:449}}
Jun 26 01:34:39.667570 np0000183031 devstack@neutron-api.service[103127]: DEBUG neutron.api.extensions [None req-06488791-08bb-4912-b06c-a6e8dbb6c313 None None] Ext name="Port device profile" alias="port-device-profile" description="Expose the port device profile (Cyborg)" updated="2020-12-17T10:00:00-00:00" {{(pid=103127) _check_extension /opt/stack/neutron/neutron/api/extensions.py:415}}
Jun 26 01:34:39.667738 np0000183031 devstack@neutron-api.service[103127]: INFO neutron.api.extensions [None req-06488791-08bb-4912-b06c-a6e8dbb6c313 None None] Loaded extension: port-device-profile
Jun 26 01:34:39.667821 np0000183031 devstack@neutron-api.service[103127]: DEBUG neutron.api.extensions [None req-06488791-08bb-4912-b06c-a6e8dbb6c313 None None] Loading extension file: port_hardware_offload_type.py {{(pid=103127) _load_all_extensions_from_path /opt/stack/neutron/neutron/api/extensions.py:449}}
Jun 26 01:34:39.668041 np0000183031 devstack@neutron-api.service[103127]: DEBUG neutron.api.extensions [None req-06488791-08bb-4912-b06c-a6e8dbb6c313 None None] Ext name="Port hardware offload" alias="port-hardware-offload-type" description="Expose port hardware offload extension" updated="2023-05-09T10:00:00-00:00" {{(pid=103127) _check_extension /opt/stack/neutron/neutron/api/extensions.py:415}}
Jun 26 01:34:39.668225 np0000183031 devstack@neutron-api.service[103127]: INFO neutron.api.extensions [None req-06488791-08bb-4912-b06c-a6e8dbb6c313 None None] Extension port-hardware-offload-type not supported by any of loaded plugins
Jun 26 01:34:39.668313 np0000183031 devstack@neutron-api.service[103127]: DEBUG neutron.api.extensions [None req-06488791-08bb-4912-b06c-a6e8dbb6c313 None None] Loading extension file: port_hint_ovs_tx_steering.py {{(pid=103127) _load_all_extensions_from_path /opt/stack/neutron/neutron/api/extensions.py:449}}
Jun 26 01:34:39.668357 np0000183031 devstack@neutron-api.service[103130]: DEBUG neutron_lib.callbacks.manager [None req-b18d19eb-90c1-44ff-a878-59c9df19d90a None None] Subscribe: > router precommit_create 55549900, False {{(pid=103130) subscribe /opt/stack/data/venv/lib/python3.12/site-packages/neutron_lib/callbacks/manager.py:52}}
Jun 26 01:34:39.668432 np0000183031 devstack@neutron-api.service[103130]: DEBUG neutron_lib.callbacks.manager [None req-b18d19eb-90c1-44ff-a878-59c9df19d90a None None] Subscribe: > router_interface after_create 55550000, False {{(pid=103130) subscribe /opt/stack/data/venv/lib/python3.12/site-packages/neutron_lib/callbacks/manager.py:52}}
Jun 26 01:34:39.668537 np0000183031 devstack@neutron-api.service[103127]: DEBUG neutron.api.extensions [None req-06488791-08bb-4912-b06c-a6e8dbb6c313 None None] Ext name="Port hint: Open vSwitch Tx steering" alias="port-hint-ovs-tx-steering" description="Enable Port hint: Open vSwitch Tx steering" updated="2023-01-01T00:00:00-00:00" {{(pid=103127) _check_extension /opt/stack/neutron/neutron/api/extensions.py:415}}
Jun 26 01:34:39.668582 np0000183031 devstack@neutron-api.service[103130]: DEBUG neutron_lib.callbacks.manager [None req-b18d19eb-90c1-44ff-a878-59c9df19d90a None None] Subscribe: > floatingip after_create 55550000, False {{(pid=103130) subscribe /opt/stack/data/venv/lib/python3.12/site-packages/neutron_lib/callbacks/manager.py:52}}
Jun 26 01:34:39.668628 np0000183031 devstack@neutron-api.service[103130]: DEBUG neutron_lib.callbacks.manager [None req-b18d19eb-90c1-44ff-a878-59c9df19d90a None None] Subscribe: > floatingip precommit_create 55550000, False {{(pid=103130) subscribe /opt/stack/data/venv/lib/python3.12/site-packages/neutron_lib/callbacks/manager.py:52}}
Jun 26 01:34:39.668702 np0000183031 devstack@neutron-api.service[103127]: INFO neutron.api.extensions [None req-06488791-08bb-4912-b06c-a6e8dbb6c313 None None] Extension port-hint-ovs-tx-steering not supported by any of loaded plugins
Jun 26 01:34:39.668743 np0000183031 devstack@neutron-api.service[103130]: DEBUG neutron_lib.callbacks.manager [None req-b18d19eb-90c1-44ff-a878-59c9df19d90a None None] Subscribe: > floatingip precommit_update 55550000, False {{(pid=103130) subscribe /opt/stack/data/venv/lib/python3.12/site-packages/neutron_lib/callbacks/manager.py:52}}
Jun 26 01:34:39.668792 np0000183031 devstack@neutron-api.service[103127]: DEBUG neutron.api.extensions [None req-06488791-08bb-4912-b06c-a6e8dbb6c313 None None] Loading extension file: port_hints.py {{(pid=103127) _load_all_extensions_from_path /opt/stack/neutron/neutron/api/extensions.py:449}}
Jun 26 01:34:39.668832 np0000183031 devstack@neutron-api.service[103130]: DEBUG neutron_lib.callbacks.manager [None req-b18d19eb-90c1-44ff-a878-59c9df19d90a None None] Subscribe: > floatingip after_delete 55550000, False {{(pid=103130) subscribe /opt/stack/data/venv/lib/python3.12/site-packages/neutron_lib/callbacks/manager.py:52}}
Jun 26 01:34:39.668926 np0000183031 devstack@neutron-api.service[103130]: DEBUG neutron_lib.callbacks.manager [None req-b18d19eb-90c1-44ff-a878-59c9df19d90a None None] Subscribe: > floatingip after_status_update 55550000, False {{(pid=103130) subscribe /opt/stack/data/venv/lib/python3.12/site-packages/neutron_lib/callbacks/manager.py:52}}
Jun 26 01:34:39.669007 np0000183031 devstack@neutron-api.service[103127]: DEBUG neutron.api.extensions [None req-06488791-08bb-4912-b06c-a6e8dbb6c313 None None] Ext name="Port hints" alias="port-hints" description="Backend specific port hints to allow backend specific tuning" updated="2023-01-01T00:00:00-00:00" {{(pid=103127) _check_extension /opt/stack/neutron/neutron/api/extensions.py:415}}
Jun 26 01:34:39.669049 np0000183031 devstack@neutron-api.service[103130]: DEBUG neutron_lib.callbacks.manager [None req-b18d19eb-90c1-44ff-a878-59c9df19d90a None None] Subscribe: > floatingip after_update 55550000, False {{(pid=103130) subscribe /opt/stack/data/venv/lib/python3.12/site-packages/neutron_lib/callbacks/manager.py:52}}
Jun 26 01:34:39.669136 np0000183031 devstack@neutron-api.service[103130]: DEBUG neutron_lib.callbacks.manager [None req-b18d19eb-90c1-44ff-a878-59c9df19d90a None None] Subscribe: > port_forwarding after_create 55550000, False {{(pid=103130) subscribe /opt/stack/data/venv/lib/python3.12/site-packages/neutron_lib/callbacks/manager.py:52}}
Jun 26 01:34:39.669363 np0000183031 devstack@neutron-api.service[103127]: INFO neutron.api.extensions [None req-06488791-08bb-4912-b06c-a6e8dbb6c313 None None] Extension port-hints not supported by any of loaded plugins
Jun 26 01:34:39.669423 np0000183031 devstack@neutron-api.service[103130]: DEBUG neutron_lib.callbacks.manager [None req-b18d19eb-90c1-44ff-a878-59c9df19d90a None None] Subscribe: > router_interface after_delete 55550000, False {{(pid=103130) subscribe /opt/stack/data/venv/lib/python3.12/site-packages/neutron_lib/callbacks/manager.py:52}}
Jun 26 01:34:39.669470 np0000183031 devstack@neutron-api.service[103127]: DEBUG neutron.api.extensions [None req-06488791-08bb-4912-b06c-a6e8dbb6c313 None None] Loading extension file: port_mac_address_override.py {{(pid=103127) _load_all_extensions_from_path /opt/stack/neutron/neutron/api/extensions.py:449}}
Jun 26 01:34:39.669510 np0000183031 devstack@neutron-api.service[103130]: DEBUG neutron_lib.callbacks.manager [None req-b18d19eb-90c1-44ff-a878-59c9df19d90a None None] Subscribe: > router after_create 55550000, False {{(pid=103130) subscribe /opt/stack/data/venv/lib/python3.12/site-packages/neutron_lib/callbacks/manager.py:52}}
Jun 26 01:34:39.669510 np0000183031 devstack@neutron-api.service[103130]: DEBUG neutron_lib.callbacks.manager [None req-b18d19eb-90c1-44ff-a878-59c9df19d90a None None] Subscribe: > router precommit_create 55550000, False {{(pid=103130) subscribe /opt/stack/data/venv/lib/python3.12/site-packages/neutron_lib/callbacks/manager.py:52}}
Jun 26 01:34:39.669581 np0000183031 devstack@neutron-api.service[103127]: DEBUG neutron.api.extensions [None req-06488791-08bb-4912-b06c-a6e8dbb6c313 None None] Ext name="Neutron Port MAC address override" alias="port-mac-override" description="Allow overriding the MAC address of a direct-physical Port via the active binding profile" updated="2022-03-18T10:00:00-00:00" {{(pid=103127) _check_extension /opt/stack/neutron/neutron/api/extensions.py:415}}
Jun 26 01:34:39.669622 np0000183031 devstack@neutron-api.service[103130]: DEBUG neutron_lib.callbacks.manager [None req-b18d19eb-90c1-44ff-a878-59c9df19d90a None None] Subscribe: > router after_delete 55550000, False {{(pid=103130) subscribe /opt/stack/data/venv/lib/python3.12/site-packages/neutron_lib/callbacks/manager.py:52}}
Jun 26 01:34:39.669622 np0000183031 devstack@neutron-api.service[103130]: DEBUG neutron_lib.callbacks.manager [None req-b18d19eb-90c1-44ff-a878-59c9df19d90a None None] Subscribe: > router after_update 55550000, False {{(pid=103130) subscribe /opt/stack/data/venv/lib/python3.12/site-packages/neutron_lib/callbacks/manager.py:52}}
Jun 26 01:34:39.669710 np0000183031 devstack@neutron-api.service[103127]: INFO neutron.api.extensions [None req-06488791-08bb-4912-b06c-a6e8dbb6c313 None None] Extension port-mac-override not supported by any of loaded plugins
Jun 26 01:34:39.669749 np0000183031 devstack@neutron-api.service[103130]: DEBUG neutron.services.service_base [None req-b18d19eb-90c1-44ff-a878-59c9df19d90a None None] Loaded 'neutron.services.ovn_l3.service_providers.ovn.OvnDriver' provider for service L3_ROUTER_NAT {{(pid=103130) load_drivers /opt/stack/neutron/neutron/services/service_base.py:49}}
