2026-07-02 16:34:14.179 10 WARNING neutron.api.rpc.agentnotifiers.dhcp_rpc_agent_api [None req-65893ab8-b7f0-405a-bac5-fa5ae36f2aae bd546687ec2b430fbb5f47b38dd6b481 69a0e91688254a8eb728dd4e1458b4fa - - default default] Unable to schedule network b8cbce5f-234e-428a-9ca5-37c087fa69c1: no agents available; will retry on subsequent port and subnet creation events.
2026-07-02 16:34:14.211 10 INFO neutron.services.segments.plugin [-] Segment 610adb9b-4f58-43f4-ac7f-643e7abd225f resource provider aggregate not found
2026-07-02 16:34:14.217 10 INFO neutron.services.segments.plugin [-] Segment 610adb9b-4f58-43f4-ac7f-643e7abd225f resource provider aggregate not found
2026-07-02 16:34:14.233 10 INFO neutron.services.segments.plugin [-] Segment 610adb9b-4f58-43f4-ac7f-643e7abd225f resource provider not found; error: Placement Client Error (4xx): {"errors": [{"status": 404, "title": "Not Found", "detail": "The resource could not be found.\n\n No resource provider with uuid 610adb9b-4f58-43f4-ac7f-643e7abd225f found for delete ", "request_id": "req-e75ce341-31b8-4078-ada0-de91ab0ba8ba"}]}
2026-07-02 16:34:14.237 10 INFO neutron.services.segments.plugin [-] Segment 610adb9b-4f58-43f4-ac7f-643e7abd225f resource provider not found; error: Placement Client Error (4xx): {"errors": [{"status": 404, "title": "Not Found", "detail": "The resource could not be found.\n\n No resource provider with uuid 610adb9b-4f58-43f4-ac7f-643e7abd225f found for delete ", "request_id": "req-1c006521-0a24-412b-ac40-f1440cc8d131"}]}
2026-07-02 16:34:14.301 10 INFO neutron.wsgi [None req-a4c3b5d8-dc88-4929-870e-accb0cce1b67 db523673b5724d938fb1e25994e72a01 e2b25ae2edf643bead5a0847c525751a - - default default] 10.0.0.230 "DELETE /v2.0/networks/054835ba-508a-4538-992b-09c8e44f3279 HTTP/1.1" status: 204 len: 168 time: 0.9986241
2026-07-02 16:34:14.346 10 INFO neutron.db.ovn_revision_numbers_db [None req-65893ab8-b7f0-405a-bac5-fa5ae36f2aae bd546687ec2b430fbb5f47b38dd6b481 69a0e91688254a8eb728dd4e1458b4fa - - default default] Successfully bumped revision number for resource a3838364-0663-470c-89af-468a9a256e39 (type: ports) to 1
2026-07-02 16:34:14.370 10 INFO neutron.wsgi [None req-65893ab8-b7f0-405a-bac5-fa5ae36f2aae bd546687ec2b430fbb5f47b38dd6b481 69a0e91688254a8eb728dd4e1458b4fa - - default default] 10.0.0.230 "POST /v2.0/networks HTTP/1.1" status: 201 len: 946 time: 1.6718564
2026-07-02 16:34:14.578 9 WARNING neutron.scheduler.dhcp_agent_scheduler [None req-62e49534-cdb8-4ec2-9f49-3e2fd2a63e58 bd546687ec2b430fbb5f47b38dd6b481 69a0e91688254a8eb728dd4e1458b4fa - - default default] No more DHCP agents
2026-07-02 16:34:14.581 9 WARNING neutron.api.rpc.agentnotifiers.dhcp_rpc_agent_api [None req-62e49534-cdb8-4ec2-9f49-3e2fd2a63e58 bd546687ec2b430fbb5f47b38dd6b481 69a0e91688254a8eb728dd4e1458b4fa - - default default] Unable to schedule network b8cbce5f-234e-428a-9ca5-37c087fa69c1: no agents available; will retry on subsequent port and subnet creation events.
2026-07-02 16:34:14.722 10 INFO neutron.wsgi [None req-f920128b-d575-4355-8d04-85b0ae478177 bd546687ec2b430fbb5f47b38dd6b481 69a0e91688254a8eb728dd4e1458b4fa - - default default] 10.0.0.230 "PUT /v2.0/routers/403f0885-6979-46bd-a655-e82af0a4e6eb/remove_router_interface HTTP/1.1" status: 200 len: 503 time: 1.5505183 /var/lib/openstack/lib/python3.10/site-packages/pycadf/identifier.py:71: UserWarning: Invalid uuid: neutron. To ensure interoperability, identifiers should be a valid uuid. warnings.warn(('Invalid uuid: %s. To ensure interoperability, '
2026-07-02 16:34:14.803 9 INFO neutron.wsgi [None req-78fca5a7-0a04-47e6-bf36-45f6e8d4c869 db523673b5724d938fb1e25994e72a01 e2b25ae2edf643bead5a0847c525751a - - default default] 10.0.0.230 "DELETE /v2.0/networks/2ac9d70f-4ebb-48b9-984b-9de8c9590212 HTTP/1.1" status: 204 len: 168 time: 0.4968832
2026-07-02 16:34:14.942 9 INFO neutron.services.segments.plugin [-] Segment 711f9e88-ad27-4178-b297-d2f42d3e2535 resource provider aggregate not found
2026-07-02 16:34:14.950 9 INFO neutron.services.segments.plugin [-] Segment 711f9e88-ad27-4178-b297-d2f42d3e2535 resource provider aggregate not found
2026-07-02 16:34:14.977 9 INFO neutron.services.segments.plugin [-] Segment 711f9e88-ad27-4178-b297-d2f42d3e2535 resource provider not found; error: Placement Client Error (4xx): {"errors": [{"status": 404, "title": "Not Found", "detail": "The resource could not be found.\n\n No resource provider with uuid 711f9e88-ad27-4178-b297-d2f42d3e2535 found for delete ", "request_id": "req-beda9891-4760-4d46-b12d-2f01c74e2129"}]}
2026-07-02 16:34:14.988 9 INFO neutron.services.segments.plugin [-] Segment 711f9e88-ad27-4178-b297-d2f42d3e2535 resource provider not found; error: Placement Client Error (4xx): {"errors": [{"status": 404, "title": "Not Found", "detail": "The resource could not be found.\n\n No resource provider with uuid 711f9e88-ad27-4178-b297-d2f42d3e2535 found for delete ", "request_id": "req-f13d2a2b-6374-4e9b-a042-5d2fd37bb95e"}]}
2026-07-02 16:34:14.999 9 INFO neutron.services.segments.plugin [-] Segment bc6d8d61-d032-4279-84b6-de8ed7c022e7 resource provider aggregate not found
2026-07-02 16:34:15.008 9 INFO neutron.services.segments.plugin [-] Segment bc6d8d61-d032-4279-84b6-de8ed7c022e7 resource provider aggregate not found
2026-07-02 16:34:15.032 9 INFO neutron.services.segments.plugin [-] Segment bc6d8d61-d032-4279-84b6-de8ed7c022e7 resource provider not found; error: Placement Client Error (4xx): {"errors": [{"status": 404, "title": "Not Found", "detail": "The resource could not be found.\n\n No resource provider with uuid bc6d8d61-d032-4279-84b6-de8ed7c022e7 found for delete ", "request_id": "req-b031875d-11e0-481e-a362-e83e906a4e20"}]}
2026-07-02 16:34:15.036 9 INFO neutron.services.segments.plugin [-] Segment bc6d8d61-d032-4279-84b6-de8ed7c022e7 resource provider not found; error: Placement Client Error (4xx): {"errors": [{"status": 404, "title": "Not Found", "detail": "The resource could not be found.\n\n No resource provider with uuid bc6d8d61-d032-4279-84b6-de8ed7c022e7 found for delete ", "request_id": "req-620e0c0c-f8a0-4d6c-be15-7c2139ed3e56"}]}
2026-07-02 16:34:15.114 9 INFO neutron.db.ovn_revision_numbers_db [None req-740deaa3-7363-47b6-b4f7-234e74f03ec3 bd546687ec2b430fbb5f47b38dd6b481 69a0e91688254a8eb728dd4e1458b4fa - - default default] Successfully bumped revision number for resource b7ce0ead-a042-44c5-a1be-e1bed3f874f2 (type: security_groups) to 1
2026-07-02 16:34:15.141 9 INFO neutron.db.ovn_revision_numbers_db [None req-740deaa3-7363-47b6-b4f7-234e74f03ec3 bd546687ec2b430fbb5f47b38dd6b481 69a0e91688254a8eb728dd4e1458b4fa - - default default] Successfully bumped revision number for resource 075e582c-8703-45b2-b6cd-6a6e9ad78fa0 (type: security_group_rules) to 0
2026-07-02 16:34:15.157 9 INFO neutron.db.ovn_revision_numbers_db [None req-740deaa3-7363-47b6-b4f7-234e74f03ec3 bd546687ec2b430fbb5f47b38dd6b481 69a0e91688254a8eb728dd4e1458b4fa - - default default] Successfully bumped revision number for resource 7a5830e0-9eb8-42f6-929e-148e5c169a81 (type: security_group_rules) to 0
2026-07-02 16:34:15.177 9 INFO neutron.db.ovn_revision_numbers_db [None req-740deaa3-7363-47b6-b4f7-234e74f03ec3 bd546687ec2b430fbb5f47b38dd6b481 69a0e91688254a8eb728dd4e1458b4fa - - default default] Successfully bumped revision number for resource 8990c042-3dd5-4f4d-aa9b-e51b0612faed (type: security_group_rules) to 0
2026-07-02 16:34:15.191 9 INFO neutron.db.ovn_revision_numbers_db [None req-740deaa3-7363-47b6-b4f7-234e74f03ec3 bd546687ec2b430fbb5f47b38dd6b481 69a0e91688254a8eb728dd4e1458b4fa - - default default] Successfully bumped revision number for resource 95b6dd47-63d9-468b-8e5d-5a812a0fdcac (type: security_group_rules) to 0
2026-07-02 16:34:15.222 9 INFO neutron.wsgi [None req-740deaa3-7363-47b6-b4f7-234e74f03ec3 bd546687ec2b430fbb5f47b38dd6b481 69a0e91688254a8eb728dd4e1458b4fa - - default default] 10.0.0.230 "GET /v2.0/security-groups?tenant_id=b57a5b2d9d264fe0ad97e8a014151b62&name=default HTTP/1.1" status: 200 len: 2996 time: 0.5113266
2026-07-02 16:34:15.274 9 INFO neutron.db.ovn_revision_numbers_db [None req-62e49534-cdb8-4ec2-9f49-3e2fd2a63e58 bd546687ec2b430fbb5f47b38dd6b481 69a0e91688254a8eb728dd4e1458b4fa - - default default] Successfully bumped revision number for resource a3838364-0663-470c-89af-468a9a256e39 (type: ports) to 2
2026-07-02 16:34:15.321 9 INFO neutron.db.ovn_revision_numbers_db [None req-62e49534-cdb8-4ec2-9f49-3e2fd2a63e58 bd546687ec2b430fbb5f47b38dd6b481 69a0e91688254a8eb728dd4e1458b4fa - - default default] Successfully bumped revision number for resource cdf7219d-7eb0-4e06-96da-14b7d00916b7 (type: subnets) to 0
2026-07-02 16:34:15.339 9 INFO neutron.wsgi [None req-62e49534-cdb8-4ec2-9f49-3e2fd2a63e58 bd546687ec2b430fbb5f47b38dd6b481 69a0e91688254a8eb728dd4e1458b4fa - - default default] 10.0.0.230 "POST /v2.0/subnets HTTP/1.1" status: 201 len: 866 time: 0.9570982
2026-07-02 16:34:15.367 10 INFO neutron.wsgi [None req-db42e08c-8517-418f-bcf5-fcce2d76f52a bd546687ec2b430fbb5f47b38dd6b481 69a0e91688254a8eb728dd4e1458b4fa - - default default] 10.0.0.230 "DELETE /v2.0/routers/403f0885-6979-46bd-a655-e82af0a4e6eb HTTP/1.1" status: 204 len: 168 time: 0.6408656
2026-07-02 16:34:15.508 9 INFO neutron.wsgi [None req-d9900d5a-b8f3-4923-aad5-7a720c113bb7 bd546687ec2b430fbb5f47b38dd6b481 69a0e91688254a8eb728dd4e1458b4fa - - default default] 10.0.0.230 "GET /v2.0/security-groups?tenant_id=e2b25ae2edf643bead5a0847c525751a&name=default HTTP/1.1" status: 200 len: 2996 time: 0.1924047
2026-07-02 16:34:15.643 9 INFO neutron.wsgi [None req-c4d8660c-a146-47d3-ad36-7dac837eb5ce bd546687ec2b430fbb5f47b38dd6b481 69a0e91688254a8eb728dd4e1458b4fa - - default default] 10.0.0.230 "DELETE /v2.0/security-groups/b7ce0ead-a042-44c5-a1be-e1bed3f874f2 HTTP/1.1" status: 204 len: 168 time: 0.4143703
2026-07-02 16:34:15.711 10 INFO neutron.wsgi [None req-7fcc35ab-c733-4b93-8054-a94f09be4eaf bd546687ec2b430fbb5f47b38dd6b481 69a0e91688254a8eb728dd4e1458b4fa - - default default] 10.0.0.230 "DELETE /v2.0/security-groups/a689ae09-9c1a-49a5-85ed-a1745cc7c26d HTTP/1.1" status: 204 len: 168 time: 0.1961746
2026-07-02 16:34:15.721 9 INFO neutron.wsgi [None req-008238c0-9314-4aa9-bd9e-1966f66ad1aa bd546687ec2b430fbb5f47b38dd6b481 69a0e91688254a8eb728dd4e1458b4fa - - default default] 10.0.0.230 "DELETE /v2.0/subnets/f5a0d856-9e43-4342-8f59-73981f53af63 HTTP/1.1" status: 204 len: 168 time: 0.3481963
2026-07-02 16:34:15.908 9 INFO neutron.db.ovn_revision_numbers_db [None req-26d6e37f-087d-4bf4-9683-520386c118bd bd546687ec2b430fbb5f47b38dd6b481 69a0e91688254a8eb728dd4e1458b4fa - - default default] Successfully bumped revision number for resource a784c75f-a15a-4f46-bc0e-61290e7644dd (type: security_groups) to 1
2026-07-02 16:34:15.932 9 INFO neutron.db.ovn_revision_numbers_db [None req-26d6e37f-087d-4bf4-9683-520386c118bd bd546687ec2b430fbb5f47b38dd6b481 69a0e91688254a8eb728dd4e1458b4fa - - default default] Successfully bumped revision number for resource 17c9c714-2054-4f74-88b9-05eef9c69624 (type: security_group_rules) to 0
2026-07-02 16:34:15.947 9 INFO neutron.db.ovn_revision_numbers_db [None req-26d6e37f-087d-4bf4-9683-520386c118bd bd546687ec2b430fbb5f47b38dd6b481 69a0e91688254a8eb728dd4e1458b4fa - - default default] Successfully bumped revision number for resource 37baf2cd-3bd0-49e3-898f-20b0c5a8c18d (type: security_group_rules) to 0
2026-07-02 16:34:15.978 9 INFO neutron.db.ovn_revision_numbers_db [None req-26d6e37f-087d-4bf4-9683-520386c118bd bd546687ec2b430fbb5f47b38dd6b481 69a0e91688254a8eb728dd4e1458b4fa - - default default] Successfully bumped revision number for resource 6b26c6db-d351-4ee8-9c80-908a40710d7e (type: security_group_rules) to 0
2026-07-02 16:34:15.979 9 WARNING neutron.scheduler.dhcp_agent_scheduler [None req-aa4a21aa-84f5-4ba6-a79f-3bd622d3fe93 bd546687ec2b430fbb5f47b38dd6b481 69a0e91688254a8eb728dd4e1458b4fa - - default default] No more DHCP agents
2026-07-02 16:34:15.983 9 WARNING neutron.api.rpc.agentnotifiers.dhcp_rpc_agent_api [None req-aa4a21aa-84f5-4ba6-a79f-3bd622d3fe93 bd546687ec2b430fbb5f47b38dd6b481 69a0e91688254a8eb728dd4e1458b4fa - - default default] Unable to schedule network ef4ba723-fdef-4075-b61d-e158a362d13f: no agents available; will retry on subsequent port and subnet creation events.
2026-07-02 16:34:16.007 9 INFO neutron.db.ovn_revision_numbers_db [None req-26d6e37f-087d-4bf4-9683-520386c118bd bd546687ec2b430fbb5f47b38dd6b481 69a0e91688254a8eb728dd4e1458b4fa - - default default] Successfully bumped revision number for resource c88341d6-e9bb-4c11-9c40-cfda98ffa53c (type: security_group_rules) to 0
2026-07-02 16:34:16.039 9 INFO neutron.wsgi [None req-26d6e37f-087d-4bf4-9683-520386c118bd bd546687ec2b430fbb5f47b38dd6b481 69a0e91688254a8eb728dd4e1458b4fa - - default default] 10.0.0.230 "GET /v2.0/security-groups?tenant_id=0e112c23883a42e0b94c445a3d656d29&name=default HTTP/1.1" status: 200 len: 2996 time: 0.3146100
2026-07-02 16:34:16.118 10 INFO neutron.wsgi [None req-6ed19457-7525-4e9a-a626-7930bf09ef8a bd546687ec2b430fbb5f47b38dd6b481 69a0e91688254a8eb728dd4e1458b4fa - - default default] 10.0.0.230 "DELETE /v2.0/networks/d99e0c68-e72e-4d8a-a5e2-f1b42f638413 HTTP/1.1" status: 204 len: 168 time: 0.3931134
2026-07-02 16:34:16.252 10 INFO neutron.services.segments.plugin [-] Segment b3ab3b64-a85f-49a7-b200-c02d704d2097 resource provider aggregate not found
2026-07-02 16:34:16.260 10 INFO neutron.services.segments.plugin [-] Segment b3ab3b64-a85f-49a7-b200-c02d704d2097 resource provider aggregate not found
2026-07-02 16:34:16.265 10 INFO neutron.services.segments.plugin [-] Segment b3ab3b64-a85f-49a7-b200-c02d704d2097 resource provider not found; error: Placement Client Error (4xx): {"errors": [{"status": 404, "title": "Not Found", "detail": "The resource could not be found.\n\n No resource provider with uuid b3ab3b64-a85f-49a7-b200-c02d704d2097 found for delete ", "request_id": "req-0df3ade9-74fd-49ac-bb1e-db3ee512d5be"}]}
2026-07-02 16:34:16.273 10 INFO neutron.services.segments.plugin [-] Segment b3ab3b64-a85f-49a7-b200-c02d704d2097 resource provider not found; error: Placement Client Error (4xx): {"errors": [{"status": 404, "title": "Not Found", "detail": "The resource could not be found.\n\n No resource provider with uuid b3ab3b64-a85f-49a7-b200-c02d704d2097 found for delete ", "request_id": "req-9a543c10-79c6-42e8-bb3d-1e9cacc8a6e8"}]}
2026-07-02 16:34:16.321 10 INFO neutron.wsgi [None req-ea0528a9-a7c6-4f6a-a738-3f7fcd88f59a bd546687ec2b430fbb5f47b38dd6b481 69a0e91688254a8eb728dd4e1458b4fa - - default default] 10.0.0.230 "GET /v2.0/security-groups?tenant_id=057b36ac48224e7eb1cfa5191e9a7759&name=default HTTP/1.1" status: 200 len: 2992 time: 0.0542881
2026-07-02 16:34:16.363 9 INFO neutron.db.ovn_revision_numbers_db [None req-aa4a21aa-84f5-4ba6-a79f-3bd622d3fe93 bd546687ec2b430fbb5f47b38dd6b481 69a0e91688254a8eb728dd4e1458b4fa - - default default] Successfully bumped revision number for resource 11043dc8-1a83-4e43-a98b-35e747d09aea (type: ports) to 1
2026-07-02 16:34:16.521 9 INFO neutron.wsgi [None req-b46b38b5-d3d6-4132-b264-05fa83103825 bd546687ec2b430fbb5f47b38dd6b481 69a0e91688254a8eb728dd4e1458b4fa - - default default] 10.0.0.230 "DELETE /v2.0/security-groups/a784c75f-a15a-4f46-bc0e-61290e7644dd HTTP/1.1" status: 204 len: 168 time: 0.4761815
2026-07-02 16:34:16.545 10 INFO neutron.wsgi [None req-4fa5ee79-ff05-4eae-92ca-cc86bee8ae3b bd546687ec2b430fbb5f47b38dd6b481 69a0e91688254a8eb728dd4e1458b4fa - - default default] 10.0.0.230 "DELETE /v2.0/security-groups/830a8df7-076b-4fe4-8bcd-53481814fa1b HTTP/1.1" status: 204 len: 168 time: 0.2192154
2026-07-02 16:34:17.032 9 INFO neutron.plugins.ml2.drivers.ovn.mech_driver.mech_driver [None req-fbd846f9-262f-4377-8af7-2dec8b150391 - - - - - -] OVN reports status up for port: 11043dc8-1a83-4e43-a98b-35e747d09aea
2026-07-02 16:34:17.060 9 INFO neutron.plugins.ml2.plugin [None req-fbd846f9-262f-4377-8af7-2dec8b150391 - - - - - -] Attempt 1 to provision port 11043dc8-1a83-4e43-a98b-35e747d09aea
2026-07-02 16:34:17.062 9 INFO neutron.plugins.ml2.drivers.ovn.mech_driver.ovsdb.ovsdb_monitor [None req-3f34bd31-4c61-4026-b958-10e70e5e8805 - - - - - -] Router 2ca20d94-712c-44ca-b16c-38a0dd410356 is bound to host instance
2026-07-02 16:34:17.106 9 INFO neutron.db.ovn_revision_numbers_db [None req-aa4a21aa-84f5-4ba6-a79f-3bd622d3fe93 bd546687ec2b430fbb5f47b38dd6b481 69a0e91688254a8eb728dd4e1458b4fa - - default default] Successfully bumped revision number for resource 11043dc8-1a83-4e43-a98b-35e747d09aea (type: router_ports) to 1
2026-07-02 16:34:17.234 9 INFO neutron.db.ovn_revision_numbers_db [None req-aa4a21aa-84f5-4ba6-a79f-3bd622d3fe93 bd546687ec2b430fbb5f47b38dd6b481 69a0e91688254a8eb728dd4e1458b4fa - - default default] Successfully bumped revision number for resource 2ca20d94-712c-44ca-b16c-38a0dd410356 (type: routers) to 2
2026-07-02 16:34:17.253 9 INFO neutron.wsgi [None req-aa4a21aa-84f5-4ba6-a79f-3bd622d3fe93 bd546687ec2b430fbb5f47b38dd6b481 69a0e91688254a8eb728dd4e1458b4fa - - default default] 10.0.0.230 "POST /v2.0/routers HTTP/1.1" status: 201 len: 877 time: 1.9070895
2026-07-02 16:34:17.652 9 INFO neutron.db.ovn_revision_numbers_db [None req-3f34bd31-4c61-4026-b958-10e70e5e8805 - - - - - -] Successfully bumped revision number for resource 11043dc8-1a83-4e43-a98b-35e747d09aea (type: ports) to 1
2026-07-02 16:34:17.652 10 WARNING neutron.scheduler.dhcp_agent_scheduler [None req-29b1c281-db73-4b4d-bc00-a97ae853b8e3 bd546687ec2b430fbb5f47b38dd6b481 69a0e91688254a8eb728dd4e1458b4fa - - default default] No more DHCP agents
2026-07-02 16:34:17.658 10 WARNING neutron.api.rpc.agentnotifiers.dhcp_rpc_agent_api [None req-29b1c281-db73-4b4d-bc00-a97ae853b8e3 bd546687ec2b430fbb5f47b38dd6b481 69a0e91688254a8eb728dd4e1458b4fa - - default default] Unable to schedule network b8cbce5f-234e-428a-9ca5-37c087fa69c1: no agents available; will retry on subsequent port and subnet creation events.
2026-07-02 16:34:17.850 10 INFO neutron.db.ovn_revision_numbers_db [None req-29b1c281-db73-4b4d-bc00-a97ae853b8e3 bd546687ec2b430fbb5f47b38dd6b481 69a0e91688254a8eb728dd4e1458b4fa - - default default] Successfully bumped revision number for resource e064e0b7-f0d1-4894-ad7e-39a8059450b1 (type: ports) to 1
2026-07-02 16:34:17.884 9 INFO neutron.db.ovn_revision_numbers_db [None req-3f34bd31-4c61-4026-b958-10e70e5e8805 - - - - - -] Successfully bumped revision number for resource 11043dc8-1a83-4e43-a98b-35e747d09aea (type: router_ports) to 3
2026-07-02 16:34:17.887 10 INFO neutron.db.ovn_revision_numbers_db [None req-a72e4f9c-4624-4aed-b58b-500199fd985d f8f843abbaed4baca12df8d51df27da0 996247c8821748988d57a0ec9161d896 - - default default] Successfully bumped revision number for resource 6e9c0f0f-bec9-4555-a977-ec7a9e7a294f (type: security_groups) to 1
2026-07-02 16:34:17.908 10 INFO neutron.db.ovn_revision_numbers_db [None req-a72e4f9c-4624-4aed-b58b-500199fd985d f8f843abbaed4baca12df8d51df27da0 996247c8821748988d57a0ec9161d896 - - default default] Successfully bumped revision number for resource 05d2daa6-5725-4017-8781-d97299600de6 (type: security_group_rules) to 0
2026-07-02 16:34:17.923 10 INFO neutron.db.ovn_revision_numbers_db [None req-a72e4f9c-4624-4aed-b58b-500199fd985d f8f843abbaed4baca12df8d51df27da0 996247c8821748988d57a0ec9161d896 - - default default] Successfully bumped revision number for resource 5a92a774-c092-407e-adf2-8de860f7e2f9 (type: security_group_rules) to 0
2026-07-02 16:34:17.946 10 INFO neutron.db.ovn_revision_numbers_db [None req-a72e4f9c-4624-4aed-b58b-500199fd985d f8f843abbaed4baca12df8d51df27da0 996247c8821748988d57a0ec9161d896 - - default default] Successfully bumped revision number for resource b41e1d7f-9d0a-4e80-8fd5-b220e95dd048 (type: security_group_rules) to 0
2026-07-02 16:34:17.965 10 INFO neutron.db.ovn_revision_numbers_db [None req-a72e4f9c-4624-4aed-b58b-500199fd985d f8f843abbaed4baca12df8d51df27da0 996247c8821748988d57a0ec9161d896 - - default default] Successfully bumped revision number for resource e5d58673-fa5b-4cdd-9cc7-309d75a5283b (type: security_group_rules) to 0
2026-07-02 16:34:18.034 9 INFO neutron.db.ovn_revision_numbers_db [None req-3f34bd31-4c61-4026-b958-10e70e5e8805 - - - - - -] Successfully bumped revision number for resource 11043dc8-1a83-4e43-a98b-35e747d09aea (type: ports) to 2
2026-07-02 16:34:18.065 10 INFO neutron.db.ovn_revision_numbers_db [None req-a72e4f9c-4624-4aed-b58b-500199fd985d f8f843abbaed4baca12df8d51df27da0 996247c8821748988d57a0ec9161d896 - - default default] Successfully bumped revision number for resource e8195577-20f4-4efe-bc36-27cc6ca864f5 (type: security_groups) to 1
2026-07-02 16:34:18.081 10 INFO neutron.db.ovn_revision_numbers_db [None req-a72e4f9c-4624-4aed-b58b-500199fd985d f8f843abbaed4baca12df8d51df27da0 996247c8821748988d57a0ec9161d896 - - default default] Successfully bumped revision number for resource 7b471c8d-1ccb-4d2e-a420-b20b5883c060 (type: security_group_rules) to 0
2026-07-02 16:34:18.099 10 INFO neutron.db.ovn_revision_numbers_db [None req-a72e4f9c-4624-4aed-b58b-500199fd985d f8f843abbaed4baca12df8d51df27da0 996247c8821748988d57a0ec9161d896 - - default default] Successfully bumped revision number for resource af617b22-bbaa-4e4a-9481-b49c4a1480f9 (type: security_group_rules) to 0
2026-07-02 16:34:18.252 9 INFO neutron.db.ovn_revision_numbers_db [None req-3f34bd31-4c61-4026-b958-10e70e5e8805 - - - - - -] Successfully bumped revision number for resource 11043dc8-1a83-4e43-a98b-35e747d09aea (type: ports) to 4
2026-07-02 16:34:18.316 10 INFO neutron.wsgi [None req-a72e4f9c-4624-4aed-b58b-500199fd985d f8f843abbaed4baca12df8d51df27da0 996247c8821748988d57a0ec9161d896 - - default default] 10.0.0.230 "POST /v2.0/security-groups HTTP/1.1" status: 201 len: 1760 time: 0.7272353
2026-07-02 16:34:18.368 9 INFO neutron.wsgi [None req-2659953f-f9da-4dc3-9597-0dd9080bc401 f8f843abbaed4baca12df8d51df27da0 996247c8821748988d57a0ec9161d896 - - default default] 10.0.0.230 "GET /v2.0/security-groups HTTP/1.1" status: 200 len: 4538 time: 0.0478158
2026-07-02 16:34:18.453 10 INFO neutron.plugins.ml2.drivers.ovn.mech_driver.mech_driver [None req-8618dfe9-8108-45b7-9877-494e4fc732c2 - - - - - -] OVN reports status up for port: e064e0b7-f0d1-4894-ad7e-39a8059450b1
2026-07-02 16:34:18.466 10 INFO neutron.plugins.ml2.plugin [None req-8618dfe9-8108-45b7-9877-494e4fc732c2 - - - - - -] Attempt 1 to provision port e064e0b7-f0d1-4894-ad7e-39a8059450b1
2026-07-02 16:34:18.474 10 INFO neutron.db.ovn_revision_numbers_db [None req-29b1c281-db73-4b4d-bc00-a97ae853b8e3 bd546687ec2b430fbb5f47b38dd6b481 69a0e91688254a8eb728dd4e1458b4fa - - default default] Successfully bumped revision number for resource e064e0b7-f0d1-4894-ad7e-39a8059450b1 (type: router_ports) to 1
2026-07-02 16:34:18.504 9 INFO neutron.db.ovn_revision_numbers_db [None req-0e288605-f76d-4ff1-9cd4-6e45482fac5a f8f843abbaed4baca12df8d51df27da0 996247c8821748988d57a0ec9161d896 - - default default] Successfully bumped revision number for resource e8195577-20f4-4efe-bc36-27cc6ca864f5 (type: security_groups) to 2
2026-07-02 16:34:18.507 9 INFO neutron.wsgi [None req-0e288605-f76d-4ff1-9cd4-6e45482fac5a f8f843abbaed4baca12df8d51df27da0 996247c8821748988d57a0ec9161d896 - - default default] 10.0.0.230 "PUT /v2.0/security-groups/e8195577-20f4-4efe-bc36-27cc6ca864f5 HTTP/1.1" status: 200 len: 1794 time: 0.1345339
2026-07-02 16:34:18.562 10 INFO neutron.wsgi [None req-5df46706-0c74-4174-80f9-31d2376d28f9 f8f843abbaed4baca12df8d51df27da0 996247c8821748988d57a0ec9161d896 - - default default] 10.0.0.230 "GET /v2.0/security-groups/e8195577-20f4-4efe-bc36-27cc6ca864f5 HTTP/1.1" status: 200 len: 1794 time: 0.0490763
2026-07-02 16:34:18.576 9 INFO neutron.db.ovn_revision_numbers_db [None req-3f34bd31-4c61-4026-b958-10e70e5e8805 - - - - - -] Successfully bumped revision number for resource 11043dc8-1a83-4e43-a98b-35e747d09aea (type: router_ports) to 4
2026-07-02 16:34:18.619 9 INFO neutron.db.ovn_revision_numbers_db [None req-e106b283-f247-41d2-8613-b50f2cb271d8 bd546687ec2b430fbb5f47b38dd6b481 69a0e91688254a8eb728dd4e1458b4fa - - default default] Successfully bumped revision number for resource fb331a14-7958-4e0f-9d68-46c2e6efb6a9 (type: security_groups) to 1
2026-07-02 16:34:18.647 9 INFO neutron.db.ovn_revision_numbers_db [None req-e106b283-f247-41d2-8613-b50f2cb271d8 bd546687ec2b430fbb5f47b38dd6b481 69a0e91688254a8eb728dd4e1458b4fa - - default default] Successfully bumped revision number for resource 6854ac04-66de-4be5-be52-faa334f06757 (type: security_group_rules) to 0
2026-07-02 16:34:18.671 10 INFO neutron.db.ovn_revision_numbers_db [None req-29b1c281-db73-4b4d-bc00-a97ae853b8e3 bd546687ec2b430fbb5f47b38dd6b481 69a0e91688254a8eb728dd4e1458b4fa - - default default] Successfully bumped revision number for resource e064e0b7-f0d1-4894-ad7e-39a8059450b1 (type: ports) to 1
2026-07-02 16:34:18.674 9 INFO neutron.db.ovn_revision_numbers_db [None req-e106b283-f247-41d2-8613-b50f2cb271d8 bd546687ec2b430fbb5f47b38dd6b481 69a0e91688254a8eb728dd4e1458b4fa - - default default] Successfully bumped revision number for resource 75146740-d3fc-4ff0-8529-52e9f4f20796 (type: security_group_rules) to 0
2026-07-02 16:34:18.690 9 INFO neutron.db.ovn_revision_numbers_db [None req-e106b283-f247-41d2-8613-b50f2cb271d8 bd546687ec2b430fbb5f47b38dd6b481 69a0e91688254a8eb728dd4e1458b4fa - - default default] Successfully bumped revision number for resource 9577e7e3-5af9-4f7a-8788-b1a9687160d7 (type: security_group_rules) to 0
2026-07-02 16:34:18.705 9 INFO neutron.db.ovn_revision_numbers_db [None req-e106b283-f247-41d2-8613-b50f2cb271d8 bd546687ec2b430fbb5f47b38dd6b481 69a0e91688254a8eb728dd4e1458b4fa - - default default] Successfully bumped revision number for resource c8953f0d-047b-4e7c-b2bd-d0b69af537e6 (type: security_group_rules) to 0
2026-07-02 16:34:18.719 9 INFO neutron.wsgi [None req-bad34850-f59d-40f2-8d12-e21bfec8f51c f8f843abbaed4baca12df8d51df27da0 996247c8821748988d57a0ec9161d896 - - default default] 10.0.0.230 "DELETE /v2.0/security-groups/e8195577-20f4-4efe-bc36-27cc6ca864f5 HTTP/1.1" status: 204 len: 168 time: 0.1507070
2026-07-02 16:34:18.761 9 INFO neutron.wsgi [None req-1312b893-5047-4d72-93c6-9e19e0774398 f8f843abbaed4baca12df8d51df27da0 996247c8821748988d57a0ec9161d896 - - default default] 10.0.0.230 "GET /v2.0/security-groups HTTP/1.1" status: 200 len: 2996 time: 0.0370078
2026-07-02 16:34:18.762 9 INFO neutron.db.segments_db [None req-e106b283-f247-41d2-8613-b50f2cb271d8 bd546687ec2b430fbb5f47b38dd6b481 69a0e91688254a8eb728dd4e1458b4fa - - default default] Added segment 9fe4d52f-1d36-42fb-9ce4-69e2a56949f3 of type geneve for network 6c50da70-6770-4cc6-8b37-62b9abbd6dfc
2026-07-02 16:34:18.762 10 WARNING neutron.scheduler.dhcp_agent_scheduler [None req-29b1c281-db73-4b4d-bc00-a97ae853b8e3 bd546687ec2b430fbb5f47b38dd6b481 69a0e91688254a8eb728dd4e1458b4fa - - default default] No more DHCP agents
2026-07-02 16:34:18.777 10 WARNING neutron.api.rpc.agentnotifiers.dhcp_rpc_agent_api [None req-29b1c281-db73-4b4d-bc00-a97ae853b8e3 bd546687ec2b430fbb5f47b38dd6b481 69a0e91688254a8eb728dd4e1458b4fa - - default default] Unable to schedule network b8cbce5f-234e-428a-9ca5-37c087fa69c1: no agents available; will retry on subsequent port and subnet creation events.
2026-07-02 16:34:18.789 9 INFO neutron.api.v2.resource [None req-29589828-d636-46fb-b430-8c409e952d48 f8f843abbaed4baca12df8d51df27da0 996247c8821748988d57a0ec9161d896 - - default default] delete failed (client error): The resource could not be found.
2026-07-02 16:34:18.791 9 INFO neutron.wsgi [None req-29589828-d636-46fb-b430-8c409e952d48 f8f843abbaed4baca12df8d51df27da0 996247c8821748988d57a0ec9161d896 - - default default] 10.0.0.230 "DELETE /v2.0/security-groups/e8195577-20f4-4efe-bc36-27cc6ca864f5 HTTP/1.1" status: 404 len: 347 time: 0.0215335
2026-07-02 16:34:18.802 10 INFO neutron.db.ovn_revision_numbers_db [None req-8618dfe9-8108-45b7-9877-494e4fc732c2 - - - - - -] Successfully bumped revision number for resource e064e0b7-f0d1-4894-ad7e-39a8059450b1 (type: ports) to 2
2026-07-02 16:34:18.933 9 INFO neutron.db.ovn_revision_numbers_db [None req-e106b283-f247-41d2-8613-b50f2cb271d8 bd546687ec2b430fbb5f47b38dd6b481 69a0e91688254a8eb728dd4e1458b4fa - - default default] Successfully bumped revision number for resource 6c50da70-6770-4cc6-8b37-62b9abbd6dfc (type: networks) to 1
2026-07-02 16:34:19.030 10 INFO neutron.db.ovn_revision_numbers_db [None req-8618dfe9-8108-45b7-9877-494e4fc732c2 - - - - - -] Successfully bumped revision number for resource e064e0b7-f0d1-4894-ad7e-39a8059450b1 (type: router_ports) to 2
2026-07-02 16:34:19.045 10 INFO neutron.db.ovn_revision_numbers_db [None req-a4a42f5a-92fe-4b1f-8856-d07331a2264f f8f843abbaed4baca12df8d51df27da0 996247c8821748988d57a0ec9161d896 - - default default] Successfully bumped revision number for resource faa96025-846c-423c-9f52-c9f4ac69918c (type: security_groups) to 1
2026-07-02 16:34:19.067 10 INFO neutron.db.ovn_revision_numbers_db [None req-a4a42f5a-92fe-4b1f-8856-d07331a2264f f8f843abbaed4baca12df8d51df27da0 996247c8821748988d57a0ec9161d896 - - default default] Successfully bumped revision number for resource 8a67ab94-baf1-460d-8811-9022ed5c5a7b (type: security_group_rules) to 0
2026-07-02 16:34:19.099 10 INFO neutron.db.ovn_revision_numbers_db [None req-a4a42f5a-92fe-4b1f-8856-d07331a2264f f8f843abbaed4baca12df8d51df27da0 996247c8821748988d57a0ec9161d896 - - default default] Successfully bumped revision number for resource c3a38bd0-e3be-4d46-b919-60c4dd51d08b (type: security_group_rules) to 0
2026-07-02 16:34:19.131 10 INFO neutron.wsgi [None req-a4a42f5a-92fe-4b1f-8856-d07331a2264f f8f843abbaed4baca12df8d51df27da0 996247c8821748988d57a0ec9161d896 - - default default] 10.0.0.230 "POST /v2.0/security-groups HTTP/1.1" status: 201 len: 1761 time: 0.3279753
2026-07-02 16:34:19.259 9 WARNING neutron.scheduler.dhcp_agent_scheduler [None req-e106b283-f247-41d2-8613-b50f2cb271d8 bd546687ec2b430fbb5f47b38dd6b481 69a0e91688254a8eb728dd4e1458b4fa - - default default] No more DHCP agents
2026-07-02 16:34:19.260 9 WARNING neutron.api.rpc.agentnotifiers.dhcp_rpc_agent_api [None req-e106b283-f247-41d2-8613-b50f2cb271d8 bd546687ec2b430fbb5f47b38dd6b481 69a0e91688254a8eb728dd4e1458b4fa - - default default] Unable to schedule network 6c50da70-6770-4cc6-8b37-62b9abbd6dfc: no agents available; will retry on subsequent port and subnet creation events.
2026-07-02 16:34:19.283 10 INFO neutron.db.ovn_revision_numbers_db [None req-3b6968f8-2a50-4488-a914-9c1816de90fe f8f843abbaed4baca12df8d51df27da0 996247c8821748988d57a0ec9161d896 - - default default] Successfully bumped revision number for resource 09df92fe-686d-4458-80c7-60b1375af34b (type: security_group_rules) to 0
2026-07-02 16:34:19.311 10 INFO neutron.wsgi [None req-3b6968f8-2a50-4488-a914-9c1816de90fe f8f843abbaed4baca12df8d51df27da0 996247c8821748988d57a0ec9161d896 - - default default] 10.0.0.230 "POST /v2.0/security-group-rules HTTP/1.1" status: 201 len: 768 time: 0.1726928
2026-07-02 16:34:19.336 10 INFO neutron.db.ovn_revision_numbers_db [None req-29b1c281-db73-4b4d-bc00-a97ae853b8e3 bd546687ec2b430fbb5f47b38dd6b481 69a0e91688254a8eb728dd4e1458b4fa - - default default] Successfully bumped revision number for resource e064e0b7-f0d1-4894-ad7e-39a8059450b1 (type: router_ports) to 2
2026-07-02 16:34:19.339 10 INFO neutron.wsgi [None req-29b1c281-db73-4b4d-bc00-a97ae853b8e3 bd546687ec2b430fbb5f47b38dd6b481 69a0e91688254a8eb728dd4e1458b4fa - - default default] 10.0.0.230 "PUT /v2.0/routers/2ca20d94-712c-44ca-b16c-38a0dd410356/add_router_interface HTTP/1.1" status: 200 len: 503 time: 2.0748599
2026-07-02 16:34:19.348 9 INFO neutron.wsgi [None req-40886594-2767-47e7-88cf-9abf75e3dfbc f8f843abbaed4baca12df8d51df27da0 996247c8821748988d57a0ec9161d896 - - default default] 10.0.0.230 "GET /v2.0/security-group-rules/09df92fe-686d-4458-80c7-60b1375af34b HTTP/1.1" status: 200 len: 763 time: 0.0292890
2026-07-02 16:34:19.364 9 INFO neutron.db.ovn_revision_numbers_db [None req-e106b283-f247-41d2-8613-b50f2cb271d8 bd546687ec2b430fbb5f47b38dd6b481 69a0e91688254a8eb728dd4e1458b4fa - - default default] Successfully bumped revision number for resource d411c04c-d24f-4868-8783-829aee271f6c (type: ports) to 1
2026-07-02 16:34:19.383 9 INFO neutron.wsgi [None req-e106b283-f247-41d2-8613-b50f2cb271d8 bd546687ec2b430fbb5f47b38dd6b481 69a0e91688254a8eb728dd4e1458b4fa - - default default] 10.0.0.230 "POST /v2.0/networks HTTP/1.1" status: 201 len: 948 time: 1.0784061
2026-07-02 16:34:19.389 10 INFO neutron.wsgi [None req-3c72caf3-144d-40a9-829a-206d8362180e f8f843abbaed4baca12df8d51df27da0 996247c8821748988d57a0ec9161d896 - - default default] 10.0.0.230 "GET /v2.0/security-group-rules HTTP/1.1" status: 200 len: 4113 time: 0.0361924
2026-07-02 16:34:19.507 10 INFO neutron.wsgi [None req-c05d3d96-7904-43f4-84fd-261acb913fc9 f8f843abbaed4baca12df8d51df27da0 996247c8821748988d57a0ec9161d896 - - default default] 10.0.0.230 "DELETE /v2.0/security-group-rules/09df92fe-686d-4458-80c7-60b1375af34b HTTP/1.1" status: 204 len: 168 time: 0.1133170
2026-07-02 16:34:19.550 10 INFO neutron.wsgi [None req-824537dd-bb7e-4086-9059-6699ea4d3514 f8f843abbaed4baca12df8d51df27da0 996247c8821748988d57a0ec9161d896 - - default default] 10.0.0.230 "GET /v2.0/security-group-rules HTTP/1.1" status: 200 len: 3567 time: 0.0359468
2026-07-02 16:34:19.575 9 WARNING neutron.scheduler.dhcp_agent_scheduler [None req-1598cad7-ecb2-486e-9fd0-821508de65a2 bd546687ec2b430fbb5f47b38dd6b481 69a0e91688254a8eb728dd4e1458b4fa - - default default] No more DHCP agents
2026-07-02 16:34:19.577 9 WARNING neutron.api.rpc.agentnotifiers.dhcp_rpc_agent_api [None req-1598cad7-ecb2-486e-9fd0-821508de65a2 bd546687ec2b430fbb5f47b38dd6b481 69a0e91688254a8eb728dd4e1458b4fa - - default default] Unable to schedule network 6c50da70-6770-4cc6-8b37-62b9abbd6dfc: no agents available; will retry on subsequent port and subnet creation events.
2026-07-02 16:34:19.661 10 INFO neutron.db.ovn_revision_numbers_db [None req-d5752b62-9d65-49ab-8ee2-340b22e2c0b7 f8f843abbaed4baca12df8d51df27da0 996247c8821748988d57a0ec9161d896 - - default default] Successfully bumped revision number for resource 8a8b8496-5812-46ad-b179-77e884652b5b (type: security_group_rules) to 0
2026-07-02 16:34:19.682 10 INFO neutron.wsgi [None req-d5752b62-9d65-49ab-8ee2-340b22e2c0b7 f8f843abbaed4baca12df8d51df27da0 996247c8821748988d57a0ec9161d896 - - default default] 10.0.0.230 "POST /v2.0/security-group-rules HTTP/1.1" status: 201 len: 768 time: 0.1259034
2026-07-02 16:34:19.702 10 INFO neutron.wsgi [None req-62dbc197-d6ed-44a7-ab0d-73ad490c7288 f8f843abbaed4baca12df8d51df27da0 996247c8821748988d57a0ec9161d896 - - default default] 10.0.0.230 "GET /v2.0/security-group-rules/8a8b8496-5812-46ad-b179-77e884652b5b HTTP/1.1" status: 200 len: 763 time: 0.0144136
2026-07-02 16:34:19.743 10 INFO neutron.wsgi [None req-6a9bbb5b-b486-4d47-accc-7a2ddff605c9 f8f843abbaed4baca12df8d51df27da0 996247c8821748988d57a0ec9161d896 - - default default] 10.0.0.230 "GET /v2.0/security-group-rules HTTP/1.1" status: 200 len: 4113 time: 0.0348961
2026-07-02 16:34:19.892 10 INFO neutron.wsgi [None req-6a541e1a-74fb-4373-bf43-e2b804869ea0 f8f843abbaed4baca12df8d51df27da0 996247c8821748988d57a0ec9161d896 - - default default] 10.0.0.230 "DELETE /v2.0/security-group-rules/8a8b8496-5812-46ad-b179-77e884652b5b HTTP/1.1" status: 204 len: 168 time: 0.1430223
2026-07-02 16:34:19.929 10 INFO neutron.wsgi [None req-0d246cae-043b-4d3e-bb6c-1114c6e91236 f8f843abbaed4baca12df8d51df27da0 996247c8821748988d57a0ec9161d896 - - default default] 10.0.0.230 "GET /v2.0/security-group-rules HTTP/1.1" status: 200 len: 3567 time: 0.0333614
2026-07-02 16:34:19.969 9 INFO neutron.db.securitygroups_db [None req-8792e4e7-7d0e-494e-8893-4a0a9aa31760 f8f843abbaed4baca12df8d51df27da0 996247c8821748988d57a0ec9161d896 - - default default] Project 996247c8821748988d57a0ec9161d896 added a security group rule with legacy IPv6 ICMP protocol name icmp, ipv6-icmp should be used instead. It was automatically converted.
2026-07-02 16:34:20.031 10 INFO neutron.db.ovn_revision_numbers_db [None req-f4a5f624-36df-4c42-ba38-228479a112a3 31e68c20f6b147a7a78c3094fa8c107d e3daa0e21be84885871177946cbb0be5 - - default default] Successfully bumped revision number for resource 3300751e-91d9-40fc-a343-b7669bc3a53f (type: security_groups) to 1
2026-07-02 16:34:20.047 10 INFO neutron.db.ovn_revision_numbers_db [None req-f4a5f624-36df-4c42-ba38-228479a112a3 31e68c20f6b147a7a78c3094fa8c107d e3daa0e21be84885871177946cbb0be5 - - default default] Successfully bumped revision number for resource 0522be6f-1bbd-4aad-b1ac-180c4d291c98 (type: security_group_rules) to 0
2026-07-02 16:34:20.061 10 INFO neutron.db.ovn_revision_numbers_db [None req-f4a5f624-36df-4c42-ba38-228479a112a3 31e68c20f6b147a7a78c3094fa8c107d e3daa0e21be84885871177946cbb0be5 - - default default] Successfully bumped revision number for resource 43e22d67-92ee-4748-8750-bdaa7c031941 (type: security_group_rules) to 0
2026-07-02 16:34:20.079 10 INFO neutron.wsgi [None req-f4a5f624-36df-4c42-ba38-228479a112a3 31e68c20f6b147a7a78c3094fa8c107d e3daa0e21be84885871177946cbb0be5 - - default default] 10.0.0.230 "POST /v2.0/security-groups HTTP/1.1" status: 201 len: 1796 time: 0.1494889
2026-07-02 16:34:20.113 9 INFO neutron.db.ovn_revision_numbers_db [None req-8792e4e7-7d0e-494e-8893-4a0a9aa31760 f8f843abbaed4baca12df8d51df27da0 996247c8821748988d57a0ec9161d896 - - default default] Successfully bumped revision number for resource 98007636-6d06-44f4-9ac6-d86de330b57f (type: security_group_rules) to 0
2026-07-02 16:34:20.146 9 INFO neutron.wsgi [None req-8792e4e7-7d0e-494e-8893-4a0a9aa31760 f8f843abbaed4baca12df8d51df27da0 996247c8821748988d57a0ec9161d896 - - default default] 10.0.0.230 "POST /v2.0/security-group-rules HTTP/1.1" status: 201 len: 774 time: 0.2103124
2026-07-02 16:34:20.177 10 INFO neutron.wsgi [None req-de194bf3-7487-4c4e-beef-653cd26112ea f8f843abbaed4baca12df8d51df27da0 996247c8821748988d57a0ec9161d896 - - default default] 10.0.0.230 "GET /v2.0/security-group-rules/98007636-6d06-44f4-9ac6-d86de330b57f HTTP/1.1" status: 200 len: 769 time: 0.0241919
2026-07-02 16:34:20.182 9 INFO neutron.db.ovn_revision_numbers_db [None req-1598cad7-ecb2-486e-9fd0-821508de65a2 bd546687ec2b430fbb5f47b38dd6b481 69a0e91688254a8eb728dd4e1458b4fa - - default default] Successfully bumped revision number for resource d411c04c-d24f-4868-8783-829aee271f6c (type: ports) to 2
2026-07-02 16:34:20.202 10 INFO neutron.db.ovn_revision_numbers_db [None req-b437dc56-8722-430a-860a-25036b0b1801 31e68c20f6b147a7a78c3094fa8c107d e3daa0e21be84885871177946cbb0be5 - - default default] Successfully bumped revision number for resource 2a2bd5cf-a2f6-4844-ab18-1831088c19bf (type: security_group_rules) to 0
2026-07-02 16:34:20.217 9 INFO neutron.db.ovn_revision_numbers_db [None req-1598cad7-ecb2-486e-9fd0-821508de65a2 bd546687ec2b430fbb5f47b38dd6b481 69a0e91688254a8eb728dd4e1458b4fa - - default default] Successfully bumped revision number for resource 2e4f730f-2b94-4d35-8965-9c9d93b4039b (type: subnets) to 0
2026-07-02 16:34:20.221 10 INFO neutron.wsgi [None req-d6fc7580-9d53-4b36-9acd-550e2daf25cb f8f843abbaed4baca12df8d51df27da0 996247c8821748988d57a0ec9161d896 - - default default] 10.0.0.230 "GET /v2.0/security-group-rules HTTP/1.1" status: 200 len: 4119 time: 0.0394568
2026-07-02 16:34:20.233 9 INFO neutron.wsgi [None req-1598cad7-ecb2-486e-9fd0-821508de65a2 bd546687ec2b430fbb5f47b38dd6b481 69a0e91688254a8eb728dd4e1458b4fa - - default default] 10.0.0.230 "POST /v2.0/subnets HTTP/1.1" status: 201 len: 868 time: 0.8437226
2026-07-02 16:34:20.241 10 INFO neutron.wsgi [None req-b437dc56-8722-430a-860a-25036b0b1801 31e68c20f6b147a7a78c3094fa8c107d e3daa0e21be84885871177946cbb0be5 - - default default] 10.0.0.230 "POST /v2.0/security-group-rules HTTP/1.1" status: 201 len: 764 time: 0.1581309
2026-07-02 16:34:20.353 10 INFO neutron.wsgi [None req-cf1cdff9-f1d0-495a-a3df-ad6f76eae2ef f8f843abbaed4baca12df8d51df27da0 996247c8821748988d57a0ec9161d896 - - default default] 10.0.0.230 "DELETE /v2.0/security-group-rules/98007636-6d06-44f4-9ac6-d86de330b57f HTTP/1.1" status: 204 len: 168 time: 0.1265872
2026-07-02 16:34:20.396 10 INFO neutron.wsgi [None req-4be542e6-7d04-4d9d-931f-fbaf5e585892 f8f843abbaed4baca12df8d51df27da0 996247c8821748988d57a0ec9161d896 - - default default] 10.0.0.230 "GET /v2.0/security-group-rules HTTP/1.1" status: 200 len: 3567 time: 0.0383523
2026-07-02 16:34:20.402 10 INFO neutron.db.ovn_revision_numbers_db [None req-c9873c10-3859-4509-9a28-1b7a82854bd5 31e68c20f6b147a7a78c3094fa8c107d e3daa0e21be84885871177946cbb0be5 - - default default] Successfully bumped revision number for resource 91294814-95a2-408a-a268-d9d25c7ef63d (type: security_group_rules) to 0
2026-07-02 16:34:20.423 10 INFO neutron.wsgi [None req-c9873c10-3859-4509-9a28-1b7a82854bd5 31e68c20f6b147a7a78c3094fa8c107d e3daa0e21be84885871177946cbb0be5 - - default default] 10.0.0.230 "POST /v2.0/security-group-rules HTTP/1.1" status: 201 len: 769 time: 0.1768582
2026-07-02 16:34:20.563 9 INFO neutron.wsgi [None req-b22e0de9-959f-49ab-b5cf-4a695bf30d14 f8f843abbaed4baca12df8d51df27da0 996247c8821748988d57a0ec9161d896 - - default default] 10.0.0.230 "DELETE /v2.0/security-groups/faa96025-846c-423c-9f52-c9f4ac69918c HTTP/1.1" status: 204 len: 168 time: 0.1619012
2026-07-02 16:34:20.602 9 INFO neutron.wsgi [None req-f014ee56-922c-4267-a69b-97d326939bf1 f8f843abbaed4baca12df8d51df27da0 996247c8821748988d57a0ec9161d896 - - default default] 10.0.0.230 "GET /v2.0/security-groups HTTP/1.1" status: 200 len: 2996 time: 0.0332081
2026-07-02 16:34:20.642 9 INFO neutron.wsgi [None req-21466021-f023-4a71-a43f-f8cddc39bbbb f8f843abbaed4baca12df8d51df27da0 996247c8821748988d57a0ec9161d896 - - default default] 10.0.0.230 "GET /v2.0/security-groups HTTP/1.1" status: 200 len: 2996 time: 0.0322533
2026-07-02 16:34:20.682 10 WARNING neutron.scheduler.dhcp_agent_scheduler [None req-a72ee43b-81ab-43b6-b583-82703fee7ad9 31e68c20f6b147a7a78c3094fa8c107d e3daa0e21be84885871177946cbb0be5 - - default default] No more DHCP agents
2026-07-02 16:34:20.685 10 WARNING neutron.api.rpc.agentnotifiers.dhcp_rpc_agent_api [None req-a72ee43b-81ab-43b6-b583-82703fee7ad9 31e68c20f6b147a7a78c3094fa8c107d e3daa0e21be84885871177946cbb0be5 - - default default] Unable to schedule network ef4ba723-fdef-4075-b61d-e158a362d13f: no agents available; will retry on subsequent port and subnet creation events.
2026-07-02 16:34:20.991 10 INFO neutron.db.ovn_revision_numbers_db [None req-a72ee43b-81ab-43b6-b583-82703fee7ad9 31e68c20f6b147a7a78c3094fa8c107d e3daa0e21be84885871177946cbb0be5 - - default default] Successfully bumped revision number for resource 0bc26f6d-c94f-45b3-833b-bfdb6fd6c292 (type: floatingips) to 0
2026-07-02 16:34:21.005 10 INFO neutron.wsgi [None req-a72ee43b-81ab-43b6-b583-82703fee7ad9 31e68c20f6b147a7a78c3094fa8c107d e3daa0e21be84885871177946cbb0be5 - - default default] 10.0.0.230 "POST /v2.0/floatingips HTTP/1.1" status: 201 len: 751 time: 0.5773346
2026-07-02 16:34:21.266 9 INFO neutron.wsgi [None req-caa131a7-4f57-41ce-afeb-1fb558ec291f bd546687ec2b430fbb5f47b38dd6b481 69a0e91688254a8eb728dd4e1458b4fa - - default default] 10.0.0.230 "GET /v2.0/security-groups?tenant_id=996247c8821748988d57a0ec9161d896&name=default HTTP/1.1" status: 200 len: 2996 time: 0.1711347
2026-07-02 16:34:21.375 9 WARNING neutron.scheduler.dhcp_agent_scheduler [None req-55e478a6-55ba-4be6-b5cc-7a2e91fd1a2d bd546687ec2b430fbb5f47b38dd6b481 69a0e91688254a8eb728dd4e1458b4fa - - default default] No more DHCP agents
2026-07-02 16:34:21.378 9 WARNING neutron.api.rpc.agentnotifiers.dhcp_rpc_agent_api [None req-55e478a6-55ba-4be6-b5cc-7a2e91fd1a2d bd546687ec2b430fbb5f47b38dd6b481 69a0e91688254a8eb728dd4e1458b4fa - - default default] Unable to schedule network ef4ba723-fdef-4075-b61d-e158a362d13f: no agents available; will retry on subsequent port and subnet creation events.
2026-07-02 16:34:21.500 10 INFO neutron.wsgi [req-0133c1c9-75a7-4a86-9e2f-23f00d7f5bce req-ca3af055-74bc-4567-aab3-f3e9d4dd9487 31e68c20f6b147a7a78c3094fa8c107d e3daa0e21be84885871177946cbb0be5 - - default default] 10.0.0.139 "GET /v2.0/security-groups?name=tempest-securitygroup--1558560277&fields=id&tenant_id=e3daa0e21be84885871177946cbb0be5 HTTP/1.1" status: 200 len: 267 time: 0.0542119
2026-07-02 16:34:21.532 10 INFO neutron.wsgi [None req-e07e16d4-7cc5-4fc3-8693-5a23e1f34ef7 bd546687ec2b430fbb5f47b38dd6b481 69a0e91688254a8eb728dd4e1458b4fa - - default default] 10.0.0.230 "DELETE /v2.0/security-groups/6e9c0f0f-bec9-4555-a977-ec7a9e7a294f HTTP/1.1" status: 204 len: 168 time: 0.2592757
2026-07-02 16:34:21.559 9 INFO neutron.db.ovn_revision_numbers_db [None req-55e478a6-55ba-4be6-b5cc-7a2e91fd1a2d bd546687ec2b430fbb5f47b38dd6b481 69a0e91688254a8eb728dd4e1458b4fa - - default default] Successfully bumped revision number for resource 344434e4-e361-4962-860f-4127cbf149f5 (type: ports) to 1
2026-07-02 16:34:21.580 10 INFO neutron.wsgi [req-0133c1c9-75a7-4a86-9e2f-23f00d7f5bce req-93398c02-ffa6-4f43-9300-967b955f4ce5 31e68c20f6b147a7a78c3094fa8c107d e3daa0e21be84885871177946cbb0be5 - - default default] 10.0.0.139 "GET /v2.0/networks?id=b8cbce5f-234e-428a-9ca5-37c087fa69c1 HTTP/1.1" status: 200 len: 875 time: 0.0724597
2026-07-02 16:34:21.594 10 INFO neutron.wsgi [req-0133c1c9-75a7-4a86-9e2f-23f00d7f5bce req-08ecade0-acde-4fd8-b28f-516b6fd7eb8e 31e68c20f6b147a7a78c3094fa8c107d e3daa0e21be84885871177946cbb0be5 - - default default] 10.0.0.139 "GET /v2.0/quotas/e3daa0e21be84885871177946cbb0be5 HTTP/1.1" status: 200 len: 386 time: 0.0102284
2026-07-02 16:34:21.698 10 INFO neutron.wsgi [req-0133c1c9-75a7-4a86-9e2f-23f00d7f5bce req-ef563e25-e6ee-4e13-9c26-654371346666 31e68c20f6b147a7a78c3094fa8c107d e3daa0e21be84885871177946cbb0be5 - - default default] 10.0.0.139 "GET /v2.0/ports?tenant_id=e3daa0e21be84885871177946cbb0be5&fields=id HTTP/1.1" status: 200 len: 302 time: 0.0989110
2026-07-02 16:34:22.085 10 INFO neutron.wsgi [req-0133c1c9-75a7-4a86-9e2f-23f00d7f5bce req-e2b63b32-1923-4a9c-a698-1e4490b2a122 327d71ac995a46eaacf649b2f67c60aa 35deebd45d40463cafd722279d08dd2a - - b8539c3d20bb43fea2c7811c93745a0d b8539c3d20bb43fea2c7811c93745a0d] 10.0.0.139 "GET /v2.0/extensions HTTP/1.1" status: 200 len: 16525 time: 0.0507896
2026-07-02 16:34:22.100 9 INFO neutron.db.ovn_revision_numbers_db [None req-2bc81aad-0142-4b11-826d-b2a2fb22d0cc bd546687ec2b430fbb5f47b38dd6b481 69a0e91688254a8eb728dd4e1458b4fa - - default default] Successfully bumped revision number for resource 0da51b4c-3236-4eb3-bbed-b05b051f9259 (type: security_groups) to 1
2026-07-02 16:34:22.113 9 INFO neutron.db.ovn_revision_numbers_db [None req-2bc81aad-0142-4b11-826d-b2a2fb22d0cc bd546687ec2b430fbb5f47b38dd6b481 69a0e91688254a8eb728dd4e1458b4fa - - default default] Successfully bumped revision number for resource 24eea98d-ac84-40f4-94d8-c06cdeb7461c (type: security_group_rules) to 0
2026-07-02 16:34:22.130 9 INFO neutron.db.ovn_revision_numbers_db [None req-2bc81aad-0142-4b11-826d-b2a2fb22d0cc bd546687ec2b430fbb5f47b38dd6b481 69a0e91688254a8eb728dd4e1458b4fa - - default default] Successfully bumped revision number for resource 3a1856ec-c6c7-44a2-bc90-d87b2d8ce65d (type: security_group_rules) to 0
2026-07-02 16:34:22.146 10 INFO neutron.wsgi [req-0133c1c9-75a7-4a86-9e2f-23f00d7f5bce req-128e47a7-aabe-4240-963b-14fa689e3061 327d71ac995a46eaacf649b2f67c60aa 35deebd45d40463cafd722279d08dd2a - - b8539c3d20bb43fea2c7811c93745a0d b8539c3d20bb43fea2c7811c93745a0d] 10.0.0.139 "GET /v2.0/networks/b8cbce5f-234e-428a-9ca5-37c087fa69c1?fields=segments HTTP/1.1" status: 200 len: 212 time: 0.0546212
2026-07-02 16:34:22.162 9 INFO neutron.db.ovn_revision_numbers_db [None req-2bc81aad-0142-4b11-826d-b2a2fb22d0cc bd546687ec2b430fbb5f47b38dd6b481 69a0e91688254a8eb728dd4e1458b4fa - - default default] Successfully bumped revision number for resource 4827964b-b188-4e0c-b108-e08b4b1e6af2 (type: security_group_rules) to 0
2026-07-02 16:34:22.183 9 INFO neutron.db.ovn_revision_numbers_db [None req-2bc81aad-0142-4b11-826d-b2a2fb22d0cc bd546687ec2b430fbb5f47b38dd6b481 69a0e91688254a8eb728dd4e1458b4fa - - default default] Successfully bumped revision number for resource 69aa0416-7045-46e3-9bfe-e03bffc36ae7 (type: security_group_rules) to 0
2026-07-02 16:34:22.214 9 INFO neutron.wsgi [None req-2bc81aad-0142-4b11-826d-b2a2fb22d0cc bd546687ec2b430fbb5f47b38dd6b481 69a0e91688254a8eb728dd4e1458b4fa - - default default] 10.0.0.230 "GET /v2.0/security-groups?tenant_id=eb85a6f295c7450d80ee3ae21851cc6a&name=default HTTP/1.1" status: 200 len: 2996 time: 0.3593557
2026-07-02 16:34:22.219 9 INFO neutron.plugins.ml2.drivers.ovn.mech_driver.mech_driver [None req-fbd846f9-262f-4377-8af7-2dec8b150391 - - - - - -] OVN reports status up for port: 344434e4-e361-4962-860f-4127cbf149f5
2026-07-02 16:34:22.219 10 INFO neutron.wsgi [req-0133c1c9-75a7-4a86-9e2f-23f00d7f5bce req-b480c061-e7bf-4dec-bc1d-79dcaf921fb8 327d71ac995a46eaacf649b2f67c60aa 35deebd45d40463cafd722279d08dd2a - - b8539c3d20bb43fea2c7811c93745a0d b8539c3d20bb43fea2c7811c93745a0d] 10.0.0.139 "GET /v2.0/networks/b8cbce5f-234e-428a-9ca5-37c087fa69c1?fields=provider%3Aphysical_network&fields=provider%3Anetwork_type HTTP/1.1" status: 200 len: 277 time: 0.0691311
2026-07-02 16:34:22.229 9 INFO neutron.plugins.ml2.drivers.ovn.mech_driver.ovsdb.ovsdb_monitor [None req-3f34bd31-4c61-4026-b958-10e70e5e8805 - - - - - -] Router 31c410d1-5695-4df4-ad67-36a58e9297ee is bound to host instance
2026-07-02 16:34:22.231 9 INFO neutron.plugins.ml2.plugin [None req-fbd846f9-262f-4377-8af7-2dec8b150391 - - - - - -] Attempt 1 to provision port 344434e4-e361-4962-860f-4127cbf149f5
