2026-07-02 16:33:42.224 10 INFO neutron.wsgi [req-32c245b3-d4b6-40cd-9fd5-787c409e2fc3 req-ede3fb13-3617-4317-b20c-2a59d8bd4277 327d71ac995a46eaacf649b2f67c60aa 35deebd45d40463cafd722279d08dd2a - - b8539c3d20bb43fea2c7811c93745a0d b8539c3d20bb43fea2c7811c93745a0d] 199.204.45.129 "GET /v2.0/floatingips?fixed_ip_address=10.100.0.11&port_id=5ece7a91-5634-4896-90f7-2e9b27e9819b HTTP/1.1" status: 200 len: 217 time: 0.0246117
2026-07-02 16:33:42.263 10 INFO neutron.wsgi [req-32c245b3-d4b6-40cd-9fd5-787c409e2fc3 req-5b6532ba-7299-4d86-bb8b-85e0d55e1d7e 327d71ac995a46eaacf649b2f67c60aa 35deebd45d40463cafd722279d08dd2a - - b8539c3d20bb43fea2c7811c93745a0d b8539c3d20bb43fea2c7811c93745a0d] 199.204.45.129 "GET /v2.0/subnets?id=4b695177-a3e8-4ede-95c3-a918a6e6e807 HTTP/1.1" status: 200 len: 877 time: 0.0324519
2026-07-02 16:33:42.295 10 INFO neutron.wsgi [req-32c245b3-d4b6-40cd-9fd5-787c409e2fc3 req-b844e32d-eb85-4237-8bc5-4b26c4da8467 327d71ac995a46eaacf649b2f67c60aa 35deebd45d40463cafd722279d08dd2a - - b8539c3d20bb43fea2c7811c93745a0d b8539c3d20bb43fea2c7811c93745a0d] 199.204.45.129 "GET /v2.0/ports?network_id=693aa08b-6e68-4ee9-852c-bd5e3a4c106c&device_owner=network%3Adhcp HTTP/1.1" status: 200 len: 210 time: 0.0241754
2026-07-02 16:33:42.514 10 INFO neutron.wsgi [req-32c245b3-d4b6-40cd-9fd5-787c409e2fc3 req-865e4b84-6ff1-4cce-b778-7e4fe5b058aa 327d71ac995a46eaacf649b2f67c60aa 35deebd45d40463cafd722279d08dd2a - - b8539c3d20bb43fea2c7811c93745a0d b8539c3d20bb43fea2c7811c93745a0d] 199.204.45.129 "GET /v2.0/networks/693aa08b-6e68-4ee9-852c-bd5e3a4c106c?fields=segments HTTP/1.1" status: 200 len: 212 time: 0.2108672
2026-07-02 16:33:42.570 10 INFO neutron.wsgi [req-32c245b3-d4b6-40cd-9fd5-787c409e2fc3 req-03d32d25-00b8-47d0-b0d1-f974424da87a 327d71ac995a46eaacf649b2f67c60aa 35deebd45d40463cafd722279d08dd2a - - b8539c3d20bb43fea2c7811c93745a0d b8539c3d20bb43fea2c7811c93745a0d] 199.204.45.129 "GET /v2.0/networks/693aa08b-6e68-4ee9-852c-bd5e3a4c106c?fields=provider%3Aphysical_network&fields=provider%3Anetwork_type HTTP/1.1" status: 200 len: 277 time: 0.0522437
2026-07-02 16:33:42.721 9 INFO neutron.wsgi [None req-72c8db99-ceae-4210-985e-7dae868c3d63 bd546687ec2b430fbb5f47b38dd6b481 69a0e91688254a8eb728dd4e1458b4fa - - default default] 10.0.0.230 "DELETE /v2.0/routers/17dc14b3-2391-436e-a44b-dc80005b132e HTTP/1.1" status: 204 len: 168 time: 0.6485755
2026-07-02 16:33:42.948 9 INFO neutron.wsgi [None req-bc941b33-7bd6-4c23-8131-f73adc922f58 bd546687ec2b430fbb5f47b38dd6b481 69a0e91688254a8eb728dd4e1458b4fa - - default default] 10.0.0.230 "DELETE /v2.0/subnets/4b4f5354-2a54-430b-b315-a3852dbbb6e2 HTTP/1.1" status: 204 len: 168 time: 0.2218046
2026-07-02 16:33:43.147 10 INFO neutron.wsgi [req-a27a9ff3-d27f-4f36-a3d6-254b2b2bbd1a req-a4a36f76-f4c2-41c6-ae7b-98f3f044d018 3505f84eb58a4a7db913a65d06b693a4 d85d1955491749f89ba434d5c719b90c - - default default] 10.0.0.139 "GET /v2.0/ports?device_id=2dab092e-2d60-473c-8ff2-7274fcc92ab6 HTTP/1.1" status: 200 len: 1174 time: 0.0931821
2026-07-02 16:33:43.187 10 INFO neutron.wsgi [req-a27a9ff3-d27f-4f36-a3d6-254b2b2bbd1a req-f4085e55-010c-4354-8cba-5f0c8d0acd5e 3505f84eb58a4a7db913a65d06b693a4 d85d1955491749f89ba434d5c719b90c - - default default] 10.0.0.139 "GET /v2.0/security-groups?id=8a405d04-d014-4f05-aac5-c62bdca51c53&fields=id&fields=name HTTP/1.1" status: 200 len: 313 time: 0.0343010
2026-07-02 16:33:43.227 9 INFO neutron.db.ovn_revision_numbers_db [None req-6db72aba-857c-4812-85f9-f30170a8f603 bd546687ec2b430fbb5f47b38dd6b481 69a0e91688254a8eb728dd4e1458b4fa - - default default] Successfully bumped revision number for resource b73c6062-2b0d-4b41-97ec-732fbfb4b1d2 (type: security_groups) to 1
2026-07-02 16:33:43.247 9 INFO neutron.db.ovn_revision_numbers_db [None req-6db72aba-857c-4812-85f9-f30170a8f603 bd546687ec2b430fbb5f47b38dd6b481 69a0e91688254a8eb728dd4e1458b4fa - - default default] Successfully bumped revision number for resource 395d67d4-cee1-4a05-b7ec-78b32e2c3a7e (type: security_group_rules) to 0
2026-07-02 16:33:43.279 9 INFO neutron.db.ovn_revision_numbers_db [None req-6db72aba-857c-4812-85f9-f30170a8f603 bd546687ec2b430fbb5f47b38dd6b481 69a0e91688254a8eb728dd4e1458b4fa - - default default] Successfully bumped revision number for resource 7fdae81f-8c61-4011-9cf5-bb2644b601de (type: security_group_rules) to 0
2026-07-02 16:33:43.285 10 INFO neutron.wsgi [req-68017750-30ae-4c5b-9f9c-1217ab081605 req-eefab5f2-80e6-4a0a-91b6-fa54e2468b91 3505f84eb58a4a7db913a65d06b693a4 d85d1955491749f89ba434d5c719b90c - - default default] 10.0.0.139 "GET /v2.0/ports?device_id=2dab092e-2d60-473c-8ff2-7274fcc92ab6 HTTP/1.1" status: 200 len: 1174 time: 0.0426693
2026-07-02 16:33:43.304 9 INFO neutron.db.ovn_revision_numbers_db [None req-6db72aba-857c-4812-85f9-f30170a8f603 bd546687ec2b430fbb5f47b38dd6b481 69a0e91688254a8eb728dd4e1458b4fa - - default default] Successfully bumped revision number for resource 8e7cd6a0-1257-464a-99f8-bf6a9223eeaf (type: security_group_rules) to 0
2026-07-02 16:33:43.333 9 INFO neutron.db.ovn_revision_numbers_db [None req-6db72aba-857c-4812-85f9-f30170a8f603 bd546687ec2b430fbb5f47b38dd6b481 69a0e91688254a8eb728dd4e1458b4fa - - default default] Successfully bumped revision number for resource e6516dbb-9aea-434a-ae0e-fc35c8db6061 (type: security_group_rules) to 0
2026-07-02 16:33:43.374 9 INFO neutron.services.segments.plugin [-] Segment 798af506-8d0b-47be-8b52-034ed57a85e3 resource provider aggregate not found
2026-07-02 16:33:43.378 9 INFO neutron.services.segments.plugin [-] Segment 798af506-8d0b-47be-8b52-034ed57a85e3 resource provider aggregate not found
2026-07-02 16:33:43.392 9 INFO neutron.wsgi [None req-6db72aba-857c-4812-85f9-f30170a8f603 bd546687ec2b430fbb5f47b38dd6b481 69a0e91688254a8eb728dd4e1458b4fa - - default default] 10.0.0.230 "GET /v2.0/security-groups?tenant_id=1e8e3ca1250a405eaf6b8ccbd93a1fba&name=default HTTP/1.1" status: 200 len: 2996 time: 0.5359170
2026-07-02 16:33:43.401 9 INFO neutron.services.segments.plugin [-] Segment 798af506-8d0b-47be-8b52-034ed57a85e3 resource provider not found; error: Placement Client Error (4xx): {"errors": [{"status": 404, "title": "Not Found", "detail": "The resource could not be found.\n\n No resource provider with uuid 798af506-8d0b-47be-8b52-034ed57a85e3 found for delete ", "request_id": "req-72d805d0-206a-4d2b-b499-df840f449be4"}]}
2026-07-02 16:33:43.550 9 INFO neutron.notifiers.nova [-] Nova event matching ['req-6b1bdd59-656a-4ff0-949e-1383abea12ed'] response: {'server_uuid': '2dab092e-2d60-473c-8ff2-7274fcc92ab6', 'name': 'network-vif-plugged', 'status': 'completed', 'tag': '5ece7a91-5634-4896-90f7-2e9b27e9819b', 'code': 200}
2026-07-02 16:33:43.551 9 INFO neutron.services.segments.plugin [-] Segment 798af506-8d0b-47be-8b52-034ed57a85e3 resource provider not found; error: Placement Client Error (4xx): {"errors": [{"status": 404, "title": "Not Found", "detail": "The resource could not be found.\n\n No resource provider with uuid 798af506-8d0b-47be-8b52-034ed57a85e3 found for delete ", "request_id": "req-b5a8f9c2-48b2-4afb-9e53-20d881d527c5"}]}
2026-07-02 16:33:43.582 9 INFO neutron.wsgi [None req-021d3711-599c-4477-9a2f-759a37feeeed bd546687ec2b430fbb5f47b38dd6b481 69a0e91688254a8eb728dd4e1458b4fa - - default default] 10.0.0.230 "DELETE /v2.0/networks/8ffec411-d34a-4147-bdb8-a4d8f57f26ae HTTP/1.1" status: 204 len: 168 time: 0.6298411
2026-07-02 16:33:43.597 10 INFO neutron.db.l3_db [None req-c445c2e9-ceeb-48d6-9894-bc1e41719609 3505f84eb58a4a7db913a65d06b693a4 d85d1955491749f89ba434d5c719b90c - - default default] Floating IP 435d23e2-3692-48d6-a447-fbe4e8c437bd associated. External IP: 10.96.250.209, port: 5ece7a91-5634-4896-90f7-2e9b27e9819b.
2026-07-02 16:33:43.653 9 INFO neutron.wsgi [-] 10.0.0.103 "GET / HTTP/1.1" status: 200 len: 247 time: 0.0018804
2026-07-02 16:33:43.655 9 INFO neutron.wsgi [-] 10.0.0.103 "GET / HTTP/1.1" status: 200 len: 247 time: 0.0012982
2026-07-02 16:33:43.730 9 INFO neutron.wsgi [None req-e88550c5-9005-4d1d-ad63-1f2ada9a3b74 bd546687ec2b430fbb5f47b38dd6b481 69a0e91688254a8eb728dd4e1458b4fa - - default default] 10.0.0.230 "DELETE /v2.0/security-groups/b73c6062-2b0d-4b41-97ec-732fbfb4b1d2 HTTP/1.1" status: 204 len: 168 time: 0.3328457
2026-07-02 16:33:43.749 10 INFO neutron.wsgi [None req-ece1c2aa-6d4f-4b22-96c8-134cb51f9bf4 bd546687ec2b430fbb5f47b38dd6b481 69a0e91688254a8eb728dd4e1458b4fa - - default default] 10.0.0.230 "GET /v2.0/security-groups?tenant_id=4c23d69834f84409aa356045d911b6a5&name=default HTTP/1.1" status: 200 len: 2992 time: 0.0661366
2026-07-02 16:33:43.906 10 INFO neutron.db.ovn_revision_numbers_db [None req-c445c2e9-ceeb-48d6-9894-bc1e41719609 3505f84eb58a4a7db913a65d06b693a4 d85d1955491749f89ba434d5c719b90c - - default default] Successfully bumped revision number for resource 435d23e2-3692-48d6-a447-fbe4e8c437bd (type: floatingips) to 1 /var/lib/openstack/lib/python3.10/site-packages/pycadf/identifier.py:71: UserWarning: Invalid uuid: neutron. To ensure interoperability, identifiers should be a valid uuid. warnings.warn(('Invalid uuid: %s. To ensure interoperability, '
2026-07-02 16:33:43.964 9 INFO neutron.wsgi [None req-3f0b8672-210d-4a91-8626-c01ae1bc493b bd546687ec2b430fbb5f47b38dd6b481 69a0e91688254a8eb728dd4e1458b4fa - - default default] 10.0.0.230 "DELETE /v2.0/security-groups/3c3c03c1-01d7-421c-8ff3-499091ab487d HTTP/1.1" status: 204 len: 168 time: 0.2095549
2026-07-02 16:33:44.034 10 INFO neutron.db.ovn_revision_numbers_db [None req-c445c2e9-ceeb-48d6-9894-bc1e41719609 3505f84eb58a4a7db913a65d06b693a4 d85d1955491749f89ba434d5c719b90c - - default default] Successfully bumped revision number for resource 435d23e2-3692-48d6-a447-fbe4e8c437bd (type: floatingips) to 2
2026-07-02 16:33:44.063 10 INFO neutron.wsgi [None req-c445c2e9-ceeb-48d6-9894-bc1e41719609 3505f84eb58a4a7db913a65d06b693a4 d85d1955491749f89ba434d5c719b90c - - default default] 10.0.0.230 "PUT /v2.0/floatingips/435d23e2-3692-48d6-a447-fbe4e8c437bd HTTP/1.1" status: 200 len: 1050 time: 0.7667837
2026-07-02 16:33:44.077 10 INFO neutron.db.ovn_revision_numbers_db [None req-f3560936-d2bc-4c74-b733-2bb4d21e3778 bd546687ec2b430fbb5f47b38dd6b481 69a0e91688254a8eb728dd4e1458b4fa - - default default] Successfully bumped revision number for resource 52d648d3-e286-4792-9731-4bcfbca426d5 (type: security_groups) to 1
2026-07-02 16:33:44.094 10 INFO neutron.db.ovn_revision_numbers_db [None req-f3560936-d2bc-4c74-b733-2bb4d21e3778 bd546687ec2b430fbb5f47b38dd6b481 69a0e91688254a8eb728dd4e1458b4fa - - default default] Successfully bumped revision number for resource 3a56a190-a5b8-4ab0-9bdc-449cb70cfbbc (type: security_group_rules) to 0
2026-07-02 16:33:44.111 10 INFO neutron.notifiers.nova [-] Nova event matching ['req-a4a5ed32-5196-46c4-9174-8a5f84a1fae2'] response: {'name': 'network-changed', 'server_uuid': '2dab092e-2d60-473c-8ff2-7274fcc92ab6', 'tag': '5ece7a91-5634-4896-90f7-2e9b27e9819b', 'status': 'completed', 'code': 200}
2026-07-02 16:33:44.112 10 INFO neutron.db.ovn_revision_numbers_db [None req-f3560936-d2bc-4c74-b733-2bb4d21e3778 bd546687ec2b430fbb5f47b38dd6b481 69a0e91688254a8eb728dd4e1458b4fa - - default default] Successfully bumped revision number for resource c289fd28-41a5-461e-baac-e98676cc77b0 (type: security_group_rules) to 0
2026-07-02 16:33:44.135 10 INFO neutron.db.ovn_revision_numbers_db [None req-f3560936-d2bc-4c74-b733-2bb4d21e3778 bd546687ec2b430fbb5f47b38dd6b481 69a0e91688254a8eb728dd4e1458b4fa - - default default] Successfully bumped revision number for resource d15714b4-54ef-496f-b24e-ccd2c8b31f7d (type: security_group_rules) to 0
2026-07-02 16:33:44.177 10 INFO neutron.wsgi [req-17660f19-7b11-41a1-b5ec-df655205f704 req-bc742f62-dd07-4749-8219-88f9bdb02ef6 3505f84eb58a4a7db913a65d06b693a4 d85d1955491749f89ba434d5c719b90c - - default default] 10.0.0.139 "GET /v2.0/ports?device_id=2dab092e-2d60-473c-8ff2-7274fcc92ab6 HTTP/1.1" status: 200 len: 1174 time: 0.0541651
2026-07-02 16:33:44.180 10 INFO neutron.wsgi [req-dd21b948-b490-4608-9217-59e46278dded req-9b290375-8d20-4295-8226-900627d46f95 327d71ac995a46eaacf649b2f67c60aa 35deebd45d40463cafd722279d08dd2a - - b8539c3d20bb43fea2c7811c93745a0d b8539c3d20bb43fea2c7811c93745a0d] 199.204.45.129 "GET /v2.0/ports?tenant_id=d85d1955491749f89ba434d5c719b90c&device_id=2dab092e-2d60-473c-8ff2-7274fcc92ab6 HTTP/1.1" status: 200 len: 1413 time: 0.0466573
2026-07-02 16:33:44.180 10 INFO neutron.db.ovn_revision_numbers_db [None req-f3560936-d2bc-4c74-b733-2bb4d21e3778 bd546687ec2b430fbb5f47b38dd6b481 69a0e91688254a8eb728dd4e1458b4fa - - default default] Successfully bumped revision number for resource f8397f4d-9f5d-4d30-9d53-0d37031e3c93 (type: security_group_rules) to 0
2026-07-02 16:33:44.216 10 INFO neutron.wsgi [None req-f3560936-d2bc-4c74-b733-2bb4d21e3778 bd546687ec2b430fbb5f47b38dd6b481 69a0e91688254a8eb728dd4e1458b4fa - - default default] 10.0.0.230 "GET /v2.0/security-groups?tenant_id=e36326e2d27149b4b6f99c0177edc82c&name=default HTTP/1.1" status: 200 len: 2996 time: 0.2874613
2026-07-02 16:33:44.264 10 INFO neutron.wsgi [req-17660f19-7b11-41a1-b5ec-df655205f704 req-5c26a1a8-bd20-49e8-8d32-7f414a4a797f 3505f84eb58a4a7db913a65d06b693a4 d85d1955491749f89ba434d5c719b90c - - default default] 10.0.0.139 "GET /v2.0/security-groups?id=8a405d04-d014-4f05-aac5-c62bdca51c53&fields=id&fields=name HTTP/1.1" status: 200 len: 313 time: 0.0762551
2026-07-02 16:33:44.273 10 INFO neutron.wsgi [req-dd21b948-b490-4608-9217-59e46278dded req-f8665a48-07f8-4cf2-b809-aacf0b7bba04 327d71ac995a46eaacf649b2f67c60aa 35deebd45d40463cafd722279d08dd2a - - b8539c3d20bb43fea2c7811c93745a0d b8539c3d20bb43fea2c7811c93745a0d] 199.204.45.129 "GET /v2.0/networks?id=693aa08b-6e68-4ee9-852c-bd5e3a4c106c HTTP/1.1" status: 200 len: 982 time: 0.0867832
2026-07-02 16:33:44.337 10 INFO neutron.wsgi [req-dd21b948-b490-4608-9217-59e46278dded req-26546e94-1d37-4fc7-9d7e-04e4148a81db 327d71ac995a46eaacf649b2f67c60aa 35deebd45d40463cafd722279d08dd2a - - b8539c3d20bb43fea2c7811c93745a0d b8539c3d20bb43fea2c7811c93745a0d] 199.204.45.129 "GET /v2.0/floatingips?fixed_ip_address=10.100.0.11&port_id=5ece7a91-5634-4896-90f7-2e9b27e9819b HTTP/1.1" status: 200 len: 1060 time: 0.0518217
2026-07-02 16:33:44.377 10 INFO neutron.wsgi [req-dd21b948-b490-4608-9217-59e46278dded req-8cc59310-b8ff-4f4f-801b-1826679cf97f 327d71ac995a46eaacf649b2f67c60aa 35deebd45d40463cafd722279d08dd2a - - b8539c3d20bb43fea2c7811c93745a0d b8539c3d20bb43fea2c7811c93745a0d] 199.204.45.129 "GET /v2.0/subnets?id=4b695177-a3e8-4ede-95c3-a918a6e6e807 HTTP/1.1" status: 200 len: 877 time: 0.0302415
2026-07-02 16:33:44.421 10 INFO neutron.wsgi [req-dd21b948-b490-4608-9217-59e46278dded req-51af3aa7-e499-4275-92ed-7909468eb31c 327d71ac995a46eaacf649b2f67c60aa 35deebd45d40463cafd722279d08dd2a - - b8539c3d20bb43fea2c7811c93745a0d b8539c3d20bb43fea2c7811c93745a0d] 199.204.45.129 "GET /v2.0/ports?network_id=693aa08b-6e68-4ee9-852c-bd5e3a4c106c&device_owner=network%3Adhcp HTTP/1.1" status: 200 len: 210 time: 0.0321126
2026-07-02 16:33:44.450 9 INFO neutron.wsgi [None req-e93c0a77-9026-456a-b717-bcc761f0172d bd546687ec2b430fbb5f47b38dd6b481 69a0e91688254a8eb728dd4e1458b4fa - - default default] 10.0.0.230 "DELETE /v2.0/security-groups/52d648d3-e286-4792-9731-4bcfbca426d5 HTTP/1.1" status: 204 len: 168 time: 0.2265358
2026-07-02 16:33:44.486 10 INFO neutron.wsgi [req-dd21b948-b490-4608-9217-59e46278dded req-a457c6b1-928f-413a-94d4-81905c1a551a 327d71ac995a46eaacf649b2f67c60aa 35deebd45d40463cafd722279d08dd2a - - b8539c3d20bb43fea2c7811c93745a0d b8539c3d20bb43fea2c7811c93745a0d] 199.204.45.129 "GET /v2.0/networks/693aa08b-6e68-4ee9-852c-bd5e3a4c106c?fields=segments HTTP/1.1" status: 200 len: 212 time: 0.0581417
2026-07-02 16:33:44.542 10 INFO neutron.wsgi [req-dd21b948-b490-4608-9217-59e46278dded req-9acd7f08-a538-4b73-83e6-7a7193d8c85f 327d71ac995a46eaacf649b2f67c60aa 35deebd45d40463cafd722279d08dd2a - - b8539c3d20bb43fea2c7811c93745a0d b8539c3d20bb43fea2c7811c93745a0d] 199.204.45.129 "GET /v2.0/networks/693aa08b-6e68-4ee9-852c-bd5e3a4c106c?fields=provider%3Aphysical_network&fields=provider%3Anetwork_type HTTP/1.1" status: 200 len: 277 time: 0.0491660
2026-07-02 16:33:45.674 10 INFO neutron.wsgi [req-e58837d8-50fc-4af0-bdbf-042926d490ab req-ca585e46-6951-4204-b6d4-68dd2738ac92 327d71ac995a46eaacf649b2f67c60aa 35deebd45d40463cafd722279d08dd2a - - b8539c3d20bb43fea2c7811c93745a0d b8539c3d20bb43fea2c7811c93745a0d] 199.204.45.129 "GET /v2.0/ports?device_id=06e33271-08ec-41c1-abe1-605d13cadd79&fields=binding%3Ahost_id&fields=binding%3Avif_type HTTP/1.1" status: 200 len: 265 time: 0.0439544
2026-07-02 16:33:45.755 10 INFO neutron.wsgi [req-e58837d8-50fc-4af0-bdbf-042926d490ab req-406817d5-3918-4e83-8f93-1b91b49902e1 327d71ac995a46eaacf649b2f67c60aa 35deebd45d40463cafd722279d08dd2a - - b8539c3d20bb43fea2c7811c93745a0d b8539c3d20bb43fea2c7811c93745a0d] 199.204.45.129 "GET /v2.0/ports?tenant_id=057b36ac48224e7eb1cfa5191e9a7759&device_id=06e33271-08ec-41c1-abe1-605d13cadd79 HTTP/1.1" status: 200 len: 1409 time: 0.0337648
2026-07-02 16:33:45.868 10 INFO neutron.wsgi [req-e58837d8-50fc-4af0-bdbf-042926d490ab req-ef26bc3f-d8e0-4d8b-93e3-4888e8effa8b 327d71ac995a46eaacf649b2f67c60aa 35deebd45d40463cafd722279d08dd2a - - b8539c3d20bb43fea2c7811c93745a0d b8539c3d20bb43fea2c7811c93745a0d] 199.204.45.129 "GET /v2.0/networks?id=d99e0c68-e72e-4d8a-a5e2-f1b42f638413 HTTP/1.1" status: 200 len: 973 time: 0.0945516
2026-07-02 16:33:45.912 10 INFO neutron.wsgi [req-e58837d8-50fc-4af0-bdbf-042926d490ab req-d7f92d3c-d5a6-4bef-b64a-1652a72f42f6 327d71ac995a46eaacf649b2f67c60aa 35deebd45d40463cafd722279d08dd2a - - b8539c3d20bb43fea2c7811c93745a0d b8539c3d20bb43fea2c7811c93745a0d] 199.204.45.129 "GET /v2.0/floatingips?fixed_ip_address=10.100.0.5&port_id=895ffe2e-b903-4306-9616-b7e1da988e7b HTTP/1.1" status: 200 len: 1059 time: 0.0387483
2026-07-02 16:33:45.962 10 INFO neutron.wsgi [req-e58837d8-50fc-4af0-bdbf-042926d490ab req-b56591b7-c0aa-47aa-8540-12d0ac9daf3c 327d71ac995a46eaacf649b2f67c60aa 35deebd45d40463cafd722279d08dd2a - - b8539c3d20bb43fea2c7811c93745a0d b8539c3d20bb43fea2c7811c93745a0d] 199.204.45.129 "GET /v2.0/subnets?id=f5a0d856-9e43-4342-8f59-73981f53af63 HTTP/1.1" status: 200 len: 868 time: 0.0440032
2026-07-02 16:33:45.989 10 INFO neutron.wsgi [req-e58837d8-50fc-4af0-bdbf-042926d490ab req-033aa6ad-3fc5-42f5-9c44-e32be76be390 327d71ac995a46eaacf649b2f67c60aa 35deebd45d40463cafd722279d08dd2a - - b8539c3d20bb43fea2c7811c93745a0d b8539c3d20bb43fea2c7811c93745a0d] 199.204.45.129 "GET /v2.0/ports?network_id=d99e0c68-e72e-4d8a-a5e2-f1b42f638413&device_owner=network%3Adhcp HTTP/1.1" status: 200 len: 210 time: 0.0205917
2026-07-02 16:33:46.063 10 INFO neutron.wsgi [req-e58837d8-50fc-4af0-bdbf-042926d490ab req-ee47425b-56b8-45ce-a466-d44f22d18892 327d71ac995a46eaacf649b2f67c60aa 35deebd45d40463cafd722279d08dd2a - - b8539c3d20bb43fea2c7811c93745a0d b8539c3d20bb43fea2c7811c93745a0d] 199.204.45.129 "GET /v2.0/networks/d99e0c68-e72e-4d8a-a5e2-f1b42f638413?fields=segments HTTP/1.1" status: 200 len: 212 time: 0.0679345
2026-07-02 16:33:46.082 9 INFO neutron.db.ovn_revision_numbers_db [None req-80778ec7-98b6-4a0c-b0e1-e5cd6064e025 bd546687ec2b430fbb5f47b38dd6b481 69a0e91688254a8eb728dd4e1458b4fa - - default default] Successfully bumped revision number for resource 5c797122-37f2-46b5-93bd-be386cb130ae (type: security_groups) to 1
2026-07-02 16:33:46.097 9 INFO neutron.db.ovn_revision_numbers_db [None req-80778ec7-98b6-4a0c-b0e1-e5cd6064e025 bd546687ec2b430fbb5f47b38dd6b481 69a0e91688254a8eb728dd4e1458b4fa - - default default] Successfully bumped revision number for resource 4e12f50c-f649-4cf1-b740-4f6799d56841 (type: security_group_rules) to 0
2026-07-02 16:33:46.110 9 INFO neutron.db.ovn_revision_numbers_db [None req-80778ec7-98b6-4a0c-b0e1-e5cd6064e025 bd546687ec2b430fbb5f47b38dd6b481 69a0e91688254a8eb728dd4e1458b4fa - - default default] Successfully bumped revision number for resource 939debed-6541-41e0-8fc0-2f435ab53156 (type: security_group_rules) to 0
2026-07-02 16:33:46.130 10 INFO neutron.wsgi [req-e58837d8-50fc-4af0-bdbf-042926d490ab req-93bb1c85-79c7-4ae0-9a6c-a2d28e0527df 327d71ac995a46eaacf649b2f67c60aa 35deebd45d40463cafd722279d08dd2a - - b8539c3d20bb43fea2c7811c93745a0d b8539c3d20bb43fea2c7811c93745a0d] 199.204.45.129 "GET /v2.0/networks/d99e0c68-e72e-4d8a-a5e2-f1b42f638413?fields=provider%3Aphysical_network&fields=provider%3Anetwork_type HTTP/1.1" status: 200 len: 277 time: 0.0594008
2026-07-02 16:33:46.144 9 INFO neutron.db.ovn_revision_numbers_db [None req-80778ec7-98b6-4a0c-b0e1-e5cd6064e025 bd546687ec2b430fbb5f47b38dd6b481 69a0e91688254a8eb728dd4e1458b4fa - - default default] Successfully bumped revision number for resource bddc92ce-3129-478b-ab98-d031882a430b (type: security_group_rules) to 0
2026-07-02 16:33:46.160 9 INFO neutron.db.ovn_revision_numbers_db [None req-80778ec7-98b6-4a0c-b0e1-e5cd6064e025 bd546687ec2b430fbb5f47b38dd6b481 69a0e91688254a8eb728dd4e1458b4fa - - default default] Successfully bumped revision number for resource c5292384-ed44-459a-9dc2-f46a1392c297 (type: security_group_rules) to 0
2026-07-02 16:33:46.212 9 INFO neutron.db.segments_db [None req-80778ec7-98b6-4a0c-b0e1-e5cd6064e025 bd546687ec2b430fbb5f47b38dd6b481 69a0e91688254a8eb728dd4e1458b4fa - - default default] Added segment b3ed9831-d4d0-4e18-8a4f-3a9dc541e10a of type geneve for network 3d3bf754-38ae-41c9-b71e-67a747124c53
2026-07-02 16:33:46.349 9 INFO neutron.db.ovn_revision_numbers_db [None req-80778ec7-98b6-4a0c-b0e1-e5cd6064e025 bd546687ec2b430fbb5f47b38dd6b481 69a0e91688254a8eb728dd4e1458b4fa - - default default] Successfully bumped revision number for resource 3d3bf754-38ae-41c9-b71e-67a747124c53 (type: networks) to 1
2026-07-02 16:33:46.505 10 INFO neutron.wsgi [req-0935aa05-dabf-4b8c-941f-de9849fab8d8 req-a6f5eb57-1b83-41c9-9228-028c97656e07 327d71ac995a46eaacf649b2f67c60aa 35deebd45d40463cafd722279d08dd2a - - b8539c3d20bb43fea2c7811c93745a0d b8539c3d20bb43fea2c7811c93745a0d] 10.0.0.83 "GET /v2.0/ports?device_id=06e33271-08ec-41c1-abe1-605d13cadd79 HTTP/1.1" status: 200 len: 1409 time: 0.2475348
2026-07-02 16:33:46.540 9 WARNING neutron.scheduler.dhcp_agent_scheduler [None req-80778ec7-98b6-4a0c-b0e1-e5cd6064e025 bd546687ec2b430fbb5f47b38dd6b481 69a0e91688254a8eb728dd4e1458b4fa - - default default] No more DHCP agents
2026-07-02 16:33:46.543 9 WARNING neutron.api.rpc.agentnotifiers.dhcp_rpc_agent_api [None req-80778ec7-98b6-4a0c-b0e1-e5cd6064e025 bd546687ec2b430fbb5f47b38dd6b481 69a0e91688254a8eb728dd4e1458b4fa - - default default] Unable to schedule network 3d3bf754-38ae-41c9-b71e-67a747124c53: no agents available; will retry on subsequent port and subnet creation events.
2026-07-02 16:33:46.561 10 INFO neutron.wsgi [req-0935aa05-dabf-4b8c-941f-de9849fab8d8 req-c1874f40-46d1-482b-a88e-a75ecf69b13d 327d71ac995a46eaacf649b2f67c60aa 35deebd45d40463cafd722279d08dd2a - - b8539c3d20bb43fea2c7811c93745a0d b8539c3d20bb43fea2c7811c93745a0d] 10.0.0.83 "GET /v2.0/security-groups?id=0fcd902d-4f05-4ad2-972a-a881b52e8715&fields=id&fields=name HTTP/1.1" status: 200 len: 313 time: 0.0482955
2026-07-02 16:33:46.639 9 INFO neutron.db.ovn_revision_numbers_db [None req-80778ec7-98b6-4a0c-b0e1-e5cd6064e025 bd546687ec2b430fbb5f47b38dd6b481 69a0e91688254a8eb728dd4e1458b4fa - - default default] Successfully bumped revision number for resource 91017f2e-1705-455f-a105-8e07955293e5 (type: ports) to 1
2026-07-02 16:33:46.669 9 INFO neutron.wsgi [None req-80778ec7-98b6-4a0c-b0e1-e5cd6064e025 bd546687ec2b430fbb5f47b38dd6b481 69a0e91688254a8eb728dd4e1458b4fa - - default default] 10.0.0.230 "POST /v2.0/networks HTTP/1.1" status: 201 len: 940 time: 0.7999485
2026-07-02 16:33:46.856 9 WARNING neutron.scheduler.dhcp_agent_scheduler [None req-58df894f-3597-4435-ac3e-4d53df89ec5e bd546687ec2b430fbb5f47b38dd6b481 69a0e91688254a8eb728dd4e1458b4fa - - default default] No more DHCP agents
2026-07-02 16:33:46.860 9 WARNING neutron.api.rpc.agentnotifiers.dhcp_rpc_agent_api [None req-58df894f-3597-4435-ac3e-4d53df89ec5e bd546687ec2b430fbb5f47b38dd6b481 69a0e91688254a8eb728dd4e1458b4fa - - default default] Unable to schedule network 3d3bf754-38ae-41c9-b71e-67a747124c53: no agents available; will retry on subsequent port and subnet creation events.
2026-07-02 16:33:47.362 9 INFO neutron.db.ovn_revision_numbers_db [None req-58df894f-3597-4435-ac3e-4d53df89ec5e bd546687ec2b430fbb5f47b38dd6b481 69a0e91688254a8eb728dd4e1458b4fa - - default default] Successfully bumped revision number for resource 91017f2e-1705-455f-a105-8e07955293e5 (type: ports) to 2
2026-07-02 16:33:47.412 9 INFO neutron.db.ovn_revision_numbers_db [None req-58df894f-3597-4435-ac3e-4d53df89ec5e bd546687ec2b430fbb5f47b38dd6b481 69a0e91688254a8eb728dd4e1458b4fa - - default default] Successfully bumped revision number for resource 50969666-1482-414f-b4df-5e3e757edd72 (type: subnets) to 0
2026-07-02 16:33:47.429 9 INFO neutron.wsgi [None req-58df894f-3597-4435-ac3e-4d53df89ec5e bd546687ec2b430fbb5f47b38dd6b481 69a0e91688254a8eb728dd4e1458b4fa - - default default] 10.0.0.230 "POST /v2.0/subnets HTTP/1.1" status: 201 len: 860 time: 0.7541513
2026-07-02 16:33:47.971 9 WARNING neutron.scheduler.dhcp_agent_scheduler [None req-eac67cfd-052c-43ac-9b57-2c1a23d72520 bd546687ec2b430fbb5f47b38dd6b481 69a0e91688254a8eb728dd4e1458b4fa - - default default] No more DHCP agents
2026-07-02 16:33:47.979 9 WARNING neutron.api.rpc.agentnotifiers.dhcp_rpc_agent_api [None req-eac67cfd-052c-43ac-9b57-2c1a23d72520 bd546687ec2b430fbb5f47b38dd6b481 69a0e91688254a8eb728dd4e1458b4fa - - default default] Unable to schedule network ef4ba723-fdef-4075-b61d-e158a362d13f: no agents available; will retry on subsequent port and subnet creation events.
2026-07-02 16:33:48.120 9 INFO neutron.db.ovn_revision_numbers_db [None req-eac67cfd-052c-43ac-9b57-2c1a23d72520 bd546687ec2b430fbb5f47b38dd6b481 69a0e91688254a8eb728dd4e1458b4fa - - default default] Successfully bumped revision number for resource 4030c2a4-57f2-419a-acb2-1b5cfc64a6fe (type: ports) to 1
2026-07-02 16:33:48.678 10 INFO neutron.db.ovn_revision_numbers_db [None req-de40ca05-fbd7-45a3-91b1-a23519a90a96 bd546687ec2b430fbb5f47b38dd6b481 69a0e91688254a8eb728dd4e1458b4fa - - default default] Successfully bumped revision number for resource 28bcf3ca-cfa6-4ce6-85a5-554aed7aacf0 (type: security_groups) to 1
2026-07-02 16:33:48.706 10 INFO neutron.plugins.ml2.drivers.ovn.mech_driver.mech_driver [None req-8618dfe9-8108-45b7-9877-494e4fc732c2 - - - - - -] OVN reports status up for port: 4030c2a4-57f2-419a-acb2-1b5cfc64a6fe
2026-07-02 16:33:48.711 10 INFO neutron.db.ovn_revision_numbers_db [None req-de40ca05-fbd7-45a3-91b1-a23519a90a96 bd546687ec2b430fbb5f47b38dd6b481 69a0e91688254a8eb728dd4e1458b4fa - - default default] Successfully bumped revision number for resource 2c7d4e94-9a4e-4b9a-9bb1-4007944d5f81 (type: security_group_rules) to 0
2026-07-02 16:33:48.727 10 INFO neutron.plugins.ml2.drivers.ovn.mech_driver.ovsdb.ovsdb_monitor [None req-b23c0a44-7b40-415f-bf23-009c5d3f7171 - - - - - -] Router 7117d6cf-38ff-4eb8-9739-80d71c82d672 is bound to host instance
2026-07-02 16:33:48.731 10 INFO neutron.plugins.ml2.plugin [None req-8618dfe9-8108-45b7-9877-494e4fc732c2 - - - - - -] Attempt 1 to provision port 4030c2a4-57f2-419a-acb2-1b5cfc64a6fe
2026-07-02 16:33:48.746 9 INFO neutron.db.ovn_revision_numbers_db [None req-eac67cfd-052c-43ac-9b57-2c1a23d72520 bd546687ec2b430fbb5f47b38dd6b481 69a0e91688254a8eb728dd4e1458b4fa - - default default] Successfully bumped revision number for resource 4030c2a4-57f2-419a-acb2-1b5cfc64a6fe (type: router_ports) to 1
2026-07-02 16:33:48.760 10 INFO neutron.db.ovn_revision_numbers_db [None req-de40ca05-fbd7-45a3-91b1-a23519a90a96 bd546687ec2b430fbb5f47b38dd6b481 69a0e91688254a8eb728dd4e1458b4fa - - default default] Successfully bumped revision number for resource 5fe2de62-4939-4bc1-9b74-df0ff4cadc34 (type: security_group_rules) to 0
2026-07-02 16:33:48.794 10 INFO neutron.db.ovn_revision_numbers_db [None req-de40ca05-fbd7-45a3-91b1-a23519a90a96 bd546687ec2b430fbb5f47b38dd6b481 69a0e91688254a8eb728dd4e1458b4fa - - default default] Successfully bumped revision number for resource 6c2f05cc-492a-4114-a33d-4b95b596c009 (type: security_group_rules) to 0
2026-07-02 16:33:48.832 9 INFO neutron.db.ovn_revision_numbers_db [None req-eac67cfd-052c-43ac-9b57-2c1a23d72520 bd546687ec2b430fbb5f47b38dd6b481 69a0e91688254a8eb728dd4e1458b4fa - - default default] Successfully bumped revision number for resource 7117d6cf-38ff-4eb8-9739-80d71c82d672 (type: routers) to 2
2026-07-02 16:33:48.834 10 INFO neutron.db.ovn_revision_numbers_db [None req-de40ca05-fbd7-45a3-91b1-a23519a90a96 bd546687ec2b430fbb5f47b38dd6b481 69a0e91688254a8eb728dd4e1458b4fa - - default default] Successfully bumped revision number for resource b2d782e8-cf7f-457e-9fb3-29f2b1513f43 (type: security_group_rules) to 0
2026-07-02 16:33:48.847 9 INFO neutron.wsgi [None req-eac67cfd-052c-43ac-9b57-2c1a23d72520 bd546687ec2b430fbb5f47b38dd6b481 69a0e91688254a8eb728dd4e1458b4fa - - default default] 10.0.0.230 "POST /v2.0/routers HTTP/1.1" status: 201 len: 871 time: 1.4134250
2026-07-02 16:33:49.049 10 INFO neutron.wsgi [None req-de40ca05-fbd7-45a3-91b1-a23519a90a96 bd546687ec2b430fbb5f47b38dd6b481 69a0e91688254a8eb728dd4e1458b4fa - - default default] 10.0.0.230 "GET /v2.0/security-groups?tenant_id=3c90df5732d641f6b34bc38601c27bc4&name=default HTTP/1.1" status: 200 len: 2996 time: 0.6885307
2026-07-02 16:33:49.296 9 WARNING neutron.scheduler.dhcp_agent_scheduler [None req-c3c2b620-fd86-45c9-9f82-cdbe0fdf7e12 bd546687ec2b430fbb5f47b38dd6b481 69a0e91688254a8eb728dd4e1458b4fa - - default default] No more DHCP agents
2026-07-02 16:33:49.300 9 WARNING neutron.api.rpc.agentnotifiers.dhcp_rpc_agent_api [None req-c3c2b620-fd86-45c9-9f82-cdbe0fdf7e12 bd546687ec2b430fbb5f47b38dd6b481 69a0e91688254a8eb728dd4e1458b4fa - - default default] Unable to schedule network 3d3bf754-38ae-41c9-b71e-67a747124c53: no agents available; will retry on subsequent port and subnet creation events.
2026-07-02 16:33:49.366 9 INFO neutron.wsgi [None req-f2ba5621-8331-4d28-8721-96916f9b2e09 bd546687ec2b430fbb5f47b38dd6b481 69a0e91688254a8eb728dd4e1458b4fa - - default default] 10.0.0.230 "DELETE /v2.0/security-groups/28bcf3ca-cfa6-4ce6-85a5-554aed7aacf0 HTTP/1.1" status: 204 len: 168 time: 0.3109102
2026-07-02 16:33:49.519 10 INFO neutron.db.ovn_revision_numbers_db [None req-b23c0a44-7b40-415f-bf23-009c5d3f7171 - - - - - -] Successfully bumped revision number for resource 4030c2a4-57f2-419a-acb2-1b5cfc64a6fe (type: ports) to 1
2026-07-02 16:33:49.581 10 INFO neutron.db.ovn_revision_numbers_db [None req-6e0559ed-7513-4c15-97d6-d66aa32887c5 bd546687ec2b430fbb5f47b38dd6b481 69a0e91688254a8eb728dd4e1458b4fa - - default default] Successfully bumped revision number for resource cd422a25-b3ca-4e5c-8959-89f97bb1244a (type: security_groups) to 1
2026-07-02 16:33:49.600 10 INFO neutron.db.ovn_revision_numbers_db [None req-6e0559ed-7513-4c15-97d6-d66aa32887c5 bd546687ec2b430fbb5f47b38dd6b481 69a0e91688254a8eb728dd4e1458b4fa - - default default] Successfully bumped revision number for resource 2e4b78cf-d05b-47b5-9e84-91c7cf63739f (type: security_group_rules) to 0
2026-07-02 16:33:49.617 9 INFO neutron.db.ovn_revision_numbers_db [None req-c3c2b620-fd86-45c9-9f82-cdbe0fdf7e12 bd546687ec2b430fbb5f47b38dd6b481 69a0e91688254a8eb728dd4e1458b4fa - - default default] Successfully bumped revision number for resource 098261cd-020c-43df-9c7b-895f22072012 (type: ports) to 1
2026-07-02 16:33:49.628 10 INFO neutron.db.ovn_revision_numbers_db [None req-6e0559ed-7513-4c15-97d6-d66aa32887c5 bd546687ec2b430fbb5f47b38dd6b481 69a0e91688254a8eb728dd4e1458b4fa - - default default] Successfully bumped revision number for resource 33e4c61d-f485-4f36-bf8a-8597ada01eca (type: security_group_rules) to 0
2026-07-02 16:33:49.656 10 INFO neutron.db.ovn_revision_numbers_db [None req-6e0559ed-7513-4c15-97d6-d66aa32887c5 bd546687ec2b430fbb5f47b38dd6b481 69a0e91688254a8eb728dd4e1458b4fa - - default default] Successfully bumped revision number for resource 4ed7a91c-1459-4c2f-afff-624d2c6b2cd9 (type: security_group_rules) to 0
2026-07-02 16:33:49.678 10 INFO neutron.db.ovn_revision_numbers_db [None req-6e0559ed-7513-4c15-97d6-d66aa32887c5 bd546687ec2b430fbb5f47b38dd6b481 69a0e91688254a8eb728dd4e1458b4fa - - default default] Successfully bumped revision number for resource a039847f-55fe-445c-b4e3-556b27b48bf1 (type: security_group_rules) to 0
2026-07-02 16:33:49.706 10 INFO neutron.wsgi [None req-6e0559ed-7513-4c15-97d6-d66aa32887c5 bd546687ec2b430fbb5f47b38dd6b481 69a0e91688254a8eb728dd4e1458b4fa - - default default] 10.0.0.230 "GET /v2.0/security-groups?tenant_id=b53de870fe554ae6910efd3f8822da23&name=default HTTP/1.1" status: 200 len: 2996 time: 0.2513537
2026-07-02 16:33:49.850 10 INFO neutron.db.ovn_revision_numbers_db [None req-b23c0a44-7b40-415f-bf23-009c5d3f7171 - - - - - -] Successfully bumped revision number for resource 4030c2a4-57f2-419a-acb2-1b5cfc64a6fe (type: router_ports) to 3
2026-07-02 16:33:50.002 10 INFO neutron.db.ovn_revision_numbers_db [None req-b23c0a44-7b40-415f-bf23-009c5d3f7171 - - - - - -] Successfully bumped revision number for resource 4030c2a4-57f2-419a-acb2-1b5cfc64a6fe (type: ports) to 2
2026-07-02 16:33:50.011 9 INFO neutron.wsgi [None req-5881cee2-2883-44cb-b172-32b0fe3d90f2 bd546687ec2b430fbb5f47b38dd6b481 69a0e91688254a8eb728dd4e1458b4fa - - default default] 10.0.0.230 "DELETE /v2.0/security-groups/cd422a25-b3ca-4e5c-8959-89f97bb1244a HTTP/1.1" status: 204 len: 168 time: 0.2984569
2026-07-02 16:33:50.125 9 INFO neutron.db.ovn_revision_numbers_db [None req-c3c2b620-fd86-45c9-9f82-cdbe0fdf7e12 bd546687ec2b430fbb5f47b38dd6b481 69a0e91688254a8eb728dd4e1458b4fa - - default default] Successfully bumped revision number for resource 098261cd-020c-43df-9c7b-895f22072012 (type: router_ports) to 1
2026-07-02 16:33:50.196 10 INFO neutron.wsgi [req-6fffe6ac-0cab-4703-af2d-269aec40a7cb req-b330f2cf-2266-41c4-88f6-f9dbb281c882 671b6e9957644e07b2df16f5f89a3535 057b36ac48224e7eb1cfa5191e9a7759 - - default default] 10.0.0.139 "GET /v2.0/ports?device_id=06e33271-08ec-41c1-abe1-605d13cadd79 HTTP/1.1" status: 200 len: 1170 time: 0.1050527
2026-07-02 16:33:50.248 10 INFO neutron.wsgi [req-6fffe6ac-0cab-4703-af2d-269aec40a7cb req-b20c5ebb-dcce-4d2b-b3d0-e486ff02b0b9 671b6e9957644e07b2df16f5f89a3535 057b36ac48224e7eb1cfa5191e9a7759 - - default default] 10.0.0.139 "GET /v2.0/security-groups?id=0fcd902d-4f05-4ad2-972a-a881b52e8715&fields=id&fields=name HTTP/1.1" status: 200 len: 313 time: 0.0403414
2026-07-02 16:33:50.270 9 INFO neutron.db.ovn_revision_numbers_db [None req-c3c2b620-fd86-45c9-9f82-cdbe0fdf7e12 bd546687ec2b430fbb5f47b38dd6b481 69a0e91688254a8eb728dd4e1458b4fa - - default default] Successfully bumped revision number for resource 098261cd-020c-43df-9c7b-895f22072012 (type: ports) to 1
2026-07-02 16:33:50.284 10 INFO neutron.db.ovn_revision_numbers_db [None req-b23c0a44-7b40-415f-bf23-009c5d3f7171 - - - - - -] Successfully bumped revision number for resource 4030c2a4-57f2-419a-acb2-1b5cfc64a6fe (type: ports) to 4
2026-07-02 16:33:50.336 9 WARNING neutron.scheduler.dhcp_agent_scheduler [None req-c3c2b620-fd86-45c9-9f82-cdbe0fdf7e12 bd546687ec2b430fbb5f47b38dd6b481 69a0e91688254a8eb728dd4e1458b4fa - - default default] No more DHCP agents
2026-07-02 16:33:50.337 9 WARNING neutron.api.rpc.agentnotifiers.dhcp_rpc_agent_api [None req-c3c2b620-fd86-45c9-9f82-cdbe0fdf7e12 bd546687ec2b430fbb5f47b38dd6b481 69a0e91688254a8eb728dd4e1458b4fa - - default default] Unable to schedule network 3d3bf754-38ae-41c9-b71e-67a747124c53: no agents available; will retry on subsequent port and subnet creation events.
2026-07-02 16:33:50.359 10 INFO neutron.wsgi [req-336c0b5a-6b80-4a49-8669-94cf894e7a3e req-d7381189-c59e-44ce-bced-e21ca7d61c01 671b6e9957644e07b2df16f5f89a3535 057b36ac48224e7eb1cfa5191e9a7759 - - default default] 10.0.0.139 "GET /v2.0/ports?device_id=06e33271-08ec-41c1-abe1-605d13cadd79 HTTP/1.1" status: 200 len: 1170 time: 0.0470459
2026-07-02 16:33:50.408 10 INFO neutron.wsgi [req-336c0b5a-6b80-4a49-8669-94cf894e7a3e req-6e2854b7-90a6-45cb-8869-2cc19dd8d897 671b6e9957644e07b2df16f5f89a3535 057b36ac48224e7eb1cfa5191e9a7759 - - default default] 10.0.0.139 "GET /v2.0/security-groups?id=0fcd902d-4f05-4ad2-972a-a881b52e8715&fields=id&fields=name HTTP/1.1" status: 200 len: 313 time: 0.0383825
2026-07-02 16:33:50.549 10 INFO neutron.db.ovn_revision_numbers_db [None req-b23c0a44-7b40-415f-bf23-009c5d3f7171 - - - - - -] Successfully bumped revision number for resource 4030c2a4-57f2-419a-acb2-1b5cfc64a6fe (type: router_ports) to 4
2026-07-02 16:33:50.811 10 INFO neutron.wsgi [req-40b84915-3a29-49e0-b25e-80f2df3f200d req-620a1f09-4520-48b4-9037-2e9d606236af 671b6e9957644e07b2df16f5f89a3535 057b36ac48224e7eb1cfa5191e9a7759 - - default default] 10.0.0.139 "GET /v2.0/ports?device_id=06e33271-08ec-41c1-abe1-605d13cadd79 HTTP/1.1" status: 200 len: 1170 time: 0.0643435
2026-07-02 16:33:50.817 10 INFO neutron.wsgi [req-2e8aa085-bd5a-4d11-baf7-cd1de354fc54 req-3ae5f92a-e2e8-4333-8edc-0afac46ffb97 327d71ac995a46eaacf649b2f67c60aa 35deebd45d40463cafd722279d08dd2a - - b8539c3d20bb43fea2c7811c93745a0d b8539c3d20bb43fea2c7811c93745a0d] 199.204.45.129 "GET /v2.0/ports?tenant_id=057b36ac48224e7eb1cfa5191e9a7759&device_id=06e33271-08ec-41c1-abe1-605d13cadd79 HTTP/1.1" status: 200 len: 1409 time: 0.0456164
2026-07-02 16:33:50.889 10 INFO neutron.wsgi [req-40b84915-3a29-49e0-b25e-80f2df3f200d req-6c037851-58ed-4895-a620-825895b76cde 671b6e9957644e07b2df16f5f89a3535 057b36ac48224e7eb1cfa5191e9a7759 - - default default] 10.0.0.139 "GET /v2.0/security-groups?id=0fcd902d-4f05-4ad2-972a-a881b52e8715&fields=id&fields=name HTTP/1.1" status: 200 len: 313 time: 0.0703611
2026-07-02 16:33:50.904 10 INFO neutron.wsgi [req-2e8aa085-bd5a-4d11-baf7-cd1de354fc54 req-2de7aaee-a744-42d8-9801-0f238eb02683 327d71ac995a46eaacf649b2f67c60aa 35deebd45d40463cafd722279d08dd2a - - b8539c3d20bb43fea2c7811c93745a0d b8539c3d20bb43fea2c7811c93745a0d] 199.204.45.129 "GET /v2.0/networks?id=d99e0c68-e72e-4d8a-a5e2-f1b42f638413 HTTP/1.1" status: 200 len: 973 time: 0.0808430
2026-07-02 16:33:50.958 9 INFO neutron.db.ovn_revision_numbers_db [None req-c3c2b620-fd86-45c9-9f82-cdbe0fdf7e12 bd546687ec2b430fbb5f47b38dd6b481 69a0e91688254a8eb728dd4e1458b4fa - - default default] Successfully bumped revision number for resource 098261cd-020c-43df-9c7b-895f22072012 (type: router_ports) to 1
2026-07-02 16:33:50.960 9 INFO neutron.wsgi [None req-c3c2b620-fd86-45c9-9f82-cdbe0fdf7e12 bd546687ec2b430fbb5f47b38dd6b481 69a0e91688254a8eb728dd4e1458b4fa - - default default] 10.0.0.230 "PUT /v2.0/routers/7117d6cf-38ff-4eb8-9739-80d71c82d672/add_router_interface HTTP/1.1" status: 200 len: 503 time: 2.1086938
2026-07-02 16:33:50.972 10 INFO neutron.wsgi [req-2e8aa085-bd5a-4d11-baf7-cd1de354fc54 req-f594a5fe-e849-4cf0-b00b-df73ac8264f7 327d71ac995a46eaacf649b2f67c60aa 35deebd45d40463cafd722279d08dd2a - - b8539c3d20bb43fea2c7811c93745a0d b8539c3d20bb43fea2c7811c93745a0d] 199.204.45.129 "GET /v2.0/floatingips?fixed_ip_address=10.100.0.5&port_id=895ffe2e-b903-4306-9616-b7e1da988e7b HTTP/1.1" status: 200 len: 1059 time: 0.0627098
2026-07-02 16:33:51.013 10 INFO neutron.wsgi [req-2e8aa085-bd5a-4d11-baf7-cd1de354fc54 req-aa6af6f8-9301-4ccb-aac5-ef025836af8b 327d71ac995a46eaacf649b2f67c60aa 35deebd45d40463cafd722279d08dd2a - - b8539c3d20bb43fea2c7811c93745a0d b8539c3d20bb43fea2c7811c93745a0d] 199.204.45.129 "GET /v2.0/subnets?id=f5a0d856-9e43-4342-8f59-73981f53af63 HTTP/1.1" status: 200 len: 868 time: 0.0375619
2026-07-02 16:33:51.045 10 INFO neutron.wsgi [req-2e8aa085-bd5a-4d11-baf7-cd1de354fc54 req-92a7785d-22b3-4f42-b154-d5c88b06f5d4 327d71ac995a46eaacf649b2f67c60aa 35deebd45d40463cafd722279d08dd2a - - b8539c3d20bb43fea2c7811c93745a0d b8539c3d20bb43fea2c7811c93745a0d] 199.204.45.129 "GET /v2.0/ports?network_id=d99e0c68-e72e-4d8a-a5e2-f1b42f638413&device_owner=network%3Adhcp HTTP/1.1" status: 200 len: 210 time: 0.0286968
2026-07-02 16:33:51.103 10 INFO neutron.wsgi [req-2e8aa085-bd5a-4d11-baf7-cd1de354fc54 req-8fc10708-119e-4c1d-b6fd-87260cd75e49 327d71ac995a46eaacf649b2f67c60aa 35deebd45d40463cafd722279d08dd2a - - b8539c3d20bb43fea2c7811c93745a0d b8539c3d20bb43fea2c7811c93745a0d] 199.204.45.129 "GET /v2.0/networks/d99e0c68-e72e-4d8a-a5e2-f1b42f638413?fields=segments HTTP/1.1" status: 200 len: 212 time: 0.0549157
2026-07-02 16:33:51.166 10 INFO neutron.wsgi [req-2e8aa085-bd5a-4d11-baf7-cd1de354fc54 req-cbea9448-80ff-4b51-8936-31941f0bfaf5 327d71ac995a46eaacf649b2f67c60aa 35deebd45d40463cafd722279d08dd2a - - b8539c3d20bb43fea2c7811c93745a0d b8539c3d20bb43fea2c7811c93745a0d] 199.204.45.129 "GET /v2.0/networks/d99e0c68-e72e-4d8a-a5e2-f1b42f638413?fields=provider%3Aphysical_network&fields=provider%3Anetwork_type HTTP/1.1" status: 200 len: 277 time: 0.0604081
2026-07-02 16:33:51.759 10 INFO neutron.db.ovn_revision_numbers_db [None req-38655aad-ee67-4d2b-a080-571ec32a7afd ffee4459237c4afcafb986a8aab621e6 91104d5be422496787e2f67c71f7cee7 - - default default] Successfully bumped revision number for resource dbe0d010-de09-459d-89b5-daf9913a0441 (type: security_groups) to 1
2026-07-02 16:33:51.775 10 INFO neutron.db.ovn_revision_numbers_db [None req-38655aad-ee67-4d2b-a080-571ec32a7afd ffee4459237c4afcafb986a8aab621e6 91104d5be422496787e2f67c71f7cee7 - - default default] Successfully bumped revision number for resource 419317e9-dcef-4c0c-a01f-914cefc46b09 (type: security_group_rules) to 0
2026-07-02 16:33:51.799 10 INFO neutron.db.ovn_revision_numbers_db [None req-38655aad-ee67-4d2b-a080-571ec32a7afd ffee4459237c4afcafb986a8aab621e6 91104d5be422496787e2f67c71f7cee7 - - default default] Successfully bumped revision number for resource b052fd2b-4c98-40e6-a8c7-b576c97d67a7 (type: security_group_rules) to 0
2026-07-02 16:33:51.814 10 INFO neutron.plugins.ml2.drivers.ovn.mech_driver.mech_driver [None req-8618dfe9-8108-45b7-9877-494e4fc732c2 - - - - - -] OVN reports status up for port: 098261cd-020c-43df-9c7b-895f22072012
2026-07-02 16:33:51.823 10 INFO neutron.plugins.ml2.plugin [None req-8618dfe9-8108-45b7-9877-494e4fc732c2 - - - - - -] Attempt 1 to provision port 098261cd-020c-43df-9c7b-895f22072012
2026-07-02 16:33:51.826 10 INFO neutron.wsgi [None req-38655aad-ee67-4d2b-a080-571ec32a7afd ffee4459237c4afcafb986a8aab621e6 91104d5be422496787e2f67c71f7cee7 - - default default] 10.0.0.230 "POST /v2.0/security-groups HTTP/1.1" status: 201 len: 1797 time: 0.1989141
2026-07-02 16:33:51.982 9 INFO neutron.db.ovn_revision_numbers_db [None req-4e31651d-45ab-43b8-be24-b77e004e9006 ffee4459237c4afcafb986a8aab621e6 91104d5be422496787e2f67c71f7cee7 - - default default] Successfully bumped revision number for resource ddcb1567-9968-4659-be9d-723b57c0950c (type: security_group_rules) to 0
2026-07-02 16:33:52.007 10 INFO neutron.wsgi [req-f4aa262c-025c-4acc-bf13-e03b2dac8bca req-09eba4b7-c4e3-496e-a4dc-142ca8aca79e 671b6e9957644e07b2df16f5f89a3535 057b36ac48224e7eb1cfa5191e9a7759 - - default default] 10.0.0.139 "GET /v2.0/ports?device_id=06e33271-08ec-41c1-abe1-605d13cadd79 HTTP/1.1" status: 200 len: 1170 time: 0.0590885
2026-07-02 16:33:52.017 9 INFO neutron.wsgi [None req-4e31651d-45ab-43b8-be24-b77e004e9006 ffee4459237c4afcafb986a8aab621e6 91104d5be422496787e2f67c71f7cee7 - - default default] 10.0.0.230 "POST /v2.0/security-group-rules HTTP/1.1" status: 201 len: 764 time: 0.1853693
2026-07-02 16:33:52.072 10 INFO neutron.wsgi [req-f4aa262c-025c-4acc-bf13-e03b2dac8bca req-8715331b-2e64-47ec-8a28-fffa0f5863f0 671b6e9957644e07b2df16f5f89a3535 057b36ac48224e7eb1cfa5191e9a7759 - - default default] 10.0.0.139 "GET /v2.0/security-groups?id=0fcd902d-4f05-4ad2-972a-a881b52e8715&fields=id&fields=name HTTP/1.1" status: 200 len: 313 time: 0.0560892
2026-07-02 16:33:52.165 9 INFO neutron.db.ovn_revision_numbers_db [None req-dee8f32f-0303-421e-884c-3346e4f7a926 ffee4459237c4afcafb986a8aab621e6 91104d5be422496787e2f67c71f7cee7 - - default default] Successfully bumped revision number for resource eb3c4abd-5250-4fcb-94bd-9854ff4a8b9c (type: security_group_rules) to 0
2026-07-02 16:33:52.176 10 INFO neutron.db.ovn_revision_numbers_db [None req-8618dfe9-8108-45b7-9877-494e4fc732c2 - - - - - -] Successfully bumped revision number for resource 098261cd-020c-43df-9c7b-895f22072012 (type: ports) to 2
2026-07-02 16:33:52.191 9 INFO neutron.wsgi [None req-dee8f32f-0303-421e-884c-3346e4f7a926 ffee4459237c4afcafb986a8aab621e6 91104d5be422496787e2f67c71f7cee7 - - default default] 10.0.0.230 "POST /v2.0/security-group-rules HTTP/1.1" status: 201 len: 769 time: 0.1694586
2026-07-02 16:33:52.314 10 INFO neutron.db.ovn_revision_numbers_db [None req-8618dfe9-8108-45b7-9877-494e4fc732c2 - - - - - -] Successfully bumped revision number for resource 098261cd-020c-43df-9c7b-895f22072012 (type: router_ports) to 2
2026-07-02 16:33:52.458 9 WARNING neutron.scheduler.dhcp_agent_scheduler [None req-d5118b0d-e4d2-4923-b5d0-0791ef201f4b ffee4459237c4afcafb986a8aab621e6 91104d5be422496787e2f67c71f7cee7 - - default default] No more DHCP agents
2026-07-02 16:33:52.460 9 WARNING neutron.api.rpc.agentnotifiers.dhcp_rpc_agent_api [None req-d5118b0d-e4d2-4923-b5d0-0791ef201f4b ffee4459237c4afcafb986a8aab621e6 91104d5be422496787e2f67c71f7cee7 - - default default] Unable to schedule network ef4ba723-fdef-4075-b61d-e158a362d13f: no agents available; will retry on subsequent port and subnet creation events.
2026-07-02 16:33:52.728 9 INFO neutron.db.ovn_revision_numbers_db [None req-d5118b0d-e4d2-4923-b5d0-0791ef201f4b ffee4459237c4afcafb986a8aab621e6 91104d5be422496787e2f67c71f7cee7 - - default default] Successfully bumped revision number for resource 1eae8176-328d-4075-abe6-f3c43822905b (type: floatingips) to 0
2026-07-02 16:33:52.748 9 INFO neutron.wsgi [None req-d5118b0d-e4d2-4923-b5d0-0791ef201f4b ffee4459237c4afcafb986a8aab621e6 91104d5be422496787e2f67c71f7cee7 - - default default] 10.0.0.230 "POST /v2.0/floatingips HTTP/1.1" status: 201 len: 751 time: 0.5464964
2026-07-02 16:33:53.172 10 INFO neutron.wsgi [req-4fbd6f42-bd22-4e16-8c85-6996a0618b1e req-c99c47fb-b363-4929-9d7c-fafe2d77f3c5 671b6e9957644e07b2df16f5f89a3535 057b36ac48224e7eb1cfa5191e9a7759 - - default default] 10.0.0.139 "GET /v2.0/ports?device_id=06e33271-08ec-41c1-abe1-605d13cadd79 HTTP/1.1" status: 200 len: 1170 time: 0.0396862
2026-07-02 16:33:53.246 10 INFO neutron.wsgi [req-4fbd6f42-bd22-4e16-8c85-6996a0618b1e req-e9d55f5a-b5e1-40f1-84b1-1b5702067dad 671b6e9957644e07b2df16f5f89a3535 057b36ac48224e7eb1cfa5191e9a7759 - - default default] 10.0.0.139 "GET /v2.0/security-groups?id=0fcd902d-4f05-4ad2-972a-a881b52e8715&fields=id&fields=name HTTP/1.1" status: 200 len: 313 time: 0.0690162
2026-07-02 16:33:53.255 10 INFO neutron.wsgi [req-f9276fb2-ca30-4481-bc72-e12bd521b95f req-a8eb87ef-d411-44a6-bc58-079d89d2cf77 ffee4459237c4afcafb986a8aab621e6 91104d5be422496787e2f67c71f7cee7 - - default default] 10.0.0.139 "GET /v2.0/security-groups?name=tempest-securitygroup--1090539493&fields=id&tenant_id=91104d5be422496787e2f67c71f7cee7 HTTP/1.1" status: 200 len: 267 time: 0.0497797
2026-07-02 16:33:53.330 10 INFO neutron.wsgi [req-f9276fb2-ca30-4481-bc72-e12bd521b95f req-5c4a6777-462e-4cdc-a342-e9864e41bbd0 ffee4459237c4afcafb986a8aab621e6 91104d5be422496787e2f67c71f7cee7 - - default default] 10.0.0.139 "GET /v2.0/networks?id=3d3bf754-38ae-41c9-b71e-67a747124c53 HTTP/1.1" status: 200 len: 869 time: 0.0661321
2026-07-02 16:33:53.352 10 INFO neutron.wsgi [req-f9276fb2-ca30-4481-bc72-e12bd521b95f req-d8f2f58e-25a4-4c98-87a1-314aae39874a ffee4459237c4afcafb986a8aab621e6 91104d5be422496787e2f67c71f7cee7 - - default default] 10.0.0.139 "GET /v2.0/quotas/91104d5be422496787e2f67c71f7cee7 HTTP/1.1" status: 200 len: 386 time: 0.0118144
2026-07-02 16:33:53.443 10 INFO neutron.wsgi [req-f9276fb2-ca30-4481-bc72-e12bd521b95f req-45401e28-59ce-485b-97d7-63e7e466b692 ffee4459237c4afcafb986a8aab621e6 91104d5be422496787e2f67c71f7cee7 - - default default] 10.0.0.139 "GET /v2.0/ports?tenant_id=91104d5be422496787e2f67c71f7cee7&fields=id HTTP/1.1" status: 200 len: 302 time: 0.0861337
2026-07-02 16:33:53.534 10 INFO neutron.wsgi [req-f9276fb2-ca30-4481-bc72-e12bd521b95f req-f513cc82-64dc-4a1f-b12b-583cb791924e 327d71ac995a46eaacf649b2f67c60aa 35deebd45d40463cafd722279d08dd2a - - b8539c3d20bb43fea2c7811c93745a0d b8539c3d20bb43fea2c7811c93745a0d] 10.0.0.139 "GET /v2.0/networks/3d3bf754-38ae-41c9-b71e-67a747124c53?fields=segments HTTP/1.1" status: 200 len: 212 time: 0.0785875
2026-07-02 16:33:53.611 10 INFO neutron.wsgi [req-f9276fb2-ca30-4481-bc72-e12bd521b95f req-448c2246-929d-4306-b235-5801e0236d43 327d71ac995a46eaacf649b2f67c60aa 35deebd45d40463cafd722279d08dd2a - - b8539c3d20bb43fea2c7811c93745a0d b8539c3d20bb43fea2c7811c93745a0d] 10.0.0.139 "GET /v2.0/networks/3d3bf754-38ae-41c9-b71e-67a747124c53?fields=provider%3Aphysical_network&fields=provider%3Anetwork_type HTTP/1.1" status: 200 len: 277 time: 0.0690322
2026-07-02 16:33:53.801 10 INFO neutron.wsgi [req-ee97ee58-0cb6-44d8-a816-d667e1c80970 req-a70be6bc-c2d3-4984-a2ab-0d1e1b3e5ebd ffee4459237c4afcafb986a8aab621e6 91104d5be422496787e2f67c71f7cee7 - - default default] 10.0.0.139 "GET /v2.0/ports?device_id=20cafc05-14da-4810-8b5c-b677c6e82584 HTTP/1.1" status: 200 len: 210 time: 0.0331476
2026-07-02 16:33:54.107 9 INFO neutron.wsgi [req-954e5320-a323-4690-844a-dfb4708611d8 req-1b41e156-7a32-4da3-b7f2-59496cddafe8 327d71ac995a46eaacf649b2f67c60aa 35deebd45d40463cafd722279d08dd2a - - b8539c3d20bb43fea2c7811c93745a0d b8539c3d20bb43fea2c7811c93745a0d] 10.0.0.83 "GET /v2.0/ports?device_id=2dab092e-2d60-473c-8ff2-7274fcc92ab6 HTTP/1.1" status: 200 len: 1413 time: 0.1830964
