2026-07-02 16:37:46.959 10 WARNING neutron.api.rpc.agentnotifiers.dhcp_rpc_agent_api [None req-633cfe65-80cd-41a5-a818-8b45aee67464 3361d45712b543d8992898e7538aac52 1e75ec7dc14741e0b42fe906eed27442 - - default default] Unable to schedule network 9477c80f-5ebb-4e29-843f-e85b47a89a80: no agents available; will retry on subsequent port and subnet creation events.
2026-07-02 16:37:47.310 10 INFO neutron.db.ovn_revision_numbers_db [None req-633cfe65-80cd-41a5-a818-8b45aee67464 3361d45712b543d8992898e7538aac52 1e75ec7dc14741e0b42fe906eed27442 - - default default] Successfully bumped revision number for resource 253ff115-7090-4951-adf2-81df85ca9aba (type: router_ports) to 1
2026-07-02 16:37:47.313 10 INFO neutron.wsgi [None req-633cfe65-80cd-41a5-a818-8b45aee67464 3361d45712b543d8992898e7538aac52 1e75ec7dc14741e0b42fe906eed27442 - - default default] 10.0.0.230 "PUT /v2.0/routers/be37a513-7375-46c1-acd6-df77a6ce88eb/add_router_interface HTTP/1.1" status: 200 len: 503 time: 1.9571202
2026-07-02 16:37:48.194 10 WARNING neutron.scheduler.dhcp_agent_scheduler [None req-6e376591-c875-4605-a77d-8a4e7854de6f 3361d45712b543d8992898e7538aac52 1e75ec7dc14741e0b42fe906eed27442 - - default default] No more DHCP agents
2026-07-02 16:37:48.196 10 WARNING neutron.api.rpc.agentnotifiers.dhcp_rpc_agent_api [None req-6e376591-c875-4605-a77d-8a4e7854de6f 3361d45712b543d8992898e7538aac52 1e75ec7dc14741e0b42fe906eed27442 - - default default] Unable to schedule network 2b548ed5-6bea-4baf-9584-813233ba4d64: no agents available; will retry on subsequent port and subnet creation events.
2026-07-02 16:37:48.340 10 INFO neutron.db.ovn_revision_numbers_db [None req-6e376591-c875-4605-a77d-8a4e7854de6f 3361d45712b543d8992898e7538aac52 1e75ec7dc14741e0b42fe906eed27442 - - default default] Successfully bumped revision number for resource 2724795a-1f86-458f-aca1-b3a05ce77d4f (type: ports) to 1
2026-07-02 16:37:48.933 10 INFO neutron.db.ovn_revision_numbers_db [None req-6e376591-c875-4605-a77d-8a4e7854de6f 3361d45712b543d8992898e7538aac52 1e75ec7dc14741e0b42fe906eed27442 - - default default] Successfully bumped revision number for resource 2724795a-1f86-458f-aca1-b3a05ce77d4f (type: router_ports) to 1
2026-07-02 16:37:49.087 10 INFO neutron.db.ovn_revision_numbers_db [None req-6e376591-c875-4605-a77d-8a4e7854de6f 3361d45712b543d8992898e7538aac52 1e75ec7dc14741e0b42fe906eed27442 - - default default] Successfully bumped revision number for resource 2724795a-1f86-458f-aca1-b3a05ce77d4f (type: ports) to 1
2026-07-02 16:37:49.155 10 WARNING neutron.scheduler.dhcp_agent_scheduler [None req-6e376591-c875-4605-a77d-8a4e7854de6f 3361d45712b543d8992898e7538aac52 1e75ec7dc14741e0b42fe906eed27442 - - default default] No more DHCP agents
2026-07-02 16:37:49.157 10 WARNING neutron.api.rpc.agentnotifiers.dhcp_rpc_agent_api [None req-6e376591-c875-4605-a77d-8a4e7854de6f 3361d45712b543d8992898e7538aac52 1e75ec7dc14741e0b42fe906eed27442 - - default default] Unable to schedule network 2b548ed5-6bea-4baf-9584-813233ba4d64: no agents available; will retry on subsequent port and subnet creation events.
2026-07-02 16:37:49.425 9 INFO neutron.db.ovn_revision_numbers_db [None req-f24057f8-63ed-47df-af75-f0138ec5a2a3 11cf3cc6af78496ebbac4744236e1951 12a5e94451324bb9b1dc77a8169830f8 - - default default] Successfully bumped revision number for resource 0d423b90-c553-4e80-a9c9-5471d58d2489 (type: security_groups) to 1
2026-07-02 16:37:49.441 9 INFO neutron.db.ovn_revision_numbers_db [None req-f24057f8-63ed-47df-af75-f0138ec5a2a3 11cf3cc6af78496ebbac4744236e1951 12a5e94451324bb9b1dc77a8169830f8 - - default default] Successfully bumped revision number for resource 02a2f208-8b9d-45de-9af8-94e7d98ebcfc (type: security_group_rules) to 0
2026-07-02 16:37:49.460 9 INFO neutron.db.ovn_revision_numbers_db [None req-f24057f8-63ed-47df-af75-f0138ec5a2a3 11cf3cc6af78496ebbac4744236e1951 12a5e94451324bb9b1dc77a8169830f8 - - default default] Successfully bumped revision number for resource 24d752ee-1484-4c33-962f-ea45adff1e77 (type: security_group_rules) to 0
2026-07-02 16:37:49.476 9 INFO neutron.db.ovn_revision_numbers_db [None req-f24057f8-63ed-47df-af75-f0138ec5a2a3 11cf3cc6af78496ebbac4744236e1951 12a5e94451324bb9b1dc77a8169830f8 - - default default] Successfully bumped revision number for resource e3d66b44-45b5-4891-b564-359ae864f945 (type: security_group_rules) to 0
2026-07-02 16:37:49.485 10 INFO neutron.db.ovn_revision_numbers_db [None req-6e376591-c875-4605-a77d-8a4e7854de6f 3361d45712b543d8992898e7538aac52 1e75ec7dc14741e0b42fe906eed27442 - - default default] Successfully bumped revision number for resource 2724795a-1f86-458f-aca1-b3a05ce77d4f (type: router_ports) to 1
2026-07-02 16:37:49.488 10 INFO neutron.wsgi [None req-6e376591-c875-4605-a77d-8a4e7854de6f 3361d45712b543d8992898e7538aac52 1e75ec7dc14741e0b42fe906eed27442 - - default default] 10.0.0.230 "PUT /v2.0/routers/be37a513-7375-46c1-acd6-df77a6ce88eb/add_router_interface HTTP/1.1" status: 200 len: 503 time: 2.1709621
2026-07-02 16:37:49.496 9 INFO neutron.db.ovn_revision_numbers_db [None req-f24057f8-63ed-47df-af75-f0138ec5a2a3 11cf3cc6af78496ebbac4744236e1951 12a5e94451324bb9b1dc77a8169830f8 - - default default] Successfully bumped revision number for resource f1fe7c43-1c48-4ce9-b82b-5aa77671feaa (type: security_group_rules) to 0
2026-07-02 16:37:49.532 9 WARNING neutron.plugins.ml2.drivers.ovn.mech_driver.ovsdb.ovn_client [None req-fbd846f9-262f-4377-8af7-2dec8b150391 - - - - - -] No hosting information found for port f3fc6452-73ae-4c26-95eb-f0cecc9deac2: RuntimeError: No hosting information found for port f3fc6452-73ae-4c26-95eb-f0cecc9deac2
2026-07-02 16:37:49.532 9 INFO neutron.plugins.ml2.drivers.ovn.mech_driver.mech_driver [None req-fbd846f9-262f-4377-8af7-2dec8b150391 - - - - - -] OVN reports status up for port: 253ff115-7090-4951-adf2-81df85ca9aba
2026-07-02 16:37:49.541 9 INFO neutron.plugins.ml2.plugin [None req-fbd846f9-262f-4377-8af7-2dec8b150391 - - - - - -] Attempt 1 to provision port 253ff115-7090-4951-adf2-81df85ca9aba
2026-07-02 16:37:49.652 10 INFO neutron.db.ovn_revision_numbers_db [None req-1b7f5daf-ed47-4392-9a26-85d5e0270fcd 3361d45712b543d8992898e7538aac52 1e75ec7dc14741e0b42fe906eed27442 - - default default] Successfully bumped revision number for resource 1f753b67-b9dc-46a6-8550-945cc1ed53f9 (type: security_groups) to 1
2026-07-02 16:37:49.665 10 INFO neutron.db.ovn_revision_numbers_db [None req-1b7f5daf-ed47-4392-9a26-85d5e0270fcd 3361d45712b543d8992898e7538aac52 1e75ec7dc14741e0b42fe906eed27442 - - default default] Successfully bumped revision number for resource 913a1b76-1de7-40e4-a21e-4c93ef5e3805 (type: security_group_rules) to 0
2026-07-02 16:37:49.681 10 INFO neutron.db.ovn_revision_numbers_db [None req-1b7f5daf-ed47-4392-9a26-85d5e0270fcd 3361d45712b543d8992898e7538aac52 1e75ec7dc14741e0b42fe906eed27442 - - default default] Successfully bumped revision number for resource 927b7e40-4d2f-484e-afc5-a38f3bea5266 (type: security_group_rules) to 0
2026-07-02 16:37:49.700 10 INFO neutron.wsgi [None req-1b7f5daf-ed47-4392-9a26-85d5e0270fcd 3361d45712b543d8992898e7538aac52 1e75ec7dc14741e0b42fe906eed27442 - - default default] 10.0.0.230 "POST /v2.0/security-groups HTTP/1.1" status: 201 len: 1766 time: 0.1572149
2026-07-02 16:37:49.838 10 INFO neutron.db.ovn_revision_numbers_db [None req-b13f0c95-7cec-4ae1-baa7-cdfe88d588f0 3361d45712b543d8992898e7538aac52 1e75ec7dc14741e0b42fe906eed27442 - - default default] Successfully bumped revision number for resource b32c4caa-d923-46a1-9d7e-1aca9856c677 (type: security_group_rules) to 0
2026-07-02 16:37:49.864 10 INFO neutron.wsgi [None req-b13f0c95-7cec-4ae1-baa7-cdfe88d588f0 3361d45712b543d8992898e7538aac52 1e75ec7dc14741e0b42fe906eed27442 - - default default] 10.0.0.230 "POST /v2.0/security-group-rules HTTP/1.1" status: 201 len: 764 time: 0.1581230
2026-07-02 16:37:49.865 9 INFO neutron.db.ovn_revision_numbers_db [None req-f24057f8-63ed-47df-af75-f0138ec5a2a3 11cf3cc6af78496ebbac4744236e1951 12a5e94451324bb9b1dc77a8169830f8 - - default default] Successfully bumped revision number for resource 312b5329-c62f-4791-8901-0fab06f8350f (type: security_groups) to 1
2026-07-02 16:37:49.885 9 INFO neutron.db.ovn_revision_numbers_db [None req-f24057f8-63ed-47df-af75-f0138ec5a2a3 11cf3cc6af78496ebbac4744236e1951 12a5e94451324bb9b1dc77a8169830f8 - - default default] Successfully bumped revision number for resource 335ce9aa-8d35-4a67-9a4d-f4cdee840356 (type: security_group_rules) to 0
2026-07-02 16:37:49.904 9 INFO neutron.db.ovn_revision_numbers_db [None req-f24057f8-63ed-47df-af75-f0138ec5a2a3 11cf3cc6af78496ebbac4744236e1951 12a5e94451324bb9b1dc77a8169830f8 - - default default] Successfully bumped revision number for resource 6e902768-341d-4054-b79f-5d379452bcdc (type: security_group_rules) to 0
2026-07-02 16:37:49.934 9 INFO neutron.wsgi [None req-f24057f8-63ed-47df-af75-f0138ec5a2a3 11cf3cc6af78496ebbac4744236e1951 12a5e94451324bb9b1dc77a8169830f8 - - default default] 10.0.0.230 "POST /v2.0/security-groups HTTP/1.1" status: 201 len: 1739 time: 0.7946253
2026-07-02 16:37:49.970 10 INFO neutron.wsgi [None req-40e348c8-aa3c-4069-b33c-24fbc0d5e6d3 11cf3cc6af78496ebbac4744236e1951 12a5e94451324bb9b1dc77a8169830f8 - - default default] 10.0.0.230 "PUT /v2.0/security-groups/312b5329-c62f-4791-8901-0fab06f8350f/tags HTTP/1.1" status: 200 len: 218 time: 0.0300677
2026-07-02 16:37:49.996 10 INFO neutron.wsgi [None req-7bfaf967-442d-4efb-a75c-d0d36ca3d110 11cf3cc6af78496ebbac4744236e1951 12a5e94451324bb9b1dc77a8169830f8 - - default default] 10.0.0.230 "GET /v2.0/security-groups/312b5329-c62f-4791-8901-0fab06f8350f/tags HTTP/1.1" status: 200 len: 218 time: 0.0198209
2026-07-02 16:37:49.997 10 INFO neutron.db.ovn_revision_numbers_db [None req-ef5b2af1-0a2d-4c9f-864e-0580245db086 3361d45712b543d8992898e7538aac52 1e75ec7dc14741e0b42fe906eed27442 - - default default] Successfully bumped revision number for resource 9b6067bb-1aa4-48d4-968c-30f93f922694 (type: security_group_rules) to 0
2026-07-02 16:37:50.029 10 INFO neutron.wsgi [None req-ef5b2af1-0a2d-4c9f-864e-0580245db086 3361d45712b543d8992898e7538aac52 1e75ec7dc14741e0b42fe906eed27442 - - default default] 10.0.0.230 "POST /v2.0/security-group-rules HTTP/1.1" status: 201 len: 764 time: 0.1602175
2026-07-02 16:37:50.035 10 INFO neutron.wsgi [None req-493033ee-5e7d-4391-a91b-8f8d9bd69c1f 11cf3cc6af78496ebbac4744236e1951 12a5e94451324bb9b1dc77a8169830f8 - - default default] 10.0.0.230 "PUT /v2.0/security-groups/312b5329-c62f-4791-8901-0fab06f8350f/tags/green HTTP/1.1" status: 201 len: 201 time: 0.0336437
2026-07-02 16:37:50.061 10 INFO neutron.wsgi [None req-0670c4ee-b7b1-425b-b891-268afad11c30 11cf3cc6af78496ebbac4744236e1951 12a5e94451324bb9b1dc77a8169830f8 - - default default] 10.0.0.230 "GET /v2.0/security-groups/312b5329-c62f-4791-8901-0fab06f8350f/tags HTTP/1.1" status: 200 len: 227 time: 0.0215905
2026-07-02 16:37:50.084 10 INFO neutron.wsgi [None req-797adcab-ed4a-4a65-a4d2-0ec259192830 11cf3cc6af78496ebbac4744236e1951 12a5e94451324bb9b1dc77a8169830f8 - - default default] 10.0.0.230 "PUT /v2.0/security-groups/312b5329-c62f-4791-8901-0fab06f8350f/tags/red HTTP/1.1" status: 201 len: 201 time: 0.0186584
2026-07-02 16:37:50.088 9 INFO neutron.db.ovn_revision_numbers_db [None req-fbd846f9-262f-4377-8af7-2dec8b150391 - - - - - -] Successfully bumped revision number for resource 253ff115-7090-4951-adf2-81df85ca9aba (type: ports) to 2
2026-07-02 16:37:50.109 10 INFO neutron.wsgi [None req-1b8dfd4c-e3f0-466e-9174-ba3c355f98f7 11cf3cc6af78496ebbac4744236e1951 12a5e94451324bb9b1dc77a8169830f8 - - default default] 10.0.0.230 "GET /v2.0/security-groups/312b5329-c62f-4791-8901-0fab06f8350f/tags HTTP/1.1" status: 200 len: 227 time: 0.0200844
2026-07-02 16:37:50.142 10 INFO neutron.wsgi [None req-c8562b52-a8d9-4188-97db-ba5d84e2b338 11cf3cc6af78496ebbac4744236e1951 12a5e94451324bb9b1dc77a8169830f8 - - default default] 10.0.0.230 "PUT /v2.0/security-groups/312b5329-c62f-4791-8901-0fab06f8350f/tags/black.or.white HTTP/1.1" status: 201 len: 201 time: 0.0282502
2026-07-02 16:37:50.189 9 INFO neutron.wsgi [None req-5f70b14d-4cb9-466b-bbbd-79e3bf48d86c 11cf3cc6af78496ebbac4744236e1951 12a5e94451324bb9b1dc77a8169830f8 - - default default] 10.0.0.230 "GET /v2.0/security-groups/312b5329-c62f-4791-8901-0fab06f8350f/tags HTTP/1.1" status: 200 len: 245 time: 0.0366518
2026-07-02 16:37:50.225 10 INFO neutron.wsgi [None req-795a7295-1ef0-4896-94ff-1d1530240c0b 11cf3cc6af78496ebbac4744236e1951 12a5e94451324bb9b1dc77a8169830f8 - - default default] 10.0.0.230 "PUT /v2.0/security-groups/312b5329-c62f-4791-8901-0fab06f8350f/tags HTTP/1.1" status: 200 len: 230 time: 0.0320671
2026-07-02 16:37:50.243 9 INFO neutron.db.ovn_revision_numbers_db [None req-532c6824-9f94-4eac-913a-53f38e091b95 3361d45712b543d8992898e7538aac52 1e75ec7dc14741e0b42fe906eed27442 - - default default] Successfully bumped revision number for resource 4fa59fd0-06e5-481b-901d-0b881ae76f31 (type: security_group_rules) to 0
2026-07-02 16:37:50.253 9 INFO neutron.db.ovn_revision_numbers_db [None req-fbd846f9-262f-4377-8af7-2dec8b150391 - - - - - -] Successfully bumped revision number for resource 253ff115-7090-4951-adf2-81df85ca9aba (type: router_ports) to 2
2026-07-02 16:37:50.254 10 INFO neutron.wsgi [None req-8b80908d-2bb3-44c0-9afe-883fd4ef4ee7 11cf3cc6af78496ebbac4744236e1951 12a5e94451324bb9b1dc77a8169830f8 - - default default] 10.0.0.230 "GET /v2.0/security-groups/312b5329-c62f-4791-8901-0fab06f8350f/tags HTTP/1.1" status: 200 len: 230 time: 0.0227611
2026-07-02 16:37:50.279 9 INFO neutron.wsgi [None req-532c6824-9f94-4eac-913a-53f38e091b95 3361d45712b543d8992898e7538aac52 1e75ec7dc14741e0b42fe906eed27442 - - default default] 10.0.0.230 "POST /v2.0/security-group-rules HTTP/1.1" status: 201 len: 766 time: 0.2433350
2026-07-02 16:37:50.280 10 INFO neutron.wsgi [None req-b25a2944-2534-47af-8761-755f8d4d563c 11cf3cc6af78496ebbac4744236e1951 12a5e94451324bb9b1dc77a8169830f8 - - default default] 10.0.0.230 "GET /v2.0/security-groups/312b5329-c62f-4791-8901-0fab06f8350f/tags/red HTTP/1.1" status: 204 len: 168 time: 0.0214562
2026-07-02 16:37:50.314 10 INFO neutron.api.v2.resource [None req-7a977807-db35-48f7-a243-f17adaa3eb4b 11cf3cc6af78496ebbac4744236e1951 12a5e94451324bb9b1dc77a8169830f8 - - default default] show failed (client error): The resource could not be found.
2026-07-02 16:37:50.315 10 INFO neutron.wsgi [None req-7a977807-db35-48f7-a243-f17adaa3eb4b 11cf3cc6af78496ebbac4744236e1951 12a5e94451324bb9b1dc77a8169830f8 - - default default] 10.0.0.230 "GET /v2.0/security-groups/312b5329-c62f-4791-8901-0fab06f8350f/tags/green HTTP/1.1" status: 404 len: 299 time: 0.0302055
2026-07-02 16:37:50.359 9 INFO neutron.wsgi [None req-1cfdd51e-8e25-4307-85df-20cbc073a691 11cf3cc6af78496ebbac4744236e1951 12a5e94451324bb9b1dc77a8169830f8 - - default default] 10.0.0.230 "DELETE /v2.0/security-groups/312b5329-c62f-4791-8901-0fab06f8350f/tags/red HTTP/1.1" status: 204 len: 168 time: 0.0370572
2026-07-02 16:37:50.385 10 INFO neutron.wsgi [None req-67976504-cc6b-4f73-967e-e068b5922e62 11cf3cc6af78496ebbac4744236e1951 12a5e94451324bb9b1dc77a8169830f8 - - default default] 10.0.0.230 "GET /v2.0/security-groups/312b5329-c62f-4791-8901-0fab06f8350f/tags HTTP/1.1" status: 200 len: 223 time: 0.0220487
2026-07-02 16:37:50.415 10 INFO neutron.api.v2.resource [None req-ceb3a6f6-9366-4d69-bb41-d84298b72ed5 11cf3cc6af78496ebbac4744236e1951 12a5e94451324bb9b1dc77a8169830f8 - - default default] delete failed (client error): The resource could not be found.
2026-07-02 16:37:50.416 10 INFO neutron.wsgi [None req-ceb3a6f6-9366-4d69-bb41-d84298b72ed5 11cf3cc6af78496ebbac4744236e1951 12a5e94451324bb9b1dc77a8169830f8 - - default default] 10.0.0.230 "DELETE /v2.0/security-groups/312b5329-c62f-4791-8901-0fab06f8350f/tags/green HTTP/1.1" status: 404 len: 299 time: 0.0264359
2026-07-02 16:37:50.425 10 INFO neutron.db.ovn_revision_numbers_db [None req-807f12ac-db0a-448f-9dc9-6d88a6f59984 3361d45712b543d8992898e7538aac52 1e75ec7dc14741e0b42fe906eed27442 - - default default] Successfully bumped revision number for resource 14967a89-5391-49da-9131-840c156ede65 (type: security_group_rules) to 0
2026-07-02 16:37:50.449 10 INFO neutron.wsgi [None req-807f12ac-db0a-448f-9dc9-6d88a6f59984 3361d45712b543d8992898e7538aac52 1e75ec7dc14741e0b42fe906eed27442 - - default default] 10.0.0.230 "POST /v2.0/security-group-rules HTTP/1.1" status: 201 len: 768 time: 0.1643305
2026-07-02 16:37:50.457 9 INFO neutron.wsgi [None req-04eb2869-ac1f-4cf4-8835-883feba94cf7 11cf3cc6af78496ebbac4744236e1951 12a5e94451324bb9b1dc77a8169830f8 - - default default] 10.0.0.230 "DELETE /v2.0/security-groups/312b5329-c62f-4791-8901-0fab06f8350f/tags HTTP/1.1" status: 204 len: 168 time: 0.0361171
2026-07-02 16:37:50.484 9 INFO neutron.wsgi [None req-b4bd4950-15b7-4ebc-b1db-c0a2d4bbcfd5 11cf3cc6af78496ebbac4744236e1951 12a5e94451324bb9b1dc77a8169830f8 - - default default] 10.0.0.230 "GET /v2.0/security-groups/312b5329-c62f-4791-8901-0fab06f8350f/tags HTTP/1.1" status: 200 len: 205 time: 0.0214536
2026-07-02 16:37:50.570 10 INFO neutron.db.ovn_revision_numbers_db [None req-c849f001-5c42-4897-84ef-a643b0a9b536 3361d45712b543d8992898e7538aac52 1e75ec7dc14741e0b42fe906eed27442 - - default default] Successfully bumped revision number for resource 2aea9163-474f-40e7-a003-29f997e06681 (type: security_group_rules) to 0
2026-07-02 16:37:50.597 10 INFO neutron.wsgi [None req-c849f001-5c42-4897-84ef-a643b0a9b536 3361d45712b543d8992898e7538aac52 1e75ec7dc14741e0b42fe906eed27442 - - default default] 10.0.0.230 "POST /v2.0/security-group-rules HTTP/1.1" status: 201 len: 768 time: 0.1444330
2026-07-02 16:37:50.602 9 INFO neutron.wsgi [None req-1ff4dbb4-135f-4370-a1eb-445125b27059 11cf3cc6af78496ebbac4744236e1951 12a5e94451324bb9b1dc77a8169830f8 - - default default] 10.0.0.230 "DELETE /v2.0/security-groups/312b5329-c62f-4791-8901-0fab06f8350f HTTP/1.1" status: 204 len: 168 time: 0.1103053
2026-07-02 16:37:50.715 10 INFO neutron.db.ovn_revision_numbers_db [None req-68d10873-fdc9-433e-9c5d-140e6aa67760 3361d45712b543d8992898e7538aac52 1e75ec7dc14741e0b42fe906eed27442 - - default default] Successfully bumped revision number for resource c3dad78a-36af-4c1b-9c81-d65a148e1f5c (type: security_group_rules) to 0
2026-07-02 16:37:50.738 10 INFO neutron.wsgi [None req-68d10873-fdc9-433e-9c5d-140e6aa67760 3361d45712b543d8992898e7538aac52 1e75ec7dc14741e0b42fe906eed27442 - - default default] 10.0.0.230 "POST /v2.0/security-group-rules HTTP/1.1" status: 201 len: 764 time: 0.1359081
2026-07-02 16:37:50.892 10 INFO neutron.db.ovn_revision_numbers_db [None req-5042816c-a6f3-4128-94a0-58832408a4ef 3361d45712b543d8992898e7538aac52 1e75ec7dc14741e0b42fe906eed27442 - - default default] Successfully bumped revision number for resource a364093a-200a-46e3-bac1-952fb4c7e397 (type: security_group_rules) to 0
2026-07-02 16:37:50.924 10 INFO neutron.wsgi [None req-5042816c-a6f3-4128-94a0-58832408a4ef 3361d45712b543d8992898e7538aac52 1e75ec7dc14741e0b42fe906eed27442 - - default default] 10.0.0.230 "POST /v2.0/security-group-rules HTTP/1.1" status: 201 len: 764 time: 0.1816657
2026-07-02 16:37:51.076 10 INFO neutron.db.ovn_revision_numbers_db [None req-d008d74f-05bb-4c5d-ad11-5c8a0cad23ee 3361d45712b543d8992898e7538aac52 1e75ec7dc14741e0b42fe906eed27442 - - default default] Successfully bumped revision number for resource 153ca00c-367d-44df-accc-0ae60545a858 (type: security_group_rules) to 0
2026-07-02 16:37:51.100 10 INFO neutron.wsgi [None req-d008d74f-05bb-4c5d-ad11-5c8a0cad23ee 3361d45712b543d8992898e7538aac52 1e75ec7dc14741e0b42fe906eed27442 - - default default] 10.0.0.230 "POST /v2.0/security-group-rules HTTP/1.1" status: 201 len: 764 time: 0.1725225
2026-07-02 16:37:51.246 10 INFO neutron.db.ovn_revision_numbers_db [None req-d158adf5-8dd3-40cf-a23b-e0a4b82e2850 3361d45712b543d8992898e7538aac52 1e75ec7dc14741e0b42fe906eed27442 - - default default] Successfully bumped revision number for resource f8c2416b-66aa-42d8-a664-d666cb7d1cd8 (type: security_group_rules) to 0
2026-07-02 16:37:51.284 10 INFO neutron.wsgi [None req-d158adf5-8dd3-40cf-a23b-e0a4b82e2850 3361d45712b543d8992898e7538aac52 1e75ec7dc14741e0b42fe906eed27442 - - default default] 10.0.0.230 "POST /v2.0/security-group-rules HTTP/1.1" status: 201 len: 766 time: 0.1750147
2026-07-02 16:37:51.450 9 INFO neutron.wsgi [None req-2aab43f9-ad8b-4a71-b10e-db288d49514d bd546687ec2b430fbb5f47b38dd6b481 69a0e91688254a8eb728dd4e1458b4fa - - default default] 10.0.0.230 "GET /v2.0/security-groups?tenant_id=12a5e94451324bb9b1dc77a8169830f8&name=default HTTP/1.1" status: 200 len: 3000 time: 0.1768668
2026-07-02 16:37:51.450 10 INFO neutron.db.ovn_revision_numbers_db [None req-0e9238f3-ba41-4101-8208-d92940ffd089 3361d45712b543d8992898e7538aac52 1e75ec7dc14741e0b42fe906eed27442 - - default default] Successfully bumped revision number for resource 8d0a63ff-f8b1-427e-baaa-e98b6e2b2121 (type: security_group_rules) to 0
2026-07-02 16:37:51.477 10 INFO neutron.wsgi [None req-0e9238f3-ba41-4101-8208-d92940ffd089 3361d45712b543d8992898e7538aac52 1e75ec7dc14741e0b42fe906eed27442 - - default default] 10.0.0.230 "POST /v2.0/security-group-rules HTTP/1.1" status: 201 len: 768 time: 0.1871524
2026-07-02 16:37:51.623 10 INFO neutron.db.ovn_revision_numbers_db [None req-cb3c405d-caca-495f-8aa3-b043992e91d7 3361d45712b543d8992898e7538aac52 1e75ec7dc14741e0b42fe906eed27442 - - default default] Successfully bumped revision number for resource cc2075c5-3709-4f84-8236-9c0adb52ec30 (type: security_group_rules) to 0
2026-07-02 16:37:51.653 10 INFO neutron.wsgi [None req-cb3c405d-caca-495f-8aa3-b043992e91d7 3361d45712b543d8992898e7538aac52 1e75ec7dc14741e0b42fe906eed27442 - - default default] 10.0.0.230 "POST /v2.0/security-group-rules HTTP/1.1" status: 201 len: 764 time: 0.1694651
2026-07-02 16:37:51.671 9 INFO neutron.wsgi [None req-00b8ce47-3b7b-4184-9558-155306cc408c bd546687ec2b430fbb5f47b38dd6b481 69a0e91688254a8eb728dd4e1458b4fa - - default default] 10.0.0.230 "DELETE /v2.0/security-groups/0d423b90-c553-4e80-a9c9-5471d58d2489 HTTP/1.1" status: 204 len: 168 time: 0.2161689
2026-07-02 16:37:51.893 9 INFO neutron.db.ovn_revision_numbers_db [None req-5873c152-4618-4a86-93d7-db7d2db19ad6 bd546687ec2b430fbb5f47b38dd6b481 69a0e91688254a8eb728dd4e1458b4fa - - default default] Successfully bumped revision number for resource d2919391-424e-43c1-aaa3-d6a86fec9821 (type: security_groups) to 1
2026-07-02 16:37:51.908 9 INFO neutron.db.ovn_revision_numbers_db [None req-5873c152-4618-4a86-93d7-db7d2db19ad6 bd546687ec2b430fbb5f47b38dd6b481 69a0e91688254a8eb728dd4e1458b4fa - - default default] Successfully bumped revision number for resource 0885e1ac-4a29-4ec6-93b1-4b786d533e19 (type: security_group_rules) to 0
2026-07-02 16:37:51.913 10 INFO neutron.wsgi [req-46d4584d-49a6-4b4d-9e33-ff382b804db8 req-07aaf0b0-259c-440c-8028-90541ca7422d 3361d45712b543d8992898e7538aac52 1e75ec7dc14741e0b42fe906eed27442 - - default default] 10.0.0.139 "GET /v2.0/security-groups?name=tempest-lb_member_SG-1547369627&fields=id&tenant_id=1e75ec7dc14741e0b42fe906eed27442 HTTP/1.1" status: 200 len: 267 time: 0.0665724
2026-07-02 16:37:51.923 9 INFO neutron.db.ovn_revision_numbers_db [None req-5873c152-4618-4a86-93d7-db7d2db19ad6 bd546687ec2b430fbb5f47b38dd6b481 69a0e91688254a8eb728dd4e1458b4fa - - default default] Successfully bumped revision number for resource 4e46b36a-8a01-4faa-b464-2b34cfc9d16a (type: security_group_rules) to 0
2026-07-02 16:37:51.937 9 INFO neutron.db.ovn_revision_numbers_db [None req-5873c152-4618-4a86-93d7-db7d2db19ad6 bd546687ec2b430fbb5f47b38dd6b481 69a0e91688254a8eb728dd4e1458b4fa - - default default] Successfully bumped revision number for resource d078eaf8-d387-4c19-86a8-1f409b738e3b (type: security_group_rules) to 0
2026-07-02 16:37:51.950 9 INFO neutron.db.ovn_revision_numbers_db [None req-5873c152-4618-4a86-93d7-db7d2db19ad6 bd546687ec2b430fbb5f47b38dd6b481 69a0e91688254a8eb728dd4e1458b4fa - - default default] Successfully bumped revision number for resource fab3338f-e96a-4c2f-958a-2d1a846cf880 (type: security_group_rules) to 0
2026-07-02 16:37:51.976 9 INFO neutron.wsgi [None req-5873c152-4618-4a86-93d7-db7d2db19ad6 bd546687ec2b430fbb5f47b38dd6b481 69a0e91688254a8eb728dd4e1458b4fa - - default default] 10.0.0.230 "GET /v2.0/security-groups?tenant_id=4e31d01758074bf5866213808c7f20dd&name=default HTTP/1.1" status: 200 len: 3000 time: 0.2045748
2026-07-02 16:37:52.031 10 INFO neutron.wsgi [req-46d4584d-49a6-4b4d-9e33-ff382b804db8 req-2dd58160-c6c9-4c5c-abc5-47c956eec4d0 3361d45712b543d8992898e7538aac52 1e75ec7dc14741e0b42fe906eed27442 - - default default] 10.0.0.139 "GET /v2.0/networks?id=9477c80f-5ebb-4e29-843f-e85b47a89a80 HTTP/1.1" status: 200 len: 904 time: 0.1106417
2026-07-02 16:37:52.046 10 INFO neutron.wsgi [req-46d4584d-49a6-4b4d-9e33-ff382b804db8 req-2e83ee76-e06e-41fb-ae4c-b5d9b6a4b5f9 3361d45712b543d8992898e7538aac52 1e75ec7dc14741e0b42fe906eed27442 - - default default] 10.0.0.139 "GET /v2.0/quotas/1e75ec7dc14741e0b42fe906eed27442 HTTP/1.1" status: 200 len: 386 time: 0.0082507
2026-07-02 16:37:52.183 9 INFO neutron.wsgi [None req-bd164cdd-3c9d-426a-825c-d13828af4b19 bd546687ec2b430fbb5f47b38dd6b481 69a0e91688254a8eb728dd4e1458b4fa - - default default] 10.0.0.230 "DELETE /v2.0/security-groups/d2919391-424e-43c1-aaa3-d6a86fec9821 HTTP/1.1" status: 204 len: 168 time: 0.2024157
2026-07-02 16:37:52.258 10 INFO neutron.wsgi [req-46d4584d-49a6-4b4d-9e33-ff382b804db8 req-c103ccc3-29fb-4597-91ff-64343949e92a 3361d45712b543d8992898e7538aac52 1e75ec7dc14741e0b42fe906eed27442 - - default default] 10.0.0.139 "GET /v2.0/ports?tenant_id=1e75ec7dc14741e0b42fe906eed27442&fields=id HTTP/1.1" status: 200 len: 486 time: 0.2065585
2026-07-02 16:37:52.330 10 INFO neutron.wsgi [req-46d4584d-49a6-4b4d-9e33-ff382b804db8 req-dd6dccbd-6a38-42df-9e88-ba1da17f5ace 327d71ac995a46eaacf649b2f67c60aa 35deebd45d40463cafd722279d08dd2a - - b8539c3d20bb43fea2c7811c93745a0d b8539c3d20bb43fea2c7811c93745a0d] 10.0.0.139 "GET /v2.0/networks/9477c80f-5ebb-4e29-843f-e85b47a89a80?fields=segments HTTP/1.1" status: 200 len: 212 time: 0.0601666
2026-07-02 16:37:52.391 10 INFO neutron.wsgi [req-46d4584d-49a6-4b4d-9e33-ff382b804db8 req-5f33d6ff-8892-4dac-9971-f20f567aafd9 327d71ac995a46eaacf649b2f67c60aa 35deebd45d40463cafd722279d08dd2a - - b8539c3d20bb43fea2c7811c93745a0d b8539c3d20bb43fea2c7811c93745a0d] 10.0.0.139 "GET /v2.0/networks/9477c80f-5ebb-4e29-843f-e85b47a89a80?fields=provider%3Aphysical_network&fields=provider%3Anetwork_type HTTP/1.1" status: 200 len: 277 time: 0.0553553
2026-07-02 16:37:52.530 10 INFO neutron.wsgi [req-b91d7cf3-cbb4-47a9-8299-57dfd220b70b req-2f5ad2c9-dbf4-48fc-b59c-47c61dc74ac0 3361d45712b543d8992898e7538aac52 1e75ec7dc14741e0b42fe906eed27442 - - default default] 10.0.0.139 "GET /v2.0/ports?device_id=4eba5284-7635-4041-97c9-9a3a1d4d6156 HTTP/1.1" status: 200 len: 210 time: 0.0330272
2026-07-02 16:37:53.215 10 INFO neutron.wsgi [req-46d4584d-49a6-4b4d-9e33-ff382b804db8 req-bdb8c71e-4b5e-4287-80bc-e607930f8b64 3361d45712b543d8992898e7538aac52 1e75ec7dc14741e0b42fe906eed27442 - - default default] 199.204.45.129 "GET /v2.0/networks?id=9477c80f-5ebb-4e29-843f-e85b47a89a80 HTTP/1.1" status: 200 len: 904 time: 0.0696945
2026-07-02 16:37:53.281 10 INFO neutron.wsgi [req-46d4584d-49a6-4b4d-9e33-ff382b804db8 req-e06de9ed-151d-4a67-b87c-a99694ad8914 3361d45712b543d8992898e7538aac52 1e75ec7dc14741e0b42fe906eed27442 - - default default] 199.204.45.129 "GET /v2.0/security-groups?fields=id&fields=name&tenant_id=1e75ec7dc14741e0b42fe906eed27442 HTTP/1.1" status: 200 len: 378 time: 0.0610180
2026-07-02 16:37:53.888 10 WARNING neutron.scheduler.dhcp_agent_scheduler [req-46d4584d-49a6-4b4d-9e33-ff382b804db8 req-bb3c6941-88f5-4e0c-946d-e4f35495c372 3361d45712b543d8992898e7538aac52 1e75ec7dc14741e0b42fe906eed27442 - - default default] No more DHCP agents
2026-07-02 16:37:53.890 10 WARNING neutron.api.rpc.agentnotifiers.dhcp_rpc_agent_api [req-46d4584d-49a6-4b4d-9e33-ff382b804db8 req-bb3c6941-88f5-4e0c-946d-e4f35495c372 3361d45712b543d8992898e7538aac52 1e75ec7dc14741e0b42fe906eed27442 - - default default] Unable to schedule network 9477c80f-5ebb-4e29-843f-e85b47a89a80: no agents available; will retry on subsequent port and subnet creation events.
2026-07-02 16:37:54.047 10 INFO neutron.db.ovn_revision_numbers_db [req-46d4584d-49a6-4b4d-9e33-ff382b804db8 req-bb3c6941-88f5-4e0c-946d-e4f35495c372 3361d45712b543d8992898e7538aac52 1e75ec7dc14741e0b42fe906eed27442 - - default default] Successfully bumped revision number for resource f26847d3-634e-4d6c-83a3-5c0a35135691 (type: ports) to 1
2026-07-02 16:37:54.069 10 INFO neutron.wsgi [req-46d4584d-49a6-4b4d-9e33-ff382b804db8 req-bb3c6941-88f5-4e0c-946d-e4f35495c372 3361d45712b543d8992898e7538aac52 1e75ec7dc14741e0b42fe906eed27442 - - default default] 199.204.45.129 "POST /v2.0/ports HTTP/1.1" status: 201 len: 1388 time: 0.7845435 /var/lib/openstack/lib/python3.10/site-packages/pycadf/identifier.py:71: UserWarning: Invalid uuid: neutron. To ensure interoperability, identifiers should be a valid uuid. warnings.warn(('Invalid uuid: %s. To ensure interoperability, '
2026-07-02 16:37:54.540 10 INFO neutron.db.ovn_revision_numbers_db [req-46d4584d-49a6-4b4d-9e33-ff382b804db8 req-ed6cb589-8074-4e39-9530-725159e4caa1 327d71ac995a46eaacf649b2f67c60aa 35deebd45d40463cafd722279d08dd2a - - b8539c3d20bb43fea2c7811c93745a0d b8539c3d20bb43fea2c7811c93745a0d] Successfully bumped revision number for resource f26847d3-634e-4d6c-83a3-5c0a35135691 (type: ports) to 2
2026-07-02 16:37:54.721 10 INFO neutron.db.ovn_revision_numbers_db [req-46d4584d-49a6-4b4d-9e33-ff382b804db8 req-ed6cb589-8074-4e39-9530-725159e4caa1 327d71ac995a46eaacf649b2f67c60aa 35deebd45d40463cafd722279d08dd2a - - b8539c3d20bb43fea2c7811c93745a0d b8539c3d20bb43fea2c7811c93745a0d] Successfully bumped revision number for resource f26847d3-634e-4d6c-83a3-5c0a35135691 (type: ports) to 2
2026-07-02 16:37:54.732 10 INFO neutron.wsgi [req-46d4584d-49a6-4b4d-9e33-ff382b804db8 req-ed6cb589-8074-4e39-9530-725159e4caa1 327d71ac995a46eaacf649b2f67c60aa 35deebd45d40463cafd722279d08dd2a - - b8539c3d20bb43fea2c7811c93745a0d b8539c3d20bb43fea2c7811c93745a0d] 199.204.45.129 "PUT /v2.0/ports/f26847d3-634e-4d6c-83a3-5c0a35135691 HTTP/1.1" status: 200 len: 1605 time: 0.6549790 /var/lib/openstack/lib/python3.10/site-packages/pycadf/identifier.py:71: UserWarning: Invalid uuid: neutron. To ensure interoperability, identifiers should be a valid uuid. warnings.warn(('Invalid uuid: %s. To ensure interoperability, '
2026-07-02 16:37:54.795 10 INFO neutron.notifiers.nova [-] Nova event matching ['req-0842d446-e290-4b53-afe9-92e1e7e09b39'] response: {'name': 'network-changed', 'server_uuid': '4eba5284-7635-4041-97c9-9a3a1d4d6156', 'tag': 'f26847d3-634e-4d6c-83a3-5c0a35135691', 'status': 'completed', 'code': 200}
2026-07-02 16:37:54.830 10 INFO neutron.wsgi [req-46d4584d-49a6-4b4d-9e33-ff382b804db8 req-e6e2dde3-4a12-4e7e-a5ec-e29808f08805 327d71ac995a46eaacf649b2f67c60aa 35deebd45d40463cafd722279d08dd2a - - b8539c3d20bb43fea2c7811c93745a0d b8539c3d20bb43fea2c7811c93745a0d] 199.204.45.129 "GET /v2.0/ports?tenant_id=1e75ec7dc14741e0b42fe906eed27442&device_id=4eba5284-7635-4041-97c9-9a3a1d4d6156 HTTP/1.1" status: 200 len: 1636 time: 0.0550294
2026-07-02 16:37:54.866 10 INFO neutron.wsgi [req-46d4584d-49a6-4b4d-9e33-ff382b804db8 req-6efffaeb-e1d9-4cd8-9057-0eaf70f290f4 327d71ac995a46eaacf649b2f67c60aa 35deebd45d40463cafd722279d08dd2a - - b8539c3d20bb43fea2c7811c93745a0d b8539c3d20bb43fea2c7811c93745a0d] 199.204.45.129 "GET /v2.0/floatingips?fixed_ip_address=10.2.1.141&port_id=f26847d3-634e-4d6c-83a3-5c0a35135691 HTTP/1.1" status: 200 len: 217 time: 0.0293758
2026-07-02 16:37:54.891 10 INFO neutron.wsgi [req-46d4584d-49a6-4b4d-9e33-ff382b804db8 req-6f4c0d08-0043-4c3e-aced-f9fc07510ca0 327d71ac995a46eaacf649b2f67c60aa 35deebd45d40463cafd722279d08dd2a - - b8539c3d20bb43fea2c7811c93745a0d b8539c3d20bb43fea2c7811c93745a0d] 199.204.45.129 "GET /v2.0/floatingips?fixed_ip_address=fd7b%3Af9f7%3Afff%3A4eca%3A%3A3d3&port_id=f26847d3-634e-4d6c-83a3-5c0a35135691 HTTP/1.1" status: 200 len: 217 time: 0.0194020
2026-07-02 16:37:54.931 10 INFO neutron.wsgi [req-46d4584d-49a6-4b4d-9e33-ff382b804db8 req-c8d3bf38-d4e7-4b12-8a40-3c9944b19c7f 327d71ac995a46eaacf649b2f67c60aa 35deebd45d40463cafd722279d08dd2a - - b8539c3d20bb43fea2c7811c93745a0d b8539c3d20bb43fea2c7811c93745a0d] 199.204.45.129 "GET /v2.0/subnets?id=4498821c-86c0-47b5-bc53-0f0415d08f1e&id=ba6913d7-e729-410c-a95a-bb5e1b6d2c74 HTTP/1.1" status: 200 len: 1562 time: 0.0329006
2026-07-02 16:37:54.964 10 INFO neutron.wsgi [req-46d4584d-49a6-4b4d-9e33-ff382b804db8 req-adda5f3a-359f-4768-bb31-7a3f993b79aa 327d71ac995a46eaacf649b2f67c60aa 35deebd45d40463cafd722279d08dd2a - - b8539c3d20bb43fea2c7811c93745a0d b8539c3d20bb43fea2c7811c93745a0d] 199.204.45.129 "GET /v2.0/ports?network_id=9477c80f-5ebb-4e29-843f-e85b47a89a80&device_owner=network%3Adhcp HTTP/1.1" status: 200 len: 210 time: 0.0263107
2026-07-02 16:37:54.996 10 INFO neutron.wsgi [req-46d4584d-49a6-4b4d-9e33-ff382b804db8 req-dbdbc040-0aaf-4165-a9fb-38571d600f71 327d71ac995a46eaacf649b2f67c60aa 35deebd45d40463cafd722279d08dd2a - - b8539c3d20bb43fea2c7811c93745a0d b8539c3d20bb43fea2c7811c93745a0d] 199.204.45.129 "GET /v2.0/ports?network_id=9477c80f-5ebb-4e29-843f-e85b47a89a80&device_owner=network%3Adhcp HTTP/1.1" status: 200 len: 210 time: 0.0240629
2026-07-02 16:37:55.062 10 INFO neutron.wsgi [req-46d4584d-49a6-4b4d-9e33-ff382b804db8 req-9a91a64a-5b87-46ed-9b2b-a540278025e1 327d71ac995a46eaacf649b2f67c60aa 35deebd45d40463cafd722279d08dd2a - - b8539c3d20bb43fea2c7811c93745a0d b8539c3d20bb43fea2c7811c93745a0d] 199.204.45.129 "GET /v2.0/networks/9477c80f-5ebb-4e29-843f-e85b47a89a80?fields=segments HTTP/1.1" status: 200 len: 212 time: 0.0573702
2026-07-02 16:37:55.128 10 INFO neutron.wsgi [req-46d4584d-49a6-4b4d-9e33-ff382b804db8 req-95b33ead-9884-4eb2-9484-a135e63b9aec 327d71ac995a46eaacf649b2f67c60aa 35deebd45d40463cafd722279d08dd2a - - b8539c3d20bb43fea2c7811c93745a0d b8539c3d20bb43fea2c7811c93745a0d] 199.204.45.129 "GET /v2.0/networks/9477c80f-5ebb-4e29-843f-e85b47a89a80?fields=provider%3Aphysical_network&fields=provider%3Anetwork_type HTTP/1.1" status: 200 len: 277 time: 0.0597391
2026-07-02 16:37:55.194 10 INFO neutron.wsgi [req-6263a5d5-5a1f-407a-a5f9-e998ec07be07 req-12b1fca8-e67b-45d9-9f9f-373a9824421b 327d71ac995a46eaacf649b2f67c60aa 35deebd45d40463cafd722279d08dd2a - - b8539c3d20bb43fea2c7811c93745a0d b8539c3d20bb43fea2c7811c93745a0d] 199.204.45.129 "GET /v2.0/ports?tenant_id=1e75ec7dc14741e0b42fe906eed27442&device_id=4eba5284-7635-4041-97c9-9a3a1d4d6156 HTTP/1.1" status: 200 len: 1636 time: 0.0344322
2026-07-02 16:37:55.282 10 INFO neutron.wsgi [req-6263a5d5-5a1f-407a-a5f9-e998ec07be07 req-4ad4152c-34ce-45b1-b908-22c67a2ed77a 327d71ac995a46eaacf649b2f67c60aa 35deebd45d40463cafd722279d08dd2a - - b8539c3d20bb43fea2c7811c93745a0d b8539c3d20bb43fea2c7811c93745a0d] 199.204.45.129 "GET /v2.0/networks?id=9477c80f-5ebb-4e29-843f-e85b47a89a80 HTTP/1.1" status: 200 len: 1003 time: 0.0809109
2026-07-02 16:37:55.324 10 INFO neutron.wsgi [req-6263a5d5-5a1f-407a-a5f9-e998ec07be07 req-934b183b-eec8-4253-9443-0cd7b67b39ce 327d71ac995a46eaacf649b2f67c60aa 35deebd45d40463cafd722279d08dd2a - - b8539c3d20bb43fea2c7811c93745a0d b8539c3d20bb43fea2c7811c93745a0d] 199.204.45.129 "GET /v2.0/floatingips?fixed_ip_address=10.2.1.141&port_id=f26847d3-634e-4d6c-83a3-5c0a35135691 HTTP/1.1" status: 200 len: 217 time: 0.0356388
2026-07-02 16:37:55.340 10 INFO neutron.plugins.ml2.drivers.ovn.mech_driver.mech_driver [None req-8618dfe9-8108-45b7-9877-494e4fc732c2 - - - - - -] OVN reports status up for port: f26847d3-634e-4d6c-83a3-5c0a35135691
2026-07-02 16:37:55.371 10 INFO neutron.plugins.ml2.plugin [None req-8618dfe9-8108-45b7-9877-494e4fc732c2 - - - - - -] Attempt 1 to provision port f26847d3-634e-4d6c-83a3-5c0a35135691
2026-07-02 16:37:55.375 10 INFO neutron.wsgi [req-6263a5d5-5a1f-407a-a5f9-e998ec07be07 req-c65c138c-d911-4a27-b3f2-dd4239e24630 327d71ac995a46eaacf649b2f67c60aa 35deebd45d40463cafd722279d08dd2a - - b8539c3d20bb43fea2c7811c93745a0d b8539c3d20bb43fea2c7811c93745a0d] 199.204.45.129 "GET /v2.0/floatingips?fixed_ip_address=fd7b%3Af9f7%3Afff%3A4eca%3A%3A3d3&port_id=f26847d3-634e-4d6c-83a3-5c0a35135691 HTTP/1.1" status: 200 len: 217 time: 0.0314231
2026-07-02 16:37:55.428 10 INFO neutron.wsgi [req-6263a5d5-5a1f-407a-a5f9-e998ec07be07 req-ea388110-168b-4755-b599-b67ee409bafa 327d71ac995a46eaacf649b2f67c60aa 35deebd45d40463cafd722279d08dd2a - - b8539c3d20bb43fea2c7811c93745a0d b8539c3d20bb43fea2c7811c93745a0d] 199.204.45.129 "GET /v2.0/subnets?id=4498821c-86c0-47b5-bc53-0f0415d08f1e&id=ba6913d7-e729-410c-a95a-bb5e1b6d2c74 HTTP/1.1" status: 200 len: 1562 time: 0.0432870
2026-07-02 16:37:55.469 10 INFO neutron.wsgi [req-6263a5d5-5a1f-407a-a5f9-e998ec07be07 req-e7a90aa6-2ba4-49ab-80e2-402a13d4f6be 327d71ac995a46eaacf649b2f67c60aa 35deebd45d40463cafd722279d08dd2a - - b8539c3d20bb43fea2c7811c93745a0d b8539c3d20bb43fea2c7811c93745a0d] 199.204.45.129 "GET /v2.0/ports?network_id=9477c80f-5ebb-4e29-843f-e85b47a89a80&device_owner=network%3Adhcp HTTP/1.1" status: 200 len: 210 time: 0.0290866
2026-07-02 16:37:55.502 10 INFO neutron.wsgi [req-6263a5d5-5a1f-407a-a5f9-e998ec07be07 req-92b3b629-4b02-49b4-9451-43883ede1341 327d71ac995a46eaacf649b2f67c60aa 35deebd45d40463cafd722279d08dd2a - - b8539c3d20bb43fea2c7811c93745a0d b8539c3d20bb43fea2c7811c93745a0d] 199.204.45.129 "GET /v2.0/ports?network_id=9477c80f-5ebb-4e29-843f-e85b47a89a80&device_owner=network%3Adhcp HTTP/1.1" status: 200 len: 210 time: 0.0220675
2026-07-02 16:37:55.594 10 INFO neutron.wsgi [req-6263a5d5-5a1f-407a-a5f9-e998ec07be07 req-e40253d3-bc43-4022-975f-e53db39c506a 327d71ac995a46eaacf649b2f67c60aa 35deebd45d40463cafd722279d08dd2a - - b8539c3d20bb43fea2c7811c93745a0d b8539c3d20bb43fea2c7811c93745a0d] 199.204.45.129 "GET /v2.0/networks/9477c80f-5ebb-4e29-843f-e85b47a89a80?fields=segments HTTP/1.1" status: 200 len: 212 time: 0.0863905
2026-07-02 16:37:55.669 10 INFO neutron.wsgi [req-6263a5d5-5a1f-407a-a5f9-e998ec07be07 req-bf81d61a-f22b-4afd-97c7-b7cef90d5f0a 327d71ac995a46eaacf649b2f67c60aa 35deebd45d40463cafd722279d08dd2a - - b8539c3d20bb43fea2c7811c93745a0d b8539c3d20bb43fea2c7811c93745a0d] 199.204.45.129 "GET /v2.0/networks/9477c80f-5ebb-4e29-843f-e85b47a89a80?fields=provider%3Aphysical_network&fields=provider%3Anetwork_type HTTP/1.1" status: 200 len: 277 time: 0.0696709
2026-07-02 16:37:55.692 9 WARNING neutron.plugins.ml2.drivers.ovn.mech_driver.ovsdb.ovn_client [None req-fbd846f9-262f-4377-8af7-2dec8b150391 - - - - - -] No hosting information found for port 253ff115-7090-4951-adf2-81df85ca9aba: RuntimeError: No hosting information found for port 253ff115-7090-4951-adf2-81df85ca9aba
2026-07-02 16:37:55.692 9 INFO neutron.plugins.ml2.drivers.ovn.mech_driver.mech_driver [None req-fbd846f9-262f-4377-8af7-2dec8b150391 - - - - - -] OVN reports status up for port: 2724795a-1f86-458f-aca1-b3a05ce77d4f
2026-07-02 16:37:55.700 9 INFO neutron.plugins.ml2.plugin [None req-fbd846f9-262f-4377-8af7-2dec8b150391 - - - - - -] Attempt 1 to provision port 2724795a-1f86-458f-aca1-b3a05ce77d4f
2026-07-02 16:37:55.734 9 INFO neutron.wsgi [None req-edc7e77f-0f1e-4eb1-acfa-ebd82ecfa6a6 5f24d169de7e49509117e832d9258f04 894e5415f24845e08cb8f7b5398a0bf6 - - default default] 10.0.0.230 "POST /v2.0/subnetpools HTTP/1.1" status: 201 len: 715 time: 0.3428781
2026-07-02 16:37:55.788 10 INFO neutron.db.ovn_revision_numbers_db [None req-8618dfe9-8108-45b7-9877-494e4fc732c2 - - - - - -] Successfully bumped revision number for resource f26847d3-634e-4d6c-83a3-5c0a35135691 (type: ports) to 4
2026-07-02 16:37:55.792 10 INFO neutron.wsgi [None req-79f5b187-1901-4463-8a48-f182f7a17970 5f24d169de7e49509117e832d9258f04 894e5415f24845e08cb8f7b5398a0bf6 - - default default] 10.0.0.230 "PUT /v2.0/subnetpools/b9906578-2157-41ba-9d63-1247fc95ae6d/tags HTTP/1.1" status: 200 len: 218 time: 0.0482416
2026-07-02 16:37:55.832 9 INFO neutron.wsgi [None req-a8b5186d-0453-4d67-b04d-25bef072d27e 5f24d169de7e49509117e832d9258f04 894e5415f24845e08cb8f7b5398a0bf6 - - default default] 10.0.0.230 "GET /v2.0/subnetpools/b9906578-2157-41ba-9d63-1247fc95ae6d/tags HTTP/1.1" status: 200 len: 218 time: 0.0337570 /var/lib/openstack/lib/python3.10/site-packages/pycadf/identifier.py:71: UserWarning: Invalid uuid: neutron. To ensure interoperability, identifiers should be a valid uuid. warnings.warn(('Invalid uuid: %s. To ensure interoperability, '
2026-07-02 16:37:55.880 10 INFO neutron.wsgi [None req-56068c86-300d-48ba-9105-9a25fd569cb1 5f24d169de7e49509117e832d9258f04 894e5415f24845e08cb8f7b5398a0bf6 - - default default] 10.0.0.230 "PUT /v2.0/subnetpools/b9906578-2157-41ba-9d63-1247fc95ae6d/tags/green HTTP/1.1" status: 201 len: 201 time: 0.0417895
2026-07-02 16:37:55.908 9 INFO neutron.wsgi [None req-74da61fd-68ee-4d9c-b3aa-9bb2116b9072 5f24d169de7e49509117e832d9258f04 894e5415f24845e08cb8f7b5398a0bf6 - - default default] 10.0.0.230 "GET /v2.0/subnetpools/b9906578-2157-41ba-9d63-1247fc95ae6d/tags HTTP/1.1" status: 200 len: 227 time: 0.0218306
2026-07-02 16:37:55.936 10 INFO neutron.wsgi [None req-fa86fba4-83ea-4490-ace9-c5503394bc6e 5f24d169de7e49509117e832d9258f04 894e5415f24845e08cb8f7b5398a0bf6 - - default default] 10.0.0.230 "PUT /v2.0/subnetpools/b9906578-2157-41ba-9d63-1247fc95ae6d/tags/red HTTP/1.1" status: 201 len: 201 time: 0.0231276
2026-07-02 16:37:55.959 10 INFO neutron.wsgi [None req-69feaa62-3ef0-442e-bfa3-853408225c2f 5f24d169de7e49509117e832d9258f04 894e5415f24845e08cb8f7b5398a0bf6 - - default default] 10.0.0.230 "GET /v2.0/subnetpools/b9906578-2157-41ba-9d63-1247fc95ae6d/tags HTTP/1.1" status: 200 len: 227 time: 0.0189261
2026-07-02 16:37:55.996 10 INFO neutron.wsgi [None req-c309413d-d88e-4c56-acf6-39dec164f6de 5f24d169de7e49509117e832d9258f04 894e5415f24845e08cb8f7b5398a0bf6 - - default default] 10.0.0.230 "PUT /v2.0/subnetpools/b9906578-2157-41ba-9d63-1247fc95ae6d/tags/black.or.white HTTP/1.1" status: 201 len: 201 time: 0.0309391
2026-07-02 16:37:56.023 10 INFO neutron.wsgi [None req-1544c26b-f3cc-4382-8144-edc6a811439a 5f24d169de7e49509117e832d9258f04 894e5415f24845e08cb8f7b5398a0bf6 - - default default] 10.0.0.230 "GET /v2.0/subnetpools/b9906578-2157-41ba-9d63-1247fc95ae6d/tags HTTP/1.1" status: 200 len: 245 time: 0.0182455
2026-07-02 16:37:56.034 9 INFO neutron.db.ovn_revision_numbers_db [None req-fbd846f9-262f-4377-8af7-2dec8b150391 - - - - - -] Successfully bumped revision number for resource 2724795a-1f86-458f-aca1-b3a05ce77d4f (type: ports) to 2
2026-07-02 16:37:56.060 10 INFO neutron.wsgi [None req-1245f21e-b489-48e2-8a9d-ea0bb29759ee 5f24d169de7e49509117e832d9258f04 894e5415f24845e08cb8f7b5398a0bf6 - - default default] 10.0.0.230 "PUT /v2.0/subnetpools/b9906578-2157-41ba-9d63-1247fc95ae6d/tags HTTP/1.1" status: 200 len: 230 time: 0.0301034
2026-07-02 16:37:56.082 10 INFO neutron.wsgi [None req-90a9539b-9f18-45a3-bb86-0336f28cd7cc 5f24d169de7e49509117e832d9258f04 894e5415f24845e08cb8f7b5398a0bf6 - - default default] 10.0.0.230 "GET /v2.0/subnetpools/b9906578-2157-41ba-9d63-1247fc95ae6d/tags HTTP/1.1" status: 200 len: 230 time: 0.0172491
2026-07-02 16:37:56.106 10 INFO neutron.wsgi [None req-dcbb5a04-4047-4d35-bff9-e3636c85aa44 5f24d169de7e49509117e832d9258f04 894e5415f24845e08cb8f7b5398a0bf6 - - default default] 10.0.0.230 "GET /v2.0/subnetpools/b9906578-2157-41ba-9d63-1247fc95ae6d/tags/red HTTP/1.1" status: 204 len: 168 time: 0.0201168
2026-07-02 16:37:56.127 10 INFO neutron.api.v2.resource [None req-1db74e5c-ba67-4ffa-8993-b76e6799de08 5f24d169de7e49509117e832d9258f04 894e5415f24845e08cb8f7b5398a0bf6 - - default default] show failed (client error): The resource could not be found.
2026-07-02 16:37:56.128 10 INFO neutron.wsgi [None req-1db74e5c-ba67-4ffa-8993-b76e6799de08 5f24d169de7e49509117e832d9258f04 894e5415f24845e08cb8f7b5398a0bf6 - - default default] 10.0.0.230 "GET /v2.0/subnetpools/b9906578-2157-41ba-9d63-1247fc95ae6d/tags/green HTTP/1.1" status: 404 len: 299 time: 0.0175512
2026-07-02 16:37:56.161 10 INFO neutron.wsgi [None req-bbbfb303-3f1e-4f9a-803f-828342f14517 5f24d169de7e49509117e832d9258f04 894e5415f24845e08cb8f7b5398a0bf6 - - default default] 10.0.0.230 "DELETE /v2.0/subnetpools/b9906578-2157-41ba-9d63-1247fc95ae6d/tags/red HTTP/1.1" status: 204 len: 168 time: 0.0289767
2026-07-02 16:37:56.178 9 INFO neutron.db.ovn_revision_numbers_db [None req-fbd846f9-262f-4377-8af7-2dec8b150391 - - - - - -] Successfully bumped revision number for resource 2724795a-1f86-458f-aca1-b3a05ce77d4f (type: router_ports) to 2
2026-07-02 16:37:56.180 10 INFO neutron.wsgi [None req-4f862122-d333-4494-a01f-c810d225d78b 5f24d169de7e49509117e832d9258f04 894e5415f24845e08cb8f7b5398a0bf6 - - default default] 10.0.0.230 "GET /v2.0/subnetpools/b9906578-2157-41ba-9d63-1247fc95ae6d/tags HTTP/1.1" status: 200 len: 223 time: 0.0140378
2026-07-02 16:37:56.202 10 INFO neutron.api.v2.resource [None req-0cea8dc9-a83e-4559-b916-defa59c61da9 5f24d169de7e49509117e832d9258f04 894e5415f24845e08cb8f7b5398a0bf6 - - default default] delete failed (client error): The resource could not be found.
2026-07-02 16:37:56.203 10 INFO neutron.wsgi [None req-0cea8dc9-a83e-4559-b916-defa59c61da9 5f24d169de7e49509117e832d9258f04 894e5415f24845e08cb8f7b5398a0bf6 - - default default] 10.0.0.230 "DELETE /v2.0/subnetpools/b9906578-2157-41ba-9d63-1247fc95ae6d/tags/green HTTP/1.1" status: 404 len: 299 time: 0.0183001
2026-07-02 16:37:56.233 10 INFO neutron.wsgi [None req-feacc070-8500-4d7f-8154-51ae8a3c5f88 5f24d169de7e49509117e832d9258f04 894e5415f24845e08cb8f7b5398a0bf6 - - default default] 10.0.0.230 "DELETE /v2.0/subnetpools/b9906578-2157-41ba-9d63-1247fc95ae6d/tags HTTP/1.1" status: 204 len: 168 time: 0.0259180
2026-07-02 16:37:56.256 10 INFO neutron.wsgi [None req-0bbce4f4-e340-4867-a96e-38dff24f6ee6 5f24d169de7e49509117e832d9258f04 894e5415f24845e08cb8f7b5398a0bf6 - - default default] 10.0.0.230 "GET /v2.0/subnetpools/b9906578-2157-41ba-9d63-1247fc95ae6d/tags HTTP/1.1" status: 200 len: 205 time: 0.0190682
2026-07-02 16:37:56.330 10 INFO neutron.wsgi [None req-69f04378-ad5f-498d-be4e-7a539fe02f4c 5f24d169de7e49509117e832d9258f04 894e5415f24845e08cb8f7b5398a0bf6 - - default default] 10.0.0.230 "DELETE /v2.0/subnetpools/b9906578-2157-41ba-9d63-1247fc95ae6d HTTP/1.1" status: 204 len: 168 time: 0.0628285
2026-07-02 16:37:56.834 10 INFO neutron.notifiers.nova [-] Nova event matching ['req-b08a5c77-db41-4cd0-93b6-de20f7adfef4'] response: {'server_uuid': '4eba5284-7635-4041-97c9-9a3a1d4d6156', 'name': 'network-vif-plugged', 'status': 'completed', 'tag': 'f26847d3-634e-4d6c-83a3-5c0a35135691', 'code': 200}
2026-07-02 16:37:56.835 10 INFO neutron.notifiers.nova [-] Nova event matching ['req-b08a5c77-db41-4cd0-93b6-de20f7adfef4'] response: {'server_uuid': '4eba5284-7635-4041-97c9-9a3a1d4d6156', 'name': 'network-vif-plugged', 'status': 'completed', 'tag': 'f26847d3-634e-4d6c-83a3-5c0a35135691', 'code': 200}
2026-07-02 16:37:57.227 9 INFO neutron.db.ovn_revision_numbers_db [None req-b43d8953-b025-4127-909b-fda61fac45a4 bd546687ec2b430fbb5f47b38dd6b481 69a0e91688254a8eb728dd4e1458b4fa - - default default] Successfully bumped revision number for resource 3a619969-3ecb-4948-95b7-6ce84838cac5 (type: security_groups) to 1
2026-07-02 16:37:57.242 9 INFO neutron.db.ovn_revision_numbers_db [None req-b43d8953-b025-4127-909b-fda61fac45a4 bd546687ec2b430fbb5f47b38dd6b481 69a0e91688254a8eb728dd4e1458b4fa - - default default] Successfully bumped revision number for resource 0fd1773d-279a-4aea-9a40-3343947742d0 (type: security_group_rules) to 0
2026-07-02 16:37:57.258 9 INFO neutron.db.ovn_revision_numbers_db [None req-b43d8953-b025-4127-909b-fda61fac45a4 bd546687ec2b430fbb5f47b38dd6b481 69a0e91688254a8eb728dd4e1458b4fa - - default default] Successfully bumped revision number for resource 5658417f-9436-4b39-ac76-bdb42894e52c (type: security_group_rules) to 0
2026-07-02 16:37:57.278 9 INFO neutron.db.ovn_revision_numbers_db [None req-b43d8953-b025-4127-909b-fda61fac45a4 bd546687ec2b430fbb5f47b38dd6b481 69a0e91688254a8eb728dd4e1458b4fa - - default default] Successfully bumped revision number for resource 8ff18623-a794-45a3-85dd-729028079241 (type: security_group_rules) to 0
2026-07-02 16:37:57.293 9 INFO neutron.db.ovn_revision_numbers_db [None req-b43d8953-b025-4127-909b-fda61fac45a4 bd546687ec2b430fbb5f47b38dd6b481 69a0e91688254a8eb728dd4e1458b4fa - - default default] Successfully bumped revision number for resource bef523bf-ccc1-482e-a5f9-c266076c9a2f (type: security_group_rules) to 0
2026-07-02 16:37:57.321 9 INFO neutron.wsgi [None req-b43d8953-b025-4127-909b-fda61fac45a4 bd546687ec2b430fbb5f47b38dd6b481 69a0e91688254a8eb728dd4e1458b4fa - - default default] 10.0.0.230 "GET /v2.0/security-groups?tenant_id=91bb3216cec344b6a891187856e9b2d6&name=default HTTP/1.1" status: 200 len: 3000 time: 0.3023744
2026-07-02 16:37:57.555 10 INFO neutron.wsgi [None req-0fedf613-3477-4bfe-9803-f787dfb676cc bd546687ec2b430fbb5f47b38dd6b481 69a0e91688254a8eb728dd4e1458b4fa - - default default] 10.0.0.230 "DELETE /v2.0/security-groups/3a619969-3ecb-4948-95b7-6ce84838cac5 HTTP/1.1" status: 204 len: 168 time: 0.2281585
2026-07-02 16:37:57.727 10 INFO neutron.wsgi [req-360d0718-2fb1-4f9c-931e-5cc1ec725d16 req-56210e91-eb7b-4c5f-90e7-35081f393d57 3361d45712b543d8992898e7538aac52 1e75ec7dc14741e0b42fe906eed27442 - - default default] 10.0.0.139 "GET /v2.0/ports?device_id=4eba5284-7635-4041-97c9-9a3a1d4d6156 HTTP/1.1" status: 200 len: 1400 time: 0.1232781
2026-07-02 16:37:57.790 10 INFO neutron.wsgi [req-360d0718-2fb1-4f9c-931e-5cc1ec725d16 req-6b6d6959-4a87-4579-912c-94505083efe0 3361d45712b543d8992898e7538aac52 1e75ec7dc14741e0b42fe906eed27442 - - default default] 10.0.0.139 "GET /v2.0/security-groups?id=1f753b67-b9dc-46a6-8550-945cc1ed53f9&fields=id&fields=name HTTP/1.1" status: 200 len: 311 time: 0.0508506
