2026-07-02 16:37:07.384 10 INFO neutron.services.segments.plugin [-] Segment 3c511155-2611-4a30-a79b-0c3ccca187e2 resource provider not found; error: Placement Client Error (4xx): {"errors": [{"status": 404, "title": "Not Found", "detail": "The resource could not be found.\n\n No resource provider with uuid 3c511155-2611-4a30-a79b-0c3ccca187e2 found for delete ", "request_id": "req-71cc44e0-d7a1-420e-9fe0-017c147a14e1"}]}
2026-07-02 16:37:07.390 10 INFO neutron.services.segments.plugin [-] Segment 3c511155-2611-4a30-a79b-0c3ccca187e2 resource provider not found; error: Placement Client Error (4xx): {"errors": [{"status": 404, "title": "Not Found", "detail": "The resource could not be found.\n\n No resource provider with uuid 3c511155-2611-4a30-a79b-0c3ccca187e2 found for delete ", "request_id": "req-9ccefbcf-1092-41ac-9278-ce0c9f3b562f"}]}
2026-07-02 16:37:07.413 10 INFO neutron.wsgi [None req-218343f0-c3f5-48cc-88a3-a512f14048cd f3eccc95819748c6bbb50cb6afe380eb f32e78839aab45ada77567f99d626f39 - - default default] 10.0.0.230 "DELETE /v2.0/networks/12940e68-4d61-4b01-9112-324f00f1d590 HTTP/1.1" status: 204 len: 168 time: 0.3908277
2026-07-02 16:37:07.763 9 INFO neutron.services.segments.plugin [-] Segment 0cc37e29-9849-4b36-be05-67710638db2f resource provider aggregate not found
2026-07-02 16:37:07.770 9 INFO neutron.services.segments.plugin [-] Segment 0cc37e29-9849-4b36-be05-67710638db2f resource provider aggregate not found
2026-07-02 16:37:07.784 9 INFO neutron.services.segments.plugin [-] Segment 0cc37e29-9849-4b36-be05-67710638db2f resource provider not found; error: Placement Client Error (4xx): {"errors": [{"status": 404, "title": "Not Found", "detail": "The resource could not be found.\n\n No resource provider with uuid 0cc37e29-9849-4b36-be05-67710638db2f found for delete ", "request_id": "req-b8cb587c-3ee8-4c81-8491-0a1e24f8582a"}]}
2026-07-02 16:37:07.793 9 INFO neutron.services.segments.plugin [-] Segment 0cc37e29-9849-4b36-be05-67710638db2f resource provider not found; error: Placement Client Error (4xx): {"errors": [{"status": 404, "title": "Not Found", "detail": "The resource could not be found.\n\n No resource provider with uuid 0cc37e29-9849-4b36-be05-67710638db2f found for delete ", "request_id": "req-2827880e-8614-475b-a3ad-5f6ad90043a3"}]}
2026-07-02 16:37:07.818 9 INFO neutron.wsgi [None req-181313f1-1465-4356-9c2c-36117e4e01b1 f3eccc95819748c6bbb50cb6afe380eb f32e78839aab45ada77567f99d626f39 - - default default] 10.0.0.230 "DELETE /v2.0/networks/511ecbef-51b4-40b3-9133-1221adf70884 HTTP/1.1" status: 204 len: 168 time: 0.4003081
2026-07-02 16:37:08.280 9 INFO neutron.wsgi [None req-dcc82367-81d0-4840-9d45-292222bac332 f3eccc95819748c6bbb50cb6afe380eb f32e78839aab45ada77567f99d626f39 - - default default] 10.0.0.230 "DELETE /v2.0/networks/8b54a967-8c11-44ef-9d95-38b245610632 HTTP/1.1" status: 204 len: 168 time: 0.4566362
2026-07-02 16:37:08.369 9 WARNING neutron.scheduler.dhcp_agent_scheduler [None req-e6152a00-4871-4a40-a958-92d6723ac77b 7c5c4632a276497e8605869e2eaa665c 2b496d0707a148c39c4e763dc99814ce - - default default] No more DHCP agents
2026-07-02 16:37:08.372 9 WARNING neutron.api.rpc.agentnotifiers.dhcp_rpc_agent_api [None req-e6152a00-4871-4a40-a958-92d6723ac77b 7c5c4632a276497e8605869e2eaa665c 2b496d0707a148c39c4e763dc99814ce - - default default] Unable to schedule network ef4ba723-fdef-4075-b61d-e158a362d13f: no agents available; will retry on subsequent port and subnet creation events.
2026-07-02 16:37:08.730 10 INFO neutron.wsgi [None req-d3c4bb02-ddfa-4204-bbaf-4b3c9f507f43 f3eccc95819748c6bbb50cb6afe380eb f32e78839aab45ada77567f99d626f39 - - default default] 10.0.0.230 "DELETE /v2.0/networks/60e333dd-fb49-4f87-b66e-73a73fc86112 HTTP/1.1" status: 204 len: 168 time: 0.4139392
2026-07-02 16:37:08.734 9 INFO neutron.db.ovn_revision_numbers_db [None req-e6152a00-4871-4a40-a958-92d6723ac77b 7c5c4632a276497e8605869e2eaa665c 2b496d0707a148c39c4e763dc99814ce - - default default] Successfully bumped revision number for resource a332dd9c-77cf-4895-976a-ed984de4ceee (type: floatingips) to 0
2026-07-02 16:37:08.750 9 INFO neutron.wsgi [None req-e6152a00-4871-4a40-a958-92d6723ac77b 7c5c4632a276497e8605869e2eaa665c 2b496d0707a148c39c4e763dc99814ce - - default default] 10.0.0.230 "POST /v2.0/floatingips HTTP/1.1" status: 201 len: 751 time: 0.8714678
2026-07-02 16:37:08.848 9 INFO neutron.wsgi [None req-cac3fffa-2e18-4e6c-8a90-ef848a80bc9c 7c5c4632a276497e8605869e2eaa665c 2b496d0707a148c39c4e763dc99814ce - - default default] 10.0.0.230 "PUT /v2.0/floatingips/a332dd9c-77cf-4895-976a-ed984de4ceee/tags HTTP/1.1" status: 200 len: 218 time: 0.0910451
2026-07-02 16:37:08.896 9 INFO neutron.wsgi [None req-f964fc50-ca82-47c0-b5ce-3afaf1ba00a5 7c5c4632a276497e8605869e2eaa665c 2b496d0707a148c39c4e763dc99814ce - - default default] 10.0.0.230 "GET /v2.0/floatingips/a332dd9c-77cf-4895-976a-ed984de4ceee/tags HTTP/1.1" status: 200 len: 218 time: 0.0342956
2026-07-02 16:37:08.945 9 INFO neutron.wsgi [None req-713eb6c2-8cdd-4180-8470-71672b517b4a 7c5c4632a276497e8605869e2eaa665c 2b496d0707a148c39c4e763dc99814ce - - default default] 10.0.0.230 "PUT /v2.0/floatingips/a332dd9c-77cf-4895-976a-ed984de4ceee/tags/green HTTP/1.1" status: 201 len: 201 time: 0.0416625
2026-07-02 16:37:08.977 9 INFO neutron.wsgi [None req-01872d0a-58c4-440a-b1a3-5f006c787ca2 7c5c4632a276497e8605869e2eaa665c 2b496d0707a148c39c4e763dc99814ce - - default default] 10.0.0.230 "GET /v2.0/floatingips/a332dd9c-77cf-4895-976a-ed984de4ceee/tags HTTP/1.1" status: 200 len: 227 time: 0.0265985
2026-07-02 16:37:09.017 9 INFO neutron.wsgi [None req-92cda2ac-992f-45b0-8d71-5cc924b3455b 7c5c4632a276497e8605869e2eaa665c 2b496d0707a148c39c4e763dc99814ce - - default default] 10.0.0.230 "PUT /v2.0/floatingips/a332dd9c-77cf-4895-976a-ed984de4ceee/tags/red HTTP/1.1" status: 201 len: 201 time: 0.0351672
2026-07-02 16:37:09.044 9 INFO neutron.wsgi [None req-72d53336-638b-436f-a9c5-56fcbf636c54 7c5c4632a276497e8605869e2eaa665c 2b496d0707a148c39c4e763dc99814ce - - default default] 10.0.0.230 "GET /v2.0/floatingips/a332dd9c-77cf-4895-976a-ed984de4ceee/tags HTTP/1.1" status: 200 len: 227 time: 0.0218704
2026-07-02 16:37:09.090 9 INFO neutron.wsgi [None req-069be9a4-0b60-4d65-b747-2efeba8369b2 7c5c4632a276497e8605869e2eaa665c 2b496d0707a148c39c4e763dc99814ce - - default default] 10.0.0.230 "PUT /v2.0/floatingips/a332dd9c-77cf-4895-976a-ed984de4ceee/tags/black.or.white HTTP/1.1" status: 201 len: 201 time: 0.0415933
2026-07-02 16:37:09.120 9 INFO neutron.wsgi [None req-c42e3505-3e4b-4c43-9ce0-3326b69ea54f 7c5c4632a276497e8605869e2eaa665c 2b496d0707a148c39c4e763dc99814ce - - default default] 10.0.0.230 "GET /v2.0/floatingips/a332dd9c-77cf-4895-976a-ed984de4ceee/tags HTTP/1.1" status: 200 len: 245 time: 0.0245211
2026-07-02 16:37:09.173 10 INFO neutron.wsgi [None req-f242d39b-b484-4d60-a1ea-042c5d97a8b6 f3eccc95819748c6bbb50cb6afe380eb f32e78839aab45ada77567f99d626f39 - - default default] 10.0.0.230 "DELETE /v2.0/networks/a3b0be99-d5ec-490c-b7d8-dbe29e5e0845 HTTP/1.1" status: 204 len: 168 time: 0.4336281
2026-07-02 16:37:09.178 9 INFO neutron.wsgi [None req-c22c5bbc-0ac5-49cd-acda-2a39f4a2887e 7c5c4632a276497e8605869e2eaa665c 2b496d0707a148c39c4e763dc99814ce - - default default] 10.0.0.230 "PUT /v2.0/floatingips/a332dd9c-77cf-4895-976a-ed984de4ceee/tags HTTP/1.1" status: 200 len: 230 time: 0.0535550
2026-07-02 16:37:09.204 10 INFO neutron.wsgi [None req-190d513d-beaa-4d06-af24-c4b4f198c1c8 7c5c4632a276497e8605869e2eaa665c 2b496d0707a148c39c4e763dc99814ce - - default default] 10.0.0.230 "GET /v2.0/floatingips/a332dd9c-77cf-4895-976a-ed984de4ceee/tags HTTP/1.1" status: 200 len: 230 time: 0.0216193
2026-07-02 16:37:09.258 10 INFO neutron.wsgi [None req-fa1e7a6b-f987-4693-b4f4-54e6fc3e21f3 7c5c4632a276497e8605869e2eaa665c 2b496d0707a148c39c4e763dc99814ce - - default default] 10.0.0.230 "GET /v2.0/floatingips/a332dd9c-77cf-4895-976a-ed984de4ceee/tags/red HTTP/1.1" status: 204 len: 168 time: 0.0472639
2026-07-02 16:37:09.286 10 INFO neutron.api.v2.resource [None req-859886b4-7779-408c-9ffe-6613e62505a6 7c5c4632a276497e8605869e2eaa665c 2b496d0707a148c39c4e763dc99814ce - - default default] show failed (client error): The resource could not be found.
2026-07-02 16:37:09.288 10 INFO neutron.wsgi [None req-859886b4-7779-408c-9ffe-6613e62505a6 7c5c4632a276497e8605869e2eaa665c 2b496d0707a148c39c4e763dc99814ce - - default default] 10.0.0.230 "GET /v2.0/floatingips/a332dd9c-77cf-4895-976a-ed984de4ceee/tags/green HTTP/1.1" status: 404 len: 299 time: 0.0250661
2026-07-02 16:37:09.338 9 INFO neutron.wsgi [None req-335df766-1c72-48a7-85e0-41584509db05 7c5c4632a276497e8605869e2eaa665c 2b496d0707a148c39c4e763dc99814ce - - default default] 10.0.0.230 "DELETE /v2.0/floatingips/a332dd9c-77cf-4895-976a-ed984de4ceee/tags/red HTTP/1.1" status: 204 len: 168 time: 0.0432580
2026-07-02 16:37:09.371 9 INFO neutron.wsgi [None req-f64aae6a-67a8-46b5-b5cc-00fddca287bf 7c5c4632a276497e8605869e2eaa665c 2b496d0707a148c39c4e763dc99814ce - - default default] 10.0.0.230 "GET /v2.0/floatingips/a332dd9c-77cf-4895-976a-ed984de4ceee/tags HTTP/1.1" status: 200 len: 223 time: 0.0268919
2026-07-02 16:37:09.403 10 INFO neutron.services.segments.plugin [-] Segment b01da50e-e4b7-4553-a5bd-7cedb6234df9 resource provider aggregate not found
2026-07-02 16:37:09.406 9 INFO neutron.api.v2.resource [None req-315ee9ae-c363-4b19-bdf3-4215c968126e 7c5c4632a276497e8605869e2eaa665c 2b496d0707a148c39c4e763dc99814ce - - default default] delete failed (client error): The resource could not be found.
2026-07-02 16:37:09.407 9 INFO neutron.wsgi [None req-315ee9ae-c363-4b19-bdf3-4215c968126e 7c5c4632a276497e8605869e2eaa665c 2b496d0707a148c39c4e763dc99814ce - - default default] 10.0.0.230 "DELETE /v2.0/floatingips/a332dd9c-77cf-4895-976a-ed984de4ceee/tags/green HTTP/1.1" status: 404 len: 299 time: 0.0292852
2026-07-02 16:37:09.410 10 INFO neutron.services.segments.plugin [-] Segment b01da50e-e4b7-4553-a5bd-7cedb6234df9 resource provider aggregate not found
2026-07-02 16:37:09.418 10 INFO neutron.services.segments.plugin [-] Segment b01da50e-e4b7-4553-a5bd-7cedb6234df9 resource provider not found; error: Placement Client Error (4xx): {"errors": [{"status": 404, "title": "Not Found", "detail": "The resource could not be found.\n\n No resource provider with uuid b01da50e-e4b7-4553-a5bd-7cedb6234df9 found for delete ", "request_id": "req-22420b77-e3f4-431d-b1b8-44678b4c5d96"}]}
2026-07-02 16:37:09.428 10 INFO neutron.services.segments.plugin [-] Segment b01da50e-e4b7-4553-a5bd-7cedb6234df9 resource provider not found; error: Placement Client Error (4xx): {"errors": [{"status": 404, "title": "Not Found", "detail": "The resource could not be found.\n\n No resource provider with uuid b01da50e-e4b7-4553-a5bd-7cedb6234df9 found for delete ", "request_id": "req-ca56d200-90c5-440d-bd34-d843464a3a06"}]}
2026-07-02 16:37:09.436 10 INFO neutron.services.segments.plugin [-] Segment 5c88ddcc-53d0-434d-b083-10abd75c009f resource provider aggregate not found
2026-07-02 16:37:09.443 10 INFO neutron.services.segments.plugin [-] Segment 5c88ddcc-53d0-434d-b083-10abd75c009f resource provider aggregate not found
2026-07-02 16:37:09.453 10 INFO neutron.services.segments.plugin [-] Segment 5c88ddcc-53d0-434d-b083-10abd75c009f resource provider not found; error: Placement Client Error (4xx): {"errors": [{"status": 404, "title": "Not Found", "detail": "The resource could not be found.\n\n No resource provider with uuid 5c88ddcc-53d0-434d-b083-10abd75c009f found for delete ", "request_id": "req-1f559792-2158-442c-a746-4173e54fdfee"}]}
2026-07-02 16:37:09.454 9 INFO neutron.wsgi [None req-cd948689-8aed-46c8-aa0b-bc6414a1e91a 7c5c4632a276497e8605869e2eaa665c 2b496d0707a148c39c4e763dc99814ce - - default default] 10.0.0.230 "DELETE /v2.0/floatingips/a332dd9c-77cf-4895-976a-ed984de4ceee/tags HTTP/1.1" status: 204 len: 168 time: 0.0398550
2026-07-02 16:37:09.459 10 INFO neutron.services.segments.plugin [-] Segment 5c88ddcc-53d0-434d-b083-10abd75c009f resource provider not found; error: Placement Client Error (4xx): {"errors": [{"status": 404, "title": "Not Found", "detail": "The resource could not be found.\n\n No resource provider with uuid 5c88ddcc-53d0-434d-b083-10abd75c009f found for delete ", "request_id": "req-42e69bc6-20d2-4f80-b1d2-3e90ee8b5187"}]}
2026-07-02 16:37:09.492 9 INFO neutron.wsgi [None req-bac43316-361e-4c8c-8205-4b44fe31198a 7c5c4632a276497e8605869e2eaa665c 2b496d0707a148c39c4e763dc99814ce - - default default] 10.0.0.230 "GET /v2.0/floatingips/a332dd9c-77cf-4895-976a-ed984de4ceee/tags HTTP/1.1" status: 200 len: 205 time: 0.0304959
2026-07-02 16:37:09.813 9 INFO neutron.services.segments.plugin [-] Segment b1441d62-fbaf-4e0a-8014-667b15473842 resource provider aggregate not found
2026-07-02 16:37:09.820 9 INFO neutron.services.segments.plugin [-] Segment b1441d62-fbaf-4e0a-8014-667b15473842 resource provider aggregate not found
2026-07-02 16:37:09.849 9 INFO neutron.services.segments.plugin [-] Segment b1441d62-fbaf-4e0a-8014-667b15473842 resource provider not found; error: Placement Client Error (4xx): {"errors": [{"status": 404, "title": "Not Found", "detail": "The resource could not be found.\n\n No resource provider with uuid b1441d62-fbaf-4e0a-8014-667b15473842 found for delete ", "request_id": "req-a9416eb8-d699-419c-b861-cc546aa1b5b6"}]}
2026-07-02 16:37:09.850 9 INFO neutron.services.segments.plugin [-] Segment b1441d62-fbaf-4e0a-8014-667b15473842 resource provider not found; error: Placement Client Error (4xx): {"errors": [{"status": 404, "title": "Not Found", "detail": "The resource could not be found.\n\n No resource provider with uuid b1441d62-fbaf-4e0a-8014-667b15473842 found for delete ", "request_id": "req-8b982e24-22ea-4ced-a104-e61cff2157c6"}]}
2026-07-02 16:37:09.877 9 INFO neutron.wsgi [None req-73c24ffe-6637-414c-8076-82bd3f18ead2 7c5c4632a276497e8605869e2eaa665c 2b496d0707a148c39c4e763dc99814ce - - default default] 10.0.0.230 "DELETE /v2.0/floatingips/a332dd9c-77cf-4895-976a-ed984de4ceee HTTP/1.1" status: 204 len: 168 time: 0.3765519
2026-07-02 16:37:10.381 10 INFO neutron.db.ovn_revision_numbers_db [None req-9d5ec472-9c9a-4960-a2bc-2463eaf2616c bd546687ec2b430fbb5f47b38dd6b481 69a0e91688254a8eb728dd4e1458b4fa - - default default] Successfully bumped revision number for resource 4513fe2a-521c-48d3-ba45-bc5b415c8d8c (type: security_groups) to 1
2026-07-02 16:37:10.397 10 INFO neutron.db.ovn_revision_numbers_db [None req-9d5ec472-9c9a-4960-a2bc-2463eaf2616c bd546687ec2b430fbb5f47b38dd6b481 69a0e91688254a8eb728dd4e1458b4fa - - default default] Successfully bumped revision number for resource 127d1454-1690-4d2e-aef5-f6bf95c09a75 (type: security_group_rules) to 0
2026-07-02 16:37:10.412 10 INFO neutron.db.ovn_revision_numbers_db [None req-9d5ec472-9c9a-4960-a2bc-2463eaf2616c bd546687ec2b430fbb5f47b38dd6b481 69a0e91688254a8eb728dd4e1458b4fa - - default default] Successfully bumped revision number for resource 4f67b1af-255a-4a03-9fb9-0a935f557957 (type: security_group_rules) to 0
2026-07-02 16:37:10.425 10 INFO neutron.db.ovn_revision_numbers_db [None req-9d5ec472-9c9a-4960-a2bc-2463eaf2616c bd546687ec2b430fbb5f47b38dd6b481 69a0e91688254a8eb728dd4e1458b4fa - - default default] Successfully bumped revision number for resource 8f957257-5096-4745-9508-9ce79e6959bc (type: security_group_rules) to 0
2026-07-02 16:37:10.442 10 INFO neutron.db.ovn_revision_numbers_db [None req-9d5ec472-9c9a-4960-a2bc-2463eaf2616c bd546687ec2b430fbb5f47b38dd6b481 69a0e91688254a8eb728dd4e1458b4fa - - default default] Successfully bumped revision number for resource ba6ac0fc-8950-4335-9162-3b505f1aef84 (type: security_group_rules) to 0
2026-07-02 16:37:10.467 10 INFO neutron.wsgi [None req-9d5ec472-9c9a-4960-a2bc-2463eaf2616c bd546687ec2b430fbb5f47b38dd6b481 69a0e91688254a8eb728dd4e1458b4fa - - default default] 10.0.0.230 "GET /v2.0/security-groups?tenant_id=ccb0242ae6394fa0bf6914def3e1e6a2&name=default HTTP/1.1" status: 200 len: 2996 time: 0.3498008
2026-07-02 16:37:10.693 10 INFO neutron.wsgi [None req-5c75799a-cc08-4da5-bf03-9faec4213924 bd546687ec2b430fbb5f47b38dd6b481 69a0e91688254a8eb728dd4e1458b4fa - - default default] 10.0.0.230 "DELETE /v2.0/security-groups/4513fe2a-521c-48d3-ba45-bc5b415c8d8c HTTP/1.1" status: 204 len: 168 time: 0.2209144
2026-07-02 16:37:10.856 9 INFO neutron.db.ovn_revision_numbers_db [None req-194ede1e-c274-427f-b209-53e0abb6fc8a bd546687ec2b430fbb5f47b38dd6b481 69a0e91688254a8eb728dd4e1458b4fa - - default default] Successfully bumped revision number for resource c392ba22-3b3b-4e42-bbfb-fef7a7f9a7ed (type: security_groups) to 1
2026-07-02 16:37:10.863 9 INFO neutron.wsgi [None req-edfcf8cf-e6de-49f1-acf8-e29184368fa2 bd546687ec2b430fbb5f47b38dd6b481 69a0e91688254a8eb728dd4e1458b4fa - - default default] 10.0.0.230 "GET /v2.0/security-groups?tenant_id=f32e78839aab45ada77567f99d626f39&name=default HTTP/1.1" status: 200 len: 2996 time: 0.0546625
2026-07-02 16:37:10.872 9 INFO neutron.db.ovn_revision_numbers_db [None req-194ede1e-c274-427f-b209-53e0abb6fc8a bd546687ec2b430fbb5f47b38dd6b481 69a0e91688254a8eb728dd4e1458b4fa - - default default] Successfully bumped revision number for resource 39ff4670-4e05-4f85-bfd2-bac8f26c15b2 (type: security_group_rules) to 0
2026-07-02 16:37:10.889 9 INFO neutron.db.ovn_revision_numbers_db [None req-194ede1e-c274-427f-b209-53e0abb6fc8a bd546687ec2b430fbb5f47b38dd6b481 69a0e91688254a8eb728dd4e1458b4fa - - default default] Successfully bumped revision number for resource aabc459d-c58e-498d-81d8-f3f0d97d6cdb (type: security_group_rules) to 0
2026-07-02 16:37:10.908 9 INFO neutron.db.ovn_revision_numbers_db [None req-194ede1e-c274-427f-b209-53e0abb6fc8a bd546687ec2b430fbb5f47b38dd6b481 69a0e91688254a8eb728dd4e1458b4fa - - default default] Successfully bumped revision number for resource bbfa8eba-1090-4015-830a-303aa1fc4119 (type: security_group_rules) to 0
2026-07-02 16:37:10.923 9 INFO neutron.db.ovn_revision_numbers_db [None req-194ede1e-c274-427f-b209-53e0abb6fc8a bd546687ec2b430fbb5f47b38dd6b481 69a0e91688254a8eb728dd4e1458b4fa - - default default] Successfully bumped revision number for resource e5caf6e2-37a2-4f6c-9624-847ecf724dab (type: security_group_rules) to 0
2026-07-02 16:37:10.942 9 INFO neutron.wsgi [None req-194ede1e-c274-427f-b209-53e0abb6fc8a bd546687ec2b430fbb5f47b38dd6b481 69a0e91688254a8eb728dd4e1458b4fa - - default default] 10.0.0.230 "GET /v2.0/security-groups?tenant_id=2b496d0707a148c39c4e763dc99814ce&name=default HTTP/1.1" status: 200 len: 2996 time: 0.3306429
2026-07-02 16:37:11.090 10 INFO neutron.wsgi [None req-49d27f60-25b5-4f3d-b506-fe55b2c34143 bd546687ec2b430fbb5f47b38dd6b481 69a0e91688254a8eb728dd4e1458b4fa - - default default] 10.0.0.230 "DELETE /v2.0/security-groups/c18956b3-1e35-48dd-9ec7-74f9d75233d2 HTTP/1.1" status: 204 len: 168 time: 0.2231698
2026-07-02 16:37:11.161 10 INFO neutron.wsgi [None req-f7057332-0b54-4207-8332-215c508a0e18 bd546687ec2b430fbb5f47b38dd6b481 69a0e91688254a8eb728dd4e1458b4fa - - default default] 10.0.0.230 "DELETE /v2.0/security-groups/c392ba22-3b3b-4e42-bbfb-fef7a7f9a7ed HTTP/1.1" status: 204 len: 168 time: 0.2119143
2026-07-02 16:37:11.375 9 INFO neutron.db.ovn_revision_numbers_db [None req-191ae8f9-34ec-446f-afed-ac933e999b27 bd546687ec2b430fbb5f47b38dd6b481 69a0e91688254a8eb728dd4e1458b4fa - - default default] Successfully bumped revision number for resource c265e64e-aca1-47cd-b0f6-a679daa3055e (type: security_groups) to 1
2026-07-02 16:37:11.385 10 INFO neutron.db.ovn_revision_numbers_db [None req-27c02fd9-43b1-4bfd-98f1-dcfce395fd29 bd546687ec2b430fbb5f47b38dd6b481 69a0e91688254a8eb728dd4e1458b4fa - - default default] Successfully bumped revision number for resource f60ea36c-02de-4320-bf41-deb08d7262e7 (type: security_groups) to 1
2026-07-02 16:37:11.389 9 INFO neutron.db.ovn_revision_numbers_db [None req-191ae8f9-34ec-446f-afed-ac933e999b27 bd546687ec2b430fbb5f47b38dd6b481 69a0e91688254a8eb728dd4e1458b4fa - - default default] Successfully bumped revision number for resource 10aede9f-4590-4c59-8760-12bb5ccb880b (type: security_group_rules) to 0
2026-07-02 16:37:11.400 10 INFO neutron.db.ovn_revision_numbers_db [None req-27c02fd9-43b1-4bfd-98f1-dcfce395fd29 bd546687ec2b430fbb5f47b38dd6b481 69a0e91688254a8eb728dd4e1458b4fa - - default default] Successfully bumped revision number for resource 58099232-c139-48f2-ac0e-6a101c0cabd8 (type: security_group_rules) to 0
2026-07-02 16:37:11.402 9 INFO neutron.db.ovn_revision_numbers_db [None req-191ae8f9-34ec-446f-afed-ac933e999b27 bd546687ec2b430fbb5f47b38dd6b481 69a0e91688254a8eb728dd4e1458b4fa - - default default] Successfully bumped revision number for resource 43f4e699-ea62-46ef-a2e0-8c670aa1e8ce (type: security_group_rules) to 0
2026-07-02 16:37:11.416 9 INFO neutron.db.ovn_revision_numbers_db [None req-191ae8f9-34ec-446f-afed-ac933e999b27 bd546687ec2b430fbb5f47b38dd6b481 69a0e91688254a8eb728dd4e1458b4fa - - default default] Successfully bumped revision number for resource 589bf626-6a2b-4436-9de1-8d21b95f2378 (type: security_group_rules) to 0
2026-07-02 16:37:11.419 10 INFO neutron.db.ovn_revision_numbers_db [None req-27c02fd9-43b1-4bfd-98f1-dcfce395fd29 bd546687ec2b430fbb5f47b38dd6b481 69a0e91688254a8eb728dd4e1458b4fa - - default default] Successfully bumped revision number for resource ba481dee-2dd7-4cce-b647-ef52c1ebb0d0 (type: security_group_rules) to 0
2026-07-02 16:37:11.429 9 INFO neutron.db.ovn_revision_numbers_db [None req-191ae8f9-34ec-446f-afed-ac933e999b27 bd546687ec2b430fbb5f47b38dd6b481 69a0e91688254a8eb728dd4e1458b4fa - - default default] Successfully bumped revision number for resource bc55b1ae-50cb-488c-9ce8-b1559c9c7a5f (type: security_group_rules) to 0
2026-07-02 16:37:11.435 10 INFO neutron.db.ovn_revision_numbers_db [None req-27c02fd9-43b1-4bfd-98f1-dcfce395fd29 bd546687ec2b430fbb5f47b38dd6b481 69a0e91688254a8eb728dd4e1458b4fa - - default default] Successfully bumped revision number for resource bf641b81-5d6f-4cb1-b874-224f5f51cb56 (type: security_group_rules) to 0
2026-07-02 16:37:11.450 10 INFO neutron.db.ovn_revision_numbers_db [None req-27c02fd9-43b1-4bfd-98f1-dcfce395fd29 bd546687ec2b430fbb5f47b38dd6b481 69a0e91688254a8eb728dd4e1458b4fa - - default default] Successfully bumped revision number for resource d51f7564-bd5e-42b7-b523-147792cd0470 (type: security_group_rules) to 0
2026-07-02 16:37:11.450 9 INFO neutron.wsgi [None req-191ae8f9-34ec-446f-afed-ac933e999b27 bd546687ec2b430fbb5f47b38dd6b481 69a0e91688254a8eb728dd4e1458b4fa - - default default] 10.0.0.230 "GET /v2.0/security-groups?tenant_id=aaa790a695d342608ca90bdf125cb852&name=default HTTP/1.1" status: 200 len: 2996 time: 0.1951785
2026-07-02 16:37:11.481 10 INFO neutron.wsgi [None req-27c02fd9-43b1-4bfd-98f1-dcfce395fd29 bd546687ec2b430fbb5f47b38dd6b481 69a0e91688254a8eb728dd4e1458b4fa - - default default] 10.0.0.230 "GET /v2.0/security-groups?tenant_id=4043966909be4e61bec24f3a772d77e6&name=default HTTP/1.1" status: 200 len: 2996 time: 0.2223372
2026-07-02 16:37:11.698 9 INFO neutron.wsgi [None req-4ceeb15f-7b6b-4307-988c-36d98863174e bd546687ec2b430fbb5f47b38dd6b481 69a0e91688254a8eb728dd4e1458b4fa - - default default] 10.0.0.230 "DELETE /v2.0/security-groups/c265e64e-aca1-47cd-b0f6-a679daa3055e HTTP/1.1" status: 204 len: 168 time: 0.2431974
2026-07-02 16:37:11.734 9 INFO neutron.wsgi [None req-2b7ca969-a65a-4092-9775-4dfe40486454 bd546687ec2b430fbb5f47b38dd6b481 69a0e91688254a8eb728dd4e1458b4fa - - default default] 10.0.0.230 "DELETE /v2.0/security-groups/f60ea36c-02de-4320-bf41-deb08d7262e7 HTTP/1.1" status: 204 len: 168 time: 0.2442470
2026-07-02 16:37:13.653 10 INFO neutron.wsgi [-] 10.0.0.103 "GET / HTTP/1.1" status: 200 len: 247 time: 0.0017939
2026-07-02 16:37:13.655 10 INFO neutron.wsgi [-] 10.0.0.103 "GET / HTTP/1.1" status: 200 len: 247 time: 0.0014539
2026-07-02 16:37:15.355 9 INFO neutron.wsgi [None req-a33919ed-d8cf-49fd-88d4-483a1d237a28 562a38515e81453280d1381dea248b02 86c4b843116247179cdd9209a7f7d26d - - default default] 10.0.0.230 "POST /v2.0/qos/policies HTTP/1.1" status: 201 len: 558 time: 0.2700288
2026-07-02 16:37:15.400 9 INFO neutron.wsgi [None req-3764a1cc-4296-40a1-9826-2fc7c0c94d6c 562a38515e81453280d1381dea248b02 86c4b843116247179cdd9209a7f7d26d - - default default] 10.0.0.230 "PUT /v2.0/policies/e5f30b4e-f924-400d-9781-b4e15284249a/tags HTTP/1.1" status: 200 len: 218 time: 0.0390878
2026-07-02 16:37:15.420 9 INFO neutron.wsgi [None req-8c55606b-8708-44e2-b291-221bfb93023e 562a38515e81453280d1381dea248b02 86c4b843116247179cdd9209a7f7d26d - - default default] 10.0.0.230 "GET /v2.0/policies/e5f30b4e-f924-400d-9781-b4e15284249a/tags HTTP/1.1" status: 200 len: 218 time: 0.0150375
2026-07-02 16:37:15.457 9 INFO neutron.wsgi [None req-5dfe3d2c-7460-465d-b409-a15548c82021 562a38515e81453280d1381dea248b02 86c4b843116247179cdd9209a7f7d26d - - default default] 10.0.0.230 "PUT /v2.0/policies/e5f30b4e-f924-400d-9781-b4e15284249a/tags/green HTTP/1.1" status: 201 len: 201 time: 0.0313218
2026-07-02 16:37:15.477 9 INFO neutron.wsgi [None req-cd3c09ab-b382-41b8-aa48-4ca4a2166a52 562a38515e81453280d1381dea248b02 86c4b843116247179cdd9209a7f7d26d - - default default] 10.0.0.230 "GET /v2.0/policies/e5f30b4e-f924-400d-9781-b4e15284249a/tags HTTP/1.1" status: 200 len: 227 time: 0.0159607
2026-07-02 16:37:15.503 9 INFO neutron.wsgi [None req-61d5c0ae-a4d8-441f-8579-fbe0f3eeecea 562a38515e81453280d1381dea248b02 86c4b843116247179cdd9209a7f7d26d - - default default] 10.0.0.230 "PUT /v2.0/policies/e5f30b4e-f924-400d-9781-b4e15284249a/tags/red HTTP/1.1" status: 201 len: 201 time: 0.0181556
2026-07-02 16:37:15.522 9 INFO neutron.wsgi [None req-00b94b00-6e3d-47c0-829c-bbd2fdf17a0f 562a38515e81453280d1381dea248b02 86c4b843116247179cdd9209a7f7d26d - - default default] 10.0.0.230 "GET /v2.0/policies/e5f30b4e-f924-400d-9781-b4e15284249a/tags HTTP/1.1" status: 200 len: 227 time: 0.0144656
2026-07-02 16:37:15.566 9 INFO neutron.wsgi [None req-768bd9aa-3f77-4610-b503-43f5116698f5 562a38515e81453280d1381dea248b02 86c4b843116247179cdd9209a7f7d26d - - default default] 10.0.0.230 "PUT /v2.0/policies/e5f30b4e-f924-400d-9781-b4e15284249a/tags/black.or.white HTTP/1.1" status: 201 len: 201 time: 0.0401647
2026-07-02 16:37:15.588 9 INFO neutron.wsgi [None req-7b791bad-b89c-4008-91fc-aa95d8580eff 562a38515e81453280d1381dea248b02 86c4b843116247179cdd9209a7f7d26d - - default default] 10.0.0.230 "GET /v2.0/policies/e5f30b4e-f924-400d-9781-b4e15284249a/tags HTTP/1.1" status: 200 len: 245 time: 0.0172851
2026-07-02 16:37:15.623 9 INFO neutron.wsgi [None req-04cd78ba-2ef9-4ddc-a823-5b6cfad866d9 562a38515e81453280d1381dea248b02 86c4b843116247179cdd9209a7f7d26d - - default default] 10.0.0.230 "PUT /v2.0/policies/e5f30b4e-f924-400d-9781-b4e15284249a/tags HTTP/1.1" status: 200 len: 230 time: 0.0306530
2026-07-02 16:37:15.648 10 INFO neutron.wsgi [None req-b5bb1bb0-bd61-4c0e-a92c-7649b0958a9d 562a38515e81453280d1381dea248b02 86c4b843116247179cdd9209a7f7d26d - - default default] 10.0.0.230 "GET /v2.0/policies/e5f30b4e-f924-400d-9781-b4e15284249a/tags HTTP/1.1" status: 200 len: 230 time: 0.0193636
2026-07-02 16:37:15.664 10 INFO neutron.wsgi [None req-411a5c72-aab6-4ff0-9eff-8c716c1ef597 562a38515e81453280d1381dea248b02 86c4b843116247179cdd9209a7f7d26d - - default default] 10.0.0.230 "GET /v2.0/policies/e5f30b4e-f924-400d-9781-b4e15284249a/tags/red HTTP/1.1" status: 204 len: 168 time: 0.0118260
2026-07-02 16:37:15.679 10 INFO neutron.api.v2.resource [None req-def2c64b-8309-4e53-b23f-671c2150636e 562a38515e81453280d1381dea248b02 86c4b843116247179cdd9209a7f7d26d - - default default] show failed (client error): The resource could not be found.
2026-07-02 16:37:15.680 10 INFO neutron.wsgi [None req-def2c64b-8309-4e53-b23f-671c2150636e 562a38515e81453280d1381dea248b02 86c4b843116247179cdd9209a7f7d26d - - default default] 10.0.0.230 "GET /v2.0/policies/e5f30b4e-f924-400d-9781-b4e15284249a/tags/green HTTP/1.1" status: 404 len: 299 time: 0.0117893
2026-07-02 16:37:15.707 10 INFO neutron.wsgi [None req-d3305506-a0b0-4108-ac72-42543b6f4e5c 562a38515e81453280d1381dea248b02 86c4b843116247179cdd9209a7f7d26d - - default default] 10.0.0.230 "DELETE /v2.0/policies/e5f30b4e-f924-400d-9781-b4e15284249a/tags/red HTTP/1.1" status: 204 len: 168 time: 0.0231843
2026-07-02 16:37:15.723 10 INFO neutron.wsgi [None req-a3cb9a10-c590-48dc-8dde-3a9fd503356e 562a38515e81453280d1381dea248b02 86c4b843116247179cdd9209a7f7d26d - - default default] 10.0.0.230 "GET /v2.0/policies/e5f30b4e-f924-400d-9781-b4e15284249a/tags HTTP/1.1" status: 200 len: 223 time: 0.0123453
2026-07-02 16:37:15.747 10 INFO neutron.api.v2.resource [None req-fdaa1827-e8bc-4317-97d2-dba0784cc21c 562a38515e81453280d1381dea248b02 86c4b843116247179cdd9209a7f7d26d - - default default] delete failed (client error): The resource could not be found.
2026-07-02 16:37:15.749 10 INFO neutron.wsgi [None req-fdaa1827-e8bc-4317-97d2-dba0784cc21c 562a38515e81453280d1381dea248b02 86c4b843116247179cdd9209a7f7d26d - - default default] 10.0.0.230 "DELETE /v2.0/policies/e5f30b4e-f924-400d-9781-b4e15284249a/tags/green HTTP/1.1" status: 404 len: 299 time: 0.0202177
2026-07-02 16:37:15.783 10 INFO neutron.wsgi [None req-e94baa7f-0ce4-4c23-9d93-cfd0b9711e87 562a38515e81453280d1381dea248b02 86c4b843116247179cdd9209a7f7d26d - - default default] 10.0.0.230 "DELETE /v2.0/policies/e5f30b4e-f924-400d-9781-b4e15284249a/tags HTTP/1.1" status: 204 len: 168 time: 0.0278144
2026-07-02 16:37:15.800 10 INFO neutron.wsgi [None req-0be1d021-7c21-4185-b183-f95dac17c2c5 562a38515e81453280d1381dea248b02 86c4b843116247179cdd9209a7f7d26d - - default default] 10.0.0.230 "GET /v2.0/policies/e5f30b4e-f924-400d-9781-b4e15284249a/tags HTTP/1.1" status: 200 len: 205 time: 0.0136886
2026-07-02 16:37:15.872 10 INFO neutron.wsgi [None req-a6122443-ff02-4017-bd2c-70c47b3956db 562a38515e81453280d1381dea248b02 86c4b843116247179cdd9209a7f7d26d - - default default] 10.0.0.230 "DELETE /v2.0/qos/policies/e5f30b4e-f924-400d-9781-b4e15284249a HTTP/1.1" status: 204 len: 168 time: 0.0651498
2026-07-02 16:37:16.017 9 INFO neutron.db.ovn_revision_numbers_db [None req-f37adca1-f28e-487b-8386-a4a38c08de57 249f82d1943441fbaad9e00ab7be48a9 9f46f80ef1d847efa8cc3be8265d337e - - default default] Successfully bumped revision number for resource 7e2c6fe7-e16a-417d-b50d-334d06777457 (type: security_groups) to 1
2026-07-02 16:37:16.032 9 INFO neutron.db.ovn_revision_numbers_db [None req-f37adca1-f28e-487b-8386-a4a38c08de57 249f82d1943441fbaad9e00ab7be48a9 9f46f80ef1d847efa8cc3be8265d337e - - default default] Successfully bumped revision number for resource 40165de8-3910-45a0-a200-e8b254af953a (type: security_group_rules) to 0
2026-07-02 16:37:16.047 9 INFO neutron.db.ovn_revision_numbers_db [None req-f37adca1-f28e-487b-8386-a4a38c08de57 249f82d1943441fbaad9e00ab7be48a9 9f46f80ef1d847efa8cc3be8265d337e - - default default] Successfully bumped revision number for resource 5235a3f0-c44e-4460-86eb-09adf18f120b (type: security_group_rules) to 0
2026-07-02 16:37:16.061 9 INFO neutron.db.ovn_revision_numbers_db [None req-f37adca1-f28e-487b-8386-a4a38c08de57 249f82d1943441fbaad9e00ab7be48a9 9f46f80ef1d847efa8cc3be8265d337e - - default default] Successfully bumped revision number for resource 9dfaad44-49f0-4568-8c98-84f4315efb92 (type: security_group_rules) to 0
2026-07-02 16:37:16.077 9 INFO neutron.db.ovn_revision_numbers_db [None req-f37adca1-f28e-487b-8386-a4a38c08de57 249f82d1943441fbaad9e00ab7be48a9 9f46f80ef1d847efa8cc3be8265d337e - - default default] Successfully bumped revision number for resource dfb750ff-1dbc-4332-83a5-bc569086b8b6 (type: security_group_rules) to 0
2026-07-02 16:37:16.170 9 INFO neutron.db.ovn_revision_numbers_db [None req-f37adca1-f28e-487b-8386-a4a38c08de57 249f82d1943441fbaad9e00ab7be48a9 9f46f80ef1d847efa8cc3be8265d337e - - default default] Successfully bumped revision number for resource 136befbc-e900-4b0a-9d5b-04c7a4b80e2f (type: security_groups) to 1
2026-07-02 16:37:16.184 9 INFO neutron.db.ovn_revision_numbers_db [None req-f37adca1-f28e-487b-8386-a4a38c08de57 249f82d1943441fbaad9e00ab7be48a9 9f46f80ef1d847efa8cc3be8265d337e - - default default] Successfully bumped revision number for resource 252e785a-f869-4268-a677-8e300f89f44f (type: security_group_rules) to 0
2026-07-02 16:37:16.198 9 INFO neutron.db.ovn_revision_numbers_db [None req-f37adca1-f28e-487b-8386-a4a38c08de57 249f82d1943441fbaad9e00ab7be48a9 9f46f80ef1d847efa8cc3be8265d337e - - default default] Successfully bumped revision number for resource 8457fd32-8099-454b-bcb0-49e448a104e0 (type: security_group_rules) to 0
2026-07-02 16:37:16.225 9 INFO neutron.wsgi [None req-f37adca1-f28e-487b-8386-a4a38c08de57 249f82d1943441fbaad9e00ab7be48a9 9f46f80ef1d847efa8cc3be8265d337e - - default default] 10.0.0.230 "POST /v2.0/security-groups HTTP/1.1" status: 201 len: 1739 time: 0.4057357
2026-07-02 16:37:16.335 10 INFO neutron.db.ovn_revision_numbers_db [None req-7d19309c-c342-41ab-aeb7-c40f2e164357 249f82d1943441fbaad9e00ab7be48a9 9f46f80ef1d847efa8cc3be8265d337e - - default default] Successfully bumped revision number for resource 62358cd5-7a0c-4995-a9c4-99a4a1b07e81 (type: security_groups) to 1
2026-07-02 16:37:16.350 10 INFO neutron.db.ovn_revision_numbers_db [None req-7d19309c-c342-41ab-aeb7-c40f2e164357 249f82d1943441fbaad9e00ab7be48a9 9f46f80ef1d847efa8cc3be8265d337e - - default default] Successfully bumped revision number for resource ad2e2995-ae2f-4a9b-85c4-d34f073d7477 (type: security_group_rules) to 0
2026-07-02 16:37:16.364 10 INFO neutron.db.ovn_revision_numbers_db [None req-7d19309c-c342-41ab-aeb7-c40f2e164357 249f82d1943441fbaad9e00ab7be48a9 9f46f80ef1d847efa8cc3be8265d337e - - default default] Successfully bumped revision number for resource f6fa76a0-f30f-4e26-b1b3-42006acf1997 (type: security_group_rules) to 0
2026-07-02 16:37:16.382 10 INFO neutron.wsgi [None req-7d19309c-c342-41ab-aeb7-c40f2e164357 249f82d1943441fbaad9e00ab7be48a9 9f46f80ef1d847efa8cc3be8265d337e - - default default] 10.0.0.230 "POST /v2.0/security-groups HTTP/1.1" status: 201 len: 1739 time: 0.1523285
2026-07-02 16:37:16.490 10 INFO neutron.db.ovn_revision_numbers_db [None req-e895c4d5-2f97-4dd0-b8e0-616f6f5b4818 249f82d1943441fbaad9e00ab7be48a9 9f46f80ef1d847efa8cc3be8265d337e - - default default] Successfully bumped revision number for resource 636ac96a-dc7c-449a-889d-659fe3277882 (type: security_groups) to 1
2026-07-02 16:37:16.504 10 INFO neutron.db.ovn_revision_numbers_db [None req-e895c4d5-2f97-4dd0-b8e0-616f6f5b4818 249f82d1943441fbaad9e00ab7be48a9 9f46f80ef1d847efa8cc3be8265d337e - - default default] Successfully bumped revision number for resource 0fa7a157-7a30-490a-9f2b-c9b2d3892af5 (type: security_group_rules) to 0
2026-07-02 16:37:16.518 10 INFO neutron.db.ovn_revision_numbers_db [None req-e895c4d5-2f97-4dd0-b8e0-616f6f5b4818 249f82d1943441fbaad9e00ab7be48a9 9f46f80ef1d847efa8cc3be8265d337e - - default default] Successfully bumped revision number for resource 359c23dd-21fd-43db-8d0d-a97e78511ea8 (type: security_group_rules) to 0
2026-07-02 16:37:16.538 10 INFO neutron.wsgi [None req-e895c4d5-2f97-4dd0-b8e0-616f6f5b4818 249f82d1943441fbaad9e00ab7be48a9 9f46f80ef1d847efa8cc3be8265d337e - - default default] 10.0.0.230 "POST /v2.0/security-groups HTTP/1.1" status: 201 len: 1739 time: 0.1496878
2026-07-02 16:37:16.647 10 INFO neutron.db.ovn_revision_numbers_db [None req-456f9c8b-e21c-48cd-86be-a8a998e07a22 249f82d1943441fbaad9e00ab7be48a9 9f46f80ef1d847efa8cc3be8265d337e - - default default] Successfully bumped revision number for resource 16ad358e-6e81-48d2-8ce1-54d0d05ab1e4 (type: security_groups) to 1
2026-07-02 16:37:16.659 10 INFO neutron.db.ovn_revision_numbers_db [None req-456f9c8b-e21c-48cd-86be-a8a998e07a22 249f82d1943441fbaad9e00ab7be48a9 9f46f80ef1d847efa8cc3be8265d337e - - default default] Successfully bumped revision number for resource 9341e4a6-a6e8-41b1-aaaf-7a5c27e6ea41 (type: security_group_rules) to 0
2026-07-02 16:37:16.671 10 INFO neutron.db.ovn_revision_numbers_db [None req-456f9c8b-e21c-48cd-86be-a8a998e07a22 249f82d1943441fbaad9e00ab7be48a9 9f46f80ef1d847efa8cc3be8265d337e - - default default] Successfully bumped revision number for resource cd95ea04-7342-48f6-a58e-eb93762b0822 (type: security_group_rules) to 0
2026-07-02 16:37:16.691 10 INFO neutron.wsgi [None req-456f9c8b-e21c-48cd-86be-a8a998e07a22 249f82d1943441fbaad9e00ab7be48a9 9f46f80ef1d847efa8cc3be8265d337e - - default default] 10.0.0.230 "POST /v2.0/security-groups HTTP/1.1" status: 201 len: 1739 time: 0.1470494
2026-07-02 16:37:16.728 9 INFO neutron.db.ovn_revision_numbers_db [None req-6c4c0e06-9a5e-4a91-a007-4e402fa5b94c bd546687ec2b430fbb5f47b38dd6b481 69a0e91688254a8eb728dd4e1458b4fa - - default default] Successfully bumped revision number for resource 6cdba1f5-1a30-482c-8952-1f2ddece3098 (type: security_groups) to 1
2026-07-02 16:37:16.741 9 INFO neutron.db.ovn_revision_numbers_db [None req-6c4c0e06-9a5e-4a91-a007-4e402fa5b94c bd546687ec2b430fbb5f47b38dd6b481 69a0e91688254a8eb728dd4e1458b4fa - - default default] Successfully bumped revision number for resource 15ad0c40-9c00-4db6-bd88-7222bbdb63bf (type: security_group_rules) to 0
2026-07-02 16:37:16.757 9 INFO neutron.db.ovn_revision_numbers_db [None req-6c4c0e06-9a5e-4a91-a007-4e402fa5b94c bd546687ec2b430fbb5f47b38dd6b481 69a0e91688254a8eb728dd4e1458b4fa - - default default] Successfully bumped revision number for resource 6bebc047-f160-4e60-9c7b-ece558d7f650 (type: security_group_rules) to 0
2026-07-02 16:37:16.771 9 INFO neutron.db.ovn_revision_numbers_db [None req-6c4c0e06-9a5e-4a91-a007-4e402fa5b94c bd546687ec2b430fbb5f47b38dd6b481 69a0e91688254a8eb728dd4e1458b4fa - - default default] Successfully bumped revision number for resource c95ec2c4-96bc-4bf0-97eb-630b4bc405f6 (type: security_group_rules) to 0
2026-07-02 16:37:16.787 9 INFO neutron.db.ovn_revision_numbers_db [None req-6c4c0e06-9a5e-4a91-a007-4e402fa5b94c bd546687ec2b430fbb5f47b38dd6b481 69a0e91688254a8eb728dd4e1458b4fa - - default default] Successfully bumped revision number for resource cd142789-c101-447d-9e4d-a18562e8d223 (type: security_group_rules) to 0
2026-07-02 16:37:16.818 9 INFO neutron.wsgi [None req-6c4c0e06-9a5e-4a91-a007-4e402fa5b94c bd546687ec2b430fbb5f47b38dd6b481 69a0e91688254a8eb728dd4e1458b4fa - - default default] 10.0.0.230 "GET /v2.0/security-groups?tenant_id=86c4b843116247179cdd9209a7f7d26d&name=default HTTP/1.1" status: 200 len: 3000 time: 0.2662711
2026-07-02 16:37:16.852 10 INFO neutron.db.ovn_revision_numbers_db [None req-b1bb1c78-b8c3-48f2-9baa-847c09394273 249f82d1943441fbaad9e00ab7be48a9 9f46f80ef1d847efa8cc3be8265d337e - - default default] Successfully bumped revision number for resource 734039fc-cba0-4a26-ade4-16b59e0a48c5 (type: security_groups) to 1
2026-07-02 16:37:16.880 10 INFO neutron.db.ovn_revision_numbers_db [None req-b1bb1c78-b8c3-48f2-9baa-847c09394273 249f82d1943441fbaad9e00ab7be48a9 9f46f80ef1d847efa8cc3be8265d337e - - default default] Successfully bumped revision number for resource 4a4bd043-6b0e-4818-9cd4-6ce1ffc10642 (type: security_group_rules) to 0
2026-07-02 16:37:16.896 10 INFO neutron.db.ovn_revision_numbers_db [None req-b1bb1c78-b8c3-48f2-9baa-847c09394273 249f82d1943441fbaad9e00ab7be48a9 9f46f80ef1d847efa8cc3be8265d337e - - default default] Successfully bumped revision number for resource e653a13b-450f-4ee5-8b54-072129026e80 (type: security_group_rules) to 0
2026-07-02 16:37:16.924 10 INFO neutron.wsgi [None req-b1bb1c78-b8c3-48f2-9baa-847c09394273 249f82d1943441fbaad9e00ab7be48a9 9f46f80ef1d847efa8cc3be8265d337e - - default default] 10.0.0.230 "POST /v2.0/security-groups HTTP/1.1" status: 201 len: 1739 time: 0.2272985
2026-07-02 16:37:16.963 10 INFO neutron.wsgi [None req-e9c9c48f-35a1-47a5-b51d-de8d049d74da 249f82d1943441fbaad9e00ab7be48a9 9f46f80ef1d847efa8cc3be8265d337e - - default default] 10.0.0.230 "PUT /v2.0/security-groups/136befbc-e900-4b0a-9d5b-04c7a4b80e2f/tags HTTP/1.1" status: 200 len: 210 time: 0.0335851
2026-07-02 16:37:16.995 10 INFO neutron.wsgi [None req-d4482909-d87e-4e15-83eb-395ca9ba7086 249f82d1943441fbaad9e00ab7be48a9 9f46f80ef1d847efa8cc3be8265d337e - - default default] 10.0.0.230 "PUT /v2.0/security-groups/62358cd5-7a0c-4995-a9c4-99a4a1b07e81/tags HTTP/1.1" status: 200 len: 218 time: 0.0280991
2026-07-02 16:37:17.056 9 INFO neutron.wsgi [None req-83baf4a0-1201-4c68-8545-5801c7376fcf 249f82d1943441fbaad9e00ab7be48a9 9f46f80ef1d847efa8cc3be8265d337e - - default default] 10.0.0.230 "PUT /v2.0/security-groups/636ac96a-dc7c-449a-889d-659fe3277882/tags HTTP/1.1" status: 200 len: 227 time: 0.0547898
2026-07-02 16:37:17.070 10 INFO neutron.wsgi [None req-e0ff7fe8-45db-4668-a66a-725ea16fdb8a bd546687ec2b430fbb5f47b38dd6b481 69a0e91688254a8eb728dd4e1458b4fa - - default default] 10.0.0.230 "DELETE /v2.0/security-groups/6cdba1f5-1a30-482c-8952-1f2ddece3098 HTTP/1.1" status: 204 len: 168 time: 0.2462833
2026-07-02 16:37:17.102 9 INFO neutron.wsgi [None req-a271dabe-be60-4993-ae4a-faa6f6d1c252 249f82d1943441fbaad9e00ab7be48a9 9f46f80ef1d847efa8cc3be8265d337e - - default default] 10.0.0.230 "PUT /v2.0/security-groups/16ad358e-6e81-48d2-8ce1-54d0d05ab1e4/tags HTTP/1.1" status: 200 len: 212 time: 0.0406277
2026-07-02 16:37:17.191 9 INFO neutron.wsgi [None req-e2fce5dc-883f-442f-9344-9783f55196cd 249f82d1943441fbaad9e00ab7be48a9 9f46f80ef1d847efa8cc3be8265d337e - - default default] 10.0.0.230 "GET /v2.0/security-groups?tags=red HTTP/1.1" status: 200 len: 4819 time: 0.0804360
2026-07-02 16:37:17.242 10 INFO neutron.wsgi [None req-07501c29-e197-4dd9-8eac-1de31012a4c5 249f82d1943441fbaad9e00ab7be48a9 9f46f80ef1d847efa8cc3be8265d337e - - default default] 10.0.0.230 "GET /v2.0/security-groups?tags=red%2Cblue HTTP/1.1" status: 200 len: 3293 time: 0.0452378
2026-07-02 16:37:17.316 10 INFO neutron.db.ovn_revision_numbers_db [None req-167fed06-af0c-4a9e-a134-2ee330e5a229 bd546687ec2b430fbb5f47b38dd6b481 69a0e91688254a8eb728dd4e1458b4fa - - default default] Successfully bumped revision number for resource 474677f9-6088-4623-969e-96333f2a27c2 (type: security_groups) to 1
2026-07-02 16:37:17.317 9 INFO neutron.wsgi [None req-49ebe67f-2811-48e3-b4e3-80627f315da7 249f82d1943441fbaad9e00ab7be48a9 9f46f80ef1d847efa8cc3be8265d337e - - default default] 10.0.0.230 "GET /v2.0/security-groups?tags-any=blue HTTP/1.1" status: 200 len: 3293 time: 0.0698826
2026-07-02 16:37:17.331 10 INFO neutron.db.ovn_revision_numbers_db [None req-167fed06-af0c-4a9e-a134-2ee330e5a229 bd546687ec2b430fbb5f47b38dd6b481 69a0e91688254a8eb728dd4e1458b4fa - - default default] Successfully bumped revision number for resource 4a7789bd-c033-4209-9704-83cf68d92d26 (type: security_group_rules) to 0
2026-07-02 16:37:17.350 10 INFO neutron.db.ovn_revision_numbers_db [None req-167fed06-af0c-4a9e-a134-2ee330e5a229 bd546687ec2b430fbb5f47b38dd6b481 69a0e91688254a8eb728dd4e1458b4fa - - default default] Successfully bumped revision number for resource 4c5f28fa-5230-480e-ac00-4ea99d291a9d (type: security_group_rules) to 0
2026-07-02 16:37:17.367 10 INFO neutron.db.ovn_revision_numbers_db [None req-167fed06-af0c-4a9e-a134-2ee330e5a229 bd546687ec2b430fbb5f47b38dd6b481 69a0e91688254a8eb728dd4e1458b4fa - - default default] Successfully bumped revision number for resource 63c5254b-91c1-4dd9-9abe-7d128af5ee83 (type: security_group_rules) to 0
2026-07-02 16:37:17.371 9 INFO neutron.wsgi [None req-ab6cf7d7-7389-41c3-ad10-7e66610c17c9 249f82d1943441fbaad9e00ab7be48a9 9f46f80ef1d847efa8cc3be8265d337e - - default default] 10.0.0.230 "GET /v2.0/security-groups?tags-any=red%2Cblue HTTP/1.1" status: 200 len: 4819 time: 0.0488012
2026-07-02 16:37:17.380 10 INFO neutron.db.ovn_revision_numbers_db [None req-167fed06-af0c-4a9e-a134-2ee330e5a229 bd546687ec2b430fbb5f47b38dd6b481 69a0e91688254a8eb728dd4e1458b4fa - - default default] Successfully bumped revision number for resource a92688ec-b0a6-4619-a372-2d14f94d7096 (type: security_group_rules) to 0
2026-07-02 16:37:17.420 9 INFO neutron.wsgi [None req-f5ce471d-a1e3-44c7-9721-b7eb2103023c 249f82d1943441fbaad9e00ab7be48a9 9f46f80ef1d847efa8cc3be8265d337e - - default default] 10.0.0.230 "GET /v2.0/security-groups?not-tags=red HTTP/1.1" status: 200 len: 6049 time: 0.0443623
2026-07-02 16:37:17.489 9 INFO neutron.wsgi [None req-07e37cc1-038f-4fbf-8a86-9f4cc36bb02b 249f82d1943441fbaad9e00ab7be48a9 9f46f80ef1d847efa8cc3be8265d337e - - default default] 10.0.0.230 "GET /v2.0/security-groups?not-tags=red%2Cblue HTTP/1.1" status: 200 len: 7575 time: 0.0641978
2026-07-02 16:37:17.540 9 INFO neutron.wsgi [None req-6f66f7ea-584d-469c-a11b-218f0437feed 249f82d1943441fbaad9e00ab7be48a9 9f46f80ef1d847efa8cc3be8265d337e - - default default] 10.0.0.230 "GET /v2.0/security-groups?not-tags-any=blue HTTP/1.1" status: 200 len: 7575 time: 0.0459092
2026-07-02 16:37:17.585 9 INFO neutron.wsgi [None req-4d736308-1b49-4838-b87b-5134585b2aff 249f82d1943441fbaad9e00ab7be48a9 9f46f80ef1d847efa8cc3be8265d337e - - default default] 10.0.0.230 "GET /v2.0/security-groups?not-tags-any=red%2Cblue HTTP/1.1" status: 200 len: 6049 time: 0.0407844
2026-07-02 16:37:17.641 10 INFO neutron.wsgi [None req-167fed06-af0c-4a9e-a134-2ee330e5a229 bd546687ec2b430fbb5f47b38dd6b481 69a0e91688254a8eb728dd4e1458b4fa - - default default] 10.0.0.230 "GET /v2.0/security-groups?tenant_id=e1557f558ddc4ac2bc90c5a31ebaa80e&name=default HTTP/1.1" status: 200 len: 3000 time: 0.4607313
2026-07-02 16:37:17.709 9 INFO neutron.wsgi [None req-62d79160-6655-46cb-a1d4-a7a20c832fcb 249f82d1943441fbaad9e00ab7be48a9 9f46f80ef1d847efa8cc3be8265d337e - - default default] 10.0.0.230 "DELETE /v2.0/security-groups/136befbc-e900-4b0a-9d5b-04c7a4b80e2f HTTP/1.1" status: 204 len: 168 time: 0.1167514
2026-07-02 16:37:17.859 9 INFO neutron.wsgi [None req-9842f2fe-dcd2-428e-bedd-7cf27d250e56 249f82d1943441fbaad9e00ab7be48a9 9f46f80ef1d847efa8cc3be8265d337e - - default default] 10.0.0.230 "DELETE /v2.0/security-groups/62358cd5-7a0c-4995-a9c4-99a4a1b07e81 HTTP/1.1" status: 204 len: 168 time: 0.1442759
2026-07-02 16:37:17.865 10 INFO neutron.wsgi [None req-5cbb860f-53fa-4071-8519-bcd91aa6f95e bd546687ec2b430fbb5f47b38dd6b481 69a0e91688254a8eb728dd4e1458b4fa - - default default] 10.0.0.230 "DELETE /v2.0/security-groups/474677f9-6088-4623-969e-96333f2a27c2 HTTP/1.1" status: 204 len: 168 time: 0.2191975
2026-07-02 16:37:17.975 9 INFO neutron.wsgi [None req-afaf821a-dbbd-4f3e-9941-c19c621c272c 249f82d1943441fbaad9e00ab7be48a9 9f46f80ef1d847efa8cc3be8265d337e - - default default] 10.0.0.230 "DELETE /v2.0/security-groups/636ac96a-dc7c-449a-889d-659fe3277882 HTTP/1.1" status: 204 len: 168 time: 0.1121545
2026-07-02 16:37:18.100 9 INFO neutron.wsgi [None req-4855fffe-f972-49ea-885f-26419e87fdef 249f82d1943441fbaad9e00ab7be48a9 9f46f80ef1d847efa8cc3be8265d337e - - default default] 10.0.0.230 "DELETE /v2.0/security-groups/16ad358e-6e81-48d2-8ce1-54d0d05ab1e4 HTTP/1.1" status: 204 len: 168 time: 0.1191406
2026-07-02 16:37:18.216 9 INFO neutron.wsgi [None req-ee38f946-739d-4d59-ae44-f3f9368cb7b2 249f82d1943441fbaad9e00ab7be48a9 9f46f80ef1d847efa8cc3be8265d337e - - default default] 10.0.0.230 "DELETE /v2.0/security-groups/734039fc-cba0-4a26-ade4-16b59e0a48c5 HTTP/1.1" status: 204 len: 168 time: 0.1109467
2026-07-02 16:37:19.269 9 INFO neutron.db.ovn_revision_numbers_db [None req-c3bb7002-1b6b-4513-acf1-bf05ba091f08 bd546687ec2b430fbb5f47b38dd6b481 69a0e91688254a8eb728dd4e1458b4fa - - default default] Successfully bumped revision number for resource b2877f81-1001-4f5e-a036-99dd253c385e (type: security_groups) to 1
2026-07-02 16:37:19.282 9 INFO neutron.db.ovn_revision_numbers_db [None req-c3bb7002-1b6b-4513-acf1-bf05ba091f08 bd546687ec2b430fbb5f47b38dd6b481 69a0e91688254a8eb728dd4e1458b4fa - - default default] Successfully bumped revision number for resource 17b5f0ed-aaca-463f-a9f6-036ef17768c0 (type: security_group_rules) to 0
2026-07-02 16:37:19.297 9 INFO neutron.db.ovn_revision_numbers_db [None req-c3bb7002-1b6b-4513-acf1-bf05ba091f08 bd546687ec2b430fbb5f47b38dd6b481 69a0e91688254a8eb728dd4e1458b4fa - - default default] Successfully bumped revision number for resource 1f795ea4-ce5d-424c-b053-62619fb4d39b (type: security_group_rules) to 0
2026-07-02 16:37:19.310 9 INFO neutron.db.ovn_revision_numbers_db [None req-c3bb7002-1b6b-4513-acf1-bf05ba091f08 bd546687ec2b430fbb5f47b38dd6b481 69a0e91688254a8eb728dd4e1458b4fa - - default default] Successfully bumped revision number for resource a4996ae8-b70a-4533-8c94-dd233ac3d09b (type: security_group_rules) to 0
2026-07-02 16:37:19.322 9 INFO neutron.db.ovn_revision_numbers_db [None req-c3bb7002-1b6b-4513-acf1-bf05ba091f08 bd546687ec2b430fbb5f47b38dd6b481 69a0e91688254a8eb728dd4e1458b4fa - - default default] Successfully bumped revision number for resource fef2e09a-0963-4b45-8a5a-0b1021a82388 (type: security_group_rules) to 0
2026-07-02 16:37:19.346 9 INFO neutron.wsgi [None req-c3bb7002-1b6b-4513-acf1-bf05ba091f08 bd546687ec2b430fbb5f47b38dd6b481 69a0e91688254a8eb728dd4e1458b4fa - - default default] 10.0.0.230 "GET /v2.0/security-groups?tenant_id=60663c91d9e94753a459103dce1a5d44&name=default HTTP/1.1" status: 200 len: 3000 time: 0.3438847
2026-07-02 16:37:19.515 9 INFO neutron.wsgi [None req-1e5d78a4-d076-49c5-838d-e6d6dfd77571 bd546687ec2b430fbb5f47b38dd6b481 69a0e91688254a8eb728dd4e1458b4fa - - default default] 10.0.0.230 "DELETE /v2.0/security-groups/b2877f81-1001-4f5e-a036-99dd253c385e HTTP/1.1" status: 204 len: 168 time: 0.1656361
2026-07-02 16:37:19.776 9 INFO neutron.db.ovn_revision_numbers_db [None req-132e3da2-5d49-453b-a36c-f025c4eaf66a bd546687ec2b430fbb5f47b38dd6b481 69a0e91688254a8eb728dd4e1458b4fa - - default default] Successfully bumped revision number for resource 55bacd46-b7f4-48c5-b21e-4cd13bb408ad (type: security_groups) to 1
