2026-07-02 16:37:34.388 10 INFO neutron.wsgi [None req-4cfd95cd-5827-418f-a70d-fd670d17a310 b3def3b72d504929965af9ea78d76f8b ba944fc57e9a460cb52818e01ac1a621 - - default default] 10.0.0.230 "DELETE /v2.0/networks/f6b77ec6-cb82-4b1c-9a3b-7bb49229bad5 HTTP/1.1" status: 204 len: 168 time: 0.3830814
2026-07-02 16:37:34.725 9 INFO neutron.services.segments.plugin [-] Segment e29fa404-c6a7-4533-9d7d-40f64afe81ad resource provider aggregate not found
2026-07-02 16:37:34.731 9 INFO neutron.services.segments.plugin [-] Segment e29fa404-c6a7-4533-9d7d-40f64afe81ad resource provider aggregate not found
2026-07-02 16:37:34.742 9 INFO neutron.services.segments.plugin [-] Segment e29fa404-c6a7-4533-9d7d-40f64afe81ad resource provider not found; error: Placement Client Error (4xx): {"errors": [{"status": 404, "title": "Not Found", "detail": "The resource could not be found.\n\n No resource provider with uuid e29fa404-c6a7-4533-9d7d-40f64afe81ad found for delete ", "request_id": "req-70cc4724-703f-448e-91f2-05c2d23a0a45"}]}
2026-07-02 16:37:34.748 9 INFO neutron.services.segments.plugin [-] Segment e29fa404-c6a7-4533-9d7d-40f64afe81ad resource provider not found; error: Placement Client Error (4xx): {"errors": [{"status": 404, "title": "Not Found", "detail": "The resource could not be found.\n\n No resource provider with uuid e29fa404-c6a7-4533-9d7d-40f64afe81ad found for delete ", "request_id": "req-e6d2b502-f531-4649-977f-a2f2553486c1"}]}
2026-07-02 16:37:34.772 9 INFO neutron.wsgi [None req-5aa993de-b7c7-427a-b5c0-eac0bdb23132 b3def3b72d504929965af9ea78d76f8b ba944fc57e9a460cb52818e01ac1a621 - - default default] 10.0.0.230 "DELETE /v2.0/networks/39254ff8-8f8a-43e4-8ec2-54cf1d4b0e9e HTTP/1.1" status: 204 len: 168 time: 0.3790975
2026-07-02 16:37:35.180 10 INFO neutron.wsgi [None req-7166043d-5b5c-437a-bd44-9b12bf69754b b3def3b72d504929965af9ea78d76f8b ba944fc57e9a460cb52818e01ac1a621 - - default default] 10.0.0.230 "DELETE /v2.0/networks/96f2e996-8ac4-414e-a94b-baa7ea8dfb8d HTTP/1.1" status: 204 len: 168 time: 0.4002397
2026-07-02 16:37:35.461 9 INFO neutron.db.ovn_revision_numbers_db [None req-8d6a08dc-9123-482f-8901-5ae1a77ccf2d 3361d45712b543d8992898e7538aac52 1e75ec7dc14741e0b42fe906eed27442 - - default default] Successfully bumped revision number for resource 11b9240c-fffa-479a-ba00-dbe362db4e93 (type: security_groups) to 1
2026-07-02 16:37:35.490 9 INFO neutron.db.ovn_revision_numbers_db [None req-8d6a08dc-9123-482f-8901-5ae1a77ccf2d 3361d45712b543d8992898e7538aac52 1e75ec7dc14741e0b42fe906eed27442 - - default default] Successfully bumped revision number for resource 0d022add-f38d-4705-b367-5a46ae516677 (type: security_group_rules) to 0
2026-07-02 16:37:35.508 9 INFO neutron.db.ovn_revision_numbers_db [None req-8d6a08dc-9123-482f-8901-5ae1a77ccf2d 3361d45712b543d8992898e7538aac52 1e75ec7dc14741e0b42fe906eed27442 - - default default] Successfully bumped revision number for resource 124bddfc-bbc1-47a6-a78f-5efe3ff8e400 (type: security_group_rules) to 0
2026-07-02 16:37:35.526 9 INFO neutron.db.ovn_revision_numbers_db [None req-8d6a08dc-9123-482f-8901-5ae1a77ccf2d 3361d45712b543d8992898e7538aac52 1e75ec7dc14741e0b42fe906eed27442 - - default default] Successfully bumped revision number for resource 73317d1c-8961-43fb-a272-66339dafd1f8 (type: security_group_rules) to 0
2026-07-02 16:37:35.549 9 INFO neutron.db.ovn_revision_numbers_db [None req-8d6a08dc-9123-482f-8901-5ae1a77ccf2d 3361d45712b543d8992898e7538aac52 1e75ec7dc14741e0b42fe906eed27442 - - default default] Successfully bumped revision number for resource f13f5aa2-0bfd-4819-ac91-ee9b5614bf72 (type: security_group_rules) to 0
2026-07-02 16:37:35.616 9 INFO neutron.wsgi [None req-51f26961-6040-41bd-aa37-e29a465dcf8c b3def3b72d504929965af9ea78d76f8b ba944fc57e9a460cb52818e01ac1a621 - - default default] 10.0.0.230 "DELETE /v2.0/networks/7d631006-8c44-4e80-be72-0db6ad75078a HTTP/1.1" status: 204 len: 168 time: 0.4264240
2026-07-02 16:37:35.638 9 INFO neutron.db.segments_db [None req-8d6a08dc-9123-482f-8901-5ae1a77ccf2d 3361d45712b543d8992898e7538aac52 1e75ec7dc14741e0b42fe906eed27442 - - default default] Added segment 368c8742-64bd-4f86-8a60-5006a97c697e of type geneve for network 4d2928e4-1658-46df-ac47-54fa5c3a6066
2026-07-02 16:37:35.783 9 INFO neutron.db.ovn_revision_numbers_db [None req-8d6a08dc-9123-482f-8901-5ae1a77ccf2d 3361d45712b543d8992898e7538aac52 1e75ec7dc14741e0b42fe906eed27442 - - default default] Successfully bumped revision number for resource 4d2928e4-1658-46df-ac47-54fa5c3a6066 (type: networks) to 1
2026-07-02 16:37:35.990 9 WARNING neutron.scheduler.dhcp_agent_scheduler [None req-8d6a08dc-9123-482f-8901-5ae1a77ccf2d 3361d45712b543d8992898e7538aac52 1e75ec7dc14741e0b42fe906eed27442 - - default default] No more DHCP agents
2026-07-02 16:37:35.990 10 INFO neutron.services.segments.plugin [-] Segment a474d34a-8699-49ef-8caf-45174e527f8c resource provider aggregate not found
2026-07-02 16:37:35.992 9 WARNING neutron.api.rpc.agentnotifiers.dhcp_rpc_agent_api [None req-8d6a08dc-9123-482f-8901-5ae1a77ccf2d 3361d45712b543d8992898e7538aac52 1e75ec7dc14741e0b42fe906eed27442 - - default default] Unable to schedule network 4d2928e4-1658-46df-ac47-54fa5c3a6066: no agents available; will retry on subsequent port and subnet creation events.
2026-07-02 16:37:35.999 10 INFO neutron.services.segments.plugin [-] Segment a474d34a-8699-49ef-8caf-45174e527f8c resource provider aggregate not found
2026-07-02 16:37:36.007 10 INFO neutron.services.segments.plugin [-] Segment a474d34a-8699-49ef-8caf-45174e527f8c resource provider not found; error: Placement Client Error (4xx): {"errors": [{"status": 404, "title": "Not Found", "detail": "The resource could not be found.\n\n No resource provider with uuid a474d34a-8699-49ef-8caf-45174e527f8c found for delete ", "request_id": "req-d7ea1c2b-fb12-45f4-b53d-44b14620eefa"}]}
2026-07-02 16:37:36.011 10 INFO neutron.services.segments.plugin [-] Segment a474d34a-8699-49ef-8caf-45174e527f8c resource provider not found; error: Placement Client Error (4xx): {"errors": [{"status": 404, "title": "Not Found", "detail": "The resource could not be found.\n\n No resource provider with uuid a474d34a-8699-49ef-8caf-45174e527f8c found for delete ", "request_id": "req-0ac3adc7-f27c-4763-a32b-4403d461c5f5"}]}
2026-07-02 16:37:36.040 10 INFO neutron.services.segments.plugin [-] Segment 1a7877a3-f53a-413e-916b-d1456871cc37 resource provider aggregate not found
2026-07-02 16:37:36.054 10 INFO neutron.services.segments.plugin [-] Segment 1a7877a3-f53a-413e-916b-d1456871cc37 resource provider not found; error: Placement Client Error (4xx): {"errors": [{"status": 404, "title": "Not Found", "detail": "The resource could not be found.\n\n No resource provider with uuid 1a7877a3-f53a-413e-916b-d1456871cc37 found for delete ", "request_id": "req-fd5f461f-3bf6-4957-a2ad-22a4092fb3d9"}]}
2026-07-02 16:37:36.062 10 INFO neutron.services.segments.plugin [-] Segment 1a7877a3-f53a-413e-916b-d1456871cc37 resource provider aggregate not found
2026-07-02 16:37:36.079 10 INFO neutron.services.segments.plugin [-] Segment 1a7877a3-f53a-413e-916b-d1456871cc37 resource provider not found; error: Placement Client Error (4xx): {"errors": [{"status": 404, "title": "Not Found", "detail": "The resource could not be found.\n\n No resource provider with uuid 1a7877a3-f53a-413e-916b-d1456871cc37 found for delete ", "request_id": "req-05604eb3-dbbb-4e9f-bc4c-9205eb2d131d"}]}
2026-07-02 16:37:36.099 9 INFO neutron.db.ovn_revision_numbers_db [None req-8d6a08dc-9123-482f-8901-5ae1a77ccf2d 3361d45712b543d8992898e7538aac52 1e75ec7dc14741e0b42fe906eed27442 - - default default] Successfully bumped revision number for resource 793c9998-866c-4f80-9317-ffe812ef6cb6 (type: ports) to 1
2026-07-02 16:37:36.122 9 INFO neutron.wsgi [None req-8d6a08dc-9123-482f-8901-5ae1a77ccf2d 3361d45712b543d8992898e7538aac52 1e75ec7dc14741e0b42fe906eed27442 - - default default] 10.0.0.230 "POST /v2.0/networks HTTP/1.1" status: 201 len: 838 time: 0.9964936
2026-07-02 16:37:36.639 9 WARNING neutron.scheduler.dhcp_agent_scheduler [None req-60fd31bd-b167-4de6-abeb-c33d5246e94f 3361d45712b543d8992898e7538aac52 1e75ec7dc14741e0b42fe906eed27442 - - default default] No more DHCP agents
2026-07-02 16:37:36.642 9 WARNING neutron.api.rpc.agentnotifiers.dhcp_rpc_agent_api [None req-60fd31bd-b167-4de6-abeb-c33d5246e94f 3361d45712b543d8992898e7538aac52 1e75ec7dc14741e0b42fe906eed27442 - - default default] Unable to schedule network 4d2928e4-1658-46df-ac47-54fa5c3a6066: no agents available; will retry on subsequent port and subnet creation events.
2026-07-02 16:37:36.762 9 INFO neutron.services.segments.plugin [-] Segment 7192bd75-8a1f-42b2-bfef-5990ff48bbac resource provider aggregate not found
2026-07-02 16:37:36.779 10 INFO neutron.db.ovn_revision_numbers_db [None req-fffae069-c98a-47de-9f5f-c62264f0664a bd546687ec2b430fbb5f47b38dd6b481 69a0e91688254a8eb728dd4e1458b4fa - - default default] Successfully bumped revision number for resource b3d403dc-d41d-4a51-ac1a-29f0b9fd2bc2 (type: security_groups) to 1
2026-07-02 16:37:36.780 9 INFO neutron.services.segments.plugin [-] Segment 7192bd75-8a1f-42b2-bfef-5990ff48bbac resource provider aggregate not found
2026-07-02 16:37:36.786 9 INFO neutron.services.segments.plugin [-] Segment 7192bd75-8a1f-42b2-bfef-5990ff48bbac resource provider not found; error: Placement Client Error (4xx): {"errors": [{"status": 404, "title": "Not Found", "detail": "The resource could not be found.\n\n No resource provider with uuid 7192bd75-8a1f-42b2-bfef-5990ff48bbac found for delete ", "request_id": "req-863481ed-49e5-4139-a469-f26304267f77"}]}
2026-07-02 16:37:36.800 9 INFO neutron.services.segments.plugin [-] Segment 7192bd75-8a1f-42b2-bfef-5990ff48bbac resource provider not found; error: Placement Client Error (4xx): {"errors": [{"status": 404, "title": "Not Found", "detail": "The resource could not be found.\n\n No resource provider with uuid 7192bd75-8a1f-42b2-bfef-5990ff48bbac found for delete ", "request_id": "req-f262c154-a599-4942-a126-01e1f5b161c3"}]}
2026-07-02 16:37:36.805 10 INFO neutron.db.ovn_revision_numbers_db [None req-fffae069-c98a-47de-9f5f-c62264f0664a bd546687ec2b430fbb5f47b38dd6b481 69a0e91688254a8eb728dd4e1458b4fa - - default default] Successfully bumped revision number for resource 42641353-0bff-4499-aca8-e4a7b28f1114 (type: security_group_rules) to 0
2026-07-02 16:37:36.822 10 INFO neutron.db.ovn_revision_numbers_db [None req-fffae069-c98a-47de-9f5f-c62264f0664a bd546687ec2b430fbb5f47b38dd6b481 69a0e91688254a8eb728dd4e1458b4fa - - default default] Successfully bumped revision number for resource 723e8ec7-9640-4345-919e-667448e544c1 (type: security_group_rules) to 0
2026-07-02 16:37:36.838 10 INFO neutron.db.ovn_revision_numbers_db [None req-fffae069-c98a-47de-9f5f-c62264f0664a bd546687ec2b430fbb5f47b38dd6b481 69a0e91688254a8eb728dd4e1458b4fa - - default default] Successfully bumped revision number for resource c7c4048a-9dc0-4e9a-aca1-deeec24589bb (type: security_group_rules) to 0
2026-07-02 16:37:36.856 10 INFO neutron.db.ovn_revision_numbers_db [None req-fffae069-c98a-47de-9f5f-c62264f0664a bd546687ec2b430fbb5f47b38dd6b481 69a0e91688254a8eb728dd4e1458b4fa - - default default] Successfully bumped revision number for resource c9dafabb-2248-45a2-88f0-6ad97c7e0446 (type: security_group_rules) to 0
2026-07-02 16:37:36.883 10 INFO neutron.wsgi [None req-fffae069-c98a-47de-9f5f-c62264f0664a bd546687ec2b430fbb5f47b38dd6b481 69a0e91688254a8eb728dd4e1458b4fa - - default default] 10.0.0.230 "GET /v2.0/security-groups?tenant_id=a2569a365d6f40bcabb3c7e40ff94938&name=default HTTP/1.1" status: 200 len: 3000 time: 0.3983178
2026-07-02 16:37:37.074 10 INFO neutron.wsgi [None req-2b1dda1d-e153-4814-8080-6d47209cd926 bd546687ec2b430fbb5f47b38dd6b481 69a0e91688254a8eb728dd4e1458b4fa - - default default] 10.0.0.230 "DELETE /v2.0/security-groups/b3d403dc-d41d-4a51-ac1a-29f0b9fd2bc2 HTTP/1.1" status: 204 len: 168 time: 0.1841309
2026-07-02 16:37:37.170 9 INFO neutron.db.ovn_revision_numbers_db [None req-60fd31bd-b167-4de6-abeb-c33d5246e94f 3361d45712b543d8992898e7538aac52 1e75ec7dc14741e0b42fe906eed27442 - - default default] Successfully bumped revision number for resource 793c9998-866c-4f80-9317-ffe812ef6cb6 (type: ports) to 2
2026-07-02 16:37:37.213 9 INFO neutron.wsgi [None req-88e45f90-bdef-4104-9237-48c395600251 bd546687ec2b430fbb5f47b38dd6b481 69a0e91688254a8eb728dd4e1458b4fa - - default default] 10.0.0.230 "GET /v2.0/security-groups?tenant_id=ba944fc57e9a460cb52818e01ac1a621&name=default HTTP/1.1" status: 200 len: 3000 time: 0.0409889
2026-07-02 16:37:37.217 9 INFO neutron.db.ovn_revision_numbers_db [None req-60fd31bd-b167-4de6-abeb-c33d5246e94f 3361d45712b543d8992898e7538aac52 1e75ec7dc14741e0b42fe906eed27442 - - default default] Successfully bumped revision number for resource f2cb3f34-a474-4158-b156-2c2d21ff485d (type: subnets) to 0
2026-07-02 16:37:37.231 9 INFO neutron.wsgi [None req-60fd31bd-b167-4de6-abeb-c33d5246e94f 3361d45712b543d8992898e7538aac52 1e75ec7dc14741e0b42fe906eed27442 - - default default] 10.0.0.230 "POST /v2.0/subnets HTTP/1.1" status: 201 len: 833 time: 1.1028776
2026-07-02 16:37:37.388 10 INFO neutron.wsgi [None req-d6d106b8-bb3c-4cac-a55f-8d876c9bbb7a b13cdf3ad4044c808c5b3caa411b28b4 bb0a6d1a886640568dbd285aacc05511 - - default default] 10.0.0.230 "GET /v2.0/subnetpools?name=shared-default-subnetpool-v6 HTTP/1.1" status: 200 len: 212 time: 0.1520424
2026-07-02 16:37:37.450 10 INFO neutron.wsgi [None req-c4e3e70f-905c-4731-94fe-8941b42c2c3c bd546687ec2b430fbb5f47b38dd6b481 69a0e91688254a8eb728dd4e1458b4fa - - default default] 10.0.0.230 "DELETE /v2.0/security-groups/9ee7715d-5845-4dc2-b68c-ffb77be70750 HTTP/1.1" status: 204 len: 168 time: 0.2311544
2026-07-02 16:37:37.700 9 INFO neutron.db.ovn_revision_numbers_db [None req-97134e51-8162-4204-a651-e5fb2ee1862f bd546687ec2b430fbb5f47b38dd6b481 69a0e91688254a8eb728dd4e1458b4fa - - default default] Successfully bumped revision number for resource 5e00bf33-e6d9-48cf-a94c-c7f90b30ea97 (type: security_groups) to 1
2026-07-02 16:37:37.714 9 INFO neutron.db.ovn_revision_numbers_db [None req-97134e51-8162-4204-a651-e5fb2ee1862f bd546687ec2b430fbb5f47b38dd6b481 69a0e91688254a8eb728dd4e1458b4fa - - default default] Successfully bumped revision number for resource 1e137b37-1f28-40fc-a505-2a5c03e949b1 (type: security_group_rules) to 0
2026-07-02 16:37:37.728 9 INFO neutron.db.ovn_revision_numbers_db [None req-97134e51-8162-4204-a651-e5fb2ee1862f bd546687ec2b430fbb5f47b38dd6b481 69a0e91688254a8eb728dd4e1458b4fa - - default default] Successfully bumped revision number for resource 356548dd-8627-41f7-b7ff-68178c4ca611 (type: security_group_rules) to 0
2026-07-02 16:37:37.742 9 INFO neutron.db.ovn_revision_numbers_db [None req-97134e51-8162-4204-a651-e5fb2ee1862f bd546687ec2b430fbb5f47b38dd6b481 69a0e91688254a8eb728dd4e1458b4fa - - default default] Successfully bumped revision number for resource 83381061-aae7-4a21-bfcd-1b0684148511 (type: security_group_rules) to 0
2026-07-02 16:37:37.758 9 INFO neutron.db.ovn_revision_numbers_db [None req-97134e51-8162-4204-a651-e5fb2ee1862f bd546687ec2b430fbb5f47b38dd6b481 69a0e91688254a8eb728dd4e1458b4fa - - default default] Successfully bumped revision number for resource b38864cc-d364-41e1-875a-d859bda8c4b7 (type: security_group_rules) to 0
2026-07-02 16:37:37.788 9 INFO neutron.wsgi [None req-97134e51-8162-4204-a651-e5fb2ee1862f bd546687ec2b430fbb5f47b38dd6b481 69a0e91688254a8eb728dd4e1458b4fa - - default default] 10.0.0.230 "GET /v2.0/security-groups?tenant_id=3b5d2c029cc14261af149c8404eaaf35&name=default HTTP/1.1" status: 200 len: 3000 time: 0.1924522
2026-07-02 16:37:37.962 10 WARNING neutron.scheduler.dhcp_agent_scheduler [None req-ae8ac75b-2fcc-4e12-a2a7-aeefd8f884bd 3361d45712b543d8992898e7538aac52 1e75ec7dc14741e0b42fe906eed27442 - - default default] No more DHCP agents
2026-07-02 16:37:37.966 10 WARNING neutron.api.rpc.agentnotifiers.dhcp_rpc_agent_api [None req-ae8ac75b-2fcc-4e12-a2a7-aeefd8f884bd 3361d45712b543d8992898e7538aac52 1e75ec7dc14741e0b42fe906eed27442 - - default default] Unable to schedule network 4d2928e4-1658-46df-ac47-54fa5c3a6066: no agents available; will retry on subsequent port and subnet creation events.
2026-07-02 16:37:37.996 10 INFO neutron.db.ovn_revision_numbers_db [None req-ae8ac75b-2fcc-4e12-a2a7-aeefd8f884bd 3361d45712b543d8992898e7538aac52 1e75ec7dc14741e0b42fe906eed27442 - - default default] Successfully bumped revision number for resource 875d6bc9-d102-4aad-a795-ce02a7342159 (type: subnets) to 0
2026-07-02 16:37:37.997 9 INFO neutron.wsgi [None req-c7c1a936-4e14-4fb8-97b0-41b55da5a416 bd546687ec2b430fbb5f47b38dd6b481 69a0e91688254a8eb728dd4e1458b4fa - - default default] 10.0.0.230 "DELETE /v2.0/security-groups/5e00bf33-e6d9-48cf-a94c-c7f90b30ea97 HTTP/1.1" status: 204 len: 168 time: 0.2047460
2026-07-02 16:37:38.013 10 INFO neutron.wsgi [None req-ae8ac75b-2fcc-4e12-a2a7-aeefd8f884bd 3361d45712b543d8992898e7538aac52 1e75ec7dc14741e0b42fe906eed27442 - - default default] 10.0.0.230 "POST /v2.0/subnets HTTP/1.1" status: 201 len: 907 time: 0.6193099
2026-07-02 16:37:38.102 9 INFO neutron.db.segments_db [None req-23fc4376-775b-4d35-b29e-ec5b1cd5bacd 3361d45712b543d8992898e7538aac52 1e75ec7dc14741e0b42fe906eed27442 - - default default] Added segment 4a7d97d0-e225-4cd9-ba8c-16584b427679 of type geneve for network 9477c80f-5ebb-4e29-843f-e85b47a89a80
2026-07-02 16:37:38.245 9 INFO neutron.db.ovn_revision_numbers_db [None req-23fc4376-775b-4d35-b29e-ec5b1cd5bacd 3361d45712b543d8992898e7538aac52 1e75ec7dc14741e0b42fe906eed27442 - - default default] Successfully bumped revision number for resource 9477c80f-5ebb-4e29-843f-e85b47a89a80 (type: networks) to 1
2026-07-02 16:37:38.446 9 WARNING neutron.scheduler.dhcp_agent_scheduler [None req-23fc4376-775b-4d35-b29e-ec5b1cd5bacd 3361d45712b543d8992898e7538aac52 1e75ec7dc14741e0b42fe906eed27442 - - default default] No more DHCP agents
2026-07-02 16:37:38.449 9 WARNING neutron.api.rpc.agentnotifiers.dhcp_rpc_agent_api [None req-23fc4376-775b-4d35-b29e-ec5b1cd5bacd 3361d45712b543d8992898e7538aac52 1e75ec7dc14741e0b42fe906eed27442 - - default default] Unable to schedule network 9477c80f-5ebb-4e29-843f-e85b47a89a80: no agents available; will retry on subsequent port and subnet creation events.
2026-07-02 16:37:38.526 9 INFO neutron.db.ovn_revision_numbers_db [None req-23fc4376-775b-4d35-b29e-ec5b1cd5bacd 3361d45712b543d8992898e7538aac52 1e75ec7dc14741e0b42fe906eed27442 - - default default] Successfully bumped revision number for resource d6f2db50-d651-4bdb-831f-d42108435fef (type: ports) to 1
2026-07-02 16:37:38.547 9 INFO neutron.wsgi [None req-23fc4376-775b-4d35-b29e-ec5b1cd5bacd 3361d45712b543d8992898e7538aac52 1e75ec7dc14741e0b42fe906eed27442 - - default default] 10.0.0.230 "POST /v2.0/networks HTTP/1.1" status: 201 len: 837 time: 0.5282335
2026-07-02 16:37:38.777 9 WARNING neutron.scheduler.dhcp_agent_scheduler [None req-a97aa054-77c1-4a15-ab48-fa67bd8e758e 3361d45712b543d8992898e7538aac52 1e75ec7dc14741e0b42fe906eed27442 - - default default] No more DHCP agents
2026-07-02 16:37:38.778 9 WARNING neutron.api.rpc.agentnotifiers.dhcp_rpc_agent_api [None req-a97aa054-77c1-4a15-ab48-fa67bd8e758e 3361d45712b543d8992898e7538aac52 1e75ec7dc14741e0b42fe906eed27442 - - default default] Unable to schedule network 9477c80f-5ebb-4e29-843f-e85b47a89a80: no agents available; will retry on subsequent port and subnet creation events.
2026-07-02 16:37:39.270 9 INFO neutron.db.ovn_revision_numbers_db [None req-a97aa054-77c1-4a15-ab48-fa67bd8e758e 3361d45712b543d8992898e7538aac52 1e75ec7dc14741e0b42fe906eed27442 - - default default] Successfully bumped revision number for resource d6f2db50-d651-4bdb-831f-d42108435fef (type: ports) to 2
2026-07-02 16:37:39.302 9 INFO neutron.db.ovn_revision_numbers_db [None req-a97aa054-77c1-4a15-ab48-fa67bd8e758e 3361d45712b543d8992898e7538aac52 1e75ec7dc14741e0b42fe906eed27442 - - default default] Successfully bumped revision number for resource ba6913d7-e729-410c-a95a-bb5e1b6d2c74 (type: subnets) to 0
2026-07-02 16:37:39.318 9 INFO neutron.wsgi [None req-a97aa054-77c1-4a15-ab48-fa67bd8e758e 3361d45712b543d8992898e7538aac52 1e75ec7dc14741e0b42fe906eed27442 - - default default] 10.0.0.230 "POST /v2.0/subnets HTTP/1.1" status: 201 len: 831 time: 0.7662671
2026-07-02 16:37:39.644 10 WARNING neutron.scheduler.dhcp_agent_scheduler [None req-f4528342-bcaf-45fa-a163-bd131abb14d2 3361d45712b543d8992898e7538aac52 1e75ec7dc14741e0b42fe906eed27442 - - default default] No more DHCP agents
2026-07-02 16:37:39.647 10 WARNING neutron.api.rpc.agentnotifiers.dhcp_rpc_agent_api [None req-f4528342-bcaf-45fa-a163-bd131abb14d2 3361d45712b543d8992898e7538aac52 1e75ec7dc14741e0b42fe906eed27442 - - default default] Unable to schedule network 9477c80f-5ebb-4e29-843f-e85b47a89a80: no agents available; will retry on subsequent port and subnet creation events.
2026-07-02 16:37:39.680 10 INFO neutron.db.ovn_revision_numbers_db [None req-f4528342-bcaf-45fa-a163-bd131abb14d2 3361d45712b543d8992898e7538aac52 1e75ec7dc14741e0b42fe906eed27442 - - default default] Successfully bumped revision number for resource 4498821c-86c0-47b5-bc53-0f0415d08f1e (type: subnets) to 0
2026-07-02 16:37:39.713 10 INFO neutron.wsgi [None req-f4528342-bcaf-45fa-a163-bd131abb14d2 3361d45712b543d8992898e7538aac52 1e75ec7dc14741e0b42fe906eed27442 - - default default] 10.0.0.230 "POST /v2.0/subnets HTTP/1.1" status: 201 len: 900 time: 0.3887424
2026-07-02 16:37:39.822 10 INFO neutron.db.segments_db [None req-d8de45cd-54a1-4b66-a8a1-ef9e22347bf1 3361d45712b543d8992898e7538aac52 1e75ec7dc14741e0b42fe906eed27442 - - default default] Added segment 4a325810-6d0d-4c85-9dc6-07c60cbeea28 of type geneve for network 2b548ed5-6bea-4baf-9584-813233ba4d64
2026-07-02 16:37:39.980 10 INFO neutron.db.ovn_revision_numbers_db [None req-d8de45cd-54a1-4b66-a8a1-ef9e22347bf1 3361d45712b543d8992898e7538aac52 1e75ec7dc14741e0b42fe906eed27442 - - default default] Successfully bumped revision number for resource 2b548ed5-6bea-4baf-9584-813233ba4d64 (type: networks) to 1
2026-07-02 16:37:40.157 10 WARNING neutron.scheduler.dhcp_agent_scheduler [None req-d8de45cd-54a1-4b66-a8a1-ef9e22347bf1 3361d45712b543d8992898e7538aac52 1e75ec7dc14741e0b42fe906eed27442 - - default default] No more DHCP agents
2026-07-02 16:37:40.160 10 WARNING neutron.api.rpc.agentnotifiers.dhcp_rpc_agent_api [None req-d8de45cd-54a1-4b66-a8a1-ef9e22347bf1 3361d45712b543d8992898e7538aac52 1e75ec7dc14741e0b42fe906eed27442 - - default default] Unable to schedule network 2b548ed5-6bea-4baf-9584-813233ba4d64: no agents available; will retry on subsequent port and subnet creation events.
2026-07-02 16:37:40.247 10 INFO neutron.db.ovn_revision_numbers_db [None req-d8de45cd-54a1-4b66-a8a1-ef9e22347bf1 3361d45712b543d8992898e7538aac52 1e75ec7dc14741e0b42fe906eed27442 - - default default] Successfully bumped revision number for resource 831295da-6db1-4718-911d-523d018142ce (type: ports) to 1
2026-07-02 16:37:40.268 10 INFO neutron.wsgi [None req-d8de45cd-54a1-4b66-a8a1-ef9e22347bf1 3361d45712b543d8992898e7538aac52 1e75ec7dc14741e0b42fe906eed27442 - - default default] 10.0.0.230 "POST /v2.0/networks HTTP/1.1" status: 201 len: 836 time: 0.5515981
2026-07-02 16:37:40.549 10 WARNING neutron.scheduler.dhcp_agent_scheduler [None req-48bc5e26-ac4a-45a9-acfe-2f9c4f21c5dc 3361d45712b543d8992898e7538aac52 1e75ec7dc14741e0b42fe906eed27442 - - default default] No more DHCP agents
2026-07-02 16:37:40.551 10 WARNING neutron.api.rpc.agentnotifiers.dhcp_rpc_agent_api [None req-48bc5e26-ac4a-45a9-acfe-2f9c4f21c5dc 3361d45712b543d8992898e7538aac52 1e75ec7dc14741e0b42fe906eed27442 - - default default] Unable to schedule network 2b548ed5-6bea-4baf-9584-813233ba4d64: no agents available; will retry on subsequent port and subnet creation events.
2026-07-02 16:37:41.061 10 INFO neutron.db.ovn_revision_numbers_db [None req-48bc5e26-ac4a-45a9-acfe-2f9c4f21c5dc 3361d45712b543d8992898e7538aac52 1e75ec7dc14741e0b42fe906eed27442 - - default default] Successfully bumped revision number for resource 831295da-6db1-4718-911d-523d018142ce (type: ports) to 2
2026-07-02 16:37:41.096 10 INFO neutron.db.ovn_revision_numbers_db [None req-48bc5e26-ac4a-45a9-acfe-2f9c4f21c5dc 3361d45712b543d8992898e7538aac52 1e75ec7dc14741e0b42fe906eed27442 - - default default] Successfully bumped revision number for resource 281de886-7846-4432-9391-8db5769aea4a (type: subnets) to 0
2026-07-02 16:37:41.113 10 INFO neutron.wsgi [None req-48bc5e26-ac4a-45a9-acfe-2f9c4f21c5dc 3361d45712b543d8992898e7538aac52 1e75ec7dc14741e0b42fe906eed27442 - - default default] 10.0.0.230 "POST /v2.0/subnets HTTP/1.1" status: 201 len: 831 time: 0.8392358
2026-07-02 16:37:41.385 10 WARNING neutron.scheduler.dhcp_agent_scheduler [None req-9b6059fc-1a4d-4e98-859d-bf9621bb2bcd 3361d45712b543d8992898e7538aac52 1e75ec7dc14741e0b42fe906eed27442 - - default default] No more DHCP agents
2026-07-02 16:37:41.387 10 WARNING neutron.api.rpc.agentnotifiers.dhcp_rpc_agent_api [None req-9b6059fc-1a4d-4e98-859d-bf9621bb2bcd 3361d45712b543d8992898e7538aac52 1e75ec7dc14741e0b42fe906eed27442 - - default default] Unable to schedule network 2b548ed5-6bea-4baf-9584-813233ba4d64: no agents available; will retry on subsequent port and subnet creation events.
2026-07-02 16:37:41.434 10 INFO neutron.db.ovn_revision_numbers_db [None req-9b6059fc-1a4d-4e98-859d-bf9621bb2bcd 3361d45712b543d8992898e7538aac52 1e75ec7dc14741e0b42fe906eed27442 - - default default] Successfully bumped revision number for resource e8405cca-502f-4fde-85b8-00984b6ffba8 (type: subnets) to 0
2026-07-02 16:37:41.438 9 INFO neutron.db.ovn_revision_numbers_db [None req-de5991ca-a345-4f80-9cd0-b82b88278c19 28861349cec14fcc8f3010ce661598ac 5eaf9097261b4921aeb530065fe9ff37 - - default default] Successfully bumped revision number for resource a3406904-61a3-466b-b42c-3aa53196a043 (type: security_groups) to 1
2026-07-02 16:37:41.449 10 INFO neutron.wsgi [None req-9b6059fc-1a4d-4e98-859d-bf9621bb2bcd 3361d45712b543d8992898e7538aac52 1e75ec7dc14741e0b42fe906eed27442 - - default default] 10.0.0.230 "POST /v2.0/subnets HTTP/1.1" status: 201 len: 905 time: 0.3311608
2026-07-02 16:37:41.453 9 INFO neutron.db.ovn_revision_numbers_db [None req-de5991ca-a345-4f80-9cd0-b82b88278c19 28861349cec14fcc8f3010ce661598ac 5eaf9097261b4921aeb530065fe9ff37 - - default default] Successfully bumped revision number for resource 69b54504-6c11-477e-b571-017af739dbda (type: security_group_rules) to 0
2026-07-02 16:37:41.467 9 INFO neutron.db.ovn_revision_numbers_db [None req-de5991ca-a345-4f80-9cd0-b82b88278c19 28861349cec14fcc8f3010ce661598ac 5eaf9097261b4921aeb530065fe9ff37 - - default default] Successfully bumped revision number for resource 9775184f-6ee4-40fd-996e-3e9525790223 (type: security_group_rules) to 0
2026-07-02 16:37:41.481 9 INFO neutron.db.ovn_revision_numbers_db [None req-de5991ca-a345-4f80-9cd0-b82b88278c19 28861349cec14fcc8f3010ce661598ac 5eaf9097261b4921aeb530065fe9ff37 - - default default] Successfully bumped revision number for resource b67c015b-794f-4d4b-82bd-f97cdb1c2bdf (type: security_group_rules) to 0
2026-07-02 16:37:41.493 9 INFO neutron.db.ovn_revision_numbers_db [None req-de5991ca-a345-4f80-9cd0-b82b88278c19 28861349cec14fcc8f3010ce661598ac 5eaf9097261b4921aeb530065fe9ff37 - - default default] Successfully bumped revision number for resource f2f0982f-098f-4048-954a-fac0d7a250be (type: security_group_rules) to 0
2026-07-02 16:37:41.543 9 INFO neutron.db.segments_db [None req-de5991ca-a345-4f80-9cd0-b82b88278c19 28861349cec14fcc8f3010ce661598ac 5eaf9097261b4921aeb530065fe9ff37 - - default default] Added segment ba1c3b36-b6fb-4f53-8ef0-accbf9a43f76 of type geneve for network eadbd8ab-1c48-427d-82f3-58d94f4b04d9
2026-07-02 16:37:41.682 9 INFO neutron.db.ovn_revision_numbers_db [None req-de5991ca-a345-4f80-9cd0-b82b88278c19 28861349cec14fcc8f3010ce661598ac 5eaf9097261b4921aeb530065fe9ff37 - - default default] Successfully bumped revision number for resource eadbd8ab-1c48-427d-82f3-58d94f4b04d9 (type: networks) to 1
2026-07-02 16:37:41.878 9 WARNING neutron.scheduler.dhcp_agent_scheduler [None req-de5991ca-a345-4f80-9cd0-b82b88278c19 28861349cec14fcc8f3010ce661598ac 5eaf9097261b4921aeb530065fe9ff37 - - default default] No more DHCP agents
2026-07-02 16:37:41.881 9 WARNING neutron.api.rpc.agentnotifiers.dhcp_rpc_agent_api [None req-de5991ca-a345-4f80-9cd0-b82b88278c19 28861349cec14fcc8f3010ce661598ac 5eaf9097261b4921aeb530065fe9ff37 - - default default] Unable to schedule network eadbd8ab-1c48-427d-82f3-58d94f4b04d9: no agents available; will retry on subsequent port and subnet creation events.
2026-07-02 16:37:41.951 9 INFO neutron.db.ovn_revision_numbers_db [None req-de5991ca-a345-4f80-9cd0-b82b88278c19 28861349cec14fcc8f3010ce661598ac 5eaf9097261b4921aeb530065fe9ff37 - - default default] Successfully bumped revision number for resource 2882d3c0-31a8-40b3-be95-f7fc672b19cb (type: ports) to 1
2026-07-02 16:37:41.971 9 INFO neutron.wsgi [None req-de5991ca-a345-4f80-9cd0-b82b88278c19 28861349cec14fcc8f3010ce661598ac 5eaf9097261b4921aeb530065fe9ff37 - - default default] 10.0.0.230 "POST /v2.0/networks HTTP/1.1" status: 201 len: 831 time: 0.8292940
2026-07-02 16:37:41.978 10 WARNING neutron.scheduler.dhcp_agent_scheduler [None req-fdd82e51-2c71-4f38-b2a1-26a37bb6a82f 3361d45712b543d8992898e7538aac52 1e75ec7dc14741e0b42fe906eed27442 - - default default] No more DHCP agents
2026-07-02 16:37:41.981 10 WARNING neutron.api.rpc.agentnotifiers.dhcp_rpc_agent_api [None req-fdd82e51-2c71-4f38-b2a1-26a37bb6a82f 3361d45712b543d8992898e7538aac52 1e75ec7dc14741e0b42fe906eed27442 - - default default] Unable to schedule network ef4ba723-fdef-4075-b61d-e158a362d13f: no agents available; will retry on subsequent port and subnet creation events.
2026-07-02 16:37:42.139 10 INFO neutron.db.ovn_revision_numbers_db [None req-fdd82e51-2c71-4f38-b2a1-26a37bb6a82f 3361d45712b543d8992898e7538aac52 1e75ec7dc14741e0b42fe906eed27442 - - default default] Successfully bumped revision number for resource 1c02a6d4-f563-47b9-8c80-f12062e030a8 (type: ports) to 1
2026-07-02 16:37:42.202 9 WARNING neutron.scheduler.dhcp_agent_scheduler [None req-85e38047-af39-4be8-aa5b-ad453a942040 28861349cec14fcc8f3010ce661598ac 5eaf9097261b4921aeb530065fe9ff37 - - default default] No more DHCP agents
2026-07-02 16:37:42.205 9 WARNING neutron.api.rpc.agentnotifiers.dhcp_rpc_agent_api [None req-85e38047-af39-4be8-aa5b-ad453a942040 28861349cec14fcc8f3010ce661598ac 5eaf9097261b4921aeb530065fe9ff37 - - default default] Unable to schedule network eadbd8ab-1c48-427d-82f3-58d94f4b04d9: no agents available; will retry on subsequent port and subnet creation events.
2026-07-02 16:37:42.290 9 INFO neutron.db.ovn_revision_numbers_db [None req-85e38047-af39-4be8-aa5b-ad453a942040 28861349cec14fcc8f3010ce661598ac 5eaf9097261b4921aeb530065fe9ff37 - - default default] Successfully bumped revision number for resource c4677ad9-2c04-40d1-afbc-f72ed70dbc3e (type: ports) to 1
2026-07-02 16:37:42.311 9 INFO neutron.wsgi [None req-85e38047-af39-4be8-aa5b-ad453a942040 28861349cec14fcc8f3010ce661598ac 5eaf9097261b4921aeb530065fe9ff37 - - default default] 10.0.0.230 "POST /v2.0/ports HTTP/1.1" status: 201 len: 942 time: 0.3352599 /var/lib/openstack/lib/python3.10/site-packages/pycadf/identifier.py:71: UserWarning: Invalid uuid: neutron. To ensure interoperability, identifiers should be a valid uuid. warnings.warn(('Invalid uuid: %s. To ensure interoperability, '
2026-07-02 16:37:42.354 9 INFO neutron.wsgi [None req-567f901a-a87d-40a0-94de-e38f389efd09 28861349cec14fcc8f3010ce661598ac 5eaf9097261b4921aeb530065fe9ff37 - - default default] 10.0.0.230 "PUT /v2.0/ports/c4677ad9-2c04-40d1-afbc-f72ed70dbc3e/tags HTTP/1.1" status: 200 len: 218 time: 0.0355318
2026-07-02 16:37:42.390 9 INFO neutron.wsgi [None req-3f6f6efd-abb9-4d9c-806a-b5e85d60a3b9 28861349cec14fcc8f3010ce661598ac 5eaf9097261b4921aeb530065fe9ff37 - - default default] 10.0.0.230 "GET /v2.0/ports/c4677ad9-2c04-40d1-afbc-f72ed70dbc3e/tags HTTP/1.1" status: 200 len: 218 time: 0.0302541
2026-07-02 16:37:42.435 9 INFO neutron.wsgi [None req-0b917088-28dc-4085-8fbd-f782091395b8 28861349cec14fcc8f3010ce661598ac 5eaf9097261b4921aeb530065fe9ff37 - - default default] 10.0.0.230 "PUT /v2.0/ports/c4677ad9-2c04-40d1-afbc-f72ed70dbc3e/tags/green HTTP/1.1" status: 201 len: 201 time: 0.0393739
2026-07-02 16:37:42.478 9 INFO neutron.wsgi [None req-76719124-1c00-44e1-a7be-687f7dd93ac5 28861349cec14fcc8f3010ce661598ac 5eaf9097261b4921aeb530065fe9ff37 - - default default] 10.0.0.230 "GET /v2.0/ports/c4677ad9-2c04-40d1-afbc-f72ed70dbc3e/tags HTTP/1.1" status: 200 len: 227 time: 0.0364361
2026-07-02 16:37:42.520 10 INFO neutron.wsgi [None req-485ee766-450b-41bd-baf1-c8a0a7fd191c 28861349cec14fcc8f3010ce661598ac 5eaf9097261b4921aeb530065fe9ff37 - - default default] 10.0.0.230 "PUT /v2.0/ports/c4677ad9-2c04-40d1-afbc-f72ed70dbc3e/tags/red HTTP/1.1" status: 201 len: 201 time: 0.0371222
2026-07-02 16:37:42.559 10 INFO neutron.wsgi [None req-097e111d-c90f-442b-9306-3a2d9543bfc7 28861349cec14fcc8f3010ce661598ac 5eaf9097261b4921aeb530065fe9ff37 - - default default] 10.0.0.230 "GET /v2.0/ports/c4677ad9-2c04-40d1-afbc-f72ed70dbc3e/tags HTTP/1.1" status: 200 len: 227 time: 0.0332968
2026-07-02 16:37:42.627 10 INFO neutron.wsgi [None req-1e7f0b05-266e-4966-a2c1-cd9be35883a2 28861349cec14fcc8f3010ce661598ac 5eaf9097261b4921aeb530065fe9ff37 - - default default] 10.0.0.230 "PUT /v2.0/ports/c4677ad9-2c04-40d1-afbc-f72ed70dbc3e/tags/black.or.white HTTP/1.1" status: 201 len: 201 time: 0.0629487
2026-07-02 16:37:42.669 10 INFO neutron.wsgi [None req-7f5d8029-c8fe-4d9c-9789-eff83e55d566 28861349cec14fcc8f3010ce661598ac 5eaf9097261b4921aeb530065fe9ff37 - - default default] 10.0.0.230 "GET /v2.0/ports/c4677ad9-2c04-40d1-afbc-f72ed70dbc3e/tags HTTP/1.1" status: 200 len: 245 time: 0.0378842
2026-07-02 16:37:42.722 9 INFO neutron.wsgi [None req-c780aa37-3c41-4ad2-8efb-d831a274b63c 28861349cec14fcc8f3010ce661598ac 5eaf9097261b4921aeb530065fe9ff37 - - default default] 10.0.0.230 "PUT /v2.0/ports/c4677ad9-2c04-40d1-afbc-f72ed70dbc3e/tags HTTP/1.1" status: 200 len: 230 time: 0.0466106
2026-07-02 16:37:42.775 9 INFO neutron.wsgi [None req-2f1439ce-5ac6-4578-a6f1-8de41857616d 28861349cec14fcc8f3010ce661598ac 5eaf9097261b4921aeb530065fe9ff37 - - default default] 10.0.0.230 "GET /v2.0/ports/c4677ad9-2c04-40d1-afbc-f72ed70dbc3e/tags HTTP/1.1" status: 200 len: 230 time: 0.0474389
2026-07-02 16:37:42.816 9 INFO neutron.wsgi [None req-d8f56a9e-dcb1-42a0-a5ac-af1aeb3ad1ee 28861349cec14fcc8f3010ce661598ac 5eaf9097261b4921aeb530065fe9ff37 - - default default] 10.0.0.230 "GET /v2.0/ports/c4677ad9-2c04-40d1-afbc-f72ed70dbc3e/tags/red HTTP/1.1" status: 204 len: 168 time: 0.0368750
2026-07-02 16:37:42.818 10 INFO neutron.plugins.ml2.drivers.ovn.mech_driver.mech_driver [None req-8618dfe9-8108-45b7-9877-494e4fc732c2 - - - - - -] OVN reports status up for port: 1c02a6d4-f563-47b9-8c80-f12062e030a8
2026-07-02 16:37:42.843 10 INFO neutron.plugins.ml2.plugin [None req-8618dfe9-8108-45b7-9877-494e4fc732c2 - - - - - -] Attempt 1 to provision port 1c02a6d4-f563-47b9-8c80-f12062e030a8
2026-07-02 16:37:42.851 9 INFO neutron.plugins.ml2.drivers.ovn.mech_driver.ovsdb.ovsdb_monitor [None req-3f34bd31-4c61-4026-b958-10e70e5e8805 - - - - - -] Router be37a513-7375-46c1-acd6-df77a6ce88eb is bound to host instance
2026-07-02 16:37:42.888 10 INFO neutron.db.ovn_revision_numbers_db [None req-fdd82e51-2c71-4f38-b2a1-26a37bb6a82f 3361d45712b543d8992898e7538aac52 1e75ec7dc14741e0b42fe906eed27442 - - default default] Successfully bumped revision number for resource 1c02a6d4-f563-47b9-8c80-f12062e030a8 (type: router_ports) to 1
2026-07-02 16:37:42.890 9 INFO neutron.api.v2.resource [None req-537cb5aa-3eae-4782-9258-03995fc40ea3 28861349cec14fcc8f3010ce661598ac 5eaf9097261b4921aeb530065fe9ff37 - - default default] show failed (client error): The resource could not be found.
2026-07-02 16:37:42.892 9 INFO neutron.wsgi [None req-537cb5aa-3eae-4782-9258-03995fc40ea3 28861349cec14fcc8f3010ce661598ac 5eaf9097261b4921aeb530065fe9ff37 - - default default] 10.0.0.230 "GET /v2.0/ports/c4677ad9-2c04-40d1-afbc-f72ed70dbc3e/tags/green HTTP/1.1" status: 404 len: 299 time: 0.0608428
2026-07-02 16:37:42.984 10 INFO neutron.db.ovn_revision_numbers_db [None req-fdd82e51-2c71-4f38-b2a1-26a37bb6a82f 3361d45712b543d8992898e7538aac52 1e75ec7dc14741e0b42fe906eed27442 - - default default] Successfully bumped revision number for resource be37a513-7375-46c1-acd6-df77a6ce88eb (type: routers) to 2
2026-07-02 16:37:43.002 10 INFO neutron.wsgi [None req-fdd82e51-2c71-4f38-b2a1-26a37bb6a82f 3361d45712b543d8992898e7538aac52 1e75ec7dc14741e0b42fe906eed27442 - - default default] 10.0.0.230 "POST /v2.0/routers HTTP/1.1" status: 201 len: 865 time: 1.5471907
2026-07-02 16:37:43.003 9 INFO neutron.wsgi [None req-8f1fd55e-d620-48a0-aef4-edc1c2bface7 28861349cec14fcc8f3010ce661598ac 5eaf9097261b4921aeb530065fe9ff37 - - default default] 10.0.0.230 "DELETE /v2.0/ports/c4677ad9-2c04-40d1-afbc-f72ed70dbc3e/tags/red HTTP/1.1" status: 204 len: 168 time: 0.1015754
2026-07-02 16:37:43.069 10 INFO neutron.wsgi [None req-4cb06722-43de-4496-b2df-c521e803a324 28861349cec14fcc8f3010ce661598ac 5eaf9097261b4921aeb530065fe9ff37 - - default default] 10.0.0.230 "GET /v2.0/ports/c4677ad9-2c04-40d1-afbc-f72ed70dbc3e/tags HTTP/1.1" status: 200 len: 223 time: 0.0599918
2026-07-02 16:37:43.111 9 INFO neutron.api.v2.resource [None req-2bd5bce5-40b0-4023-bc22-dc7e77ae4317 28861349cec14fcc8f3010ce661598ac 5eaf9097261b4921aeb530065fe9ff37 - - default default] delete failed (client error): The resource could not be found.
2026-07-02 16:37:43.112 9 INFO neutron.wsgi [None req-2bd5bce5-40b0-4023-bc22-dc7e77ae4317 28861349cec14fcc8f3010ce661598ac 5eaf9097261b4921aeb530065fe9ff37 - - default default] 10.0.0.230 "DELETE /v2.0/ports/c4677ad9-2c04-40d1-afbc-f72ed70dbc3e/tags/green HTTP/1.1" status: 404 len: 299 time: 0.0369036
2026-07-02 16:37:43.181 9 INFO neutron.wsgi [None req-348e4a57-2b7c-42ac-af7a-75f1d1a86ea1 28861349cec14fcc8f3010ce661598ac 5eaf9097261b4921aeb530065fe9ff37 - - default default] 10.0.0.230 "DELETE /v2.0/ports/c4677ad9-2c04-40d1-afbc-f72ed70dbc3e/tags HTTP/1.1" status: 204 len: 168 time: 0.0632319
2026-07-02 16:37:43.222 9 INFO neutron.wsgi [None req-dbdacb28-21ea-458c-99c8-be4c10645260 28861349cec14fcc8f3010ce661598ac 5eaf9097261b4921aeb530065fe9ff37 - - default default] 10.0.0.230 "GET /v2.0/ports/c4677ad9-2c04-40d1-afbc-f72ed70dbc3e/tags HTTP/1.1" status: 200 len: 205 time: 0.0349171
2026-07-02 16:37:43.519 9 INFO neutron.db.ovn_revision_numbers_db [None req-3f34bd31-4c61-4026-b958-10e70e5e8805 - - - - - -] Successfully bumped revision number for resource 1c02a6d4-f563-47b9-8c80-f12062e030a8 (type: ports) to 1
2026-07-02 16:37:43.665 9 INFO neutron.wsgi [-] 10.0.0.103 "GET / HTTP/1.1" status: 200 len: 247 time: 0.0017436
2026-07-02 16:37:43.667 9 INFO neutron.wsgi [-] 10.0.0.103 "GET / HTTP/1.1" status: 200 len: 247 time: 0.0013096
2026-07-02 16:37:43.789 9 INFO neutron.db.ovn_revision_numbers_db [None req-3f34bd31-4c61-4026-b958-10e70e5e8805 - - - - - -] Successfully bumped revision number for resource 1c02a6d4-f563-47b9-8c80-f12062e030a8 (type: router_ports) to 3
2026-07-02 16:37:43.909 10 INFO neutron.wsgi [None req-194c0853-adcd-4ba4-9e96-d0dd48ee7676 28861349cec14fcc8f3010ce661598ac 5eaf9097261b4921aeb530065fe9ff37 - - default default] 10.0.0.230 "DELETE /v2.0/ports/c4677ad9-2c04-40d1-afbc-f72ed70dbc3e HTTP/1.1" status: 204 len: 168 time: 0.6807837
2026-07-02 16:37:44.007 10 WARNING neutron.scheduler.dhcp_agent_scheduler [None req-6a4de350-b7ce-4477-b307-2606a80bc561 3361d45712b543d8992898e7538aac52 1e75ec7dc14741e0b42fe906eed27442 - - default default] No more DHCP agents
2026-07-02 16:37:44.010 10 WARNING neutron.api.rpc.agentnotifiers.dhcp_rpc_agent_api [None req-6a4de350-b7ce-4477-b307-2606a80bc561 3361d45712b543d8992898e7538aac52 1e75ec7dc14741e0b42fe906eed27442 - - default default] Unable to schedule network 4d2928e4-1658-46df-ac47-54fa5c3a6066: no agents available; will retry on subsequent port and subnet creation events.
2026-07-02 16:37:44.013 9 INFO neutron.db.ovn_revision_numbers_db [None req-3f34bd31-4c61-4026-b958-10e70e5e8805 - - - - - -] Successfully bumped revision number for resource 1c02a6d4-f563-47b9-8c80-f12062e030a8 (type: ports) to 2
2026-07-02 16:37:44.186 10 INFO neutron.db.ovn_revision_numbers_db [None req-6a4de350-b7ce-4477-b307-2606a80bc561 3361d45712b543d8992898e7538aac52 1e75ec7dc14741e0b42fe906eed27442 - - default default] Successfully bumped revision number for resource f3fc6452-73ae-4c26-95eb-f0cecc9deac2 (type: ports) to 1
2026-07-02 16:37:44.373 9 INFO neutron.db.ovn_revision_numbers_db [None req-3f34bd31-4c61-4026-b958-10e70e5e8805 - - - - - -] Successfully bumped revision number for resource 1c02a6d4-f563-47b9-8c80-f12062e030a8 (type: ports) to 4
2026-07-02 16:37:44.387 9 INFO neutron.services.segments.plugin [-] Segment ba1c3b36-b6fb-4f53-8ef0-accbf9a43f76 resource provider aggregate not found
2026-07-02 16:37:44.391 9 INFO neutron.services.segments.plugin [-] Segment ba1c3b36-b6fb-4f53-8ef0-accbf9a43f76 resource provider aggregate not found
2026-07-02 16:37:44.406 9 INFO neutron.services.segments.plugin [-] Segment ba1c3b36-b6fb-4f53-8ef0-accbf9a43f76 resource provider not found; error: Placement Client Error (4xx): {"errors": [{"status": 404, "title": "Not Found", "detail": "The resource could not be found.\n\n No resource provider with uuid ba1c3b36-b6fb-4f53-8ef0-accbf9a43f76 found for delete ", "request_id": "req-72a0b7cc-aaa0-4c95-ac38-b52a4c863735"}]}
2026-07-02 16:37:44.412 9 INFO neutron.services.segments.plugin [-] Segment ba1c3b36-b6fb-4f53-8ef0-accbf9a43f76 resource provider not found; error: Placement Client Error (4xx): {"errors": [{"status": 404, "title": "Not Found", "detail": "The resource could not be found.\n\n No resource provider with uuid ba1c3b36-b6fb-4f53-8ef0-accbf9a43f76 found for delete ", "request_id": "req-79b50b19-e794-4dae-8091-4b6a2c12fdd6"}]}
2026-07-02 16:37:44.443 9 INFO neutron.wsgi [None req-8c178d14-d4de-4946-8d42-2e94de718c82 28861349cec14fcc8f3010ce661598ac 5eaf9097261b4921aeb530065fe9ff37 - - default default] 10.0.0.230 "DELETE /v2.0/networks/eadbd8ab-1c48-427d-82f3-58d94f4b04d9 HTTP/1.1" status: 204 len: 168 time: 0.5278771
2026-07-02 16:37:44.640 9 INFO neutron.db.ovn_revision_numbers_db [None req-3f34bd31-4c61-4026-b958-10e70e5e8805 - - - - - -] Successfully bumped revision number for resource 1c02a6d4-f563-47b9-8c80-f12062e030a8 (type: router_ports) to 4
2026-07-02 16:37:44.740 9 INFO neutron.plugins.ml2.drivers.ovn.mech_driver.mech_driver [None req-fbd846f9-262f-4377-8af7-2dec8b150391 - - - - - -] OVN reports status up for port: f3fc6452-73ae-4c26-95eb-f0cecc9deac2
2026-07-02 16:37:44.749 9 INFO neutron.plugins.ml2.plugin [None req-fbd846f9-262f-4377-8af7-2dec8b150391 - - - - - -] Attempt 1 to provision port f3fc6452-73ae-4c26-95eb-f0cecc9deac2
2026-07-02 16:37:44.789 10 INFO neutron.db.ovn_revision_numbers_db [None req-6a4de350-b7ce-4477-b307-2606a80bc561 3361d45712b543d8992898e7538aac52 1e75ec7dc14741e0b42fe906eed27442 - - default default] Successfully bumped revision number for resource f3fc6452-73ae-4c26-95eb-f0cecc9deac2 (type: router_ports) to 1
2026-07-02 16:37:44.963 10 INFO neutron.db.ovn_revision_numbers_db [None req-6a4de350-b7ce-4477-b307-2606a80bc561 3361d45712b543d8992898e7538aac52 1e75ec7dc14741e0b42fe906eed27442 - - default default] Successfully bumped revision number for resource f3fc6452-73ae-4c26-95eb-f0cecc9deac2 (type: ports) to 1
2026-07-02 16:37:45.035 10 WARNING neutron.scheduler.dhcp_agent_scheduler [None req-6a4de350-b7ce-4477-b307-2606a80bc561 3361d45712b543d8992898e7538aac52 1e75ec7dc14741e0b42fe906eed27442 - - default default] No more DHCP agents
2026-07-02 16:37:45.036 10 WARNING neutron.api.rpc.agentnotifiers.dhcp_rpc_agent_api [None req-6a4de350-b7ce-4477-b307-2606a80bc561 3361d45712b543d8992898e7538aac52 1e75ec7dc14741e0b42fe906eed27442 - - default default] Unable to schedule network 4d2928e4-1658-46df-ac47-54fa5c3a6066: no agents available; will retry on subsequent port and subnet creation events.
2026-07-02 16:37:45.048 9 INFO neutron.db.ovn_revision_numbers_db [None req-fbd846f9-262f-4377-8af7-2dec8b150391 - - - - - -] Successfully bumped revision number for resource f3fc6452-73ae-4c26-95eb-f0cecc9deac2 (type: ports) to 2
2026-07-02 16:37:45.174 9 INFO neutron.db.ovn_revision_numbers_db [None req-fbd846f9-262f-4377-8af7-2dec8b150391 - - - - - -] Successfully bumped revision number for resource f3fc6452-73ae-4c26-95eb-f0cecc9deac2 (type: router_ports) to 2
2026-07-02 16:37:45.289 9 INFO neutron.wsgi [None req-3c79520e-4cd9-415a-9d9d-9e2ecd1174aa bd546687ec2b430fbb5f47b38dd6b481 69a0e91688254a8eb728dd4e1458b4fa - - default default] 10.0.0.230 "GET /v2.0/security-groups?tenant_id=5eaf9097261b4921aeb530065fe9ff37&name=default HTTP/1.1" status: 200 len: 3000 time: 0.1294980
2026-07-02 16:37:45.346 10 INFO neutron.db.ovn_revision_numbers_db [None req-6a4de350-b7ce-4477-b307-2606a80bc561 3361d45712b543d8992898e7538aac52 1e75ec7dc14741e0b42fe906eed27442 - - default default] Successfully bumped revision number for resource f3fc6452-73ae-4c26-95eb-f0cecc9deac2 (type: router_ports) to 2
2026-07-02 16:37:45.349 10 INFO neutron.wsgi [None req-6a4de350-b7ce-4477-b307-2606a80bc561 3361d45712b543d8992898e7538aac52 1e75ec7dc14741e0b42fe906eed27442 - - default default] 10.0.0.230 "PUT /v2.0/routers/be37a513-7375-46c1-acd6-df77a6ce88eb/add_router_interface HTTP/1.1" status: 200 len: 503 time: 2.3388588
2026-07-02 16:37:45.490 9 INFO neutron.wsgi [None req-c5adeb01-611c-4298-95c9-ade3311cf536 bd546687ec2b430fbb5f47b38dd6b481 69a0e91688254a8eb728dd4e1458b4fa - - default default] 10.0.0.230 "DELETE /v2.0/security-groups/a3406904-61a3-466b-b42c-3aa53196a043 HTTP/1.1" status: 204 len: 168 time: 0.1969094
2026-07-02 16:37:45.681 9 INFO neutron.db.ovn_revision_numbers_db [None req-55d0cefd-ca33-4574-9abe-b4bab0c3ca2f bd546687ec2b430fbb5f47b38dd6b481 69a0e91688254a8eb728dd4e1458b4fa - - default default] Successfully bumped revision number for resource f58c5e75-1f68-47fa-a88d-f9261437144a (type: security_groups) to 1
2026-07-02 16:37:45.698 9 INFO neutron.db.ovn_revision_numbers_db [None req-55d0cefd-ca33-4574-9abe-b4bab0c3ca2f bd546687ec2b430fbb5f47b38dd6b481 69a0e91688254a8eb728dd4e1458b4fa - - default default] Successfully bumped revision number for resource 6f5c4448-d5fb-410c-8541-1fbbb9f624b6 (type: security_group_rules) to 0
2026-07-02 16:37:45.710 9 INFO neutron.db.ovn_revision_numbers_db [None req-55d0cefd-ca33-4574-9abe-b4bab0c3ca2f bd546687ec2b430fbb5f47b38dd6b481 69a0e91688254a8eb728dd4e1458b4fa - - default default] Successfully bumped revision number for resource 7302298d-066b-4975-9898-d76420dc6013 (type: security_group_rules) to 0
2026-07-02 16:37:45.729 9 INFO neutron.db.ovn_revision_numbers_db [None req-55d0cefd-ca33-4574-9abe-b4bab0c3ca2f bd546687ec2b430fbb5f47b38dd6b481 69a0e91688254a8eb728dd4e1458b4fa - - default default] Successfully bumped revision number for resource 884b2c02-b971-4e2e-a28a-ccb1bb7ddbae (type: security_group_rules) to 0
2026-07-02 16:37:45.750 9 INFO neutron.db.ovn_revision_numbers_db [None req-55d0cefd-ca33-4574-9abe-b4bab0c3ca2f bd546687ec2b430fbb5f47b38dd6b481 69a0e91688254a8eb728dd4e1458b4fa - - default default] Successfully bumped revision number for resource ded99de6-1653-4a2b-b41e-8065821883df (type: security_group_rules) to 0
2026-07-02 16:37:45.779 9 INFO neutron.wsgi [None req-55d0cefd-ca33-4574-9abe-b4bab0c3ca2f bd546687ec2b430fbb5f47b38dd6b481 69a0e91688254a8eb728dd4e1458b4fa - - default default] 10.0.0.230 "GET /v2.0/security-groups?tenant_id=1a7455db3d304581a66afee169488133&name=default HTTP/1.1" status: 200 len: 3000 time: 0.1943965
2026-07-02 16:37:45.936 10 WARNING neutron.scheduler.dhcp_agent_scheduler [None req-633cfe65-80cd-41a5-a818-8b45aee67464 3361d45712b543d8992898e7538aac52 1e75ec7dc14741e0b42fe906eed27442 - - default default] No more DHCP agents
2026-07-02 16:37:45.939 10 WARNING neutron.api.rpc.agentnotifiers.dhcp_rpc_agent_api [None req-633cfe65-80cd-41a5-a818-8b45aee67464 3361d45712b543d8992898e7538aac52 1e75ec7dc14741e0b42fe906eed27442 - - default default] Unable to schedule network 9477c80f-5ebb-4e29-843f-e85b47a89a80: no agents available; will retry on subsequent port and subnet creation events.
2026-07-02 16:37:45.984 9 INFO neutron.wsgi [None req-8a272c4f-a45e-45e7-83d4-4fcf172e7baf bd546687ec2b430fbb5f47b38dd6b481 69a0e91688254a8eb728dd4e1458b4fa - - default default] 10.0.0.230 "DELETE /v2.0/security-groups/f58c5e75-1f68-47fa-a88d-f9261437144a HTTP/1.1" status: 204 len: 168 time: 0.2013443
2026-07-02 16:37:46.105 10 INFO neutron.db.ovn_revision_numbers_db [None req-633cfe65-80cd-41a5-a818-8b45aee67464 3361d45712b543d8992898e7538aac52 1e75ec7dc14741e0b42fe906eed27442 - - default default] Successfully bumped revision number for resource 253ff115-7090-4951-adf2-81df85ca9aba (type: ports) to 1
2026-07-02 16:37:46.675 10 INFO neutron.db.ovn_revision_numbers_db [None req-633cfe65-80cd-41a5-a818-8b45aee67464 3361d45712b543d8992898e7538aac52 1e75ec7dc14741e0b42fe906eed27442 - - default default] Successfully bumped revision number for resource 253ff115-7090-4951-adf2-81df85ca9aba (type: router_ports) to 1
2026-07-02 16:37:46.884 10 INFO neutron.db.ovn_revision_numbers_db [None req-633cfe65-80cd-41a5-a818-8b45aee67464 3361d45712b543d8992898e7538aac52 1e75ec7dc14741e0b42fe906eed27442 - - default default] Successfully bumped revision number for resource 253ff115-7090-4951-adf2-81df85ca9aba (type: ports) to 1
2026-07-02 16:37:46.958 10 WARNING neutron.scheduler.dhcp_agent_scheduler [None req-633cfe65-80cd-41a5-a818-8b45aee67464 3361d45712b543d8992898e7538aac52 1e75ec7dc14741e0b42fe906eed27442 - - default default] No more DHCP agents
