2026-07-02 16:34:22.293 9 INFO neutron.db.ovn_revision_numbers_db [None req-55e478a6-55ba-4be6-b5cc-7a2e91fd1a2d bd546687ec2b430fbb5f47b38dd6b481 69a0e91688254a8eb728dd4e1458b4fa - - default default] Successfully bumped revision number for resource 344434e4-e361-4962-860f-4127cbf149f5 (type: router_ports) to 1
2026-07-02 16:34:22.392 9 INFO neutron.db.ovn_revision_numbers_db [None req-55e478a6-55ba-4be6-b5cc-7a2e91fd1a2d bd546687ec2b430fbb5f47b38dd6b481 69a0e91688254a8eb728dd4e1458b4fa - - default default] Successfully bumped revision number for resource 31c410d1-5695-4df4-ad67-36a58e9297ee (type: routers) to 2
2026-07-02 16:34:22.429 10 INFO neutron.wsgi [req-6ce1dfea-dc6c-4822-a0d4-848cf0ab8504 req-f2a77a9d-8a98-47cd-b91c-d14567ec27ea 31e68c20f6b147a7a78c3094fa8c107d e3daa0e21be84885871177946cbb0be5 - - default default] 10.0.0.139 "GET /v2.0/ports?device_id=d15b0f52-8fe2-4e7f-ae4d-0b1429540c97 HTTP/1.1" status: 200 len: 210 time: 0.0207922
2026-07-02 16:34:22.435 9 INFO neutron.wsgi [None req-55e478a6-55ba-4be6-b5cc-7a2e91fd1a2d bd546687ec2b430fbb5f47b38dd6b481 69a0e91688254a8eb728dd4e1458b4fa - - default default] 10.0.0.230 "POST /v2.0/routers HTTP/1.1" status: 201 len: 879 time: 2.1968184
2026-07-02 16:34:22.450 10 INFO neutron.wsgi [None req-36075b5e-e91b-4a56-a5b5-1649964157e4 bd546687ec2b430fbb5f47b38dd6b481 69a0e91688254a8eb728dd4e1458b4fa - - default default] 10.0.0.230 "DELETE /v2.0/security-groups/0da51b4c-3236-4eb3-bbed-b05b051f9259 HTTP/1.1" status: 204 len: 168 time: 0.2275414
2026-07-02 16:34:23.148 9 INFO neutron.db.ovn_revision_numbers_db [None req-3f34bd31-4c61-4026-b958-10e70e5e8805 - - - - - -] Successfully bumped revision number for resource 344434e4-e361-4962-860f-4127cbf149f5 (type: ports) to 1
2026-07-02 16:34:23.262 9 INFO neutron.wsgi [req-0133c1c9-75a7-4a86-9e2f-23f00d7f5bce req-87700bd4-6af5-486d-83bb-aac3534778a1 31e68c20f6b147a7a78c3094fa8c107d e3daa0e21be84885871177946cbb0be5 - - default default] 199.204.45.129 "GET /v2.0/networks?id=b8cbce5f-234e-428a-9ca5-37c087fa69c1 HTTP/1.1" status: 200 len: 875 time: 0.1519468
2026-07-02 16:34:23.287 9 WARNING neutron.scheduler.dhcp_agent_scheduler [None req-31c1d338-b252-48ba-8df3-77a9fc7f6381 bd546687ec2b430fbb5f47b38dd6b481 69a0e91688254a8eb728dd4e1458b4fa - - default default] No more DHCP agents
2026-07-02 16:34:23.293 9 WARNING neutron.api.rpc.agentnotifiers.dhcp_rpc_agent_api [None req-31c1d338-b252-48ba-8df3-77a9fc7f6381 bd546687ec2b430fbb5f47b38dd6b481 69a0e91688254a8eb728dd4e1458b4fa - - default default] Unable to schedule network 6c50da70-6770-4cc6-8b37-62b9abbd6dfc: no agents available; will retry on subsequent port and subnet creation events.
2026-07-02 16:34:23.333 9 INFO neutron.wsgi [req-0133c1c9-75a7-4a86-9e2f-23f00d7f5bce req-072dc69d-f0b6-4f6c-a82e-c77cfbedfe8d 31e68c20f6b147a7a78c3094fa8c107d e3daa0e21be84885871177946cbb0be5 - - default default] 199.204.45.129 "GET /v2.0/security-groups?fields=id&fields=name&tenant_id=e3daa0e21be84885871177946cbb0be5 HTTP/1.1" status: 200 len: 380 time: 0.0552800
2026-07-02 16:34:23.540 10 INFO neutron.wsgi [req-0286c716-fbaa-4722-bdd3-cb88450bc332 req-949f418b-2db7-4037-ad15-1e3d7fb61546 31e68c20f6b147a7a78c3094fa8c107d e3daa0e21be84885871177946cbb0be5 - - default default] 10.0.0.139 "GET /v2.0/ports?device_id=d15b0f52-8fe2-4e7f-ae4d-0b1429540c97 HTTP/1.1" status: 200 len: 210 time: 0.0353377
2026-07-02 16:34:23.623 9 INFO neutron.db.ovn_revision_numbers_db [None req-31c1d338-b252-48ba-8df3-77a9fc7f6381 bd546687ec2b430fbb5f47b38dd6b481 69a0e91688254a8eb728dd4e1458b4fa - - default default] Successfully bumped revision number for resource c8c62b95-d017-4b6d-9633-1532e3086222 (type: ports) to 1
2026-07-02 16:34:23.708 9 INFO neutron.db.ovn_revision_numbers_db [None req-3f34bd31-4c61-4026-b958-10e70e5e8805 - - - - - -] Successfully bumped revision number for resource 344434e4-e361-4962-860f-4127cbf149f5 (type: router_ports) to 3
2026-07-02 16:34:23.876 10 WARNING neutron.plugins.ml2.drivers.ovn.mech_driver.ovsdb.ovn_client [None req-8618dfe9-8108-45b7-9877-494e4fc732c2 - - - - - -] No hosting information found for port e064e0b7-f0d1-4894-ad7e-39a8059450b1: RuntimeError: No hosting information found for port e064e0b7-f0d1-4894-ad7e-39a8059450b1
2026-07-02 16:34:24.242 9 WARNING neutron.scheduler.dhcp_agent_scheduler [req-0133c1c9-75a7-4a86-9e2f-23f00d7f5bce req-8aa280e8-34f1-460f-bacc-08d4c93acee0 31e68c20f6b147a7a78c3094fa8c107d e3daa0e21be84885871177946cbb0be5 - - default default] No more DHCP agents
2026-07-02 16:34:24.244 9 INFO neutron.db.ovn_revision_numbers_db [None req-3f34bd31-4c61-4026-b958-10e70e5e8805 - - - - - -] Successfully bumped revision number for resource 344434e4-e361-4962-860f-4127cbf149f5 (type: ports) to 2
2026-07-02 16:34:24.249 9 WARNING neutron.api.rpc.agentnotifiers.dhcp_rpc_agent_api [req-0133c1c9-75a7-4a86-9e2f-23f00d7f5bce req-8aa280e8-34f1-460f-bacc-08d4c93acee0 31e68c20f6b147a7a78c3094fa8c107d e3daa0e21be84885871177946cbb0be5 - - default default] Unable to schedule network b8cbce5f-234e-428a-9ca5-37c087fa69c1: no agents available; will retry on subsequent port and subnet creation events.
2026-07-02 16:34:24.538 9 INFO neutron.db.ovn_revision_numbers_db [req-0133c1c9-75a7-4a86-9e2f-23f00d7f5bce req-8aa280e8-34f1-460f-bacc-08d4c93acee0 31e68c20f6b147a7a78c3094fa8c107d e3daa0e21be84885871177946cbb0be5 - - default default] Successfully bumped revision number for resource 648eaa31-e33d-41fc-bb8a-d371fa9386cc (type: ports) to 1
2026-07-02 16:34:24.589 9 INFO neutron.wsgi [req-0133c1c9-75a7-4a86-9e2f-23f00d7f5bce req-8aa280e8-34f1-460f-bacc-08d4c93acee0 31e68c20f6b147a7a78c3094fa8c107d e3daa0e21be84885871177946cbb0be5 - - default default] 199.204.45.129 "POST /v2.0/ports HTTP/1.1" status: 201 len: 1158 time: 1.2217610 /var/lib/openstack/lib/python3.10/site-packages/pycadf/identifier.py:71: UserWarning: Invalid uuid: neutron. To ensure interoperability, identifiers should be a valid uuid. warnings.warn(('Invalid uuid: %s. To ensure interoperability, '
2026-07-02 16:34:24.626 9 INFO neutron.db.ovn_revision_numbers_db [None req-31c1d338-b252-48ba-8df3-77a9fc7f6381 bd546687ec2b430fbb5f47b38dd6b481 69a0e91688254a8eb728dd4e1458b4fa - - default default] Successfully bumped revision number for resource c8c62b95-d017-4b6d-9633-1532e3086222 (type: router_ports) to 1
2026-07-02 16:34:24.662 10 INFO neutron.wsgi [req-f8c2de9c-8330-4ecf-8b64-8c9a0ed0dffc req-c5720168-39e6-4908-80f1-d92f19b48081 31e68c20f6b147a7a78c3094fa8c107d e3daa0e21be84885871177946cbb0be5 - - default default] 10.0.0.139 "GET /v2.0/ports?device_id=d15b0f52-8fe2-4e7f-ae4d-0b1429540c97 HTTP/1.1" status: 200 len: 1156 time: 0.0513086
2026-07-02 16:34:24.680 9 INFO neutron.db.ovn_revision_numbers_db [None req-3f34bd31-4c61-4026-b958-10e70e5e8805 - - - - - -] Successfully bumped revision number for resource 344434e4-e361-4962-860f-4127cbf149f5 (type: ports) to 4
2026-07-02 16:34:24.698 10 INFO neutron.wsgi [req-f8c2de9c-8330-4ecf-8b64-8c9a0ed0dffc req-5d6aa9a5-66cd-456d-8e51-2aaaaabe2272 31e68c20f6b147a7a78c3094fa8c107d e3daa0e21be84885871177946cbb0be5 - - default default] 10.0.0.139 "GET /v2.0/security-groups?id=3300751e-91d9-40fc-a343-b7669bc3a53f&fields=id&fields=name HTTP/1.1" status: 200 len: 313 time: 0.0303562
2026-07-02 16:34:24.973 9 INFO neutron.db.ovn_revision_numbers_db [None req-31c1d338-b252-48ba-8df3-77a9fc7f6381 bd546687ec2b430fbb5f47b38dd6b481 69a0e91688254a8eb728dd4e1458b4fa - - default default] Successfully bumped revision number for resource c8c62b95-d017-4b6d-9633-1532e3086222 (type: ports) to 1
2026-07-02 16:34:25.145 9 WARNING neutron.scheduler.dhcp_agent_scheduler [None req-31c1d338-b252-48ba-8df3-77a9fc7f6381 bd546687ec2b430fbb5f47b38dd6b481 69a0e91688254a8eb728dd4e1458b4fa - - default default] No more DHCP agents
2026-07-02 16:34:25.150 9 WARNING neutron.api.rpc.agentnotifiers.dhcp_rpc_agent_api [None req-31c1d338-b252-48ba-8df3-77a9fc7f6381 bd546687ec2b430fbb5f47b38dd6b481 69a0e91688254a8eb728dd4e1458b4fa - - default default] Unable to schedule network 6c50da70-6770-4cc6-8b37-62b9abbd6dfc: no agents available; will retry on subsequent port and subnet creation events.
2026-07-02 16:34:25.154 9 INFO neutron.plugins.ml2.drivers.ovn.mech_driver.mech_driver [None req-fbd846f9-262f-4377-8af7-2dec8b150391 - - - - - -] OVN reports status up for port: c8c62b95-d017-4b6d-9633-1532e3086222
2026-07-02 16:34:25.170 9 INFO neutron.db.ovn_revision_numbers_db [None req-3f34bd31-4c61-4026-b958-10e70e5e8805 - - - - - -] Successfully bumped revision number for resource 344434e4-e361-4962-860f-4127cbf149f5 (type: router_ports) to 4
2026-07-02 16:34:25.174 9 INFO neutron.plugins.ml2.plugin [None req-fbd846f9-262f-4377-8af7-2dec8b150391 - - - - - -] Attempt 1 to provision port c8c62b95-d017-4b6d-9633-1532e3086222
2026-07-02 16:34:25.204 10 INFO neutron.db.ovn_revision_numbers_db [None req-dfc48601-a418-4f9e-abdc-92816788af86 bd546687ec2b430fbb5f47b38dd6b481 69a0e91688254a8eb728dd4e1458b4fa - - default default] Successfully bumped revision number for resource 774946a7-6dd3-41d6-80d8-476d773407d2 (type: security_groups) to 1
2026-07-02 16:34:25.218 10 INFO neutron.db.ovn_revision_numbers_db [None req-dfc48601-a418-4f9e-abdc-92816788af86 bd546687ec2b430fbb5f47b38dd6b481 69a0e91688254a8eb728dd4e1458b4fa - - default default] Successfully bumped revision number for resource 0615ab81-81ce-4cb3-9fbc-44e46f61ab87 (type: security_group_rules) to 0
2026-07-02 16:34:25.232 10 INFO neutron.db.ovn_revision_numbers_db [None req-dfc48601-a418-4f9e-abdc-92816788af86 bd546687ec2b430fbb5f47b38dd6b481 69a0e91688254a8eb728dd4e1458b4fa - - default default] Successfully bumped revision number for resource 8619fbc7-48ec-4bd9-b988-2071a3095fd9 (type: security_group_rules) to 0
2026-07-02 16:34:25.247 10 INFO neutron.db.ovn_revision_numbers_db [None req-dfc48601-a418-4f9e-abdc-92816788af86 bd546687ec2b430fbb5f47b38dd6b481 69a0e91688254a8eb728dd4e1458b4fa - - default default] Successfully bumped revision number for resource 90ecb171-0283-4783-bcd2-c982107c34e6 (type: security_group_rules) to 0
2026-07-02 16:34:25.260 10 INFO neutron.db.ovn_revision_numbers_db [None req-dfc48601-a418-4f9e-abdc-92816788af86 bd546687ec2b430fbb5f47b38dd6b481 69a0e91688254a8eb728dd4e1458b4fa - - default default] Successfully bumped revision number for resource c839429b-2986-4e48-bd47-8b1cf68c1056 (type: security_group_rules) to 0
2026-07-02 16:34:25.292 10 INFO neutron.wsgi [None req-dfc48601-a418-4f9e-abdc-92816788af86 bd546687ec2b430fbb5f47b38dd6b481 69a0e91688254a8eb728dd4e1458b4fa - - default default] 10.0.0.230 "GET /v2.0/security-groups?tenant_id=0d5cba2933424591a696b9e4f04259ba&name=default HTTP/1.1" status: 200 len: 2996 time: 0.3795247
2026-07-02 16:34:25.365 9 INFO neutron.db.ovn_revision_numbers_db [req-0133c1c9-75a7-4a86-9e2f-23f00d7f5bce req-d4c15760-5562-4d99-8cce-0da09f2c75f6 327d71ac995a46eaacf649b2f67c60aa 35deebd45d40463cafd722279d08dd2a - - b8539c3d20bb43fea2c7811c93745a0d b8539c3d20bb43fea2c7811c93745a0d] Successfully bumped revision number for resource 648eaa31-e33d-41fc-bb8a-d371fa9386cc (type: ports) to 2
2026-07-02 16:34:25.501 10 INFO neutron.wsgi [None req-eb447409-33ff-4066-8d10-13c70536a993 bd546687ec2b430fbb5f47b38dd6b481 69a0e91688254a8eb728dd4e1458b4fa - - default default] 10.0.0.230 "DELETE /v2.0/security-groups/774946a7-6dd3-41d6-80d8-476d773407d2 HTTP/1.1" status: 204 len: 168 time: 0.2055480
2026-07-02 16:34:25.701 9 INFO neutron.db.ovn_revision_numbers_db [None req-fbd846f9-262f-4377-8af7-2dec8b150391 - - - - - -] Successfully bumped revision number for resource c8c62b95-d017-4b6d-9633-1532e3086222 (type: ports) to 2
2026-07-02 16:34:25.756 9 INFO neutron.db.ovn_revision_numbers_db [req-0133c1c9-75a7-4a86-9e2f-23f00d7f5bce req-d4c15760-5562-4d99-8cce-0da09f2c75f6 327d71ac995a46eaacf649b2f67c60aa 35deebd45d40463cafd722279d08dd2a - - b8539c3d20bb43fea2c7811c93745a0d b8539c3d20bb43fea2c7811c93745a0d] Successfully bumped revision number for resource 648eaa31-e33d-41fc-bb8a-d371fa9386cc (type: ports) to 2
2026-07-02 16:34:25.798 10 INFO neutron.wsgi [req-2d16b694-981a-4a2e-b937-a18932f58e9b req-fc8b38c9-3f26-41e3-8f7c-7c771e6b7aee 31e68c20f6b147a7a78c3094fa8c107d e3daa0e21be84885871177946cbb0be5 - - default default] 10.0.0.139 "GET /v2.0/ports?device_id=d15b0f52-8fe2-4e7f-ae4d-0b1429540c97 HTTP/1.1" status: 200 len: 1168 time: 0.0388706
2026-07-02 16:34:25.883 10 INFO neutron.wsgi [req-2d16b694-981a-4a2e-b937-a18932f58e9b req-8c44de14-4ad7-4267-a9e1-3fa74ad4c78b 31e68c20f6b147a7a78c3094fa8c107d e3daa0e21be84885871177946cbb0be5 - - default default] 10.0.0.139 "GET /v2.0/security-groups?id=3300751e-91d9-40fc-a343-b7669bc3a53f&fields=id&fields=name HTTP/1.1" status: 200 len: 313 time: 0.0792298
2026-07-02 16:34:26.026 9 INFO neutron.wsgi [req-0133c1c9-75a7-4a86-9e2f-23f00d7f5bce req-d4c15760-5562-4d99-8cce-0da09f2c75f6 327d71ac995a46eaacf649b2f67c60aa 35deebd45d40463cafd722279d08dd2a - - b8539c3d20bb43fea2c7811c93745a0d b8539c3d20bb43fea2c7811c93745a0d] 199.204.45.129 "PUT /v2.0/ports/648eaa31-e33d-41fc-bb8a-d371fa9386cc HTTP/1.1" status: 200 len: 1376 time: 1.4269633 /var/lib/openstack/lib/python3.10/site-packages/pycadf/identifier.py:71: UserWarning: Invalid uuid: neutron. To ensure interoperability, identifiers should be a valid uuid. warnings.warn(('Invalid uuid: %s. To ensure interoperability, '
2026-07-02 16:34:26.092 9 INFO neutron.notifiers.nova [-] Nova event matching ['req-1999ccab-1c5b-40fb-88c6-610df477a630'] response: {'name': 'network-changed', 'server_uuid': 'd15b0f52-8fe2-4e7f-ae4d-0b1429540c97', 'tag': '648eaa31-e33d-41fc-bb8a-d371fa9386cc', 'status': 'completed', 'code': 200}
2026-07-02 16:34:26.125 9 INFO neutron.wsgi [req-0133c1c9-75a7-4a86-9e2f-23f00d7f5bce req-6d98050d-06fe-46fe-aaa8-4638a61aa5f6 327d71ac995a46eaacf649b2f67c60aa 35deebd45d40463cafd722279d08dd2a - - b8539c3d20bb43fea2c7811c93745a0d b8539c3d20bb43fea2c7811c93745a0d] 199.204.45.129 "GET /v2.0/ports?tenant_id=e3daa0e21be84885871177946cbb0be5&device_id=d15b0f52-8fe2-4e7f-ae4d-0b1429540c97 HTTP/1.1" status: 200 len: 1407 time: 0.0558345
2026-07-02 16:34:26.156 9 INFO neutron.wsgi [req-0133c1c9-75a7-4a86-9e2f-23f00d7f5bce req-e0e22e4d-02d7-4c39-8d71-f39bf7f03c5a 327d71ac995a46eaacf649b2f67c60aa 35deebd45d40463cafd722279d08dd2a - - b8539c3d20bb43fea2c7811c93745a0d b8539c3d20bb43fea2c7811c93745a0d] 199.204.45.129 "GET /v2.0/floatingips?fixed_ip_address=10.100.0.6&port_id=648eaa31-e33d-41fc-bb8a-d371fa9386cc HTTP/1.1" status: 200 len: 217 time: 0.0223012
2026-07-02 16:34:26.178 9 INFO neutron.db.ovn_revision_numbers_db [None req-fbd846f9-262f-4377-8af7-2dec8b150391 - - - - - -] Successfully bumped revision number for resource c8c62b95-d017-4b6d-9633-1532e3086222 (type: router_ports) to 2
2026-07-02 16:34:26.222 9 INFO neutron.wsgi [req-0133c1c9-75a7-4a86-9e2f-23f00d7f5bce req-a5289ebf-701d-43d8-8b61-a0fd5784dcb4 327d71ac995a46eaacf649b2f67c60aa 35deebd45d40463cafd722279d08dd2a - - b8539c3d20bb43fea2c7811c93745a0d b8539c3d20bb43fea2c7811c93745a0d] 199.204.45.129 "GET /v2.0/subnets?id=cdf7219d-7eb0-4e06-96da-14b7d00916b7 HTTP/1.1" status: 200 len: 869 time: 0.0553687
2026-07-02 16:34:26.265 9 INFO neutron.wsgi [req-0133c1c9-75a7-4a86-9e2f-23f00d7f5bce req-3fd9da43-8998-446b-ae44-b3dba9ce8f34 327d71ac995a46eaacf649b2f67c60aa 35deebd45d40463cafd722279d08dd2a - - b8539c3d20bb43fea2c7811c93745a0d b8539c3d20bb43fea2c7811c93745a0d] 199.204.45.129 "GET /v2.0/ports?network_id=b8cbce5f-234e-428a-9ca5-37c087fa69c1&device_owner=network%3Adhcp HTTP/1.1" status: 200 len: 210 time: 0.0361598
2026-07-02 16:34:26.352 9 INFO neutron.wsgi [None req-31c1d338-b252-48ba-8df3-77a9fc7f6381 bd546687ec2b430fbb5f47b38dd6b481 69a0e91688254a8eb728dd4e1458b4fa - - default default] 10.0.0.230 "PUT /v2.0/routers/31c410d1-5695-4df4-ad67-36a58e9297ee/add_router_interface HTTP/1.1" status: 200 len: 503 time: 3.9058025
2026-07-02 16:34:26.369 9 INFO neutron.wsgi [req-0133c1c9-75a7-4a86-9e2f-23f00d7f5bce req-44c52e65-177c-4ab0-a3cd-34c01757bc3b 327d71ac995a46eaacf649b2f67c60aa 35deebd45d40463cafd722279d08dd2a - - b8539c3d20bb43fea2c7811c93745a0d b8539c3d20bb43fea2c7811c93745a0d] 199.204.45.129 "GET /v2.0/networks/b8cbce5f-234e-428a-9ca5-37c087fa69c1?fields=segments HTTP/1.1" status: 200 len: 212 time: 0.0947628
2026-07-02 16:34:26.430 10 INFO neutron.wsgi [None req-c4b1188e-0d7a-4550-a5df-80fdabfdbad0 bd546687ec2b430fbb5f47b38dd6b481 69a0e91688254a8eb728dd4e1458b4fa - - default default] 10.0.0.229 "GET /v2.0/network-ip-availabilities HTTP/1.1" status: 200 len: 2240 time: 0.1828904
2026-07-02 16:34:26.442 9 INFO neutron.wsgi [req-0133c1c9-75a7-4a86-9e2f-23f00d7f5bce req-4d3fae49-7a2e-482b-a3d3-56865d2837ae 327d71ac995a46eaacf649b2f67c60aa 35deebd45d40463cafd722279d08dd2a - - b8539c3d20bb43fea2c7811c93745a0d b8539c3d20bb43fea2c7811c93745a0d] 199.204.45.129 "GET /v2.0/networks/b8cbce5f-234e-428a-9ca5-37c087fa69c1?fields=provider%3Aphysical_network&fields=provider%3Anetwork_type HTTP/1.1" status: 200 len: 277 time: 0.0647357
2026-07-02 16:34:26.475 10 INFO neutron.wsgi [None req-dc9ea707-e2e9-4b9d-92be-b45d5e3e6a06 bd546687ec2b430fbb5f47b38dd6b481 69a0e91688254a8eb728dd4e1458b4fa - - default default] 10.0.0.229 "GET /v2.0/floatingips HTTP/1.1" status: 200 len: 730 time: 0.0439889
2026-07-02 16:34:26.500 10 INFO neutron.wsgi [None req-4598dbc7-5fbb-488f-a3a3-b7045cc4990c bd546687ec2b430fbb5f47b38dd6b481 69a0e91688254a8eb728dd4e1458b4fa - - default default] 10.0.0.229 "GET /v2.0/agents HTTP/1.1" status: 200 len: 997 time: 0.0243490
2026-07-02 16:34:26.545 10 INFO neutron.wsgi [None req-f7cc868d-07e2-40b3-983e-f8d908a3dc29 bd546687ec2b430fbb5f47b38dd6b481 69a0e91688254a8eb728dd4e1458b4fa - - default default] 10.0.0.229 "GET /v2.0/subnets HTTP/1.1" status: 200 len: 2753 time: 0.0429571
2026-07-02 16:34:26.561 10 INFO neutron.wsgi [None req-5f0b6e1c-2c41-4346-8212-1a6015dcaf6e bd546687ec2b430fbb5f47b38dd6b481 69a0e91688254a8eb728dd4e1458b4fa - - default default] 10.0.0.229 "GET /v2.0/subnetpools HTTP/1.1" status: 200 len: 193 time: 0.0149837
2026-07-02 16:34:26.562 9 INFO neutron.wsgi [req-373bd1b5-2840-4238-8d70-8d4c5746db43 req-7fcb9373-48ab-4ce2-bd1d-847121867e06 327d71ac995a46eaacf649b2f67c60aa 35deebd45d40463cafd722279d08dd2a - - b8539c3d20bb43fea2c7811c93745a0d b8539c3d20bb43fea2c7811c93745a0d] 199.204.45.129 "GET /v2.0/ports?tenant_id=e3daa0e21be84885871177946cbb0be5&device_id=d15b0f52-8fe2-4e7f-ae4d-0b1429540c97 HTTP/1.1" status: 200 len: 1407 time: 0.0390146
2026-07-02 16:34:26.602 10 INFO neutron.wsgi [None req-82053ba9-af04-4b5f-a3e9-590c226106bf bd546687ec2b430fbb5f47b38dd6b481 69a0e91688254a8eb728dd4e1458b4fa - - default default] 10.0.0.229 "GET /v2.0/ports HTTP/1.1" status: 200 len: 13992 time: 0.0407073
2026-07-02 16:34:26.649 9 INFO neutron.wsgi [req-373bd1b5-2840-4238-8d70-8d4c5746db43 req-7da3aadc-e9ad-44cc-b50e-1b65eac3a44b 327d71ac995a46eaacf649b2f67c60aa 35deebd45d40463cafd722279d08dd2a - - b8539c3d20bb43fea2c7811c93745a0d b8539c3d20bb43fea2c7811c93745a0d] 199.204.45.129 "GET /v2.0/networks?id=b8cbce5f-234e-428a-9ca5-37c087fa69c1 HTTP/1.1" status: 200 len: 974 time: 0.0792747
2026-07-02 16:34:26.649 10 INFO neutron.plugins.ml2.drivers.ovn.mech_driver.mech_driver [None req-8618dfe9-8108-45b7-9877-494e4fc732c2 - - - - - -] OVN reports status up for port: 648eaa31-e33d-41fc-bb8a-d371fa9386cc
2026-07-02 16:34:26.680 10 INFO neutron.plugins.ml2.plugin [None req-8618dfe9-8108-45b7-9877-494e4fc732c2 - - - - - -] Attempt 1 to provision port 648eaa31-e33d-41fc-bb8a-d371fa9386cc
2026-07-02 16:34:26.681 9 INFO neutron.wsgi [req-373bd1b5-2840-4238-8d70-8d4c5746db43 req-c9499713-7adb-4017-bc8a-7c1b63281e14 327d71ac995a46eaacf649b2f67c60aa 35deebd45d40463cafd722279d08dd2a - - b8539c3d20bb43fea2c7811c93745a0d b8539c3d20bb43fea2c7811c93745a0d] 199.204.45.129 "GET /v2.0/floatingips?fixed_ip_address=10.100.0.6&port_id=648eaa31-e33d-41fc-bb8a-d371fa9386cc HTTP/1.1" status: 200 len: 217 time: 0.0231140
2026-07-02 16:34:26.716 9 INFO neutron.db.ovn_revision_numbers_db [None req-226e5583-496e-41e3-811f-09013d977795 bd546687ec2b430fbb5f47b38dd6b481 69a0e91688254a8eb728dd4e1458b4fa - - default default] Successfully bumped revision number for resource 4f2c0096-5acb-4591-813c-6870650f9d09 (type: security_groups) to 1
2026-07-02 16:34:26.733 9 INFO neutron.wsgi [req-373bd1b5-2840-4238-8d70-8d4c5746db43 req-a8bac02b-107d-4f22-b488-1911ca9bcf26 327d71ac995a46eaacf649b2f67c60aa 35deebd45d40463cafd722279d08dd2a - - b8539c3d20bb43fea2c7811c93745a0d b8539c3d20bb43fea2c7811c93745a0d] 199.204.45.129 "GET /v2.0/subnets?id=cdf7219d-7eb0-4e06-96da-14b7d00916b7 HTTP/1.1" status: 200 len: 869 time: 0.0467947
2026-07-02 16:34:26.742 9 INFO neutron.db.ovn_revision_numbers_db [None req-226e5583-496e-41e3-811f-09013d977795 bd546687ec2b430fbb5f47b38dd6b481 69a0e91688254a8eb728dd4e1458b4fa - - default default] Successfully bumped revision number for resource 00a4d30b-287b-40ef-aee6-6f990455ce16 (type: security_group_rules) to 0
2026-07-02 16:34:26.744 10 INFO neutron.wsgi [None req-fb6cd6ed-612a-43a8-afc9-d7b4ce3d7777 bd546687ec2b430fbb5f47b38dd6b481 69a0e91688254a8eb728dd4e1458b4fa - - default default] 10.0.0.229 "GET /v2.0/security-groups HTTP/1.1" status: 200 len: 27884 time: 0.1317635
2026-07-02 16:34:26.781 9 INFO neutron.wsgi [req-373bd1b5-2840-4238-8d70-8d4c5746db43 req-ff80c4fb-a937-459b-b7d9-aa9a83a92854 327d71ac995a46eaacf649b2f67c60aa 35deebd45d40463cafd722279d08dd2a - - b8539c3d20bb43fea2c7811c93745a0d b8539c3d20bb43fea2c7811c93745a0d] 199.204.45.129 "GET /v2.0/ports?network_id=b8cbce5f-234e-428a-9ca5-37c087fa69c1&device_owner=network%3Adhcp HTTP/1.1" status: 200 len: 210 time: 0.0370777
2026-07-02 16:34:26.797 9 INFO neutron.db.ovn_revision_numbers_db [None req-226e5583-496e-41e3-811f-09013d977795 bd546687ec2b430fbb5f47b38dd6b481 69a0e91688254a8eb728dd4e1458b4fa - - default default] Successfully bumped revision number for resource 41a88c78-7d64-43e4-822e-cfb652767e16 (type: security_group_rules) to 0
2026-07-02 16:34:26.832 10 INFO neutron.wsgi [None req-4090f9ab-1222-424f-8c8d-06378f04965a bd546687ec2b430fbb5f47b38dd6b481 69a0e91688254a8eb728dd4e1458b4fa - - default default] 10.0.0.229 "GET /v2.0/subnets HTTP/1.1" status: 200 len: 2753 time: 0.0771425
2026-07-02 16:34:26.856 9 INFO neutron.db.ovn_revision_numbers_db [None req-226e5583-496e-41e3-811f-09013d977795 bd546687ec2b430fbb5f47b38dd6b481 69a0e91688254a8eb728dd4e1458b4fa - - default default] Successfully bumped revision number for resource a6167334-8dc0-4401-aa59-95737697e17a (type: security_group_rules) to 0
2026-07-02 16:34:26.885 9 INFO neutron.db.ovn_revision_numbers_db [None req-226e5583-496e-41e3-811f-09013d977795 bd546687ec2b430fbb5f47b38dd6b481 69a0e91688254a8eb728dd4e1458b4fa - - default default] Successfully bumped revision number for resource d6d6ce28-5630-48fd-b96c-b872bcccb3d7 (type: security_group_rules) to 0
2026-07-02 16:34:26.897 10 INFO neutron.notifiers.nova [-] Nova event matching ['req-70002a2f-abed-4fad-a90a-13ca3d0610f3'] response: {'server_uuid': 'd15b0f52-8fe2-4e7f-ae4d-0b1429540c97', 'name': 'network-vif-plugged', 'status': 'completed', 'tag': '648eaa31-e33d-41fc-bb8a-d371fa9386cc', 'code': 200}
2026-07-02 16:34:26.926 9 INFO neutron.wsgi [req-373bd1b5-2840-4238-8d70-8d4c5746db43 req-6a39a858-7784-49e1-b760-d0ce403c0749 327d71ac995a46eaacf649b2f67c60aa 35deebd45d40463cafd722279d08dd2a - - b8539c3d20bb43fea2c7811c93745a0d b8539c3d20bb43fea2c7811c93745a0d] 199.204.45.129 "GET /v2.0/networks/b8cbce5f-234e-428a-9ca5-37c087fa69c1?fields=segments HTTP/1.1" status: 200 len: 212 time: 0.1391933
2026-07-02 16:34:26.929 9 INFO neutron.wsgi [None req-226e5583-496e-41e3-811f-09013d977795 bd546687ec2b430fbb5f47b38dd6b481 69a0e91688254a8eb728dd4e1458b4fa - - default default] 10.0.0.230 "GET /v2.0/security-groups?tenant_id=a2ac7e8bbc0f4847b1f5ddd63c60883d&name=default HTTP/1.1" status: 200 len: 2996 time: 0.5675297
2026-07-02 16:34:27.030 9 INFO neutron.wsgi [req-373bd1b5-2840-4238-8d70-8d4c5746db43 req-c95501b5-debc-47c6-a665-5fa2310f3d23 327d71ac995a46eaacf649b2f67c60aa 35deebd45d40463cafd722279d08dd2a - - b8539c3d20bb43fea2c7811c93745a0d b8539c3d20bb43fea2c7811c93745a0d] 199.204.45.129 "GET /v2.0/networks/b8cbce5f-234e-428a-9ca5-37c087fa69c1?fields=provider%3Aphysical_network&fields=provider%3Anetwork_type HTTP/1.1" status: 200 len: 277 time: 0.0975978
2026-07-02 16:34:27.166 10 INFO neutron.wsgi [None req-8d88d73b-da49-4e43-b695-f10ef8a76e78 bd546687ec2b430fbb5f47b38dd6b481 69a0e91688254a8eb728dd4e1458b4fa - - default default] 10.0.0.229 "GET /v2.0/networks HTTP/1.1" status: 200 len: 3873 time: 0.3292999
2026-07-02 16:34:27.202 9 INFO neutron.wsgi [None req-de05288a-2051-4684-8102-40c8920828cb bd546687ec2b430fbb5f47b38dd6b481 69a0e91688254a8eb728dd4e1458b4fa - - default default] 10.0.0.230 "DELETE /v2.0/security-groups/4f2c0096-5acb-4591-813c-6870650f9d09 HTTP/1.1" status: 204 len: 168 time: 0.2682016
2026-07-02 16:34:27.272 10 INFO neutron.wsgi [req-cc9b2a97-cf43-43db-82ca-4c97a36c1ca2 req-e5ebfe61-ae56-4518-a061-3b35963152b1 31e68c20f6b147a7a78c3094fa8c107d e3daa0e21be84885871177946cbb0be5 - - default default] 10.0.0.139 "GET /v2.0/ports?device_id=d15b0f52-8fe2-4e7f-ae4d-0b1429540c97 HTTP/1.1" status: 200 len: 1170 time: 0.1515408
2026-07-02 16:34:27.275 10 INFO neutron.wsgi [None req-c4725baf-189b-4d1c-a8c4-0b72242bf91d bd546687ec2b430fbb5f47b38dd6b481 69a0e91688254a8eb728dd4e1458b4fa - - default default] 10.0.0.229 "GET /v2.0/routers HTTP/1.1" status: 200 len: 1539 time: 0.1036849
2026-07-02 16:34:27.289 10 INFO neutron.wsgi [None req-71c7d3e3-79de-40a9-be5e-2e7048822e87 bd546687ec2b430fbb5f47b38dd6b481 69a0e91688254a8eb728dd4e1458b4fa - - default default] 10.0.0.229 "GET /v2.0/agents?binary=ovn-controller HTTP/1.1" status: 200 len: 591 time: 0.0125339
2026-07-02 16:34:27.348 10 INFO neutron.wsgi [req-cc9b2a97-cf43-43db-82ca-4c97a36c1ca2 req-20ea4cf0-1264-4472-9e78-fb4805a25e4f 31e68c20f6b147a7a78c3094fa8c107d e3daa0e21be84885871177946cbb0be5 - - default default] 10.0.0.139 "GET /v2.0/security-groups?id=3300751e-91d9-40fc-a343-b7669bc3a53f&fields=id&fields=name HTTP/1.1" status: 200 len: 313 time: 0.0660467
2026-07-02 16:34:27.410 10 INFO neutron.db.ovn_revision_numbers_db [None req-8618dfe9-8108-45b7-9877-494e4fc732c2 - - - - - -] Successfully bumped revision number for resource 648eaa31-e33d-41fc-bb8a-d371fa9386cc (type: ports) to 4
2026-07-02 16:34:27.500 10 INFO neutron.wsgi [req-5ac143bc-76e0-455a-a8c3-d86aa6febc6d req-362c6338-b854-4cee-bb43-a13a3d0dbe7b f0f1767b613b4adcbf1b5a6b73875d02 6d5594e5571e4a0b8d6fb8c8dab3a6ba - - default default] 10.0.0.139 "GET /v2.0/networks?id=6c50da70-6770-4cc6-8b37-62b9abbd6dfc HTTP/1.1" status: 200 len: 877 time: 0.0875604 /var/lib/openstack/lib/python3.10/site-packages/pycadf/identifier.py:71: UserWarning: Invalid uuid: neutron. To ensure interoperability, identifiers should be a valid uuid. warnings.warn(('Invalid uuid: %s. To ensure interoperability, '
2026-07-02 16:34:27.522 10 INFO neutron.wsgi [req-5ac143bc-76e0-455a-a8c3-d86aa6febc6d req-b3c1f25b-c8e8-4afc-8f09-aa65b592466e f0f1767b613b4adcbf1b5a6b73875d02 6d5594e5571e4a0b8d6fb8c8dab3a6ba - - default default] 10.0.0.139 "GET /v2.0/quotas/6d5594e5571e4a0b8d6fb8c8dab3a6ba HTTP/1.1" status: 200 len: 386 time: 0.0124240
2026-07-02 16:34:27.626 10 INFO neutron.wsgi [req-5ac143bc-76e0-455a-a8c3-d86aa6febc6d req-6b4d4358-6602-4d51-ab29-b4cafea3f3dd f0f1767b613b4adcbf1b5a6b73875d02 6d5594e5571e4a0b8d6fb8c8dab3a6ba - - default default] 10.0.0.139 "GET /v2.0/ports?tenant_id=6d5594e5571e4a0b8d6fb8c8dab3a6ba&fields=id HTTP/1.1" status: 200 len: 302 time: 0.0960035
2026-07-02 16:34:27.704 10 INFO neutron.wsgi [req-5ac143bc-76e0-455a-a8c3-d86aa6febc6d req-73126544-6046-4675-8f2f-9e3f95fb1f29 327d71ac995a46eaacf649b2f67c60aa 35deebd45d40463cafd722279d08dd2a - - b8539c3d20bb43fea2c7811c93745a0d b8539c3d20bb43fea2c7811c93745a0d] 10.0.0.139 "GET /v2.0/networks/6c50da70-6770-4cc6-8b37-62b9abbd6dfc?fields=segments HTTP/1.1" status: 200 len: 212 time: 0.0623269
2026-07-02 16:34:27.788 10 INFO neutron.wsgi [req-5ac143bc-76e0-455a-a8c3-d86aa6febc6d req-c57f0524-19b2-4b0d-a4eb-9bc34db659ad 327d71ac995a46eaacf649b2f67c60aa 35deebd45d40463cafd722279d08dd2a - - b8539c3d20bb43fea2c7811c93745a0d b8539c3d20bb43fea2c7811c93745a0d] 10.0.0.139 "GET /v2.0/networks/6c50da70-6770-4cc6-8b37-62b9abbd6dfc?fields=provider%3Aphysical_network&fields=provider%3Anetwork_type HTTP/1.1" status: 200 len: 277 time: 0.0757821
2026-07-02 16:34:27.802 10 INFO neutron.db.ovn_revision_numbers_db [None req-1bcd80c0-d132-4681-a4eb-b4a5efe8f243 0001d06819d94c8db48733ebc8a57e07 889cd700aded4443b68a8f26089d88cd - - default default] Successfully bumped revision number for resource c4ccff4c-9c2e-4747-9201-8c84621cb08b (type: security_groups) to 1
2026-07-02 16:34:27.818 10 INFO neutron.db.ovn_revision_numbers_db [None req-1bcd80c0-d132-4681-a4eb-b4a5efe8f243 0001d06819d94c8db48733ebc8a57e07 889cd700aded4443b68a8f26089d88cd - - default default] Successfully bumped revision number for resource 5a8d7825-ec9b-45c4-b0e6-45ceba8c60d4 (type: security_group_rules) to 0
2026-07-02 16:34:27.840 10 INFO neutron.db.ovn_revision_numbers_db [None req-1bcd80c0-d132-4681-a4eb-b4a5efe8f243 0001d06819d94c8db48733ebc8a57e07 889cd700aded4443b68a8f26089d88cd - - default default] Successfully bumped revision number for resource 79c524b0-021e-4bfb-94b6-b25cbe0307da (type: security_group_rules) to 0
2026-07-02 16:34:27.860 10 INFO neutron.db.ovn_revision_numbers_db [None req-1bcd80c0-d132-4681-a4eb-b4a5efe8f243 0001d06819d94c8db48733ebc8a57e07 889cd700aded4443b68a8f26089d88cd - - default default] Successfully bumped revision number for resource 93fed75f-20d2-469a-9e14-7b4aa543dab5 (type: security_group_rules) to 0
2026-07-02 16:34:27.890 10 INFO neutron.db.ovn_revision_numbers_db [None req-1bcd80c0-d132-4681-a4eb-b4a5efe8f243 0001d06819d94c8db48733ebc8a57e07 889cd700aded4443b68a8f26089d88cd - - default default] Successfully bumped revision number for resource fc7106d8-3d1d-49e2-8e94-d83372518055 (type: security_group_rules) to 0
2026-07-02 16:34:27.936 10 INFO neutron.db.segments_db [None req-1bcd80c0-d132-4681-a4eb-b4a5efe8f243 0001d06819d94c8db48733ebc8a57e07 889cd700aded4443b68a8f26089d88cd - - default default] Added segment 8b98c68b-4fb2-4738-8f85-57a003706c7c of type geneve for network f53be024-0df4-4c1f-97f7-870fd4674773
2026-07-02 16:34:27.963 10 INFO neutron.wsgi [req-a9b6063b-9244-43df-bfc6-a66295f376d3 req-958a448b-c6a7-4367-b376-824ada3ca826 f0f1767b613b4adcbf1b5a6b73875d02 6d5594e5571e4a0b8d6fb8c8dab3a6ba - - default default] 10.0.0.139 "GET /v2.0/ports?device_id=b34abac0-2864-4f08-be58-4753220ff3ba HTTP/1.1" status: 200 len: 210 time: 0.0277853
2026-07-02 16:34:28.087 10 INFO neutron.db.ovn_revision_numbers_db [None req-1bcd80c0-d132-4681-a4eb-b4a5efe8f243 0001d06819d94c8db48733ebc8a57e07 889cd700aded4443b68a8f26089d88cd - - default default] Successfully bumped revision number for resource f53be024-0df4-4c1f-97f7-870fd4674773 (type: networks) to 1
2026-07-02 16:34:28.261 10 WARNING neutron.scheduler.dhcp_agent_scheduler [None req-1bcd80c0-d132-4681-a4eb-b4a5efe8f243 0001d06819d94c8db48733ebc8a57e07 889cd700aded4443b68a8f26089d88cd - - default default] No more DHCP agents
2026-07-02 16:34:28.263 10 WARNING neutron.api.rpc.agentnotifiers.dhcp_rpc_agent_api [None req-1bcd80c0-d132-4681-a4eb-b4a5efe8f243 0001d06819d94c8db48733ebc8a57e07 889cd700aded4443b68a8f26089d88cd - - default default] Unable to schedule network f53be024-0df4-4c1f-97f7-870fd4674773: no agents available; will retry on subsequent port and subnet creation events.
2026-07-02 16:34:28.356 10 INFO neutron.db.ovn_revision_numbers_db [None req-1bcd80c0-d132-4681-a4eb-b4a5efe8f243 0001d06819d94c8db48733ebc8a57e07 889cd700aded4443b68a8f26089d88cd - - default default] Successfully bumped revision number for resource 39795411-5ce3-447e-8251-d579b5b2d7ff (type: ports) to 1
2026-07-02 16:34:28.382 10 INFO neutron.wsgi [None req-1bcd80c0-d132-4681-a4eb-b4a5efe8f243 0001d06819d94c8db48733ebc8a57e07 889cd700aded4443b68a8f26089d88cd - - default default] 10.0.0.230 "POST /v2.0/networks HTTP/1.1" status: 201 len: 849 time: 1.0529842
2026-07-02 16:34:28.461 10 INFO neutron.wsgi [req-9be06e61-8e99-4d7c-8c25-c0d10e61b936 req-90501b05-be0e-4785-bdfe-ecf9e444031e 31e68c20f6b147a7a78c3094fa8c107d e3daa0e21be84885871177946cbb0be5 - - default default] 10.0.0.139 "GET /v2.0/ports?device_id=d15b0f52-8fe2-4e7f-ae4d-0b1429540c97 HTTP/1.1" status: 200 len: 1170 time: 0.0488341
2026-07-02 16:34:28.518 10 INFO neutron.wsgi [req-9be06e61-8e99-4d7c-8c25-c0d10e61b936 req-6b8fa15b-c9f2-4457-b6f0-a162a68393db 31e68c20f6b147a7a78c3094fa8c107d e3daa0e21be84885871177946cbb0be5 - - default default] 10.0.0.139 "GET /v2.0/security-groups?id=3300751e-91d9-40fc-a343-b7669bc3a53f&fields=id&fields=name HTTP/1.1" status: 200 len: 313 time: 0.0474200
2026-07-02 16:34:28.611 10 INFO neutron.wsgi [req-a2bc6346-efe7-48b5-88df-3f2addbc82f4 req-03b8d317-6d36-4507-8b50-6aaf7417d75f 31e68c20f6b147a7a78c3094fa8c107d e3daa0e21be84885871177946cbb0be5 - - default default] 10.0.0.139 "GET /v2.0/ports?device_id=d15b0f52-8fe2-4e7f-ae4d-0b1429540c97 HTTP/1.1" status: 200 len: 1170 time: 0.0365169
2026-07-02 16:34:28.659 9 INFO neutron.wsgi [-] 10.0.0.103 "GET / HTTP/1.1" status: 200 len: 247 time: 0.0011671
2026-07-02 16:34:28.660 10 INFO neutron.wsgi [-] 10.0.0.103 "GET / HTTP/1.1" status: 200 len: 247 time: 0.0021567
2026-07-02 16:34:28.706 10 WARNING neutron.scheduler.dhcp_agent_scheduler [None req-d6f79bf8-f2c2-4146-828d-47e324c4dc01 0001d06819d94c8db48733ebc8a57e07 889cd700aded4443b68a8f26089d88cd - - default default] No more DHCP agents
2026-07-02 16:34:28.707 10 WARNING neutron.api.rpc.agentnotifiers.dhcp_rpc_agent_api [None req-d6f79bf8-f2c2-4146-828d-47e324c4dc01 0001d06819d94c8db48733ebc8a57e07 889cd700aded4443b68a8f26089d88cd - - default default] Unable to schedule network f53be024-0df4-4c1f-97f7-870fd4674773: no agents available; will retry on subsequent port and subnet creation events.
2026-07-02 16:34:28.715 9 INFO neutron.wsgi [req-5ac143bc-76e0-455a-a8c3-d86aa6febc6d req-6eecc23f-eb8f-4091-ab32-fd9830aa84d0 f0f1767b613b4adcbf1b5a6b73875d02 6d5594e5571e4a0b8d6fb8c8dab3a6ba - - default default] 199.204.45.129 "GET /v2.0/networks?id=6c50da70-6770-4cc6-8b37-62b9abbd6dfc HTTP/1.1" status: 200 len: 877 time: 0.1077752
2026-07-02 16:34:28.736 10 INFO neutron.db.ovn_revision_numbers_db [None req-d6f79bf8-f2c2-4146-828d-47e324c4dc01 0001d06819d94c8db48733ebc8a57e07 889cd700aded4443b68a8f26089d88cd - - default default] Successfully bumped revision number for resource f4e54790-00b8-42b3-9d00-7562eeb3923a (type: subnets) to 0
2026-07-02 16:34:28.752 10 INFO neutron.wsgi [None req-d6f79bf8-f2c2-4146-828d-47e324c4dc01 0001d06819d94c8db48733ebc8a57e07 889cd700aded4443b68a8f26089d88cd - - default default] 10.0.0.230 "POST /v2.0/subnets HTTP/1.1" status: 201 len: 802 time: 0.3635204
2026-07-02 16:34:28.942 10 INFO neutron.notifiers.nova [-] Nova event matching ['req-90d624b2-70cb-4f9e-b6c1-c832f7d5bc4f'] response: {'server_uuid': 'd15b0f52-8fe2-4e7f-ae4d-0b1429540c97', 'name': 'network-vif-plugged', 'status': 'completed', 'tag': '648eaa31-e33d-41fc-bb8a-d371fa9386cc', 'code': 200}
2026-07-02 16:34:28.970 9 INFO neutron.db.l3_db [None req-ca2e9089-9337-4c44-82ee-000d81ae1d06 31e68c20f6b147a7a78c3094fa8c107d e3daa0e21be84885871177946cbb0be5 - - default default] Floating IP 0bc26f6d-c94f-45b3-833b-bfdb6fd6c292 associated. External IP: 10.96.250.215, port: 648eaa31-e33d-41fc-bb8a-d371fa9386cc.
2026-07-02 16:34:29.051 10 INFO neutron.wsgi [req-60e4e818-06fd-4b71-a5fc-6e85619dc79f req-2936c63a-b552-4a44-a0b2-4d1d3b71eed6 f0f1767b613b4adcbf1b5a6b73875d02 6d5594e5571e4a0b8d6fb8c8dab3a6ba - - default default] 10.0.0.139 "GET /v2.0/ports?device_id=b34abac0-2864-4f08-be58-4753220ff3ba HTTP/1.1" status: 200 len: 210 time: 0.0199611
2026-07-02 16:34:29.190 9 WARNING neutron.scheduler.dhcp_agent_scheduler [req-5ac143bc-76e0-455a-a8c3-d86aa6febc6d req-106cfb87-b534-4784-8c82-740e9fd704e2 f0f1767b613b4adcbf1b5a6b73875d02 6d5594e5571e4a0b8d6fb8c8dab3a6ba - - default default] No more DHCP agents
2026-07-02 16:34:29.194 9 WARNING neutron.api.rpc.agentnotifiers.dhcp_rpc_agent_api [req-5ac143bc-76e0-455a-a8c3-d86aa6febc6d req-106cfb87-b534-4784-8c82-740e9fd704e2 f0f1767b613b4adcbf1b5a6b73875d02 6d5594e5571e4a0b8d6fb8c8dab3a6ba - - default default] Unable to schedule network 6c50da70-6770-4cc6-8b37-62b9abbd6dfc: no agents available; will retry on subsequent port and subnet creation events.
2026-07-02 16:34:29.206 9 INFO neutron.db.ovn_revision_numbers_db [None req-ca2e9089-9337-4c44-82ee-000d81ae1d06 31e68c20f6b147a7a78c3094fa8c107d e3daa0e21be84885871177946cbb0be5 - - default default] Successfully bumped revision number for resource 0bc26f6d-c94f-45b3-833b-bfdb6fd6c292 (type: floatingips) to 1 /var/lib/openstack/lib/python3.10/site-packages/pycadf/identifier.py:71: UserWarning: Invalid uuid: neutron. To ensure interoperability, identifiers should be a valid uuid. warnings.warn(('Invalid uuid: %s. To ensure interoperability, '
2026-07-02 16:34:29.284 10 WARNING neutron.scheduler.dhcp_agent_scheduler [None req-403506c8-d59f-4de9-9c00-405fc8a43a74 0001d06819d94c8db48733ebc8a57e07 889cd700aded4443b68a8f26089d88cd - - default default] No more DHCP agents
2026-07-02 16:34:29.287 10 WARNING neutron.api.rpc.agentnotifiers.dhcp_rpc_agent_api [None req-403506c8-d59f-4de9-9c00-405fc8a43a74 0001d06819d94c8db48733ebc8a57e07 889cd700aded4443b68a8f26089d88cd - - default default] Unable to schedule network ef4ba723-fdef-4075-b61d-e158a362d13f: no agents available; will retry on subsequent port and subnet creation events.
2026-07-02 16:34:29.384 9 INFO neutron.db.ovn_revision_numbers_db [None req-ca2e9089-9337-4c44-82ee-000d81ae1d06 31e68c20f6b147a7a78c3094fa8c107d e3daa0e21be84885871177946cbb0be5 - - default default] Successfully bumped revision number for resource 0bc26f6d-c94f-45b3-833b-bfdb6fd6c292 (type: floatingips) to 2
2026-07-02 16:34:29.426 9 INFO neutron.wsgi [None req-ca2e9089-9337-4c44-82ee-000d81ae1d06 31e68c20f6b147a7a78c3094fa8c107d e3daa0e21be84885871177946cbb0be5 - - default default] 10.0.0.230 "PUT /v2.0/floatingips/0bc26f6d-c94f-45b3-833b-bfdb6fd6c292 HTTP/1.1" status: 200 len: 1049 time: 0.7987723
2026-07-02 16:34:29.463 9 INFO neutron.db.ovn_revision_numbers_db [req-5ac143bc-76e0-455a-a8c3-d86aa6febc6d req-106cfb87-b534-4784-8c82-740e9fd704e2 f0f1767b613b4adcbf1b5a6b73875d02 6d5594e5571e4a0b8d6fb8c8dab3a6ba - - default default] Successfully bumped revision number for resource 8e96a64a-48f0-4b4e-b04f-3c0a63b37118 (type: ports) to 1
2026-07-02 16:34:29.469 9 INFO neutron.db.ovn_revision_numbers_db [None req-c08394db-5a57-4760-bbf6-5952f3dd40a2 bd546687ec2b430fbb5f47b38dd6b481 69a0e91688254a8eb728dd4e1458b4fa - - default default] Successfully bumped revision number for resource 7f614422-be8e-42bf-bd19-ed37d31ef083 (type: security_groups) to 1
2026-07-02 16:34:29.477 9 INFO neutron.notifiers.nova [-] Nova event matching ['req-5ad1fd69-1a32-4af8-891c-5b53843306d6'] response: {'name': 'network-changed', 'server_uuid': 'd15b0f52-8fe2-4e7f-ae4d-0b1429540c97', 'tag': '648eaa31-e33d-41fc-bb8a-d371fa9386cc', 'status': 'completed', 'code': 200}
2026-07-02 16:34:29.489 9 INFO neutron.db.ovn_revision_numbers_db [None req-c08394db-5a57-4760-bbf6-5952f3dd40a2 bd546687ec2b430fbb5f47b38dd6b481 69a0e91688254a8eb728dd4e1458b4fa - - default default] Successfully bumped revision number for resource 4c01a19d-777b-4caf-8189-3921e938aa25 (type: security_group_rules) to 0
2026-07-02 16:34:29.491 10 INFO neutron.db.ovn_revision_numbers_db [None req-403506c8-d59f-4de9-9c00-405fc8a43a74 0001d06819d94c8db48733ebc8a57e07 889cd700aded4443b68a8f26089d88cd - - default default] Successfully bumped revision number for resource 65114adc-9a11-410f-9f2b-6e763f596a44 (type: ports) to 1
2026-07-02 16:34:29.498 9 INFO neutron.wsgi [req-5ac143bc-76e0-455a-a8c3-d86aa6febc6d req-106cfb87-b534-4784-8c82-740e9fd704e2 f0f1767b613b4adcbf1b5a6b73875d02 6d5594e5571e4a0b8d6fb8c8dab3a6ba - - default default] 199.204.45.129 "POST /v2.0/ports HTTP/1.1" status: 201 len: 1162 time: 0.7766263
2026-07-02 16:34:29.518 9 INFO neutron.db.ovn_revision_numbers_db [None req-c08394db-5a57-4760-bbf6-5952f3dd40a2 bd546687ec2b430fbb5f47b38dd6b481 69a0e91688254a8eb728dd4e1458b4fa - - default default] Successfully bumped revision number for resource a65b2fe5-da82-4398-9c76-b6b7e77f362e (type: security_group_rules) to 0
2026-07-02 16:34:29.533 10 INFO neutron.wsgi [req-d084bd93-a1b7-4fa5-9a0b-e55eb33c7b4d req-9c0b84fd-8919-429b-b31f-9281354c3f79 31e68c20f6b147a7a78c3094fa8c107d e3daa0e21be84885871177946cbb0be5 - - default default] 10.0.0.139 "GET /v2.0/ports?device_id=d15b0f52-8fe2-4e7f-ae4d-0b1429540c97 HTTP/1.1" status: 200 len: 1170 time: 0.0652924
2026-07-02 16:34:29.536 9 INFO neutron.db.ovn_revision_numbers_db [None req-c08394db-5a57-4760-bbf6-5952f3dd40a2 bd546687ec2b430fbb5f47b38dd6b481 69a0e91688254a8eb728dd4e1458b4fa - - default default] Successfully bumped revision number for resource cfa6c5ca-3913-4edc-9143-e2f228fef1e9 (type: security_group_rules) to 0
2026-07-02 16:34:29.552 10 INFO neutron.wsgi [req-b698696c-55b8-458d-b762-1768e25a1b65 req-ea051b8c-1b05-4ed9-8c70-b53b2e41a7bd 327d71ac995a46eaacf649b2f67c60aa 35deebd45d40463cafd722279d08dd2a - - b8539c3d20bb43fea2c7811c93745a0d b8539c3d20bb43fea2c7811c93745a0d] 199.204.45.129 "GET /v2.0/ports?tenant_id=e3daa0e21be84885871177946cbb0be5&device_id=d15b0f52-8fe2-4e7f-ae4d-0b1429540c97 HTTP/1.1" status: 200 len: 1409 time: 0.0576291
2026-07-02 16:34:29.564 9 INFO neutron.db.ovn_revision_numbers_db [None req-c08394db-5a57-4760-bbf6-5952f3dd40a2 bd546687ec2b430fbb5f47b38dd6b481 69a0e91688254a8eb728dd4e1458b4fa - - default default] Successfully bumped revision number for resource d0e33d2b-80e7-4346-a480-2a475d111744 (type: security_group_rules) to 0
2026-07-02 16:34:29.620 9 INFO neutron.db.segments_db [None req-c08394db-5a57-4760-bbf6-5952f3dd40a2 bd546687ec2b430fbb5f47b38dd6b481 69a0e91688254a8eb728dd4e1458b4fa - - default default] Added segment 3af9a2bc-f034-4f54-ba5a-52869049ec53 of type geneve for network 79122c71-ef9c-4ba8-a6df-7aca8999b48a
2026-07-02 16:34:29.629 10 INFO neutron.wsgi [req-d084bd93-a1b7-4fa5-9a0b-e55eb33c7b4d req-2746897e-5fe9-4a8f-aaf6-1d57e760346e 31e68c20f6b147a7a78c3094fa8c107d e3daa0e21be84885871177946cbb0be5 - - default default] 10.0.0.139 "GET /v2.0/security-groups?id=3300751e-91d9-40fc-a343-b7669bc3a53f&fields=id&fields=name HTTP/1.1" status: 200 len: 313 time: 0.0818324
2026-07-02 16:34:29.674 10 INFO neutron.wsgi [req-b698696c-55b8-458d-b762-1768e25a1b65 req-6677a05f-c2f5-43c1-8bbb-30e478b4ba32 327d71ac995a46eaacf649b2f67c60aa 35deebd45d40463cafd722279d08dd2a - - b8539c3d20bb43fea2c7811c93745a0d b8539c3d20bb43fea2c7811c93745a0d] 199.204.45.129 "GET /v2.0/networks?id=b8cbce5f-234e-428a-9ca5-37c087fa69c1 HTTP/1.1" status: 200 len: 974 time: 0.1084607
2026-07-02 16:34:29.742 10 INFO neutron.wsgi [req-b698696c-55b8-458d-b762-1768e25a1b65 req-cdff2296-55b7-4f57-a584-26dde1138cf5 327d71ac995a46eaacf649b2f67c60aa 35deebd45d40463cafd722279d08dd2a - - b8539c3d20bb43fea2c7811c93745a0d b8539c3d20bb43fea2c7811c93745a0d] 199.204.45.129 "GET /v2.0/floatingips?fixed_ip_address=10.100.0.6&port_id=648eaa31-e33d-41fc-bb8a-d371fa9386cc HTTP/1.1" status: 200 len: 1059 time: 0.0586472
2026-07-02 16:34:29.809 10 INFO neutron.wsgi [req-b698696c-55b8-458d-b762-1768e25a1b65 req-2c43f021-e88f-41a5-ae59-866f455e2684 327d71ac995a46eaacf649b2f67c60aa 35deebd45d40463cafd722279d08dd2a - - b8539c3d20bb43fea2c7811c93745a0d b8539c3d20bb43fea2c7811c93745a0d] 199.204.45.129 "GET /v2.0/subnets?id=cdf7219d-7eb0-4e06-96da-14b7d00916b7 HTTP/1.1" status: 200 len: 869 time: 0.0549567
2026-07-02 16:34:29.818 9 INFO neutron.db.ovn_revision_numbers_db [None req-c08394db-5a57-4760-bbf6-5952f3dd40a2 bd546687ec2b430fbb5f47b38dd6b481 69a0e91688254a8eb728dd4e1458b4fa - - default default] Successfully bumped revision number for resource 79122c71-ef9c-4ba8-a6df-7aca8999b48a (type: networks) to 1
2026-07-02 16:34:29.863 10 INFO neutron.wsgi [req-b698696c-55b8-458d-b762-1768e25a1b65 req-fedf6c42-0e20-47c1-8dcb-c14a8707f4fe 327d71ac995a46eaacf649b2f67c60aa 35deebd45d40463cafd722279d08dd2a - - b8539c3d20bb43fea2c7811c93745a0d b8539c3d20bb43fea2c7811c93745a0d] 199.204.45.129 "GET /v2.0/ports?network_id=b8cbce5f-234e-428a-9ca5-37c087fa69c1&device_owner=network%3Adhcp HTTP/1.1" status: 200 len: 210 time: 0.0313354
2026-07-02 16:34:29.935 10 INFO neutron.plugins.ml2.drivers.ovn.mech_driver.mech_driver [None req-8618dfe9-8108-45b7-9877-494e4fc732c2 - - - - - -] OVN reports status down for port: 648eaa31-e33d-41fc-bb8a-d371fa9386cc
2026-07-02 16:34:29.977 10 INFO neutron.wsgi [req-1f5a3627-e60f-4151-9a02-4ce8a7166055 req-3a503ea7-a94e-42e3-bec7-572dba55467b 31e68c20f6b147a7a78c3094fa8c107d e3daa0e21be84885871177946cbb0be5 - - default default] 10.0.0.139 "GET /v2.0/ports?device_id=d15b0f52-8fe2-4e7f-ae4d-0b1429540c97 HTTP/1.1" status: 200 len: 1170 time: 0.0747550
2026-07-02 16:34:30.216 9 WARNING neutron.scheduler.dhcp_agent_scheduler [None req-c08394db-5a57-4760-bbf6-5952f3dd40a2 bd546687ec2b430fbb5f47b38dd6b481 69a0e91688254a8eb728dd4e1458b4fa - - default default] No more DHCP agents
2026-07-02 16:34:30.221 9 WARNING neutron.api.rpc.agentnotifiers.dhcp_rpc_agent_api [None req-c08394db-5a57-4760-bbf6-5952f3dd40a2 bd546687ec2b430fbb5f47b38dd6b481 69a0e91688254a8eb728dd4e1458b4fa - - default default] Unable to schedule network 79122c71-ef9c-4ba8-a6df-7aca8999b48a: no agents available; will retry on subsequent port and subnet creation events.
2026-07-02 16:34:30.278 9 INFO neutron.db.ovn_revision_numbers_db [req-5ac143bc-76e0-455a-a8c3-d86aa6febc6d req-96ab1b62-7d85-4018-a10e-f542d4ef2fe0 327d71ac995a46eaacf649b2f67c60aa 35deebd45d40463cafd722279d08dd2a - - b8539c3d20bb43fea2c7811c93745a0d b8539c3d20bb43fea2c7811c93745a0d] Successfully bumped revision number for resource 8e96a64a-48f0-4b4e-b04f-3c0a63b37118 (type: ports) to 2
2026-07-02 16:34:30.299 10 INFO neutron.wsgi [req-1ec0262b-b910-44aa-8511-9e67e5a447ef req-6537a063-2ac2-4942-aa3c-737a2ad4657a 31e68c20f6b147a7a78c3094fa8c107d e3daa0e21be84885871177946cbb0be5 - - default default] 199.204.45.129 "GET /v2.0/ports?device_id=d15b0f52-8fe2-4e7f-ae4d-0b1429540c97 HTTP/1.1" status: 200 len: 1170 time: 0.0971766
2026-07-02 16:34:30.306 10 INFO neutron.wsgi [req-b698696c-55b8-458d-b762-1768e25a1b65 req-2f422453-e3ca-48a3-8852-22042c3782d9 327d71ac995a46eaacf649b2f67c60aa 35deebd45d40463cafd722279d08dd2a - - b8539c3d20bb43fea2c7811c93745a0d b8539c3d20bb43fea2c7811c93745a0d] 199.204.45.129 "GET /v2.0/networks/b8cbce5f-234e-428a-9ca5-37c087fa69c1?fields=segments HTTP/1.1" status: 200 len: 212 time: 0.4342237
2026-07-02 16:34:30.315 9 INFO neutron.db.ovn_revision_numbers_db [None req-c08394db-5a57-4760-bbf6-5952f3dd40a2 bd546687ec2b430fbb5f47b38dd6b481 69a0e91688254a8eb728dd4e1458b4fa - - default default] Successfully bumped revision number for resource 22ac417d-c3a1-4b72-a6b5-091c0e77e7fc (type: ports) to 1
2026-07-02 16:34:30.338 9 INFO neutron.wsgi [None req-c08394db-5a57-4760-bbf6-5952f3dd40a2 bd546687ec2b430fbb5f47b38dd6b481 69a0e91688254a8eb728dd4e1458b4fa - - default default] 10.0.0.230 "POST /v2.0/networks HTTP/1.1" status: 201 len: 942 time: 1.3421397 /var/lib/openstack/lib/python3.10/site-packages/pycadf/identifier.py:71: UserWarning: Invalid uuid: neutron. To ensure interoperability, identifiers should be a valid uuid. warnings.warn(('Invalid uuid: %s. To ensure interoperability, '
2026-07-02 16:34:30.359 10 INFO neutron.wsgi [req-1f5a3627-e60f-4151-9a02-4ce8a7166055 req-79b2a7e3-e141-4622-86a4-0dd946df9a88 31e68c20f6b147a7a78c3094fa8c107d e3daa0e21be84885871177946cbb0be5 - - default default] 10.0.0.139 "GET /v2.0/security-groups?id=3300751e-91d9-40fc-a343-b7669bc3a53f&fields=id&fields=name HTTP/1.1" status: 200 len: 313 time: 0.1560321
2026-07-02 16:34:30.399 10 INFO neutron.wsgi [req-3e287ca4-cd69-4973-a99c-dc2d25763bc9 req-23681dd5-9cf4-44c1-89b1-1e043272b674 f0f1767b613b4adcbf1b5a6b73875d02 6d5594e5571e4a0b8d6fb8c8dab3a6ba - - default default] 10.0.0.139 "GET /v2.0/ports?device_id=b34abac0-2864-4f08-be58-4753220ff3ba HTTP/1.1" status: 200 len: 1172 time: 0.1949041
2026-07-02 16:34:30.470 10 INFO neutron.wsgi [req-b698696c-55b8-458d-b762-1768e25a1b65 req-7fc88e35-05ae-4d91-a9f7-73e0f722e9e3 327d71ac995a46eaacf649b2f67c60aa 35deebd45d40463cafd722279d08dd2a - - b8539c3d20bb43fea2c7811c93745a0d b8539c3d20bb43fea2c7811c93745a0d] 199.204.45.129 "GET /v2.0/networks/b8cbce5f-234e-428a-9ca5-37c087fa69c1?fields=provider%3Aphysical_network&fields=provider%3Anetwork_type HTTP/1.1" status: 200 len: 277 time: 0.1588192
2026-07-02 16:34:30.504 10 INFO neutron.wsgi [req-3e287ca4-cd69-4973-a99c-dc2d25763bc9 req-72ed2756-0035-42b5-b2fc-9c9c769574bd f0f1767b613b4adcbf1b5a6b73875d02 6d5594e5571e4a0b8d6fb8c8dab3a6ba - - default default] 10.0.0.139 "GET /v2.0/security-groups?id=fb331a14-7958-4e0f-9d68-46c2e6efb6a9&fields=id&fields=name HTTP/1.1" status: 200 len: 286 time: 0.0948064
2026-07-02 16:34:30.525 9 INFO neutron.db.ovn_revision_numbers_db [req-5ac143bc-76e0-455a-a8c3-d86aa6febc6d req-96ab1b62-7d85-4018-a10e-f542d4ef2fe0 327d71ac995a46eaacf649b2f67c60aa 35deebd45d40463cafd722279d08dd2a - - b8539c3d20bb43fea2c7811c93745a0d b8539c3d20bb43fea2c7811c93745a0d] Successfully bumped revision number for resource 8e96a64a-48f0-4b4e-b04f-3c0a63b37118 (type: ports) to 2
2026-07-02 16:34:30.546 9 WARNING neutron.scheduler.dhcp_agent_scheduler [None req-46ad43bf-2e85-49d7-a66d-9d4f361f573d bd546687ec2b430fbb5f47b38dd6b481 69a0e91688254a8eb728dd4e1458b4fa - - default default] No more DHCP agents
