2026-07-02 16:36:24.441 10 INFO neutron.wsgi [None req-894375f0-f7d0-4998-959d-1922eba1dac9 edeaf941cf114692b2286baa7a912fad ee7b9fdbeda944c0aa8f23ae507449d8 - - default default] 10.0.0.230 "GET /v2.0/networks/d7249179-9e6b-48e2-9cdd-61d0884382ab/tags HTTP/1.1" status: 200 len: 223 time: 0.0377944
2026-07-02 16:36:24.454 9 INFO neutron.db.ovn_revision_numbers_db [None req-fbd846f9-262f-4377-8af7-2dec8b150391 - - - - - -] Successfully bumped revision number for resource 81819dbd-d685-4fcd-8cfc-7882ff27ff77 (type: ports) to 4
2026-07-02 16:36:24.498 10 INFO neutron.api.v2.resource [None req-b6f5b3f2-2229-4845-b055-2f59b345eef6 edeaf941cf114692b2286baa7a912fad ee7b9fdbeda944c0aa8f23ae507449d8 - - default default] delete failed (client error): The resource could not be found.
2026-07-02 16:36:24.500 10 INFO neutron.wsgi [None req-b6f5b3f2-2229-4845-b055-2f59b345eef6 edeaf941cf114692b2286baa7a912fad ee7b9fdbeda944c0aa8f23ae507449d8 - - default default] 10.0.0.230 "DELETE /v2.0/networks/d7249179-9e6b-48e2-9cdd-61d0884382ab/tags/green HTTP/1.1" status: 404 len: 299 time: 0.0508926
2026-07-02 16:36:24.574 10 INFO neutron.wsgi [req-06f222a3-29f0-404a-881c-d9bf2ba2ea39 req-cdb8562c-46d1-49cc-8d7e-3b167d3a7688 50fa562da1624cbea2a43269495c5834 b2978499f2b8484d949f26903116f896 - - default default] 10.0.0.139 "GET /v2.0/ports?device_id=88a6f6fd-8afd-45d6-b9b0-0ace91fe4e6b HTTP/1.1" status: 200 len: 1210 time: 0.0323167
2026-07-02 16:36:24.576 10 INFO neutron.wsgi [None req-88e2a0f3-85a1-4931-8575-a44950de48f3 edeaf941cf114692b2286baa7a912fad ee7b9fdbeda944c0aa8f23ae507449d8 - - default default] 10.0.0.230 "DELETE /v2.0/networks/d7249179-9e6b-48e2-9cdd-61d0884382ab/tags HTTP/1.1" status: 204 len: 168 time: 0.0697527 /var/lib/openstack/lib/python3.10/site-packages/pycadf/identifier.py:71: UserWarning: Invalid uuid: neutron. To ensure interoperability, identifiers should be a valid uuid. warnings.warn(('Invalid uuid: %s. To ensure interoperability, '
2026-07-02 16:36:24.626 9 INFO neutron.wsgi [None req-4cef0cb8-c20f-4263-bfd2-214ea00e479b edeaf941cf114692b2286baa7a912fad ee7b9fdbeda944c0aa8f23ae507449d8 - - default default] 10.0.0.230 "GET /v2.0/networks/d7249179-9e6b-48e2-9cdd-61d0884382ab/tags HTTP/1.1" status: 200 len: 205 time: 0.0422056
2026-07-02 16:36:24.630 10 INFO neutron.wsgi [req-06f222a3-29f0-404a-881c-d9bf2ba2ea39 req-dcda269e-eadf-4931-914f-8bee599efa00 50fa562da1624cbea2a43269495c5834 b2978499f2b8484d949f26903116f896 - - default default] 10.0.0.139 "GET /v2.0/security-groups?id=b27b828d-6a8f-4997-8f38-834173560273&id=bc8098ca-ee52-4ad3-9a05-3eb2a4ec8ad8&fields=id&fields=name HTTP/1.1" status: 200 len: 406 time: 0.0474570
2026-07-02 16:36:25.037 10 INFO neutron.services.segments.plugin [-] Segment be6a43bd-d6ce-4f9b-b879-4fdaf368a71e resource provider aggregate not found
2026-07-02 16:36:25.041 10 INFO neutron.services.segments.plugin [-] Segment be6a43bd-d6ce-4f9b-b879-4fdaf368a71e resource provider aggregate not found
2026-07-02 16:36:25.059 10 INFO neutron.services.segments.plugin [-] Segment be6a43bd-d6ce-4f9b-b879-4fdaf368a71e resource provider not found; error: Placement Client Error (4xx): {"errors": [{"status": 404, "title": "Not Found", "detail": "The resource could not be found.\n\n No resource provider with uuid be6a43bd-d6ce-4f9b-b879-4fdaf368a71e found for delete ", "request_id": "req-e72bc81e-cfa8-492e-a732-2d193a0332a2"}]}
2026-07-02 16:36:25.060 10 INFO neutron.services.segments.plugin [-] Segment be6a43bd-d6ce-4f9b-b879-4fdaf368a71e resource provider not found; error: Placement Client Error (4xx): {"errors": [{"status": 404, "title": "Not Found", "detail": "The resource could not be found.\n\n No resource provider with uuid be6a43bd-d6ce-4f9b-b879-4fdaf368a71e found for delete ", "request_id": "req-f0d29656-30ca-4da4-a62e-a1cfd969249c"}]}
2026-07-02 16:36:25.081 10 INFO neutron.wsgi [None req-3ba932dc-020c-4177-bfec-38355859b47d edeaf941cf114692b2286baa7a912fad ee7b9fdbeda944c0aa8f23ae507449d8 - - default default] 10.0.0.230 "DELETE /v2.0/networks/d7249179-9e6b-48e2-9cdd-61d0884382ab HTTP/1.1" status: 204 len: 168 time: 0.4441469
2026-07-02 16:36:25.600 9 INFO neutron.db.ovn_revision_numbers_db [None req-2a944582-543c-4c34-baef-a848ac8e7fd3 7bdf542520e04f29b6f1f606a8027db5 5c1ae97630534c17a97fd5514927836e - - default default] Successfully bumped revision number for resource 876d31b2-6922-4825-b01b-ff52df9fe156 (type: routers) to 1
2026-07-02 16:36:25.616 9 INFO neutron.wsgi [None req-2a944582-543c-4c34-baef-a848ac8e7fd3 7bdf542520e04f29b6f1f606a8027db5 5c1ae97630534c17a97fd5514927836e - - default default] 10.0.0.230 "POST /v2.0/routers HTTP/1.1" status: 201 len: 654 time: 0.4140639
2026-07-02 16:36:25.689 9 INFO neutron.wsgi [None req-f75a70f1-2d9d-46c5-b571-42d7113f8b9a 7bdf542520e04f29b6f1f606a8027db5 5c1ae97630534c17a97fd5514927836e - - default default] 10.0.0.230 "PUT /v2.0/routers/876d31b2-6922-4825-b01b-ff52df9fe156/tags HTTP/1.1" status: 200 len: 218 time: 0.0674677
2026-07-02 16:36:25.739 9 INFO neutron.wsgi [None req-aaa8363b-d4e6-4a87-9513-1962a1d73fee 7bdf542520e04f29b6f1f606a8027db5 5c1ae97630534c17a97fd5514927836e - - default default] 10.0.0.230 "GET /v2.0/routers/876d31b2-6922-4825-b01b-ff52df9fe156/tags HTTP/1.1" status: 200 len: 218 time: 0.0450757
2026-07-02 16:36:25.749 10 INFO neutron.wsgi [req-f97d151b-14c6-44be-a7a8-2de92cd8f0b1 req-f17ded22-6f69-4865-8b49-63576d794cc5 50fa562da1624cbea2a43269495c5834 b2978499f2b8484d949f26903116f896 - - default default] 10.0.0.139 "GET /v2.0/ports?device_id=88a6f6fd-8afd-45d6-b9b0-0ace91fe4e6b HTTP/1.1" status: 200 len: 1210 time: 0.0427115
2026-07-02 16:36:25.822 9 INFO neutron.wsgi [None req-3f49c4ff-bf2e-413e-b7aa-650f67fff29c 7bdf542520e04f29b6f1f606a8027db5 5c1ae97630534c17a97fd5514927836e - - default default] 10.0.0.230 "PUT /v2.0/routers/876d31b2-6922-4825-b01b-ff52df9fe156/tags/green HTTP/1.1" status: 201 len: 201 time: 0.0776756
2026-07-02 16:36:25.823 10 INFO neutron.wsgi [req-f97d151b-14c6-44be-a7a8-2de92cd8f0b1 req-5c094f99-408e-46bd-865a-c2808253cd65 50fa562da1624cbea2a43269495c5834 b2978499f2b8484d949f26903116f896 - - default default] 10.0.0.139 "GET /v2.0/security-groups?id=b27b828d-6a8f-4997-8f38-834173560273&id=bc8098ca-ee52-4ad3-9a05-3eb2a4ec8ad8&fields=id&fields=name HTTP/1.1" status: 200 len: 406 time: 0.0678816
2026-07-02 16:36:25.897 9 INFO neutron.wsgi [None req-98042105-73d1-45e5-a8db-5db44dd180db 7bdf542520e04f29b6f1f606a8027db5 5c1ae97630534c17a97fd5514927836e - - default default] 10.0.0.230 "GET /v2.0/routers/876d31b2-6922-4825-b01b-ff52df9fe156/tags HTTP/1.1" status: 200 len: 227 time: 0.0668054
2026-07-02 16:36:25.957 9 INFO neutron.wsgi [None req-fda9fb92-3fda-41b1-ac22-af7b014f0e51 7bdf542520e04f29b6f1f606a8027db5 5c1ae97630534c17a97fd5514927836e - - default default] 10.0.0.230 "PUT /v2.0/routers/876d31b2-6922-4825-b01b-ff52df9fe156/tags/red HTTP/1.1" status: 201 len: 201 time: 0.0554206
2026-07-02 16:36:26.031 10 INFO neutron.wsgi [None req-ed4ca0ef-9199-46de-8827-aa0e705cd9f9 7bdf542520e04f29b6f1f606a8027db5 5c1ae97630534c17a97fd5514927836e - - default default] 10.0.0.230 "GET /v2.0/routers/876d31b2-6922-4825-b01b-ff52df9fe156/tags HTTP/1.1" status: 200 len: 227 time: 0.0683968
2026-07-02 16:36:26.063 10 INFO neutron.wsgi [req-9b150f23-2c67-41eb-be8b-fb883806501d req-32431aec-7d53-4c30-9540-d38b074b9586 50fa562da1624cbea2a43269495c5834 b2978499f2b8484d949f26903116f896 - - default default] 10.0.0.139 "GET /v2.0/ports?device_id=88a6f6fd-8afd-45d6-b9b0-0ace91fe4e6b HTTP/1.1" status: 200 len: 1210 time: 0.1531174
2026-07-02 16:36:26.116 9 INFO neutron.wsgi [None req-b03731bc-2de1-414c-aea8-c470ba537641 7bdf542520e04f29b6f1f606a8027db5 5c1ae97630534c17a97fd5514927836e - - default default] 10.0.0.230 "PUT /v2.0/routers/876d31b2-6922-4825-b01b-ff52df9fe156/tags/black.or.white HTTP/1.1" status: 201 len: 201 time: 0.0770607
2026-07-02 16:36:26.211 9 INFO neutron.db.ovn_revision_numbers_db [None req-98c87f58-62f8-4165-a19e-c6143458da9a bd546687ec2b430fbb5f47b38dd6b481 69a0e91688254a8eb728dd4e1458b4fa - - default default] Successfully bumped revision number for resource d7822ca5-803a-48b4-aace-1c8ba99022dc (type: security_groups) to 1
2026-07-02 16:36:26.225 9 INFO neutron.wsgi [None req-623cf5ec-eb2c-42c6-9d21-55155372c302 7bdf542520e04f29b6f1f606a8027db5 5c1ae97630534c17a97fd5514927836e - - default default] 10.0.0.230 "GET /v2.0/routers/876d31b2-6922-4825-b01b-ff52df9fe156/tags HTTP/1.1" status: 200 len: 245 time: 0.0847907
2026-07-02 16:36:26.266 9 INFO neutron.db.ovn_revision_numbers_db [None req-98c87f58-62f8-4165-a19e-c6143458da9a bd546687ec2b430fbb5f47b38dd6b481 69a0e91688254a8eb728dd4e1458b4fa - - default default] Successfully bumped revision number for resource 7f4d9082-c355-4e9a-9dbf-91265edfeea6 (type: security_group_rules) to 0
2026-07-02 16:36:26.300 9 INFO neutron.db.ovn_revision_numbers_db [None req-98c87f58-62f8-4165-a19e-c6143458da9a bd546687ec2b430fbb5f47b38dd6b481 69a0e91688254a8eb728dd4e1458b4fa - - default default] Successfully bumped revision number for resource a21146e2-0688-4ab9-a9aa-517da8f3cc18 (type: security_group_rules) to 0
2026-07-02 16:36:26.309 9 INFO neutron.notifiers.nova [-] Nova event matching ['req-173a5230-b27e-4863-a437-0c364cbd8092'] response: {'server_uuid': '88a6f6fd-8afd-45d6-b9b0-0ace91fe4e6b', 'name': 'network-vif-plugged', 'status': 'completed', 'tag': '81819dbd-d685-4fcd-8cfc-7882ff27ff77', 'code': 200}
2026-07-02 16:36:26.317 9 INFO neutron.wsgi [None req-3095926c-1e49-4f57-a7d9-81560dd0c3e9 7bdf542520e04f29b6f1f606a8027db5 5c1ae97630534c17a97fd5514927836e - - default default] 10.0.0.230 "PUT /v2.0/routers/876d31b2-6922-4825-b01b-ff52df9fe156/tags HTTP/1.1" status: 200 len: 230 time: 0.0868275
2026-07-02 16:36:26.320 9 INFO neutron.db.ovn_revision_numbers_db [None req-98c87f58-62f8-4165-a19e-c6143458da9a bd546687ec2b430fbb5f47b38dd6b481 69a0e91688254a8eb728dd4e1458b4fa - - default default] Successfully bumped revision number for resource dcd4204f-bd0c-4120-a7f5-6db59af82d5e (type: security_group_rules) to 0
2026-07-02 16:36:26.364 9 INFO neutron.db.ovn_revision_numbers_db [None req-98c87f58-62f8-4165-a19e-c6143458da9a bd546687ec2b430fbb5f47b38dd6b481 69a0e91688254a8eb728dd4e1458b4fa - - default default] Successfully bumped revision number for resource df7f9978-b635-412f-80f3-a0d510314751 (type: security_group_rules) to 0
2026-07-02 16:36:26.368 9 INFO neutron.wsgi [None req-5597cdc5-114e-4d8b-a8ff-3d0720f87b44 7bdf542520e04f29b6f1f606a8027db5 5c1ae97630534c17a97fd5514927836e - - default default] 10.0.0.230 "GET /v2.0/routers/876d31b2-6922-4825-b01b-ff52df9fe156/tags HTTP/1.1" status: 200 len: 230 time: 0.0466352
2026-07-02 16:36:26.425 9 INFO neutron.wsgi [None req-98c87f58-62f8-4165-a19e-c6143458da9a bd546687ec2b430fbb5f47b38dd6b481 69a0e91688254a8eb728dd4e1458b4fa - - default default] 10.0.0.230 "GET /v2.0/security-groups?tenant_id=149faa6c08ff4648b44fb3ded3f50327&name=default HTTP/1.1" status: 200 len: 2996 time: 0.6019576
2026-07-02 16:36:26.431 9 INFO neutron.wsgi [None req-d4399fb4-3cc9-4de9-8f80-0d4ff7be8024 7bdf542520e04f29b6f1f606a8027db5 5c1ae97630534c17a97fd5514927836e - - default default] 10.0.0.230 "GET /v2.0/routers/876d31b2-6922-4825-b01b-ff52df9fe156/tags/red HTTP/1.1" status: 204 len: 168 time: 0.0587387
2026-07-02 16:36:26.494 9 INFO neutron.api.v2.resource [None req-588c2ed4-f31e-4798-bfbb-2dfb59268637 7bdf542520e04f29b6f1f606a8027db5 5c1ae97630534c17a97fd5514927836e - - default default] show failed (client error): The resource could not be found.
2026-07-02 16:36:26.495 9 INFO neutron.wsgi [None req-588c2ed4-f31e-4798-bfbb-2dfb59268637 7bdf542520e04f29b6f1f606a8027db5 5c1ae97630534c17a97fd5514927836e - - default default] 10.0.0.230 "GET /v2.0/routers/876d31b2-6922-4825-b01b-ff52df9fe156/tags/green HTTP/1.1" status: 404 len: 299 time: 0.0585771
2026-07-02 16:36:26.576 9 INFO neutron.wsgi [None req-4b2e9ca0-19e6-418c-abb3-8acae411c337 7bdf542520e04f29b6f1f606a8027db5 5c1ae97630534c17a97fd5514927836e - - default default] 10.0.0.230 "DELETE /v2.0/routers/876d31b2-6922-4825-b01b-ff52df9fe156/tags/red HTTP/1.1" status: 204 len: 168 time: 0.0696032
2026-07-02 16:36:26.625 10 INFO neutron.wsgi [None req-54938f45-1efa-4318-9750-91f40aac1e68 bd546687ec2b430fbb5f47b38dd6b481 69a0e91688254a8eb728dd4e1458b4fa - - default default] 10.0.0.229 "GET /v2.0/networks HTTP/1.1" status: 200 len: 3864 time: 0.4486969
2026-07-02 16:36:26.625 9 INFO neutron.wsgi [None req-c68fa5d1-9482-41d6-8d15-6754eabd02ca 7bdf542520e04f29b6f1f606a8027db5 5c1ae97630534c17a97fd5514927836e - - default default] 10.0.0.230 "GET /v2.0/routers/876d31b2-6922-4825-b01b-ff52df9fe156/tags HTTP/1.1" status: 200 len: 223 time: 0.0447755
2026-07-02 16:36:26.661 10 INFO neutron.db.l3_db [None req-8a5be802-5596-42df-80b4-022495a44f29 50fa562da1624cbea2a43269495c5834 b2978499f2b8484d949f26903116f896 - - default default] Floating IP 2f145009-6c9b-4c91-a961-d18f7a492456 associated. External IP: 10.96.250.209, port: 81819dbd-d685-4fcd-8cfc-7882ff27ff77.
2026-07-02 16:36:26.665 10 INFO neutron.wsgi [None req-a0f76c67-6c9e-44f4-bcd4-f19b1170ff93 bd546687ec2b430fbb5f47b38dd6b481 69a0e91688254a8eb728dd4e1458b4fa - - default default] 10.0.0.229 "GET /v2.0/subnets HTTP/1.1" status: 200 len: 2744 time: 0.0337307
2026-07-02 16:36:26.680 9 INFO neutron.api.v2.resource [None req-64a38649-37b6-4914-9910-e3380a7e8c56 7bdf542520e04f29b6f1f606a8027db5 5c1ae97630534c17a97fd5514927836e - - default default] delete failed (client error): The resource could not be found.
2026-07-02 16:36:26.681 9 INFO neutron.wsgi [None req-64a38649-37b6-4914-9910-e3380a7e8c56 7bdf542520e04f29b6f1f606a8027db5 5c1ae97630534c17a97fd5514927836e - - default default] 10.0.0.230 "DELETE /v2.0/routers/876d31b2-6922-4825-b01b-ff52df9fe156/tags/green HTTP/1.1" status: 404 len: 299 time: 0.0502970
2026-07-02 16:36:26.704 10 INFO neutron.wsgi [None req-3b47e6d7-1240-4a30-925d-134df766ade0 bd546687ec2b430fbb5f47b38dd6b481 69a0e91688254a8eb728dd4e1458b4fa - - default default] 10.0.0.229 "GET /v2.0/agents HTTP/1.1" status: 200 len: 997 time: 0.0367615
2026-07-02 16:36:26.760 9 INFO neutron.wsgi [None req-42b13127-5013-41c2-9b03-a15cf8694d39 7bdf542520e04f29b6f1f606a8027db5 5c1ae97630534c17a97fd5514927836e - - default default] 10.0.0.230 "DELETE /v2.0/routers/876d31b2-6922-4825-b01b-ff52df9fe156/tags HTTP/1.1" status: 204 len: 168 time: 0.0726228
2026-07-02 16:36:26.814 10 INFO neutron.wsgi [None req-58d135a9-93fa-42cd-9e7f-c1ac77729f31 bd546687ec2b430fbb5f47b38dd6b481 69a0e91688254a8eb728dd4e1458b4fa - - default default] 10.0.0.229 "GET /v2.0/routers HTTP/1.1" status: 200 len: 1999 time: 0.1070664
2026-07-02 16:36:26.818 9 INFO neutron.wsgi [None req-c81b5b72-1fb2-4bf4-846b-0877066ece84 7bdf542520e04f29b6f1f606a8027db5 5c1ae97630534c17a97fd5514927836e - - default default] 10.0.0.230 "GET /v2.0/routers/876d31b2-6922-4825-b01b-ff52df9fe156/tags HTTP/1.1" status: 200 len: 205 time: 0.0529320
2026-07-02 16:36:26.828 10 INFO neutron.wsgi [None req-a278531c-8d90-4ada-a32e-2227c2488406 bd546687ec2b430fbb5f47b38dd6b481 69a0e91688254a8eb728dd4e1458b4fa - - default default] 10.0.0.229 "GET /v2.0/agents?binary=ovn-controller HTTP/1.1" status: 200 len: 591 time: 0.0119700
2026-07-02 16:36:26.854 9 INFO neutron.wsgi [None req-400d8a1d-7a46-474d-aec9-036ca4b66935 bd546687ec2b430fbb5f47b38dd6b481 69a0e91688254a8eb728dd4e1458b4fa - - default default] 10.0.0.230 "DELETE /v2.0/security-groups/d7822ca5-803a-48b4-aace-1c8ba99022dc HTTP/1.1" status: 204 len: 168 time: 0.4224384
2026-07-02 16:36:26.875 10 INFO neutron.wsgi [None req-18a8ef52-0544-4dc6-a321-7d7141ce56f5 bd546687ec2b430fbb5f47b38dd6b481 69a0e91688254a8eb728dd4e1458b4fa - - default default] 10.0.0.229 "GET /v2.0/floatingips HTTP/1.1" status: 200 len: 1033 time: 0.0449080
2026-07-02 16:36:26.884 9 INFO neutron.wsgi [None req-ad79764e-612a-4444-81c7-3a5e2ad3c7bf 7bdf542520e04f29b6f1f606a8027db5 5c1ae97630534c17a97fd5514927836e - - default default] 10.0.0.230 "GET /v2.0/routers/876d31b2-6922-4825-b01b-ff52df9fe156 HTTP/1.1" status: 200 len: 655 time: 0.0603952 /var/lib/openstack/lib/python3.10/site-packages/pycadf/identifier.py:71: UserWarning: Invalid uuid: neutron. To ensure interoperability, identifiers should be a valid uuid. warnings.warn(('Invalid uuid: %s. To ensure interoperability, '
2026-07-02 16:36:26.998 10 INFO neutron.db.ovn_revision_numbers_db [None req-8a5be802-5596-42df-80b4-022495a44f29 50fa562da1624cbea2a43269495c5834 b2978499f2b8484d949f26903116f896 - - default default] Successfully bumped revision number for resource 2f145009-6c9b-4c91-a961-d18f7a492456 (type: floatingips) to 1
2026-07-02 16:36:27.025 10 INFO neutron.wsgi [None req-5a90148f-963a-46c5-a7f8-5085844f6f5e bd546687ec2b430fbb5f47b38dd6b481 69a0e91688254a8eb728dd4e1458b4fa - - default default] 10.0.0.229 "GET /v2.0/security-groups HTTP/1.1" status: 200 len: 32979 time: 0.1440244
2026-07-02 16:36:27.060 10 INFO neutron.wsgi [None req-44e98a7f-aac7-4a2e-9fb2-e053bd969f4a bd546687ec2b430fbb5f47b38dd6b481 69a0e91688254a8eb728dd4e1458b4fa - - default default] 10.0.0.229 "GET /v2.0/network-ip-availabilities HTTP/1.1" status: 200 len: 2222 time: 0.0267222
2026-07-02 16:36:27.117 10 INFO neutron.wsgi [None req-2d38479c-544e-4a04-aa73-dc57099d9c58 bd546687ec2b430fbb5f47b38dd6b481 69a0e91688254a8eb728dd4e1458b4fa - - default default] 10.0.0.229 "GET /v2.0/ports HTTP/1.1" status: 200 len: 14033 time: 0.0549929
2026-07-02 16:36:27.164 10 INFO neutron.wsgi [None req-499ba784-8c0c-44a8-ae8f-e2c398070b2a bd546687ec2b430fbb5f47b38dd6b481 69a0e91688254a8eb728dd4e1458b4fa - - default default] 10.0.0.229 "GET /v2.0/subnets HTTP/1.1" status: 200 len: 2744 time: 0.0399418
2026-07-02 16:36:27.174 10 INFO neutron.db.ovn_revision_numbers_db [None req-8a5be802-5596-42df-80b4-022495a44f29 50fa562da1624cbea2a43269495c5834 b2978499f2b8484d949f26903116f896 - - default default] Successfully bumped revision number for resource 2f145009-6c9b-4c91-a961-d18f7a492456 (type: floatingips) to 2
2026-07-02 16:36:27.178 10 INFO neutron.wsgi [None req-b98f68f9-d344-4f2c-8ead-46c3d964c8c6 bd546687ec2b430fbb5f47b38dd6b481 69a0e91688254a8eb728dd4e1458b4fa - - default default] 10.0.0.229 "GET /v2.0/subnetpools HTTP/1.1" status: 200 len: 193 time: 0.0117342
2026-07-02 16:36:27.194 10 INFO neutron.wsgi [None req-8a5be802-5596-42df-80b4-022495a44f29 50fa562da1624cbea2a43269495c5834 b2978499f2b8484d949f26903116f896 - - default default] 10.0.0.230 "PUT /v2.0/floatingips/2f145009-6c9b-4c91-a961-d18f7a492456 HTTP/1.1" status: 200 len: 1049 time: 1.1176324
2026-07-02 16:36:27.237 10 INFO neutron.notifiers.nova [-] Nova event matching ['req-cd7c4b17-f4d0-4ee0-bcad-b4c5d876fb5e'] response: {'name': 'network-changed', 'server_uuid': '88a6f6fd-8afd-45d6-b9b0-0ace91fe4e6b', 'tag': '81819dbd-d685-4fcd-8cfc-7882ff27ff77', 'status': 'completed', 'code': 200}
2026-07-02 16:36:27.278 9 INFO neutron.wsgi [None req-83699d1f-179c-4f01-be6f-57d7d5874a45 bd546687ec2b430fbb5f47b38dd6b481 69a0e91688254a8eb728dd4e1458b4fa - - default default] 10.0.0.230 "GET /v2.0/security-groups?tenant_id=ee7b9fdbeda944c0aa8f23ae507449d8&name=default HTTP/1.1" status: 200 len: 2996 time: 0.3080027
2026-07-02 16:36:27.307 10 INFO neutron.wsgi [req-4af7299d-1fa0-40be-af02-5a81c2ea6842 req-fa3052ae-0377-4ff8-a888-390162bab6d3 327d71ac995a46eaacf649b2f67c60aa 35deebd45d40463cafd722279d08dd2a - - b8539c3d20bb43fea2c7811c93745a0d b8539c3d20bb43fea2c7811c93745a0d] 199.204.45.129 "GET /v2.0/ports?tenant_id=b2978499f2b8484d949f26903116f896&device_id=88a6f6fd-8afd-45d6-b9b0-0ace91fe4e6b HTTP/1.1" status: 200 len: 1448 time: 0.0338080
2026-07-02 16:36:27.368 10 INFO neutron.wsgi [req-4af7299d-1fa0-40be-af02-5a81c2ea6842 req-dd6c4a07-c75b-4b5a-ba5f-c9247915f896 327d71ac995a46eaacf649b2f67c60aa 35deebd45d40463cafd722279d08dd2a - - b8539c3d20bb43fea2c7811c93745a0d b8539c3d20bb43fea2c7811c93745a0d] 199.204.45.129 "GET /v2.0/networks?id=c0c48bbf-0c49-43cd-835b-6272bf42e169 HTTP/1.1" status: 200 len: 971 time: 0.0550771
2026-07-02 16:36:27.427 10 INFO neutron.wsgi [req-4af7299d-1fa0-40be-af02-5a81c2ea6842 req-398d1e0d-dc86-4750-a465-d361d6f30adf 327d71ac995a46eaacf649b2f67c60aa 35deebd45d40463cafd722279d08dd2a - - b8539c3d20bb43fea2c7811c93745a0d b8539c3d20bb43fea2c7811c93745a0d] 199.204.45.129 "GET /v2.0/floatingips?fixed_ip_address=10.100.0.5&port_id=81819dbd-d685-4fcd-8cfc-7882ff27ff77 HTTP/1.1" status: 200 len: 1059 time: 0.0523498
2026-07-02 16:36:27.465 10 INFO neutron.wsgi [req-4af7299d-1fa0-40be-af02-5a81c2ea6842 req-85bd451b-bbb6-4289-ac94-04e64ea8730c 327d71ac995a46eaacf649b2f67c60aa 35deebd45d40463cafd722279d08dd2a - - b8539c3d20bb43fea2c7811c93745a0d b8539c3d20bb43fea2c7811c93745a0d] 199.204.45.129 "GET /v2.0/subnets?id=8c85cc02-1321-406c-abcd-ed4179fbc1b6 HTTP/1.1" status: 200 len: 866 time: 0.0308385
2026-07-02 16:36:27.491 10 INFO neutron.wsgi [req-4af7299d-1fa0-40be-af02-5a81c2ea6842 req-cdb6d2ea-5753-4890-8688-ca8e9d3f4959 327d71ac995a46eaacf649b2f67c60aa 35deebd45d40463cafd722279d08dd2a - - b8539c3d20bb43fea2c7811c93745a0d b8539c3d20bb43fea2c7811c93745a0d] 199.204.45.129 "GET /v2.0/ports?network_id=c0c48bbf-0c49-43cd-835b-6272bf42e169&device_owner=network%3Adhcp HTTP/1.1" status: 200 len: 210 time: 0.0212779
2026-07-02 16:36:27.549 10 INFO neutron.wsgi [req-4af7299d-1fa0-40be-af02-5a81c2ea6842 req-3461de39-fee5-4b4c-a0b8-a552cb73e69c 327d71ac995a46eaacf649b2f67c60aa 35deebd45d40463cafd722279d08dd2a - - b8539c3d20bb43fea2c7811c93745a0d b8539c3d20bb43fea2c7811c93745a0d] 199.204.45.129 "GET /v2.0/networks/c0c48bbf-0c49-43cd-835b-6272bf42e169?fields=segments HTTP/1.1" status: 200 len: 212 time: 0.0499172
2026-07-02 16:36:27.603 9 INFO neutron.db.ovn_revision_numbers_db [None req-39fbef48-12e7-46a9-b3bd-9eb9990e1c69 7bdf542520e04f29b6f1f606a8027db5 5c1ae97630534c17a97fd5514927836e - - default default] Successfully bumped revision number for resource 876d31b2-6922-4825-b01b-ff52df9fe156 (type: routers) to 7
2026-07-02 16:36:27.606 9 INFO neutron.wsgi [None req-39fbef48-12e7-46a9-b3bd-9eb9990e1c69 7bdf542520e04f29b6f1f606a8027db5 5c1ae97630534c17a97fd5514927836e - - default default] 10.0.0.230 "PUT /v2.0/routers/876d31b2-6922-4825-b01b-ff52df9fe156 HTTP/1.1" status: 200 len: 655 time: 0.7177098
2026-07-02 16:36:27.617 10 INFO neutron.wsgi [req-4af7299d-1fa0-40be-af02-5a81c2ea6842 req-e7212443-8946-4616-bc9a-3a9244291522 327d71ac995a46eaacf649b2f67c60aa 35deebd45d40463cafd722279d08dd2a - - b8539c3d20bb43fea2c7811c93745a0d b8539c3d20bb43fea2c7811c93745a0d] 199.204.45.129 "GET /v2.0/networks/c0c48bbf-0c49-43cd-835b-6272bf42e169?fields=provider%3Aphysical_network&fields=provider%3Anetwork_type HTTP/1.1" status: 200 len: 277 time: 0.0605657
2026-07-02 16:36:27.637 9 INFO neutron.wsgi [None req-2df318b7-f632-4b0c-a14b-83594a5fcdcd 7bdf542520e04f29b6f1f606a8027db5 5c1ae97630534c17a97fd5514927836e - - default default] 10.0.0.230 "GET /v2.0/ports?device_id=876d31b2-6922-4825-b01b-ff52df9fe156 HTTP/1.1" status: 200 len: 205 time: 0.0254180
2026-07-02 16:36:27.668 9 INFO neutron.wsgi [None req-16094d95-390a-4ac5-b055-30d3c5dbd808 bd546687ec2b430fbb5f47b38dd6b481 69a0e91688254a8eb728dd4e1458b4fa - - default default] 10.0.0.230 "DELETE /v2.0/security-groups/dea61e00-fe62-414b-bc18-61f9bd267707 HTTP/1.1" status: 204 len: 168 time: 0.3800869
2026-07-02 16:36:27.887 9 INFO neutron.wsgi [None req-16c71139-80e1-48aa-a9cd-90060af1dbae 7bdf542520e04f29b6f1f606a8027db5 5c1ae97630534c17a97fd5514927836e - - default default] 10.0.0.230 "DELETE /v2.0/routers/876d31b2-6922-4825-b01b-ff52df9fe156 HTTP/1.1" status: 204 len: 168 time: 0.2461874
2026-07-02 16:36:28.653 9 INFO neutron.wsgi [-] 10.0.0.103 "GET / HTTP/1.1" status: 200 len: 247 time: 0.0016973
2026-07-02 16:36:28.655 9 INFO neutron.wsgi [-] 10.0.0.103 "GET / HTTP/1.1" status: 200 len: 247 time: 0.0012298
2026-07-02 16:36:28.833 10 INFO neutron.db.ovn_revision_numbers_db [None req-595ead12-0514-4b98-8044-6792714d6d82 bd546687ec2b430fbb5f47b38dd6b481 69a0e91688254a8eb728dd4e1458b4fa - - default default] Successfully bumped revision number for resource 2a5a5b62-a7b2-43c1-a7f8-3fe803d5a01c (type: security_groups) to 1
2026-07-02 16:36:28.849 10 INFO neutron.db.ovn_revision_numbers_db [None req-595ead12-0514-4b98-8044-6792714d6d82 bd546687ec2b430fbb5f47b38dd6b481 69a0e91688254a8eb728dd4e1458b4fa - - default default] Successfully bumped revision number for resource 37bf1659-d51d-42fd-8b54-ea1cd806b5cf (type: security_group_rules) to 0
2026-07-02 16:36:28.871 10 INFO neutron.db.ovn_revision_numbers_db [None req-595ead12-0514-4b98-8044-6792714d6d82 bd546687ec2b430fbb5f47b38dd6b481 69a0e91688254a8eb728dd4e1458b4fa - - default default] Successfully bumped revision number for resource 877c6bb8-8e12-4dfc-8fb9-c040eaa505fa (type: security_group_rules) to 0
2026-07-02 16:36:28.885 10 INFO neutron.db.ovn_revision_numbers_db [None req-595ead12-0514-4b98-8044-6792714d6d82 bd546687ec2b430fbb5f47b38dd6b481 69a0e91688254a8eb728dd4e1458b4fa - - default default] Successfully bumped revision number for resource bd541343-4b18-4fbc-a876-373eb891ba53 (type: security_group_rules) to 0
2026-07-02 16:36:28.900 10 INFO neutron.db.ovn_revision_numbers_db [None req-595ead12-0514-4b98-8044-6792714d6d82 bd546687ec2b430fbb5f47b38dd6b481 69a0e91688254a8eb728dd4e1458b4fa - - default default] Successfully bumped revision number for resource c91b1c2c-c778-44f8-8c31-3bcd521a7de2 (type: security_group_rules) to 0
2026-07-02 16:36:28.922 10 INFO neutron.wsgi [None req-595ead12-0514-4b98-8044-6792714d6d82 bd546687ec2b430fbb5f47b38dd6b481 69a0e91688254a8eb728dd4e1458b4fa - - default default] 10.0.0.230 "GET /v2.0/security-groups?tenant_id=b900c066d4964a908ceb27c35025d20b&name=default HTTP/1.1" status: 200 len: 2996 time: 0.3268390
2026-07-02 16:36:29.126 9 INFO neutron.db.ovn_revision_numbers_db [None req-537fea96-cb28-41f6-80c2-2b8ab436fd40 bd546687ec2b430fbb5f47b38dd6b481 69a0e91688254a8eb728dd4e1458b4fa - - default default] Successfully bumped revision number for resource fe784091-6d18-4424-852f-0e89ee2430e4 (type: security_groups) to 1
2026-07-02 16:36:29.146 9 INFO neutron.db.ovn_revision_numbers_db [None req-537fea96-cb28-41f6-80c2-2b8ab436fd40 bd546687ec2b430fbb5f47b38dd6b481 69a0e91688254a8eb728dd4e1458b4fa - - default default] Successfully bumped revision number for resource 02402472-112b-494a-a41d-e4ce6ac3c9e7 (type: security_group_rules) to 0
2026-07-02 16:36:29.160 9 INFO neutron.db.ovn_revision_numbers_db [None req-537fea96-cb28-41f6-80c2-2b8ab436fd40 bd546687ec2b430fbb5f47b38dd6b481 69a0e91688254a8eb728dd4e1458b4fa - - default default] Successfully bumped revision number for resource 3875254f-2162-41ef-876d-c98b4c2fd1cc (type: security_group_rules) to 0
2026-07-02 16:36:29.175 9 INFO neutron.db.ovn_revision_numbers_db [None req-537fea96-cb28-41f6-80c2-2b8ab436fd40 bd546687ec2b430fbb5f47b38dd6b481 69a0e91688254a8eb728dd4e1458b4fa - - default default] Successfully bumped revision number for resource 817369eb-9863-40db-970c-2cd8ff6e8c22 (type: security_group_rules) to 0
2026-07-02 16:36:29.189 9 INFO neutron.wsgi [None req-b5b2e4ca-7f91-4d4d-83fe-c1447991a126 bd546687ec2b430fbb5f47b38dd6b481 69a0e91688254a8eb728dd4e1458b4fa - - default default] 10.0.0.230 "DELETE /v2.0/security-groups/2a5a5b62-a7b2-43c1-a7f8-3fe803d5a01c HTTP/1.1" status: 204 len: 168 time: 0.2619021
2026-07-02 16:36:29.194 9 INFO neutron.db.ovn_revision_numbers_db [None req-537fea96-cb28-41f6-80c2-2b8ab436fd40 bd546687ec2b430fbb5f47b38dd6b481 69a0e91688254a8eb728dd4e1458b4fa - - default default] Successfully bumped revision number for resource 86010fe5-3115-4bd4-98c0-689db571149d (type: security_group_rules) to 0
2026-07-02 16:36:29.216 9 INFO neutron.wsgi [None req-537fea96-cb28-41f6-80c2-2b8ab436fd40 bd546687ec2b430fbb5f47b38dd6b481 69a0e91688254a8eb728dd4e1458b4fa - - default default] 10.0.0.230 "GET /v2.0/security-groups?tenant_id=daadc3984bd947b1ba3ad050fc35cfd3&name=default HTTP/1.1" status: 200 len: 2996 time: 0.3561366
2026-07-02 16:36:29.427 9 INFO neutron.wsgi [None req-663b0260-b24a-4c20-aea7-6421b61e9ee9 bd546687ec2b430fbb5f47b38dd6b481 69a0e91688254a8eb728dd4e1458b4fa - - default default] 10.0.0.230 "DELETE /v2.0/security-groups/fe784091-6d18-4424-852f-0e89ee2430e4 HTTP/1.1" status: 204 len: 168 time: 0.2060935
2026-07-02 16:36:29.486 10 INFO neutron.db.ovn_revision_numbers_db [None req-853a7ced-44ed-4e0e-a3c4-459ed002939c bd546687ec2b430fbb5f47b38dd6b481 69a0e91688254a8eb728dd4e1458b4fa - - default default] Successfully bumped revision number for resource c5ca7ef1-920f-423f-b757-dd7783febfd1 (type: security_groups) to 1
2026-07-02 16:36:29.497 10 INFO neutron.db.ovn_revision_numbers_db [None req-853a7ced-44ed-4e0e-a3c4-459ed002939c bd546687ec2b430fbb5f47b38dd6b481 69a0e91688254a8eb728dd4e1458b4fa - - default default] Successfully bumped revision number for resource 4f11a594-bb9d-4dc9-85c0-24a0de1b501b (type: security_group_rules) to 0
2026-07-02 16:36:29.512 10 INFO neutron.db.ovn_revision_numbers_db [None req-853a7ced-44ed-4e0e-a3c4-459ed002939c bd546687ec2b430fbb5f47b38dd6b481 69a0e91688254a8eb728dd4e1458b4fa - - default default] Successfully bumped revision number for resource 97c582ed-22db-4bd3-8ec5-709da71d86c6 (type: security_group_rules) to 0
2026-07-02 16:36:29.528 10 INFO neutron.db.ovn_revision_numbers_db [None req-853a7ced-44ed-4e0e-a3c4-459ed002939c bd546687ec2b430fbb5f47b38dd6b481 69a0e91688254a8eb728dd4e1458b4fa - - default default] Successfully bumped revision number for resource 9d2ba3c7-996a-48bc-ac08-fa8bdcdd6bfe (type: security_group_rules) to 0
2026-07-02 16:36:29.543 10 INFO neutron.db.ovn_revision_numbers_db [None req-853a7ced-44ed-4e0e-a3c4-459ed002939c bd546687ec2b430fbb5f47b38dd6b481 69a0e91688254a8eb728dd4e1458b4fa - - default default] Successfully bumped revision number for resource b0fac2be-48b8-4396-a3df-0ecd2351ffd0 (type: security_group_rules) to 0
2026-07-02 16:36:29.570 10 INFO neutron.wsgi [None req-853a7ced-44ed-4e0e-a3c4-459ed002939c bd546687ec2b430fbb5f47b38dd6b481 69a0e91688254a8eb728dd4e1458b4fa - - default default] 10.0.0.230 "GET /v2.0/security-groups?tenant_id=5c1ae97630534c17a97fd5514927836e&name=default HTTP/1.1" status: 200 len: 2996 time: 0.2173195
2026-07-02 16:36:29.759 10 INFO neutron.wsgi [None req-305b418f-2e57-445b-8aae-298622decdd0 bd546687ec2b430fbb5f47b38dd6b481 69a0e91688254a8eb728dd4e1458b4fa - - default default] 10.0.0.230 "DELETE /v2.0/security-groups/c5ca7ef1-920f-423f-b757-dd7783febfd1 HTTP/1.1" status: 204 len: 168 time: 0.1844385
2026-07-02 16:36:31.530 10 INFO neutron.db.ovn_revision_numbers_db [None req-a2b09297-f164-4d22-96d6-573534645c88 bd546687ec2b430fbb5f47b38dd6b481 69a0e91688254a8eb728dd4e1458b4fa - - default default] Successfully bumped revision number for resource 162c825b-3b02-4fd4-a44a-2b2be1edbe31 (type: security_groups) to 1
2026-07-02 16:36:31.544 10 INFO neutron.db.ovn_revision_numbers_db [None req-a2b09297-f164-4d22-96d6-573534645c88 bd546687ec2b430fbb5f47b38dd6b481 69a0e91688254a8eb728dd4e1458b4fa - - default default] Successfully bumped revision number for resource 090cf161-5fc5-4ee3-b297-c076c6b39212 (type: security_group_rules) to 0
2026-07-02 16:36:31.558 10 INFO neutron.db.ovn_revision_numbers_db [None req-a2b09297-f164-4d22-96d6-573534645c88 bd546687ec2b430fbb5f47b38dd6b481 69a0e91688254a8eb728dd4e1458b4fa - - default default] Successfully bumped revision number for resource 2bce07ca-be39-46a7-98ec-d01fe453c3fb (type: security_group_rules) to 0
2026-07-02 16:36:31.574 10 INFO neutron.db.ovn_revision_numbers_db [None req-a2b09297-f164-4d22-96d6-573534645c88 bd546687ec2b430fbb5f47b38dd6b481 69a0e91688254a8eb728dd4e1458b4fa - - default default] Successfully bumped revision number for resource 47320e60-1408-487d-bf12-6b04233a7446 (type: security_group_rules) to 0
2026-07-02 16:36:31.593 10 INFO neutron.db.ovn_revision_numbers_db [None req-a2b09297-f164-4d22-96d6-573534645c88 bd546687ec2b430fbb5f47b38dd6b481 69a0e91688254a8eb728dd4e1458b4fa - - default default] Successfully bumped revision number for resource f0956960-7037-4251-9cec-b171eea59e2e (type: security_group_rules) to 0
2026-07-02 16:36:31.625 10 INFO neutron.wsgi [None req-a2b09297-f164-4d22-96d6-573534645c88 bd546687ec2b430fbb5f47b38dd6b481 69a0e91688254a8eb728dd4e1458b4fa - - default default] 10.0.0.230 "GET /v2.0/security-groups?tenant_id=ac65452cb8bc44838b71e03db23eb6bb&name=default HTTP/1.1" status: 200 len: 2996 time: 0.3160956
2026-07-02 16:36:31.859 10 INFO neutron.wsgi [None req-d3851afe-61a7-433b-8247-7af2a4a8ddd7 bd546687ec2b430fbb5f47b38dd6b481 69a0e91688254a8eb728dd4e1458b4fa - - default default] 10.0.0.230 "DELETE /v2.0/security-groups/162c825b-3b02-4fd4-a44a-2b2be1edbe31 HTTP/1.1" status: 204 len: 168 time: 0.2265580
2026-07-02 16:36:32.034 9 INFO neutron.db.ovn_revision_numbers_db [None req-1ac178b4-537f-4133-8fc0-517dacf28479 bd546687ec2b430fbb5f47b38dd6b481 69a0e91688254a8eb728dd4e1458b4fa - - default default] Successfully bumped revision number for resource 693b2be7-82bb-4b9e-91e5-f54fd81f0f92 (type: security_groups) to 1
2026-07-02 16:36:32.047 9 INFO neutron.db.ovn_revision_numbers_db [None req-1ac178b4-537f-4133-8fc0-517dacf28479 bd546687ec2b430fbb5f47b38dd6b481 69a0e91688254a8eb728dd4e1458b4fa - - default default] Successfully bumped revision number for resource 014b136d-c572-4dc6-8ef5-15a14c92774a (type: security_group_rules) to 0
2026-07-02 16:36:32.062 9 INFO neutron.db.ovn_revision_numbers_db [None req-1ac178b4-537f-4133-8fc0-517dacf28479 bd546687ec2b430fbb5f47b38dd6b481 69a0e91688254a8eb728dd4e1458b4fa - - default default] Successfully bumped revision number for resource 2ec52bb6-9227-46d5-8ed0-10c83c946e2d (type: security_group_rules) to 0
2026-07-02 16:36:32.075 9 INFO neutron.db.ovn_revision_numbers_db [None req-1ac178b4-537f-4133-8fc0-517dacf28479 bd546687ec2b430fbb5f47b38dd6b481 69a0e91688254a8eb728dd4e1458b4fa - - default default] Successfully bumped revision number for resource 8408e09e-9565-426d-8777-1244490941b0 (type: security_group_rules) to 0
2026-07-02 16:36:32.089 9 INFO neutron.db.ovn_revision_numbers_db [None req-1ac178b4-537f-4133-8fc0-517dacf28479 bd546687ec2b430fbb5f47b38dd6b481 69a0e91688254a8eb728dd4e1458b4fa - - default default] Successfully bumped revision number for resource b2a969e3-fbb6-46c7-b597-ff5fedf30c27 (type: security_group_rules) to 0
2026-07-02 16:36:32.113 9 INFO neutron.wsgi [None req-1ac178b4-537f-4133-8fc0-517dacf28479 bd546687ec2b430fbb5f47b38dd6b481 69a0e91688254a8eb728dd4e1458b4fa - - default default] 10.0.0.230 "GET /v2.0/security-groups?tenant_id=b87c779f8ba64288a3268ecb3dd4c7b8&name=default HTTP/1.1" status: 200 len: 2996 time: 0.1782207
2026-07-02 16:36:32.306 9 INFO neutron.wsgi [None req-9a24be47-71d9-4220-b269-0000b186df9f bd546687ec2b430fbb5f47b38dd6b481 69a0e91688254a8eb728dd4e1458b4fa - - default default] 10.0.0.230 "DELETE /v2.0/security-groups/693b2be7-82bb-4b9e-91e5-f54fd81f0f92 HTTP/1.1" status: 204 len: 168 time: 0.1865110
2026-07-02 16:36:33.406 10 INFO neutron.db.ovn_revision_numbers_db [None req-cb0822d5-0e9e-4481-9840-563486003acc b30597db302345ec967b7cdc45651876 e050221457b14486aa1375abaee5547b - - default default] Successfully bumped revision number for resource c505dfb4-0db6-4d90-8cca-2c9e839ee9b0 (type: security_groups) to 1
2026-07-02 16:36:33.421 10 INFO neutron.db.ovn_revision_numbers_db [None req-cb0822d5-0e9e-4481-9840-563486003acc b30597db302345ec967b7cdc45651876 e050221457b14486aa1375abaee5547b - - default default] Successfully bumped revision number for resource 07a16f89-2925-475f-99b0-749188cab70e (type: security_group_rules) to 0
2026-07-02 16:36:33.437 10 INFO neutron.db.ovn_revision_numbers_db [None req-cb0822d5-0e9e-4481-9840-563486003acc b30597db302345ec967b7cdc45651876 e050221457b14486aa1375abaee5547b - - default default] Successfully bumped revision number for resource 71cf3211-a147-4c76-a13b-4ffd17579258 (type: security_group_rules) to 0
2026-07-02 16:36:33.456 10 INFO neutron.db.ovn_revision_numbers_db [None req-cb0822d5-0e9e-4481-9840-563486003acc b30597db302345ec967b7cdc45651876 e050221457b14486aa1375abaee5547b - - default default] Successfully bumped revision number for resource 75ca4844-1370-4f08-a734-5c6f4c59f0b9 (type: security_group_rules) to 0
2026-07-02 16:36:33.472 10 INFO neutron.db.ovn_revision_numbers_db [None req-cb0822d5-0e9e-4481-9840-563486003acc b30597db302345ec967b7cdc45651876 e050221457b14486aa1375abaee5547b - - default default] Successfully bumped revision number for resource f74fea2c-b03d-4777-a032-ff36301f4480 (type: security_group_rules) to 0
2026-07-02 16:36:33.531 10 INFO neutron.db.segments_db [None req-cb0822d5-0e9e-4481-9840-563486003acc b30597db302345ec967b7cdc45651876 e050221457b14486aa1375abaee5547b - - default default] Added segment 419425cc-ec75-4324-9b70-12bfa5689840 of type geneve for network 56a9a8a4-021c-49d7-b04e-03d14d03c48c
2026-07-02 16:36:33.718 10 INFO neutron.db.ovn_revision_numbers_db [None req-cb0822d5-0e9e-4481-9840-563486003acc b30597db302345ec967b7cdc45651876 e050221457b14486aa1375abaee5547b - - default default] Successfully bumped revision number for resource 56a9a8a4-021c-49d7-b04e-03d14d03c48c (type: networks) to 1
2026-07-02 16:36:33.942 10 WARNING neutron.scheduler.dhcp_agent_scheduler [None req-cb0822d5-0e9e-4481-9840-563486003acc b30597db302345ec967b7cdc45651876 e050221457b14486aa1375abaee5547b - - default default] No more DHCP agents
2026-07-02 16:36:33.946 10 WARNING neutron.api.rpc.agentnotifiers.dhcp_rpc_agent_api [None req-cb0822d5-0e9e-4481-9840-563486003acc b30597db302345ec967b7cdc45651876 e050221457b14486aa1375abaee5547b - - default default] Unable to schedule network 56a9a8a4-021c-49d7-b04e-03d14d03c48c: no agents available; will retry on subsequent port and subnet creation events.
2026-07-02 16:36:33.976 9 INFO neutron.db.ovn_revision_numbers_db [None req-afb80243-4379-4508-9542-7aaea3ddaa55 fdaa59e22978421e9d57c611405ef44e 2be9f7e663784573821a9202581705de - - default default] Successfully bumped revision number for resource 8957dbb2-2a40-482b-b4db-26e234f766fc (type: security_groups) to 1
2026-07-02 16:36:33.993 9 INFO neutron.db.ovn_revision_numbers_db [None req-afb80243-4379-4508-9542-7aaea3ddaa55 fdaa59e22978421e9d57c611405ef44e 2be9f7e663784573821a9202581705de - - default default] Successfully bumped revision number for resource 51fe346e-cdac-434f-b74d-843308d609fb (type: security_group_rules) to 0
2026-07-02 16:36:34.014 9 INFO neutron.db.ovn_revision_numbers_db [None req-afb80243-4379-4508-9542-7aaea3ddaa55 fdaa59e22978421e9d57c611405ef44e 2be9f7e663784573821a9202581705de - - default default] Successfully bumped revision number for resource 641ba37a-dbe9-4ced-9cb2-57abad7f6da2 (type: security_group_rules) to 0
2026-07-02 16:36:34.028 10 INFO neutron.db.ovn_revision_numbers_db [None req-cb0822d5-0e9e-4481-9840-563486003acc b30597db302345ec967b7cdc45651876 e050221457b14486aa1375abaee5547b - - default default] Successfully bumped revision number for resource 4eb0618d-515d-4dae-8376-b458ebf410de (type: ports) to 1
2026-07-02 16:36:34.033 9 INFO neutron.db.ovn_revision_numbers_db [None req-afb80243-4379-4508-9542-7aaea3ddaa55 fdaa59e22978421e9d57c611405ef44e 2be9f7e663784573821a9202581705de - - default default] Successfully bumped revision number for resource d1997ef9-ddf0-46f7-b454-d307721487e7 (type: security_group_rules) to 0
2026-07-02 16:36:34.051 9 INFO neutron.db.ovn_revision_numbers_db [None req-afb80243-4379-4508-9542-7aaea3ddaa55 fdaa59e22978421e9d57c611405ef44e 2be9f7e663784573821a9202581705de - - default default] Successfully bumped revision number for resource e09cbb01-c6cd-454c-8961-59577c20f9c0 (type: security_group_rules) to 0
2026-07-02 16:36:34.052 10 INFO neutron.wsgi [None req-cb0822d5-0e9e-4481-9840-563486003acc b30597db302345ec967b7cdc45651876 e050221457b14486aa1375abaee5547b - - default default] 10.0.0.230 "POST /v2.0/networks HTTP/1.1" status: 201 len: 829 time: 0.9663842
2026-07-02 16:36:34.100 9 INFO neutron.db.segments_db [None req-afb80243-4379-4508-9542-7aaea3ddaa55 fdaa59e22978421e9d57c611405ef44e 2be9f7e663784573821a9202581705de - - default default] Added segment ff8e07b1-4286-4d24-9beb-369bb0906cf9 of type geneve for network a450f3f8-31b9-4a3c-9b26-008e53e3df9c
2026-07-02 16:36:34.260 9 INFO neutron.db.ovn_revision_numbers_db [None req-afb80243-4379-4508-9542-7aaea3ddaa55 fdaa59e22978421e9d57c611405ef44e 2be9f7e663784573821a9202581705de - - default default] Successfully bumped revision number for resource a450f3f8-31b9-4a3c-9b26-008e53e3df9c (type: networks) to 1
2026-07-02 16:36:34.316 10 WARNING neutron.scheduler.dhcp_agent_scheduler [None req-690f615c-6d44-49ec-8cf9-38ecfaf8fb45 b30597db302345ec967b7cdc45651876 e050221457b14486aa1375abaee5547b - - default default] No more DHCP agents
2026-07-02 16:36:34.320 10 WARNING neutron.api.rpc.agentnotifiers.dhcp_rpc_agent_api [None req-690f615c-6d44-49ec-8cf9-38ecfaf8fb45 b30597db302345ec967b7cdc45651876 e050221457b14486aa1375abaee5547b - - default default] Unable to schedule network 56a9a8a4-021c-49d7-b04e-03d14d03c48c: no agents available; will retry on subsequent port and subnet creation events.
2026-07-02 16:36:34.417 10 INFO neutron.db.ovn_revision_numbers_db [None req-690f615c-6d44-49ec-8cf9-38ecfaf8fb45 b30597db302345ec967b7cdc45651876 e050221457b14486aa1375abaee5547b - - default default] Successfully bumped revision number for resource 617ad6fe-b83e-4f61-8811-417556af75e5 (type: ports) to 1
2026-07-02 16:36:34.432 9 WARNING neutron.scheduler.dhcp_agent_scheduler [None req-afb80243-4379-4508-9542-7aaea3ddaa55 fdaa59e22978421e9d57c611405ef44e 2be9f7e663784573821a9202581705de - - default default] No more DHCP agents
2026-07-02 16:36:34.435 9 WARNING neutron.api.rpc.agentnotifiers.dhcp_rpc_agent_api [None req-afb80243-4379-4508-9542-7aaea3ddaa55 fdaa59e22978421e9d57c611405ef44e 2be9f7e663784573821a9202581705de - - default default] Unable to schedule network a450f3f8-31b9-4a3c-9b26-008e53e3df9c: no agents available; will retry on subsequent port and subnet creation events.
2026-07-02 16:36:34.439 10 INFO neutron.wsgi [None req-690f615c-6d44-49ec-8cf9-38ecfaf8fb45 b30597db302345ec967b7cdc45651876 e050221457b14486aa1375abaee5547b - - default default] 10.0.0.230 "POST /v2.0/ports HTTP/1.1" status: 201 len: 942 time: 0.3813336 /var/lib/openstack/lib/python3.10/site-packages/pycadf/identifier.py:71: UserWarning: Invalid uuid: neutron. To ensure interoperability, identifiers should be a valid uuid. warnings.warn(('Invalid uuid: %s. To ensure interoperability, '
2026-07-02 16:36:34.527 9 INFO neutron.db.ovn_revision_numbers_db [None req-afb80243-4379-4508-9542-7aaea3ddaa55 fdaa59e22978421e9d57c611405ef44e 2be9f7e663784573821a9202581705de - - default default] Successfully bumped revision number for resource f09f1c68-46ed-4b04-8eaa-8c2e14494528 (type: ports) to 1
2026-07-02 16:36:34.546 9 INFO neutron.wsgi [None req-afb80243-4379-4508-9542-7aaea3ddaa55 fdaa59e22978421e9d57c611405ef44e 2be9f7e663784573821a9202581705de - - default default] 10.0.0.230 "POST /v2.0/networks HTTP/1.1" status: 201 len: 929 time: 0.7794859
2026-07-02 16:36:34.661 10 INFO neutron.wsgi [None req-83d6ae91-d534-4dc0-b904-104ab2d559ae b30597db302345ec967b7cdc45651876 e050221457b14486aa1375abaee5547b - - default default] 10.0.0.230 "POST /v2.0/trunks HTTP/1.1" status: 201 len: 608 time: 0.2160177
2026-07-02 16:36:34.716 9 WARNING neutron.scheduler.dhcp_agent_scheduler [None req-fedbfa8c-90bc-4924-a252-94be35925acd fdaa59e22978421e9d57c611405ef44e 2be9f7e663784573821a9202581705de - - default default] No more DHCP agents
2026-07-02 16:36:34.719 9 INFO neutron.wsgi [None req-87aa127e-da6f-44b0-bcf4-95652e08383f b30597db302345ec967b7cdc45651876 e050221457b14486aa1375abaee5547b - - default default] 10.0.0.230 "PUT /v2.0/trunks/09efc781-2135-410d-8ba4-c2bd7c2c7174/tags HTTP/1.1" status: 200 len: 218 time: 0.0514286
2026-07-02 16:36:34.721 9 WARNING neutron.api.rpc.agentnotifiers.dhcp_rpc_agent_api [None req-fedbfa8c-90bc-4924-a252-94be35925acd fdaa59e22978421e9d57c611405ef44e 2be9f7e663784573821a9202581705de - - default default] Unable to schedule network a450f3f8-31b9-4a3c-9b26-008e53e3df9c: no agents available; will retry on subsequent port and subnet creation events.
2026-07-02 16:36:34.747 9 INFO neutron.wsgi [None req-78119cbd-b10a-4c30-b7a4-d53da9b07e45 b30597db302345ec967b7cdc45651876 e050221457b14486aa1375abaee5547b - - default default] 10.0.0.230 "GET /v2.0/trunks/09efc781-2135-410d-8ba4-c2bd7c2c7174/tags HTTP/1.1" status: 200 len: 218 time: 0.0220809
2026-07-02 16:36:34.800 9 INFO neutron.wsgi [None req-415e1d14-4975-48e5-b50e-cefc3cf98ea0 b30597db302345ec967b7cdc45651876 e050221457b14486aa1375abaee5547b - - default default] 10.0.0.230 "PUT /v2.0/trunks/09efc781-2135-410d-8ba4-c2bd7c2c7174/tags/green HTTP/1.1" status: 201 len: 201 time: 0.0476997
2026-07-02 16:36:34.827 10 INFO neutron.wsgi [None req-1bd2110e-e0d5-4d9d-a1af-23bd87b0202b b30597db302345ec967b7cdc45651876 e050221457b14486aa1375abaee5547b - - default default] 10.0.0.230 "GET /v2.0/trunks/09efc781-2135-410d-8ba4-c2bd7c2c7174/tags HTTP/1.1" status: 200 len: 227 time: 0.0213325
2026-07-02 16:36:34.857 10 INFO neutron.wsgi [None req-826edb2b-6877-47c1-a6ce-6815e4aa3d25 b30597db302345ec967b7cdc45651876 e050221457b14486aa1375abaee5547b - - default default] 10.0.0.230 "PUT /v2.0/trunks/09efc781-2135-410d-8ba4-c2bd7c2c7174/tags/red HTTP/1.1" status: 201 len: 201 time: 0.0199277
2026-07-02 16:36:34.878 10 INFO neutron.wsgi [None req-2fb13b49-2f74-47b0-a4f1-3c2ed9847e4a b30597db302345ec967b7cdc45651876 e050221457b14486aa1375abaee5547b - - default default] 10.0.0.230 "GET /v2.0/trunks/09efc781-2135-410d-8ba4-c2bd7c2c7174/tags HTTP/1.1" status: 200 len: 227 time: 0.0145350
2026-07-02 16:36:34.912 10 INFO neutron.wsgi [None req-0bcde936-c084-4ecd-97a0-b4d9e0d59696 b30597db302345ec967b7cdc45651876 e050221457b14486aa1375abaee5547b - - default default] 10.0.0.230 "PUT /v2.0/trunks/09efc781-2135-410d-8ba4-c2bd7c2c7174/tags/black.or.white HTTP/1.1" status: 201 len: 201 time: 0.0287724
2026-07-02 16:36:34.932 10 INFO neutron.wsgi [None req-13e0923e-c984-4d5f-b8a4-17ca39dd1b50 b30597db302345ec967b7cdc45651876 e050221457b14486aa1375abaee5547b - - default default] 10.0.0.230 "GET /v2.0/trunks/09efc781-2135-410d-8ba4-c2bd7c2c7174/tags HTTP/1.1" status: 200 len: 245 time: 0.0162625
2026-07-02 16:36:34.962 10 INFO neutron.wsgi [None req-b5f359c0-61ad-4531-985b-9d6fe8a62161 b30597db302345ec967b7cdc45651876 e050221457b14486aa1375abaee5547b - - default default] 10.0.0.230 "PUT /v2.0/trunks/09efc781-2135-410d-8ba4-c2bd7c2c7174/tags HTTP/1.1" status: 200 len: 230 time: 0.0252202
2026-07-02 16:36:34.987 10 INFO neutron.wsgi [None req-f6da5d9c-26af-424c-92e1-ed151360d07c b30597db302345ec967b7cdc45651876 e050221457b14486aa1375abaee5547b - - default default] 10.0.0.230 "GET /v2.0/trunks/09efc781-2135-410d-8ba4-c2bd7c2c7174/tags HTTP/1.1" status: 200 len: 230 time: 0.0199571
2026-07-02 16:36:35.010 10 INFO neutron.wsgi [None req-fd3951ce-ca48-486b-934e-c8d4cca7bc2e b30597db302345ec967b7cdc45651876 e050221457b14486aa1375abaee5547b - - default default] 10.0.0.230 "GET /v2.0/trunks/09efc781-2135-410d-8ba4-c2bd7c2c7174/tags/red HTTP/1.1" status: 204 len: 168 time: 0.0188780
2026-07-02 16:36:35.028 10 INFO neutron.api.v2.resource [None req-afa477a1-c668-40c9-b0cb-33ad76854bdd b30597db302345ec967b7cdc45651876 e050221457b14486aa1375abaee5547b - - default default] show failed (client error): The resource could not be found.
2026-07-02 16:36:35.029 10 INFO neutron.wsgi [None req-afa477a1-c668-40c9-b0cb-33ad76854bdd b30597db302345ec967b7cdc45651876 e050221457b14486aa1375abaee5547b - - default default] 10.0.0.230 "GET /v2.0/trunks/09efc781-2135-410d-8ba4-c2bd7c2c7174/tags/green HTTP/1.1" status: 404 len: 299 time: 0.0143006
2026-07-02 16:36:35.059 10 INFO neutron.wsgi [None req-255f447e-f479-41b0-914b-d9409680faf3 b30597db302345ec967b7cdc45651876 e050221457b14486aa1375abaee5547b - - default default] 10.0.0.230 "DELETE /v2.0/trunks/09efc781-2135-410d-8ba4-c2bd7c2c7174/tags/red HTTP/1.1" status: 204 len: 168 time: 0.0248604
2026-07-02 16:36:35.076 10 INFO neutron.wsgi [None req-ee758211-ad88-44ab-ac45-be560ef04600 b30597db302345ec967b7cdc45651876 e050221457b14486aa1375abaee5547b - - default default] 10.0.0.230 "GET /v2.0/trunks/09efc781-2135-410d-8ba4-c2bd7c2c7174/tags HTTP/1.1" status: 200 len: 223 time: 0.0125232
2026-07-02 16:36:35.099 10 INFO neutron.api.v2.resource [None req-a2914fb6-0a15-4bc4-aa78-71ed2b831e08 b30597db302345ec967b7cdc45651876 e050221457b14486aa1375abaee5547b - - default default] delete failed (client error): The resource could not be found.
2026-07-02 16:36:35.101 10 INFO neutron.wsgi [None req-a2914fb6-0a15-4bc4-aa78-71ed2b831e08 b30597db302345ec967b7cdc45651876 e050221457b14486aa1375abaee5547b - - default default] 10.0.0.230 "DELETE /v2.0/trunks/09efc781-2135-410d-8ba4-c2bd7c2c7174/tags/green HTTP/1.1" status: 404 len: 299 time: 0.0207629
2026-07-02 16:36:35.130 10 INFO neutron.wsgi [None req-44d08bb9-82ec-4985-b372-6ffc1cae3c28 b30597db302345ec967b7cdc45651876 e050221457b14486aa1375abaee5547b - - default default] 10.0.0.230 "DELETE /v2.0/trunks/09efc781-2135-410d-8ba4-c2bd7c2c7174/tags HTTP/1.1" status: 204 len: 168 time: 0.0250733
2026-07-02 16:36:35.149 10 INFO neutron.wsgi [None req-25747c57-550e-4db3-b377-34e904a63059 b30597db302345ec967b7cdc45651876 e050221457b14486aa1375abaee5547b - - default default] 10.0.0.230 "GET /v2.0/trunks/09efc781-2135-410d-8ba4-c2bd7c2c7174/tags HTTP/1.1" status: 200 len: 205 time: 0.0137603
2026-07-02 16:36:35.171 10 INFO neutron.wsgi [None req-c10ba3f4-17e8-4b06-807a-1be3591ea4df b30597db302345ec967b7cdc45651876 e050221457b14486aa1375abaee5547b - - default default] 10.0.0.230 "GET /v2.0/trunks/09efc781-2135-410d-8ba4-c2bd7c2c7174 HTTP/1.1" status: 200 len: 603 time: 0.0162487
