2026-07-02 06:19:56.599 10 WARNING neutron.api.rpc.agentnotifiers.dhcp_rpc_agent_api [None req-4edc66fa-8360-43a6-b8fb-8d4decb3c592 e940eff3092a429c9bcae9dbc0525a84 e27d7db0672d4baea328794a3c8abfc8 - - default default] Unable to schedule network 6d3ca5fc-f93a-4101-abf6-7f81a78af123: no agents available; will retry on subsequent port and subnet creation events.
2026-07-02 06:19:56.673 10 INFO neutron.db.ovn_revision_numbers_db [None req-4edc66fa-8360-43a6-b8fb-8d4decb3c592 e940eff3092a429c9bcae9dbc0525a84 e27d7db0672d4baea328794a3c8abfc8 - - default default] Successfully bumped revision number for resource 762145c2-62e8-4d10-bd25-5db4debacd44 (type: ports) to 1
2026-07-02 06:19:56.700 10 INFO neutron.wsgi [None req-4edc66fa-8360-43a6-b8fb-8d4decb3c592 e940eff3092a429c9bcae9dbc0525a84 e27d7db0672d4baea328794a3c8abfc8 - - default default] 10.0.0.54 "POST /v2.0/ports HTTP/1.1" status: 201 len: 942 time: 0.3551140 /var/lib/openstack/lib/python3.10/site-packages/pycadf/identifier.py:71: UserWarning: Invalid uuid: neutron. To ensure interoperability, identifiers should be a valid uuid. warnings.warn(('Invalid uuid: %s. To ensure interoperability, '
2026-07-02 06:19:56.814 10 INFO neutron.db.segments_db [None req-c300c03d-8a46-4795-b675-26c35f857bdd e940eff3092a429c9bcae9dbc0525a84 e27d7db0672d4baea328794a3c8abfc8 - - default default] Added segment ba7ab9db-eefd-4f11-912b-38d3bb7f723c of type geneve for network cff66965-3ae0-43cb-8a73-fe2627c0d88f
2026-07-02 06:19:56.835 9 INFO neutron.wsgi [req-8ae6c351-23a0-4f6a-bfbe-a7c737be0a6d req-7a5e774d-e26c-44fc-947c-82741dc17410 d524e26bcc7e4d93a91ac54db43c4b7e 1e699f58bb6542808836702303fce89e - - default default] 10.0.0.131 "GET /v2.0/ports?device_id=8f6db25d-3d1a-415d-925f-12aebf2849a5 HTTP/1.1" status: 200 len: 1170 time: 0.1166131
2026-07-02 06:19:56.878 9 INFO neutron.wsgi [req-8ae6c351-23a0-4f6a-bfbe-a7c737be0a6d req-7a9e07a3-6a53-4583-839b-ccc2f4419b1c d524e26bcc7e4d93a91ac54db43c4b7e 1e699f58bb6542808836702303fce89e - - default default] 10.0.0.131 "GET /v2.0/security-groups?id=dbf63ce0-decf-4f73-94d9-6c314c52a144&fields=id&fields=name HTTP/1.1" status: 200 len: 312 time: 0.0374742
2026-07-02 06:19:56.972 9 INFO neutron.wsgi [req-5c427124-44be-4ad5-8504-1ca5f9033f2a req-8f4862a6-90d9-4653-b2d6-2ae86941a24c d524e26bcc7e4d93a91ac54db43c4b7e 1e699f58bb6542808836702303fce89e - - default default] 10.0.0.131 "GET /v2.0/ports?device_id=8f6db25d-3d1a-415d-925f-12aebf2849a5 HTTP/1.1" status: 200 len: 1170 time: 0.0350597
2026-07-02 06:19:57.024 9 INFO neutron.wsgi [req-5c427124-44be-4ad5-8504-1ca5f9033f2a req-8362d797-b3fa-4bb5-b1ad-e1ecfebbdff2 d524e26bcc7e4d93a91ac54db43c4b7e 1e699f58bb6542808836702303fce89e - - default default] 10.0.0.131 "GET /v2.0/security-groups?id=dbf63ce0-decf-4f73-94d9-6c314c52a144&fields=id&fields=name HTTP/1.1" status: 200 len: 312 time: 0.0451684
2026-07-02 06:19:57.103 9 INFO neutron.wsgi [None req-11f58d14-6112-4c5d-adb4-efdbd5248487 24b7a4e01703421fa40d5f7460fbcac4 92f679395ade4c84a6985b4f530fd05b - - default default] 10.0.0.54 "GET /v2.0/ports?device_id=8f6db25d-3d1a-415d-925f-12aebf2849a5 HTTP/1.1" status: 200 len: 1404 time: 0.0421531
2026-07-02 06:19:57.136 10 INFO neutron.notifiers.nova [-] Nova event matching ['req-d3243a65-e7f0-48bd-a6ab-495ac81daee7'] response: {'server_uuid': '8f6db25d-3d1a-415d-925f-12aebf2849a5', 'name': 'network-vif-plugged', 'status': 'completed', 'tag': '2a57c92e-0ab2-46ea-a5dd-d8cacb033594', 'code': 200}
2026-07-02 06:19:57.256 10 INFO neutron.db.ovn_revision_numbers_db [None req-c300c03d-8a46-4795-b675-26c35f857bdd e940eff3092a429c9bcae9dbc0525a84 e27d7db0672d4baea328794a3c8abfc8 - - default default] Successfully bumped revision number for resource cff66965-3ae0-43cb-8a73-fe2627c0d88f (type: networks) to 1
2026-07-02 06:19:57.418 9 INFO neutron.wsgi [None req-e1aa5a81-680d-4e7b-99e8-7f33ca85c379 5b847985cf3846c4bde47bd9fe7290b3 c5f14d1eb5584c8181ffee544398c23b - - default default] 10.0.0.54 "GET /v2.0/ports/07a26a9c-235f-4300-ad1c-26a45c68c04d HTTP/1.1" status: 200 len: 1135 time: 0.0825193
2026-07-02 06:19:57.480 10 INFO neutron.db.l3_db [None req-fc9a28b2-e7c8-4091-8b6b-683c894b648b d524e26bcc7e4d93a91ac54db43c4b7e 1e699f58bb6542808836702303fce89e - - default default] Floating IP 67b11c2f-2347-4a92-a67b-b327fb47a65e associated. External IP: 10.96.250.220, port: 2a57c92e-0ab2-46ea-a5dd-d8cacb033594.
2026-07-02 06:19:57.562 10 WARNING neutron.scheduler.dhcp_agent_scheduler [None req-c300c03d-8a46-4795-b675-26c35f857bdd e940eff3092a429c9bcae9dbc0525a84 e27d7db0672d4baea328794a3c8abfc8 - - default default] No more DHCP agents
2026-07-02 06:19:57.564 10 WARNING neutron.api.rpc.agentnotifiers.dhcp_rpc_agent_api [None req-c300c03d-8a46-4795-b675-26c35f857bdd e940eff3092a429c9bcae9dbc0525a84 e27d7db0672d4baea328794a3c8abfc8 - - default default] Unable to schedule network cff66965-3ae0-43cb-8a73-fe2627c0d88f: no agents available; will retry on subsequent port and subnet creation events.
2026-07-02 06:19:57.670 10 INFO neutron.db.ovn_revision_numbers_db [None req-c300c03d-8a46-4795-b675-26c35f857bdd e940eff3092a429c9bcae9dbc0525a84 e27d7db0672d4baea328794a3c8abfc8 - - default default] Successfully bumped revision number for resource d62139ca-9d45-41d6-8d4c-78254b953b31 (type: ports) to 1
2026-07-02 06:19:57.712 10 INFO neutron.wsgi [None req-c300c03d-8a46-4795-b675-26c35f857bdd e940eff3092a429c9bcae9dbc0525a84 e27d7db0672d4baea328794a3c8abfc8 - - default default] 10.0.0.54 "POST /v2.0/networks HTTP/1.1" status: 201 len: 831 time: 1.0064235
2026-07-02 06:19:57.721 10 INFO neutron.db.ovn_revision_numbers_db [None req-fc9a28b2-e7c8-4091-8b6b-683c894b648b d524e26bcc7e4d93a91ac54db43c4b7e 1e699f58bb6542808836702303fce89e - - default default] Successfully bumped revision number for resource 67b11c2f-2347-4a92-a67b-b327fb47a65e (type: floatingips) to 4
2026-07-02 06:19:57.823 10 INFO neutron.db.ovn_revision_numbers_db [None req-fc9a28b2-e7c8-4091-8b6b-683c894b648b d524e26bcc7e4d93a91ac54db43c4b7e 1e699f58bb6542808836702303fce89e - - default default] Successfully bumped revision number for resource 67b11c2f-2347-4a92-a67b-b327fb47a65e (type: floatingips) to 5
2026-07-02 06:19:57.849 10 INFO neutron.wsgi [None req-fc9a28b2-e7c8-4091-8b6b-683c894b648b d524e26bcc7e4d93a91ac54db43c4b7e 1e699f58bb6542808836702303fce89e - - default default] 10.0.0.54 "PUT /v2.0/floatingips/67b11c2f-2347-4a92-a67b-b327fb47a65e HTTP/1.1" status: 200 len: 1049 time: 0.7413588
2026-07-02 06:19:57.899 10 INFO neutron.wsgi [None req-471a4ff4-7f9b-411d-ae33-5c86c61e8d7a d524e26bcc7e4d93a91ac54db43c4b7e 1e699f58bb6542808836702303fce89e - - default default] 10.0.0.54 "GET /v2.0/floatingips/67b11c2f-2347-4a92-a67b-b327fb47a65e HTTP/1.1" status: 200 len: 1051 time: 0.0440710
2026-07-02 06:19:57.940 9 WARNING neutron.scheduler.dhcp_agent_scheduler [None req-ede82420-bdb6-40c2-a45c-f23cdba15e54 e940eff3092a429c9bcae9dbc0525a84 e27d7db0672d4baea328794a3c8abfc8 - - default default] No more DHCP agents
2026-07-02 06:19:57.945 9 WARNING neutron.api.rpc.agentnotifiers.dhcp_rpc_agent_api [None req-ede82420-bdb6-40c2-a45c-f23cdba15e54 e940eff3092a429c9bcae9dbc0525a84 e27d7db0672d4baea328794a3c8abfc8 - - default default] Unable to schedule network cff66965-3ae0-43cb-8a73-fe2627c0d88f: no agents available; will retry on subsequent port and subnet creation events.
2026-07-02 06:19:58.022 9 INFO neutron.db.ovn_revision_numbers_db [None req-ede82420-bdb6-40c2-a45c-f23cdba15e54 e940eff3092a429c9bcae9dbc0525a84 e27d7db0672d4baea328794a3c8abfc8 - - default default] Successfully bumped revision number for resource c50ebd66-db1f-4532-b5db-ef4427e9d78b (type: ports) to 1
2026-07-02 06:19:58.048 9 INFO neutron.wsgi [None req-ede82420-bdb6-40c2-a45c-f23cdba15e54 e940eff3092a429c9bcae9dbc0525a84 e27d7db0672d4baea328794a3c8abfc8 - - default default] 10.0.0.54 "POST /v2.0/ports HTTP/1.1" status: 201 len: 942 time: 0.3305364
2026-07-02 06:19:58.074 9 WARNING neutron.plugins.ml2.drivers.ovn.mech_driver.ovsdb.ovn_client [None req-a342c9dc-cf0c-458b-977d-0784799b2417 - - - - - -] No hosting information found for port c284fb4a-5e7a-424c-8e54-6b45024cfaa6: RuntimeError: No hosting information found for port c284fb4a-5e7a-424c-8e54-6b45024cfaa6
2026-07-02 06:19:58.074 9 INFO neutron.plugins.ml2.drivers.ovn.mech_driver.mech_driver [None req-a342c9dc-cf0c-458b-977d-0784799b2417 - - - - - -] OVN reports status up for port: 07a26a9c-235f-4300-ad1c-26a45c68c04d
2026-07-02 06:19:58.092 9 INFO neutron.plugins.ml2.plugin [None req-a342c9dc-cf0c-458b-977d-0784799b2417 - - - - - -] Attempt 1 to provision port 07a26a9c-235f-4300-ad1c-26a45c68c04d
2026-07-02 06:19:58.139 10 INFO neutron.wsgi [None req-a56933e7-ea57-4316-8eb0-c3893308b030 e940eff3092a429c9bcae9dbc0525a84 e27d7db0672d4baea328794a3c8abfc8 - - default default] 10.0.0.54 "PUT /v2.0/ports/6d539553-22b4-447d-bc7f-05c4d5793c15/tags HTTP/1.1" status: 200 len: 210 time: 0.0772939
2026-07-02 06:19:58.201 10 INFO neutron.wsgi [None req-8834225c-7a43-4129-8a3d-2ce008133254 e940eff3092a429c9bcae9dbc0525a84 e27d7db0672d4baea328794a3c8abfc8 - - default default] 10.0.0.54 "PUT /v2.0/ports/c61d9072-8907-4735-af88-0481dcb57219/tags HTTP/1.1" status: 200 len: 218 time: 0.0534163
2026-07-02 06:19:58.245 10 INFO neutron.wsgi [None req-9df3706b-4d03-4c6d-bdeb-a94d62dd6d39 e940eff3092a429c9bcae9dbc0525a84 e27d7db0672d4baea328794a3c8abfc8 - - default default] 10.0.0.54 "PUT /v2.0/ports/1fb9bb15-b576-4c92-bc4e-2c4847b89fe0/tags HTTP/1.1" status: 200 len: 227 time: 0.0391493 /var/lib/openstack/lib/python3.10/site-packages/pycadf/identifier.py:71: UserWarning: Invalid uuid: neutron. To ensure interoperability, identifiers should be a valid uuid. warnings.warn(('Invalid uuid: %s. To ensure interoperability, '
2026-07-02 06:19:58.301 9 INFO neutron.wsgi [None req-2974d825-b826-4c1d-a5dc-61ef26697248 e940eff3092a429c9bcae9dbc0525a84 e27d7db0672d4baea328794a3c8abfc8 - - default default] 10.0.0.54 "PUT /v2.0/ports/762145c2-62e8-4d10-bd25-5db4debacd44/tags HTTP/1.1" status: 200 len: 212 time: 0.0378799
2026-07-02 06:19:58.435 9 INFO neutron.db.ovn_revision_numbers_db [None req-a342c9dc-cf0c-458b-977d-0784799b2417 - - - - - -] Successfully bumped revision number for resource 07a26a9c-235f-4300-ad1c-26a45c68c04d (type: ports) to 2
2026-07-02 06:19:58.476 9 INFO neutron.wsgi [None req-8b21064b-18e2-4124-8dd2-a68f594c3c0b 5b847985cf3846c4bde47bd9fe7290b3 c5f14d1eb5584c8181ffee544398c23b - - default default] 10.0.0.54 "GET /v2.0/ports/07a26a9c-235f-4300-ad1c-26a45c68c04d HTTP/1.1" status: 200 len: 1137 time: 0.0489590
2026-07-02 06:19:58.499 10 INFO neutron.wsgi [None req-508ce2e8-6a03-4d92-8406-06e9083f31d5 e940eff3092a429c9bcae9dbc0525a84 e27d7db0672d4baea328794a3c8abfc8 - - default default] 10.0.0.54 "GET /v2.0/ports?tags=red HTTP/1.1" status: 200 len: 2448 time: 0.1869445
2026-07-02 06:19:58.693 9 INFO neutron.db.ovn_revision_numbers_db [None req-a342c9dc-cf0c-458b-977d-0784799b2417 - - - - - -] Successfully bumped revision number for resource 07a26a9c-235f-4300-ad1c-26a45c68c04d (type: router_ports) to 2
2026-07-02 06:19:58.720 9 INFO neutron.wsgi [None req-f24e058d-01dd-443e-ac0a-11bf13d0c661 e940eff3092a429c9bcae9dbc0525a84 e27d7db0672d4baea328794a3c8abfc8 - - default default] 10.0.0.54 "GET /v2.0/ports?tags=red%2Cblue HTTP/1.1" status: 200 len: 1708 time: 0.2146382
2026-07-02 06:19:58.799 9 INFO neutron.wsgi [None req-623ac130-6f47-4b90-bf34-563a5e4370cd e940eff3092a429c9bcae9dbc0525a84 e27d7db0672d4baea328794a3c8abfc8 - - default default] 10.0.0.54 "GET /v2.0/ports?tags-any=blue HTTP/1.1" status: 200 len: 1708 time: 0.0721278
2026-07-02 06:19:58.879 10 INFO neutron.wsgi [None req-f4d2cef6-fb98-4b83-9572-eecd39e885bf e940eff3092a429c9bcae9dbc0525a84 e27d7db0672d4baea328794a3c8abfc8 - - default default] 10.0.0.54 "GET /v2.0/ports?tags-any=red%2Cblue HTTP/1.1" status: 200 len: 2448 time: 0.0739968
2026-07-02 06:19:58.973 9 INFO neutron.wsgi [-] 10.0.0.13 "GET / HTTP/1.1" status: 200 len: 247 time: 0.0019965
2026-07-02 06:19:58.975 9 INFO neutron.wsgi [-] 10.0.0.13 "GET / HTTP/1.1" status: 200 len: 247 time: 0.0014911
2026-07-02 06:19:59.058 10 INFO neutron.wsgi [None req-8362df9a-24ca-4a54-8e65-e5c6039d1afc e940eff3092a429c9bcae9dbc0525a84 e27d7db0672d4baea328794a3c8abfc8 - - default default] 10.0.0.54 "GET /v2.0/ports?not-tags=red HTTP/1.1" status: 200 len: 5463 time: 0.1731346
2026-07-02 06:19:59.140 10 INFO neutron.wsgi [None req-e348d48a-2d4c-4db2-80ea-9c6ac37fdea0 e940eff3092a429c9bcae9dbc0525a84 e27d7db0672d4baea328794a3c8abfc8 - - default default] 10.0.0.54 "GET /v2.0/ports?not-tags=red%2Cblue HTTP/1.1" status: 200 len: 6203 time: 0.0770946
2026-07-02 06:19:59.168 10 INFO neutron.notifiers.nova [-] Nova event matching ['req-0364cf05-96bc-4d85-896d-a29a4f949a27'] response: {'name': 'network-changed', 'server_uuid': '8f6db25d-3d1a-415d-925f-12aebf2849a5', 'tag': '2a57c92e-0ab2-46ea-a5dd-d8cacb033594', 'status': 'completed', 'code': 200}
2026-07-02 06:19:59.255 9 INFO neutron.wsgi [req-bbea69b1-2fd5-4e8b-9e7e-02b0dff00d1c req-5f9cb24c-51c6-40db-8d81-30740cc8492c 36377d1fe73e40cf8b2786a64e5f4d3a 7e96c111381543b2a8202b096e417409 - - 0b7f6a7849d742f1ad166eef4960917f 0b7f6a7849d742f1ad166eef4960917f] 199.204.45.223 "GET /v2.0/ports?tenant_id=1e699f58bb6542808836702303fce89e&device_id=8f6db25d-3d1a-415d-925f-12aebf2849a5 HTTP/1.1" status: 200 len: 1409 time: 0.0595522
2026-07-02 06:19:59.428 9 INFO neutron.wsgi [req-bbea69b1-2fd5-4e8b-9e7e-02b0dff00d1c req-d5704298-b23f-47e3-9f54-69a0f6de2ef6 36377d1fe73e40cf8b2786a64e5f4d3a 7e96c111381543b2a8202b096e417409 - - 0b7f6a7849d742f1ad166eef4960917f 0b7f6a7849d742f1ad166eef4960917f] 199.204.45.223 "GET /v2.0/networks?id=5fa056f5-9709-474b-88d8-1d038727afdb HTTP/1.1" status: 200 len: 957 time: 0.1584134
2026-07-02 06:19:59.530 9 INFO neutron.wsgi [req-bbea69b1-2fd5-4e8b-9e7e-02b0dff00d1c req-52c7f146-3dd7-4e02-8fe4-b992339a2628 36377d1fe73e40cf8b2786a64e5f4d3a 7e96c111381543b2a8202b096e417409 - - 0b7f6a7849d742f1ad166eef4960917f 0b7f6a7849d742f1ad166eef4960917f] 199.204.45.223 "GET /v2.0/floatingips?fixed_ip_address=10.100.0.9&port_id=2a57c92e-0ab2-46ea-a5dd-d8cacb033594 HTTP/1.1" status: 200 len: 1059 time: 0.0948625
2026-07-02 06:19:59.942 9 INFO neutron.wsgi [None req-ba86d5f5-48aa-40d9-a1a4-9d6ddbd41379 e940eff3092a429c9bcae9dbc0525a84 e27d7db0672d4baea328794a3c8abfc8 - - default default] 10.0.0.54 "GET /v2.0/ports?not-tags-any=blue HTTP/1.1" status: 200 len: 6203 time: 0.7976098
2026-07-02 06:19:59.983 9 INFO neutron.wsgi [req-bbea69b1-2fd5-4e8b-9e7e-02b0dff00d1c req-86585ca3-a30b-41c7-b46b-278b1d8628a4 36377d1fe73e40cf8b2786a64e5f4d3a 7e96c111381543b2a8202b096e417409 - - 0b7f6a7849d742f1ad166eef4960917f 0b7f6a7849d742f1ad166eef4960917f] 199.204.45.223 "GET /v2.0/subnets?id=b20120c0-727a-4598-ab79-eda00cca0381 HTTP/1.1" status: 200 len: 853 time: 0.0488291
2026-07-02 06:20:00.046 9 INFO neutron.wsgi [None req-fadaf8e3-7313-4719-991f-c97295e78f09 5b847985cf3846c4bde47bd9fe7290b3 c5f14d1eb5584c8181ffee544398c23b - - default default] 10.0.0.54 "PUT /v2.0/routers/8a18b3fb-9ca6-4085-86c7-2a34ff0a4762/remove_router_interface HTTP/1.1" status: 200 len: 503 time: 1.5577734
2026-07-02 06:20:00.049 9 INFO neutron.wsgi [req-bbea69b1-2fd5-4e8b-9e7e-02b0dff00d1c req-53fa2e44-4b15-4575-875c-ecfcae5863c3 36377d1fe73e40cf8b2786a64e5f4d3a 7e96c111381543b2a8202b096e417409 - - 0b7f6a7849d742f1ad166eef4960917f 0b7f6a7849d742f1ad166eef4960917f] 199.204.45.223 "GET /v2.0/ports?network_id=5fa056f5-9709-474b-88d8-1d038727afdb&device_owner=network%3Adhcp HTTP/1.1" status: 200 len: 210 time: 0.0586827 /var/lib/openstack/lib/python3.10/site-packages/pycadf/identifier.py:71: UserWarning: Invalid uuid: neutron. To ensure interoperability, identifiers should be a valid uuid. warnings.warn(('Invalid uuid: %s. To ensure interoperability, '
2026-07-02 06:20:00.192 10 INFO neutron.wsgi [None req-30da8d9f-8df2-4652-8933-2300857c1802 e940eff3092a429c9bcae9dbc0525a84 e27d7db0672d4baea328794a3c8abfc8 - - default default] 10.0.0.54 "GET /v2.0/ports?not-tags-any=red%2Cblue HTTP/1.1" status: 200 len: 5463 time: 0.2430291
2026-07-02 06:20:00.205 9 INFO neutron.wsgi [req-bbea69b1-2fd5-4e8b-9e7e-02b0dff00d1c req-2f183bfc-b428-4e6a-9b03-7d712469171a 36377d1fe73e40cf8b2786a64e5f4d3a 7e96c111381543b2a8202b096e417409 - - 0b7f6a7849d742f1ad166eef4960917f 0b7f6a7849d742f1ad166eef4960917f] 199.204.45.223 "GET /v2.0/networks/5fa056f5-9709-474b-88d8-1d038727afdb?fields=segments HTTP/1.1" status: 200 len: 212 time: 0.1475930
2026-07-02 06:20:00.234 9 INFO neutron.wsgi [None req-5b1317cd-0f04-4ebc-8e00-ae0531ea2884 5b847985cf3846c4bde47bd9fe7290b3 c5f14d1eb5584c8181ffee544398c23b - - default default] 10.0.0.54 "GET /v2.0/ports/c284fb4a-5e7a-424c-8e54-6b45024cfaa6 HTTP/1.1" status: 200 len: 1137 time: 0.1775503
2026-07-02 06:20:00.294 9 INFO neutron.wsgi [req-bbea69b1-2fd5-4e8b-9e7e-02b0dff00d1c req-be69f19b-a52b-46f2-816a-c978ffd8e1a3 36377d1fe73e40cf8b2786a64e5f4d3a 7e96c111381543b2a8202b096e417409 - - 0b7f6a7849d742f1ad166eef4960917f 0b7f6a7849d742f1ad166eef4960917f] 199.204.45.223 "GET /v2.0/networks/5fa056f5-9709-474b-88d8-1d038727afdb?fields=provider%3Aphysical_network&fields=provider%3Anetwork_type HTTP/1.1" status: 200 len: 277 time: 0.0754287
2026-07-02 06:20:00.523 10 INFO neutron.wsgi [None req-539fc4b3-79b3-40d1-bdd4-d51c6734c4df e940eff3092a429c9bcae9dbc0525a84 e27d7db0672d4baea328794a3c8abfc8 - - default default] 10.0.0.54 "DELETE /v2.0/ports/6d539553-22b4-447d-bc7f-05c4d5793c15 HTTP/1.1" status: 204 len: 168 time: 0.3238206
2026-07-02 06:20:00.864 10 INFO neutron.wsgi [None req-fa59703e-4bc1-4aaa-8062-c099e3d88922 e940eff3092a429c9bcae9dbc0525a84 e27d7db0672d4baea328794a3c8abfc8 - - default default] 10.0.0.54 "DELETE /v2.0/ports/c61d9072-8907-4735-af88-0481dcb57219 HTTP/1.1" status: 204 len: 168 time: 0.3284633
2026-07-02 06:20:01.045 10 INFO neutron.wsgi [None req-49c954f7-2529-408b-b3eb-241c279f7a9c 5b847985cf3846c4bde47bd9fe7290b3 c5f14d1eb5584c8181ffee544398c23b - - default default] 10.0.0.54 "PUT /v2.0/routers/8a18b3fb-9ca6-4085-86c7-2a34ff0a4762/remove_router_interface HTTP/1.1" status: 200 len: 503 time: 0.8013022 /var/lib/openstack/lib/python3.10/site-packages/pycadf/identifier.py:71: UserWarning: Invalid uuid: neutron. To ensure interoperability, identifiers should be a valid uuid. warnings.warn(('Invalid uuid: %s. To ensure interoperability, '
2026-07-02 06:20:01.074 10 INFO neutron.wsgi [None req-a8ae8e28-c2cd-4513-8125-bfd97b62ffb9 5b847985cf3846c4bde47bd9fe7290b3 c5f14d1eb5584c8181ffee544398c23b - - default default] 10.0.0.54 "GET /v2.0/ports?device_id=8a18b3fb-9ca6-4085-86c7-2a34ff0a4762 HTTP/1.1" status: 200 len: 205 time: 0.0234408
2026-07-02 06:20:01.150 9 INFO neutron.wsgi [None req-4ae6cf9e-c1f7-47d8-ae9f-2dcb770323b4 e940eff3092a429c9bcae9dbc0525a84 e27d7db0672d4baea328794a3c8abfc8 - - default default] 10.0.0.54 "DELETE /v2.0/ports/1fb9bb15-b576-4c92-bc4e-2c4847b89fe0 HTTP/1.1" status: 204 len: 168 time: 0.2756557
2026-07-02 06:20:01.302 10 INFO neutron.wsgi [None req-9429d057-bc60-4246-8b5b-29fecf84f493 5b847985cf3846c4bde47bd9fe7290b3 c5f14d1eb5584c8181ffee544398c23b - - default default] 10.0.0.54 "DELETE /v2.0/routers/8a18b3fb-9ca6-4085-86c7-2a34ff0a4762 HTTP/1.1" status: 204 len: 168 time: 0.2235639
2026-07-02 06:20:01.540 9 INFO neutron.wsgi [None req-6340a5e6-bc0b-4136-a2fc-2e107e0215dc e940eff3092a429c9bcae9dbc0525a84 e27d7db0672d4baea328794a3c8abfc8 - - default default] 10.0.0.54 "DELETE /v2.0/ports/762145c2-62e8-4d10-bd25-5db4debacd44 HTTP/1.1" status: 204 len: 168 time: 0.3849835
2026-07-02 06:20:01.599 9 INFO neutron.wsgi [None req-86b0007b-206b-4532-b27d-2a5faf6c3aa6 5b847985cf3846c4bde47bd9fe7290b3 c5f14d1eb5584c8181ffee544398c23b - - default default] 10.0.0.54 "DELETE /v2.0/subnets/0139c26f-e2d3-4554-aac0-5e4025792e5f HTTP/1.1" status: 204 len: 168 time: 0.2917407
2026-07-02 06:20:01.850 9 INFO neutron.wsgi [None req-c8f3966f-f1fc-482e-8feb-cf9c4a2979c5 5b847985cf3846c4bde47bd9fe7290b3 c5f14d1eb5584c8181ffee544398c23b - - default default] 10.0.0.54 "DELETE /v2.0/subnets/80254283-09b4-4d43-bc2b-fdb257156e2e HTTP/1.1" status: 204 len: 168 time: 0.2424037
2026-07-02 06:20:01.876 10 INFO neutron.wsgi [None req-9a8c9586-5e09-4761-b5a8-7cf769820c1d e940eff3092a429c9bcae9dbc0525a84 e27d7db0672d4baea328794a3c8abfc8 - - default default] 10.0.0.54 "DELETE /v2.0/ports/c50ebd66-db1f-4532-b5db-ef4427e9d78b HTTP/1.1" status: 204 len: 168 time: 0.3302438
2026-07-02 06:20:02.224 9 INFO neutron.services.segments.plugin [-] Segment 9277846b-c10f-49f0-872a-ad4ba42c743b resource provider aggregate not found
2026-07-02 06:20:02.228 9 INFO neutron.services.segments.plugin [-] Segment 9277846b-c10f-49f0-872a-ad4ba42c743b resource provider aggregate not found
2026-07-02 06:20:02.245 9 INFO neutron.services.segments.plugin [-] Segment 9277846b-c10f-49f0-872a-ad4ba42c743b resource provider not found; error: Placement Client Error (4xx): {"errors": [{"status": 404, "title": "Not Found", "detail": "The resource could not be found.\n\n No resource provider with uuid 9277846b-c10f-49f0-872a-ad4ba42c743b found for delete ", "request_id": "req-ae443ee0-78eb-4d55-a97d-87439a576302"}]}
2026-07-02 06:20:02.248 9 INFO neutron.services.segments.plugin [-] Segment 9277846b-c10f-49f0-872a-ad4ba42c743b resource provider not found; error: Placement Client Error (4xx): {"errors": [{"status": 404, "title": "Not Found", "detail": "The resource could not be found.\n\n No resource provider with uuid 9277846b-c10f-49f0-872a-ad4ba42c743b found for delete ", "request_id": "req-391fd4bf-698a-49bd-b667-51cce8ac7ca8"}]}
2026-07-02 06:20:02.253 10 INFO neutron.services.segments.plugin [-] Segment ff1ec664-7e12-4936-8f55-aa6024abc75f resource provider aggregate not found
2026-07-02 06:20:02.261 10 INFO neutron.services.segments.plugin [-] Segment ff1ec664-7e12-4936-8f55-aa6024abc75f resource provider aggregate not found
2026-07-02 06:20:02.266 9 INFO neutron.wsgi [None req-f967c1eb-7495-4d66-be78-b86fe5af9500 5b847985cf3846c4bde47bd9fe7290b3 c5f14d1eb5584c8181ffee544398c23b - - default default] 10.0.0.54 "DELETE /v2.0/networks/b0f4887d-669f-49d2-876c-5e94b7b394f6 HTTP/1.1" status: 204 len: 168 time: 0.4088264
2026-07-02 06:20:02.273 10 INFO neutron.services.segments.plugin [-] Segment ff1ec664-7e12-4936-8f55-aa6024abc75f resource provider not found; error: Placement Client Error (4xx): {"errors": [{"status": 404, "title": "Not Found", "detail": "The resource could not be found.\n\n No resource provider with uuid ff1ec664-7e12-4936-8f55-aa6024abc75f found for delete ", "request_id": "req-ac04120b-46e3-4191-ae89-c550ae0f59ac"}]}
2026-07-02 06:20:02.279 10 INFO neutron.services.segments.plugin [-] Segment ff1ec664-7e12-4936-8f55-aa6024abc75f resource provider not found; error: Placement Client Error (4xx): {"errors": [{"status": 404, "title": "Not Found", "detail": "The resource could not be found.\n\n No resource provider with uuid ff1ec664-7e12-4936-8f55-aa6024abc75f found for delete ", "request_id": "req-6fd72575-2b7e-4fb1-bdf1-ab5b8f5cb56b"}]}
2026-07-02 06:20:02.307 10 INFO neutron.wsgi [None req-c2e45285-f2ec-4016-8422-86d2b5a98545 e940eff3092a429c9bcae9dbc0525a84 e27d7db0672d4baea328794a3c8abfc8 - - default default] 10.0.0.54 "DELETE /v2.0/networks/7ab3dae2-10d4-475d-9421-a11f712f0c7a HTTP/1.1" status: 204 len: 168 time: 0.4267714
2026-07-02 06:20:02.630 9 INFO neutron.wsgi [None req-50fb5a55-f00b-470f-bbce-e659c12695b8 5b847985cf3846c4bde47bd9fe7290b3 c5f14d1eb5584c8181ffee544398c23b - - default default] 10.0.0.54 "DELETE /v2.0/networks/e9b53586-2ba5-4c0b-9bac-13f906680149 HTTP/1.1" status: 204 len: 168 time: 0.3582156
2026-07-02 06:20:02.676 10 INFO neutron.wsgi [None req-5f5fee88-dfdc-47b3-b28f-7b7cd6758a49 e940eff3092a429c9bcae9dbc0525a84 e27d7db0672d4baea328794a3c8abfc8 - - default default] 10.0.0.54 "DELETE /v2.0/networks/045db486-6b95-4947-9d59-0cb49c8409a8 HTTP/1.1" status: 204 len: 168 time: 0.3647809
2026-07-02 06:20:02.754 9 INFO neutron.db.segments_db [None req-7afff188-fdad-487c-b2a7-5ca492f579a8 5b847985cf3846c4bde47bd9fe7290b3 c5f14d1eb5584c8181ffee544398c23b - - default default] Added segment 2a0fdfe0-5b50-45f5-8d4e-cb35cef13d3f of type geneve for network c90b3420-40c9-41ba-b6b0-d8a9571a935d
2026-07-02 06:20:02.944 9 INFO neutron.db.ovn_revision_numbers_db [None req-7afff188-fdad-487c-b2a7-5ca492f579a8 5b847985cf3846c4bde47bd9fe7290b3 c5f14d1eb5584c8181ffee544398c23b - - default default] Successfully bumped revision number for resource c90b3420-40c9-41ba-b6b0-d8a9571a935d (type: networks) to 1
2026-07-02 06:20:03.173 9 WARNING neutron.scheduler.dhcp_agent_scheduler [None req-7afff188-fdad-487c-b2a7-5ca492f579a8 5b847985cf3846c4bde47bd9fe7290b3 c5f14d1eb5584c8181ffee544398c23b - - default default] No more DHCP agents
2026-07-02 06:20:03.176 9 WARNING neutron.api.rpc.agentnotifiers.dhcp_rpc_agent_api [None req-7afff188-fdad-487c-b2a7-5ca492f579a8 5b847985cf3846c4bde47bd9fe7290b3 c5f14d1eb5584c8181ffee544398c23b - - default default] Unable to schedule network c90b3420-40c9-41ba-b6b0-d8a9571a935d: no agents available; will retry on subsequent port and subnet creation events.
2026-07-02 06:20:03.230 9 INFO neutron.wsgi [None req-6b7c41d0-0dc7-43e3-9e8e-cc95feeb73bd e940eff3092a429c9bcae9dbc0525a84 e27d7db0672d4baea328794a3c8abfc8 - - default default] 10.0.0.54 "DELETE /v2.0/networks/d562db62-f35b-4e83-947c-5756374481b0 HTTP/1.1" status: 204 len: 168 time: 0.5462639
2026-07-02 06:20:03.307 9 INFO neutron.db.ovn_revision_numbers_db [None req-7afff188-fdad-487c-b2a7-5ca492f579a8 5b847985cf3846c4bde47bd9fe7290b3 c5f14d1eb5584c8181ffee544398c23b - - default default] Successfully bumped revision number for resource 43a52441-99b9-4c53-8117-c8097ede92bd (type: ports) to 1
2026-07-02 06:20:03.327 9 INFO neutron.wsgi [None req-7afff188-fdad-487c-b2a7-5ca492f579a8 5b847985cf3846c4bde47bd9fe7290b3 c5f14d1eb5584c8181ffee544398c23b - - default default] 10.0.0.54 "POST /v2.0/networks HTTP/1.1" status: 201 len: 828 time: 0.6855848
2026-07-02 06:20:03.582 9 WARNING neutron.scheduler.dhcp_agent_scheduler [None req-8e9b88f0-6098-402a-ba79-b528ffa20df2 5b847985cf3846c4bde47bd9fe7290b3 c5f14d1eb5584c8181ffee544398c23b - - default default] No more DHCP agents
2026-07-02 06:20:03.583 9 WARNING neutron.api.rpc.agentnotifiers.dhcp_rpc_agent_api [None req-8e9b88f0-6098-402a-ba79-b528ffa20df2 5b847985cf3846c4bde47bd9fe7290b3 c5f14d1eb5584c8181ffee544398c23b - - default default] Unable to schedule network c90b3420-40c9-41ba-b6b0-d8a9571a935d: no agents available; will retry on subsequent port and subnet creation events.
2026-07-02 06:20:03.633 10 INFO neutron.wsgi [None req-9e8f35cb-2d10-4647-ac38-513881bd776f e940eff3092a429c9bcae9dbc0525a84 e27d7db0672d4baea328794a3c8abfc8 - - default default] 10.0.0.54 "DELETE /v2.0/networks/6d3ca5fc-f93a-4101-abf6-7f81a78af123 HTTP/1.1" status: 204 len: 168 time: 0.3972027
2026-07-02 06:20:04.050 9 WARNING neutron.plugins.ml2.drivers.ovn.mech_driver.ovsdb.ovn_client [None req-a342c9dc-cf0c-458b-977d-0784799b2417 - - - - - -] No port found with ID 07a26a9c-235f-4300-ad1c-26a45c68c04d: RuntimeError: No port found with ID 07a26a9c-235f-4300-ad1c-26a45c68c04d
2026-07-02 06:20:04.203 9 INFO neutron.db.ovn_revision_numbers_db [None req-80394d35-c3e4-4b82-8790-8f2ef6912e86 3e8cf9ea00df408fab23d3384e04f5c5 aec3d331be9e4164898e123aea9d4ffa - - default default] Successfully bumped revision number for resource 5dd8302c-9468-460b-ade7-3e6a9b59a7af (type: security_groups) to 1
2026-07-02 06:20:04.245 9 INFO neutron.db.ovn_revision_numbers_db [None req-80394d35-c3e4-4b82-8790-8f2ef6912e86 3e8cf9ea00df408fab23d3384e04f5c5 aec3d331be9e4164898e123aea9d4ffa - - default default] Successfully bumped revision number for resource 4a52238f-4260-4912-aa9f-0bc444774cc0 (type: security_group_rules) to 0
2026-07-02 06:20:04.281 9 INFO neutron.db.ovn_revision_numbers_db [None req-80394d35-c3e4-4b82-8790-8f2ef6912e86 3e8cf9ea00df408fab23d3384e04f5c5 aec3d331be9e4164898e123aea9d4ffa - - default default] Successfully bumped revision number for resource dc3208b8-b976-4b67-bea0-585bfd6eb0a9 (type: security_group_rules) to 0
2026-07-02 06:20:04.283 9 INFO neutron.services.segments.plugin [-] Segment 971166d2-2902-48e0-b525-50fb83895977 resource provider aggregate not found
2026-07-02 06:20:04.290 10 INFO neutron.services.segments.plugin [-] Segment 26042a6b-3bd0-48e9-a252-5df70d8686d8 resource provider aggregate not found
2026-07-02 06:20:04.291 9 INFO neutron.services.segments.plugin [-] Segment 971166d2-2902-48e0-b525-50fb83895977 resource provider aggregate not found
2026-07-02 06:20:04.300 10 INFO neutron.services.segments.plugin [-] Segment 26042a6b-3bd0-48e9-a252-5df70d8686d8 resource provider aggregate not found
2026-07-02 06:20:04.301 9 INFO neutron.services.segments.plugin [-] Segment 971166d2-2902-48e0-b525-50fb83895977 resource provider not found; error: Placement Client Error (4xx): {"errors": [{"status": 404, "title": "Not Found", "detail": "The resource could not be found.\n\n No resource provider with uuid 971166d2-2902-48e0-b525-50fb83895977 found for delete ", "request_id": "req-2000098d-7372-4015-810c-d08f75322a8f"}]}
2026-07-02 06:20:04.305 10 INFO neutron.services.segments.plugin [-] Segment 26042a6b-3bd0-48e9-a252-5df70d8686d8 resource provider not found; error: Placement Client Error (4xx): {"errors": [{"status": 404, "title": "Not Found", "detail": "The resource could not be found.\n\n No resource provider with uuid 26042a6b-3bd0-48e9-a252-5df70d8686d8 found for delete ", "request_id": "req-c8724f5d-284d-4e79-9246-bd6f5657fc63"}]}
2026-07-02 06:20:04.310 10 INFO neutron.services.segments.plugin [-] Segment 26042a6b-3bd0-48e9-a252-5df70d8686d8 resource provider not found; error: Placement Client Error (4xx): {"errors": [{"status": 404, "title": "Not Found", "detail": "The resource could not be found.\n\n No resource provider with uuid 26042a6b-3bd0-48e9-a252-5df70d8686d8 found for delete ", "request_id": "req-0cb74213-28a6-4643-89e3-8403b7667faa"}]}
2026-07-02 06:20:04.312 9 INFO neutron.services.segments.plugin [-] Segment 971166d2-2902-48e0-b525-50fb83895977 resource provider not found; error: Placement Client Error (4xx): {"errors": [{"status": 404, "title": "Not Found", "detail": "The resource could not be found.\n\n No resource provider with uuid 971166d2-2902-48e0-b525-50fb83895977 found for delete ", "request_id": "req-399a2e51-f1bd-4bd2-88df-9def42af747d"}]}
2026-07-02 06:20:04.321 9 INFO neutron.services.segments.plugin [-] Segment 46a2be6a-2d90-417a-b77e-927dc50b62a8 resource provider aggregate not found
2026-07-02 06:20:04.322 10 INFO neutron.services.segments.plugin [-] Segment e36bddfd-5935-4a0a-8678-410a7d7ee703 resource provider aggregate not found
2026-07-02 06:20:04.327 10 INFO neutron.services.segments.plugin [-] Segment e36bddfd-5935-4a0a-8678-410a7d7ee703 resource provider aggregate not found
2026-07-02 06:20:04.333 9 INFO neutron.wsgi [None req-9eb8d357-3908-4cf3-8248-b67d8a094a0e e940eff3092a429c9bcae9dbc0525a84 e27d7db0672d4baea328794a3c8abfc8 - - default default] 10.0.0.54 "DELETE /v2.0/networks/cff66965-3ae0-43cb-8a73-fe2627c0d88f HTTP/1.1" status: 204 len: 168 time: 0.6927345
2026-07-02 06:20:04.335 9 INFO neutron.services.segments.plugin [-] Segment 46a2be6a-2d90-417a-b77e-927dc50b62a8 resource provider aggregate not found
2026-07-02 06:20:04.337 10 INFO neutron.services.segments.plugin [-] Segment e36bddfd-5935-4a0a-8678-410a7d7ee703 resource provider not found; error: Placement Client Error (4xx): {"errors": [{"status": 404, "title": "Not Found", "detail": "The resource could not be found.\n\n No resource provider with uuid e36bddfd-5935-4a0a-8678-410a7d7ee703 found for delete ", "request_id": "req-e98e35bd-f986-40e0-8af5-46435b6bf015"}]}
2026-07-02 06:20:04.343 10 INFO neutron.services.segments.plugin [-] Segment e36bddfd-5935-4a0a-8678-410a7d7ee703 resource provider not found; error: Placement Client Error (4xx): {"errors": [{"status": 404, "title": "Not Found", "detail": "The resource could not be found.\n\n No resource provider with uuid e36bddfd-5935-4a0a-8678-410a7d7ee703 found for delete ", "request_id": "req-da06ff75-8a56-4e86-837d-12b609ed8c48"}]}
2026-07-02 06:20:04.346 9 INFO neutron.services.segments.plugin [-] Segment 46a2be6a-2d90-417a-b77e-927dc50b62a8 resource provider not found; error: Placement Client Error (4xx): {"errors": [{"status": 404, "title": "Not Found", "detail": "The resource could not be found.\n\n No resource provider with uuid 46a2be6a-2d90-417a-b77e-927dc50b62a8 found for delete ", "request_id": "req-2ada2a82-0174-4bdc-ad1f-7bbee042ed15"}]}
2026-07-02 06:20:04.352 9 INFO neutron.db.ovn_revision_numbers_db [None req-80394d35-c3e4-4b82-8790-8f2ef6912e86 3e8cf9ea00df408fab23d3384e04f5c5 aec3d331be9e4164898e123aea9d4ffa - - default default] Successfully bumped revision number for resource f04f8571-10b4-41f3-b404-11e1ae7a517f (type: security_group_rules) to 0
2026-07-02 06:20:04.354 9 INFO neutron.services.segments.plugin [-] Segment 46a2be6a-2d90-417a-b77e-927dc50b62a8 resource provider not found; error: Placement Client Error (4xx): {"errors": [{"status": 404, "title": "Not Found", "detail": "The resource could not be found.\n\n No resource provider with uuid 46a2be6a-2d90-417a-b77e-927dc50b62a8 found for delete ", "request_id": "req-45553cc2-b0ef-4010-ba98-c9e0d103e9c4"}]}
2026-07-02 06:20:04.357 9 INFO neutron.services.segments.plugin [-] Segment ba7ab9db-eefd-4f11-912b-38d3bb7f723c resource provider aggregate not found
2026-07-02 06:20:04.371 9 INFO neutron.services.segments.plugin [-] Segment ba7ab9db-eefd-4f11-912b-38d3bb7f723c resource provider aggregate not found
2026-07-02 06:20:04.376 9 INFO neutron.services.segments.plugin [-] Segment ba7ab9db-eefd-4f11-912b-38d3bb7f723c resource provider not found; error: Placement Client Error (4xx): {"errors": [{"status": 404, "title": "Not Found", "detail": "The resource could not be found.\n\n No resource provider with uuid ba7ab9db-eefd-4f11-912b-38d3bb7f723c found for delete ", "request_id": "req-ea9829b3-67b7-4e30-9675-b3d6d55321ba"}]}
2026-07-02 06:20:04.386 9 INFO neutron.db.ovn_revision_numbers_db [None req-80394d35-c3e4-4b82-8790-8f2ef6912e86 3e8cf9ea00df408fab23d3384e04f5c5 aec3d331be9e4164898e123aea9d4ffa - - default default] Successfully bumped revision number for resource f8e4e90e-f8e3-4719-bfb9-83ecb8aa60d4 (type: security_group_rules) to 0
2026-07-02 06:20:04.392 9 INFO neutron.services.segments.plugin [-] Segment ba7ab9db-eefd-4f11-912b-38d3bb7f723c resource provider not found; error: Placement Client Error (4xx): {"errors": [{"status": 404, "title": "Not Found", "detail": "The resource could not be found.\n\n No resource provider with uuid ba7ab9db-eefd-4f11-912b-38d3bb7f723c found for delete ", "request_id": "req-3e02e54a-af93-4b78-b408-f32e29ff9deb"}]}
2026-07-02 06:20:04.449 9 INFO neutron.db.segments_db [None req-80394d35-c3e4-4b82-8790-8f2ef6912e86 3e8cf9ea00df408fab23d3384e04f5c5 aec3d331be9e4164898e123aea9d4ffa - - default default] Added segment 4f0f5aaa-658d-4a22-ac6a-62b281a5b6fa of type geneve for network 2851d0c4-2b9d-4740-bad4-33b126bf6fa4
2026-07-02 06:20:04.488 9 INFO neutron.db.ovn_revision_numbers_db [None req-8e9b88f0-6098-402a-ba79-b528ffa20df2 5b847985cf3846c4bde47bd9fe7290b3 c5f14d1eb5584c8181ffee544398c23b - - default default] Successfully bumped revision number for resource 43a52441-99b9-4c53-8117-c8097ede92bd (type: ports) to 2
2026-07-02 06:20:04.548 9 INFO neutron.db.ovn_revision_numbers_db [None req-8e9b88f0-6098-402a-ba79-b528ffa20df2 5b847985cf3846c4bde47bd9fe7290b3 c5f14d1eb5584c8181ffee544398c23b - - default default] Successfully bumped revision number for resource d89d5a38-bf24-4aef-bfa3-611f5a9b56fb (type: subnets) to 0
2026-07-02 06:20:04.586 9 INFO neutron.wsgi [None req-8e9b88f0-6098-402a-ba79-b528ffa20df2 5b847985cf3846c4bde47bd9fe7290b3 c5f14d1eb5584c8181ffee544398c23b - - default default] 10.0.0.54 "POST /v2.0/subnets HTTP/1.1" status: 201 len: 801 time: 1.2530444
2026-07-02 06:20:04.616 9 INFO neutron.db.ovn_revision_numbers_db [None req-80394d35-c3e4-4b82-8790-8f2ef6912e86 3e8cf9ea00df408fab23d3384e04f5c5 aec3d331be9e4164898e123aea9d4ffa - - default default] Successfully bumped revision number for resource 2851d0c4-2b9d-4740-bad4-33b126bf6fa4 (type: networks) to 1
2026-07-02 06:20:04.765 10 INFO neutron.db.ovn_revision_numbers_db [None req-774afe22-6e3a-48b8-a3fd-f6e8d104663b 5b847985cf3846c4bde47bd9fe7290b3 c5f14d1eb5584c8181ffee544398c23b - - default default] Successfully bumped revision number for resource ea594faf-f974-4a6e-854d-48d8a15aaab7 (type: routers) to 1
2026-07-02 06:20:04.778 10 INFO neutron.wsgi [None req-774afe22-6e3a-48b8-a3fd-f6e8d104663b 5b847985cf3846c4bde47bd9fe7290b3 c5f14d1eb5584c8181ffee544398c23b - - default default] 10.0.0.54 "POST /v2.0/routers HTTP/1.1" status: 201 len: 687 time: 0.1881120
2026-07-02 06:20:05.014 9 WARNING neutron.scheduler.dhcp_agent_scheduler [None req-80394d35-c3e4-4b82-8790-8f2ef6912e86 3e8cf9ea00df408fab23d3384e04f5c5 aec3d331be9e4164898e123aea9d4ffa - - default default] No more DHCP agents
2026-07-02 06:20:05.015 9 WARNING neutron.api.rpc.agentnotifiers.dhcp_rpc_agent_api [None req-80394d35-c3e4-4b82-8790-8f2ef6912e86 3e8cf9ea00df408fab23d3384e04f5c5 aec3d331be9e4164898e123aea9d4ffa - - default default] Unable to schedule network 2851d0c4-2b9d-4740-bad4-33b126bf6fa4: no agents available; will retry on subsequent port and subnet creation events. /var/lib/openstack/lib/python3.10/site-packages/pycadf/identifier.py:71: UserWarning: Invalid uuid: neutron. To ensure interoperability, identifiers should be a valid uuid. warnings.warn(('Invalid uuid: %s. To ensure interoperability, '
2026-07-02 06:20:05.133 9 INFO neutron.wsgi [None req-8e87159a-e3ca-4d98-aa65-f3069cf003c4 d49bbc498fb44934801760e04d946e50 a6d2ffa6fb014966b30cc01eac919e15 - - default default] 10.0.0.73 "GET /v2.0/subnets HTTP/1.1" status: 200 len: 2688 time: 0.2353101
2026-07-02 06:20:05.154 9 INFO neutron.wsgi [None req-52ecf60a-19f4-450c-8833-eababd367a5c d49bbc498fb44934801760e04d946e50 a6d2ffa6fb014966b30cc01eac919e15 - - default default] 10.0.0.73 "GET /v2.0/subnetpools HTTP/1.1" status: 200 len: 193 time: 0.0200357
2026-07-02 06:20:05.169 9 INFO neutron.db.ovn_revision_numbers_db [None req-80394d35-c3e4-4b82-8790-8f2ef6912e86 3e8cf9ea00df408fab23d3384e04f5c5 aec3d331be9e4164898e123aea9d4ffa - - default default] Successfully bumped revision number for resource d9a06a17-8a6b-4edd-afa2-da48a153f464 (type: ports) to 1
2026-07-02 06:20:05.215 10 WARNING neutron.scheduler.dhcp_agent_scheduler [None req-51668213-b9ea-4a97-984a-50d023293d7f 5b847985cf3846c4bde47bd9fe7290b3 c5f14d1eb5584c8181ffee544398c23b - - default default] No more DHCP agents
2026-07-02 06:20:05.218 10 WARNING neutron.api.rpc.agentnotifiers.dhcp_rpc_agent_api [None req-51668213-b9ea-4a97-984a-50d023293d7f 5b847985cf3846c4bde47bd9fe7290b3 c5f14d1eb5584c8181ffee544398c23b - - default default] Unable to schedule network c90b3420-40c9-41ba-b6b0-d8a9571a935d: no agents available; will retry on subsequent port and subnet creation events.
2026-07-02 06:20:05.218 9 INFO neutron.wsgi [None req-80394d35-c3e4-4b82-8790-8f2ef6912e86 3e8cf9ea00df408fab23d3384e04f5c5 aec3d331be9e4164898e123aea9d4ffa - - default default] 10.0.0.54 "POST /v2.0/networks HTTP/1.1" status: 201 len: 839 time: 1.5878963
2026-07-02 06:20:05.238 9 INFO neutron.wsgi [None req-6a183245-5104-46af-a323-29cb3cc074b9 d49bbc498fb44934801760e04d946e50 a6d2ffa6fb014966b30cc01eac919e15 - - default default] 10.0.0.73 "GET /v2.0/floatingips HTTP/1.1" status: 200 len: 1035 time: 0.0825438
2026-07-02 06:20:05.318 9 INFO neutron.wsgi [None req-72dfa23a-e0bb-40da-84c1-fc77bc45d35d d49bbc498fb44934801760e04d946e50 a6d2ffa6fb014966b30cc01eac919e15 - - default default] 10.0.0.73 "GET /v2.0/ports HTTP/1.1" status: 200 len: 14961 time: 0.0753746
2026-07-02 06:20:05.346 9 INFO neutron.wsgi [None req-37ab8c3d-d384-47ff-ad64-52e1beb006a1 d49bbc498fb44934801760e04d946e50 a6d2ffa6fb014966b30cc01eac919e15 - - default default] 10.0.0.54 "GET /v2.0/security-groups?tenant_id=e27d7db0672d4baea328794a3c8abfc8&name=default HTTP/1.1" status: 200 len: 2996 time: 0.1378787
2026-07-02 06:20:05.350 9 INFO neutron.wsgi [None req-7b444857-959e-4f60-ac64-a2fec6549f27 d49bbc498fb44934801760e04d946e50 a6d2ffa6fb014966b30cc01eac919e15 - - default default] 10.0.0.73 "GET /v2.0/network-ip-availabilities HTTP/1.1" status: 200 len: 2414 time: 0.0231366 /var/lib/openstack/lib/python3.10/site-packages/pycadf/identifier.py:71: UserWarning: Invalid uuid: neutron. To ensure interoperability, identifiers should be a valid uuid. warnings.warn(('Invalid uuid: %s. To ensure interoperability, '
2026-07-02 06:20:05.411 10 INFO neutron.db.ovn_revision_numbers_db [None req-51668213-b9ea-4a97-984a-50d023293d7f 5b847985cf3846c4bde47bd9fe7290b3 c5f14d1eb5584c8181ffee544398c23b - - default default] Successfully bumped revision number for resource 5c4db9b1-87cb-4b72-91cd-cab535b946e1 (type: ports) to 1
2026-07-02 06:20:05.438 10 INFO neutron.wsgi [None req-51668213-b9ea-4a97-984a-50d023293d7f 5b847985cf3846c4bde47bd9fe7290b3 c5f14d1eb5584c8181ffee544398c23b - - default default] 10.0.0.54 "POST /v2.0/ports HTTP/1.1" status: 201 len: 1150 time: 0.6552112
2026-07-02 06:20:05.455 9 INFO neutron.wsgi [None req-93a0e736-8211-4e60-a0b1-7353dd053813 d49bbc498fb44934801760e04d946e50 a6d2ffa6fb014966b30cc01eac919e15 - - default default] 10.0.0.73 "GET /v2.0/security-groups HTTP/1.1" status: 200 len: 38107 time: 0.1036558
2026-07-02 06:20:05.591 9 INFO neutron.wsgi [None req-5f6cbc81-5638-4f1b-a247-b4a8367b654e d49bbc498fb44934801760e04d946e50 a6d2ffa6fb014966b30cc01eac919e15 - - default default] 10.0.0.73 "GET /v2.0/routers HTTP/1.1" status: 200 len: 1345 time: 0.1261303
2026-07-02 06:20:05.604 9 WARNING neutron.scheduler.dhcp_agent_scheduler [None req-eb04a73c-271c-4371-9245-aaec776fa85b 3e8cf9ea00df408fab23d3384e04f5c5 aec3d331be9e4164898e123aea9d4ffa - - default default] No more DHCP agents
2026-07-02 06:20:05.607 9 WARNING neutron.api.rpc.agentnotifiers.dhcp_rpc_agent_api [None req-eb04a73c-271c-4371-9245-aaec776fa85b 3e8cf9ea00df408fab23d3384e04f5c5 aec3d331be9e4164898e123aea9d4ffa - - default default] Unable to schedule network 2851d0c4-2b9d-4740-bad4-33b126bf6fa4: no agents available; will retry on subsequent port and subnet creation events.
2026-07-02 06:20:05.612 9 INFO neutron.wsgi [None req-18ca0f88-0ef8-4f2b-bd77-2b5670a56250 d49bbc498fb44934801760e04d946e50 a6d2ffa6fb014966b30cc01eac919e15 - - default default] 10.0.0.73 "GET /v2.0/agents?binary=ovn-controller HTTP/1.1" status: 200 len: 591 time: 0.0174909
2026-07-02 06:20:05.695 10 INFO neutron.wsgi [None req-a3301c3c-5aeb-40bb-b5d7-698a67cdabbc d49bbc498fb44934801760e04d946e50 a6d2ffa6fb014966b30cc01eac919e15 - - default default] 10.0.0.54 "DELETE /v2.0/security-groups/0cea9fa5-35e9-42a1-8373-84747ab1acac HTTP/1.1" status: 204 len: 168 time: 0.3392959
2026-07-02 06:20:05.710 9 INFO neutron.wsgi [None req-eb44f8d4-c63f-4a4c-99d1-1b66ef45bdc7 d49bbc498fb44934801760e04d946e50 a6d2ffa6fb014966b30cc01eac919e15 - - default default] 10.0.0.73 "GET /v2.0/networks HTTP/1.1" status: 200 len: 4587 time: 0.0961576
2026-07-02 06:20:05.762 9 INFO neutron.wsgi [None req-97af6023-d319-410f-8d07-d2047c61ef33 d49bbc498fb44934801760e04d946e50 a6d2ffa6fb014966b30cc01eac919e15 - - default default] 10.0.0.73 "GET /v2.0/subnets HTTP/1.1" status: 200 len: 3329 time: 0.0483615
2026-07-02 06:20:05.779 9 INFO neutron.wsgi [None req-4b18a9b3-8aba-4e80-a8cd-e36399fec168 d49bbc498fb44934801760e04d946e50 a6d2ffa6fb014966b30cc01eac919e15 - - default default] 10.0.0.73 "GET /v2.0/agents HTTP/1.1" status: 200 len: 997 time: 0.0157425
2026-07-02 06:20:05.899 9 INFO neutron.plugins.ml2.drivers.ovn.mech_driver.mech_driver [None req-a342c9dc-cf0c-458b-977d-0784799b2417 - - - - - -] OVN reports status up for port: 5c4db9b1-87cb-4b72-91cd-cab535b946e1
2026-07-02 06:20:05.911 9 INFO neutron.plugins.ml2.plugin [None req-a342c9dc-cf0c-458b-977d-0784799b2417 - - - - - -] Attempt 1 to provision port 5c4db9b1-87cb-4b72-91cd-cab535b946e1
2026-07-02 06:20:05.923 10 INFO neutron.db.ovn_revision_numbers_db [None req-f09d7125-5757-4aa0-9051-aab827ee4526 5b847985cf3846c4bde47bd9fe7290b3 c5f14d1eb5584c8181ffee544398c23b - - default default] Successfully bumped revision number for resource 5c4db9b1-87cb-4b72-91cd-cab535b946e1 (type: router_ports) to 2
2026-07-02 06:20:05.960 9 INFO neutron.db.ovn_revision_numbers_db [None req-fd3f8671-9935-4744-b4dc-e5b2ae660b5e d49bbc498fb44934801760e04d946e50 a6d2ffa6fb014966b30cc01eac919e15 - - default default] Successfully bumped revision number for resource 6c00770f-20a9-4090-b3fb-0cd6e1d2e58b (type: security_groups) to 1
2026-07-02 06:20:06.012 9 INFO neutron.db.ovn_revision_numbers_db [None req-fd3f8671-9935-4744-b4dc-e5b2ae660b5e d49bbc498fb44934801760e04d946e50 a6d2ffa6fb014966b30cc01eac919e15 - - default default] Successfully bumped revision number for resource 09e42b23-426d-48a7-9cef-0f3172cb18d4 (type: security_group_rules) to 0
2026-07-02 06:20:06.046 9 INFO neutron.db.ovn_revision_numbers_db [None req-fd3f8671-9935-4744-b4dc-e5b2ae660b5e d49bbc498fb44934801760e04d946e50 a6d2ffa6fb014966b30cc01eac919e15 - - default default] Successfully bumped revision number for resource 80ecc0cb-7522-402d-8507-6a9c48967785 (type: security_group_rules) to 0
2026-07-02 06:20:06.088 9 INFO neutron.db.ovn_revision_numbers_db [None req-fd3f8671-9935-4744-b4dc-e5b2ae660b5e d49bbc498fb44934801760e04d946e50 a6d2ffa6fb014966b30cc01eac919e15 - - default default] Successfully bumped revision number for resource 841b718f-131f-4f77-84f8-9aae60adef1c (type: security_group_rules) to 0
2026-07-02 06:20:06.122 9 INFO neutron.db.ovn_revision_numbers_db [None req-fd3f8671-9935-4744-b4dc-e5b2ae660b5e d49bbc498fb44934801760e04d946e50 a6d2ffa6fb014966b30cc01eac919e15 - - default default] Successfully bumped revision number for resource 9a36e80d-ab26-41bd-b986-a9e7e5fea395 (type: security_group_rules) to 0
2026-07-02 06:20:06.193 9 INFO neutron.wsgi [None req-fd3f8671-9935-4744-b4dc-e5b2ae660b5e d49bbc498fb44934801760e04d946e50 a6d2ffa6fb014966b30cc01eac919e15 - - default default] 10.0.0.54 "GET /v2.0/security-groups?tenant_id=e59889d4ef9448b0b15f9633a2a649ac&name=default HTTP/1.1" status: 200 len: 2996 time: 0.3996239 /var/lib/openstack/lib/python3.10/site-packages/pycadf/identifier.py:71: UserWarning: Invalid uuid: neutron. To ensure interoperability, identifiers should be a valid uuid. warnings.warn(('Invalid uuid: %s. To ensure interoperability, '
2026-07-02 06:20:06.338 9 INFO neutron.db.ovn_revision_numbers_db [None req-eb04a73c-271c-4371-9245-aaec776fa85b 3e8cf9ea00df408fab23d3384e04f5c5 aec3d331be9e4164898e123aea9d4ffa - - default default] Successfully bumped revision number for resource d9a06a17-8a6b-4edd-afa2-da48a153f464 (type: ports) to 2
2026-07-02 06:20:06.377 10 INFO neutron.db.ovn_revision_numbers_db [None req-f09d7125-5757-4aa0-9051-aab827ee4526 5b847985cf3846c4bde47bd9fe7290b3 c5f14d1eb5584c8181ffee544398c23b - - default default] Successfully bumped revision number for resource 5c4db9b1-87cb-4b72-91cd-cab535b946e1 (type: ports) to 2
2026-07-02 06:20:06.390 9 INFO neutron.db.ovn_revision_numbers_db [None req-eb04a73c-271c-4371-9245-aaec776fa85b 3e8cf9ea00df408fab23d3384e04f5c5 aec3d331be9e4164898e123aea9d4ffa - - default default] Successfully bumped revision number for resource 07cf9671-e395-451a-943d-bf3e248fc38f (type: subnets) to 0
2026-07-02 06:20:06.400 9 INFO neutron.db.ovn_revision_numbers_db [None req-a342c9dc-cf0c-458b-977d-0784799b2417 - - - - - -] Successfully bumped revision number for resource 5c4db9b1-87cb-4b72-91cd-cab535b946e1 (type: ports) to 3
2026-07-02 06:20:06.405 9 INFO neutron.wsgi [None req-eb04a73c-271c-4371-9245-aaec776fa85b 3e8cf9ea00df408fab23d3384e04f5c5 aec3d331be9e4164898e123aea9d4ffa - - default default] 10.0.0.54 "POST /v2.0/subnets HTTP/1.1" status: 201 len: 832 time: 1.1817136
2026-07-02 06:20:06.497 10 INFO neutron.wsgi [None req-728b241c-1038-496c-a62f-0a541146cc92 d49bbc498fb44934801760e04d946e50 a6d2ffa6fb014966b30cc01eac919e15 - - default default] 10.0.0.54 "DELETE /v2.0/security-groups/6c00770f-20a9-4090-b3fb-0cd6e1d2e58b HTTP/1.1" status: 204 len: 168 time: 0.2934098
2026-07-02 06:20:06.531 9 INFO neutron.db.ovn_revision_numbers_db [None req-a342c9dc-cf0c-458b-977d-0784799b2417 - - - - - -] Successfully bumped revision number for resource 5c4db9b1-87cb-4b72-91cd-cab535b946e1 (type: router_ports) to 3
2026-07-02 06:20:06.653 10 INFO neutron.wsgi [None req-f86a2a3e-338a-43bd-804b-3a3209f55810 b8447ba9072a4ced84ac155516e32c0d a4a50dd18729456497e08f58f5afe302 - - default default] 10.0.0.54 "GET /v2.0/subnetpools?name=shared-default-subnetpool-v6 HTTP/1.1" status: 200 len: 212 time: 0.2407310
2026-07-02 06:20:06.937 10 INFO neutron.db.ovn_revision_numbers_db [None req-64ddaaec-6e60-446b-9afb-cab2344a9e57 d49bbc498fb44934801760e04d946e50 a6d2ffa6fb014966b30cc01eac919e15 - - default default] Successfully bumped revision number for resource 3c0e66dc-c915-4fd1-b08d-fa9bfc2ce250 (type: security_groups) to 1
2026-07-02 06:20:06.966 10 INFO neutron.db.ovn_revision_numbers_db [None req-64ddaaec-6e60-446b-9afb-cab2344a9e57 d49bbc498fb44934801760e04d946e50 a6d2ffa6fb014966b30cc01eac919e15 - - default default] Successfully bumped revision number for resource 212f5599-7c00-4008-b908-6cc4a84856f9 (type: security_group_rules) to 0
2026-07-02 06:20:07.006 10 INFO neutron.db.ovn_revision_numbers_db [None req-64ddaaec-6e60-446b-9afb-cab2344a9e57 d49bbc498fb44934801760e04d946e50 a6d2ffa6fb014966b30cc01eac919e15 - - default default] Successfully bumped revision number for resource bf76382a-0cea-41c7-841b-5a6410054167 (type: security_group_rules) to 0
