2026-07-02 06:17:02.714 9 INFO neutron.db.ovn_revision_numbers_db [None req-15fa5ab6-3bd5-4ded-bb48-038ec52e1c9e - - - - - -] Successfully bumped revision number for resource cbcf394a-0962-471c-a8d1-e9c1b1d28feb (type: ports) to 2
2026-07-02 06:17:02.718 10 WARNING neutron.scheduler.dhcp_agent_scheduler [None req-d892ccea-0b91-47f0-9e36-9e05e425f17f d49bbc498fb44934801760e04d946e50 a6d2ffa6fb014966b30cc01eac919e15 - - default default] No more DHCP agents
2026-07-02 06:17:02.723 10 WARNING neutron.api.rpc.agentnotifiers.dhcp_rpc_agent_api [None req-d892ccea-0b91-47f0-9e36-9e05e425f17f d49bbc498fb44934801760e04d946e50 a6d2ffa6fb014966b30cc01eac919e15 - - default default] Unable to schedule network 41ace6af-16a2-4394-a74f-daf9d180f4e9: no agents available; will retry on subsequent port and subnet creation events.
2026-07-02 06:17:02.783 9 INFO neutron.db.ovn_revision_numbers_db [None req-95a2f414-1e06-4efb-83f1-6d5ec8229e9e d49bbc498fb44934801760e04d946e50 a6d2ffa6fb014966b30cc01eac919e15 - - default default] Successfully bumped revision number for resource fe05c632-fb07-4acf-aaad-a2c533fa7602 (type: ports) to 1
2026-07-02 06:17:02.783 10 WARNING neutron.scheduler.dhcp_agent_scheduler [None req-43dbc167-3a78-45e9-b8ba-2e642cd41540 d49bbc498fb44934801760e04d946e50 a6d2ffa6fb014966b30cc01eac919e15 - - default default] No more DHCP agents
2026-07-02 06:17:02.787 10 WARNING neutron.api.rpc.agentnotifiers.dhcp_rpc_agent_api [None req-43dbc167-3a78-45e9-b8ba-2e642cd41540 d49bbc498fb44934801760e04d946e50 a6d2ffa6fb014966b30cc01eac919e15 - - default default] Unable to schedule network 02a9a157-9526-432e-9897-39ef0c81b584: no agents available; will retry on subsequent port and subnet creation events.
2026-07-02 06:17:02.986 10 INFO neutron.db.ovn_revision_numbers_db [None req-43dbc167-3a78-45e9-b8ba-2e642cd41540 d49bbc498fb44934801760e04d946e50 a6d2ffa6fb014966b30cc01eac919e15 - - default default] Successfully bumped revision number for resource 861fced7-5ab9-4fd3-8ba4-545dd60cb1f4 (type: ports) to 1
2026-07-02 06:17:03.030 10 INFO neutron.db.ovn_revision_numbers_db [None req-d892ccea-0b91-47f0-9e36-9e05e425f17f d49bbc498fb44934801760e04d946e50 a6d2ffa6fb014966b30cc01eac919e15 - - default default] Successfully bumped revision number for resource 5bb10581-6db4-4f69-b94a-92d04af02fed (type: ports) to 1
2026-07-02 06:17:03.047 10 INFO neutron.wsgi [None req-43dbc167-3a78-45e9-b8ba-2e642cd41540 d49bbc498fb44934801760e04d946e50 a6d2ffa6fb014966b30cc01eac919e15 - - default default] 10.0.0.54 "POST /v2.0/networks HTTP/1.1" status: 201 len: 938 time: 1.7859988
2026-07-02 06:17:03.078 9 INFO neutron.db.ovn_revision_numbers_db [None req-15fa5ab6-3bd5-4ded-bb48-038ec52e1c9e - - - - - -] Successfully bumped revision number for resource cbcf394a-0962-471c-a8d1-e9c1b1d28feb (type: ports) to 4
2026-07-02 06:17:03.088 10 INFO neutron.db.ovn_revision_numbers_db [None req-e129907e-2d5a-4dce-a265-6955ff5a6014 - - - - - -] Successfully bumped revision number for resource fd65c7bf-b3c8-4111-a9d9-d5855fcc7f38 (type: ports) to 1
2026-07-02 06:17:03.186 10 INFO neutron.db.ovn_revision_numbers_db [None req-189f02c1-ff02-4f1b-a382-ba4dba111ae6 d49bbc498fb44934801760e04d946e50 a6d2ffa6fb014966b30cc01eac919e15 - - default default] Successfully bumped revision number for resource 520be1c5-fc90-4148-88c9-e3a4fa88d1e5 (type: router_ports) to 1
2026-07-02 06:17:03.415 9 INFO neutron.db.ovn_revision_numbers_db [None req-15fa5ab6-3bd5-4ded-bb48-038ec52e1c9e - - - - - -] Successfully bumped revision number for resource cbcf394a-0962-471c-a8d1-e9c1b1d28feb (type: router_ports) to 4
2026-07-02 06:17:03.438 9 INFO neutron.db.ovn_revision_numbers_db [None req-95a2f414-1e06-4efb-83f1-6d5ec8229e9e d49bbc498fb44934801760e04d946e50 a6d2ffa6fb014966b30cc01eac919e15 - - default default] Successfully bumped revision number for resource fe05c632-fb07-4acf-aaad-a2c533fa7602 (type: router_ports) to 1
2026-07-02 06:17:03.441 9 INFO neutron.plugins.ml2.drivers.ovn.mech_driver.ovsdb.ovsdb_monitor [None req-15fa5ab6-3bd5-4ded-bb48-038ec52e1c9e - - - - - -] Router 7036ad70-cc18-4f5d-9f36-880aadab7564 is bound to host instance
2026-07-02 06:17:03.490 10 WARNING neutron.scheduler.dhcp_agent_scheduler [None req-468327f1-f7b4-4fbe-a4de-074f1586c1f7 d49bbc498fb44934801760e04d946e50 a6d2ffa6fb014966b30cc01eac919e15 - - default default] No more DHCP agents
2026-07-02 06:17:03.496 10 WARNING neutron.api.rpc.agentnotifiers.dhcp_rpc_agent_api [None req-468327f1-f7b4-4fbe-a4de-074f1586c1f7 d49bbc498fb44934801760e04d946e50 a6d2ffa6fb014966b30cc01eac919e15 - - default default] Unable to schedule network 02a9a157-9526-432e-9897-39ef0c81b584: no agents available; will retry on subsequent port and subnet creation events.
2026-07-02 06:17:03.592 10 INFO neutron.db.ovn_revision_numbers_db [None req-189f02c1-ff02-4f1b-a382-ba4dba111ae6 d49bbc498fb44934801760e04d946e50 a6d2ffa6fb014966b30cc01eac919e15 - - default default] Successfully bumped revision number for resource 520be1c5-fc90-4148-88c9-e3a4fa88d1e5 (type: ports) to 1
2026-07-02 06:17:03.733 9 INFO neutron.db.ovn_revision_numbers_db [None req-95a2f414-1e06-4efb-83f1-6d5ec8229e9e d49bbc498fb44934801760e04d946e50 a6d2ffa6fb014966b30cc01eac919e15 - - default default] Successfully bumped revision number for resource fe05c632-fb07-4acf-aaad-a2c533fa7602 (type: ports) to 1
2026-07-02 06:17:03.791 10 WARNING neutron.scheduler.dhcp_agent_scheduler [None req-189f02c1-ff02-4f1b-a382-ba4dba111ae6 d49bbc498fb44934801760e04d946e50 a6d2ffa6fb014966b30cc01eac919e15 - - default default] No more DHCP agents
2026-07-02 06:17:03.797 10 WARNING neutron.api.rpc.agentnotifiers.dhcp_rpc_agent_api [None req-189f02c1-ff02-4f1b-a382-ba4dba111ae6 d49bbc498fb44934801760e04d946e50 a6d2ffa6fb014966b30cc01eac919e15 - - default default] Unable to schedule network d5f6638e-38e8-4283-a348-08b7a9348514: no agents available; will retry on subsequent port and subnet creation events.
2026-07-02 06:17:03.813 9 WARNING neutron.scheduler.dhcp_agent_scheduler [None req-95a2f414-1e06-4efb-83f1-6d5ec8229e9e d49bbc498fb44934801760e04d946e50 a6d2ffa6fb014966b30cc01eac919e15 - - default default] No more DHCP agents
2026-07-02 06:17:03.816 9 WARNING neutron.api.rpc.agentnotifiers.dhcp_rpc_agent_api [None req-95a2f414-1e06-4efb-83f1-6d5ec8229e9e d49bbc498fb44934801760e04d946e50 a6d2ffa6fb014966b30cc01eac919e15 - - default default] Unable to schedule network 712966d6-26b2-4c20-be50-0bf618f7a29f: no agents available; will retry on subsequent port and subnet creation events.
2026-07-02 06:17:03.845 10 INFO neutron.db.ovn_revision_numbers_db [None req-e129907e-2d5a-4dce-a265-6955ff5a6014 - - - - - -] Successfully bumped revision number for resource fd65c7bf-b3c8-4111-a9d9-d5855fcc7f38 (type: router_ports) to 3
2026-07-02 06:17:04.004 9 INFO neutron.plugins.ml2.drivers.ovn.mech_driver.mech_driver [None req-a342c9dc-cf0c-458b-977d-0784799b2417 - - - - - -] OVN reports status up for port: fd65c7bf-b3c8-4111-a9d9-d5855fcc7f38
2026-07-02 06:17:04.020 9 INFO neutron.plugins.ml2.plugin [None req-a342c9dc-cf0c-458b-977d-0784799b2417 - - - - - -] Attempt 1 to provision port fd65c7bf-b3c8-4111-a9d9-d5855fcc7f38
2026-07-02 06:17:04.254 10 INFO neutron.db.ovn_revision_numbers_db [None req-d892ccea-0b91-47f0-9e36-9e05e425f17f d49bbc498fb44934801760e04d946e50 a6d2ffa6fb014966b30cc01eac919e15 - - default default] Successfully bumped revision number for resource 5bb10581-6db4-4f69-b94a-92d04af02fed (type: router_ports) to 1
2026-07-02 06:17:04.269 10 INFO neutron.db.ovn_revision_numbers_db [None req-e129907e-2d5a-4dce-a265-6955ff5a6014 - - - - - -] Successfully bumped revision number for resource fd65c7bf-b3c8-4111-a9d9-d5855fcc7f38 (type: ports) to 2
2026-07-02 06:17:04.424 9 INFO neutron.db.ovn_revision_numbers_db [None req-15fa5ab6-3bd5-4ded-bb48-038ec52e1c9e - - - - - -] Successfully bumped revision number for resource 8a0ec429-ef4e-4615-9ba2-9aeaf009b547 (type: ports) to 1
2026-07-02 06:17:04.529 10 INFO neutron.db.ovn_revision_numbers_db [None req-d892ccea-0b91-47f0-9e36-9e05e425f17f d49bbc498fb44934801760e04d946e50 a6d2ffa6fb014966b30cc01eac919e15 - - default default] Successfully bumped revision number for resource 5bb10581-6db4-4f69-b94a-92d04af02fed (type: ports) to 1
2026-07-02 06:17:04.601 10 INFO neutron.db.ovn_revision_numbers_db [None req-468327f1-f7b4-4fbe-a4de-074f1586c1f7 d49bbc498fb44934801760e04d946e50 a6d2ffa6fb014966b30cc01eac919e15 - - default default] Successfully bumped revision number for resource 861fced7-5ab9-4fd3-8ba4-545dd60cb1f4 (type: ports) to 2
2026-07-02 06:17:04.604 9 INFO neutron.db.ovn_revision_numbers_db [None req-a342c9dc-cf0c-458b-977d-0784799b2417 - - - - - -] Successfully bumped revision number for resource fd65c7bf-b3c8-4111-a9d9-d5855fcc7f38 (type: ports) to 4
2026-07-02 06:17:04.653 10 WARNING neutron.scheduler.dhcp_agent_scheduler [None req-d892ccea-0b91-47f0-9e36-9e05e425f17f d49bbc498fb44934801760e04d946e50 a6d2ffa6fb014966b30cc01eac919e15 - - default default] No more DHCP agents
2026-07-02 06:17:04.656 10 WARNING neutron.api.rpc.agentnotifiers.dhcp_rpc_agent_api [None req-d892ccea-0b91-47f0-9e36-9e05e425f17f d49bbc498fb44934801760e04d946e50 a6d2ffa6fb014966b30cc01eac919e15 - - default default] Unable to schedule network 41ace6af-16a2-4394-a74f-daf9d180f4e9: no agents available; will retry on subsequent port and subnet creation events.
2026-07-02 06:17:04.660 10 INFO neutron.db.ovn_revision_numbers_db [None req-468327f1-f7b4-4fbe-a4de-074f1586c1f7 d49bbc498fb44934801760e04d946e50 a6d2ffa6fb014966b30cc01eac919e15 - - default default] Successfully bumped revision number for resource b3a40d2a-7d15-42b4-a5a6-1cb419ba9146 (type: subnets) to 0
2026-07-02 06:17:04.691 10 INFO neutron.wsgi [None req-468327f1-f7b4-4fbe-a4de-074f1586c1f7 d49bbc498fb44934801760e04d946e50 a6d2ffa6fb014966b30cc01eac919e15 - - default default] 10.0.0.54 "POST /v2.0/subnets HTTP/1.1" status: 201 len: 859 time: 1.6351204
2026-07-02 06:17:05.022 9 INFO neutron.wsgi [None req-a15ee7f6-d2c9-4d1b-8f7a-0937428fb88b d49bbc498fb44934801760e04d946e50 a6d2ffa6fb014966b30cc01eac919e15 - - default default] 10.0.0.73 "GET /v2.0/security-groups HTTP/1.1" status: 200 len: 27907 time: 0.1821780
2026-07-02 06:17:05.024 9 INFO neutron.db.ovn_revision_numbers_db [None req-95a2f414-1e06-4efb-83f1-6d5ec8229e9e d49bbc498fb44934801760e04d946e50 a6d2ffa6fb014966b30cc01eac919e15 - - default default] Successfully bumped revision number for resource fe05c632-fb07-4acf-aaad-a2c533fa7602 (type: router_ports) to 1
2026-07-02 06:17:05.026 9 INFO neutron.wsgi [None req-95a2f414-1e06-4efb-83f1-6d5ec8229e9e d49bbc498fb44934801760e04d946e50 a6d2ffa6fb014966b30cc01eac919e15 - - default default] 10.0.0.54 "PUT /v2.0/routers/8be4f9ff-0cc3-464f-b1f7-8f18a8edd71d/add_router_interface HTTP/1.1" status: 200 len: 503 time: 3.0834031
2026-07-02 06:17:05.044 9 INFO neutron.db.ovn_revision_numbers_db [None req-15fa5ab6-3bd5-4ded-bb48-038ec52e1c9e - - - - - -] Successfully bumped revision number for resource 8a0ec429-ef4e-4615-9ba2-9aeaf009b547 (type: router_ports) to 3
2026-07-02 06:17:05.060 9 INFO neutron.wsgi [None req-bb4c0d69-fb0b-4213-aeb3-07b46fc80737 d49bbc498fb44934801760e04d946e50 a6d2ffa6fb014966b30cc01eac919e15 - - default default] 10.0.0.73 "GET /v2.0/agents HTTP/1.1" status: 200 len: 997 time: 0.0184891
2026-07-02 06:17:05.067 9 INFO neutron.db.ovn_revision_numbers_db [None req-a342c9dc-cf0c-458b-977d-0784799b2417 - - - - - -] Successfully bumped revision number for resource fd65c7bf-b3c8-4111-a9d9-d5855fcc7f38 (type: router_ports) to 4
2026-07-02 06:17:05.144 9 INFO neutron.wsgi [None req-493fcfb7-96c9-49b8-aa6c-18729a806c6b d49bbc498fb44934801760e04d946e50 a6d2ffa6fb014966b30cc01eac919e15 - - default default] 10.0.0.73 "GET /v2.0/networks HTTP/1.1" status: 200 len: 5396 time: 0.0820370
2026-07-02 06:17:05.151 9 INFO neutron.plugins.ml2.drivers.ovn.mech_driver.mech_driver [None req-a342c9dc-cf0c-458b-977d-0784799b2417 - - - - - -] OVN reports status up for port: 520be1c5-fc90-4148-88c9-e3a4fa88d1e5
2026-07-02 06:17:05.200 10 INFO neutron.db.ovn_revision_numbers_db [None req-189f02c1-ff02-4f1b-a382-ba4dba111ae6 d49bbc498fb44934801760e04d946e50 a6d2ffa6fb014966b30cc01eac919e15 - - default default] Successfully bumped revision number for resource 520be1c5-fc90-4148-88c9-e3a4fa88d1e5 (type: router_ports) to 1
2026-07-02 06:17:05.202 10 INFO neutron.wsgi [None req-189f02c1-ff02-4f1b-a382-ba4dba111ae6 d49bbc498fb44934801760e04d946e50 a6d2ffa6fb014966b30cc01eac919e15 - - default default] 10.0.0.54 "PUT /v2.0/routers/d2a09dad-225d-4c96-9246-cf27e2c94630/add_router_interface HTTP/1.1" status: 200 len: 503 time: 4.0233929
2026-07-02 06:17:05.281 9 INFO neutron.plugins.ml2.plugin [None req-a342c9dc-cf0c-458b-977d-0784799b2417 - - - - - -] Attempt 1 to provision port 520be1c5-fc90-4148-88c9-e3a4fa88d1e5
2026-07-02 06:17:05.310 9 INFO neutron.wsgi [None req-76d69db3-449b-438e-a9c1-fa9441554b39 d49bbc498fb44934801760e04d946e50 a6d2ffa6fb014966b30cc01eac919e15 - - default default] 10.0.0.73 "GET /v2.0/subnets HTTP/1.1" status: 200 len: 4071 time: 0.1567073
2026-07-02 06:17:05.454 9 INFO neutron.db.ovn_revision_numbers_db [None req-15fa5ab6-3bd5-4ded-bb48-038ec52e1c9e - - - - - -] Successfully bumped revision number for resource 8a0ec429-ef4e-4615-9ba2-9aeaf009b547 (type: ports) to 2
2026-07-02 06:17:05.468 9 INFO neutron.wsgi [None req-09365106-45ae-4b04-9308-38f7ddc9342a d49bbc498fb44934801760e04d946e50 a6d2ffa6fb014966b30cc01eac919e15 - - default default] 10.0.0.73 "GET /v2.0/routers HTTP/1.1" status: 200 len: 2704 time: 0.1554821
2026-07-02 06:17:05.483 9 INFO neutron.wsgi [None req-0e4bccaa-59e9-40af-b3c0-713774e52208 d49bbc498fb44934801760e04d946e50 a6d2ffa6fb014966b30cc01eac919e15 - - default default] 10.0.0.73 "GET /v2.0/agents?binary=ovn-controller HTTP/1.1" status: 200 len: 591 time: 0.0113530
2026-07-02 06:17:05.500 9 INFO neutron.wsgi [None req-8e28ecab-3658-4aa2-9b9c-112c50bce2b0 d49bbc498fb44934801760e04d946e50 a6d2ffa6fb014966b30cc01eac919e15 - - default default] 10.0.0.73 "GET /v2.0/network-ip-availabilities HTTP/1.1" status: 200 len: 3204 time: 0.0160773
2026-07-02 06:17:05.519 10 WARNING neutron.scheduler.dhcp_agent_scheduler [None req-8e1e57a5-db0c-41f6-b67c-31496d1fa2d5 d49bbc498fb44934801760e04d946e50 a6d2ffa6fb014966b30cc01eac919e15 - - default default] No more DHCP agents
2026-07-02 06:17:05.523 10 WARNING neutron.api.rpc.agentnotifiers.dhcp_rpc_agent_api [None req-8e1e57a5-db0c-41f6-b67c-31496d1fa2d5 d49bbc498fb44934801760e04d946e50 a6d2ffa6fb014966b30cc01eac919e15 - - default default] Unable to schedule network 5e486ed5-20d1-4a3b-956a-cd44660675db: no agents available; will retry on subsequent port and subnet creation events.
2026-07-02 06:17:05.529 9 INFO neutron.wsgi [None req-23da2042-ee33-4d82-93d6-a76aa04f000a d49bbc498fb44934801760e04d946e50 a6d2ffa6fb014966b30cc01eac919e15 - - default default] 10.0.0.73 "GET /v2.0/floatingips HTTP/1.1" status: 200 len: 193 time: 0.0283682
2026-07-02 06:17:05.573 9 INFO neutron.wsgi [None req-b90b578d-541e-423a-baeb-a587c4b1ce40 d49bbc498fb44934801760e04d946e50 a6d2ffa6fb014966b30cc01eac919e15 - - default default] 10.0.0.73 "GET /v2.0/subnets HTTP/1.1" status: 200 len: 4071 time: 0.0397246
2026-07-02 06:17:05.589 9 INFO neutron.wsgi [None req-a20143d5-ce49-4fb7-a403-7b7c90a3a960 d49bbc498fb44934801760e04d946e50 a6d2ffa6fb014966b30cc01eac919e15 - - default default] 10.0.0.73 "GET /v2.0/subnetpools HTTP/1.1" status: 200 len: 193 time: 0.0127623
2026-07-02 06:17:05.647 9 INFO neutron.wsgi [None req-c81b895e-edd0-4b94-be0e-129391dd8a32 d49bbc498fb44934801760e04d946e50 a6d2ffa6fb014966b30cc01eac919e15 - - default default] 10.0.0.73 "GET /v2.0/ports HTTP/1.1" status: 200 len: 17073 time: 0.0556462
2026-07-02 06:17:05.755 9 INFO neutron.db.ovn_revision_numbers_db [None req-a342c9dc-cf0c-458b-977d-0784799b2417 - - - - - -] Successfully bumped revision number for resource 520be1c5-fc90-4148-88c9-e3a4fa88d1e5 (type: ports) to 2
2026-07-02 06:17:05.846 9 INFO neutron.db.ovn_revision_numbers_db [None req-15fa5ab6-3bd5-4ded-bb48-038ec52e1c9e - - - - - -] Successfully bumped revision number for resource 8a0ec429-ef4e-4615-9ba2-9aeaf009b547 (type: ports) to 4
2026-07-02 06:17:05.854 10 INFO neutron.plugins.ml2.drivers.ovn.mech_driver.mech_driver [None req-d4f5bed0-99f1-472e-a4ce-f74787416234 - - - - - -] OVN reports status up for port: 5bb10581-6db4-4f69-b94a-92d04af02fed
2026-07-02 06:17:05.871 10 INFO neutron.db.ovn_revision_numbers_db [None req-8e1e57a5-db0c-41f6-b67c-31496d1fa2d5 d49bbc498fb44934801760e04d946e50 a6d2ffa6fb014966b30cc01eac919e15 - - default default] Successfully bumped revision number for resource 08780623-7b5d-4283-942b-8a646e5f9b19 (type: ports) to 1
2026-07-02 06:17:05.878 10 INFO neutron.plugins.ml2.plugin [None req-d4f5bed0-99f1-472e-a4ce-f74787416234 - - - - - -] Attempt 1 to provision port 5bb10581-6db4-4f69-b94a-92d04af02fed
2026-07-02 06:17:05.901 9 INFO neutron.db.ovn_revision_numbers_db [None req-a342c9dc-cf0c-458b-977d-0784799b2417 - - - - - -] Successfully bumped revision number for resource 520be1c5-fc90-4148-88c9-e3a4fa88d1e5 (type: router_ports) to 2
2026-07-02 06:17:05.976 10 INFO neutron.db.ovn_revision_numbers_db [None req-d892ccea-0b91-47f0-9e36-9e05e425f17f d49bbc498fb44934801760e04d946e50 a6d2ffa6fb014966b30cc01eac919e15 - - default default] Successfully bumped revision number for resource 5bb10581-6db4-4f69-b94a-92d04af02fed (type: router_ports) to 1
2026-07-02 06:17:05.978 10 INFO neutron.wsgi [None req-d892ccea-0b91-47f0-9e36-9e05e425f17f d49bbc498fb44934801760e04d946e50 a6d2ffa6fb014966b30cc01eac919e15 - - default default] 10.0.0.54 "PUT /v2.0/routers/7036ad70-cc18-4f5d-9f36-880aadab7564/add_router_interface HTTP/1.1" status: 200 len: 503 time: 4.2997968
2026-07-02 06:17:05.997 10 INFO neutron.db.ovn_revision_numbers_db [None req-d8e66114-3493-482c-9706-7455a9ea290b 1d94099aabec49a7ae854d71f59fdc28 4edf737225a54e709ed1c2a368c8661d - - default default] Successfully bumped revision number for resource ebb3cb42-15ba-42fa-95e7-087b940e170c (type: security_groups) to 1
2026-07-02 06:17:06.035 10 INFO neutron.db.ovn_revision_numbers_db [None req-d8e66114-3493-482c-9706-7455a9ea290b 1d94099aabec49a7ae854d71f59fdc28 4edf737225a54e709ed1c2a368c8661d - - default default] Successfully bumped revision number for resource 61519f2d-c883-4350-b238-19bc6c8884f0 (type: security_group_rules) to 0
2026-07-02 06:17:06.056 10 INFO neutron.db.ovn_revision_numbers_db [None req-d8e66114-3493-482c-9706-7455a9ea290b 1d94099aabec49a7ae854d71f59fdc28 4edf737225a54e709ed1c2a368c8661d - - default default] Successfully bumped revision number for resource 8fca943f-57bf-499d-812c-620166029446 (type: security_group_rules) to 0
2026-07-02 06:17:06.106 10 INFO neutron.wsgi [None req-d8e66114-3493-482c-9706-7455a9ea290b 1d94099aabec49a7ae854d71f59fdc28 4edf737225a54e709ed1c2a368c8661d - - default default] 10.0.0.54 "POST /v2.0/security-groups HTTP/1.1" status: 201 len: 1794 time: 0.4831014
2026-07-02 06:17:06.155 9 INFO neutron.db.ovn_revision_numbers_db [None req-15fa5ab6-3bd5-4ded-bb48-038ec52e1c9e - - - - - -] Successfully bumped revision number for resource 8a0ec429-ef4e-4615-9ba2-9aeaf009b547 (type: router_ports) to 4
2026-07-02 06:17:06.340 9 INFO neutron.db.ovn_revision_numbers_db [req-ba8cf31e-dd8e-4543-bfb0-fe09c93a7d44 req-2959b579-ea48-4207-a119-3b7ce41d65af ea9ad488e069484e8cec8a0e9ad8a216 cf3f9dae95ba4ddca2aac8e2eac2a499 - - default default] Successfully bumped revision number for resource 8f554974-1690-427c-a6d8-4e3d6a11395c (type: security_groups) to 1
2026-07-02 06:17:06.364 9 INFO neutron.db.ovn_revision_numbers_db [req-ba8cf31e-dd8e-4543-bfb0-fe09c93a7d44 req-2959b579-ea48-4207-a119-3b7ce41d65af ea9ad488e069484e8cec8a0e9ad8a216 cf3f9dae95ba4ddca2aac8e2eac2a499 - - default default] Successfully bumped revision number for resource 1b4a7555-dea9-47ff-81e9-4c970441fcfb (type: security_group_rules) to 0
2026-07-02 06:17:06.372 10 INFO neutron.db.ovn_revision_numbers_db [None req-d4f5bed0-99f1-472e-a4ce-f74787416234 - - - - - -] Successfully bumped revision number for resource 5bb10581-6db4-4f69-b94a-92d04af02fed (type: ports) to 2
2026-07-02 06:17:06.381 9 INFO neutron.db.ovn_revision_numbers_db [req-ba8cf31e-dd8e-4543-bfb0-fe09c93a7d44 req-2959b579-ea48-4207-a119-3b7ce41d65af ea9ad488e069484e8cec8a0e9ad8a216 cf3f9dae95ba4ddca2aac8e2eac2a499 - - default default] Successfully bumped revision number for resource 35371fb4-a5de-4295-a9e8-106187d5df9b (type: security_group_rules) to 0
2026-07-02 06:17:06.392 9 INFO neutron.db.ovn_revision_numbers_db [None req-7fec3137-d0d3-4848-bc65-f5043e5e1b0f 1d94099aabec49a7ae854d71f59fdc28 4edf737225a54e709ed1c2a368c8661d - - default default] Successfully bumped revision number for resource 896da466-f7fe-4d89-a29e-dde3b783a561 (type: security_group_rules) to 0
2026-07-02 06:17:06.403 9 INFO neutron.wsgi [req-ba8cf31e-dd8e-4543-bfb0-fe09c93a7d44 req-2959b579-ea48-4207-a119-3b7ce41d65af ea9ad488e069484e8cec8a0e9ad8a216 cf3f9dae95ba4ddca2aac8e2eac2a499 - - default default] 10.0.0.131 "POST /v2.0/security-groups HTTP/1.1" status: 201 len: 1822 time: 0.3970442
2026-07-02 06:17:06.428 9 INFO neutron.wsgi [None req-7fec3137-d0d3-4848-bc65-f5043e5e1b0f 1d94099aabec49a7ae854d71f59fdc28 4edf737225a54e709ed1c2a368c8661d - - default default] 10.0.0.54 "POST /v2.0/security-group-rules HTTP/1.1" status: 201 len: 764 time: 0.3170862
2026-07-02 06:17:06.536 9 INFO neutron.db.ovn_revision_numbers_db [req-e6ca0c82-937f-4d4e-93c0-b299ba5e84c6 req-ca308517-3e51-43c2-a124-00b1a87b983e ea9ad488e069484e8cec8a0e9ad8a216 cf3f9dae95ba4ddca2aac8e2eac2a499 - - default default] Successfully bumped revision number for resource e93cc977-2901-41d9-89bc-3babd5c26c42 (type: security_groups) to 1
2026-07-02 06:17:06.555 9 INFO neutron.db.ovn_revision_numbers_db [req-e6ca0c82-937f-4d4e-93c0-b299ba5e84c6 req-ca308517-3e51-43c2-a124-00b1a87b983e ea9ad488e069484e8cec8a0e9ad8a216 cf3f9dae95ba4ddca2aac8e2eac2a499 - - default default] Successfully bumped revision number for resource 12898238-79bb-4fb1-98b8-fc0c3b964c04 (type: security_group_rules) to 0
2026-07-02 06:17:06.567 9 INFO neutron.db.ovn_revision_numbers_db [req-e6ca0c82-937f-4d4e-93c0-b299ba5e84c6 req-ca308517-3e51-43c2-a124-00b1a87b983e ea9ad488e069484e8cec8a0e9ad8a216 cf3f9dae95ba4ddca2aac8e2eac2a499 - - default default] Successfully bumped revision number for resource 4320f6df-2446-430f-ba4d-6ce9e8f10725 (type: security_group_rules) to 0
2026-07-02 06:17:06.587 9 INFO neutron.wsgi [req-e6ca0c82-937f-4d4e-93c0-b299ba5e84c6 req-ca308517-3e51-43c2-a124-00b1a87b983e ea9ad488e069484e8cec8a0e9ad8a216 cf3f9dae95ba4ddca2aac8e2eac2a499 - - default default] 10.0.0.131 "POST /v2.0/security-groups HTTP/1.1" status: 201 len: 1823 time: 0.1587598
2026-07-02 06:17:06.589 10 INFO neutron.db.ovn_revision_numbers_db [None req-d4f5bed0-99f1-472e-a4ce-f74787416234 - - - - - -] Successfully bumped revision number for resource 5bb10581-6db4-4f69-b94a-92d04af02fed (type: router_ports) to 2
2026-07-02 06:17:06.685 10 INFO neutron.db.ovn_revision_numbers_db [None req-5d9950ab-0009-4d60-a35c-c9cf9d2024a1 1d94099aabec49a7ae854d71f59fdc28 4edf737225a54e709ed1c2a368c8661d - - default default] Successfully bumped revision number for resource 4a4b9ea1-7fea-408c-a301-4cda8e8f93cc (type: security_group_rules) to 0
2026-07-02 06:17:06.714 9 INFO neutron.plugins.ml2.drivers.ovn.mech_driver.ovsdb.ovsdb_monitor [None req-15fa5ab6-3bd5-4ded-bb48-038ec52e1c9e - - - - - -] Router 0b891a92-78e2-4174-9b9e-15c7ea9a2e9d is bound to host instance
2026-07-02 06:17:06.787 9 INFO neutron.db.ovn_revision_numbers_db [req-125a9fd3-2176-4a2f-abeb-cdf23540d271 req-4380c7e0-52c9-49ca-93f2-f5497060fff5 ea9ad488e069484e8cec8a0e9ad8a216 cf3f9dae95ba4ddca2aac8e2eac2a499 - - default default] Successfully bumped revision number for resource ca154d14-81da-472f-a56e-bf051cfc57c5 (type: security_groups) to 1
2026-07-02 06:17:06.822 9 INFO neutron.db.ovn_revision_numbers_db [req-125a9fd3-2176-4a2f-abeb-cdf23540d271 req-4380c7e0-52c9-49ca-93f2-f5497060fff5 ea9ad488e069484e8cec8a0e9ad8a216 cf3f9dae95ba4ddca2aac8e2eac2a499 - - default default] Successfully bumped revision number for resource a3fbb21b-201b-458d-86e8-50d2e9e9bd10 (type: security_group_rules) to 0
2026-07-02 06:17:06.824 10 INFO neutron.wsgi [None req-5d9950ab-0009-4d60-a35c-c9cf9d2024a1 1d94099aabec49a7ae854d71f59fdc28 4edf737225a54e709ed1c2a368c8661d - - default default] 10.0.0.54 "POST /v2.0/security-group-rules HTTP/1.1" status: 201 len: 769 time: 0.3908167
2026-07-02 06:17:06.825 10 INFO neutron.db.ovn_revision_numbers_db [None req-8e1e57a5-db0c-41f6-b67c-31496d1fa2d5 d49bbc498fb44934801760e04d946e50 a6d2ffa6fb014966b30cc01eac919e15 - - default default] Successfully bumped revision number for resource 08780623-7b5d-4283-942b-8a646e5f9b19 (type: router_ports) to 1
2026-07-02 06:17:06.873 9 INFO neutron.db.ovn_revision_numbers_db [req-125a9fd3-2176-4a2f-abeb-cdf23540d271 req-4380c7e0-52c9-49ca-93f2-f5497060fff5 ea9ad488e069484e8cec8a0e9ad8a216 cf3f9dae95ba4ddca2aac8e2eac2a499 - - default default] Successfully bumped revision number for resource db92225b-8df4-430d-bb00-0301f86e5da3 (type: security_group_rules) to 0
2026-07-02 06:17:06.889 10 INFO neutron.db.ovn_revision_numbers_db [None req-8e1e57a5-db0c-41f6-b67c-31496d1fa2d5 d49bbc498fb44934801760e04d946e50 a6d2ffa6fb014966b30cc01eac919e15 - - default default] Successfully bumped revision number for resource 0b891a92-78e2-4174-9b9e-15c7ea9a2e9d (type: routers) to 2
2026-07-02 06:17:06.904 10 INFO neutron.wsgi [None req-8e1e57a5-db0c-41f6-b67c-31496d1fa2d5 d49bbc498fb44934801760e04d946e50 a6d2ffa6fb014966b30cc01eac919e15 - - default default] 10.0.0.54 "POST /v2.0/routers HTTP/1.1" status: 201 len: 870 time: 2.2089875
2026-07-02 06:17:06.916 9 INFO neutron.wsgi [req-125a9fd3-2176-4a2f-abeb-cdf23540d271 req-4380c7e0-52c9-49ca-93f2-f5497060fff5 ea9ad488e069484e8cec8a0e9ad8a216 cf3f9dae95ba4ddca2aac8e2eac2a499 - - default default] 10.0.0.131 "POST /v2.0/security-groups HTTP/1.1" status: 201 len: 1822 time: 0.3048651
2026-07-02 06:17:07.083 9 INFO neutron.wsgi [req-9f018052-42bb-4649-ab04-ae8b34eaf389 req-05afa1cf-82af-4496-aa8f-82ad03edd975 ea9ad488e069484e8cec8a0e9ad8a216 cf3f9dae95ba4ddca2aac8e2eac2a499 - - default default] 10.0.0.131 "GET /v2.0/security-groups?tenant_id=cf3f9dae95ba4ddca2aac8e2eac2a499 HTTP/1.1" status: 200 len: 7795 time: 0.1267381
2026-07-02 06:17:07.180 9 INFO neutron.wsgi [req-9f018052-42bb-4649-ab04-ae8b34eaf389 req-4e4c25fc-28cb-461c-b1e7-959c8737c40a ea9ad488e069484e8cec8a0e9ad8a216 cf3f9dae95ba4ddca2aac8e2eac2a499 - - default default] 10.0.0.131 "GET /v2.0/security-groups/20597c70-7be6-48e0-a244-6eaaff2f9289 HTTP/1.1" status: 200 len: 2994 time: 0.0896358
2026-07-02 06:17:07.185 9 INFO neutron.db.ovn_revision_numbers_db [req-458a4cb3-f772-4c58-8811-b945e7b3cb2f req-3481fb1a-bcfd-48f1-bfdf-54bfbc62b842 1bd846e0b9f143218bce070e310ba40f 1511db2c4aeb4596b4d4d49615663690 - - default default] Successfully bumped revision number for resource c5c33346-5043-415e-be6f-8bd55b08d622 (type: security_groups) to 1
2026-07-02 06:17:07.226 9 INFO neutron.db.ovn_revision_numbers_db [req-458a4cb3-f772-4c58-8811-b945e7b3cb2f req-3481fb1a-bcfd-48f1-bfdf-54bfbc62b842 1bd846e0b9f143218bce070e310ba40f 1511db2c4aeb4596b4d4d49615663690 - - default default] Successfully bumped revision number for resource 1ef4de2a-c5ef-4b29-921e-c394b35ead50 (type: security_group_rules) to 0
2026-07-02 06:17:07.292 9 INFO neutron.db.ovn_revision_numbers_db [req-458a4cb3-f772-4c58-8811-b945e7b3cb2f req-3481fb1a-bcfd-48f1-bfdf-54bfbc62b842 1bd846e0b9f143218bce070e310ba40f 1511db2c4aeb4596b4d4d49615663690 - - default default] Successfully bumped revision number for resource 4c4fd5cb-d433-46b0-a5ee-2b8962eaebb3 (type: security_group_rules) to 0
2026-07-02 06:17:07.312 9 INFO neutron.wsgi [req-9f018052-42bb-4649-ab04-ae8b34eaf389 req-519b1405-91bf-4ac7-82c4-694887fa4d43 ea9ad488e069484e8cec8a0e9ad8a216 cf3f9dae95ba4ddca2aac8e2eac2a499 - - default default] 10.0.0.131 "GET /v2.0/security-groups/20597c70-7be6-48e0-a244-6eaaff2f9289 HTTP/1.1" status: 200 len: 2994 time: 0.1237006
2026-07-02 06:17:07.336 9 INFO neutron.wsgi [req-458a4cb3-f772-4c58-8811-b945e7b3cb2f req-3481fb1a-bcfd-48f1-bfdf-54bfbc62b842 1bd846e0b9f143218bce070e310ba40f 1511db2c4aeb4596b4d4d49615663690 - - default default] 10.0.0.131 "POST /v2.0/security-groups HTTP/1.1" status: 201 len: 1824 time: 0.5554130
2026-07-02 06:17:07.379 10 WARNING neutron.scheduler.dhcp_agent_scheduler [None req-7731705e-201f-4b4a-a883-e500b778251a d49bbc498fb44934801760e04d946e50 a6d2ffa6fb014966b30cc01eac919e15 - - default default] No more DHCP agents
2026-07-02 06:17:07.381 10 WARNING neutron.api.rpc.agentnotifiers.dhcp_rpc_agent_api [None req-7731705e-201f-4b4a-a883-e500b778251a d49bbc498fb44934801760e04d946e50 a6d2ffa6fb014966b30cc01eac919e15 - - default default] Unable to schedule network 02a9a157-9526-432e-9897-39ef0c81b584: no agents available; will retry on subsequent port and subnet creation events.
2026-07-02 06:17:07.419 9 INFO neutron.wsgi [req-fc718976-af00-46cf-8a98-ec7d4aeab6ba req-4cbd154f-964b-43ff-aac1-e0081a0efb58 ea9ad488e069484e8cec8a0e9ad8a216 cf3f9dae95ba4ddca2aac8e2eac2a499 - - default default] 10.0.0.131 "GET /v2.0/security-groups/8f554974-1690-427c-a6d8-4e3d6a11395c HTTP/1.1" status: 200 len: 1817 time: 0.0754502
2026-07-02 06:17:07.464 9 WARNING neutron.scheduler.dhcp_agent_scheduler [None req-27a9eee3-eacd-42b3-802b-b3d310ed809b 1d94099aabec49a7ae854d71f59fdc28 4edf737225a54e709ed1c2a368c8661d - - default default] No more DHCP agents
2026-07-02 06:17:07.469 9 INFO neutron.wsgi [req-8152e726-f981-40c4-8922-e4d06a12fa26 req-753c16cc-494b-4c71-b869-e755f0231448 1bd846e0b9f143218bce070e310ba40f 1511db2c4aeb4596b4d4d49615663690 - - default default] 10.0.0.131 "GET /v2.0/security-groups/c5c33346-5043-415e-be6f-8bd55b08d622 HTTP/1.1" status: 200 len: 1819 time: 0.1005206
2026-07-02 06:17:07.472 9 WARNING neutron.api.rpc.agentnotifiers.dhcp_rpc_agent_api [None req-27a9eee3-eacd-42b3-802b-b3d310ed809b 1d94099aabec49a7ae854d71f59fdc28 4edf737225a54e709ed1c2a368c8661d - - default default] Unable to schedule network 5e486ed5-20d1-4a3b-956a-cd44660675db: no agents available; will retry on subsequent port and subnet creation events.
2026-07-02 06:17:07.519 10 INFO neutron.db.ovn_revision_numbers_db [None req-7731705e-201f-4b4a-a883-e500b778251a d49bbc498fb44934801760e04d946e50 a6d2ffa6fb014966b30cc01eac919e15 - - default default] Successfully bumped revision number for resource fd6c0c2f-8adb-4783-884f-3fbbeed3a015 (type: ports) to 1
2026-07-02 06:17:07.833 9 INFO neutron.wsgi [req-fc718976-af00-46cf-8a98-ec7d4aeab6ba req-d61a17c2-3e14-47da-94b8-c22d63193df8 ea9ad488e069484e8cec8a0e9ad8a216 cf3f9dae95ba4ddca2aac8e2eac2a499 - - default default] 10.0.0.131 "DELETE /v2.0/security-groups/8f554974-1690-427c-a6d8-4e3d6a11395c HTTP/1.1" status: 204 len: 173 time: 0.4012985
2026-07-02 06:17:07.861 9 INFO neutron.db.ovn_revision_numbers_db [req-8152e726-f981-40c4-8922-e4d06a12fa26 req-fc457306-ce87-4b0d-ac89-552694cff815 1bd846e0b9f143218bce070e310ba40f 1511db2c4aeb4596b4d4d49615663690 - - default default] Successfully bumped revision number for resource 701af7d7-681a-42f5-be2a-dc4a610fb0e6 (type: security_group_rules) to 0
2026-07-02 06:17:07.888 9 INFO neutron.api.v2.resource [req-b6d35dea-8094-4891-82b4-47bdbc47b3e6 req-037eabe5-9f34-4648-b1e1-230fe325e49f ea9ad488e069484e8cec8a0e9ad8a216 cf3f9dae95ba4ddca2aac8e2eac2a499 - - default default] show failed (client error): The resource could not be found.
2026-07-02 06:17:07.889 9 INFO neutron.wsgi [req-b6d35dea-8094-4891-82b4-47bdbc47b3e6 req-037eabe5-9f34-4648-b1e1-230fe325e49f ea9ad488e069484e8cec8a0e9ad8a216 cf3f9dae95ba4ddca2aac8e2eac2a499 - - default default] 10.0.0.131 "GET /v2.0/security-groups/8f554974-1690-427c-a6d8-4e3d6a11395c HTTP/1.1" status: 404 len: 352 time: 0.0300138
2026-07-02 06:17:07.908 9 INFO neutron.db.ovn_revision_numbers_db [None req-15fa5ab6-3bd5-4ded-bb48-038ec52e1c9e - - - - - -] Successfully bumped revision number for resource 08780623-7b5d-4283-942b-8a646e5f9b19 (type: ports) to 1
2026-07-02 06:17:07.919 9 INFO neutron.wsgi [req-8152e726-f981-40c4-8922-e4d06a12fa26 req-fc457306-ce87-4b0d-ac89-552694cff815 1bd846e0b9f143218bce070e310ba40f 1511db2c4aeb4596b4d4d49615663690 - - default default] 10.0.0.131 "POST /v2.0/security-group-rules HTTP/1.1" status: 201 len: 786 time: 0.4407284
2026-07-02 06:17:07.973 10 INFO neutron.db.ovn_revision_numbers_db [None req-7731705e-201f-4b4a-a883-e500b778251a d49bbc498fb44934801760e04d946e50 a6d2ffa6fb014966b30cc01eac919e15 - - default default] Successfully bumped revision number for resource fd6c0c2f-8adb-4783-884f-3fbbeed3a015 (type: router_ports) to 1
2026-07-02 06:17:07.989 9 INFO neutron.wsgi [req-896db282-1991-4329-a77d-ede096152382 req-ed9ab3d4-2a44-491d-addf-05b6faa12ec6 ea9ad488e069484e8cec8a0e9ad8a216 cf3f9dae95ba4ddca2aac8e2eac2a499 - - default default] 10.0.0.131 "GET /v2.0/security-groups/e93cc977-2901-41d9-89bc-3babd5c26c42 HTTP/1.1" status: 200 len: 1818 time: 0.0787268
2026-07-02 06:17:08.094 10 INFO neutron.db.ovn_revision_numbers_db [None req-7731705e-201f-4b4a-a883-e500b778251a d49bbc498fb44934801760e04d946e50 a6d2ffa6fb014966b30cc01eac919e15 - - default default] Successfully bumped revision number for resource fd6c0c2f-8adb-4783-884f-3fbbeed3a015 (type: ports) to 1
2026-07-02 06:17:08.100 9 INFO neutron.db.ovn_revision_numbers_db [None req-27a9eee3-eacd-42b3-802b-b3d310ed809b 1d94099aabec49a7ae854d71f59fdc28 4edf737225a54e709ed1c2a368c8661d - - default default] Successfully bumped revision number for resource e2ca3358-ede5-496e-8a2a-6f68c3d33cca (type: floatingips) to 0
2026-07-02 06:17:08.142 9 INFO neutron.wsgi [None req-27a9eee3-eacd-42b3-802b-b3d310ed809b 1d94099aabec49a7ae854d71f59fdc28 4edf737225a54e709ed1c2a368c8661d - - default default] 10.0.0.54 "POST /v2.0/floatingips HTTP/1.1" status: 201 len: 751 time: 1.3052084
2026-07-02 06:17:08.171 10 WARNING neutron.scheduler.dhcp_agent_scheduler [None req-7731705e-201f-4b4a-a883-e500b778251a d49bbc498fb44934801760e04d946e50 a6d2ffa6fb014966b30cc01eac919e15 - - default default] No more DHCP agents
2026-07-02 06:17:08.172 10 WARNING neutron.api.rpc.agentnotifiers.dhcp_rpc_agent_api [None req-7731705e-201f-4b4a-a883-e500b778251a d49bbc498fb44934801760e04d946e50 a6d2ffa6fb014966b30cc01eac919e15 - - default default] Unable to schedule network 02a9a157-9526-432e-9897-39ef0c81b584: no agents available; will retry on subsequent port and subnet creation events.
2026-07-02 06:17:08.232 9 INFO neutron.db.ovn_revision_numbers_db [req-cd1beb99-a708-4687-b8f2-655a74cf15ae req-519df9b7-1ece-471a-bcdc-ba90aaa4730b 1bd846e0b9f143218bce070e310ba40f 1511db2c4aeb4596b4d4d49615663690 - - default default] Successfully bumped revision number for resource 2a4e5d1d-de75-4075-97f0-f6f553917259 (type: security_groups) to 1
2026-07-02 06:17:08.264 9 INFO neutron.wsgi [req-896db282-1991-4329-a77d-ede096152382 req-81bb0e56-6528-484b-a762-ec251fd8c5ee ea9ad488e069484e8cec8a0e9ad8a216 cf3f9dae95ba4ddca2aac8e2eac2a499 - - default default] 10.0.0.131 "DELETE /v2.0/security-groups/e93cc977-2901-41d9-89bc-3babd5c26c42 HTTP/1.1" status: 204 len: 173 time: 0.2639806
2026-07-02 06:17:08.273 9 INFO neutron.db.ovn_revision_numbers_db [req-cd1beb99-a708-4687-b8f2-655a74cf15ae req-519df9b7-1ece-471a-bcdc-ba90aaa4730b 1bd846e0b9f143218bce070e310ba40f 1511db2c4aeb4596b4d4d49615663690 - - default default] Successfully bumped revision number for resource 3d0b733e-0a75-4a10-9814-c5bb73b36d31 (type: security_group_rules) to 0
2026-07-02 06:17:08.302 9 INFO neutron.db.ovn_revision_numbers_db [req-cd1beb99-a708-4687-b8f2-655a74cf15ae req-519df9b7-1ece-471a-bcdc-ba90aaa4730b 1bd846e0b9f143218bce070e310ba40f 1511db2c4aeb4596b4d4d49615663690 - - default default] Successfully bumped revision number for resource 4883eda8-5d87-4cd3-8be1-54dd3ced2a24 (type: security_group_rules) to 0
2026-07-02 06:17:08.313 9 INFO neutron.api.v2.resource [req-23e5c968-ce97-4ab9-bf78-cc03b767e383 req-0fce1f02-4628-4328-b3c0-35917dc00a1f ea9ad488e069484e8cec8a0e9ad8a216 cf3f9dae95ba4ddca2aac8e2eac2a499 - - default default] show failed (client error): The resource could not be found.
2026-07-02 06:17:08.314 9 INFO neutron.wsgi [req-23e5c968-ce97-4ab9-bf78-cc03b767e383 req-0fce1f02-4628-4328-b3c0-35917dc00a1f ea9ad488e069484e8cec8a0e9ad8a216 cf3f9dae95ba4ddca2aac8e2eac2a499 - - default default] 10.0.0.131 "GET /v2.0/security-groups/e93cc977-2901-41d9-89bc-3babd5c26c42 HTTP/1.1" status: 404 len: 352 time: 0.0201373
2026-07-02 06:17:08.330 9 INFO neutron.wsgi [req-cd1beb99-a708-4687-b8f2-655a74cf15ae req-519df9b7-1ece-471a-bcdc-ba90aaa4730b 1bd846e0b9f143218bce070e310ba40f 1511db2c4aeb4596b4d4d49615663690 - - default default] 10.0.0.131 "POST /v2.0/security-groups HTTP/1.1" status: 201 len: 1824 time: 0.3797076
2026-07-02 06:17:08.387 9 INFO neutron.wsgi [req-cddd0d7e-bc18-4784-ab01-6f3d7a674257 req-b2c1aab4-2776-40bd-9d1b-6f517d22e264 ea9ad488e069484e8cec8a0e9ad8a216 cf3f9dae95ba4ddca2aac8e2eac2a499 - - default default] 10.0.0.131 "GET /v2.0/security-groups/ca154d14-81da-472f-a56e-bf051cfc57c5 HTTP/1.1" status: 200 len: 1817 time: 0.0475180
2026-07-02 06:17:08.396 9 INFO neutron.wsgi [req-ed4c3db5-af65-4447-87ab-4b8111ad3a07 req-925c07fc-c0f6-4cb5-a4a7-2cfe8f43a62c 1bd846e0b9f143218bce070e310ba40f 1511db2c4aeb4596b4d4d49615663690 - - default default] 10.0.0.131 "GET /v2.0/security-groups/2a4e5d1d-de75-4075-97f0-f6f553917259 HTTP/1.1" status: 200 len: 1819 time: 0.0433404
2026-07-02 06:17:08.452 9 INFO neutron.db.ovn_revision_numbers_db [None req-15fa5ab6-3bd5-4ded-bb48-038ec52e1c9e - - - - - -] Successfully bumped revision number for resource 08780623-7b5d-4283-942b-8a646e5f9b19 (type: router_ports) to 3
2026-07-02 06:17:08.582 9 INFO neutron.wsgi [req-cddd0d7e-bc18-4784-ab01-6f3d7a674257 req-583304e5-2892-42ea-88cd-9cab721f19a6 ea9ad488e069484e8cec8a0e9ad8a216 cf3f9dae95ba4ddca2aac8e2eac2a499 - - default default] 10.0.0.131 "DELETE /v2.0/security-groups/ca154d14-81da-472f-a56e-bf051cfc57c5 HTTP/1.1" status: 204 len: 173 time: 0.1802130
2026-07-02 06:17:08.598 9 INFO neutron.db.ovn_revision_numbers_db [req-ed4c3db5-af65-4447-87ab-4b8111ad3a07 req-648d1b62-11a9-43cf-b718-3489568c7cc5 1bd846e0b9f143218bce070e310ba40f 1511db2c4aeb4596b4d4d49615663690 - - default default] Successfully bumped revision number for resource e73d7b19-5d10-4f26-aceb-386884fda404 (type: security_group_rules) to 0
2026-07-02 06:17:08.631 9 INFO neutron.wsgi [req-ed4c3db5-af65-4447-87ab-4b8111ad3a07 req-648d1b62-11a9-43cf-b718-3489568c7cc5 1bd846e0b9f143218bce070e310ba40f 1511db2c4aeb4596b4d4d49615663690 - - default default] 10.0.0.131 "POST /v2.0/security-group-rules HTTP/1.1" status: 201 len: 786 time: 0.2211359
2026-07-02 06:17:08.632 9 INFO neutron.db.ovn_revision_numbers_db [None req-15fa5ab6-3bd5-4ded-bb48-038ec52e1c9e - - - - - -] Successfully bumped revision number for resource 08780623-7b5d-4283-942b-8a646e5f9b19 (type: ports) to 2
2026-07-02 06:17:08.665 9 INFO neutron.api.v2.resource [req-1e456ccf-b064-478d-b049-2686cb32ff90 req-da0e220f-76b2-4e9c-84c4-e2849393fb39 ea9ad488e069484e8cec8a0e9ad8a216 cf3f9dae95ba4ddca2aac8e2eac2a499 - - default default] show failed (client error): The resource could not be found.
2026-07-02 06:17:08.667 9 INFO neutron.wsgi [req-1e456ccf-b064-478d-b049-2686cb32ff90 req-da0e220f-76b2-4e9c-84c4-e2849393fb39 ea9ad488e069484e8cec8a0e9ad8a216 cf3f9dae95ba4ddca2aac8e2eac2a499 - - default default] 10.0.0.131 "GET /v2.0/security-groups/ca154d14-81da-472f-a56e-bf051cfc57c5 HTTP/1.1" status: 404 len: 352 time: 0.0152550
2026-07-02 06:17:08.741 9 INFO neutron.wsgi [req-d715c934-9fa0-4eb8-8320-bbcd990e06e3 req-39d99584-faba-4950-9c17-a3d7df3bd9f7 1bd846e0b9f143218bce070e310ba40f 1511db2c4aeb4596b4d4d49615663690 - - default default] 10.0.0.131 "GET /v2.0/security-groups/2a4e5d1d-de75-4075-97f0-f6f553917259 HTTP/1.1" status: 200 len: 2412 time: 0.0564952
2026-07-02 06:17:08.747 9 INFO neutron.wsgi [req-68f98c08-cf12-40e9-9b77-7056be40842b req-15f395e7-1cd0-4037-85e7-05dca6769665 1d94099aabec49a7ae854d71f59fdc28 4edf737225a54e709ed1c2a368c8661d - - default default] 10.0.0.131 "GET /v2.0/security-groups?name=tempest-securitygroup--767898578&fields=id&tenant_id=4edf737225a54e709ed1c2a368c8661d HTTP/1.1" status: 200 len: 267 time: 0.0549901
2026-07-02 06:17:08.883 9 INFO neutron.wsgi [req-68f98c08-cf12-40e9-9b77-7056be40842b req-eb0fcc15-2a67-4eff-9a59-724b5b138e43 1d94099aabec49a7ae854d71f59fdc28 4edf737225a54e709ed1c2a368c8661d - - default default] 10.0.0.131 "GET /v2.0/networks?id=712966d6-26b2-4c20-be50-0bf618f7a29f HTTP/1.1" status: 200 len: 882 time: 0.1270671
2026-07-02 06:17:08.913 9 INFO neutron.wsgi [req-68f98c08-cf12-40e9-9b77-7056be40842b req-23fb7163-186d-4210-8635-081dfad4d02e 1d94099aabec49a7ae854d71f59fdc28 4edf737225a54e709ed1c2a368c8661d - - default default] 10.0.0.131 "GET /v2.0/quotas/4edf737225a54e709ed1c2a368c8661d HTTP/1.1" status: 200 len: 386 time: 0.0188522
2026-07-02 06:17:08.927 10 INFO neutron.db.ovn_revision_numbers_db [None req-7731705e-201f-4b4a-a883-e500b778251a d49bbc498fb44934801760e04d946e50 a6d2ffa6fb014966b30cc01eac919e15 - - default default] Successfully bumped revision number for resource fd6c0c2f-8adb-4783-884f-3fbbeed3a015 (type: router_ports) to 1
2026-07-02 06:17:08.930 10 INFO neutron.wsgi [None req-7731705e-201f-4b4a-a883-e500b778251a d49bbc498fb44934801760e04d946e50 a6d2ffa6fb014966b30cc01eac919e15 - - default default] 10.0.0.54 "PUT /v2.0/routers/0b891a92-78e2-4174-9b9e-15c7ea9a2e9d/add_router_interface HTTP/1.1" status: 200 len: 503 time: 2.0213575
2026-07-02 06:17:09.214 9 INFO neutron.db.ovn_revision_numbers_db [req-d715c934-9fa0-4eb8-8320-bbcd990e06e3 req-4aec967e-6313-413f-ae55-3362a2169dcc 1bd846e0b9f143218bce070e310ba40f 1511db2c4aeb4596b4d4d49615663690 - - default default] Successfully bumped revision number for resource 15211823-6a83-4c57-b02b-dc4614bda1aa (type: security_group_rules) to 0
2026-07-02 06:17:09.220 9 INFO neutron.wsgi [req-68f98c08-cf12-40e9-9b77-7056be40842b req-c47651b9-02a6-4e93-bb29-da1650ad9c4d 1d94099aabec49a7ae854d71f59fdc28 4edf737225a54e709ed1c2a368c8661d - - default default] 10.0.0.131 "GET /v2.0/ports?tenant_id=4edf737225a54e709ed1c2a368c8661d&fields=id HTTP/1.1" status: 200 len: 302 time: 0.2915800
2026-07-02 06:17:09.222 9 INFO neutron.db.ovn_revision_numbers_db [None req-15fa5ab6-3bd5-4ded-bb48-038ec52e1c9e - - - - - -] Successfully bumped revision number for resource 08780623-7b5d-4283-942b-8a646e5f9b19 (type: ports) to 4
2026-07-02 06:17:09.244 9 INFO neutron.wsgi [req-d715c934-9fa0-4eb8-8320-bbcd990e06e3 req-4aec967e-6313-413f-ae55-3362a2169dcc 1bd846e0b9f143218bce070e310ba40f 1511db2c4aeb4596b4d4d49615663690 - - default default] 10.0.0.131 "POST /v2.0/security-group-rules HTTP/1.1" status: 201 len: 791 time: 0.4877248
2026-07-02 06:17:09.327 9 INFO neutron.wsgi [req-afae414f-dec3-4881-9716-3ad3af227c1d req-d1fdb9a2-b407-45f7-bac2-b562e4e32bdf ea9ad488e069484e8cec8a0e9ad8a216 cf3f9dae95ba4ddca2aac8e2eac2a499 - - default default] 10.0.0.131 "GET /v2.0/security-groups?tenant_id=cf3f9dae95ba4ddca2aac8e2eac2a499 HTTP/1.1" status: 200 len: 2997 time: 0.0674493
2026-07-02 06:17:09.376 9 INFO neutron.wsgi [req-afae414f-dec3-4881-9716-3ad3af227c1d req-71fc5dbc-5ac2-42f9-a71d-ea4a4ce95e9d ea9ad488e069484e8cec8a0e9ad8a216 cf3f9dae95ba4ddca2aac8e2eac2a499 - - default default] 10.0.0.131 "GET /v2.0/security-groups/20597c70-7be6-48e0-a244-6eaaff2f9289 HTTP/1.1" status: 200 len: 2994 time: 0.0401950
2026-07-02 06:17:09.423 9 INFO neutron.wsgi [req-afae414f-dec3-4881-9716-3ad3af227c1d req-dc229268-c881-4055-889e-74c238f3931b ea9ad488e069484e8cec8a0e9ad8a216 cf3f9dae95ba4ddca2aac8e2eac2a499 - - default default] 10.0.0.131 "GET /v2.0/security-groups/20597c70-7be6-48e0-a244-6eaaff2f9289 HTTP/1.1" status: 200 len: 2994 time: 0.0351517
2026-07-02 06:17:09.478 9 INFO neutron.wsgi [req-52496766-6025-4f24-b6c2-70e21146f502 req-f102c0be-24af-487c-bb91-d579e5807736 1bd846e0b9f143218bce070e310ba40f 1511db2c4aeb4596b4d4d49615663690 - - default default] 10.0.0.131 "GET /v2.0/security-groups/2a4e5d1d-de75-4075-97f0-f6f553917259 HTTP/1.1" status: 200 len: 3010 time: 0.0324407
2026-07-02 06:17:09.514 9 INFO neutron.db.ovn_revision_numbers_db [None req-15fa5ab6-3bd5-4ded-bb48-038ec52e1c9e - - - - - -] Successfully bumped revision number for resource 08780623-7b5d-4283-942b-8a646e5f9b19 (type: router_ports) to 4
2026-07-02 06:17:09.630 9 INFO neutron.wsgi [req-68f98c08-cf12-40e9-9b77-7056be40842b req-d31e8a64-bbfa-4f87-b2fc-8a10254cb9c0 36377d1fe73e40cf8b2786a64e5f4d3a 7e96c111381543b2a8202b096e417409 - - 0b7f6a7849d742f1ad166eef4960917f 0b7f6a7849d742f1ad166eef4960917f] 10.0.0.131 "GET /v2.0/extensions HTTP/1.1" status: 200 len: 16525 time: 0.0681608
2026-07-02 06:17:09.635 9 INFO neutron.api.v2.resource [req-36da23e9-bcb0-423c-b901-ea125662b2a1 req-02917137-46cd-42fb-8d69-d30e6b306169 ea9ad488e069484e8cec8a0e9ad8a216 cf3f9dae95ba4ddca2aac8e2eac2a499 - - default default] show failed (client error): The resource could not be found.
2026-07-02 06:17:09.636 9 INFO neutron.wsgi [req-36da23e9-bcb0-423c-b901-ea125662b2a1 req-02917137-46cd-42fb-8d69-d30e6b306169 ea9ad488e069484e8cec8a0e9ad8a216 cf3f9dae95ba4ddca2aac8e2eac2a499 - - default default] 10.0.0.131 "GET /v2.0/security-groups/ca154d14-81da-472f-a56e-bf051cfc57c5 HTTP/1.1" status: 404 len: 352 time: 0.0344489
2026-07-02 06:17:09.676 9 INFO neutron.wsgi [req-c8748a2b-f3e4-47c9-8857-e30d19336ffd req-d5a40c6e-a2e1-4a4e-bb80-71775fd98c6d 1bd846e0b9f143218bce070e310ba40f 1511db2c4aeb4596b4d4d49615663690 - - default default] 10.0.0.131 "GET /v2.0/security-group-rules/15211823-6a83-4c57-b02b-dc4614bda1aa HTTP/1.1" status: 200 len: 783 time: 0.0272403
2026-07-02 06:17:09.715 9 INFO neutron.wsgi [req-68f98c08-cf12-40e9-9b77-7056be40842b req-b978dca6-fb98-471e-9539-aa84591644e8 36377d1fe73e40cf8b2786a64e5f4d3a 7e96c111381543b2a8202b096e417409 - - 0b7f6a7849d742f1ad166eef4960917f 0b7f6a7849d742f1ad166eef4960917f] 10.0.0.131 "GET /v2.0/networks/712966d6-26b2-4c20-be50-0bf618f7a29f?fields=segments HTTP/1.1" status: 200 len: 212 time: 0.0750213
2026-07-02 06:17:09.750 9 INFO neutron.wsgi [req-c8748a2b-f3e4-47c9-8857-e30d19336ffd req-c4515f28-31a1-4988-8203-7b693aa2e717 1bd846e0b9f143218bce070e310ba40f 1511db2c4aeb4596b4d4d49615663690 - - default default] 10.0.0.131 "GET /v2.0/security-groups/2a4e5d1d-de75-4075-97f0-f6f553917259 HTTP/1.1" status: 200 len: 3010 time: 0.0667229
2026-07-02 06:17:09.760 10 INFO neutron.db.ovn_revision_numbers_db [None req-1cb60eb9-13e6-4ea2-9d76-32096b3e2f65 3bad0826548f41428d5b2eb594f929d1 dbd987a28bff4525af0d3fa85589ee11 - - default default] Successfully bumped revision number for resource dccf7307-80e7-4246-b51e-3e925026ae70 (type: security_groups) to 1
2026-07-02 06:17:09.777 10 INFO neutron.db.ovn_revision_numbers_db [None req-1cb60eb9-13e6-4ea2-9d76-32096b3e2f65 3bad0826548f41428d5b2eb594f929d1 dbd987a28bff4525af0d3fa85589ee11 - - default default] Successfully bumped revision number for resource 1ef9f8f7-cbae-4076-8af3-153bc41b4d55 (type: security_group_rules) to 0
2026-07-02 06:17:09.793 10 INFO neutron.db.ovn_revision_numbers_db [None req-1cb60eb9-13e6-4ea2-9d76-32096b3e2f65 3bad0826548f41428d5b2eb594f929d1 dbd987a28bff4525af0d3fa85589ee11 - - default default] Successfully bumped revision number for resource e0257504-f7c7-4c63-bdcb-9971f00183bb (type: security_group_rules) to 0
2026-07-02 06:17:09.807 9 INFO neutron.wsgi [req-68f98c08-cf12-40e9-9b77-7056be40842b req-46477e43-8dc3-4a91-98ce-d6ebeb797841 36377d1fe73e40cf8b2786a64e5f4d3a 7e96c111381543b2a8202b096e417409 - - 0b7f6a7849d742f1ad166eef4960917f 0b7f6a7849d742f1ad166eef4960917f] 10.0.0.131 "GET /v2.0/networks/712966d6-26b2-4c20-be50-0bf618f7a29f?fields=provider%3Aphysical_network&fields=provider%3Anetwork_type HTTP/1.1" status: 200 len: 277 time: 0.0696764
2026-07-02 06:17:09.813 10 INFO neutron.wsgi [None req-1cb60eb9-13e6-4ea2-9d76-32096b3e2f65 3bad0826548f41428d5b2eb594f929d1 dbd987a28bff4525af0d3fa85589ee11 - - default default] 10.0.0.54 "POST /v2.0/security-groups HTTP/1.1" status: 201 len: 1796 time: 0.2097771
2026-07-02 06:17:09.884 9 INFO neutron.wsgi [req-c8748a2b-f3e4-47c9-8857-e30d19336ffd req-2bf4b616-f70e-40f1-a945-89a5905a3138 1bd846e0b9f143218bce070e310ba40f 1511db2c4aeb4596b4d4d49615663690 - - default default] 10.0.0.131 "DELETE /v2.0/security-group-rules/15211823-6a83-4c57-b02b-dc4614bda1aa HTTP/1.1" status: 204 len: 173 time: 0.1251409
2026-07-02 06:17:09.912 9 INFO neutron.api.v2.resource [req-06587235-2e72-4c01-8793-f8d671039bcc req-328d0696-08a7-4e9b-b9e3-1495764526d3 ea9ad488e069484e8cec8a0e9ad8a216 cf3f9dae95ba4ddca2aac8e2eac2a499 - - default default] show failed (client error): The resource could not be found.
2026-07-02 06:17:09.913 9 INFO neutron.wsgi [req-06587235-2e72-4c01-8793-f8d671039bcc req-328d0696-08a7-4e9b-b9e3-1495764526d3 ea9ad488e069484e8cec8a0e9ad8a216 cf3f9dae95ba4ddca2aac8e2eac2a499 - - default default] 10.0.0.131 "GET /v2.0/security-groups/e93cc977-2901-41d9-89bc-3babd5c26c42 HTTP/1.1" status: 404 len: 352 time: 0.0126934
2026-07-02 06:17:09.968 9 INFO neutron.wsgi [req-7bcf12da-4673-4035-b023-e16f1396d6c1 req-170dc344-77ce-411b-8560-edb2f87055f2 1bd846e0b9f143218bce070e310ba40f 1511db2c4aeb4596b4d4d49615663690 - - default default] 10.0.0.131 "GET /v2.0/security-groups/2a4e5d1d-de75-4075-97f0-f6f553917259 HTTP/1.1" status: 200 len: 2412 time: 0.0396304
2026-07-02 06:17:09.970 9 INFO neutron.api.v2.resource [req-6476a719-7667-4628-8c41-32fd2108a494 req-ffd8b63a-f3fe-4344-baef-845f93057caa ea9ad488e069484e8cec8a0e9ad8a216 cf3f9dae95ba4ddca2aac8e2eac2a499 - - default default] show failed (client error): The resource could not be found.
