2026-07-02 05:45:58.974 10 INFO neutron.wsgi [-] 10.0.0.13 "GET / HTTP/1.1" status: 200 len: 247 time: 0.0025692
2026-07-02 05:45:58.976 9 INFO neutron.wsgi [-] 10.0.0.13 "GET / HTTP/1.1" status: 200 len: 247 time: 0.0031438
2026-07-02 05:46:13.976 10 INFO neutron.wsgi [-] 10.0.0.13 "GET / HTTP/1.1" status: 200 len: 247 time: 0.0040922
2026-07-02 05:46:13.976 9 INFO neutron.wsgi [-] 10.0.0.13 "GET / HTTP/1.1" status: 200 len: 247 time: 0.0044696
2026-07-02 05:46:28.974 9 INFO neutron.wsgi [-] 10.0.0.13 "GET / HTTP/1.1" status: 200 len: 247 time: 0.0024462
2026-07-02 05:46:28.974 10 INFO neutron.wsgi [-] 10.0.0.13 "GET / HTTP/1.1" status: 200 len: 247 time: 0.0028789
2026-07-02 05:46:43.973 9 INFO neutron.wsgi [-] 10.0.0.13 "GET / HTTP/1.1" status: 200 len: 247 time: 0.0023825
2026-07-02 05:46:43.973 10 INFO neutron.wsgi [-] 10.0.0.13 "GET / HTTP/1.1" status: 200 len: 247 time: 0.0025194
2026-07-02 05:46:58.973 10 INFO neutron.wsgi [-] 10.0.0.13 "GET / HTTP/1.1" status: 200 len: 247 time: 0.0024896
2026-07-02 05:46:58.974 9 INFO neutron.wsgi [-] 10.0.0.13 "GET / HTTP/1.1" status: 200 len: 247 time: 0.0031734
2026-07-02 05:47:13.974 10 INFO neutron.wsgi [-] 10.0.0.13 "GET / HTTP/1.1" status: 200 len: 247 time: 0.0032132
2026-07-02 05:47:13.977 10 INFO neutron.wsgi [-] 10.0.0.13 "GET / HTTP/1.1" status: 200 len: 247 time: 0.0019438
2026-07-02 05:47:28.974 10 INFO neutron.wsgi [-] 10.0.0.13 "GET / HTTP/1.1" status: 200 len: 247 time: 0.0025969
2026-07-02 05:47:28.974 9 INFO neutron.wsgi [-] 10.0.0.13 "GET / HTTP/1.1" status: 200 len: 247 time: 0.0027225
2026-07-02 05:47:43.973 10 INFO neutron.wsgi [-] 10.0.0.13 "GET / HTTP/1.1" status: 200 len: 247 time: 0.0023861
2026-07-02 05:47:43.974 9 INFO neutron.wsgi [-] 10.0.0.13 "GET / HTTP/1.1" status: 200 len: 247 time: 0.0026295
2026-07-02 05:47:58.974 10 INFO neutron.wsgi [-] 10.0.0.13 "GET / HTTP/1.1" status: 200 len: 247 time: 0.0034072
2026-07-02 05:47:58.976 10 INFO neutron.wsgi [-] 10.0.0.13 "GET / HTTP/1.1" status: 200 len: 247 time: 0.0012257
2026-07-02 05:48:13.975 10 INFO neutron.wsgi [-] 10.0.0.13 "GET / HTTP/1.1" status: 200 len: 247 time: 0.0030472
2026-07-02 05:48:13.976 9 INFO neutron.wsgi [-] 10.0.0.13 "GET / HTTP/1.1" status: 200 len: 247 time: 0.0042901
2026-07-02 05:48:26.008 15 INFO neutron.db.ovn_revision_numbers_db [None req-0c7b60a4-a33b-403d-accc-06b990ece4e2 - - - - - -] Successfully bumped revision number for resource 5e486ed5-20d1-4a3b-956a-cd44660675db (type: networks) to 2
2026-07-02 05:48:26.008 15 INFO neutron.plugins.ml2.drivers.ovn.mech_driver.ovsdb.maintenance [None req-0c7b60a4-a33b-403d-accc-06b990ece4e2 - - - - - -] Maintenance task: Synchronization finished (took 0.16 seconds)
2026-07-02 05:48:28.975 10 INFO neutron.wsgi [-] 10.0.0.13 "GET / HTTP/1.1" status: 200 len: 247 time: 0.0030608
2026-07-02 05:48:28.977 9 INFO neutron.wsgi [-] 10.0.0.13 "GET / HTTP/1.1" status: 200 len: 247 time: 0.0047719
2026-07-02 05:48:43.972 10 INFO neutron.wsgi [-] 10.0.0.13 "GET / HTTP/1.1" status: 200 len: 247 time: 0.0015583
2026-07-02 05:48:43.974 10 INFO neutron.wsgi [-] 10.0.0.13 "GET / HTTP/1.1" status: 200 len: 247 time: 0.0009682
2026-07-02 05:48:58.973 10 INFO neutron.wsgi [-] 10.0.0.13 "GET / HTTP/1.1" status: 200 len: 247 time: 0.0023754
2026-07-02 05:48:58.977 10 INFO neutron.wsgi [-] 10.0.0.13 "GET / HTTP/1.1" status: 200 len: 247 time: 0.0024545
2026-07-02 05:49:13.973 9 INFO neutron.wsgi [-] 10.0.0.13 "GET / HTTP/1.1" status: 200 len: 247 time: 0.0022821
2026-07-02 05:49:13.974 10 INFO neutron.wsgi [-] 10.0.0.13 "GET / HTTP/1.1" status: 200 len: 247 time: 0.0023715
2026-07-02 05:49:28.974 10 INFO neutron.wsgi [-] 10.0.0.13 "GET / HTTP/1.1" status: 200 len: 247 time: 0.0027950
2026-07-02 05:49:28.974 9 INFO neutron.wsgi [-] 10.0.0.13 "GET / HTTP/1.1" status: 200 len: 247 time: 0.0029814
2026-07-02 05:49:43.974 10 INFO neutron.wsgi [-] 10.0.0.13 "GET / HTTP/1.1" status: 200 len: 247 time: 0.0031395
2026-07-02 05:49:43.976 10 INFO neutron.wsgi [-] 10.0.0.13 "GET / HTTP/1.1" status: 200 len: 247 time: 0.0012400
2026-07-02 05:49:58.973 9 INFO neutron.wsgi [-] 10.0.0.13 "GET / HTTP/1.1" status: 200 len: 247 time: 0.0023782
2026-07-02 05:49:58.973 10 INFO neutron.wsgi [-] 10.0.0.13 "GET / HTTP/1.1" status: 200 len: 247 time: 0.0025647
2026-07-02 05:50:10.579 10 INFO neutron.wsgi [None req-bf98e6d2-974e-40a6-b5d9-b56dab9319ad d49bbc498fb44934801760e04d946e50 a6d2ffa6fb014966b30cc01eac919e15 - - default default] 199.204.45.223,10.0.0.13 "GET /v2.0/networks HTTP/1.1" status: 200 len: 928 time: 0.1627040
2026-07-02 05:50:10.695 10 INFO neutron.db.segments_db [None req-9f9c8d7b-d6ba-4e8b-b3b2-f02341dfbb14 d49bbc498fb44934801760e04d946e50 a6d2ffa6fb014966b30cc01eac919e15 - - default default] Added segment b62c5964-b8eb-4c34-9a0a-44f3c01dc7d8 of type geneve for network 11d510d6-af3d-4bda-98a5-07e178efa40d
2026-07-02 05:50:10.878 10 INFO neutron.db.ovn_revision_numbers_db [None req-9f9c8d7b-d6ba-4e8b-b3b2-f02341dfbb14 d49bbc498fb44934801760e04d946e50 a6d2ffa6fb014966b30cc01eac919e15 - - default default] Successfully bumped revision number for resource 11d510d6-af3d-4bda-98a5-07e178efa40d (type: networks) to 1
2026-07-02 05:50:11.023 10 WARNING neutron.scheduler.dhcp_agent_scheduler [None req-9f9c8d7b-d6ba-4e8b-b3b2-f02341dfbb14 d49bbc498fb44934801760e04d946e50 a6d2ffa6fb014966b30cc01eac919e15 - - default default] No more DHCP agents
2026-07-02 05:50:11.026 10 WARNING neutron.api.rpc.agentnotifiers.dhcp_rpc_agent_api [None req-9f9c8d7b-d6ba-4e8b-b3b2-f02341dfbb14 d49bbc498fb44934801760e04d946e50 a6d2ffa6fb014966b30cc01eac919e15 - - default default] Unable to schedule network 11d510d6-af3d-4bda-98a5-07e178efa40d: no agents available; will retry on subsequent port and subnet creation events.
2026-07-02 05:50:11.104 10 INFO neutron.db.ovn_revision_numbers_db [None req-9f9c8d7b-d6ba-4e8b-b3b2-f02341dfbb14 d49bbc498fb44934801760e04d946e50 a6d2ffa6fb014966b30cc01eac919e15 - - default default] Successfully bumped revision number for resource eaad78fe-38f2-4411-80c4-91b32a6cf510 (type: ports) to 1
2026-07-02 05:50:11.124 10 INFO neutron.wsgi [None req-9f9c8d7b-d6ba-4e8b-b3b2-f02341dfbb14 d49bbc498fb44934801760e04d946e50 a6d2ffa6fb014966b30cc01eac919e15 - - default default] 199.204.45.223,10.0.0.13 "POST /v2.0/networks HTTP/1.1" status: 201 len: 888 time: 0.5418622
2026-07-02 05:50:11.995 10 INFO neutron.wsgi [None req-378c839d-0004-4153-bea0-46e62cf6571b d49bbc498fb44934801760e04d946e50 a6d2ffa6fb014966b30cc01eac919e15 - - default default] 199.204.45.223,10.0.0.13 "GET /v2.0/subnets HTTP/1.1" status: 200 len: 819 time: 0.0701888
2026-07-02 05:50:12.056 10 INFO neutron.wsgi [None req-fbe330dc-857f-4822-ae4c-c798c53166e4 d49bbc498fb44934801760e04d946e50 a6d2ffa6fb014966b30cc01eac919e15 - - default default] 199.204.45.223,10.0.0.13 "GET /v2.0/networks HTTP/1.1" status: 200 len: 1613 time: 0.0545554
2026-07-02 05:50:12.237 10 WARNING neutron.scheduler.dhcp_agent_scheduler [None req-91194c6a-6d99-468b-bbc9-07a6e00c6f3b d49bbc498fb44934801760e04d946e50 a6d2ffa6fb014966b30cc01eac919e15 - - default default] No more DHCP agents
2026-07-02 05:50:12.240 10 WARNING neutron.api.rpc.agentnotifiers.dhcp_rpc_agent_api [None req-91194c6a-6d99-468b-bbc9-07a6e00c6f3b d49bbc498fb44934801760e04d946e50 a6d2ffa6fb014966b30cc01eac919e15 - - default default] Unable to schedule network 11d510d6-af3d-4bda-98a5-07e178efa40d: no agents available; will retry on subsequent port and subnet creation events.
2026-07-02 05:50:12.700 10 INFO neutron.db.ovn_revision_numbers_db [None req-91194c6a-6d99-468b-bbc9-07a6e00c6f3b d49bbc498fb44934801760e04d946e50 a6d2ffa6fb014966b30cc01eac919e15 - - default default] Successfully bumped revision number for resource eaad78fe-38f2-4411-80c4-91b32a6cf510 (type: ports) to 2
2026-07-02 05:50:12.733 10 INFO neutron.db.ovn_revision_numbers_db [None req-91194c6a-6d99-468b-bbc9-07a6e00c6f3b d49bbc498fb44934801760e04d946e50 a6d2ffa6fb014966b30cc01eac919e15 - - default default] Successfully bumped revision number for resource 817548a9-8d8b-432f-af4b-de9e26156196 (type: subnets) to 0
2026-07-02 05:50:12.747 10 INFO neutron.wsgi [None req-91194c6a-6d99-468b-bbc9-07a6e00c6f3b d49bbc498fb44934801760e04d946e50 a6d2ffa6fb014966b30cc01eac919e15 - - default default] 199.204.45.223,10.0.0.13 "POST /v2.0/subnets HTTP/1.1" status: 201 len: 807 time: 0.6879942
2026-07-02 05:50:13.743 10 INFO neutron.wsgi [None req-868251f0-fc1f-4008-a154-87689102c572 d49bbc498fb44934801760e04d946e50 a6d2ffa6fb014966b30cc01eac919e15 - - default default] 199.204.45.223,10.0.0.13 "GET /v2.0/security-groups?tenant_id=a6d2ffa6fb014966b30cc01eac919e15 HTTP/1.1" status: 200 len: 2969 time: 0.0843091
2026-07-02 05:50:13.851 10 INFO neutron.db.ovn_revision_numbers_db [None req-ae6ce4ea-920d-4ec5-bccb-4d090297d585 d49bbc498fb44934801760e04d946e50 a6d2ffa6fb014966b30cc01eac919e15 - - default default] Successfully bumped revision number for resource fdbf6855-1841-423b-b2ab-f1e4d7d71522 (type: security_groups) to 1
2026-07-02 05:50:13.864 10 INFO neutron.db.ovn_revision_numbers_db [None req-ae6ce4ea-920d-4ec5-bccb-4d090297d585 d49bbc498fb44934801760e04d946e50 a6d2ffa6fb014966b30cc01eac919e15 - - default default] Successfully bumped revision number for resource 42d46dda-efeb-4595-b51f-4099e4d890f9 (type: security_group_rules) to 0
2026-07-02 05:50:13.877 10 INFO neutron.db.ovn_revision_numbers_db [None req-ae6ce4ea-920d-4ec5-bccb-4d090297d585 d49bbc498fb44934801760e04d946e50 a6d2ffa6fb014966b30cc01eac919e15 - - default default] Successfully bumped revision number for resource 5253b8bf-3603-4579-b828-cdc1c549981e (type: security_group_rules) to 0
2026-07-02 05:50:13.893 10 INFO neutron.wsgi [None req-ae6ce4ea-920d-4ec5-bccb-4d090297d585 d49bbc498fb44934801760e04d946e50 a6d2ffa6fb014966b30cc01eac919e15 - - default default] 199.204.45.223,10.0.0.13 "POST /v2.0/security-groups HTTP/1.1" status: 201 len: 1733 time: 0.1427040
2026-07-02 05:50:13.973 9 INFO neutron.wsgi [-] 10.0.0.13 "GET / HTTP/1.1" status: 200 len: 247 time: 0.0021718
2026-07-02 05:50:13.975 9 INFO neutron.wsgi [-] 10.0.0.13 "GET / HTTP/1.1" status: 200 len: 247 time: 0.0012534
2026-07-02 05:50:14.858 10 INFO neutron.wsgi [None req-1a1b4f5a-64b2-4a39-85bc-a3180a10c194 d49bbc498fb44934801760e04d946e50 a6d2ffa6fb014966b30cc01eac919e15 - - default default] 199.204.45.223,10.0.0.13 "GET /v2.0/security-groups?tenant_id=a6d2ffa6fb014966b30cc01eac919e15 HTTP/1.1" status: 200 len: 4503 time: 0.0773222
2026-07-02 05:50:14.908 10 INFO neutron.wsgi [None req-de41bdf4-77c7-4795-b751-9ea363aa97a8 d49bbc498fb44934801760e04d946e50 a6d2ffa6fb014966b30cc01eac919e15 - - default default] 199.204.45.223,10.0.0.13 "GET /v2.0/security-groups HTTP/1.1" status: 200 len: 4503 time: 0.0405009
2026-07-02 05:50:15.035 10 INFO neutron.db.ovn_revision_numbers_db [None req-bf366bc9-7bb7-489b-a72b-5a64742b4734 d49bbc498fb44934801760e04d946e50 a6d2ffa6fb014966b30cc01eac919e15 - - default default] Successfully bumped revision number for resource 5150bc06-0e99-499b-a480-935b2689bee0 (type: security_group_rules) to 0
2026-07-02 05:50:15.063 10 INFO neutron.wsgi [None req-bf366bc9-7bb7-489b-a72b-5a64742b4734 d49bbc498fb44934801760e04d946e50 a6d2ffa6fb014966b30cc01eac919e15 - - default default] 199.204.45.223,10.0.0.13 "POST /v2.0/security-group-rules HTTP/1.1" status: 201 len: 749 time: 0.1454918
2026-07-02 05:50:15.899 10 INFO neutron.wsgi [None req-f8cf3634-91ae-4913-a2ed-5af24df7ecfb d49bbc498fb44934801760e04d946e50 a6d2ffa6fb014966b30cc01eac919e15 - - default default] 199.204.45.223,10.0.0.13 "GET /v2.0/security-groups?tenant_id=a6d2ffa6fb014966b30cc01eac919e15 HTTP/1.1" status: 200 len: 5085 time: 0.1009030
2026-07-02 05:50:15.954 10 INFO neutron.wsgi [None req-a5e25aa6-6d83-4188-a413-12a236f571b3 d49bbc498fb44934801760e04d946e50 a6d2ffa6fb014966b30cc01eac919e15 - - default default] 199.204.45.223,10.0.0.13 "GET /v2.0/security-groups HTTP/1.1" status: 200 len: 5085 time: 0.0470989
2026-07-02 05:50:16.071 10 INFO neutron.db.ovn_revision_numbers_db [None req-91ba7374-77cb-471c-99ed-3bf6374e0467 d49bbc498fb44934801760e04d946e50 a6d2ffa6fb014966b30cc01eac919e15 - - default default] Successfully bumped revision number for resource 8e936bb9-b276-4c6b-a99f-fbbf7e703456 (type: security_group_rules) to 0
2026-07-02 05:50:16.096 10 INFO neutron.wsgi [None req-91ba7374-77cb-471c-99ed-3bf6374e0467 d49bbc498fb44934801760e04d946e50 a6d2ffa6fb014966b30cc01eac919e15 - - default default] 199.204.45.223,10.0.0.13 "POST /v2.0/security-group-rules HTTP/1.1" status: 201 len: 751 time: 0.1345224
2026-07-02 05:50:16.893 10 INFO neutron.wsgi [None req-b35b7262-fec6-472e-abcb-690334a45e48 d49bbc498fb44934801760e04d946e50 a6d2ffa6fb014966b30cc01eac919e15 - - default default] 199.204.45.223,10.0.0.13 "GET /v2.0/security-groups?tenant_id=a6d2ffa6fb014966b30cc01eac919e15 HTTP/1.1" status: 200 len: 5669 time: 0.0697885
2026-07-02 05:50:16.940 10 INFO neutron.wsgi [None req-0a8370d5-bb6e-4d8b-b258-d4318c3ed2de d49bbc498fb44934801760e04d946e50 a6d2ffa6fb014966b30cc01eac919e15 - - default default] 199.204.45.223,10.0.0.13 "GET /v2.0/security-groups HTTP/1.1" status: 200 len: 5669 time: 0.0375707
2026-07-02 05:50:17.062 10 INFO neutron.db.ovn_revision_numbers_db [None req-6a0cef73-d26c-4bf2-b38b-ed3120944cd9 d49bbc498fb44934801760e04d946e50 a6d2ffa6fb014966b30cc01eac919e15 - - default default] Successfully bumped revision number for resource 6c4e3ff6-5a23-472e-b3af-41fb38c2f86a (type: security_group_rules) to 0
2026-07-02 05:50:17.097 10 INFO neutron.wsgi [None req-6a0cef73-d26c-4bf2-b38b-ed3120944cd9 d49bbc498fb44934801760e04d946e50 a6d2ffa6fb014966b30cc01eac919e15 - - default default] 199.204.45.223,10.0.0.13 "POST /v2.0/security-group-rules HTTP/1.1" status: 201 len: 751 time: 0.1473932
2026-07-02 05:50:17.918 10 INFO neutron.wsgi [None req-fdaabf50-90f4-4d9f-abc0-a143dac90c44 d49bbc498fb44934801760e04d946e50 a6d2ffa6fb014966b30cc01eac919e15 - - default default] 199.204.45.223,10.0.0.13 "GET /v2.0/security-groups?tenant_id=a6d2ffa6fb014966b30cc01eac919e15 HTTP/1.1" status: 200 len: 6253 time: 0.0779128
2026-07-02 05:50:17.962 10 INFO neutron.wsgi [None req-a9c78093-ada2-44a9-a3c9-e1ab24a6dd39 d49bbc498fb44934801760e04d946e50 a6d2ffa6fb014966b30cc01eac919e15 - - default default] 199.204.45.223,10.0.0.13 "GET /v2.0/security-groups HTTP/1.1" status: 200 len: 6253 time: 0.0363739
2026-07-02 05:50:18.110 10 INFO neutron.db.ovn_revision_numbers_db [None req-6ace683a-6a10-408d-b5ba-205f9ec8949e d49bbc498fb44934801760e04d946e50 a6d2ffa6fb014966b30cc01eac919e15 - - default default] Successfully bumped revision number for resource a0c1833b-98fd-4f89-9a22-fad9ed20b80b (type: security_group_rules) to 0
2026-07-02 05:50:18.144 10 INFO neutron.wsgi [None req-6ace683a-6a10-408d-b5ba-205f9ec8949e d49bbc498fb44934801760e04d946e50 a6d2ffa6fb014966b30cc01eac919e15 - - default default] 199.204.45.223,10.0.0.13 "POST /v2.0/security-group-rules HTTP/1.1" status: 201 len: 751 time: 0.1705761
2026-07-02 05:50:18.988 10 INFO neutron.wsgi [None req-38030fd7-c0ad-4bdb-8dd4-d8d4e2c25157 d49bbc498fb44934801760e04d946e50 a6d2ffa6fb014966b30cc01eac919e15 - - default default] 199.204.45.223,10.0.0.13 "GET /v2.0/security-groups?tenant_id=a6d2ffa6fb014966b30cc01eac919e15 HTTP/1.1" status: 200 len: 6837 time: 0.0830989
2026-07-02 05:50:19.037 10 INFO neutron.wsgi [None req-4d27c1cf-a050-485a-80d5-2a218147e6c2 d49bbc498fb44934801760e04d946e50 a6d2ffa6fb014966b30cc01eac919e15 - - default default] 199.204.45.223,10.0.0.13 "GET /v2.0/security-groups HTTP/1.1" status: 200 len: 6837 time: 0.0399699
2026-07-02 05:50:19.198 10 INFO neutron.db.ovn_revision_numbers_db [None req-e55db6d6-fee9-438f-836c-761fe9291836 d49bbc498fb44934801760e04d946e50 a6d2ffa6fb014966b30cc01eac919e15 - - default default] Successfully bumped revision number for resource 24f73b4c-c0aa-47dd-8b76-4931923db980 (type: security_group_rules) to 0
2026-07-02 05:50:19.220 10 INFO neutron.wsgi [None req-e55db6d6-fee9-438f-836c-761fe9291836 d49bbc498fb44934801760e04d946e50 a6d2ffa6fb014966b30cc01eac919e15 - - default default] 199.204.45.223,10.0.0.13 "POST /v2.0/security-group-rules HTTP/1.1" status: 201 len: 751 time: 0.1742291
2026-07-02 05:50:20.233 10 INFO neutron.wsgi [None req-73dbb843-f7d3-4e36-9e1b-835f892538f5 d49bbc498fb44934801760e04d946e50 a6d2ffa6fb014966b30cc01eac919e15 - - default default] 199.204.45.223,10.0.0.13 "GET /v2.0/security-groups HTTP/1.1" status: 200 len: 7421 time: 0.0916836
2026-07-02 05:50:20.289 10 INFO neutron.wsgi [None req-ffdc35ef-9269-4220-ba9a-7e69775104aa d49bbc498fb44934801760e04d946e50 a6d2ffa6fb014966b30cc01eac919e15 - - default default] 199.204.45.223,10.0.0.13 "GET /v2.0/ports HTTP/1.1" status: 200 len: 2301 time: 0.0470734
2026-07-02 05:50:20.355 10 INFO neutron.wsgi [None req-ec58ac35-0c10-4803-82ea-c9135ff35472 d49bbc498fb44934801760e04d946e50 a6d2ffa6fb014966b30cc01eac919e15 - - default default] 199.204.45.223,10.0.0.13 "GET /v2.0/networks HTTP/1.1" status: 200 len: 1651 time: 0.0565135
2026-07-02 05:50:20.642 10 WARNING neutron.scheduler.dhcp_agent_scheduler [None req-4003591d-4547-4472-affa-9cf6728acd5c d49bbc498fb44934801760e04d946e50 a6d2ffa6fb014966b30cc01eac919e15 - - default default] No more DHCP agents
2026-07-02 05:50:20.645 10 WARNING neutron.api.rpc.agentnotifiers.dhcp_rpc_agent_api [None req-4003591d-4547-4472-affa-9cf6728acd5c d49bbc498fb44934801760e04d946e50 a6d2ffa6fb014966b30cc01eac919e15 - - default default] Unable to schedule network 11d510d6-af3d-4bda-98a5-07e178efa40d: no agents available; will retry on subsequent port and subnet creation events.
2026-07-02 05:50:20.822 10 INFO neutron.db.ovn_revision_numbers_db [None req-4003591d-4547-4472-affa-9cf6728acd5c d49bbc498fb44934801760e04d946e50 a6d2ffa6fb014966b30cc01eac919e15 - - default default] Successfully bumped revision number for resource 39c0f132-fa28-4b89-9884-4c06a4d14c5d (type: ports) to 1
2026-07-02 05:50:20.846 10 INFO neutron.wsgi [None req-4003591d-4547-4472-affa-9cf6728acd5c d49bbc498fb44934801760e04d946e50 a6d2ffa6fb014966b30cc01eac919e15 - - default default] 199.204.45.223,10.0.0.13 "POST /v2.0/ports HTTP/1.1" status: 201 len: 1281 time: 0.4846525 /var/lib/openstack/lib/python3.10/site-packages/pycadf/identifier.py:71: UserWarning: Invalid uuid: unknown. To ensure interoperability, identifiers should be a valid uuid. warnings.warn(('Invalid uuid: %s. To ensure interoperability, '
2026-07-02 05:50:26.506 10 INFO neutron.pecan_wsgi.hooks.translation [None req-18a1aea3-89ba-4a89-8c16-00b7068286ed d49bbc498fb44934801760e04d946e50 a6d2ffa6fb014966b30cc01eac919e15 - - default default] GET failed (client error): The resource could not be found.
2026-07-02 05:50:26.507 10 INFO neutron.wsgi [None req-18a1aea3-89ba-4a89-8c16-00b7068286ed d49bbc498fb44934801760e04d946e50 a6d2ffa6fb014966b30cc01eac919e15 - - default default] 199.204.45.223,10.0.0.13 "GET /v2.0/ports/octavia-health-manager-port-instance HTTP/1.1" status: 404 len: 314 time: 0.0522935
2026-07-02 05:50:26.551 10 INFO neutron.wsgi [None req-65f277fc-750e-4839-a39f-6ce2384ef8a0 d49bbc498fb44934801760e04d946e50 a6d2ffa6fb014966b30cc01eac919e15 - - default default] 199.204.45.223,10.0.0.13 "GET /v2.0/ports?name=octavia-health-manager-port-instance HTTP/1.1" status: 200 len: 1279 time: 0.0397255
2026-07-02 05:50:26.916 10 INFO neutron.db.ovn_revision_numbers_db [None req-79bedf1b-4968-46cb-a507-93cf0235cb3c d49bbc498fb44934801760e04d946e50 a6d2ffa6fb014966b30cc01eac919e15 - - default default] Successfully bumped revision number for resource 39c0f132-fa28-4b89-9884-4c06a4d14c5d (type: ports) to 1
2026-07-02 05:50:27.153 10 INFO neutron.db.ovn_revision_numbers_db [None req-79bedf1b-4968-46cb-a507-93cf0235cb3c d49bbc498fb44934801760e04d946e50 a6d2ffa6fb014966b30cc01eac919e15 - - default default] Successfully bumped revision number for resource 39c0f132-fa28-4b89-9884-4c06a4d14c5d (type: ports) to 2
2026-07-02 05:50:27.175 10 INFO neutron.wsgi [None req-79bedf1b-4968-46cb-a507-93cf0235cb3c d49bbc498fb44934801760e04d946e50 a6d2ffa6fb014966b30cc01eac919e15 - - default default] 199.204.45.223,10.0.0.13 "PUT /v2.0/ports/39c0f132-fa28-4b89-9884-4c06a4d14c5d HTTP/1.1" status: 200 len: 1366 time: 0.6080122 /var/lib/openstack/lib/python3.10/site-packages/pycadf/identifier.py:71: UserWarning: Invalid uuid: unknown. To ensure interoperability, identifiers should be a valid uuid. warnings.warn(('Invalid uuid: %s. To ensure interoperability, '
2026-07-02 05:50:28.564 10 INFO neutron.wsgi [None req-3eafc7e9-b7c0-4dbe-8db5-a9c27eaa935f d49bbc498fb44934801760e04d946e50 a6d2ffa6fb014966b30cc01eac919e15 - - default default] 199.204.45.223,10.0.0.13 "GET /v2.0/ports HTTP/1.1" status: 200 len: 3511 time: 0.0664275
2026-07-02 05:50:28.974 9 INFO neutron.wsgi [-] 10.0.0.13 "GET / HTTP/1.1" status: 200 len: 247 time: 0.0027554
2026-07-02 05:50:28.974 10 INFO neutron.wsgi [-] 10.0.0.13 "GET / HTTP/1.1" status: 200 len: 247 time: 0.0030186
2026-07-02 05:50:29.530 10 INFO neutron.wsgi [None req-e4a5131e-9dac-4efe-8b78-1465308326a3 d49bbc498fb44934801760e04d946e50 a6d2ffa6fb014966b30cc01eac919e15 - - default default] 199.204.45.223,10.0.0.13 "GET /v2.0/security-groups?tenant_id=a6d2ffa6fb014966b30cc01eac919e15 HTTP/1.1" status: 200 len: 7421 time: 0.0771687
2026-07-02 05:50:29.647 10 INFO neutron.db.ovn_revision_numbers_db [None req-1d021b78-21cd-4b11-b5fd-f54aad54ebeb d49bbc498fb44934801760e04d946e50 a6d2ffa6fb014966b30cc01eac919e15 - - default default] Successfully bumped revision number for resource 3771c523-04cf-44ce-890c-c3a2ef0c9020 (type: security_groups) to 1
2026-07-02 05:50:29.663 10 INFO neutron.db.ovn_revision_numbers_db [None req-1d021b78-21cd-4b11-b5fd-f54aad54ebeb d49bbc498fb44934801760e04d946e50 a6d2ffa6fb014966b30cc01eac919e15 - - default default] Successfully bumped revision number for resource 242f276b-ae75-404f-bc8b-792a63745574 (type: security_group_rules) to 0
2026-07-02 05:50:29.676 10 INFO neutron.db.ovn_revision_numbers_db [None req-1d021b78-21cd-4b11-b5fd-f54aad54ebeb d49bbc498fb44934801760e04d946e50 a6d2ffa6fb014966b30cc01eac919e15 - - default default] Successfully bumped revision number for resource 7bb4f416-177c-43d1-9ab0-f9c2278da093 (type: security_group_rules) to 0
2026-07-02 05:50:29.695 10 INFO neutron.wsgi [None req-1d021b78-21cd-4b11-b5fd-f54aad54ebeb d49bbc498fb44934801760e04d946e50 a6d2ffa6fb014966b30cc01eac919e15 - - default default] 199.204.45.223,10.0.0.13 "POST /v2.0/security-groups HTTP/1.1" status: 201 len: 1727 time: 0.1546273
2026-07-02 05:50:30.593 10 INFO neutron.wsgi [None req-02b786a6-37dc-41db-b446-da768a676334 d49bbc498fb44934801760e04d946e50 a6d2ffa6fb014966b30cc01eac919e15 - - default default] 199.204.45.223,10.0.0.13 "GET /v2.0/security-groups?tenant_id=a6d2ffa6fb014966b30cc01eac919e15 HTTP/1.1" status: 200 len: 8949 time: 0.0937991
2026-07-02 05:50:30.633 10 INFO neutron.wsgi [None req-856e9cbc-2d49-4a54-9b7c-b931f293b5df d49bbc498fb44934801760e04d946e50 a6d2ffa6fb014966b30cc01eac919e15 - - default default] 199.204.45.223,10.0.0.13 "GET /v2.0/security-groups HTTP/1.1" status: 200 len: 8949 time: 0.0354831
2026-07-02 05:50:30.755 10 INFO neutron.db.ovn_revision_numbers_db [None req-3a35f68f-b301-4f37-bdd4-9dbe75a05a9d d49bbc498fb44934801760e04d946e50 a6d2ffa6fb014966b30cc01eac919e15 - - default default] Successfully bumped revision number for resource 314baa5c-42df-4dbb-9863-1b1892f5b479 (type: security_group_rules) to 0
2026-07-02 05:50:30.781 10 INFO neutron.wsgi [None req-3a35f68f-b301-4f37-bdd4-9dbe75a05a9d d49bbc498fb44934801760e04d946e50 a6d2ffa6fb014966b30cc01eac919e15 - - default default] 199.204.45.223,10.0.0.13 "POST /v2.0/security-group-rules HTTP/1.1" status: 201 len: 771 time: 0.1388266
2026-07-02 05:50:31.628 10 INFO neutron.wsgi [None req-37d9f502-7deb-4b99-be65-71ddd84f3962 d49bbc498fb44934801760e04d946e50 a6d2ffa6fb014966b30cc01eac919e15 - - default default] 199.204.45.223,10.0.0.13 "GET /v2.0/security-groups?tenant_id=a6d2ffa6fb014966b30cc01eac919e15 HTTP/1.1" status: 200 len: 9553 time: 0.0768874
2026-07-02 05:50:31.678 10 INFO neutron.wsgi [None req-d4c2189e-5973-4b68-b3b3-2ee4377a003f d49bbc498fb44934801760e04d946e50 a6d2ffa6fb014966b30cc01eac919e15 - - default default] 199.204.45.223,10.0.0.13 "GET /v2.0/security-groups HTTP/1.1" status: 200 len: 9553 time: 0.0411358
2026-07-02 05:50:31.788 10 INFO neutron.db.ovn_revision_numbers_db [None req-8631a378-f3ba-40c8-8f0e-bed964a4ca4a d49bbc498fb44934801760e04d946e50 a6d2ffa6fb014966b30cc01eac919e15 - - default default] Successfully bumped revision number for resource 732f2736-7c2a-4dec-9084-f2489dedf1bd (type: security_group_rules) to 0
2026-07-02 05:50:31.812 10 INFO neutron.wsgi [None req-8631a378-f3ba-40c8-8f0e-bed964a4ca4a d49bbc498fb44934801760e04d946e50 a6d2ffa6fb014966b30cc01eac919e15 - - default default] 199.204.45.223,10.0.0.13 "POST /v2.0/security-group-rules HTTP/1.1" status: 201 len: 775 time: 0.1271632
2026-07-02 05:50:43.973 10 INFO neutron.wsgi [-] 10.0.0.13 "GET / HTTP/1.1" status: 200 len: 247 time: 0.0024545
2026-07-02 05:50:43.974 9 INFO neutron.wsgi [-] 10.0.0.13 "GET / HTTP/1.1" status: 200 len: 247 time: 0.0023675
2026-07-02 05:50:58.974 9 INFO neutron.wsgi [-] 10.0.0.13 "GET / HTTP/1.1" status: 200 len: 247 time: 0.0023706
2026-07-02 05:50:58.974 10 INFO neutron.wsgi [-] 10.0.0.13 "GET / HTTP/1.1" status: 200 len: 247 time: 0.0025578
2026-07-02 05:51:13.974 9 INFO neutron.wsgi [-] 10.0.0.13 "GET / HTTP/1.1" status: 200 len: 247 time: 0.0024631
2026-07-02 05:51:13.975 10 INFO neutron.wsgi [-] 10.0.0.13 "GET / HTTP/1.1" status: 200 len: 247 time: 0.0031550
2026-07-02 05:51:28.973 10 INFO neutron.wsgi [-] 10.0.0.13 "GET / HTTP/1.1" status: 200 len: 247 time: 0.0018885
2026-07-02 05:51:28.974 9 INFO neutron.wsgi [-] 10.0.0.13 "GET / HTTP/1.1" status: 200 len: 247 time: 0.0031676
2026-07-02 05:51:29.956 10 INFO neutron.wsgi [None req-72399e5b-685a-4d0c-a9d4-c2589e08f2d3 d49bbc498fb44934801760e04d946e50 a6d2ffa6fb014966b30cc01eac919e15 - - default default] 199.204.45.223,10.0.0.13 "GET /v2.0/quotas/a6d2ffa6fb014966b30cc01eac919e15 HTTP/1.1" status: 200 len: 362 time: 0.0104856 /var/lib/openstack/lib/python3.10/site-packages/neutron/extensions/quotasv2.py:140: UserWarning: Neutron quota engine will require "--force" parameter to set a quota limit without checking the resource usage. warnings.warn('Neutron quota engine will require "--force" '
2026-07-02 05:51:30.322 10 INFO neutron.wsgi [None req-2bd9829a-5d17-43a5-8a88-cd7fe75a57c0 d49bbc498fb44934801760e04d946e50 a6d2ffa6fb014966b30cc01eac919e15 - - default default] 199.204.45.223,10.0.0.13 "PUT /v2.0/quotas/a6d2ffa6fb014966b30cc01eac919e15 HTTP/1.1" status: 200 len: 361 time: 0.0321703
2026-07-02 05:51:30.627 10 INFO neutron.wsgi [None req-add41caf-26fc-4947-aa8e-26f6cb412519 d49bbc498fb44934801760e04d946e50 a6d2ffa6fb014966b30cc01eac919e15 - - default default] 199.204.45.223,10.0.0.13 "GET /v2.0/quotas/a6d2ffa6fb014966b30cc01eac919e15 HTTP/1.1" status: 200 len: 361 time: 0.0105720
2026-07-02 05:51:43.972 9 INFO neutron.wsgi [-] 10.0.0.13 "GET / HTTP/1.1" status: 200 len: 247 time: 0.0015752
2026-07-02 05:51:43.974 9 INFO neutron.wsgi [-] 10.0.0.13 "GET / HTTP/1.1" status: 200 len: 247 time: 0.0009325
2026-07-02 05:51:58.975 10 INFO neutron.wsgi [-] 10.0.0.13 "GET / HTTP/1.1" status: 200 len: 247 time: 0.0034146
2026-07-02 05:51:58.978 10 INFO neutron.wsgi [-] 10.0.0.13 "GET / HTTP/1.1" status: 200 len: 247 time: 0.0021300
2026-07-02 05:52:13.974 9 INFO neutron.wsgi [-] 10.0.0.13 "GET / HTTP/1.1" status: 200 len: 247 time: 0.0024531
2026-07-02 05:52:13.977 9 INFO neutron.wsgi [-] 10.0.0.13 "GET / HTTP/1.1" status: 200 len: 247 time: 0.0018632
2026-07-02 05:52:28.973 9 INFO neutron.wsgi [-] 10.0.0.13 "GET / HTTP/1.1" status: 200 len: 247 time: 0.0022304
2026-07-02 05:52:28.974 10 INFO neutron.wsgi [-] 10.0.0.13 "GET / HTTP/1.1" status: 200 len: 247 time: 0.0027335
2026-07-02 05:52:43.973 9 INFO neutron.wsgi [-] 10.0.0.13 "GET / HTTP/1.1" status: 200 len: 247 time: 0.0023460
2026-07-02 05:52:43.973 10 INFO neutron.wsgi [-] 10.0.0.13 "GET / HTTP/1.1" status: 200 len: 247 time: 0.0024047
2026-07-02 05:52:58.973 9 INFO neutron.wsgi [-] 10.0.0.13 "GET / HTTP/1.1" status: 200 len: 247 time: 0.0016272
2026-07-02 05:52:58.974 10 INFO neutron.wsgi [-] 10.0.0.13 "GET / HTTP/1.1" status: 200 len: 247 time: 0.0024967
2026-07-02 05:53:13.972 10 INFO neutron.wsgi [-] 10.0.0.13 "GET / HTTP/1.1" status: 200 len: 247 time: 0.0016167
2026-07-02 05:53:13.974 9 INFO neutron.wsgi [-] 10.0.0.13 "GET / HTTP/1.1" status: 200 len: 247 time: 0.0031796
2026-07-02 05:53:26.006 15 INFO neutron.db.ovn_revision_numbers_db [None req-0c7b60a4-a33b-403d-accc-06b990ece4e2 - - - - - -] Successfully bumped revision number for resource 11d510d6-af3d-4bda-98a5-07e178efa40d (type: networks) to 2
2026-07-02 05:53:26.058 15 INFO neutron.db.ovn_revision_numbers_db [None req-0c7b60a4-a33b-403d-accc-06b990ece4e2 - - - - - -] Successfully bumped revision number for resource fdbf6855-1841-423b-b2ab-f1e4d7d71522 (type: security_groups) to 6
2026-07-02 05:53:26.097 15 INFO neutron.db.ovn_revision_numbers_db [None req-0c7b60a4-a33b-403d-accc-06b990ece4e2 - - - - - -] Successfully bumped revision number for resource 3771c523-04cf-44ce-890c-c3a2ef0c9020 (type: security_groups) to 3
2026-07-02 05:53:26.277 15 INFO neutron.db.ovn_revision_numbers_db [None req-0c7b60a4-a33b-403d-accc-06b990ece4e2 - - - - - -] Successfully bumped revision number for resource 39c0f132-fa28-4b89-9884-4c06a4d14c5d (type: ports) to 3
2026-07-02 05:53:26.277 15 INFO neutron.plugins.ml2.drivers.ovn.mech_driver.ovsdb.maintenance [None req-0c7b60a4-a33b-403d-accc-06b990ece4e2 - - - - - -] Maintenance task: Synchronization finished (took 0.39 seconds)
2026-07-02 05:53:28.972 9 INFO neutron.wsgi [-] 10.0.0.13 "GET / HTTP/1.1" status: 200 len: 247 time: 0.0012913
2026-07-02 05:53:28.973 10 INFO neutron.wsgi [-] 10.0.0.13 "GET / HTTP/1.1" status: 200 len: 247 time: 0.0025690 /var/lib/openstack/lib/python3.10/site-packages/pycadf/identifier.py:71: UserWarning: Invalid uuid: neutron. To ensure interoperability, identifiers should be a valid uuid. warnings.warn(('Invalid uuid: %s. To ensure interoperability, '
2026-07-02 05:53:31.934 10 INFO neutron.pecan_wsgi.hooks.translation [None req-c22ecbde-9295-4e1d-ac21-86c4506674a2 d49bbc498fb44934801760e04d946e50 a6d2ffa6fb014966b30cc01eac919e15 - - default default] GET failed (client error): The resource could not be found.
2026-07-02 05:53:31.936 10 INFO neutron.wsgi [None req-c22ecbde-9295-4e1d-ac21-86c4506674a2 d49bbc498fb44934801760e04d946e50 a6d2ffa6fb014966b30cc01eac919e15 - - default default] 199.204.45.223 "GET /v2.0/ports/octavia-health-manager-port-instance HTTP/1.1" status: 404 len: 338 time: 0.1470349
2026-07-02 05:53:31.969 10 INFO neutron.wsgi [None req-4f77bab9-d760-48d8-8616-f5dd688d9ce0 d49bbc498fb44934801760e04d946e50 a6d2ffa6fb014966b30cc01eac919e15 - - default default] 199.204.45.223 "GET /v2.0/ports?name=octavia-health-manager-port-instance HTTP/1.1" status: 200 len: 1421 time: 0.0280845
2026-07-02 05:53:33.762 10 INFO neutron.pecan_wsgi.hooks.translation [None req-d0fd88df-a881-41c9-a5eb-2b13d1b4e08f d49bbc498fb44934801760e04d946e50 a6d2ffa6fb014966b30cc01eac919e15 - - default default] GET failed (client error): The resource could not be found.
2026-07-02 05:53:33.763 10 INFO neutron.wsgi [None req-d0fd88df-a881-41c9-a5eb-2b13d1b4e08f d49bbc498fb44934801760e04d946e50 a6d2ffa6fb014966b30cc01eac919e15 - - default default] 199.204.45.223 "GET /v2.0/ports/octavia-health-manager-port-instance HTTP/1.1" status: 404 len: 338 time: 0.1339166
2026-07-02 05:53:33.792 10 INFO neutron.wsgi [None req-7ae682cf-ff91-4a25-be89-fa5393274764 d49bbc498fb44934801760e04d946e50 a6d2ffa6fb014966b30cc01eac919e15 - - default default] 199.204.45.223 "GET /v2.0/ports?name=octavia-health-manager-port-instance HTTP/1.1" status: 200 len: 1421 time: 0.0232012
2026-07-02 05:53:34.871 9 INFO neutron.plugins.ml2.drivers.ovn.mech_driver.mech_driver [-] OVN reports status up for port: 39c0f132-fa28-4b89-9884-4c06a4d14c5d
2026-07-02 05:53:34.892 9 INFO neutron.plugins.ml2.plugin [None req-a342c9dc-cf0c-458b-977d-0784799b2417 - - - - - -] Attempt 1 to provision port 39c0f132-fa28-4b89-9884-4c06a4d14c5d
2026-07-02 05:53:35.132 9 INFO neutron.plugins.ml2.drivers.ovn.mech_driver.ovsdb.extensions.qos [None req-a342c9dc-cf0c-458b-977d-0784799b2417 - - - - - -] Starting OVNClientQosExtension
2026-07-02 05:53:35.132 9 INFO neutron.plugins.ml2.drivers.ovn.mech_driver.ovsdb.extensions.placement [None req-a342c9dc-cf0c-458b-977d-0784799b2417 - - - - - -] Starting OVNClientPlacementExtension
2026-07-02 05:53:35.298 9 INFO neutron.db.ovn_revision_numbers_db [None req-a342c9dc-cf0c-458b-977d-0784799b2417 - - - - - -] Successfully bumped revision number for resource 39c0f132-fa28-4b89-9884-4c06a4d14c5d (type: ports) to 4
2026-07-02 05:53:43.974 9 INFO neutron.wsgi [-] 10.0.0.13 "GET / HTTP/1.1" status: 200 len: 247 time: 0.0026436
2026-07-02 05:53:43.977 9 INFO neutron.wsgi [-] 10.0.0.13 "GET / HTTP/1.1" status: 200 len: 247 time: 0.0027032
2026-07-02 05:53:58.973 10 INFO neutron.wsgi [-] 10.0.0.13 "GET / HTTP/1.1" status: 200 len: 247 time: 0.0026631
2026-07-02 05:53:58.974 9 INFO neutron.wsgi [-] 10.0.0.13 "GET / HTTP/1.1" status: 200 len: 247 time: 0.0027735
2026-07-02 05:54:13.973 9 INFO neutron.wsgi [-] 10.0.0.13 "GET / HTTP/1.1" status: 200 len: 247 time: 0.0026052
2026-07-02 05:54:13.974 10 INFO neutron.wsgi [-] 10.0.0.13 "GET / HTTP/1.1" status: 200 len: 247 time: 0.0030265
2026-07-02 05:54:28.973 9 INFO neutron.wsgi [-] 10.0.0.13 "GET / HTTP/1.1" status: 200 len: 247 time: 0.0018678
2026-07-02 05:54:28.974 10 INFO neutron.wsgi [-] 10.0.0.13 "GET / HTTP/1.1" status: 200 len: 247 time: 0.0033345
2026-07-02 05:54:43.974 10 INFO neutron.wsgi [-] 10.0.0.13 "GET / HTTP/1.1" status: 200 len: 247 time: 0.0027516
2026-07-02 05:54:43.975 9 INFO neutron.wsgi [-] 10.0.0.13 "GET / HTTP/1.1" status: 200 len: 247 time: 0.0034590
2026-07-02 05:54:58.974 10 INFO neutron.wsgi [-] 10.0.0.13 "GET / HTTP/1.1" status: 200 len: 247 time: 0.0025249
2026-07-02 05:54:58.975 9 INFO neutron.wsgi [-] 10.0.0.13 "GET / HTTP/1.1" status: 200 len: 247 time: 0.0031130
2026-07-02 05:55:13.974 9 INFO neutron.wsgi [-] 10.0.0.13 "GET / HTTP/1.1" status: 200 len: 247 time: 0.0029066
2026-07-02 05:55:13.974 10 INFO neutron.wsgi [-] 10.0.0.13 "GET / HTTP/1.1" status: 200 len: 247 time: 0.0031972
2026-07-02 05:55:28.973 10 INFO neutron.wsgi [-] 10.0.0.13 "GET / HTTP/1.1" status: 200 len: 247 time: 0.0022769
2026-07-02 05:55:28.975 9 INFO neutron.wsgi [-] 10.0.0.13 "GET / HTTP/1.1" status: 200 len: 247 time: 0.0036383
2026-07-02 05:55:43.972 10 INFO neutron.wsgi [-] 10.0.0.13 "GET / HTTP/1.1" status: 200 len: 247 time: 0.0013096
2026-07-02 05:55:43.974 9 INFO neutron.wsgi [-] 10.0.0.13 "GET / HTTP/1.1" status: 200 len: 247 time: 0.0020726
2026-07-02 05:55:58.973 9 INFO neutron.wsgi [-] 10.0.0.13 "GET / HTTP/1.1" status: 200 len: 247 time: 0.0017862
2026-07-02 05:55:58.975 10 INFO neutron.wsgi [-] 10.0.0.13 "GET / HTTP/1.1" status: 200 len: 247 time: 0.0039008
2026-07-02 05:56:13.973 9 INFO neutron.wsgi [-] 10.0.0.13 "GET / HTTP/1.1" status: 200 len: 247 time: 0.0021648
2026-07-02 05:56:13.974 10 INFO neutron.wsgi [-] 10.0.0.13 "GET / HTTP/1.1" status: 200 len: 247 time: 0.0032921
2026-07-02 05:56:28.972 10 INFO neutron.wsgi [-] 10.0.0.13 "GET / HTTP/1.1" status: 200 len: 247 time: 0.0015905
2026-07-02 05:56:28.972 9 INFO neutron.wsgi [-] 10.0.0.13 "GET / HTTP/1.1" status: 200 len: 247 time: 0.0017619
2026-07-02 05:56:43.973 9 INFO neutron.wsgi [-] 10.0.0.13 "GET / HTTP/1.1" status: 200 len: 247 time: 0.0020490
2026-07-02 05:56:43.975 9 INFO neutron.wsgi [-] 10.0.0.13 "GET / HTTP/1.1" status: 200 len: 247 time: 0.0012159
2026-07-02 05:56:58.975 10 INFO neutron.wsgi [-] 10.0.0.13 "GET / HTTP/1.1" status: 200 len: 247 time: 0.0032909
2026-07-02 05:56:58.976 9 INFO neutron.wsgi [-] 10.0.0.13 "GET / HTTP/1.1" status: 200 len: 247 time: 0.0024803
2026-07-02 05:57:13.974 10 INFO neutron.wsgi [-] 10.0.0.13 "GET / HTTP/1.1" status: 200 len: 247 time: 0.0023468
2026-07-02 05:57:13.974 9 INFO neutron.wsgi [-] 10.0.0.13 "GET / HTTP/1.1" status: 200 len: 247 time: 0.0032337
2026-07-02 05:57:28.974 9 INFO neutron.wsgi [-] 10.0.0.13 "GET / HTTP/1.1" status: 200 len: 247 time: 0.0028157
2026-07-02 05:57:28.977 9 INFO neutron.wsgi [-] 10.0.0.13 "GET / HTTP/1.1" status: 200 len: 247 time: 0.0014563
2026-07-02 05:57:43.972 9 INFO neutron.wsgi [-] 10.0.0.13 "GET / HTTP/1.1" status: 200 len: 247 time: 0.0015719
2026-07-02 05:57:43.975 10 INFO neutron.wsgi [-] 10.0.0.13 "GET / HTTP/1.1" status: 200 len: 247 time: 0.0035386
2026-07-02 05:57:58.975 10 INFO neutron.wsgi [-] 10.0.0.13 "GET / HTTP/1.1" status: 200 len: 247 time: 0.0035043
2026-07-02 05:57:58.978 10 INFO neutron.wsgi [-] 10.0.0.13 "GET / HTTP/1.1" status: 200 len: 247 time: 0.0022039
2026-07-02 05:58:13.974 9 INFO neutron.wsgi [-] 10.0.0.13 "GET / HTTP/1.1" status: 200 len: 247 time: 0.0028253
2026-07-02 05:58:13.974 10 INFO neutron.wsgi [-] 10.0.0.13 "GET / HTTP/1.1" status: 200 len: 247 time: 0.0035911
2026-07-02 05:58:28.973 9 INFO neutron.wsgi [-] 10.0.0.13 "GET / HTTP/1.1" status: 200 len: 247 time: 0.0019069
2026-07-02 05:58:28.973 10 INFO neutron.wsgi [-] 10.0.0.13 "GET / HTTP/1.1" status: 200 len: 247 time: 0.0023010
2026-07-02 05:58:43.973 10 INFO neutron.wsgi [-] 10.0.0.13 "GET / HTTP/1.1" status: 200 len: 247 time: 0.0023422
2026-07-02 05:58:43.975 10 INFO neutron.wsgi [-] 10.0.0.13 "GET / HTTP/1.1" status: 200 len: 247 time: 0.0013797
2026-07-02 05:58:58.975 10 INFO neutron.wsgi [-] 10.0.0.13 "GET / HTTP/1.1" status: 200 len: 247 time: 0.0037363
2026-07-02 05:58:58.978 10 INFO neutron.wsgi [-] 10.0.0.13 "GET / HTTP/1.1" status: 200 len: 247 time: 0.0020573
2026-07-02 05:59:13.973 9 INFO neutron.wsgi [-] 10.0.0.13 "GET / HTTP/1.1" status: 200 len: 247 time: 0.0015695
2026-07-02 05:59:13.976 10 INFO neutron.wsgi [-] 10.0.0.13 "GET / HTTP/1.1" status: 200 len: 247 time: 0.0047061
2026-07-02 05:59:17.896 10 INFO neutron.db.ovn_revision_numbers_db [None req-466ee609-ba61-46a0-b65c-9c849e0093ef d49bbc498fb44934801760e04d946e50 a6d2ffa6fb014966b30cc01eac919e15 - - default default] Successfully bumped revision number for resource 82269d65-f4ee-4e14-85ad-b1f80a69b7b4 (type: security_groups) to 1
2026-07-02 05:59:17.912 10 INFO neutron.db.ovn_revision_numbers_db [None req-466ee609-ba61-46a0-b65c-9c849e0093ef d49bbc498fb44934801760e04d946e50 a6d2ffa6fb014966b30cc01eac919e15 - - default default] Successfully bumped revision number for resource 54d997bd-3355-43a7-a89c-d797d915f7af (type: security_group_rules) to 0
2026-07-02 05:59:17.926 10 INFO neutron.db.ovn_revision_numbers_db [None req-466ee609-ba61-46a0-b65c-9c849e0093ef d49bbc498fb44934801760e04d946e50 a6d2ffa6fb014966b30cc01eac919e15 - - default default] Successfully bumped revision number for resource 6062325b-7ae0-415a-9239-75c281ecd79b (type: security_group_rules) to 0
2026-07-02 05:59:17.943 10 INFO neutron.db.ovn_revision_numbers_db [None req-466ee609-ba61-46a0-b65c-9c849e0093ef d49bbc498fb44934801760e04d946e50 a6d2ffa6fb014966b30cc01eac919e15 - - default default] Successfully bumped revision number for resource 8353d2bf-b5fd-4adb-896e-1837deba63c0 (type: security_group_rules) to 0
2026-07-02 05:59:17.958 10 INFO neutron.db.ovn_revision_numbers_db [None req-466ee609-ba61-46a0-b65c-9c849e0093ef d49bbc498fb44934801760e04d946e50 a6d2ffa6fb014966b30cc01eac919e15 - - default default] Successfully bumped revision number for resource cb5c0798-cdc0-4acc-835b-9bdd8263ce10 (type: security_group_rules) to 0
2026-07-02 05:59:17.981 10 INFO neutron.wsgi [None req-466ee609-ba61-46a0-b65c-9c849e0093ef d49bbc498fb44934801760e04d946e50 a6d2ffa6fb014966b30cc01eac919e15 - - default default] 199.204.45.223,10.0.0.13 "GET /v2.0/security-groups?tenant_id=7e96c111381543b2a8202b096e417409 HTTP/1.1" status: 200 len: 2973 time: 0.3695560
2026-07-02 05:59:18.123 10 INFO neutron.db.ovn_revision_numbers_db [None req-1dac402c-1e8a-43af-ae5a-6b00fa2951d2 d49bbc498fb44934801760e04d946e50 a6d2ffa6fb014966b30cc01eac919e15 - - default default] Successfully bumped revision number for resource 21acea62-1bb9-46e7-911f-f95fa2048993 (type: security_groups) to 1
2026-07-02 05:59:18.144 10 INFO neutron.db.ovn_revision_numbers_db [None req-1dac402c-1e8a-43af-ae5a-6b00fa2951d2 d49bbc498fb44934801760e04d946e50 a6d2ffa6fb014966b30cc01eac919e15 - - default default] Successfully bumped revision number for resource 34eb7b7e-c943-418a-868f-a60d1aa03b39 (type: security_group_rules) to 0
2026-07-02 05:59:18.158 10 INFO neutron.db.ovn_revision_numbers_db [None req-1dac402c-1e8a-43af-ae5a-6b00fa2951d2 d49bbc498fb44934801760e04d946e50 a6d2ffa6fb014966b30cc01eac919e15 - - default default] Successfully bumped revision number for resource 3d835666-59cf-4d02-b173-57d095c2a285 (type: security_group_rules) to 0
2026-07-02 05:59:18.189 10 INFO neutron.wsgi [None req-1dac402c-1e8a-43af-ae5a-6b00fa2951d2 d49bbc498fb44934801760e04d946e50 a6d2ffa6fb014966b30cc01eac919e15 - - default default] 199.204.45.223,10.0.0.13 "POST /v2.0/security-groups HTTP/1.1" status: 201 len: 1741 time: 0.1965761
2026-07-02 05:59:19.162 10 INFO neutron.wsgi [None req-32ef2296-6c9d-4266-93ad-0d96847764d2 d49bbc498fb44934801760e04d946e50 a6d2ffa6fb014966b30cc01eac919e15 - - default default] 199.204.45.223,10.0.0.13 "GET /v2.0/security-groups?tenant_id=7e96c111381543b2a8202b096e417409 HTTP/1.1" status: 200 len: 4515 time: 0.1090612
2026-07-02 05:59:19.339 10 INFO neutron.wsgi [None req-679dc297-a1a0-4f8a-8cf7-fd5f821a0471 d49bbc498fb44934801760e04d946e50 a6d2ffa6fb014966b30cc01eac919e15 - - default default] 199.204.45.223,10.0.0.13 "GET /v2.0/security-groups HTTP/1.1" status: 200 len: 14480 time: 0.1701083
2026-07-02 05:59:19.468 10 INFO neutron.db.ovn_revision_numbers_db [None req-ca040cbd-300f-4a06-aaa6-d54e0b1b298d d49bbc498fb44934801760e04d946e50 a6d2ffa6fb014966b30cc01eac919e15 - - default default] Successfully bumped revision number for resource 42cd3541-50e8-4f8a-ad67-309d233063db (type: security_group_rules) to 0
2026-07-02 05:59:19.489 10 INFO neutron.wsgi [None req-ca040cbd-300f-4a06-aaa6-d54e0b1b298d d49bbc498fb44934801760e04d946e50 a6d2ffa6fb014966b30cc01eac919e15 - - default default] 199.204.45.223,10.0.0.13 "POST /v2.0/security-group-rules HTTP/1.1" status: 201 len: 745 time: 0.1379681
2026-07-02 05:59:20.424 10 INFO neutron.wsgi [None req-6cee933a-d922-440c-9520-5fa26d072ef7 d49bbc498fb44934801760e04d946e50 a6d2ffa6fb014966b30cc01eac919e15 - - default default] 199.204.45.223,10.0.0.13 "GET /v2.0/security-groups?tenant_id=7e96c111381543b2a8202b096e417409 HTTP/1.1" status: 200 len: 5093 time: 0.0868728
2026-07-02 05:59:20.482 10 INFO neutron.wsgi [None req-09090a5e-8aba-4944-a742-b4904ffb2856 d49bbc498fb44934801760e04d946e50 a6d2ffa6fb014966b30cc01eac919e15 - - default default] 199.204.45.223,10.0.0.13 "GET /v2.0/security-groups HTTP/1.1" status: 200 len: 15058 time: 0.0489283
2026-07-02 05:59:20.601 10 INFO neutron.db.ovn_revision_numbers_db [None req-04c230b6-12f9-42eb-868e-22cde4379738 d49bbc498fb44934801760e04d946e50 a6d2ffa6fb014966b30cc01eac919e15 - - default default] Successfully bumped revision number for resource 42544a1f-90ff-4697-9523-d67e20d18309 (type: security_group_rules) to 0
2026-07-02 05:59:20.636 10 INFO neutron.wsgi [None req-04c230b6-12f9-42eb-868e-22cde4379738 d49bbc498fb44934801760e04d946e50 a6d2ffa6fb014966b30cc01eac919e15 - - default default] 199.204.45.223,10.0.0.13 "POST /v2.0/security-group-rules HTTP/1.1" status: 201 len: 747 time: 0.1445701
2026-07-02 05:59:21.577 10 INFO neutron.wsgi [None req-34162e83-a04e-4099-a4aa-0850dbcba593 d49bbc498fb44934801760e04d946e50 a6d2ffa6fb014966b30cc01eac919e15 - - default default] 199.204.45.223,10.0.0.13 "GET /v2.0/security-groups?tenant_id=7e96c111381543b2a8202b096e417409 HTTP/1.1" status: 200 len: 5673 time: 0.0779567
2026-07-02 05:59:21.640 10 INFO neutron.wsgi [None req-667a55e0-7249-41f0-bad0-1405a8f8dd52 d49bbc498fb44934801760e04d946e50 a6d2ffa6fb014966b30cc01eac919e15 - - default default] 199.204.45.223,10.0.0.13 "GET /v2.0/security-groups HTTP/1.1" status: 200 len: 15638 time: 0.0543051
2026-07-02 05:59:21.787 10 INFO neutron.db.ovn_revision_numbers_db [None req-05ac184c-205c-42c0-a056-5e1e2bef18ed d49bbc498fb44934801760e04d946e50 a6d2ffa6fb014966b30cc01eac919e15 - - default default] Successfully bumped revision number for resource 2aa40973-6529-472e-9f7c-9408823b62c5 (type: security_group_rules) to 0
2026-07-02 05:59:21.810 10 INFO neutron.wsgi [None req-05ac184c-205c-42c0-a056-5e1e2bef18ed d49bbc498fb44934801760e04d946e50 a6d2ffa6fb014966b30cc01eac919e15 - - default default] 199.204.45.223,10.0.0.13 "POST /v2.0/security-group-rules HTTP/1.1" status: 201 len: 749 time: 0.1564372
2026-07-02 05:59:22.758 10 INFO neutron.wsgi [None req-599b8744-4ab5-48bb-9ee8-c7af00154377 d49bbc498fb44934801760e04d946e50 a6d2ffa6fb014966b30cc01eac919e15 - - default default] 199.204.45.223,10.0.0.13 "GET /v2.0/security-groups?tenant_id=7e96c111381543b2a8202b096e417409 HTTP/1.1" status: 200 len: 6255 time: 0.0747983
2026-07-02 05:59:22.818 10 INFO neutron.wsgi [None req-5a26b1e8-ba00-49fe-a413-d8766f9caab5 d49bbc498fb44934801760e04d946e50 a6d2ffa6fb014966b30cc01eac919e15 - - default default] 199.204.45.223,10.0.0.13 "GET /v2.0/security-groups HTTP/1.1" status: 200 len: 16220 time: 0.0506315
2026-07-02 05:59:22.954 10 INFO neutron.db.ovn_revision_numbers_db [None req-01f0eb8e-9a6c-471f-a026-94e9e412b9bf d49bbc498fb44934801760e04d946e50 a6d2ffa6fb014966b30cc01eac919e15 - - default default] Successfully bumped revision number for resource c7c579a5-6bfb-451b-848b-003f9c230ad1 (type: security_group_rules) to 0
2026-07-02 05:59:22.979 10 INFO neutron.wsgi [None req-01f0eb8e-9a6c-471f-a026-94e9e412b9bf d49bbc498fb44934801760e04d946e50 a6d2ffa6fb014966b30cc01eac919e15 - - default default] 199.204.45.223,10.0.0.13 "POST /v2.0/security-group-rules HTTP/1.1" status: 201 len: 750 time: 0.1484592
2026-07-02 05:59:28.974 9 INFO neutron.wsgi [-] 10.0.0.13 "GET / HTTP/1.1" status: 200 len: 247 time: 0.0025542
2026-07-02 05:59:28.975 10 INFO neutron.wsgi [-] 10.0.0.13 "GET / HTTP/1.1" status: 200 len: 247 time: 0.0031478
2026-07-02 05:59:43.973 10 INFO neutron.wsgi [-] 10.0.0.13 "GET / HTTP/1.1" status: 200 len: 247 time: 0.0023124
2026-07-02 05:59:43.973 9 INFO neutron.wsgi [-] 10.0.0.13 "GET / HTTP/1.1" status: 200 len: 247 time: 0.0025332
2026-07-02 05:59:58.972 9 INFO neutron.wsgi [-] 10.0.0.13 "GET / HTTP/1.1" status: 200 len: 247 time: 0.0015376
2026-07-02 05:59:58.974 10 INFO neutron.wsgi [-] 10.0.0.13 "GET / HTTP/1.1" status: 200 len: 247 time: 0.0026093
2026-07-02 06:00:13.973 9 INFO neutron.wsgi [-] 10.0.0.13 "GET / HTTP/1.1" status: 200 len: 247 time: 0.0016506
2026-07-02 06:00:13.974 10 INFO neutron.wsgi [-] 10.0.0.13 "GET / HTTP/1.1" status: 200 len: 247 time: 0.0022840
2026-07-02 06:00:28.974 9 INFO neutron.wsgi [-] 10.0.0.13 "GET / HTTP/1.1" status: 200 len: 247 time: 0.0024774
2026-07-02 06:00:28.974 10 INFO neutron.wsgi [-] 10.0.0.13 "GET / HTTP/1.1" status: 200 len: 247 time: 0.0026803
2026-07-02 06:00:43.972 10 INFO neutron.wsgi [-] 10.0.0.13 "GET / HTTP/1.1" status: 200 len: 247 time: 0.0015204
2026-07-02 06:00:43.974 9 INFO neutron.wsgi [-] 10.0.0.13 "GET / HTTP/1.1" status: 200 len: 247 time: 0.0024951
2026-07-02 06:00:58.974 9 INFO neutron.wsgi [-] 10.0.0.13 "GET / HTTP/1.1" status: 200 len: 247 time: 0.0029685
2026-07-02 06:00:58.975 10 INFO neutron.wsgi [-] 10.0.0.13 "GET / HTTP/1.1" status: 200 len: 247 time: 0.0032971
2026-07-02 06:01:13.974 10 INFO neutron.wsgi [-] 10.0.0.13 "GET / HTTP/1.1" status: 200 len: 247 time: 0.0028787
2026-07-02 06:01:13.975 9 INFO neutron.wsgi [-] 10.0.0.13 "GET / HTTP/1.1" status: 200 len: 247 time: 0.0033746
2026-07-02 06:01:28.973 10 INFO neutron.wsgi [-] 10.0.0.13 "GET / HTTP/1.1" status: 200 len: 247 time: 0.0023127
2026-07-02 06:01:28.974 9 INFO neutron.wsgi [-] 10.0.0.13 "GET / HTTP/1.1" status: 200 len: 247 time: 0.0026553 /var/lib/openstack/lib/python3.10/site-packages/memcache.py:1303: SyntaxWarning: "is" with a literal. Did you mean "=="? if key is '': /var/lib/openstack/lib/python3.10/site-packages/memcache.py:1304: SyntaxWarning: "is" with a literal. Did you mean "=="? if key_extra_len is 0: /var/lib/openstack/lib/python3.10/site-packages/pycadf/identifier.py:71: UserWarning: Invalid uuid: neutron. To ensure interoperability, identifiers should be a valid uuid. warnings.warn(('Invalid uuid: %s. To ensure interoperability, '
2026-07-02 06:01:29.868 9 WARNING oslo_policy.policy [None req-e1bf1535-f499-4cbe-800f-48e6eac32d80 2079180d9e6d40d5803d5125c7b96360 7e96c111381543b2a8202b096e417409 - - 0b7f6a7849d742f1ad166eef4960917f 0b7f6a7849d742f1ad166eef4960917f] Policies ['delete_port', 'update_port:allowed_address_pairs', 'update_port:allowed_address_pairs:ip_address', 'update_port:allowed_address_pairs:mac_address', 'update_port:fixed_ips', 'update_port:mac_address'] reference a rule that is not defined.
2026-07-02 06:01:30.112 9 INFO neutron.wsgi [None req-e1bf1535-f499-4cbe-800f-48e6eac32d80 2079180d9e6d40d5803d5125c7b96360 7e96c111381543b2a8202b096e417409 - - 0b7f6a7849d742f1ad166eef4960917f 0b7f6a7849d742f1ad166eef4960917f] 199.204.45.223 "GET /v2.0/networks?tenant_id=7e96c111381543b2a8202b096e417409&shared=False HTTP/1.1" status: 200 len: 213 time: 0.7751405
2026-07-02 06:01:30.212 9 INFO neutron.db.segments_db [None req-ec215bd4-e2b0-422c-8737-7e6d9e6c8cf9 2079180d9e6d40d5803d5125c7b96360 7e96c111381543b2a8202b096e417409 - - 0b7f6a7849d742f1ad166eef4960917f 0b7f6a7849d742f1ad166eef4960917f] Added segment ca8b1fb1-598f-4974-b45f-5cfc4d53c10a of type geneve for network ae642932-d3b6-4e76-878c-574b29dfc1b8
