2026-07-02 06:18:06.706 10 INFO neutron.db.ovn_revision_numbers_db [None req-9de195f5-43db-4006-b771-df083d782891 d49bbc498fb44934801760e04d946e50 a6d2ffa6fb014966b30cc01eac919e15 - - default default] Successfully bumped revision number for resource be4f761d-7449-4120-a27c-0911cd0418c4 (type: security_group_rules) to 0
2026-07-02 06:18:06.723 10 INFO neutron.db.ovn_revision_numbers_db [None req-9de195f5-43db-4006-b771-df083d782891 d49bbc498fb44934801760e04d946e50 a6d2ffa6fb014966b30cc01eac919e15 - - default default] Successfully bumped revision number for resource ccbeb935-a6f3-48e9-98f9-9d1eb96ba497 (type: security_group_rules) to 0
2026-07-02 06:18:06.745 10 INFO neutron.wsgi [None req-9de195f5-43db-4006-b771-df083d782891 d49bbc498fb44934801760e04d946e50 a6d2ffa6fb014966b30cc01eac919e15 - - default default] 10.0.0.54 "GET /v2.0/security-groups?tenant_id=c8bbcd480d924e01acb656ec27145dcb&name=default HTTP/1.1" status: 200 len: 2996 time: 0.3545289
2026-07-02 06:18:06.932 10 INFO neutron.wsgi [None req-7bb63454-146a-455c-972c-b6190f574cee d49bbc498fb44934801760e04d946e50 a6d2ffa6fb014966b30cc01eac919e15 - - default default] 10.0.0.54 "DELETE /v2.0/security-groups/0d2d6fe2-1735-4ae0-b2b0-9da3636b5f3a HTTP/1.1" status: 204 len: 168 time: 0.1818762
2026-07-02 06:18:08.079 10 WARNING neutron.plugins.ml2.drivers.ovn.mech_driver.ovsdb.ovn_client [None req-d4f5bed0-99f1-472e-a4ce-f74787416234 - - - - - -] No hosting information found for port d225ebb8-4bd0-45bf-bfde-5756e6b21819: RuntimeError: No hosting information found for port d225ebb8-4bd0-45bf-bfde-5756e6b21819
2026-07-02 06:18:08.123 9 INFO neutron.db.ovn_revision_numbers_db [None req-58a4cf51-d4c8-48f0-8505-d204bd5a959e d49bbc498fb44934801760e04d946e50 a6d2ffa6fb014966b30cc01eac919e15 - - default default] Successfully bumped revision number for resource 6f55253a-fa72-4e3b-8ec0-61a5ce9eb1f1 (type: security_groups) to 1
2026-07-02 06:18:08.138 9 INFO neutron.db.ovn_revision_numbers_db [None req-58a4cf51-d4c8-48f0-8505-d204bd5a959e d49bbc498fb44934801760e04d946e50 a6d2ffa6fb014966b30cc01eac919e15 - - default default] Successfully bumped revision number for resource 909db195-a667-4b7f-a08a-a3098ec02762 (type: security_group_rules) to 0
2026-07-02 06:18:08.155 9 INFO neutron.db.ovn_revision_numbers_db [None req-58a4cf51-d4c8-48f0-8505-d204bd5a959e d49bbc498fb44934801760e04d946e50 a6d2ffa6fb014966b30cc01eac919e15 - - default default] Successfully bumped revision number for resource cb226ffe-f432-4db5-9898-19bb60e8c4dd (type: security_group_rules) to 0
2026-07-02 06:18:08.172 9 INFO neutron.db.ovn_revision_numbers_db [None req-58a4cf51-d4c8-48f0-8505-d204bd5a959e d49bbc498fb44934801760e04d946e50 a6d2ffa6fb014966b30cc01eac919e15 - - default default] Successfully bumped revision number for resource cb7a3eec-0725-4b87-933f-db56763bf27d (type: security_group_rules) to 0
2026-07-02 06:18:08.189 9 INFO neutron.db.ovn_revision_numbers_db [None req-58a4cf51-d4c8-48f0-8505-d204bd5a959e d49bbc498fb44934801760e04d946e50 a6d2ffa6fb014966b30cc01eac919e15 - - default default] Successfully bumped revision number for resource cb90e904-4287-4c91-81be-6e5570f6949c (type: security_group_rules) to 0
2026-07-02 06:18:08.218 9 INFO neutron.wsgi [None req-58a4cf51-d4c8-48f0-8505-d204bd5a959e d49bbc498fb44934801760e04d946e50 a6d2ffa6fb014966b30cc01eac919e15 - - default default] 10.0.0.54 "GET /v2.0/security-groups?tenant_id=d481ef119eb847b0ab0d2fc972adc8e6&name=default HTTP/1.1" status: 200 len: 2996 time: 0.3873584
2026-07-02 06:18:08.395 10 INFO neutron.wsgi [None req-afcd2fb7-97d7-45af-8b17-9a75e9e6ce07 d49bbc498fb44934801760e04d946e50 a6d2ffa6fb014966b30cc01eac919e15 - - default default] 10.0.0.54 "DELETE /v2.0/security-groups/6f55253a-fa72-4e3b-8ec0-61a5ce9eb1f1 HTTP/1.1" status: 204 len: 168 time: 0.1730936
2026-07-02 06:18:09.095 10 INFO neutron.db.ovn_revision_numbers_db [None req-5b0265be-39bb-4271-8851-a5d746500ffe 169efc7dbde44785afd64f08a1b10f79 6fdcfd7c529b42e7b187091749736942 - - default default] Successfully bumped revision number for resource 86dbfdeb-58cb-40fd-8c32-d1ef012b8f03 (type: security_groups) to 1
2026-07-02 06:18:09.115 10 INFO neutron.db.ovn_revision_numbers_db [None req-5b0265be-39bb-4271-8851-a5d746500ffe 169efc7dbde44785afd64f08a1b10f79 6fdcfd7c529b42e7b187091749736942 - - default default] Successfully bumped revision number for resource 1a29c677-221d-4819-acf0-b667615068f6 (type: security_group_rules) to 0
2026-07-02 06:18:09.135 10 INFO neutron.db.ovn_revision_numbers_db [None req-5b0265be-39bb-4271-8851-a5d746500ffe 169efc7dbde44785afd64f08a1b10f79 6fdcfd7c529b42e7b187091749736942 - - default default] Successfully bumped revision number for resource 60be75c7-eeec-43f8-9fb6-aa5bfa048ee7 (type: security_group_rules) to 0
2026-07-02 06:18:09.150 10 INFO neutron.db.ovn_revision_numbers_db [None req-5b0265be-39bb-4271-8851-a5d746500ffe 169efc7dbde44785afd64f08a1b10f79 6fdcfd7c529b42e7b187091749736942 - - default default] Successfully bumped revision number for resource a06e4f38-eae6-47d7-8561-17a875a57ef7 (type: security_group_rules) to 0
2026-07-02 06:18:09.154 9 INFO neutron.wsgi [req-87147f50-fbed-43c0-9dfd-930dceed6d42 req-b5343ac0-b235-4c00-b96a-79eecf97e790 269a175eee5742d7a656971d4e76d0b3 6ed41f446c52485797e61d651e8f2168 - - default default] 10.0.0.131 "GET /v2.0/security-groups?name=tempest-securitygroup--839558385&fields=id&tenant_id=6ed41f446c52485797e61d651e8f2168 HTTP/1.1" status: 200 len: 267 time: 0.0406027
2026-07-02 06:18:09.163 10 INFO neutron.db.ovn_revision_numbers_db [None req-5b0265be-39bb-4271-8851-a5d746500ffe 169efc7dbde44785afd64f08a1b10f79 6fdcfd7c529b42e7b187091749736942 - - default default] Successfully bumped revision number for resource b0f096d3-ca97-4bc6-856e-8bf734e84e68 (type: security_group_rules) to 0
2026-07-02 06:18:09.220 10 INFO neutron.db.segments_db [None req-5b0265be-39bb-4271-8851-a5d746500ffe 169efc7dbde44785afd64f08a1b10f79 6fdcfd7c529b42e7b187091749736942 - - default default] Added segment 6fa34d03-e896-4982-b13e-d3c3005ad328 of type geneve for network 24d02188-68c0-40b0-9f38-47aa6127a7a1
2026-07-02 06:18:09.237 9 INFO neutron.wsgi [req-87147f50-fbed-43c0-9dfd-930dceed6d42 req-6ac35c20-781d-4eb7-be1c-52a26e99ea6f 269a175eee5742d7a656971d4e76d0b3 6ed41f446c52485797e61d651e8f2168 - - default default] 10.0.0.131 "GET /v2.0/networks?id=945c7c11-a462-4761-938e-b14b8f603010 HTTP/1.1" status: 200 len: 879 time: 0.0746007
2026-07-02 06:18:09.257 9 INFO neutron.wsgi [req-87147f50-fbed-43c0-9dfd-930dceed6d42 req-7fb0e2d8-9ae4-4e2e-82bb-2a731363c74f 269a175eee5742d7a656971d4e76d0b3 6ed41f446c52485797e61d651e8f2168 - - default default] 10.0.0.131 "GET /v2.0/quotas/6ed41f446c52485797e61d651e8f2168 HTTP/1.1" status: 200 len: 386 time: 0.0130565
2026-07-02 06:18:09.358 9 INFO neutron.wsgi [req-87147f50-fbed-43c0-9dfd-930dceed6d42 req-78b86ce8-74a7-49f2-9271-81f5fda0deb3 269a175eee5742d7a656971d4e76d0b3 6ed41f446c52485797e61d651e8f2168 - - default default] 10.0.0.131 "GET /v2.0/ports?tenant_id=6ed41f446c52485797e61d651e8f2168&fields=id HTTP/1.1" status: 200 len: 302 time: 0.0937428
2026-07-02 06:18:09.398 10 INFO neutron.db.ovn_revision_numbers_db [None req-5b0265be-39bb-4271-8851-a5d746500ffe 169efc7dbde44785afd64f08a1b10f79 6fdcfd7c529b42e7b187091749736942 - - default default] Successfully bumped revision number for resource 24d02188-68c0-40b0-9f38-47aa6127a7a1 (type: networks) to 1
2026-07-02 06:18:09.425 9 INFO neutron.wsgi [req-87147f50-fbed-43c0-9dfd-930dceed6d42 req-0536877e-0920-48ff-a78b-3cad4b0c78f9 36377d1fe73e40cf8b2786a64e5f4d3a 7e96c111381543b2a8202b096e417409 - - 0b7f6a7849d742f1ad166eef4960917f 0b7f6a7849d742f1ad166eef4960917f] 10.0.0.131 "GET /v2.0/networks/945c7c11-a462-4761-938e-b14b8f603010?fields=segments HTTP/1.1" status: 200 len: 212 time: 0.0557609
2026-07-02 06:18:09.502 9 INFO neutron.wsgi [req-87147f50-fbed-43c0-9dfd-930dceed6d42 req-66c4b13a-0299-4c6f-a4b3-d9167aeb33c8 36377d1fe73e40cf8b2786a64e5f4d3a 7e96c111381543b2a8202b096e417409 - - 0b7f6a7849d742f1ad166eef4960917f 0b7f6a7849d742f1ad166eef4960917f] 10.0.0.131 "GET /v2.0/networks/945c7c11-a462-4761-938e-b14b8f603010?fields=provider%3Aphysical_network&fields=provider%3Anetwork_type HTTP/1.1" status: 200 len: 277 time: 0.0691543
2026-07-02 06:18:09.588 10 WARNING neutron.scheduler.dhcp_agent_scheduler [None req-5b0265be-39bb-4271-8851-a5d746500ffe 169efc7dbde44785afd64f08a1b10f79 6fdcfd7c529b42e7b187091749736942 - - default default] No more DHCP agents
2026-07-02 06:18:09.591 10 WARNING neutron.api.rpc.agentnotifiers.dhcp_rpc_agent_api [None req-5b0265be-39bb-4271-8851-a5d746500ffe 169efc7dbde44785afd64f08a1b10f79 6fdcfd7c529b42e7b187091749736942 - - default default] Unable to schedule network 24d02188-68c0-40b0-9f38-47aa6127a7a1: no agents available; will retry on subsequent port and subnet creation events.
2026-07-02 06:18:09.677 10 INFO neutron.db.ovn_revision_numbers_db [None req-5b0265be-39bb-4271-8851-a5d746500ffe 169efc7dbde44785afd64f08a1b10f79 6fdcfd7c529b42e7b187091749736942 - - default default] Successfully bumped revision number for resource 4f85a9fa-1202-448d-83fe-c0cfe6cf5505 (type: ports) to 1
2026-07-02 06:18:09.699 10 INFO neutron.wsgi [None req-5b0265be-39bb-4271-8851-a5d746500ffe 169efc7dbde44785afd64f08a1b10f79 6fdcfd7c529b42e7b187091749736942 - - default default] 10.0.0.54 "POST /v2.0/networks HTTP/1.1" status: 201 len: 843 time: 0.9825773
2026-07-02 06:18:09.813 9 INFO neutron.wsgi [req-6b4d672a-2549-467a-a8ff-82a92d663674 req-83c7cace-b610-4cdd-84ee-50d89b48eeb1 269a175eee5742d7a656971d4e76d0b3 6ed41f446c52485797e61d651e8f2168 - - default default] 10.0.0.131 "GET /v2.0/ports?device_id=1be55f8c-c890-4905-9eab-0747d9b84ea8 HTTP/1.1" status: 200 len: 210 time: 0.0238266
2026-07-02 06:18:09.977 10 WARNING neutron.scheduler.dhcp_agent_scheduler [None req-47c0798c-51bb-4670-9df0-70a039851724 169efc7dbde44785afd64f08a1b10f79 6fdcfd7c529b42e7b187091749736942 - - default default] No more DHCP agents
2026-07-02 06:18:09.979 10 WARNING neutron.api.rpc.agentnotifiers.dhcp_rpc_agent_api [None req-47c0798c-51bb-4670-9df0-70a039851724 169efc7dbde44785afd64f08a1b10f79 6fdcfd7c529b42e7b187091749736942 - - default default] Unable to schedule network 24d02188-68c0-40b0-9f38-47aa6127a7a1: no agents available; will retry on subsequent port and subnet creation events.
2026-07-02 06:18:10.332 9 INFO neutron.wsgi [req-719f1fc1-20b7-457b-aece-68cb208dd13f req-c033f3a5-29d8-4bab-b3ea-8e9ec66e50cd d6c18971ae2e4e0fa492e080e39ab2da 3b9285ddab0d4b61a9ef3fae48598dff - - default default] 10.0.0.131 "GET /v2.0/ports?device_id=8b30ba86-1b76-4a5a-a015-c88561dd7309 HTTP/1.1" status: 200 len: 1174 time: 0.1018834
2026-07-02 06:18:10.385 9 INFO neutron.wsgi [req-719f1fc1-20b7-457b-aece-68cb208dd13f req-600bb918-8058-4a4c-a89c-e1fe96e2e8b0 d6c18971ae2e4e0fa492e080e39ab2da 3b9285ddab0d4b61a9ef3fae48598dff - - default default] 10.0.0.131 "GET /v2.0/security-groups?id=aff9d175-7b86-452c-8dfa-0b52ced605cb&fields=id&fields=name HTTP/1.1" status: 200 len: 313 time: 0.0449476
2026-07-02 06:18:10.484 10 INFO neutron.db.ovn_revision_numbers_db [None req-47c0798c-51bb-4670-9df0-70a039851724 169efc7dbde44785afd64f08a1b10f79 6fdcfd7c529b42e7b187091749736942 - - default default] Successfully bumped revision number for resource 4f85a9fa-1202-448d-83fe-c0cfe6cf5505 (type: ports) to 2
2026-07-02 06:18:10.510 10 INFO neutron.db.ovn_revision_numbers_db [None req-47c0798c-51bb-4670-9df0-70a039851724 169efc7dbde44785afd64f08a1b10f79 6fdcfd7c529b42e7b187091749736942 - - default default] Successfully bumped revision number for resource 238d4294-90c6-41fa-b5a9-c768c667fc17 (type: subnets) to 0
2026-07-02 06:18:10.526 10 INFO neutron.wsgi [None req-47c0798c-51bb-4670-9df0-70a039851724 169efc7dbde44785afd64f08a1b10f79 6fdcfd7c529b42e7b187091749736942 - - default default] 10.0.0.54 "POST /v2.0/subnets HTTP/1.1" status: 201 len: 816 time: 0.7964706
2026-07-02 06:18:10.531 9 INFO neutron.wsgi [req-87147f50-fbed-43c0-9dfd-930dceed6d42 req-3ea8ea4c-bb47-41ac-aa77-7d8802344ac9 269a175eee5742d7a656971d4e76d0b3 6ed41f446c52485797e61d651e8f2168 - - default default] 199.204.45.223 "GET /v2.0/networks?id=945c7c11-a462-4761-938e-b14b8f603010 HTTP/1.1" status: 200 len: 879 time: 0.0754895
2026-07-02 06:18:10.589 9 INFO neutron.wsgi [req-87147f50-fbed-43c0-9dfd-930dceed6d42 req-64704059-456e-4319-b48d-92d3e5fe60ce 269a175eee5742d7a656971d4e76d0b3 6ed41f446c52485797e61d651e8f2168 - - default default] 199.204.45.223 "GET /v2.0/security-groups?fields=id&fields=name&tenant_id=6ed41f446c52485797e61d651e8f2168 HTTP/1.1" status: 200 len: 379 time: 0.0527277
2026-07-02 06:18:10.613 10 INFO neutron.db.segments_db [None req-7a0d0ab0-bdf5-492f-84b4-5fb81e11a4ac 169efc7dbde44785afd64f08a1b10f79 6fdcfd7c529b42e7b187091749736942 - - default default] Added segment 78d1483a-4d1c-46bf-beac-ab4a6e59cfed of type geneve for network 93117142-7463-4cf1-9cc5-260103c159b5
2026-07-02 06:18:10.634 9 INFO neutron.wsgi [req-0fb420af-1404-4389-be1b-72e17d17b67d req-36e6beea-d9e7-4f0a-a3fa-00badb0da0f7 d6c18971ae2e4e0fa492e080e39ab2da 3b9285ddab0d4b61a9ef3fae48598dff - - default default] 10.0.0.131 "GET /v2.0/ports?device_id=8b30ba86-1b76-4a5a-a015-c88561dd7309 HTTP/1.1" status: 200 len: 1174 time: 0.0444150
2026-07-02 06:18:10.702 9 INFO neutron.wsgi [req-0fb420af-1404-4389-be1b-72e17d17b67d req-c172d204-7bfd-4dab-8a58-17308531c31b d6c18971ae2e4e0fa492e080e39ab2da 3b9285ddab0d4b61a9ef3fae48598dff - - default default] 10.0.0.131 "GET /v2.0/security-groups?id=aff9d175-7b86-452c-8dfa-0b52ced605cb&fields=id&fields=name HTTP/1.1" status: 200 len: 313 time: 0.0572701
2026-07-02 06:18:10.709 10 INFO neutron.plugins.ml2.drivers.ovn.mech_driver.mech_driver [None req-d4f5bed0-99f1-472e-a4ce-f74787416234 - - - - - -] OVN reports status down for port: a07b4229-1a49-4c08-8141-260b99ef129a
2026-07-02 06:18:10.842 10 INFO neutron.db.ovn_revision_numbers_db [None req-7a0d0ab0-bdf5-492f-84b4-5fb81e11a4ac 169efc7dbde44785afd64f08a1b10f79 6fdcfd7c529b42e7b187091749736942 - - default default] Successfully bumped revision number for resource 93117142-7463-4cf1-9cc5-260103c159b5 (type: networks) to 1
2026-07-02 06:18:10.911 9 INFO neutron.wsgi [req-72107e40-ac7c-4e8f-b376-a8a013390822 req-90306f6b-25af-40fb-9997-a466114d189f 269a175eee5742d7a656971d4e76d0b3 6ed41f446c52485797e61d651e8f2168 - - default default] 10.0.0.131 "GET /v2.0/ports?device_id=1be55f8c-c890-4905-9eab-0747d9b84ea8 HTTP/1.1" status: 200 len: 210 time: 0.0289173
2026-07-02 06:18:10.970 10 INFO neutron.notifiers.nova [-] Nova event matching ['req-d90bef5e-2e6e-4d6c-a674-98240c392cea'] response: {'server_uuid': '8b30ba86-1b76-4a5a-a015-c88561dd7309', 'name': 'network-vif-unplugged', 'status': 'completed', 'tag': 'a07b4229-1a49-4c08-8141-260b99ef129a', 'code': 200}
2026-07-02 06:18:11.027 9 WARNING neutron.scheduler.dhcp_agent_scheduler [req-87147f50-fbed-43c0-9dfd-930dceed6d42 req-cb555f80-dfe1-4b54-a319-62f0c235d28e 269a175eee5742d7a656971d4e76d0b3 6ed41f446c52485797e61d651e8f2168 - - default default] No more DHCP agents
2026-07-02 06:18:11.030 9 WARNING neutron.api.rpc.agentnotifiers.dhcp_rpc_agent_api [req-87147f50-fbed-43c0-9dfd-930dceed6d42 req-cb555f80-dfe1-4b54-a319-62f0c235d28e 269a175eee5742d7a656971d4e76d0b3 6ed41f446c52485797e61d651e8f2168 - - default default] Unable to schedule network 945c7c11-a462-4761-938e-b14b8f603010: no agents available; will retry on subsequent port and subnet creation events.
2026-07-02 06:18:11.142 10 INFO neutron.wsgi [req-2d0758ab-e59e-40b2-a198-aa093f1b7efc req-b5675f64-870d-4f3c-a726-3b7310991aa8 d6c18971ae2e4e0fa492e080e39ab2da 3b9285ddab0d4b61a9ef3fae48598dff - - default default] 199.204.45.223 "GET /v2.0/ports?device_id=8b30ba86-1b76-4a5a-a015-c88561dd7309 HTTP/1.1" status: 200 len: 1172 time: 0.1661470
2026-07-02 06:18:11.209 10 WARNING neutron.scheduler.dhcp_agent_scheduler [None req-7a0d0ab0-bdf5-492f-84b4-5fb81e11a4ac 169efc7dbde44785afd64f08a1b10f79 6fdcfd7c529b42e7b187091749736942 - - default default] No more DHCP agents
2026-07-02 06:18:11.212 9 INFO neutron.db.ovn_revision_numbers_db [req-87147f50-fbed-43c0-9dfd-930dceed6d42 req-cb555f80-dfe1-4b54-a319-62f0c235d28e 269a175eee5742d7a656971d4e76d0b3 6ed41f446c52485797e61d651e8f2168 - - default default] Successfully bumped revision number for resource dedcfecb-b527-4e35-93c8-2207e4973e2c (type: ports) to 1
2026-07-02 06:18:11.216 10 WARNING neutron.api.rpc.agentnotifiers.dhcp_rpc_agent_api [None req-7a0d0ab0-bdf5-492f-84b4-5fb81e11a4ac 169efc7dbde44785afd64f08a1b10f79 6fdcfd7c529b42e7b187091749736942 - - default default] Unable to schedule network 93117142-7463-4cf1-9cc5-260103c159b5: no agents available; will retry on subsequent port and subnet creation events.
2026-07-02 06:18:11.235 9 INFO neutron.wsgi [req-87147f50-fbed-43c0-9dfd-930dceed6d42 req-cb555f80-dfe1-4b54-a319-62f0c235d28e 269a175eee5742d7a656971d4e76d0b3 6ed41f446c52485797e61d651e8f2168 - - default default] 199.204.45.223 "POST /v2.0/ports HTTP/1.1" status: 201 len: 1158 time: 0.6385245 /var/lib/openstack/lib/python3.10/site-packages/pycadf/identifier.py:71: UserWarning: Invalid uuid: neutron. To ensure interoperability, identifiers should be a valid uuid. warnings.warn(('Invalid uuid: %s. To ensure interoperability, '
2026-07-02 06:18:11.507 10 INFO neutron.db.ovn_revision_numbers_db [None req-7a0d0ab0-bdf5-492f-84b4-5fb81e11a4ac 169efc7dbde44785afd64f08a1b10f79 6fdcfd7c529b42e7b187091749736942 - - default default] Successfully bumped revision number for resource acd8465c-7d0b-4a3b-b1ff-1a83b75ba23a (type: ports) to 1
2026-07-02 06:18:11.536 10 INFO neutron.db.ovn_revision_numbers_db [None req-d4f5bed0-99f1-472e-a4ce-f74787416234 - - - - - -] Successfully bumped revision number for resource a07b4229-1a49-4c08-8141-260b99ef129a (type: ports) to 7
2026-07-02 06:18:11.550 10 INFO neutron.wsgi [None req-7a0d0ab0-bdf5-492f-84b4-5fb81e11a4ac 169efc7dbde44785afd64f08a1b10f79 6fdcfd7c529b42e7b187091749736942 - - default default] 10.0.0.54 "POST /v2.0/networks HTTP/1.1" status: 201 len: 842 time: 1.0187078 /var/lib/openstack/lib/python3.10/site-packages/pycadf/identifier.py:71: UserWarning: Invalid uuid: neutron. To ensure interoperability, identifiers should be a valid uuid. warnings.warn(('Invalid uuid: %s. To ensure interoperability, '
2026-07-02 06:18:11.734 10 INFO neutron.db.l3_db [req-2d0758ab-e59e-40b2-a198-aa093f1b7efc req-21b4f582-9d9b-4f86-a806-389fe1a373ae d6c18971ae2e4e0fa492e080e39ab2da 3b9285ddab0d4b61a9ef3fae48598dff - - default default] Floating IP 748d8fc8-ddc5-4d8b-98e5-3671fe9e743e disassociated. External IP: 10.96.250.214, port: a07b4229-1a49-4c08-8141-260b99ef129a.
2026-07-02 06:18:11.829 9 INFO neutron.db.ovn_revision_numbers_db [req-87147f50-fbed-43c0-9dfd-930dceed6d42 req-8fd03cbe-2215-4c35-b38f-d1f33a08b07a 36377d1fe73e40cf8b2786a64e5f4d3a 7e96c111381543b2a8202b096e417409 - - 0b7f6a7849d742f1ad166eef4960917f 0b7f6a7849d742f1ad166eef4960917f] Successfully bumped revision number for resource dedcfecb-b527-4e35-93c8-2207e4973e2c (type: ports) to 2
2026-07-02 06:18:11.877 9 INFO neutron.wsgi [req-1885b159-a0ad-4d46-8ed1-73a81d3d8176 req-a79a1022-9638-4aaf-b209-aa3bfcf65410 d6c18971ae2e4e0fa492e080e39ab2da 3b9285ddab0d4b61a9ef3fae48598dff - - default default] 10.0.0.131 "GET /v2.0/ports?device_id=8b30ba86-1b76-4a5a-a015-c88561dd7309 HTTP/1.1" status: 200 len: 210 time: 0.0535340
2026-07-02 06:18:11.877 10 INFO neutron.wsgi [req-2d0758ab-e59e-40b2-a198-aa093f1b7efc req-21b4f582-9d9b-4f86-a806-389fe1a373ae d6c18971ae2e4e0fa492e080e39ab2da 3b9285ddab0d4b61a9ef3fae48598dff - - default default] 199.204.45.223 "DELETE /v2.0/ports/a07b4229-1a49-4c08-8141-260b99ef129a HTTP/1.1" status: 204 len: 173 time: 0.7185695 /var/lib/openstack/lib/python3.10/site-packages/pycadf/identifier.py:71: UserWarning: Invalid uuid: neutron. To ensure interoperability, identifiers should be a valid uuid. warnings.warn(('Invalid uuid: %s. To ensure interoperability, '
2026-07-02 06:18:12.064 9 INFO neutron.wsgi [req-d28cf358-0c46-4395-b2f9-abb7b3101d55 req-9d59e613-8d38-48af-9629-9bf17c19e9b7 269a175eee5742d7a656971d4e76d0b3 6ed41f446c52485797e61d651e8f2168 - - default default] 10.0.0.131 "GET /v2.0/ports?device_id=1be55f8c-c890-4905-9eab-0747d9b84ea8 HTTP/1.1" status: 200 len: 1168 time: 0.0606256
2026-07-02 06:18:12.067 9 INFO neutron.db.ovn_revision_numbers_db [None req-ef0b33d1-0a64-48ce-8226-3472aa6e4ee1 169efc7dbde44785afd64f08a1b10f79 6fdcfd7c529b42e7b187091749736942 - - default default] Successfully bumped revision number for resource 93117142-7463-4cf1-9cc5-260103c159b5 (type: networks) to 2
2026-07-02 06:18:12.071 9 INFO neutron.wsgi [None req-ef0b33d1-0a64-48ce-8226-3472aa6e4ee1 169efc7dbde44785afd64f08a1b10f79 6fdcfd7c529b42e7b187091749736942 - - default default] 10.0.0.54 "PUT /v2.0/networks/93117142-7463-4cf1-9cc5-260103c159b5 HTTP/1.1" status: 200 len: 792 time: 0.5163541 /var/lib/openstack/lib/python3.10/site-packages/pycadf/identifier.py:71: UserWarning: Invalid uuid: neutron. To ensure interoperability, identifiers should be a valid uuid. warnings.warn(('Invalid uuid: %s. To ensure interoperability, '
2026-07-02 06:18:12.171 9 INFO neutron.wsgi [req-d28cf358-0c46-4395-b2f9-abb7b3101d55 req-3bd1bd11-2b79-482c-aa64-48fb60dc9d77 269a175eee5742d7a656971d4e76d0b3 6ed41f446c52485797e61d651e8f2168 - - default default] 10.0.0.131 "GET /v2.0/security-groups?id=b7a87ab4-41d3-4c0f-aa1a-a5965310a294&fields=id&fields=name HTTP/1.1" status: 200 len: 312 time: 0.0976725
2026-07-02 06:18:12.231 9 INFO neutron.db.ovn_revision_numbers_db [req-87147f50-fbed-43c0-9dfd-930dceed6d42 req-8fd03cbe-2215-4c35-b38f-d1f33a08b07a 36377d1fe73e40cf8b2786a64e5f4d3a 7e96c111381543b2a8202b096e417409 - - 0b7f6a7849d742f1ad166eef4960917f 0b7f6a7849d742f1ad166eef4960917f] Successfully bumped revision number for resource dedcfecb-b527-4e35-93c8-2207e4973e2c (type: ports) to 2
2026-07-02 06:18:12.251 9 INFO neutron.wsgi [req-87147f50-fbed-43c0-9dfd-930dceed6d42 req-8fd03cbe-2215-4c35-b38f-d1f33a08b07a 36377d1fe73e40cf8b2786a64e5f4d3a 7e96c111381543b2a8202b096e417409 - - 0b7f6a7849d742f1ad166eef4960917f 0b7f6a7849d742f1ad166eef4960917f] 199.204.45.223 "PUT /v2.0/ports/dedcfecb-b527-4e35-93c8-2207e4973e2c HTTP/1.1" status: 200 len: 1376 time: 1.0090992
2026-07-02 06:18:12.290 9 INFO neutron.notifiers.nova [-] Nova event matching ['req-dac7fdd6-a16a-4bd4-8822-0e6a4db3d603'] response: {'name': 'network-changed', 'server_uuid': '1be55f8c-c890-4905-9eab-0747d9b84ea8', 'tag': 'dedcfecb-b527-4e35-93c8-2207e4973e2c', 'status': 'completed', 'code': 200} /var/lib/openstack/lib/python3.10/site-packages/pycadf/identifier.py:71: UserWarning: Invalid uuid: neutron. To ensure interoperability, identifiers should be a valid uuid. warnings.warn(('Invalid uuid: %s. To ensure interoperability, '
2026-07-02 06:18:12.333 9 INFO neutron.wsgi [req-87147f50-fbed-43c0-9dfd-930dceed6d42 req-46494c60-6b91-477c-87d8-e977ccf6af99 36377d1fe73e40cf8b2786a64e5f4d3a 7e96c111381543b2a8202b096e417409 - - 0b7f6a7849d742f1ad166eef4960917f 0b7f6a7849d742f1ad166eef4960917f] 199.204.45.223 "GET /v2.0/ports?tenant_id=6ed41f446c52485797e61d651e8f2168&device_id=1be55f8c-c890-4905-9eab-0747d9b84ea8 HTTP/1.1" status: 200 len: 1407 time: 0.0342369
2026-07-02 06:18:12.345 10 WARNING neutron.scheduler.dhcp_agent_scheduler [None req-cc9a3f21-a06a-4ae4-92a7-1d300edda64b 169efc7dbde44785afd64f08a1b10f79 6fdcfd7c529b42e7b187091749736942 - - default default] No more DHCP agents
2026-07-02 06:18:12.347 10 WARNING neutron.api.rpc.agentnotifiers.dhcp_rpc_agent_api [None req-cc9a3f21-a06a-4ae4-92a7-1d300edda64b 169efc7dbde44785afd64f08a1b10f79 6fdcfd7c529b42e7b187091749736942 - - default default] Unable to schedule network 93117142-7463-4cf1-9cc5-260103c159b5: no agents available; will retry on subsequent port and subnet creation events.
2026-07-02 06:18:12.363 9 INFO neutron.wsgi [req-87147f50-fbed-43c0-9dfd-930dceed6d42 req-a07ad185-4050-4851-86b6-4bad12fdc815 36377d1fe73e40cf8b2786a64e5f4d3a 7e96c111381543b2a8202b096e417409 - - 0b7f6a7849d742f1ad166eef4960917f 0b7f6a7849d742f1ad166eef4960917f] 199.204.45.223 "GET /v2.0/floatingips?fixed_ip_address=10.100.0.8&port_id=dedcfecb-b527-4e35-93c8-2207e4973e2c HTTP/1.1" status: 200 len: 217 time: 0.0235200
2026-07-02 06:18:12.400 9 INFO neutron.wsgi [req-87147f50-fbed-43c0-9dfd-930dceed6d42 req-0ed4efeb-d56a-44b5-8768-76142549c5db 36377d1fe73e40cf8b2786a64e5f4d3a 7e96c111381543b2a8202b096e417409 - - 0b7f6a7849d742f1ad166eef4960917f 0b7f6a7849d742f1ad166eef4960917f] 199.204.45.223 "GET /v2.0/subnets?id=e56c607b-c974-4b7b-b307-237531d88ab0 HTTP/1.1" status: 200 len: 873 time: 0.0301671
2026-07-02 06:18:12.425 9 INFO neutron.wsgi [req-87147f50-fbed-43c0-9dfd-930dceed6d42 req-42a83a3d-30f6-4d75-b72f-36c073e12a76 36377d1fe73e40cf8b2786a64e5f4d3a 7e96c111381543b2a8202b096e417409 - - 0b7f6a7849d742f1ad166eef4960917f 0b7f6a7849d742f1ad166eef4960917f] 199.204.45.223 "GET /v2.0/ports?network_id=945c7c11-a462-4761-938e-b14b8f603010&device_owner=network%3Adhcp HTTP/1.1" status: 200 len: 210 time: 0.0193164
2026-07-02 06:18:12.495 9 INFO neutron.wsgi [req-87147f50-fbed-43c0-9dfd-930dceed6d42 req-d2b8ace5-1bda-4431-9325-d33665485f36 36377d1fe73e40cf8b2786a64e5f4d3a 7e96c111381543b2a8202b096e417409 - - 0b7f6a7849d742f1ad166eef4960917f 0b7f6a7849d742f1ad166eef4960917f] 199.204.45.223 "GET /v2.0/networks/945c7c11-a462-4761-938e-b14b8f603010?fields=segments HTTP/1.1" status: 200 len: 212 time: 0.0620944
2026-07-02 06:18:12.565 9 INFO neutron.wsgi [req-87147f50-fbed-43c0-9dfd-930dceed6d42 req-fd6b8e9a-6a95-4f06-ab58-33793a4c1ae5 36377d1fe73e40cf8b2786a64e5f4d3a 7e96c111381543b2a8202b096e417409 - - 0b7f6a7849d742f1ad166eef4960917f 0b7f6a7849d742f1ad166eef4960917f] 199.204.45.223 "GET /v2.0/networks/945c7c11-a462-4761-938e-b14b8f603010?fields=provider%3Aphysical_network&fields=provider%3Anetwork_type HTTP/1.1" status: 200 len: 277 time: 0.0617335
2026-07-02 06:18:12.638 9 INFO neutron.wsgi [req-d1c171e0-fe87-434e-b698-dd950b5f0419 req-f009b0b8-b42a-4d30-a74f-e3993b56d8b0 36377d1fe73e40cf8b2786a64e5f4d3a 7e96c111381543b2a8202b096e417409 - - 0b7f6a7849d742f1ad166eef4960917f 0b7f6a7849d742f1ad166eef4960917f] 199.204.45.223 "GET /v2.0/ports?tenant_id=6ed41f446c52485797e61d651e8f2168&device_id=1be55f8c-c890-4905-9eab-0747d9b84ea8 HTTP/1.1" status: 200 len: 1407 time: 0.0373199
2026-07-02 06:18:12.717 9 INFO neutron.wsgi [req-d1c171e0-fe87-434e-b698-dd950b5f0419 req-6e29271a-c7ef-4e3d-9973-f20692d0dca3 36377d1fe73e40cf8b2786a64e5f4d3a 7e96c111381543b2a8202b096e417409 - - 0b7f6a7849d742f1ad166eef4960917f 0b7f6a7849d742f1ad166eef4960917f] 199.204.45.223 "GET /v2.0/networks?id=945c7c11-a462-4761-938e-b14b8f603010 HTTP/1.1" status: 200 len: 978 time: 0.0741873
2026-07-02 06:18:12.747 9 INFO neutron.wsgi [req-d1c171e0-fe87-434e-b698-dd950b5f0419 req-47b5804b-086d-40fd-9480-0aa32b81b497 36377d1fe73e40cf8b2786a64e5f4d3a 7e96c111381543b2a8202b096e417409 - - 0b7f6a7849d742f1ad166eef4960917f 0b7f6a7849d742f1ad166eef4960917f] 199.204.45.223 "GET /v2.0/floatingips?fixed_ip_address=10.100.0.8&port_id=dedcfecb-b527-4e35-93c8-2207e4973e2c HTTP/1.1" status: 200 len: 217 time: 0.0254052
2026-07-02 06:18:12.791 9 INFO neutron.wsgi [req-d1c171e0-fe87-434e-b698-dd950b5f0419 req-a6252df4-4c06-4dad-a93b-f32440c61c35 36377d1fe73e40cf8b2786a64e5f4d3a 7e96c111381543b2a8202b096e417409 - - 0b7f6a7849d742f1ad166eef4960917f 0b7f6a7849d742f1ad166eef4960917f] 199.204.45.223 "GET /v2.0/subnets?id=e56c607b-c974-4b7b-b307-237531d88ab0 HTTP/1.1" status: 200 len: 873 time: 0.0358148
2026-07-02 06:18:12.821 10 INFO neutron.db.ovn_revision_numbers_db [None req-cc9a3f21-a06a-4ae4-92a7-1d300edda64b 169efc7dbde44785afd64f08a1b10f79 6fdcfd7c529b42e7b187091749736942 - - default default] Successfully bumped revision number for resource acd8465c-7d0b-4a3b-b1ff-1a83b75ba23a (type: ports) to 2
2026-07-02 06:18:12.826 9 INFO neutron.wsgi [req-d1c171e0-fe87-434e-b698-dd950b5f0419 req-d71affd6-4c49-4942-9790-49032dfe43bc 36377d1fe73e40cf8b2786a64e5f4d3a 7e96c111381543b2a8202b096e417409 - - 0b7f6a7849d742f1ad166eef4960917f 0b7f6a7849d742f1ad166eef4960917f] 199.204.45.223 "GET /v2.0/ports?network_id=945c7c11-a462-4761-938e-b14b8f603010&device_owner=network%3Adhcp HTTP/1.1" status: 200 len: 210 time: 0.0256631
2026-07-02 06:18:12.861 10 INFO neutron.db.ovn_revision_numbers_db [None req-cc9a3f21-a06a-4ae4-92a7-1d300edda64b 169efc7dbde44785afd64f08a1b10f79 6fdcfd7c529b42e7b187091749736942 - - default default] Successfully bumped revision number for resource 9cccc4b1-de77-42c3-a743-5b986aa94f5e (type: subnets) to 0
2026-07-02 06:18:12.878 10 INFO neutron.wsgi [None req-cc9a3f21-a06a-4ae4-92a7-1d300edda64b 169efc7dbde44785afd64f08a1b10f79 6fdcfd7c529b42e7b187091749736942 - - default default] 10.0.0.54 "POST /v2.0/subnets HTTP/1.1" status: 201 len: 801 time: 0.8013017
2026-07-02 06:18:12.918 9 INFO neutron.wsgi [req-d1c171e0-fe87-434e-b698-dd950b5f0419 req-444b5abd-6a6f-4218-84ed-d5d68e4a26fe 36377d1fe73e40cf8b2786a64e5f4d3a 7e96c111381543b2a8202b096e417409 - - 0b7f6a7849d742f1ad166eef4960917f 0b7f6a7849d742f1ad166eef4960917f] 199.204.45.223 "GET /v2.0/networks/945c7c11-a462-4761-938e-b14b8f603010?fields=segments HTTP/1.1" status: 200 len: 212 time: 0.0846813
2026-07-02 06:18:12.995 9 INFO neutron.wsgi [req-d1c171e0-fe87-434e-b698-dd950b5f0419 req-77c63789-117b-434c-8ce8-8039e6459380 36377d1fe73e40cf8b2786a64e5f4d3a 7e96c111381543b2a8202b096e417409 - - 0b7f6a7849d742f1ad166eef4960917f 0b7f6a7849d742f1ad166eef4960917f] 199.204.45.223 "GET /v2.0/networks/945c7c11-a462-4761-938e-b14b8f603010?fields=provider%3Aphysical_network&fields=provider%3Anetwork_type HTTP/1.1" status: 200 len: 277 time: 0.0711591
2026-07-02 06:18:13.028 10 INFO neutron.notifiers.nova [-] Nova event matching ['req-8d93d6a0-44f8-416b-8561-c8b696875f17'] response: {'server_uuid': '8b30ba86-1b76-4a5a-a015-c88561dd7309', 'name': 'network-vif-plugged', 'status': 'completed', 'tag': 'a07b4229-1a49-4c08-8141-260b99ef129a', 'code': 200}
2026-07-02 06:18:13.028 10 INFO neutron.notifiers.nova [-] Nova event matching ['req-8d93d6a0-44f8-416b-8561-c8b696875f17'] response: {'server_uuid': '8b30ba86-1b76-4a5a-a015-c88561dd7309', 'name': 'network-vif-deleted', 'tag': 'a07b4229-1a49-4c08-8141-260b99ef129a', 'status': 'completed', 'code': 200}
2026-07-02 06:18:13.102 9 INFO neutron.wsgi [None req-4f4d85e6-f3db-403a-a600-152e723c0305 d6c18971ae2e4e0fa492e080e39ab2da 3b9285ddab0d4b61a9ef3fae48598dff - - default default] 10.0.0.54 "DELETE /v2.0/security-groups/aff9d175-7b86-452c-8dfa-0b52ced605cb HTTP/1.1" status: 204 len: 168 time: 0.1256800
2026-07-02 06:18:13.123 9 INFO neutron.api.v2.resource [None req-36fe9d23-bcf6-445a-a499-b89f72add276 d6c18971ae2e4e0fa492e080e39ab2da 3b9285ddab0d4b61a9ef3fae48598dff - - default default] show failed (client error): The resource could not be found.
2026-07-02 06:18:13.125 9 INFO neutron.wsgi [None req-36fe9d23-bcf6-445a-a499-b89f72add276 d6c18971ae2e4e0fa492e080e39ab2da 3b9285ddab0d4b61a9ef3fae48598dff - - default default] 10.0.0.54 "GET /v2.0/security-groups/aff9d175-7b86-452c-8dfa-0b52ced605cb HTTP/1.1" status: 404 len: 347 time: 0.0177474
2026-07-02 06:18:13.211 10 INFO neutron.db.ovn_revision_numbers_db [None req-20c4984c-575b-4c0d-9678-88277dbbff2e 169efc7dbde44785afd64f08a1b10f79 6fdcfd7c529b42e7b187091749736942 - - default default] Successfully bumped revision number for resource 9cccc4b1-de77-42c3-a743-5b986aa94f5e (type: subnets) to 1
2026-07-02 06:18:13.214 10 INFO neutron.wsgi [None req-20c4984c-575b-4c0d-9678-88277dbbff2e 169efc7dbde44785afd64f08a1b10f79 6fdcfd7c529b42e7b187091749736942 - - default default] 10.0.0.54 "PUT /v2.0/subnets/9cccc4b1-de77-42c3-a743-5b986aa94f5e HTTP/1.1" status: 200 len: 806 time: 0.3314278
2026-07-02 06:18:13.271 9 INFO neutron.wsgi [req-fd17d175-427c-4b10-b290-2f293680d48d req-e777bb3a-8e1a-433e-b679-c32fd89ba6ee 269a175eee5742d7a656971d4e76d0b3 6ed41f446c52485797e61d651e8f2168 - - default default] 10.0.0.131 "GET /v2.0/ports?device_id=1be55f8c-c890-4905-9eab-0747d9b84ea8 HTTP/1.1" status: 200 len: 1168 time: 0.0404401
2026-07-02 06:18:13.347 9 INFO neutron.wsgi [req-fd17d175-427c-4b10-b290-2f293680d48d req-de224de0-3700-480b-9ddc-4e2d48234b34 269a175eee5742d7a656971d4e76d0b3 6ed41f446c52485797e61d651e8f2168 - - default default] 10.0.0.131 "GET /v2.0/security-groups?id=b7a87ab4-41d3-4c0f-aa1a-a5965310a294&fields=id&fields=name HTTP/1.1" status: 200 len: 312 time: 0.0634029
2026-07-02 06:18:13.562 9 INFO neutron.wsgi [None req-acded0df-4d03-4b82-a954-4089500be721 d6c18971ae2e4e0fa492e080e39ab2da 3b9285ddab0d4b61a9ef3fae48598dff - - default default] 10.0.0.54 "DELETE /v2.0/floatingips/748d8fc8-ddc5-4d8b-98e5-3671fe9e743e HTTP/1.1" status: 204 len: 168 time: 0.4333241
2026-07-02 06:18:13.682 10 INFO neutron.plugins.ml2.drivers.ovn.mech_driver.mech_driver [None req-d4f5bed0-99f1-472e-a4ce-f74787416234 - - - - - -] OVN reports status up for port: dedcfecb-b527-4e35-93c8-2207e4973e2c
2026-07-02 06:18:13.716 10 INFO neutron.plugins.ml2.plugin [None req-d4f5bed0-99f1-472e-a4ce-f74787416234 - - - - - -] Attempt 1 to provision port dedcfecb-b527-4e35-93c8-2207e4973e2c
2026-07-02 06:18:13.853 10 INFO neutron.services.segments.plugin [-] Segment 78d1483a-4d1c-46bf-beac-ab4a6e59cfed resource provider aggregate not found
2026-07-02 06:18:13.874 10 INFO neutron.services.segments.plugin [-] Segment 78d1483a-4d1c-46bf-beac-ab4a6e59cfed resource provider aggregate not found
2026-07-02 06:18:13.879 10 INFO neutron.services.segments.plugin [-] Segment 78d1483a-4d1c-46bf-beac-ab4a6e59cfed resource provider not found; error: Placement Client Error (4xx): {"errors": [{"status": 404, "title": "Not Found", "detail": "The resource could not be found.\n\n No resource provider with uuid 78d1483a-4d1c-46bf-beac-ab4a6e59cfed found for delete ", "request_id": "req-92c1df60-7546-4c2b-a78a-7746c78bbf89"}]}
2026-07-02 06:18:13.892 10 INFO neutron.services.segments.plugin [-] Segment 78d1483a-4d1c-46bf-beac-ab4a6e59cfed resource provider not found; error: Placement Client Error (4xx): {"errors": [{"status": 404, "title": "Not Found", "detail": "The resource could not be found.\n\n No resource provider with uuid 78d1483a-4d1c-46bf-beac-ab4a6e59cfed found for delete ", "request_id": "req-2fa91eae-2f82-42d3-aedb-5e2301bd199c"}]}
2026-07-02 06:18:13.934 10 INFO neutron.wsgi [None req-0dacc8b3-07d0-4cac-a1e1-a01eaf3b9ab4 169efc7dbde44785afd64f08a1b10f79 6fdcfd7c529b42e7b187091749736942 - - default default] 10.0.0.54 "DELETE /v2.0/networks/93117142-7463-4cf1-9cc5-260103c159b5 HTTP/1.1" status: 204 len: 168 time: 0.7110679
2026-07-02 06:18:13.959 10 INFO neutron.pecan_wsgi.hooks.translation [None req-c978c79a-3a01-4de4-82ae-553f5ad4a244 169efc7dbde44785afd64f08a1b10f79 6fdcfd7c529b42e7b187091749736942 - - default default] DELETE failed (client error): The resource could not be found.
2026-07-02 06:18:13.962 10 INFO neutron.wsgi [None req-c978c79a-3a01-4de4-82ae-553f5ad4a244 169efc7dbde44785afd64f08a1b10f79 6fdcfd7c529b42e7b187091749736942 - - default default] 10.0.0.54 "DELETE /v2.0/networks/93117142-7463-4cf1-9cc5-260103c159b5 HTTP/1.1" status: 404 len: 339 time: 0.0221498
2026-07-02 06:18:13.973 10 INFO neutron.wsgi [-] 10.0.0.13 "GET / HTTP/1.1" status: 200 len: 247 time: 0.0012312
2026-07-02 06:18:13.975 10 INFO neutron.wsgi [-] 10.0.0.13 "GET / HTTP/1.1" status: 200 len: 247 time: 0.0014141
2026-07-02 06:18:13.997 9 INFO neutron.db.ovn_revision_numbers_db [None req-e5b7dc7a-9935-4617-9efb-a8f0f9ec330a d49bbc498fb44934801760e04d946e50 a6d2ffa6fb014966b30cc01eac919e15 - - default default] Successfully bumped revision number for resource d4952406-d5bd-463b-aabd-a626081dab65 (type: security_groups) to 1
2026-07-02 06:18:14.027 9 INFO neutron.db.ovn_revision_numbers_db [None req-e5b7dc7a-9935-4617-9efb-a8f0f9ec330a d49bbc498fb44934801760e04d946e50 a6d2ffa6fb014966b30cc01eac919e15 - - default default] Successfully bumped revision number for resource 4d473786-e139-4d51-a1a0-737fb38bc5a0 (type: security_group_rules) to 0
2026-07-02 06:18:14.051 9 INFO neutron.db.ovn_revision_numbers_db [None req-e5b7dc7a-9935-4617-9efb-a8f0f9ec330a d49bbc498fb44934801760e04d946e50 a6d2ffa6fb014966b30cc01eac919e15 - - default default] Successfully bumped revision number for resource 74d07559-4422-46e2-b616-8d78b7f90ef5 (type: security_group_rules) to 0
2026-07-02 06:18:14.074 9 INFO neutron.db.ovn_revision_numbers_db [None req-e5b7dc7a-9935-4617-9efb-a8f0f9ec330a d49bbc498fb44934801760e04d946e50 a6d2ffa6fb014966b30cc01eac919e15 - - default default] Successfully bumped revision number for resource a6a3ec20-d5b2-433d-aa34-7af992fba8f3 (type: security_group_rules) to 0
2026-07-02 06:18:14.092 10 INFO neutron.wsgi [None req-b2f00307-c88f-4773-820c-4aa8c0064ace 169efc7dbde44785afd64f08a1b10f79 6fdcfd7c529b42e7b187091749736942 - - default default] 10.0.0.54 "GET /v2.0/networks?router%3Aexternal=True HTTP/1.1" status: 200 len: 845 time: 0.1208713
2026-07-02 06:18:14.096 9 INFO neutron.db.ovn_revision_numbers_db [None req-e5b7dc7a-9935-4617-9efb-a8f0f9ec330a d49bbc498fb44934801760e04d946e50 a6d2ffa6fb014966b30cc01eac919e15 - - default default] Successfully bumped revision number for resource bb704ef1-32fd-4e8d-bf38-7e9ed4f8bf5d (type: security_group_rules) to 0
2026-07-02 06:18:14.129 9 INFO neutron.wsgi [None req-e5b7dc7a-9935-4617-9efb-a8f0f9ec330a d49bbc498fb44934801760e04d946e50 a6d2ffa6fb014966b30cc01eac919e15 - - default default] 10.0.0.54 "GET /v2.0/security-groups?tenant_id=1ad79f5f3ff24b36a54175c70a18264a&name=default HTTP/1.1" status: 200 len: 2996 time: 0.6100729
2026-07-02 06:18:14.165 10 INFO neutron.wsgi [None req-9037f442-94cb-4251-9735-e08f59d2ad80 169efc7dbde44785afd64f08a1b10f79 6fdcfd7c529b42e7b187091749736942 - - default default] 10.0.0.54 "GET /v2.0/subnets?network_id=5e486ed5-20d1-4a3b-956a-cd44660675db HTTP/1.1" status: 200 len: 820 time: 0.0644720
2026-07-02 06:18:14.182 10 INFO neutron.wsgi [None req-c7eb2ce8-bed5-4b0f-86a2-35177248764e 169efc7dbde44785afd64f08a1b10f79 6fdcfd7c529b42e7b187091749736942 - - default default] 10.0.0.54 "GET /v2.0/extensions HTTP/1.1" status: 200 len: 16520 time: 0.0082021
2026-07-02 06:18:14.211 10 INFO neutron.db.ovn_revision_numbers_db [None req-d4f5bed0-99f1-472e-a4ce-f74787416234 - - - - - -] Successfully bumped revision number for resource dedcfecb-b527-4e35-93c8-2207e4973e2c (type: ports) to 4
2026-07-02 06:18:14.310 9 INFO neutron.wsgi [None req-da9e56ea-42b9-43e2-86f0-70d78f468b0e 169efc7dbde44785afd64f08a1b10f79 6fdcfd7c529b42e7b187091749736942 - - default default] 10.0.0.54 "GET /v2.0/networks HTTP/1.1" status: 200 len: 1504 time: 0.1197932 /var/lib/openstack/lib/python3.10/site-packages/pycadf/identifier.py:71: UserWarning: Invalid uuid: neutron. To ensure interoperability, identifiers should be a valid uuid. warnings.warn(('Invalid uuid: %s. To ensure interoperability, '
2026-07-02 06:18:14.379 10 INFO neutron.wsgi [None req-3c0902d5-15ae-4504-bd71-9208459320ee 169efc7dbde44785afd64f08a1b10f79 6fdcfd7c529b42e7b187091749736942 - - default default] 10.0.0.54 "GET /v2.0/subnets HTTP/1.1" status: 200 len: 1428 time: 0.0608509
2026-07-02 06:18:14.456 10 INFO neutron.wsgi [None req-85681363-7a8e-46b9-b434-cdb2ded0f84d 169efc7dbde44785afd64f08a1b10f79 6fdcfd7c529b42e7b187091749736942 - - default default] 10.0.0.54 "GET /v2.0/networks/24d02188-68c0-40b0-9f38-47aa6127a7a1 HTTP/1.1" status: 200 len: 863 time: 0.0703027
2026-07-02 06:18:14.488 10 INFO neutron.wsgi [None req-e8fc40b2-b91c-458c-a3b6-3726696ec012 d49bbc498fb44934801760e04d946e50 a6d2ffa6fb014966b30cc01eac919e15 - - default default] 10.0.0.54 "DELETE /v2.0/security-groups/d4952406-d5bd-463b-aabd-a626081dab65 HTTP/1.1" status: 204 len: 168 time: 0.3505144
2026-07-02 06:18:14.495 10 INFO neutron.wsgi [None req-cb091e00-ff66-4525-b31f-801842f2b021 169efc7dbde44785afd64f08a1b10f79 6fdcfd7c529b42e7b187091749736942 - - default default] 10.0.0.54 "GET /v2.0/subnets/238d4294-90c6-41fa-b5a9-c768c667fc17 HTTP/1.1" status: 200 len: 811 time: 0.0338097
2026-07-02 06:18:14.518 10 INFO neutron.pecan_wsgi.hooks.translation [None req-a62a506e-bad4-4c43-a83b-1a59963d8147 169efc7dbde44785afd64f08a1b10f79 6fdcfd7c529b42e7b187091749736942 - - default default] DELETE failed (client error): The resource could not be found.
2026-07-02 06:18:14.521 10 INFO neutron.wsgi [None req-a62a506e-bad4-4c43-a83b-1a59963d8147 169efc7dbde44785afd64f08a1b10f79 6fdcfd7c529b42e7b187091749736942 - - default default] 10.0.0.54 "DELETE /v2.0/subnets/9cccc4b1-de77-42c3-a743-5b986aa94f5e HTTP/1.1" status: 404 len: 337 time: 0.0183544
2026-07-02 06:18:14.536 10 INFO neutron.pecan_wsgi.hooks.translation [None req-9d9be83c-2102-42cf-9cac-b12b58e5fa93 169efc7dbde44785afd64f08a1b10f79 6fdcfd7c529b42e7b187091749736942 - - default default] DELETE failed (client error): The resource could not be found.
2026-07-02 06:18:14.538 10 INFO neutron.wsgi [None req-9d9be83c-2102-42cf-9cac-b12b58e5fa93 169efc7dbde44785afd64f08a1b10f79 6fdcfd7c529b42e7b187091749736942 - - default default] 10.0.0.54 "DELETE /v2.0/networks/93117142-7463-4cf1-9cc5-260103c159b5 HTTP/1.1" status: 404 len: 339 time: 0.0143063
2026-07-02 06:18:14.542 9 INFO neutron.wsgi [req-532b6030-2b44-426c-96dd-336a544be831 req-728b89f7-4147-4e0d-8704-a232c4dfa6f8 269a175eee5742d7a656971d4e76d0b3 6ed41f446c52485797e61d651e8f2168 - - default default] 10.0.0.131 "GET /v2.0/ports?device_id=1be55f8c-c890-4905-9eab-0747d9b84ea8 HTTP/1.1" status: 200 len: 1170 time: 0.1093121
2026-07-02 06:18:14.594 9 INFO neutron.wsgi [req-532b6030-2b44-426c-96dd-336a544be831 req-804deaaa-fc0b-4a8f-882b-2d8e306dd9b4 269a175eee5742d7a656971d4e76d0b3 6ed41f446c52485797e61d651e8f2168 - - default default] 10.0.0.131 "GET /v2.0/security-groups?id=b7a87ab4-41d3-4c0f-aa1a-a5965310a294&fields=id&fields=name HTTP/1.1" status: 200 len: 312 time: 0.0420561
2026-07-02 06:18:14.760 10 INFO neutron.wsgi [None req-eef14d8f-6bf4-4a9d-9365-e49738180690 169efc7dbde44785afd64f08a1b10f79 6fdcfd7c529b42e7b187091749736942 - - default default] 10.0.0.54 "DELETE /v2.0/subnets/238d4294-90c6-41fa-b5a9-c768c667fc17 HTTP/1.1" status: 204 len: 168 time: 0.2175350
2026-07-02 06:18:14.877 9 INFO neutron.wsgi [None req-f1fa67cb-5e22-4b37-91d7-6d4c7282daa5 d49bbc498fb44934801760e04d946e50 a6d2ffa6fb014966b30cc01eac919e15 - - default default] 10.0.0.54 "PUT /v2.0/routers/e070eb8a-1232-406f-aace-4a2f630249cc/remove_router_interface HTTP/1.1" status: 200 len: 503 time: 1.3088081 /var/lib/openstack/lib/python3.10/site-packages/pycadf/identifier.py:71: UserWarning: Invalid uuid: neutron. To ensure interoperability, identifiers should be a valid uuid. warnings.warn(('Invalid uuid: %s. To ensure interoperability, '
2026-07-02 06:18:15.274 10 INFO neutron.notifiers.nova [-] Nova event matching ['req-4c9ae53d-1ee4-4512-b776-e1f465c04670'] response: {'server_uuid': '1be55f8c-c890-4905-9eab-0747d9b84ea8', 'name': 'network-vif-plugged', 'status': 'completed', 'tag': 'dedcfecb-b527-4e35-93c8-2207e4973e2c', 'code': 200}
2026-07-02 06:18:15.275 10 INFO neutron.notifiers.nova [-] Nova event matching ['req-4c9ae53d-1ee4-4512-b776-e1f465c04670'] response: {'server_uuid': '1be55f8c-c890-4905-9eab-0747d9b84ea8', 'name': 'network-vif-plugged', 'status': 'completed', 'tag': 'dedcfecb-b527-4e35-93c8-2207e4973e2c', 'code': 200}
2026-07-02 06:18:15.378 10 INFO neutron.wsgi [None req-f3ff740c-f60c-44e3-bbd6-8a1b41df030e 169efc7dbde44785afd64f08a1b10f79 6fdcfd7c529b42e7b187091749736942 - - default default] 10.0.0.54 "DELETE /v2.0/networks/24d02188-68c0-40b0-9f38-47aa6127a7a1 HTTP/1.1" status: 204 len: 168 time: 0.6126323
2026-07-02 06:18:15.587 9 INFO neutron.wsgi [None req-d2546c98-2848-4bc4-8ad9-2a54d556bb22 d49bbc498fb44934801760e04d946e50 a6d2ffa6fb014966b30cc01eac919e15 - - default default] 10.0.0.54 "DELETE /v2.0/routers/e070eb8a-1232-406f-aace-4a2f630249cc HTTP/1.1" status: 204 len: 168 time: 0.7046092
2026-07-02 06:18:15.718 9 INFO neutron.wsgi [req-a10596f0-d1a8-4a08-ae48-59bdf86d5259 req-5853460f-935e-4071-bd73-56b338cbc36d 269a175eee5742d7a656971d4e76d0b3 6ed41f446c52485797e61d651e8f2168 - - default default] 10.0.0.131 "GET /v2.0/ports?device_id=1be55f8c-c890-4905-9eab-0747d9b84ea8 HTTP/1.1" status: 200 len: 1170 time: 0.0439034
2026-07-02 06:18:15.767 9 INFO neutron.wsgi [req-a10596f0-d1a8-4a08-ae48-59bdf86d5259 req-a56e0a02-94a2-43f2-b647-f829229bad4b 269a175eee5742d7a656971d4e76d0b3 6ed41f446c52485797e61d651e8f2168 - - default default] 10.0.0.131 "GET /v2.0/security-groups?id=b7a87ab4-41d3-4c0f-aa1a-a5965310a294&fields=id&fields=name HTTP/1.1" status: 200 len: 312 time: 0.0445271
2026-07-02 06:18:15.831 10 INFO neutron.wsgi [None req-9ef02655-a3a9-460a-b9ca-7635501aa712 d49bbc498fb44934801760e04d946e50 a6d2ffa6fb014966b30cc01eac919e15 - - default default] 10.0.0.54 "DELETE /v2.0/subnets/a85dfdc3-2cb0-4fcf-ae18-495abc959988 HTTP/1.1" status: 204 len: 168 time: 0.2282279
2026-07-02 06:18:15.880 9 INFO neutron.wsgi [req-2dbd03fd-a513-4b3a-a80a-ec0acb7cd980 req-d4fe4406-47f0-4625-94b9-64308ee64d10 269a175eee5742d7a656971d4e76d0b3 6ed41f446c52485797e61d651e8f2168 - - default default] 10.0.0.131 "GET /v2.0/ports?device_id=1be55f8c-c890-4905-9eab-0747d9b84ea8 HTTP/1.1" status: 200 len: 1170 time: 0.0355184
2026-07-02 06:18:15.901 10 INFO neutron.services.segments.plugin [-] Segment 6fa34d03-e896-4982-b13e-d3c3005ad328 resource provider aggregate not found
2026-07-02 06:18:15.919 10 INFO neutron.services.segments.plugin [-] Segment 6fa34d03-e896-4982-b13e-d3c3005ad328 resource provider aggregate not found
2026-07-02 06:18:15.932 10 INFO neutron.services.segments.plugin [-] Segment 6fa34d03-e896-4982-b13e-d3c3005ad328 resource provider not found; error: Placement Client Error (4xx): {"errors": [{"status": 404, "title": "Not Found", "detail": "The resource could not be found.\n\n No resource provider with uuid 6fa34d03-e896-4982-b13e-d3c3005ad328 found for delete ", "request_id": "req-8d1d1b39-7898-469a-a921-11846f232aeb"}]}
2026-07-02 06:18:15.933 10 INFO neutron.services.segments.plugin [-] Segment 6fa34d03-e896-4982-b13e-d3c3005ad328 resource provider not found; error: Placement Client Error (4xx): {"errors": [{"status": 404, "title": "Not Found", "detail": "The resource could not be found.\n\n No resource provider with uuid 6fa34d03-e896-4982-b13e-d3c3005ad328 found for delete ", "request_id": "req-ef40dd9a-033c-4cb9-bbda-e3bde11a12bb"}]}
2026-07-02 06:18:16.067 9 INFO neutron.wsgi [None req-a6d6811f-3b69-46da-b99c-1eda91135f16 d49bbc498fb44934801760e04d946e50 a6d2ffa6fb014966b30cc01eac919e15 - - default default] 10.0.0.54 "GET /v2.0/security-groups?tenant_id=6fdcfd7c529b42e7b187091749736942&name=default HTTP/1.1" status: 200 len: 2996 time: 0.1632588
2026-07-02 06:18:16.238 10 INFO neutron.db.l3_db [None req-e17e05ce-fe35-42df-a280-d9c81403b4c0 269a175eee5742d7a656971d4e76d0b3 6ed41f446c52485797e61d651e8f2168 - - default default] Floating IP c579b126-4b16-41dd-a782-e73ca69c88fc associated. External IP: 10.96.250.217, port: dedcfecb-b527-4e35-93c8-2207e4973e2c.
2026-07-02 06:18:16.286 9 INFO neutron.wsgi [None req-1890a061-bd05-4477-83c8-a4be93767fcc d49bbc498fb44934801760e04d946e50 a6d2ffa6fb014966b30cc01eac919e15 - - default default] 10.0.0.54 "DELETE /v2.0/security-groups/86dbfdeb-58cb-40fd-8c32-d1ef012b8f03 HTTP/1.1" status: 204 len: 168 time: 0.2142758
2026-07-02 06:18:16.486 10 INFO neutron.wsgi [None req-2cee44ad-5d39-4a48-8c8a-fa9478b808d5 d49bbc498fb44934801760e04d946e50 a6d2ffa6fb014966b30cc01eac919e15 - - default default] 10.0.0.54 "DELETE /v2.0/networks/feb35118-435e-40c4-b717-7d625d3a646c HTTP/1.1" status: 204 len: 168 time: 0.6489782
2026-07-02 06:18:16.503 10 INFO neutron.db.ovn_revision_numbers_db [None req-e17e05ce-fe35-42df-a280-d9c81403b4c0 269a175eee5742d7a656971d4e76d0b3 6ed41f446c52485797e61d651e8f2168 - - default default] Successfully bumped revision number for resource c579b126-4b16-41dd-a782-e73ca69c88fc (type: floatingips) to 1
2026-07-02 06:18:16.614 10 INFO neutron.db.ovn_revision_numbers_db [None req-e17e05ce-fe35-42df-a280-d9c81403b4c0 269a175eee5742d7a656971d4e76d0b3 6ed41f446c52485797e61d651e8f2168 - - default default] Successfully bumped revision number for resource c579b126-4b16-41dd-a782-e73ca69c88fc (type: floatingips) to 2
2026-07-02 06:18:16.637 10 INFO neutron.wsgi [None req-e17e05ce-fe35-42df-a280-d9c81403b4c0 269a175eee5742d7a656971d4e76d0b3 6ed41f446c52485797e61d651e8f2168 - - default default] 10.0.0.54 "PUT /v2.0/floatingips/c579b126-4b16-41dd-a782-e73ca69c88fc HTTP/1.1" status: 200 len: 1049 time: 0.7472250 /var/lib/openstack/lib/python3.10/site-packages/pycadf/identifier.py:71: UserWarning: Invalid uuid: neutron. To ensure interoperability, identifiers should be a valid uuid. warnings.warn(('Invalid uuid: %s. To ensure interoperability, '
2026-07-02 06:18:16.736 9 INFO neutron.wsgi [req-fd328416-4cd6-4037-8e33-32f37fb77c1b req-b7e4edfe-be40-40f0-aca8-3722498f0a38 269a175eee5742d7a656971d4e76d0b3 6ed41f446c52485797e61d651e8f2168 - - default default] 10.0.0.131 "GET /v2.0/ports?device_id=1be55f8c-c890-4905-9eab-0747d9b84ea8 HTTP/1.1" status: 200 len: 1170 time: 0.0465322
2026-07-02 06:18:16.743 9 INFO neutron.wsgi [None req-a64dcaa1-071e-48f0-80ba-2f8d6b093621 d49bbc498fb44934801760e04d946e50 a6d2ffa6fb014966b30cc01eac919e15 - - default default] 10.0.0.54 "GET /v2.0/security-groups?tenant_id=3b9285ddab0d4b61a9ef3fae48598dff&name=default HTTP/1.1" status: 200 len: 2996 time: 0.0653605
2026-07-02 06:18:16.804 9 INFO neutron.wsgi [req-fd328416-4cd6-4037-8e33-32f37fb77c1b req-9ac72f18-870f-4fd1-b79a-ad29bee6b106 269a175eee5742d7a656971d4e76d0b3 6ed41f446c52485797e61d651e8f2168 - - default default] 10.0.0.131 "GET /v2.0/security-groups?id=b7a87ab4-41d3-4c0f-aa1a-a5965310a294&fields=id&fields=name HTTP/1.1" status: 200 len: 312 time: 0.0641117
