2026-07-02 06:17:28.302 10 INFO neutron.wsgi [req-462494d2-4d83-4f19-81af-a267ff55f831 req-7a116e7e-d655-4ed1-9159-29404a5d4cc9 3bad0826548f41428d5b2eb594f929d1 dbd987a28bff4525af0d3fa85589ee11 - - default default] 199.204.45.223 "DELETE /v2.0/ports/97a42e1e-f864-4361-a4f9-c1c6fe063bb0 HTTP/1.1" status: 204 len: 173 time: 0.7853458
2026-07-02 06:17:28.339 10 INFO neutron.notifiers.nova [-] Nova event matching ['req-dd227cc0-bf55-4d0c-a9d1-5c0424dcb742'] response: {'server_uuid': '8337a631-ac4d-4fa1-899d-80e87e9523e1', 'name': 'network-vif-deleted', 'tag': '97a42e1e-f864-4361-a4f9-c1c6fe063bb0', 'status': 'completed', 'code': 200}
2026-07-02 06:17:28.348 10 INFO neutron.db.ovn_revision_numbers_db [req-045cc439-fc5e-407e-a622-61f1eeba838e req-f103c74b-018c-4bac-b4d8-2612471393cb 1f8e3dabcf81471d867dbcad0dfc928b 49f43a0d928f41b0a7fa1a3d2647d042 - - default default] Successfully bumped revision number for resource 2cb91f8c-16ff-4de9-9ade-1b0ecfc063e8 (type: ports) to 1
2026-07-02 06:17:28.382 10 INFO neutron.wsgi [req-045cc439-fc5e-407e-a622-61f1eeba838e req-f103c74b-018c-4bac-b4d8-2612471393cb 1f8e3dabcf81471d867dbcad0dfc928b 49f43a0d928f41b0a7fa1a3d2647d042 - - default default] 199.204.45.223 "POST /v2.0/ports HTTP/1.1" status: 201 len: 1162 time: 0.7827213 /var/lib/openstack/lib/python3.10/site-packages/pycadf/identifier.py:71: UserWarning: Invalid uuid: neutron. To ensure interoperability, identifiers should be a valid uuid. warnings.warn(('Invalid uuid: %s. To ensure interoperability, '
2026-07-02 06:17:28.491 9 INFO neutron.notifiers.nova [-] Nova event matching ['req-6ea5663f-2795-4fc0-ae1f-a2a9097f2fb7'] response: {'name': 'network-changed', 'server_uuid': '8337a631-ac4d-4fa1-899d-80e87e9523e1', 'tag': '97a42e1e-f864-4361-a4f9-c1c6fe063bb0', 'status': 'completed', 'code': 200}
2026-07-02 06:17:28.534 10 INFO neutron.wsgi [req-ed631243-9e25-41fb-8d2a-6b414adbf549 req-3adc943d-3d04-4bff-9c6b-31938a5b6070 36377d1fe73e40cf8b2786a64e5f4d3a 7e96c111381543b2a8202b096e417409 - - 0b7f6a7849d742f1ad166eef4960917f 0b7f6a7849d742f1ad166eef4960917f] 199.204.45.223 "GET /v2.0/ports?tenant_id=dbd987a28bff4525af0d3fa85589ee11&device_id=8337a631-ac4d-4fa1-899d-80e87e9523e1 HTTP/1.1" status: 200 len: 210 time: 0.0205166
2026-07-02 06:17:28.634 9 WARNING neutron.scheduler.dhcp_agent_scheduler [req-3e4b1317-b477-41ed-884b-24e34e2df585 req-0e4fa3a2-56a9-40c0-ab5d-a83c8acc2388 d6c18971ae2e4e0fa492e080e39ab2da 3b9285ddab0d4b61a9ef3fae48598dff - - default default] No more DHCP agents
2026-07-02 06:17:28.643 9 WARNING neutron.api.rpc.agentnotifiers.dhcp_rpc_agent_api [req-3e4b1317-b477-41ed-884b-24e34e2df585 req-0e4fa3a2-56a9-40c0-ab5d-a83c8acc2388 d6c18971ae2e4e0fa492e080e39ab2da 3b9285ddab0d4b61a9ef3fae48598dff - - default default] Unable to schedule network feb35118-435e-40c4-b717-7d625d3a646c: no agents available; will retry on subsequent port and subnet creation events.
2026-07-02 06:17:28.726 9 INFO neutron.db.ovn_revision_numbers_db [None req-d4b9211e-82ca-4cc7-8f75-63728c390fc2 1d94099aabec49a7ae854d71f59fdc28 4edf737225a54e709ed1c2a368c8661d - - default default] Successfully bumped revision number for resource e2ca3358-ede5-496e-8a2a-6f68c3d33cca (type: floatingips) to 1 /var/lib/openstack/lib/python3.10/site-packages/pycadf/identifier.py:71: UserWarning: Invalid uuid: neutron. To ensure interoperability, identifiers should be a valid uuid. warnings.warn(('Invalid uuid: %s. To ensure interoperability, '
2026-07-02 06:17:28.849 9 INFO neutron.wsgi [req-db109807-532e-46f4-af76-e9e501550afc req-7f6b0adc-c981-495e-b802-cf31be9b9a22 d6c18971ae2e4e0fa492e080e39ab2da 3b9285ddab0d4b61a9ef3fae48598dff - - default default] 10.0.0.131 "GET /v2.0/ports?device_id=8b30ba86-1b76-4a5a-a015-c88561dd7309 HTTP/1.1" status: 200 len: 1160 time: 0.0446193
2026-07-02 06:17:28.862 10 INFO neutron.wsgi [req-ed631243-9e25-41fb-8d2a-6b414adbf549 req-f86a5f8b-4f2b-4bb2-9b74-2eaca87c778e 36377d1fe73e40cf8b2786a64e5f4d3a 7e96c111381543b2a8202b096e417409 - - 0b7f6a7849d742f1ad166eef4960917f 0b7f6a7849d742f1ad166eef4960917f] 199.204.45.223 "GET /v2.0/networks?tenant_id=dbd987a28bff4525af0d3fa85589ee11&shared=False HTTP/1.1" status: 200 len: 966 time: 0.3176847 /var/lib/openstack/lib/python3.10/site-packages/pycadf/identifier.py:71: UserWarning: Invalid uuid: neutron. To ensure interoperability, identifiers should be a valid uuid. warnings.warn(('Invalid uuid: %s. To ensure interoperability, '
2026-07-02 06:17:28.900 9 INFO neutron.db.ovn_revision_numbers_db [req-3e4b1317-b477-41ed-884b-24e34e2df585 req-0e4fa3a2-56a9-40c0-ab5d-a83c8acc2388 d6c18971ae2e4e0fa492e080e39ab2da 3b9285ddab0d4b61a9ef3fae48598dff - - default default] Successfully bumped revision number for resource a07b4229-1a49-4c08-8141-260b99ef129a (type: ports) to 1
2026-07-02 06:17:28.914 9 INFO neutron.db.ovn_revision_numbers_db [None req-d4b9211e-82ca-4cc7-8f75-63728c390fc2 1d94099aabec49a7ae854d71f59fdc28 4edf737225a54e709ed1c2a368c8661d - - default default] Successfully bumped revision number for resource e2ca3358-ede5-496e-8a2a-6f68c3d33cca (type: floatingips) to 2
2026-07-02 06:17:28.928 9 INFO neutron.wsgi [req-db109807-532e-46f4-af76-e9e501550afc req-6e3372c7-8e9e-4cbf-88b2-a7d10a09e54d d6c18971ae2e4e0fa492e080e39ab2da 3b9285ddab0d4b61a9ef3fae48598dff - - default default] 10.0.0.131 "GET /v2.0/security-groups?id=aff9d175-7b86-452c-8dfa-0b52ced605cb&fields=id&fields=name HTTP/1.1" status: 200 len: 313 time: 0.0609338
2026-07-02 06:17:28.946 9 INFO neutron.wsgi [req-9c993079-44d3-4eff-ab48-b65e334f2d1a req-d684e113-12e4-434c-a373-912c6053388f 1f8e3dabcf81471d867dbcad0dfc928b 49f43a0d928f41b0a7fa1a3d2647d042 - - default default] 10.0.0.131 "GET /v2.0/ports?device_id=41c6740e-7ea2-45ca-8d42-4b7bc8f57dcd HTTP/1.1" status: 200 len: 1160 time: 0.0588100
2026-07-02 06:17:28.949 9 INFO neutron.wsgi [req-3e4b1317-b477-41ed-884b-24e34e2df585 req-0e4fa3a2-56a9-40c0-ab5d-a83c8acc2388 d6c18971ae2e4e0fa492e080e39ab2da 3b9285ddab0d4b61a9ef3fae48598dff - - default default] 199.204.45.223 "POST /v2.0/ports HTTP/1.1" status: 201 len: 1162 time: 1.1592348
2026-07-02 06:17:28.964 9 INFO neutron.wsgi [None req-d4b9211e-82ca-4cc7-8f75-63728c390fc2 1d94099aabec49a7ae854d71f59fdc28 4edf737225a54e709ed1c2a368c8661d - - default default] 10.0.0.54 "PUT /v2.0/floatingips/e2ca3358-ede5-496e-8a2a-6f68c3d33cca HTTP/1.1" status: 200 len: 1050 time: 1.0655866
2026-07-02 06:17:28.973 10 INFO neutron.wsgi [-] 10.0.0.13 "GET / HTTP/1.1" status: 200 len: 247 time: 0.0021474
2026-07-02 06:17:28.975 10 INFO neutron.wsgi [-] 10.0.0.13 "GET / HTTP/1.1" status: 200 len: 247 time: 0.0008886
2026-07-02 06:17:28.996 9 INFO neutron.wsgi [req-9c993079-44d3-4eff-ab48-b65e334f2d1a req-206d7219-6d29-4b25-93e8-284d56014853 1f8e3dabcf81471d867dbcad0dfc928b 49f43a0d928f41b0a7fa1a3d2647d042 - - default default] 10.0.0.131 "GET /v2.0/security-groups?id=f5a8dc99-f9cc-4776-88e7-008fc010222a&fields=id&fields=name HTTP/1.1" status: 200 len: 312 time: 0.0438702
2026-07-02 06:17:29.009 10 INFO neutron.wsgi [req-ed631243-9e25-41fb-8d2a-6b414adbf549 req-2812fea7-d193-4e93-8a01-269fd1fe76cb 36377d1fe73e40cf8b2786a64e5f4d3a 7e96c111381543b2a8202b096e417409 - - 0b7f6a7849d742f1ad166eef4960917f 0b7f6a7849d742f1ad166eef4960917f] 199.204.45.223 "GET /v2.0/networks?shared=True HTTP/1.1" status: 200 len: 952 time: 0.1323798
2026-07-02 06:17:29.044 9 INFO neutron.wsgi [req-e0c48352-5e16-4328-a003-82f25e97702a req-2168f459-e622-45ea-862b-2fb19639ac3d 1d94099aabec49a7ae854d71f59fdc28 4edf737225a54e709ed1c2a368c8661d - - default default] 10.0.0.131 "GET /v2.0/ports?device_id=20f6facb-364d-4309-aa6d-d84176f6c401 HTTP/1.1" status: 200 len: 1174 time: 0.0341578
2026-07-02 06:17:29.108 9 INFO neutron.wsgi [req-e0c48352-5e16-4328-a003-82f25e97702a req-2bf53e3c-701e-4441-bf26-b2a900c12279 1d94099aabec49a7ae854d71f59fdc28 4edf737225a54e709ed1c2a368c8661d - - default default] 10.0.0.131 "GET /v2.0/security-groups?id=ebb3cb42-15ba-42fa-95e7-087b940e170c&fields=id&fields=name HTTP/1.1" status: 200 len: 312 time: 0.0511453
2026-07-02 06:17:29.151 10 INFO neutron.db.ovn_revision_numbers_db [req-045cc439-fc5e-407e-a622-61f1eeba838e req-913a3a72-4def-427d-99e3-10dae030695c 36377d1fe73e40cf8b2786a64e5f4d3a 7e96c111381543b2a8202b096e417409 - - 0b7f6a7849d742f1ad166eef4960917f 0b7f6a7849d742f1ad166eef4960917f] Successfully bumped revision number for resource 2cb91f8c-16ff-4de9-9ade-1b0ecfc063e8 (type: ports) to 2 /var/lib/openstack/lib/python3.10/site-packages/pycadf/identifier.py:71: UserWarning: Invalid uuid: neutron. To ensure interoperability, identifiers should be a valid uuid. warnings.warn(('Invalid uuid: %s. To ensure interoperability, '
2026-07-02 06:17:29.367 10 INFO neutron.db.ovn_revision_numbers_db [req-045cc439-fc5e-407e-a622-61f1eeba838e req-913a3a72-4def-427d-99e3-10dae030695c 36377d1fe73e40cf8b2786a64e5f4d3a 7e96c111381543b2a8202b096e417409 - - 0b7f6a7849d742f1ad166eef4960917f 0b7f6a7849d742f1ad166eef4960917f] Successfully bumped revision number for resource 2cb91f8c-16ff-4de9-9ade-1b0ecfc063e8 (type: ports) to 2
2026-07-02 06:17:29.389 10 INFO neutron.wsgi [req-045cc439-fc5e-407e-a622-61f1eeba838e req-913a3a72-4def-427d-99e3-10dae030695c 36377d1fe73e40cf8b2786a64e5f4d3a 7e96c111381543b2a8202b096e417409 - - 0b7f6a7849d742f1ad166eef4960917f 0b7f6a7849d742f1ad166eef4960917f] 199.204.45.223 "PUT /v2.0/ports/2cb91f8c-16ff-4de9-9ade-1b0ecfc063e8 HTTP/1.1" status: 200 len: 1380 time: 0.9982162
2026-07-02 06:17:29.444 9 INFO neutron.db.ovn_revision_numbers_db [req-3e4b1317-b477-41ed-884b-24e34e2df585 req-7531739e-4543-4e57-89c6-cf6a5deaf26a 36377d1fe73e40cf8b2786a64e5f4d3a 7e96c111381543b2a8202b096e417409 - - 0b7f6a7849d742f1ad166eef4960917f 0b7f6a7849d742f1ad166eef4960917f] Successfully bumped revision number for resource a07b4229-1a49-4c08-8141-260b99ef129a (type: ports) to 2
2026-07-02 06:17:29.466 10 INFO neutron.wsgi [req-045cc439-fc5e-407e-a622-61f1eeba838e req-afb2eae1-c165-456c-b41a-7516be369e9d 36377d1fe73e40cf8b2786a64e5f4d3a 7e96c111381543b2a8202b096e417409 - - 0b7f6a7849d742f1ad166eef4960917f 0b7f6a7849d742f1ad166eef4960917f] 199.204.45.223 "GET /v2.0/ports?tenant_id=49f43a0d928f41b0a7fa1a3d2647d042&device_id=41c6740e-7ea2-45ca-8d42-4b7bc8f57dcd HTTP/1.1" status: 200 len: 1411 time: 0.0323386
2026-07-02 06:17:29.471 10 INFO neutron.wsgi [None req-28dedca6-5f71-41e7-96d8-7d1099b19d89 3bad0826548f41428d5b2eb594f929d1 dbd987a28bff4525af0d3fa85589ee11 - - default default] 10.0.0.54 "DELETE /v2.0/security-groups/dccf7307-80e7-4246-b51e-3e925026ae70 HTTP/1.1" status: 204 len: 168 time: 0.1538711 /var/lib/openstack/lib/python3.10/site-packages/pycadf/identifier.py:71: UserWarning: Invalid uuid: neutron. To ensure interoperability, identifiers should be a valid uuid. warnings.warn(('Invalid uuid: %s. To ensure interoperability, '
2026-07-02 06:17:29.486 9 INFO neutron.api.v2.resource [None req-99ab9c94-c49c-43ed-ae36-361a1e879c4e 3bad0826548f41428d5b2eb594f929d1 dbd987a28bff4525af0d3fa85589ee11 - - default default] show failed (client error): The resource could not be found.
2026-07-02 06:17:29.487 9 INFO neutron.wsgi [None req-99ab9c94-c49c-43ed-ae36-361a1e879c4e 3bad0826548f41428d5b2eb594f929d1 dbd987a28bff4525af0d3fa85589ee11 - - default default] 10.0.0.54 "GET /v2.0/security-groups/dccf7307-80e7-4246-b51e-3e925026ae70 HTTP/1.1" status: 404 len: 347 time: 0.0113199
2026-07-02 06:17:29.489 10 INFO neutron.wsgi [req-045cc439-fc5e-407e-a622-61f1eeba838e req-95f10667-2ec3-4444-af6b-93212bcbc9c3 36377d1fe73e40cf8b2786a64e5f4d3a 7e96c111381543b2a8202b096e417409 - - 0b7f6a7849d742f1ad166eef4960917f 0b7f6a7849d742f1ad166eef4960917f] 199.204.45.223 "GET /v2.0/floatingips?fixed_ip_address=10.100.0.11&port_id=2cb91f8c-16ff-4de9-9ade-1b0ecfc063e8 HTTP/1.1" status: 200 len: 217 time: 0.0180526
2026-07-02 06:17:29.546 10 INFO neutron.wsgi [req-045cc439-fc5e-407e-a622-61f1eeba838e req-d220cde0-c2d7-49f6-8dfc-ff7149fb1dcd 36377d1fe73e40cf8b2786a64e5f4d3a 7e96c111381543b2a8202b096e417409 - - 0b7f6a7849d742f1ad166eef4960917f 0b7f6a7849d742f1ad166eef4960917f] 199.204.45.223 "GET /v2.0/subnets?id=95cbea10-90f1-4a74-8595-c7f9fe7385e8 HTTP/1.1" status: 200 len: 868 time: 0.0526216
2026-07-02 06:17:29.570 10 INFO neutron.wsgi [req-045cc439-fc5e-407e-a622-61f1eeba838e req-5d8e6111-67f9-465c-9e99-f636b3cb039e 36377d1fe73e40cf8b2786a64e5f4d3a 7e96c111381543b2a8202b096e417409 - - 0b7f6a7849d742f1ad166eef4960917f 0b7f6a7849d742f1ad166eef4960917f] 199.204.45.223 "GET /v2.0/ports?network_id=22cba43c-4e3d-4ea4-abca-71a55fea605d&device_owner=network%3Adhcp HTTP/1.1" status: 200 len: 210 time: 0.0212414
2026-07-02 06:17:29.637 9 INFO neutron.db.ovn_revision_numbers_db [req-3e4b1317-b477-41ed-884b-24e34e2df585 req-7531739e-4543-4e57-89c6-cf6a5deaf26a 36377d1fe73e40cf8b2786a64e5f4d3a 7e96c111381543b2a8202b096e417409 - - 0b7f6a7849d742f1ad166eef4960917f 0b7f6a7849d742f1ad166eef4960917f] Successfully bumped revision number for resource a07b4229-1a49-4c08-8141-260b99ef129a (type: ports) to 2
2026-07-02 06:17:29.639 10 INFO neutron.wsgi [req-045cc439-fc5e-407e-a622-61f1eeba838e req-5d1c9e70-e393-4f2e-a7a6-da171f6c610b 36377d1fe73e40cf8b2786a64e5f4d3a 7e96c111381543b2a8202b096e417409 - - 0b7f6a7849d742f1ad166eef4960917f 0b7f6a7849d742f1ad166eef4960917f] 199.204.45.223 "GET /v2.0/networks/22cba43c-4e3d-4ea4-abca-71a55fea605d?fields=segments HTTP/1.1" status: 200 len: 212 time: 0.0628986
2026-07-02 06:17:29.652 9 INFO neutron.wsgi [req-3e4b1317-b477-41ed-884b-24e34e2df585 req-7531739e-4543-4e57-89c6-cf6a5deaf26a 36377d1fe73e40cf8b2786a64e5f4d3a 7e96c111381543b2a8202b096e417409 - - 0b7f6a7849d742f1ad166eef4960917f 0b7f6a7849d742f1ad166eef4960917f] 199.204.45.223 "PUT /v2.0/ports/a07b4229-1a49-4c08-8141-260b99ef129a HTTP/1.1" status: 200 len: 1380 time: 0.6941049 /var/lib/openstack/lib/python3.10/site-packages/pycadf/identifier.py:71: UserWarning: Invalid uuid: neutron. To ensure interoperability, identifiers should be a valid uuid. warnings.warn(('Invalid uuid: %s. To ensure interoperability, '
2026-07-02 06:17:29.724 10 INFO neutron.wsgi [req-045cc439-fc5e-407e-a622-61f1eeba838e req-46472a8b-e222-4177-9f8f-6f2e652c57b9 36377d1fe73e40cf8b2786a64e5f4d3a 7e96c111381543b2a8202b096e417409 - - 0b7f6a7849d742f1ad166eef4960917f 0b7f6a7849d742f1ad166eef4960917f] 199.204.45.223 "GET /v2.0/networks/22cba43c-4e3d-4ea4-abca-71a55fea605d?fields=provider%3Aphysical_network&fields=provider%3Anetwork_type HTTP/1.1" status: 200 len: 277 time: 0.0774150
2026-07-02 06:17:29.727 9 INFO neutron.wsgi [req-3e4b1317-b477-41ed-884b-24e34e2df585 req-f40aa081-edfd-4c65-b6bc-b911a5f51029 36377d1fe73e40cf8b2786a64e5f4d3a 7e96c111381543b2a8202b096e417409 - - 0b7f6a7849d742f1ad166eef4960917f 0b7f6a7849d742f1ad166eef4960917f] 199.204.45.223 "GET /v2.0/ports?tenant_id=3b9285ddab0d4b61a9ef3fae48598dff&device_id=8b30ba86-1b76-4a5a-a015-c88561dd7309 HTTP/1.1" status: 200 len: 1411 time: 0.0442898
2026-07-02 06:17:29.767 9 INFO neutron.wsgi [req-3e4b1317-b477-41ed-884b-24e34e2df585 req-64f52995-1676-4bfe-ac70-dd1b7be65107 36377d1fe73e40cf8b2786a64e5f4d3a 7e96c111381543b2a8202b096e417409 - - 0b7f6a7849d742f1ad166eef4960917f 0b7f6a7849d742f1ad166eef4960917f] 199.204.45.223 "GET /v2.0/floatingips?fixed_ip_address=10.100.0.12&port_id=a07b4229-1a49-4c08-8141-260b99ef129a HTTP/1.1" status: 200 len: 217 time: 0.0329921
2026-07-02 06:17:29.806 9 INFO neutron.wsgi [req-3e4b1317-b477-41ed-884b-24e34e2df585 req-a0abc6e8-374e-4570-b5b5-55b43afa1238 36377d1fe73e40cf8b2786a64e5f4d3a 7e96c111381543b2a8202b096e417409 - - 0b7f6a7849d742f1ad166eef4960917f 0b7f6a7849d742f1ad166eef4960917f] 199.204.45.223 "GET /v2.0/subnets?id=a85dfdc3-2cb0-4fcf-ae18-495abc959988 HTTP/1.1" status: 200 len: 868 time: 0.0345573
2026-07-02 06:17:29.862 9 INFO neutron.wsgi [req-3e4b1317-b477-41ed-884b-24e34e2df585 req-93306fc3-72ae-4bf8-9479-3e8d9e550c1e 36377d1fe73e40cf8b2786a64e5f4d3a 7e96c111381543b2a8202b096e417409 - - 0b7f6a7849d742f1ad166eef4960917f 0b7f6a7849d742f1ad166eef4960917f] 199.204.45.223 "GET /v2.0/ports?network_id=feb35118-435e-40c4-b717-7d625d3a646c&device_owner=network%3Adhcp HTTP/1.1" status: 200 len: 210 time: 0.0450356
2026-07-02 06:17:29.903 10 INFO neutron.wsgi [None req-a84c2200-67d6-45b6-a14a-926bbccfa1b0 3bad0826548f41428d5b2eb594f929d1 dbd987a28bff4525af0d3fa85589ee11 - - default default] 10.0.0.54 "DELETE /v2.0/floatingips/0eee2c36-7240-4fec-8194-327518b68a4c HTTP/1.1" status: 204 len: 168 time: 0.4102783
2026-07-02 06:17:29.906 10 INFO neutron.plugins.ml2.drivers.ovn.mech_driver.mech_driver [None req-d4f5bed0-99f1-472e-a4ce-f74787416234 - - - - - -] OVN reports status up for port: 2cb91f8c-16ff-4de9-9ade-1b0ecfc063e8
2026-07-02 06:17:29.941 10 INFO neutron.plugins.ml2.plugin [None req-d4f5bed0-99f1-472e-a4ce-f74787416234 - - - - - -] Attempt 1 to provision port 2cb91f8c-16ff-4de9-9ade-1b0ecfc063e8
2026-07-02 06:17:29.955 9 INFO neutron.wsgi [req-3e4b1317-b477-41ed-884b-24e34e2df585 req-d32f9b44-261d-42c4-b155-d029bb26a879 36377d1fe73e40cf8b2786a64e5f4d3a 7e96c111381543b2a8202b096e417409 - - 0b7f6a7849d742f1ad166eef4960917f 0b7f6a7849d742f1ad166eef4960917f] 199.204.45.223 "GET /v2.0/networks/feb35118-435e-40c4-b717-7d625d3a646c?fields=segments HTTP/1.1" status: 200 len: 212 time: 0.0791869
2026-07-02 06:17:30.060 9 INFO neutron.wsgi [req-b364dc64-ddd8-4912-9b25-6f5643622e37 req-d93ecd28-4b85-4a30-93d1-fdb0033dcb02 d6c18971ae2e4e0fa492e080e39ab2da 3b9285ddab0d4b61a9ef3fae48598dff - - default default] 10.0.0.131 "GET /v2.0/ports?device_id=8b30ba86-1b76-4a5a-a015-c88561dd7309 HTTP/1.1" status: 200 len: 1172 time: 0.0449650
2026-07-02 06:17:30.062 9 INFO neutron.wsgi [req-3e4b1317-b477-41ed-884b-24e34e2df585 req-a53a8470-e420-4653-a5cd-c678723ff621 36377d1fe73e40cf8b2786a64e5f4d3a 7e96c111381543b2a8202b096e417409 - - 0b7f6a7849d742f1ad166eef4960917f 0b7f6a7849d742f1ad166eef4960917f] 199.204.45.223 "GET /v2.0/networks/feb35118-435e-40c4-b717-7d625d3a646c?fields=provider%3Aphysical_network&fields=provider%3Anetwork_type HTTP/1.1" status: 200 len: 277 time: 0.0999625
2026-07-02 06:17:30.106 9 INFO neutron.wsgi [req-99c8ac0e-b322-4bdc-9dd2-d2c958108717 req-382e3931-afbd-4a71-bb56-1714a1182058 1f8e3dabcf81471d867dbcad0dfc928b 49f43a0d928f41b0a7fa1a3d2647d042 - - default default] 10.0.0.131 "GET /v2.0/ports?device_id=41c6740e-7ea2-45ca-8d42-4b7bc8f57dcd HTTP/1.1" status: 200 len: 1172 time: 0.0356531
2026-07-02 06:17:30.116 9 INFO neutron.wsgi [req-b364dc64-ddd8-4912-9b25-6f5643622e37 req-8fd25da3-2be4-417a-a912-6dfd5fe3d821 d6c18971ae2e4e0fa492e080e39ab2da 3b9285ddab0d4b61a9ef3fae48598dff - - default default] 10.0.0.131 "GET /v2.0/security-groups?id=aff9d175-7b86-452c-8dfa-0b52ced605cb&fields=id&fields=name HTTP/1.1" status: 200 len: 313 time: 0.0506086
2026-07-02 06:17:30.176 9 INFO neutron.wsgi [req-99c8ac0e-b322-4bdc-9dd2-d2c958108717 req-a4f2820b-7e71-4939-bdf6-487b313a3560 1f8e3dabcf81471d867dbcad0dfc928b 49f43a0d928f41b0a7fa1a3d2647d042 - - default default] 10.0.0.131 "GET /v2.0/security-groups?id=f5a8dc99-f9cc-4776-88e7-008fc010222a&fields=id&fields=name HTTP/1.1" status: 200 len: 312 time: 0.0540364
2026-07-02 06:17:30.352 9 WARNING neutron.plugins.ml2.drivers.ovn.mech_driver.ovsdb.ovn_client [None req-a342c9dc-cf0c-458b-977d-0784799b2417 - - - - - -] No hosting information found for port 61607edb-0a56-4278-bf7a-606b8b9367a1: RuntimeError: No hosting information found for port 61607edb-0a56-4278-bf7a-606b8b9367a1
2026-07-02 06:17:30.379 9 INFO neutron.plugins.ml2.drivers.ovn.mech_driver.mech_driver [None req-a342c9dc-cf0c-458b-977d-0784799b2417 - - - - - -] OVN reports status down for port: 97a42e1e-f864-4361-a4f9-c1c6fe063bb0
2026-07-02 06:17:30.485 10 INFO neutron.notifiers.nova [-] Nova event matching ['req-d7b14fc0-b409-4fa6-b345-32e4985a1a85'] response: {'name': 'network-changed', 'server_uuid': '41c6740e-7ea2-45ca-8d42-4b7bc8f57dcd', 'tag': '2cb91f8c-16ff-4de9-9ade-1b0ecfc063e8', 'status': 'completed', 'code': 200}
2026-07-02 06:17:30.485 10 INFO neutron.notifiers.nova [-] Nova event matching ['req-d7b14fc0-b409-4fa6-b345-32e4985a1a85'] response: {'server_uuid': '41c6740e-7ea2-45ca-8d42-4b7bc8f57dcd', 'name': 'network-vif-plugged', 'status': 'completed', 'tag': '2cb91f8c-16ff-4de9-9ade-1b0ecfc063e8', 'code': 200} /var/lib/openstack/lib/python3.10/site-packages/pycadf/identifier.py:71: UserWarning: Invalid uuid: neutron. To ensure interoperability, identifiers should be a valid uuid. warnings.warn(('Invalid uuid: %s. To ensure interoperability, '
2026-07-02 06:17:30.545 9 INFO neutron.notifiers.nova [-] Nova event matching ['req-c5be8bb4-1908-4279-8c1a-971489c7d274'] response: {'name': 'network-changed', 'server_uuid': '20f6facb-364d-4309-aa6d-d84176f6c401', 'tag': 'dc45cbf0-53bd-4606-9a7c-cee758e72cb5', 'status': 'completed', 'code': 200}
2026-07-02 06:17:30.545 9 INFO neutron.notifiers.nova [-] Nova event matching ['req-c5be8bb4-1908-4279-8c1a-971489c7d274'] response: {'name': 'network-changed', 'server_uuid': '8b30ba86-1b76-4a5a-a015-c88561dd7309', 'tag': 'a07b4229-1a49-4c08-8141-260b99ef129a', 'status': 'completed', 'code': 200}
2026-07-02 06:17:30.561 9 INFO neutron.wsgi [req-1d00786c-13ae-4d25-bbd5-331dfcfa47d8 req-00a797a7-cf4c-4905-b555-af80d13759b3 36377d1fe73e40cf8b2786a64e5f4d3a 7e96c111381543b2a8202b096e417409 - - 0b7f6a7849d742f1ad166eef4960917f 0b7f6a7849d742f1ad166eef4960917f] 199.204.45.223 "GET /v2.0/ports?tenant_id=49f43a0d928f41b0a7fa1a3d2647d042&device_id=41c6740e-7ea2-45ca-8d42-4b7bc8f57dcd HTTP/1.1" status: 200 len: 1413 time: 0.0508575
2026-07-02 06:17:30.601 10 INFO neutron.db.ovn_revision_numbers_db [None req-d4f5bed0-99f1-472e-a4ce-f74787416234 - - - - - -] Successfully bumped revision number for resource 2cb91f8c-16ff-4de9-9ade-1b0ecfc063e8 (type: ports) to 4
2026-07-02 06:17:30.613 10 INFO neutron.wsgi [req-2a991799-c18b-4763-97cb-ed52bb852d4f req-bdf7c199-4382-4666-a29d-4ea5e096c5a4 36377d1fe73e40cf8b2786a64e5f4d3a 7e96c111381543b2a8202b096e417409 - - 0b7f6a7849d742f1ad166eef4960917f 0b7f6a7849d742f1ad166eef4960917f] 199.204.45.223 "GET /v2.0/ports?tenant_id=4edf737225a54e709ed1c2a368c8661d&device_id=20f6facb-364d-4309-aa6d-d84176f6c401 HTTP/1.1" status: 200 len: 1413 time: 0.0436642
2026-07-02 06:17:30.641 9 INFO neutron.wsgi [req-1d00786c-13ae-4d25-bbd5-331dfcfa47d8 req-1a37c9d0-c552-4eb0-94ba-15fd9dced077 36377d1fe73e40cf8b2786a64e5f4d3a 7e96c111381543b2a8202b096e417409 - - 0b7f6a7849d742f1ad166eef4960917f 0b7f6a7849d742f1ad166eef4960917f] 199.204.45.223 "GET /v2.0/networks?id=22cba43c-4e3d-4ea4-abca-71a55fea605d HTTP/1.1" status: 200 len: 973 time: 0.0724528
2026-07-02 06:17:30.671 9 INFO neutron.wsgi [req-1d00786c-13ae-4d25-bbd5-331dfcfa47d8 req-f1830df4-7080-486f-9aa2-b90439a5c7a8 36377d1fe73e40cf8b2786a64e5f4d3a 7e96c111381543b2a8202b096e417409 - - 0b7f6a7849d742f1ad166eef4960917f 0b7f6a7849d742f1ad166eef4960917f] 199.204.45.223 "GET /v2.0/floatingips?fixed_ip_address=10.100.0.11&port_id=2cb91f8c-16ff-4de9-9ade-1b0ecfc063e8 HTTP/1.1" status: 200 len: 217 time: 0.0232880
2026-07-02 06:17:30.693 10 INFO neutron.plugins.ml2.drivers.ovn.mech_driver.mech_driver [None req-d4f5bed0-99f1-472e-a4ce-f74787416234 - - - - - -] OVN reports status up for port: a07b4229-1a49-4c08-8141-260b99ef129a
2026-07-02 06:17:30.714 9 INFO neutron.wsgi [req-1d00786c-13ae-4d25-bbd5-331dfcfa47d8 req-957cf21d-bc57-4513-8159-f7e25967f688 36377d1fe73e40cf8b2786a64e5f4d3a 7e96c111381543b2a8202b096e417409 - - 0b7f6a7849d742f1ad166eef4960917f 0b7f6a7849d742f1ad166eef4960917f] 199.204.45.223 "GET /v2.0/subnets?id=95cbea10-90f1-4a74-8595-c7f9fe7385e8 HTTP/1.1" status: 200 len: 868 time: 0.0355346
2026-07-02 06:17:30.727 10 INFO neutron.plugins.ml2.plugin [None req-d4f5bed0-99f1-472e-a4ce-f74787416234 - - - - - -] Attempt 1 to provision port a07b4229-1a49-4c08-8141-260b99ef129a
2026-07-02 06:17:30.730 10 INFO neutron.wsgi [req-2a991799-c18b-4763-97cb-ed52bb852d4f req-f2d48935-52ba-4d0b-b181-bdf80d222e8f 36377d1fe73e40cf8b2786a64e5f4d3a 7e96c111381543b2a8202b096e417409 - - 0b7f6a7849d742f1ad166eef4960917f 0b7f6a7849d742f1ad166eef4960917f] 199.204.45.223 "GET /v2.0/networks?id=712966d6-26b2-4c20-be50-0bf618f7a29f HTTP/1.1" status: 200 len: 981 time: 0.1037970 /var/lib/openstack/lib/python3.10/site-packages/pycadf/identifier.py:71: UserWarning: Invalid uuid: neutron. To ensure interoperability, identifiers should be a valid uuid. warnings.warn(('Invalid uuid: %s. To ensure interoperability, '
2026-07-02 06:17:30.739 9 INFO neutron.wsgi [req-1d00786c-13ae-4d25-bbd5-331dfcfa47d8 req-a75ff141-d447-4197-a24e-1e1e98fda707 36377d1fe73e40cf8b2786a64e5f4d3a 7e96c111381543b2a8202b096e417409 - - 0b7f6a7849d742f1ad166eef4960917f 0b7f6a7849d742f1ad166eef4960917f] 199.204.45.223 "GET /v2.0/ports?network_id=22cba43c-4e3d-4ea4-abca-71a55fea605d&device_owner=network%3Adhcp HTTP/1.1" status: 200 len: 210 time: 0.0174189
2026-07-02 06:17:30.800 10 INFO neutron.wsgi [req-2a991799-c18b-4763-97cb-ed52bb852d4f req-4f449b9f-bd13-430b-a329-5d60b73c20ba 36377d1fe73e40cf8b2786a64e5f4d3a 7e96c111381543b2a8202b096e417409 - - 0b7f6a7849d742f1ad166eef4960917f 0b7f6a7849d742f1ad166eef4960917f] 199.204.45.223 "GET /v2.0/floatingips?fixed_ip_address=10.100.0.14&port_id=dc45cbf0-53bd-4606-9a7c-cee758e72cb5 HTTP/1.1" status: 200 len: 1060 time: 0.0599411
2026-07-02 06:17:30.803 9 INFO neutron.wsgi [req-1d00786c-13ae-4d25-bbd5-331dfcfa47d8 req-1dde5ff7-b82a-49c2-890d-b050f9350d3d 36377d1fe73e40cf8b2786a64e5f4d3a 7e96c111381543b2a8202b096e417409 - - 0b7f6a7849d742f1ad166eef4960917f 0b7f6a7849d742f1ad166eef4960917f] 199.204.45.223 "GET /v2.0/networks/22cba43c-4e3d-4ea4-abca-71a55fea605d?fields=segments HTTP/1.1" status: 200 len: 212 time: 0.0599222
2026-07-02 06:17:30.866 10 INFO neutron.wsgi [req-2a991799-c18b-4763-97cb-ed52bb852d4f req-0f8a888f-125e-4d18-b9d6-6f3babf85375 36377d1fe73e40cf8b2786a64e5f4d3a 7e96c111381543b2a8202b096e417409 - - 0b7f6a7849d742f1ad166eef4960917f 0b7f6a7849d742f1ad166eef4960917f] 199.204.45.223 "GET /v2.0/subnets?id=4853b584-0d51-41e6-82e7-fe5ced09d38e HTTP/1.1" status: 200 len: 876 time: 0.0529504
2026-07-02 06:17:30.880 9 INFO neutron.wsgi [req-1d00786c-13ae-4d25-bbd5-331dfcfa47d8 req-12b82a1c-4f58-4dce-b031-6967d0351585 36377d1fe73e40cf8b2786a64e5f4d3a 7e96c111381543b2a8202b096e417409 - - 0b7f6a7849d742f1ad166eef4960917f 0b7f6a7849d742f1ad166eef4960917f] 199.204.45.223 "GET /v2.0/networks/22cba43c-4e3d-4ea4-abca-71a55fea605d?fields=provider%3Aphysical_network&fields=provider%3Anetwork_type HTTP/1.1" status: 200 len: 277 time: 0.0697551
2026-07-02 06:17:30.897 10 INFO neutron.wsgi [req-2a991799-c18b-4763-97cb-ed52bb852d4f req-74180961-6be3-40ad-aa52-c9b506938c51 36377d1fe73e40cf8b2786a64e5f4d3a 7e96c111381543b2a8202b096e417409 - - 0b7f6a7849d742f1ad166eef4960917f 0b7f6a7849d742f1ad166eef4960917f] 199.204.45.223 "GET /v2.0/ports?network_id=712966d6-26b2-4c20-be50-0bf618f7a29f&device_owner=network%3Adhcp HTTP/1.1" status: 200 len: 210 time: 0.0253191
2026-07-02 06:17:31.003 10 INFO neutron.wsgi [req-2a991799-c18b-4763-97cb-ed52bb852d4f req-a8db8703-7c5f-41b0-982e-ca23cbd470d2 36377d1fe73e40cf8b2786a64e5f4d3a 7e96c111381543b2a8202b096e417409 - - 0b7f6a7849d742f1ad166eef4960917f 0b7f6a7849d742f1ad166eef4960917f] 199.204.45.223 "GET /v2.0/networks/712966d6-26b2-4c20-be50-0bf618f7a29f?fields=segments HTTP/1.1" status: 200 len: 212 time: 0.0942268
2026-07-02 06:17:31.088 10 INFO neutron.wsgi [req-2a991799-c18b-4763-97cb-ed52bb852d4f req-e0d15d9c-2aaf-47c0-b227-bd382e97f3e4 36377d1fe73e40cf8b2786a64e5f4d3a 7e96c111381543b2a8202b096e417409 - - 0b7f6a7849d742f1ad166eef4960917f 0b7f6a7849d742f1ad166eef4960917f] 199.204.45.223 "GET /v2.0/networks/712966d6-26b2-4c20-be50-0bf618f7a29f?fields=provider%3Aphysical_network&fields=provider%3Anetwork_type HTTP/1.1" status: 200 len: 277 time: 0.0773478
2026-07-02 06:17:31.195 10 INFO neutron.wsgi [req-2a991799-c18b-4763-97cb-ed52bb852d4f req-304dbf19-f2a1-41c3-a0b8-68e9f828ddea 36377d1fe73e40cf8b2786a64e5f4d3a 7e96c111381543b2a8202b096e417409 - - 0b7f6a7849d742f1ad166eef4960917f 0b7f6a7849d742f1ad166eef4960917f] 199.204.45.223 "GET /v2.0/ports?tenant_id=3b9285ddab0d4b61a9ef3fae48598dff&device_id=8b30ba86-1b76-4a5a-a015-c88561dd7309 HTTP/1.1" status: 200 len: 1413 time: 0.0518346
2026-07-02 06:17:31.230 10 INFO neutron.db.ovn_revision_numbers_db [None req-d4f5bed0-99f1-472e-a4ce-f74787416234 - - - - - -] Successfully bumped revision number for resource a07b4229-1a49-4c08-8141-260b99ef129a (type: ports) to 4
2026-07-02 06:17:31.309 10 INFO neutron.wsgi [req-2a991799-c18b-4763-97cb-ed52bb852d4f req-61b84ab5-15fc-44ca-b641-3e014449b5ad 36377d1fe73e40cf8b2786a64e5f4d3a 7e96c111381543b2a8202b096e417409 - - 0b7f6a7849d742f1ad166eef4960917f 0b7f6a7849d742f1ad166eef4960917f] 199.204.45.223 "GET /v2.0/networks?id=feb35118-435e-40c4-b717-7d625d3a646c HTTP/1.1" status: 200 len: 973 time: 0.1012022 /var/lib/openstack/lib/python3.10/site-packages/pycadf/identifier.py:71: UserWarning: Invalid uuid: neutron. To ensure interoperability, identifiers should be a valid uuid. warnings.warn(('Invalid uuid: %s. To ensure interoperability, '
2026-07-02 06:17:31.335 9 INFO neutron.wsgi [req-383da538-078f-45b3-9ce4-8ec3b215e44d req-7c647d01-6d46-485d-b37c-c6ed3d6945f9 d6c18971ae2e4e0fa492e080e39ab2da 3b9285ddab0d4b61a9ef3fae48598dff - - default default] 10.0.0.131 "GET /v2.0/ports?device_id=8b30ba86-1b76-4a5a-a015-c88561dd7309 HTTP/1.1" status: 200 len: 1174 time: 0.1342173
2026-07-02 06:17:31.355 10 INFO neutron.wsgi [req-2a991799-c18b-4763-97cb-ed52bb852d4f req-214bcefc-59cc-4070-a2fe-d851e62fedce 36377d1fe73e40cf8b2786a64e5f4d3a 7e96c111381543b2a8202b096e417409 - - 0b7f6a7849d742f1ad166eef4960917f 0b7f6a7849d742f1ad166eef4960917f] 199.204.45.223 "GET /v2.0/floatingips?fixed_ip_address=10.100.0.12&port_id=a07b4229-1a49-4c08-8141-260b99ef129a HTTP/1.1" status: 200 len: 217 time: 0.0296612
2026-07-02 06:17:31.376 9 INFO neutron.wsgi [req-f9352860-dfc3-4615-bd16-5c82c5e599d7 req-fdc0a893-e6ac-4787-86ba-dcbb5e545b96 1f8e3dabcf81471d867dbcad0dfc928b 49f43a0d928f41b0a7fa1a3d2647d042 - - default default] 10.0.0.131 "GET /v2.0/ports?device_id=41c6740e-7ea2-45ca-8d42-4b7bc8f57dcd HTTP/1.1" status: 200 len: 1174 time: 0.1294286
2026-07-02 06:17:31.392 10 INFO neutron.wsgi [req-2a991799-c18b-4763-97cb-ed52bb852d4f req-ef385b6a-02fc-4493-835f-3054d6a701df 36377d1fe73e40cf8b2786a64e5f4d3a 7e96c111381543b2a8202b096e417409 - - 0b7f6a7849d742f1ad166eef4960917f 0b7f6a7849d742f1ad166eef4960917f] 199.204.45.223 "GET /v2.0/subnets?id=a85dfdc3-2cb0-4fcf-ae18-495abc959988 HTTP/1.1" status: 200 len: 868 time: 0.0312598
2026-07-02 06:17:31.406 9 INFO neutron.wsgi [req-383da538-078f-45b3-9ce4-8ec3b215e44d req-3ce39e24-76bb-4844-b453-9a6be99b7e93 d6c18971ae2e4e0fa492e080e39ab2da 3b9285ddab0d4b61a9ef3fae48598dff - - default default] 10.0.0.131 "GET /v2.0/security-groups?id=aff9d175-7b86-452c-8dfa-0b52ced605cb&fields=id&fields=name HTTP/1.1" status: 200 len: 313 time: 0.0651400
2026-07-02 06:17:31.424 9 INFO neutron.wsgi [req-f9352860-dfc3-4615-bd16-5c82c5e599d7 req-e84f1d9c-369d-4cd1-bb48-c7f1d1fc7032 1f8e3dabcf81471d867dbcad0dfc928b 49f43a0d928f41b0a7fa1a3d2647d042 - - default default] 10.0.0.131 "GET /v2.0/security-groups?id=f5a8dc99-f9cc-4776-88e7-008fc010222a&fields=id&fields=name HTTP/1.1" status: 200 len: 312 time: 0.0398791
2026-07-02 06:17:31.427 10 INFO neutron.wsgi [req-2a991799-c18b-4763-97cb-ed52bb852d4f req-6a5c80ce-5fa9-44a6-a930-d836d985022c 36377d1fe73e40cf8b2786a64e5f4d3a 7e96c111381543b2a8202b096e417409 - - 0b7f6a7849d742f1ad166eef4960917f 0b7f6a7849d742f1ad166eef4960917f] 199.204.45.223 "GET /v2.0/ports?network_id=feb35118-435e-40c4-b717-7d625d3a646c&device_owner=network%3Adhcp HTTP/1.1" status: 200 len: 210 time: 0.0278134
2026-07-02 06:17:31.497 10 INFO neutron.wsgi [req-2a991799-c18b-4763-97cb-ed52bb852d4f req-0c07b6b8-3ce2-4c78-b5ec-0eb1e2a4d7af 36377d1fe73e40cf8b2786a64e5f4d3a 7e96c111381543b2a8202b096e417409 - - 0b7f6a7849d742f1ad166eef4960917f 0b7f6a7849d742f1ad166eef4960917f] 199.204.45.223 "GET /v2.0/networks/feb35118-435e-40c4-b717-7d625d3a646c?fields=segments HTTP/1.1" status: 200 len: 212 time: 0.0617723
2026-07-02 06:17:31.533 9 INFO neutron.wsgi [req-74f84e8e-9941-45dc-b840-c43fff5a9d88 req-098006e9-683a-4307-a0de-1da57f529346 1f8e3dabcf81471d867dbcad0dfc928b 49f43a0d928f41b0a7fa1a3d2647d042 - - default default] 10.0.0.131 "GET /v2.0/ports?device_id=41c6740e-7ea2-45ca-8d42-4b7bc8f57dcd HTTP/1.1" status: 200 len: 1174 time: 0.0345840
2026-07-02 06:17:31.592 10 INFO neutron.wsgi [req-2a991799-c18b-4763-97cb-ed52bb852d4f req-3a837f76-f9a2-49e5-9e38-7147d1405a61 36377d1fe73e40cf8b2786a64e5f4d3a 7e96c111381543b2a8202b096e417409 - - 0b7f6a7849d742f1ad166eef4960917f 0b7f6a7849d742f1ad166eef4960917f] 199.204.45.223 "GET /v2.0/networks/feb35118-435e-40c4-b717-7d625d3a646c?fields=provider%3Aphysical_network&fields=provider%3Anetwork_type HTTP/1.1" status: 200 len: 277 time: 0.0885220
2026-07-02 06:17:31.779 9 INFO neutron.db.l3_db [None req-80b1f3a3-6969-4984-be0d-195a27078646 1f8e3dabcf81471d867dbcad0dfc928b 49f43a0d928f41b0a7fa1a3d2647d042 - - default default] Floating IP a291888b-b723-4c70-ae3e-7573de367021 associated. External IP: 10.96.250.209, port: 2cb91f8c-16ff-4de9-9ade-1b0ecfc063e8.
2026-07-02 06:17:32.066 10 INFO neutron.wsgi [None req-dc8ddf3c-8525-4336-96cf-0f4b322982bc d49bbc498fb44934801760e04d946e50 a6d2ffa6fb014966b30cc01eac919e15 - - default default] 10.0.0.54 "PUT /v2.0/routers/0b891a92-78e2-4174-9b9e-15c7ea9a2e9d/remove_router_interface HTTP/1.1" status: 200 len: 503 time: 2.1577227 /var/lib/openstack/lib/python3.10/site-packages/pycadf/identifier.py:71: UserWarning: Invalid uuid: neutron. To ensure interoperability, identifiers should be a valid uuid. warnings.warn(('Invalid uuid: %s. To ensure interoperability, '
2026-07-02 06:17:32.198 9 INFO neutron.db.ovn_revision_numbers_db [None req-80b1f3a3-6969-4984-be0d-195a27078646 1f8e3dabcf81471d867dbcad0dfc928b 49f43a0d928f41b0a7fa1a3d2647d042 - - default default] Successfully bumped revision number for resource a291888b-b723-4c70-ae3e-7573de367021 (type: floatingips) to 1
2026-07-02 06:17:32.300 9 INFO neutron.db.ovn_revision_numbers_db [None req-80b1f3a3-6969-4984-be0d-195a27078646 1f8e3dabcf81471d867dbcad0dfc928b 49f43a0d928f41b0a7fa1a3d2647d042 - - default default] Successfully bumped revision number for resource a291888b-b723-4c70-ae3e-7573de367021 (type: floatingips) to 2
2026-07-02 06:17:32.324 9 INFO neutron.wsgi [None req-80b1f3a3-6969-4984-be0d-195a27078646 1f8e3dabcf81471d867dbcad0dfc928b 49f43a0d928f41b0a7fa1a3d2647d042 - - default default] 10.0.0.54 "PUT /v2.0/floatingips/a291888b-b723-4c70-ae3e-7573de367021 HTTP/1.1" status: 200 len: 1050 time: 0.7776268 /var/lib/openstack/lib/python3.10/site-packages/pycadf/identifier.py:71: UserWarning: Invalid uuid: neutron. To ensure interoperability, identifiers should be a valid uuid. warnings.warn(('Invalid uuid: %s. To ensure interoperability, '
2026-07-02 06:17:32.401 9 INFO neutron.wsgi [req-7e83aeae-b806-4871-83bd-367282c2fe43 req-82b2378e-d2b5-4618-919d-c025739d7931 1f8e3dabcf81471d867dbcad0dfc928b 49f43a0d928f41b0a7fa1a3d2647d042 - - default default] 10.0.0.131 "GET /v2.0/ports?device_id=41c6740e-7ea2-45ca-8d42-4b7bc8f57dcd HTTP/1.1" status: 200 len: 1174 time: 0.0355105
2026-07-02 06:17:32.438 9 INFO neutron.wsgi [req-7e83aeae-b806-4871-83bd-367282c2fe43 req-e430e8d6-932d-465a-aaba-62fcfbf19cd9 1f8e3dabcf81471d867dbcad0dfc928b 49f43a0d928f41b0a7fa1a3d2647d042 - - default default] 10.0.0.131 "GET /v2.0/security-groups?id=f5a8dc99-f9cc-4776-88e7-008fc010222a&fields=id&fields=name HTTP/1.1" status: 200 len: 312 time: 0.0325961
2026-07-02 06:17:32.503 9 INFO neutron.wsgi [req-402706d8-4f59-40f3-8b6c-6c502fe29e80 req-c0f1f149-fa8b-4963-b814-509a538fd205 d6c18971ae2e4e0fa492e080e39ab2da 3b9285ddab0d4b61a9ef3fae48598dff - - default default] 10.0.0.131 "GET /v2.0/ports?device_id=8b30ba86-1b76-4a5a-a015-c88561dd7309 HTTP/1.1" status: 200 len: 1174 time: 0.0316832
2026-07-02 06:17:32.569 9 INFO neutron.wsgi [req-402706d8-4f59-40f3-8b6c-6c502fe29e80 req-871663e0-ca26-4ff9-b463-078d33676a76 d6c18971ae2e4e0fa492e080e39ab2da 3b9285ddab0d4b61a9ef3fae48598dff - - default default] 10.0.0.131 "GET /v2.0/security-groups?id=aff9d175-7b86-452c-8dfa-0b52ced605cb&fields=id&fields=name HTTP/1.1" status: 200 len: 313 time: 0.0580912
2026-07-02 06:17:32.608 9 INFO neutron.notifiers.nova [-] Nova event matching ['req-b04fcadb-c789-4c16-8c1d-98a61b4f19c0'] response: {'name': 'network-changed', 'server_uuid': '41c6740e-7ea2-45ca-8d42-4b7bc8f57dcd', 'tag': '2cb91f8c-16ff-4de9-9ade-1b0ecfc063e8', 'status': 'completed', 'code': 200}
2026-07-02 06:17:32.623 10 INFO neutron.notifiers.nova [-] Nova event matching ['req-5792bbb8-d93e-44cb-bcef-3d658959a9ce'] response: {'server_uuid': '41c6740e-7ea2-45ca-8d42-4b7bc8f57dcd', 'name': 'network-vif-plugged', 'status': 'completed', 'tag': '2cb91f8c-16ff-4de9-9ade-1b0ecfc063e8', 'code': 200}
2026-07-02 06:17:32.623 10 INFO neutron.notifiers.nova [-] Nova event matching ['req-5792bbb8-d93e-44cb-bcef-3d658959a9ce'] response: {'server_uuid': '8b30ba86-1b76-4a5a-a015-c88561dd7309', 'name': 'network-vif-plugged', 'status': 'completed', 'tag': 'a07b4229-1a49-4c08-8141-260b99ef129a', 'code': 200}
2026-07-02 06:17:32.623 10 INFO neutron.notifiers.nova [-] Nova event matching ['req-5792bbb8-d93e-44cb-bcef-3d658959a9ce'] response: {'server_uuid': '8b30ba86-1b76-4a5a-a015-c88561dd7309', 'name': 'network-vif-plugged', 'status': 'completed', 'tag': 'a07b4229-1a49-4c08-8141-260b99ef129a', 'code': 200}
2026-07-02 06:17:32.706 10 INFO neutron.wsgi [req-f08fc15f-36fc-400a-a270-3ff35bd1dbe7 req-7a14a502-008e-408f-844e-5681cbcd3189 36377d1fe73e40cf8b2786a64e5f4d3a 7e96c111381543b2a8202b096e417409 - - 0b7f6a7849d742f1ad166eef4960917f 0b7f6a7849d742f1ad166eef4960917f] 199.204.45.223 "GET /v2.0/ports?tenant_id=49f43a0d928f41b0a7fa1a3d2647d042&device_id=41c6740e-7ea2-45ca-8d42-4b7bc8f57dcd HTTP/1.1" status: 200 len: 1413 time: 0.0638161
2026-07-02 06:17:32.799 10 INFO neutron.plugins.ml2.drivers.ovn.mech_driver.mech_driver [None req-d4f5bed0-99f1-472e-a4ce-f74787416234 - - - - - -] OVN reports status down for port: 2cb91f8c-16ff-4de9-9ade-1b0ecfc063e8
2026-07-02 06:17:32.803 10 INFO neutron.wsgi [req-f08fc15f-36fc-400a-a270-3ff35bd1dbe7 req-43f478b8-3ab6-4822-a147-5ae49ea911a3 36377d1fe73e40cf8b2786a64e5f4d3a 7e96c111381543b2a8202b096e417409 - - 0b7f6a7849d742f1ad166eef4960917f 0b7f6a7849d742f1ad166eef4960917f] 199.204.45.223 "GET /v2.0/networks?id=22cba43c-4e3d-4ea4-abca-71a55fea605d HTTP/1.1" status: 200 len: 973 time: 0.0835540
2026-07-02 06:17:32.814 9 INFO neutron.wsgi [req-f0ca77e0-eeee-4fd9-a5aa-931ee78000a0 req-2ebef427-8cbb-4c59-9284-b46ee7296b27 1f8e3dabcf81471d867dbcad0dfc928b 49f43a0d928f41b0a7fa1a3d2647d042 - - default default] 10.0.0.131 "GET /v2.0/ports?device_id=41c6740e-7ea2-45ca-8d42-4b7bc8f57dcd HTTP/1.1" status: 200 len: 1174 time: 0.0507476
2026-07-02 06:17:32.844 10 INFO neutron.wsgi [None req-eef6c86c-b748-4434-9b26-fdfb1779ee1d d49bbc498fb44934801760e04d946e50 a6d2ffa6fb014966b30cc01eac919e15 - - default default] 10.0.0.54 "DELETE /v2.0/routers/0b891a92-78e2-4174-9b9e-15c7ea9a2e9d HTTP/1.1" status: 204 len: 168 time: 0.7719293
2026-07-02 06:17:32.892 10 INFO neutron.wsgi [req-f08fc15f-36fc-400a-a270-3ff35bd1dbe7 req-0fef8202-4f4c-470d-a77a-e1a0c7752206 36377d1fe73e40cf8b2786a64e5f4d3a 7e96c111381543b2a8202b096e417409 - - 0b7f6a7849d742f1ad166eef4960917f 0b7f6a7849d742f1ad166eef4960917f] 199.204.45.223 "GET /v2.0/floatingips?fixed_ip_address=10.100.0.11&port_id=2cb91f8c-16ff-4de9-9ade-1b0ecfc063e8 HTTP/1.1" status: 200 len: 1060 time: 0.0791292
2026-07-02 06:17:32.902 9 INFO neutron.wsgi [req-f0ca77e0-eeee-4fd9-a5aa-931ee78000a0 req-2cd0b377-4886-4b5c-98b0-a2228e2e7e11 1f8e3dabcf81471d867dbcad0dfc928b 49f43a0d928f41b0a7fa1a3d2647d042 - - default default] 10.0.0.131 "GET /v2.0/security-groups?id=f5a8dc99-f9cc-4776-88e7-008fc010222a&fields=id&fields=name HTTP/1.1" status: 200 len: 312 time: 0.0801766
2026-07-02 06:17:32.955 10 INFO neutron.wsgi [req-f08fc15f-36fc-400a-a270-3ff35bd1dbe7 req-4ba6826d-e1cb-410f-b744-38f34ccaa125 36377d1fe73e40cf8b2786a64e5f4d3a 7e96c111381543b2a8202b096e417409 - - 0b7f6a7849d742f1ad166eef4960917f 0b7f6a7849d742f1ad166eef4960917f] 199.204.45.223 "GET /v2.0/subnets?id=95cbea10-90f1-4a74-8595-c7f9fe7385e8 HTTP/1.1" status: 200 len: 868 time: 0.0427308
2026-07-02 06:17:33.002 10 INFO neutron.wsgi [req-f08fc15f-36fc-400a-a270-3ff35bd1dbe7 req-f3cab2df-9bff-4598-bcb1-2f1dba855446 36377d1fe73e40cf8b2786a64e5f4d3a 7e96c111381543b2a8202b096e417409 - - 0b7f6a7849d742f1ad166eef4960917f 0b7f6a7849d742f1ad166eef4960917f] 199.204.45.223 "GET /v2.0/ports?network_id=22cba43c-4e3d-4ea4-abca-71a55fea605d&device_owner=network%3Adhcp HTTP/1.1" status: 200 len: 210 time: 0.0356090
2026-07-02 06:17:33.082 9 INFO neutron.wsgi [None req-861cf839-6e72-4a50-a94b-64d06194c939 d49bbc498fb44934801760e04d946e50 a6d2ffa6fb014966b30cc01eac919e15 - - default default] 10.0.0.54 "DELETE /v2.0/subnets/b3a40d2a-7d15-42b4-a5a6-1cb419ba9146 HTTP/1.1" status: 204 len: 168 time: 0.2336667
2026-07-02 06:17:33.088 10 INFO neutron.wsgi [req-f08fc15f-36fc-400a-a270-3ff35bd1dbe7 req-868d3259-843d-4f0c-8ece-07efe2fb9f2a 36377d1fe73e40cf8b2786a64e5f4d3a 7e96c111381543b2a8202b096e417409 - - 0b7f6a7849d742f1ad166eef4960917f 0b7f6a7849d742f1ad166eef4960917f] 199.204.45.223 "GET /v2.0/networks/22cba43c-4e3d-4ea4-abca-71a55fea605d?fields=segments HTTP/1.1" status: 200 len: 212 time: 0.0781140
2026-07-02 06:17:33.131 9 INFO neutron.wsgi [req-6690d52c-f244-4d9e-b222-fbcb266162e1 req-7b06a773-5943-4f45-89ae-c63891bc6559 1f8e3dabcf81471d867dbcad0dfc928b 49f43a0d928f41b0a7fa1a3d2647d042 - - default default] 199.204.45.223 "GET /v2.0/ports?device_id=41c6740e-7ea2-45ca-8d42-4b7bc8f57dcd HTTP/1.1" status: 200 len: 1172 time: 0.0537684
2026-07-02 06:17:33.199 10 INFO neutron.wsgi [req-f08fc15f-36fc-400a-a270-3ff35bd1dbe7 req-61ef2470-5ad4-4944-bec0-b78bb37ea872 36377d1fe73e40cf8b2786a64e5f4d3a 7e96c111381543b2a8202b096e417409 - - 0b7f6a7849d742f1ad166eef4960917f 0b7f6a7849d742f1ad166eef4960917f] 199.204.45.223 "GET /v2.0/networks/22cba43c-4e3d-4ea4-abca-71a55fea605d?fields=provider%3Aphysical_network&fields=provider%3Anetwork_type HTTP/1.1" status: 200 len: 277 time: 0.1075871
2026-07-02 06:17:33.230 10 INFO neutron.db.ovn_revision_numbers_db [None req-d4f5bed0-99f1-472e-a4ce-f74787416234 - - - - - -] Successfully bumped revision number for resource 2cb91f8c-16ff-4de9-9ade-1b0ecfc063e8 (type: ports) to 5
2026-07-02 06:17:33.527 9 INFO neutron.db.l3_db [req-6690d52c-f244-4d9e-b222-fbcb266162e1 req-24f9e24c-c38a-48bc-b933-2566c3d89ea3 1f8e3dabcf81471d867dbcad0dfc928b 49f43a0d928f41b0a7fa1a3d2647d042 - - default default] Floating IP a291888b-b723-4c70-ae3e-7573de367021 disassociated. External IP: 10.96.250.209, port: 2cb91f8c-16ff-4de9-9ade-1b0ecfc063e8.
2026-07-02 06:17:33.567 10 INFO neutron.wsgi [None req-51acc66c-ed24-4b3a-a3e2-6bebfbcb21df d49bbc498fb44934801760e04d946e50 a6d2ffa6fb014966b30cc01eac919e15 - - default default] 10.0.0.54 "DELETE /v2.0/networks/02a9a157-9526-432e-9897-39ef0c81b584 HTTP/1.1" status: 204 len: 168 time: 0.4767983 /var/lib/openstack/lib/python3.10/site-packages/pycadf/identifier.py:71: UserWarning: Invalid uuid: neutron. To ensure interoperability, identifiers should be a valid uuid. warnings.warn(('Invalid uuid: %s. To ensure interoperability, '
2026-07-02 06:17:33.700 9 INFO neutron.wsgi [req-6918de0d-4e5a-49ec-9969-231925143ba9 req-09b7a2ad-aaa7-42a4-8968-b5957fdc009f d6c18971ae2e4e0fa492e080e39ab2da 3b9285ddab0d4b61a9ef3fae48598dff - - default default] 10.0.0.131 "GET /v2.0/ports?device_id=8b30ba86-1b76-4a5a-a015-c88561dd7309 HTTP/1.1" status: 200 len: 1174 time: 0.0426240 /var/lib/openstack/lib/python3.10/site-packages/pycadf/identifier.py:71: UserWarning: Invalid uuid: neutron. To ensure interoperability, identifiers should be a valid uuid. warnings.warn(('Invalid uuid: %s. To ensure interoperability, '
2026-07-02 06:17:33.743 10 INFO neutron.wsgi [None req-0a39153b-4a56-411f-ad7a-a5144153afe2 d49bbc498fb44934801760e04d946e50 a6d2ffa6fb014966b30cc01eac919e15 - - default default] 10.0.0.54 "GET /v2.0/security-groups?tenant_id=dbd987a28bff4525af0d3fa85589ee11&name=default HTTP/1.1" status: 200 len: 2992 time: 0.0358768
2026-07-02 06:17:33.771 9 INFO neutron.wsgi [req-6918de0d-4e5a-49ec-9969-231925143ba9 req-6b0e510b-c24a-4238-8aeb-ad017fbf5034 d6c18971ae2e4e0fa492e080e39ab2da 3b9285ddab0d4b61a9ef3fae48598dff - - default default] 10.0.0.131 "GET /v2.0/security-groups?id=aff9d175-7b86-452c-8dfa-0b52ced605cb&fields=id&fields=name HTTP/1.1" status: 200 len: 313 time: 0.0616758
2026-07-02 06:17:33.808 9 INFO neutron.wsgi [req-6690d52c-f244-4d9e-b222-fbcb266162e1 req-24f9e24c-c38a-48bc-b933-2566c3d89ea3 1f8e3dabcf81471d867dbcad0dfc928b 49f43a0d928f41b0a7fa1a3d2647d042 - - default default] 199.204.45.223 "DELETE /v2.0/ports/2cb91f8c-16ff-4de9-9ade-1b0ecfc063e8 HTTP/1.1" status: 204 len: 173 time: 0.6734610
2026-07-02 06:17:33.870 9 INFO neutron.wsgi [req-78c083f2-6049-475c-9a09-f69a8425670c req-6f6bc333-30da-47f0-b659-ad9c87500162 d6c18971ae2e4e0fa492e080e39ab2da 3b9285ddab0d4b61a9ef3fae48598dff - - default default] 10.0.0.131 "GET /v2.0/ports?device_id=8b30ba86-1b76-4a5a-a015-c88561dd7309 HTTP/1.1" status: 200 len: 1174 time: 0.0382514
2026-07-02 06:17:33.997 9 INFO neutron.wsgi [req-97712ecc-f53e-406d-acd8-1809e7157f8b req-f3e96fb4-5073-4e2f-aff3-e02dda4fdacf 1f8e3dabcf81471d867dbcad0dfc928b 49f43a0d928f41b0a7fa1a3d2647d042 - - default default] 10.0.0.131 "GET /v2.0/ports?device_id=41c6740e-7ea2-45ca-8d42-4b7bc8f57dcd HTTP/1.1" status: 200 len: 210 time: 0.0259106
2026-07-02 06:17:34.001 10 INFO neutron.wsgi [None req-fae8f0c7-6f27-4ac7-b592-d465ba7fb74b d49bbc498fb44934801760e04d946e50 a6d2ffa6fb014966b30cc01eac919e15 - - default default] 10.0.0.54 "DELETE /v2.0/security-groups/6bfa6d55-fa44-4b4c-ba28-dc9ee9aa2d6a HTTP/1.1" status: 204 len: 168 time: 0.2537060
2026-07-02 06:17:34.071 10 INFO neutron.services.segments.plugin [-] Segment 1656bebf-2623-44fb-9736-cbbea3169d8b resource provider aggregate not found
2026-07-02 06:17:34.078 10 INFO neutron.services.segments.plugin [-] Segment 1656bebf-2623-44fb-9736-cbbea3169d8b resource provider aggregate not found
2026-07-02 06:17:34.092 10 INFO neutron.services.segments.plugin [-] Segment 1656bebf-2623-44fb-9736-cbbea3169d8b resource provider not found; error: Placement Client Error (4xx): {"errors": [{"status": 404, "title": "Not Found", "detail": "The resource could not be found.\n\n No resource provider with uuid 1656bebf-2623-44fb-9736-cbbea3169d8b found for delete ", "request_id": "req-623f996b-30e4-435d-8d4d-a78f162fefb7"}]}
2026-07-02 06:17:34.096 10 INFO neutron.services.segments.plugin [-] Segment 1656bebf-2623-44fb-9736-cbbea3169d8b resource provider not found; error: Placement Client Error (4xx): {"errors": [{"status": 404, "title": "Not Found", "detail": "The resource could not be found.\n\n No resource provider with uuid 1656bebf-2623-44fb-9736-cbbea3169d8b found for delete ", "request_id": "req-a10ea846-7f0d-42b8-8a00-bdc2b7dda521"}]}
2026-07-02 06:17:34.143 9 INFO neutron.db.l3_db [None req-778ac799-80ab-46b7-80f6-e7d19accd1b3 d6c18971ae2e4e0fa492e080e39ab2da 3b9285ddab0d4b61a9ef3fae48598dff - - default default] Floating IP 748d8fc8-ddc5-4d8b-98e5-3671fe9e743e associated. External IP: 10.96.250.214, port: a07b4229-1a49-4c08-8141-260b99ef129a.
2026-07-02 06:17:34.362 9 INFO neutron.db.ovn_revision_numbers_db [None req-778ac799-80ab-46b7-80f6-e7d19accd1b3 d6c18971ae2e4e0fa492e080e39ab2da 3b9285ddab0d4b61a9ef3fae48598dff - - default default] Successfully bumped revision number for resource 748d8fc8-ddc5-4d8b-98e5-3671fe9e743e (type: floatingips) to 1
2026-07-02 06:17:34.478 9 INFO neutron.db.ovn_revision_numbers_db [None req-778ac799-80ab-46b7-80f6-e7d19accd1b3 d6c18971ae2e4e0fa492e080e39ab2da 3b9285ddab0d4b61a9ef3fae48598dff - - default default] Successfully bumped revision number for resource 748d8fc8-ddc5-4d8b-98e5-3671fe9e743e (type: floatingips) to 2
2026-07-02 06:17:34.521 9 INFO neutron.wsgi [None req-778ac799-80ab-46b7-80f6-e7d19accd1b3 d6c18971ae2e4e0fa492e080e39ab2da 3b9285ddab0d4b61a9ef3fae48598dff - - default default] 10.0.0.54 "PUT /v2.0/floatingips/748d8fc8-ddc5-4d8b-98e5-3671fe9e743e HTTP/1.1" status: 200 len: 1050 time: 0.6377230
2026-07-02 06:17:34.665 9 INFO neutron.notifiers.nova [-] Nova event matching ['req-e6abb9ad-1909-4a73-a352-07bcc28ef099'] response: {'server_uuid': '41c6740e-7ea2-45ca-8d42-4b7bc8f57dcd', 'name': 'network-vif-deleted', 'tag': '2cb91f8c-16ff-4de9-9ade-1b0ecfc063e8', 'status': 'completed', 'code': 200}
2026-07-02 06:17:34.666 9 INFO neutron.notifiers.nova [-] Nova event matching ['req-e6abb9ad-1909-4a73-a352-07bcc28ef099'] response: {'name': 'network-changed', 'server_uuid': '8b30ba86-1b76-4a5a-a015-c88561dd7309', 'tag': 'a07b4229-1a49-4c08-8141-260b99ef129a', 'status': 'completed', 'code': 200}
2026-07-02 06:17:34.680 10 INFO neutron.notifiers.nova [-] Nova event matching ['req-3259b038-9a91-4028-b6e6-b18136136afd'] response: {'server_uuid': '41c6740e-7ea2-45ca-8d42-4b7bc8f57dcd', 'name': 'network-vif-unplugged', 'status': 'completed', 'tag': '2cb91f8c-16ff-4de9-9ade-1b0ecfc063e8', 'code': 200}
2026-07-02 06:17:34.681 10 INFO neutron.notifiers.nova [-] Nova event matching ['req-3259b038-9a91-4028-b6e6-b18136136afd'] response: {'server_uuid': '41c6740e-7ea2-45ca-8d42-4b7bc8f57dcd', 'name': 'network-vif-plugged', 'status': 'completed', 'tag': '2cb91f8c-16ff-4de9-9ade-1b0ecfc063e8', 'code': 200} /var/lib/openstack/lib/python3.10/site-packages/pycadf/identifier.py:71: UserWarning: Invalid uuid: neutron. To ensure interoperability, identifiers should be a valid uuid. warnings.warn(('Invalid uuid: %s. To ensure interoperability, '
