2026-07-02 06:18:16.960 10 INFO neutron.wsgi [None req-20120258-7382-403e-91d2-ca2f971e928f d49bbc498fb44934801760e04d946e50 a6d2ffa6fb014966b30cc01eac919e15 - - default default] 10.0.0.54 "DELETE /v2.0/security-groups/98d005b4-8026-4247-bd69-f971676cee41 HTTP/1.1" status: 204 len: 168 time: 0.2071028
2026-07-02 06:18:17.079 9 INFO neutron.wsgi [req-4d03800d-a5dd-44d4-b30d-f05408b970b7 req-e8dab4c5-de12-433a-a164-484b540fa3a4 269a175eee5742d7a656971d4e76d0b3 6ed41f446c52485797e61d651e8f2168 - - default default] 10.0.0.131 "GET /v2.0/ports?device_id=1be55f8c-c890-4905-9eab-0747d9b84ea8 HTTP/1.1" status: 200 len: 1170 time: 0.0474236
2026-07-02 06:18:17.110 10 INFO neutron.plugins.ml2.drivers.ovn.mech_driver.mech_driver [None req-d4f5bed0-99f1-472e-a4ce-f74787416234 - - - - - -] OVN reports status down for port: dedcfecb-b527-4e35-93c8-2207e4973e2c
2026-07-02 06:18:17.155 9 INFO neutron.wsgi [req-4d03800d-a5dd-44d4-b30d-f05408b970b7 req-1d948bc3-a420-4626-8325-2347710fd035 269a175eee5742d7a656971d4e76d0b3 6ed41f446c52485797e61d651e8f2168 - - default default] 10.0.0.131 "GET /v2.0/security-groups?id=b7a87ab4-41d3-4c0f-aa1a-a5965310a294&fields=id&fields=name HTTP/1.1" status: 200 len: 312 time: 0.0660233
2026-07-02 06:18:17.319 10 INFO neutron.notifiers.nova [-] Nova event matching ['req-3c944784-fb3c-4714-a322-18a1392089c4'] response: {'name': 'network-changed', 'server_uuid': '1be55f8c-c890-4905-9eab-0747d9b84ea8', 'tag': 'dedcfecb-b527-4e35-93c8-2207e4973e2c', 'status': 'completed', 'code': 200}
2026-07-02 06:18:17.320 10 INFO neutron.notifiers.nova [-] Nova event matching ['req-3c944784-fb3c-4714-a322-18a1392089c4'] response: {'server_uuid': '1be55f8c-c890-4905-9eab-0747d9b84ea8', 'name': 'network-vif-unplugged', 'status': 'completed', 'tag': 'dedcfecb-b527-4e35-93c8-2207e4973e2c', 'code': 200}
2026-07-02 06:18:17.379 9 INFO neutron.wsgi [req-d6ce67f9-40f1-4336-819a-b443076650ef req-b9159c91-3e08-4660-9dd7-68a062d45f4b 36377d1fe73e40cf8b2786a64e5f4d3a 7e96c111381543b2a8202b096e417409 - - 0b7f6a7849d742f1ad166eef4960917f 0b7f6a7849d742f1ad166eef4960917f] 199.204.45.223 "GET /v2.0/ports?tenant_id=6ed41f446c52485797e61d651e8f2168&device_id=1be55f8c-c890-4905-9eab-0747d9b84ea8 HTTP/1.1" status: 200 len: 1407 time: 0.0387363
2026-07-02 06:18:17.450 9 INFO neutron.wsgi [req-d6ce67f9-40f1-4336-819a-b443076650ef req-761295d4-3ac2-4184-8ac7-0ff6b381ebba 36377d1fe73e40cf8b2786a64e5f4d3a 7e96c111381543b2a8202b096e417409 - - 0b7f6a7849d742f1ad166eef4960917f 0b7f6a7849d742f1ad166eef4960917f] 199.204.45.223 "GET /v2.0/networks?id=945c7c11-a462-4761-938e-b14b8f603010 HTTP/1.1" status: 200 len: 978 time: 0.0635214
2026-07-02 06:18:17.484 10 INFO neutron.wsgi [req-228ac0f6-aae5-4736-8f8c-b5115d2b3076 req-fd963c08-2c34-4ef9-baf7-bbb7af07d149 269a175eee5742d7a656971d4e76d0b3 6ed41f446c52485797e61d651e8f2168 - - default default] 199.204.45.223 "GET /v2.0/ports?device_id=1be55f8c-c890-4905-9eab-0747d9b84ea8 HTTP/1.1" status: 200 len: 1168 time: 0.1422598
2026-07-02 06:18:17.496 10 INFO neutron.db.ovn_revision_numbers_db [None req-52417339-81f6-4dd7-88fd-cebbf5cf6385 d49bbc498fb44934801760e04d946e50 a6d2ffa6fb014966b30cc01eac919e15 - - default default] Successfully bumped revision number for resource cbde94de-3e98-4a0f-ac14-a7e4eb01a3b9 (type: security_groups) to 1
2026-07-02 06:18:17.497 10 INFO neutron.db.ovn_revision_numbers_db [None req-d4f5bed0-99f1-472e-a4ce-f74787416234 - - - - - -] Successfully bumped revision number for resource dedcfecb-b527-4e35-93c8-2207e4973e2c (type: ports) to 5
2026-07-02 06:18:17.498 9 INFO neutron.wsgi [req-d6ce67f9-40f1-4336-819a-b443076650ef req-f74b130a-a679-41fc-8be4-a3639c58b26e 36377d1fe73e40cf8b2786a64e5f4d3a 7e96c111381543b2a8202b096e417409 - - 0b7f6a7849d742f1ad166eef4960917f 0b7f6a7849d742f1ad166eef4960917f] 199.204.45.223 "GET /v2.0/floatingips?fixed_ip_address=10.100.0.8&port_id=dedcfecb-b527-4e35-93c8-2207e4973e2c HTTP/1.1" status: 200 len: 1057 time: 0.0413084
2026-07-02 06:18:17.523 10 INFO neutron.db.ovn_revision_numbers_db [None req-52417339-81f6-4dd7-88fd-cebbf5cf6385 d49bbc498fb44934801760e04d946e50 a6d2ffa6fb014966b30cc01eac919e15 - - default default] Successfully bumped revision number for resource 3eadc77e-8ec6-43ff-b3aa-e542fff2fac1 (type: security_group_rules) to 0
2026-07-02 06:18:17.535 9 INFO neutron.wsgi [req-d6ce67f9-40f1-4336-819a-b443076650ef req-4bbfcbab-4663-4922-81cc-e5cb68d567d2 36377d1fe73e40cf8b2786a64e5f4d3a 7e96c111381543b2a8202b096e417409 - - 0b7f6a7849d742f1ad166eef4960917f 0b7f6a7849d742f1ad166eef4960917f] 199.204.45.223 "GET /v2.0/subnets?id=e56c607b-c974-4b7b-b307-237531d88ab0 HTTP/1.1" status: 200 len: 873 time: 0.0311747
2026-07-02 06:18:17.550 10 INFO neutron.db.ovn_revision_numbers_db [None req-52417339-81f6-4dd7-88fd-cebbf5cf6385 d49bbc498fb44934801760e04d946e50 a6d2ffa6fb014966b30cc01eac919e15 - - default default] Successfully bumped revision number for resource 52352aca-094a-4630-a649-00cf3eaba5b2 (type: security_group_rules) to 0
2026-07-02 06:18:17.569 9 INFO neutron.wsgi [req-d6ce67f9-40f1-4336-819a-b443076650ef req-03540b37-1045-4594-a676-de00b73cc0a1 36377d1fe73e40cf8b2786a64e5f4d3a 7e96c111381543b2a8202b096e417409 - - 0b7f6a7849d742f1ad166eef4960917f 0b7f6a7849d742f1ad166eef4960917f] 199.204.45.223 "GET /v2.0/ports?network_id=945c7c11-a462-4761-938e-b14b8f603010&device_owner=network%3Adhcp HTTP/1.1" status: 200 len: 210 time: 0.0279422
2026-07-02 06:18:17.574 10 INFO neutron.db.ovn_revision_numbers_db [None req-52417339-81f6-4dd7-88fd-cebbf5cf6385 d49bbc498fb44934801760e04d946e50 a6d2ffa6fb014966b30cc01eac919e15 - - default default] Successfully bumped revision number for resource ea673501-4dd1-4d55-804f-d44c68d2cf40 (type: security_group_rules) to 0
2026-07-02 06:18:17.594 10 INFO neutron.db.ovn_revision_numbers_db [None req-52417339-81f6-4dd7-88fd-cebbf5cf6385 d49bbc498fb44934801760e04d946e50 a6d2ffa6fb014966b30cc01eac919e15 - - default default] Successfully bumped revision number for resource fdba1e0b-5a9b-493b-865a-e759f33af355 (type: security_group_rules) to 0
2026-07-02 06:18:17.625 10 INFO neutron.wsgi [None req-52417339-81f6-4dd7-88fd-cebbf5cf6385 d49bbc498fb44934801760e04d946e50 a6d2ffa6fb014966b30cc01eac919e15 - - default default] 10.0.0.54 "GET /v2.0/security-groups?tenant_id=30ce68c527e94dee9893af133d9ef732&name=default HTTP/1.1" status: 200 len: 2996 time: 0.6625204
2026-07-02 06:18:17.644 9 INFO neutron.wsgi [req-d6ce67f9-40f1-4336-819a-b443076650ef req-685bf772-e5da-41f5-bea1-7f8d725bd7c1 36377d1fe73e40cf8b2786a64e5f4d3a 7e96c111381543b2a8202b096e417409 - - 0b7f6a7849d742f1ad166eef4960917f 0b7f6a7849d742f1ad166eef4960917f] 199.204.45.223 "GET /v2.0/networks/945c7c11-a462-4761-938e-b14b8f603010?fields=segments HTTP/1.1" status: 200 len: 212 time: 0.0678201
2026-07-02 06:18:17.790 10 INFO neutron.db.l3_db [req-228ac0f6-aae5-4736-8f8c-b5115d2b3076 req-cf328a11-c92f-428b-a0cf-fc25af7f3c90 269a175eee5742d7a656971d4e76d0b3 6ed41f446c52485797e61d651e8f2168 - - default default] Floating IP c579b126-4b16-41dd-a782-e73ca69c88fc disassociated. External IP: 10.96.250.217, port: dedcfecb-b527-4e35-93c8-2207e4973e2c.
2026-07-02 06:18:17.959 9 INFO neutron.wsgi [req-d6ce67f9-40f1-4336-819a-b443076650ef req-ffcd97a7-3df6-4624-b97e-86c80278d095 36377d1fe73e40cf8b2786a64e5f4d3a 7e96c111381543b2a8202b096e417409 - - 0b7f6a7849d742f1ad166eef4960917f 0b7f6a7849d742f1ad166eef4960917f] 199.204.45.223 "GET /v2.0/networks/945c7c11-a462-4761-938e-b14b8f603010?fields=provider%3Aphysical_network&fields=provider%3Anetwork_type HTTP/1.1" status: 200 len: 277 time: 0.3080597
2026-07-02 06:18:18.095 10 INFO neutron.services.segments.plugin [-] Segment efe822f5-0548-4230-a80f-33e7bcdd2581 resource provider aggregate not found
2026-07-02 06:18:18.100 10 INFO neutron.services.segments.plugin [-] Segment efe822f5-0548-4230-a80f-33e7bcdd2581 resource provider aggregate not found
2026-07-02 06:18:18.103 9 INFO neutron.wsgi [None req-4d1e8e31-afd0-45f3-9a7a-c6c65a05b887 d49bbc498fb44934801760e04d946e50 a6d2ffa6fb014966b30cc01eac919e15 - - default default] 10.0.0.54 "DELETE /v2.0/security-groups/cbde94de-3e98-4a0f-ac14-a7e4eb01a3b9 HTTP/1.1" status: 204 len: 168 time: 0.4705555
2026-07-02 06:18:18.137 10 INFO neutron.services.segments.plugin [-] Segment efe822f5-0548-4230-a80f-33e7bcdd2581 resource provider not found; error: Placement Client Error (4xx): {"errors": [{"status": 404, "title": "Not Found", "detail": "The resource could not be found.\n\n No resource provider with uuid efe822f5-0548-4230-a80f-33e7bcdd2581 found for delete ", "request_id": "req-a28d0de8-d892-46ca-94e8-7be5683d7823"}]}
2026-07-02 06:18:18.138 10 INFO neutron.services.segments.plugin [-] Segment efe822f5-0548-4230-a80f-33e7bcdd2581 resource provider not found; error: Placement Client Error (4xx): {"errors": [{"status": 404, "title": "Not Found", "detail": "The resource could not be found.\n\n No resource provider with uuid efe822f5-0548-4230-a80f-33e7bcdd2581 found for delete ", "request_id": "req-beebca1a-443e-42fb-83fa-a3852d4310f9"}]}
2026-07-02 06:18:18.239 10 INFO neutron.wsgi [req-228ac0f6-aae5-4736-8f8c-b5115d2b3076 req-cf328a11-c92f-428b-a0cf-fc25af7f3c90 269a175eee5742d7a656971d4e76d0b3 6ed41f446c52485797e61d651e8f2168 - - default default] 199.204.45.223 "DELETE /v2.0/ports/dedcfecb-b527-4e35-93c8-2207e4973e2c HTTP/1.1" status: 204 len: 173 time: 0.7496204 /var/lib/openstack/lib/python3.10/site-packages/pycadf/identifier.py:71: UserWarning: Invalid uuid: neutron. To ensure interoperability, identifiers should be a valid uuid. warnings.warn(('Invalid uuid: %s. To ensure interoperability, '
2026-07-02 06:18:18.271 9 INFO neutron.wsgi [req-95a804bd-264a-4899-865f-f92ca888a209 req-e17872bd-7bb8-4564-9dbe-cbd57050d684 269a175eee5742d7a656971d4e76d0b3 6ed41f446c52485797e61d651e8f2168 - - default default] 10.0.0.131 "GET /v2.0/ports?device_id=1be55f8c-c890-4905-9eab-0747d9b84ea8 HTTP/1.1" status: 200 len: 210 time: 0.0253994 /var/lib/openstack/lib/python3.10/site-packages/pycadf/identifier.py:71: UserWarning: Invalid uuid: neutron. To ensure interoperability, identifiers should be a valid uuid. warnings.warn(('Invalid uuid: %s. To ensure interoperability, '
2026-07-02 06:18:18.654 10 INFO neutron.db.ovn_revision_numbers_db [None req-f5a09674-87e8-4a1c-822e-fe4016f3393f 40eacf1e52e640fb91b4c8f159794527 6c4d7eb03a7a4a07b17ca8e4e96b7380 - - default default] Successfully bumped revision number for resource e3e63bc7-a4d4-4d01-8b5a-5908bf3a2bf0 (type: security_groups) to 1
2026-07-02 06:18:18.679 10 INFO neutron.db.ovn_revision_numbers_db [None req-f5a09674-87e8-4a1c-822e-fe4016f3393f 40eacf1e52e640fb91b4c8f159794527 6c4d7eb03a7a4a07b17ca8e4e96b7380 - - default default] Successfully bumped revision number for resource a09a67f7-da34-41b3-be29-f937354c151b (type: security_group_rules) to 0
2026-07-02 06:18:18.696 10 INFO neutron.db.ovn_revision_numbers_db [None req-f5a09674-87e8-4a1c-822e-fe4016f3393f 40eacf1e52e640fb91b4c8f159794527 6c4d7eb03a7a4a07b17ca8e4e96b7380 - - default default] Successfully bumped revision number for resource ac02fa6f-72f1-44e7-9e25-ef690b45ce0c (type: security_group_rules) to 0
2026-07-02 06:18:18.714 10 INFO neutron.db.ovn_revision_numbers_db [None req-f5a09674-87e8-4a1c-822e-fe4016f3393f 40eacf1e52e640fb91b4c8f159794527 6c4d7eb03a7a4a07b17ca8e4e96b7380 - - default default] Successfully bumped revision number for resource fa033f78-446c-4fad-a79a-69b2c82b7dbf (type: security_group_rules) to 0
2026-07-02 06:18:18.732 10 INFO neutron.db.ovn_revision_numbers_db [None req-f5a09674-87e8-4a1c-822e-fe4016f3393f 40eacf1e52e640fb91b4c8f159794527 6c4d7eb03a7a4a07b17ca8e4e96b7380 - - default default] Successfully bumped revision number for resource fe12d72d-ee92-4822-a492-a9b7158b4199 (type: security_group_rules) to 0
2026-07-02 06:18:18.811 10 INFO neutron.db.ovn_revision_numbers_db [None req-f5a09674-87e8-4a1c-822e-fe4016f3393f 40eacf1e52e640fb91b4c8f159794527 6c4d7eb03a7a4a07b17ca8e4e96b7380 - - default default] Successfully bumped revision number for resource 18330f58-5329-49d0-be6b-b3e295cc480b (type: security_groups) to 1
2026-07-02 06:18:18.825 10 INFO neutron.db.ovn_revision_numbers_db [None req-f5a09674-87e8-4a1c-822e-fe4016f3393f 40eacf1e52e640fb91b4c8f159794527 6c4d7eb03a7a4a07b17ca8e4e96b7380 - - default default] Successfully bumped revision number for resource 7e3eb9ad-7065-480c-b140-91f0fd3c9eb2 (type: security_group_rules) to 0
2026-07-02 06:18:18.837 10 INFO neutron.db.ovn_revision_numbers_db [None req-f5a09674-87e8-4a1c-822e-fe4016f3393f 40eacf1e52e640fb91b4c8f159794527 6c4d7eb03a7a4a07b17ca8e4e96b7380 - - default default] Successfully bumped revision number for resource dd8e6f0c-0cd0-4a86-9675-c12e2e35a48b (type: security_group_rules) to 0
2026-07-02 06:18:18.856 10 INFO neutron.wsgi [None req-f5a09674-87e8-4a1c-822e-fe4016f3393f 40eacf1e52e640fb91b4c8f159794527 6c4d7eb03a7a4a07b17ca8e4e96b7380 - - default default] 10.0.0.54 "POST /v2.0/security-groups HTTP/1.1" status: 201 len: 1761 time: 0.5635955
2026-07-02 06:18:18.913 9 INFO neutron.wsgi [None req-8d4cb67d-4383-4efb-8e4b-c6de59a48a53 40eacf1e52e640fb91b4c8f159794527 6c4d7eb03a7a4a07b17ca8e4e96b7380 - - default default] 10.0.0.54 "GET /v2.0/security-groups HTTP/1.1" status: 200 len: 4539 time: 0.0454717
2026-07-02 06:18:19.010 9 INFO neutron.db.ovn_revision_numbers_db [None req-ddcf7b0b-c5ee-4d2e-a7e5-50569654b3be 40eacf1e52e640fb91b4c8f159794527 6c4d7eb03a7a4a07b17ca8e4e96b7380 - - default default] Successfully bumped revision number for resource 18330f58-5329-49d0-be6b-b3e295cc480b (type: security_groups) to 2
2026-07-02 06:18:19.014 9 INFO neutron.wsgi [None req-ddcf7b0b-c5ee-4d2e-a7e5-50569654b3be 40eacf1e52e640fb91b4c8f159794527 6c4d7eb03a7a4a07b17ca8e4e96b7380 - - default default] 10.0.0.54 "PUT /v2.0/security-groups/18330f58-5329-49d0-be6b-b3e295cc480b HTTP/1.1" status: 200 len: 1795 time: 0.0960107
2026-07-02 06:18:19.048 10 INFO neutron.wsgi [None req-a4cf400a-3b90-4a99-aef7-6598d3195e6f 40eacf1e52e640fb91b4c8f159794527 6c4d7eb03a7a4a07b17ca8e4e96b7380 - - default default] 10.0.0.54 "GET /v2.0/security-groups/18330f58-5329-49d0-be6b-b3e295cc480b HTTP/1.1" status: 200 len: 1795 time: 0.0279148
2026-07-02 06:18:19.187 10 INFO neutron.wsgi [None req-57864b6c-71c8-4f82-b74f-ee94ed352194 40eacf1e52e640fb91b4c8f159794527 6c4d7eb03a7a4a07b17ca8e4e96b7380 - - default default] 10.0.0.54 "DELETE /v2.0/security-groups/18330f58-5329-49d0-be6b-b3e295cc480b HTTP/1.1" status: 204 len: 168 time: 0.1352687
2026-07-02 06:18:19.246 10 INFO neutron.wsgi [None req-d922b5c7-4194-409e-abc8-6501a7e2625f 40eacf1e52e640fb91b4c8f159794527 6c4d7eb03a7a4a07b17ca8e4e96b7380 - - default default] 10.0.0.54 "GET /v2.0/security-groups HTTP/1.1" status: 200 len: 2996 time: 0.0517356
2026-07-02 06:18:19.266 9 INFO neutron.api.v2.resource [None req-6907dc40-27c4-4de0-bf0e-a7e9ac3aab71 40eacf1e52e640fb91b4c8f159794527 6c4d7eb03a7a4a07b17ca8e4e96b7380 - - default default] delete failed (client error): The resource could not be found.
2026-07-02 06:18:19.268 9 INFO neutron.wsgi [None req-6907dc40-27c4-4de0-bf0e-a7e9ac3aab71 40eacf1e52e640fb91b4c8f159794527 6c4d7eb03a7a4a07b17ca8e4e96b7380 - - default default] 10.0.0.54 "DELETE /v2.0/security-groups/18330f58-5329-49d0-be6b-b3e295cc480b HTTP/1.1" status: 404 len: 347 time: 0.0143375
2026-07-02 06:18:19.369 10 INFO neutron.notifiers.nova [-] Nova event matching ['req-d56f00d0-e6e8-4a1a-ac4d-cac73bde0ec9'] response: {'server_uuid': '1be55f8c-c890-4905-9eab-0747d9b84ea8', 'name': 'network-vif-plugged', 'status': 'completed', 'tag': 'dedcfecb-b527-4e35-93c8-2207e4973e2c', 'code': 200}
2026-07-02 06:18:19.369 10 INFO neutron.notifiers.nova [-] Nova event matching ['req-d56f00d0-e6e8-4a1a-ac4d-cac73bde0ec9'] response: {'server_uuid': '1be55f8c-c890-4905-9eab-0747d9b84ea8', 'name': 'network-vif-deleted', 'tag': 'dedcfecb-b527-4e35-93c8-2207e4973e2c', 'status': 'completed', 'code': 200}
2026-07-02 06:18:19.392 9 INFO neutron.db.ovn_revision_numbers_db [None req-093bac3b-5110-4070-b6ec-b1d60d2d3f5e 40eacf1e52e640fb91b4c8f159794527 6c4d7eb03a7a4a07b17ca8e4e96b7380 - - default default] Successfully bumped revision number for resource 8ef291be-0a13-420e-9962-455ba1b85ca8 (type: security_groups) to 1
2026-07-02 06:18:19.411 9 INFO neutron.db.ovn_revision_numbers_db [None req-093bac3b-5110-4070-b6ec-b1d60d2d3f5e 40eacf1e52e640fb91b4c8f159794527 6c4d7eb03a7a4a07b17ca8e4e96b7380 - - default default] Successfully bumped revision number for resource 42ceec09-bb67-4c97-98b0-de91ad932f05 (type: security_group_rules) to 0
2026-07-02 06:18:19.437 9 INFO neutron.db.ovn_revision_numbers_db [None req-093bac3b-5110-4070-b6ec-b1d60d2d3f5e 40eacf1e52e640fb91b4c8f159794527 6c4d7eb03a7a4a07b17ca8e4e96b7380 - - default default] Successfully bumped revision number for resource 63f6ef12-e2e8-44d1-a212-f4d1ec1d5e8e (type: security_group_rules) to 0
2026-07-02 06:18:19.465 9 INFO neutron.wsgi [None req-093bac3b-5110-4070-b6ec-b1d60d2d3f5e 40eacf1e52e640fb91b4c8f159794527 6c4d7eb03a7a4a07b17ca8e4e96b7380 - - default default] 10.0.0.54 "POST /v2.0/security-groups HTTP/1.1" status: 201 len: 1760 time: 0.1906617
2026-07-02 06:18:19.531 9 INFO neutron.wsgi [None req-f20ea996-dc9f-4741-9e72-0abd31c59f65 269a175eee5742d7a656971d4e76d0b3 6ed41f446c52485797e61d651e8f2168 - - default default] 10.0.0.54 "DELETE /v2.0/security-groups/b7a87ab4-41d3-4c0f-aa1a-a5965310a294 HTTP/1.1" status: 204 len: 168 time: 0.1773009
2026-07-02 06:18:19.533 10 INFO neutron.db.ovn_revision_numbers_db [None req-62b1b410-a335-4059-8ceb-492a56d86ea2 d49bbc498fb44934801760e04d946e50 a6d2ffa6fb014966b30cc01eac919e15 - - default default] Successfully bumped revision number for resource 0a5d7031-a4c5-43a8-b9cf-24e92bd97159 (type: security_groups) to 1
2026-07-02 06:18:19.548 10 INFO neutron.api.v2.resource [None req-f500c99b-0cab-44d3-8d48-ff3b9450a05e 269a175eee5742d7a656971d4e76d0b3 6ed41f446c52485797e61d651e8f2168 - - default default] show failed (client error): The resource could not be found.
2026-07-02 06:18:19.549 10 INFO neutron.wsgi [None req-f500c99b-0cab-44d3-8d48-ff3b9450a05e 269a175eee5742d7a656971d4e76d0b3 6ed41f446c52485797e61d651e8f2168 - - default default] 10.0.0.54 "GET /v2.0/security-groups/b7a87ab4-41d3-4c0f-aa1a-a5965310a294 HTTP/1.1" status: 404 len: 347 time: 0.0134089
2026-07-02 06:18:19.556 10 INFO neutron.db.ovn_revision_numbers_db [None req-62b1b410-a335-4059-8ceb-492a56d86ea2 d49bbc498fb44934801760e04d946e50 a6d2ffa6fb014966b30cc01eac919e15 - - default default] Successfully bumped revision number for resource 503d7ce6-2375-4f85-b4d6-ccf40cf015bb (type: security_group_rules) to 0
2026-07-02 06:18:19.595 9 INFO neutron.db.ovn_revision_numbers_db [None req-c59e7fae-0fee-4487-a3a3-7471d58fb339 40eacf1e52e640fb91b4c8f159794527 6c4d7eb03a7a4a07b17ca8e4e96b7380 - - default default] Successfully bumped revision number for resource dff13758-c5ea-4941-9fdb-b44e95ed0f58 (type: security_group_rules) to 0
2026-07-02 06:18:19.597 10 INFO neutron.db.ovn_revision_numbers_db [None req-62b1b410-a335-4059-8ceb-492a56d86ea2 d49bbc498fb44934801760e04d946e50 a6d2ffa6fb014966b30cc01eac919e15 - - default default] Successfully bumped revision number for resource c5e561fd-1f84-4e12-a2a3-4fb7c80dbec0 (type: security_group_rules) to 0
2026-07-02 06:18:19.612 10 INFO neutron.db.ovn_revision_numbers_db [None req-62b1b410-a335-4059-8ceb-492a56d86ea2 d49bbc498fb44934801760e04d946e50 a6d2ffa6fb014966b30cc01eac919e15 - - default default] Successfully bumped revision number for resource ca16f888-f762-4bf2-824a-8c57b975fba6 (type: security_group_rules) to 0
2026-07-02 06:18:19.620 9 INFO neutron.wsgi [None req-c59e7fae-0fee-4487-a3a3-7471d58fb339 40eacf1e52e640fb91b4c8f159794527 6c4d7eb03a7a4a07b17ca8e4e96b7380 - - default default] 10.0.0.54 "POST /v2.0/security-group-rules HTTP/1.1" status: 201 len: 768 time: 0.1499937
2026-07-02 06:18:19.635 10 INFO neutron.db.ovn_revision_numbers_db [None req-62b1b410-a335-4059-8ceb-492a56d86ea2 d49bbc498fb44934801760e04d946e50 a6d2ffa6fb014966b30cc01eac919e15 - - default default] Successfully bumped revision number for resource e4fccd4d-7f72-4d3f-a87f-a0891f43cc7f (type: security_group_rules) to 0
2026-07-02 06:18:19.644 9 INFO neutron.wsgi [None req-16245aff-b580-455a-8b17-b7468c04cff2 40eacf1e52e640fb91b4c8f159794527 6c4d7eb03a7a4a07b17ca8e4e96b7380 - - default default] 10.0.0.54 "GET /v2.0/security-group-rules/dff13758-c5ea-4941-9fdb-b44e95ed0f58 HTTP/1.1" status: 200 len: 763 time: 0.0160646
2026-07-02 06:18:19.662 10 INFO neutron.wsgi [None req-62b1b410-a335-4059-8ceb-492a56d86ea2 d49bbc498fb44934801760e04d946e50 a6d2ffa6fb014966b30cc01eac919e15 - - default default] 10.0.0.54 "GET /v2.0/security-groups?tenant_id=e9a29dc55de345998c247fd7fc72efff&name=default HTTP/1.1" status: 200 len: 2996 time: 0.4087546
2026-07-02 06:18:19.701 9 INFO neutron.wsgi [None req-484bc61f-eca9-4830-a549-acd28da44b2d 40eacf1e52e640fb91b4c8f159794527 6c4d7eb03a7a4a07b17ca8e4e96b7380 - - default default] 10.0.0.54 "GET /v2.0/security-group-rules HTTP/1.1" status: 200 len: 4113 time: 0.0502293
2026-07-02 06:18:19.821 9 INFO neutron.wsgi [None req-8945c5ac-422d-4952-aaab-ca7b1ae3c11a 40eacf1e52e640fb91b4c8f159794527 6c4d7eb03a7a4a07b17ca8e4e96b7380 - - default default] 10.0.0.54 "DELETE /v2.0/security-group-rules/dff13758-c5ea-4941-9fdb-b44e95ed0f58 HTTP/1.1" status: 204 len: 168 time: 0.1140575
2026-07-02 06:18:19.865 9 INFO neutron.wsgi [None req-9200cac4-1d04-4459-a9a9-c026a32d34c2 40eacf1e52e640fb91b4c8f159794527 6c4d7eb03a7a4a07b17ca8e4e96b7380 - - default default] 10.0.0.54 "GET /v2.0/security-group-rules HTTP/1.1" status: 200 len: 3567 time: 0.0375774
2026-07-02 06:18:19.904 9 INFO neutron.wsgi [None req-15a8f2c1-9585-4879-8f57-d5e55afefbbf d49bbc498fb44934801760e04d946e50 a6d2ffa6fb014966b30cc01eac919e15 - - default default] 10.0.0.54 "DELETE /v2.0/security-groups/0a5d7031-a4c5-43a8-b9cf-24e92bd97159 HTTP/1.1" status: 204 len: 168 time: 0.2322242
2026-07-02 06:18:19.907 10 INFO neutron.wsgi [None req-72690025-3b1b-4a85-bff9-09a380aa5333 269a175eee5742d7a656971d4e76d0b3 6ed41f446c52485797e61d651e8f2168 - - default default] 10.0.0.54 "DELETE /v2.0/floatingips/c579b126-4b16-41dd-a782-e73ca69c88fc HTTP/1.1" status: 204 len: 168 time: 0.3546815
2026-07-02 06:18:19.983 9 INFO neutron.db.ovn_revision_numbers_db [None req-1e5f9fce-4d41-4efa-98d9-aa21da8e3984 40eacf1e52e640fb91b4c8f159794527 6c4d7eb03a7a4a07b17ca8e4e96b7380 - - default default] Successfully bumped revision number for resource a8af69ee-37b5-4c4a-b484-3556dce351ae (type: security_group_rules) to 0
2026-07-02 06:18:20.008 9 INFO neutron.wsgi [None req-1e5f9fce-4d41-4efa-98d9-aa21da8e3984 40eacf1e52e640fb91b4c8f159794527 6c4d7eb03a7a4a07b17ca8e4e96b7380 - - default default] 10.0.0.54 "POST /v2.0/security-group-rules HTTP/1.1" status: 201 len: 768 time: 0.1376858
2026-07-02 06:18:20.031 9 INFO neutron.wsgi [None req-a18b5023-f3f2-404d-9c1f-c0de1b226bf6 40eacf1e52e640fb91b4c8f159794527 6c4d7eb03a7a4a07b17ca8e4e96b7380 - - default default] 10.0.0.54 "GET /v2.0/security-group-rules/a8af69ee-37b5-4c4a-b484-3556dce351ae HTTP/1.1" status: 200 len: 763 time: 0.0135670
2026-07-02 06:18:20.075 9 INFO neutron.wsgi [None req-b91fc3c1-41f1-4e67-94ac-f62955844217 40eacf1e52e640fb91b4c8f159794527 6c4d7eb03a7a4a07b17ca8e4e96b7380 - - default default] 10.0.0.54 "GET /v2.0/security-group-rules HTTP/1.1" status: 200 len: 4113 time: 0.0400362
2026-07-02 06:18:20.210 9 INFO neutron.wsgi [None req-cecea564-0542-450f-85b3-dd8ed9959cda 40eacf1e52e640fb91b4c8f159794527 6c4d7eb03a7a4a07b17ca8e4e96b7380 - - default default] 10.0.0.54 "DELETE /v2.0/security-group-rules/a8af69ee-37b5-4c4a-b484-3556dce351ae HTTP/1.1" status: 204 len: 168 time: 0.1289349
2026-07-02 06:18:20.245 9 INFO neutron.wsgi [None req-a1623ed7-d376-41cf-913f-b27b16e110cc 40eacf1e52e640fb91b4c8f159794527 6c4d7eb03a7a4a07b17ca8e4e96b7380 - - default default] 10.0.0.54 "GET /v2.0/security-group-rules HTTP/1.1" status: 200 len: 3567 time: 0.0304148
2026-07-02 06:18:20.356 9 INFO neutron.db.ovn_revision_numbers_db [None req-4fec8a9d-506b-461f-ab70-c0ebaccd37db 40eacf1e52e640fb91b4c8f159794527 6c4d7eb03a7a4a07b17ca8e4e96b7380 - - default default] Successfully bumped revision number for resource 15823640-995f-4b9d-af24-4419dcad9134 (type: security_group_rules) to 0
2026-07-02 06:18:20.385 9 INFO neutron.wsgi [None req-4fec8a9d-506b-461f-ab70-c0ebaccd37db 40eacf1e52e640fb91b4c8f159794527 6c4d7eb03a7a4a07b17ca8e4e96b7380 - - default default] 10.0.0.54 "POST /v2.0/security-group-rules HTTP/1.1" status: 201 len: 769 time: 0.1354113
2026-07-02 06:18:20.400 10 INFO neutron.db.ovn_revision_numbers_db [None req-0c7e333b-c8dc-4922-b05f-5729050496d7 76811cab24a04f8482135b83891214b2 11d14c227d064aaaa0b02702b7839ade - - default default] Successfully bumped revision number for resource 0599c65d-4ddc-4a4e-8ead-29c4a2c866e0 (type: security_groups) to 1
2026-07-02 06:18:20.406 9 INFO neutron.wsgi [None req-f475174f-db9e-4760-8578-b67ae510299d 40eacf1e52e640fb91b4c8f159794527 6c4d7eb03a7a4a07b17ca8e4e96b7380 - - default default] 10.0.0.54 "GET /v2.0/security-group-rules/15823640-995f-4b9d-af24-4419dcad9134 HTTP/1.1" status: 200 len: 764 time: 0.0148273
2026-07-02 06:18:20.418 10 INFO neutron.db.ovn_revision_numbers_db [None req-0c7e333b-c8dc-4922-b05f-5729050496d7 76811cab24a04f8482135b83891214b2 11d14c227d064aaaa0b02702b7839ade - - default default] Successfully bumped revision number for resource 3fa4606c-ebb0-4b3c-95b1-01f4665edc4e (type: security_group_rules) to 0
2026-07-02 06:18:20.432 10 INFO neutron.db.ovn_revision_numbers_db [None req-0c7e333b-c8dc-4922-b05f-5729050496d7 76811cab24a04f8482135b83891214b2 11d14c227d064aaaa0b02702b7839ade - - default default] Successfully bumped revision number for resource a5100685-0fc0-46b7-9c23-343ca9a13f7f (type: security_group_rules) to 0
2026-07-02 06:18:20.444 9 INFO neutron.wsgi [None req-8a957812-10c1-4b2d-8517-6672eae9cf9f 40eacf1e52e640fb91b4c8f159794527 6c4d7eb03a7a4a07b17ca8e4e96b7380 - - default default] 10.0.0.54 "GET /v2.0/security-group-rules HTTP/1.1" status: 200 len: 4114 time: 0.0339763
2026-07-02 06:18:20.446 10 INFO neutron.db.ovn_revision_numbers_db [None req-0c7e333b-c8dc-4922-b05f-5729050496d7 76811cab24a04f8482135b83891214b2 11d14c227d064aaaa0b02702b7839ade - - default default] Successfully bumped revision number for resource accd9485-a824-4377-9c43-77bc2539a547 (type: security_group_rules) to 0
2026-07-02 06:18:20.476 10 INFO neutron.db.ovn_revision_numbers_db [None req-0c7e333b-c8dc-4922-b05f-5729050496d7 76811cab24a04f8482135b83891214b2 11d14c227d064aaaa0b02702b7839ade - - default default] Successfully bumped revision number for resource e1a814e3-edc0-496f-b300-855288031b44 (type: security_group_rules) to 0
2026-07-02 06:18:20.537 10 INFO neutron.db.segments_db [None req-0c7e333b-c8dc-4922-b05f-5729050496d7 76811cab24a04f8482135b83891214b2 11d14c227d064aaaa0b02702b7839ade - - default default] Added segment b2cb3893-db8c-41f3-ab66-d555ea9b2201 of type geneve for network 4b75887e-8235-453e-a200-562e97b82cf4
2026-07-02 06:18:20.541 9 INFO neutron.wsgi [None req-2f7c4267-acc5-419b-986e-d3bdc70f585d 40eacf1e52e640fb91b4c8f159794527 6c4d7eb03a7a4a07b17ca8e4e96b7380 - - default default] 10.0.0.54 "DELETE /v2.0/security-group-rules/15823640-995f-4b9d-af24-4419dcad9134 HTTP/1.1" status: 204 len: 168 time: 0.0935204
2026-07-02 06:18:20.581 9 INFO neutron.wsgi [None req-4083c373-8cef-406e-93c2-655813793ec5 40eacf1e52e640fb91b4c8f159794527 6c4d7eb03a7a4a07b17ca8e4e96b7380 - - default default] 10.0.0.54 "GET /v2.0/security-group-rules HTTP/1.1" status: 200 len: 3567 time: 0.0342627
2026-07-02 06:18:20.686 9 INFO neutron.wsgi [None req-ee4aad8a-c964-4571-a9d7-c52e16ce1e5b 40eacf1e52e640fb91b4c8f159794527 6c4d7eb03a7a4a07b17ca8e4e96b7380 - - default default] 10.0.0.54 "DELETE /v2.0/security-groups/8ef291be-0a13-420e-9962-455ba1b85ca8 HTTP/1.1" status: 204 len: 168 time: 0.1005127
2026-07-02 06:18:20.714 10 INFO neutron.db.ovn_revision_numbers_db [None req-0c7e333b-c8dc-4922-b05f-5729050496d7 76811cab24a04f8482135b83891214b2 11d14c227d064aaaa0b02702b7839ade - - default default] Successfully bumped revision number for resource 4b75887e-8235-453e-a200-562e97b82cf4 (type: networks) to 1
2026-07-02 06:18:20.723 9 INFO neutron.wsgi [None req-b942079b-0fa7-41c7-be80-ad1fdeb55525 40eacf1e52e640fb91b4c8f159794527 6c4d7eb03a7a4a07b17ca8e4e96b7380 - - default default] 10.0.0.54 "GET /v2.0/security-groups HTTP/1.1" status: 200 len: 2996 time: 0.0322061
2026-07-02 06:18:20.760 9 INFO neutron.wsgi [None req-fd1afbc3-7bed-44d0-ab51-26af7d270d48 40eacf1e52e640fb91b4c8f159794527 6c4d7eb03a7a4a07b17ca8e4e96b7380 - - default default] 10.0.0.54 "GET /v2.0/security-groups HTTP/1.1" status: 200 len: 2996 time: 0.0302954
2026-07-02 06:18:20.900 10 INFO neutron.wsgi [None req-a37512a6-e0a2-46a1-aa44-b7ff267b6095 d49bbc498fb44934801760e04d946e50 a6d2ffa6fb014966b30cc01eac919e15 - - default default] 10.0.0.54 "PUT /v2.0/routers/de7a4ba5-d329-4b06-bb07-89b7d5daef25/remove_router_interface HTTP/1.1" status: 200 len: 503 time: 0.9850478 /var/lib/openstack/lib/python3.10/site-packages/pycadf/identifier.py:71: UserWarning: Invalid uuid: neutron. To ensure interoperability, identifiers should be a valid uuid. warnings.warn(('Invalid uuid: %s. To ensure interoperability, '
2026-07-02 06:18:20.954 10 WARNING neutron.scheduler.dhcp_agent_scheduler [None req-0c7e333b-c8dc-4922-b05f-5729050496d7 76811cab24a04f8482135b83891214b2 11d14c227d064aaaa0b02702b7839ade - - default default] No more DHCP agents
2026-07-02 06:18:20.959 10 WARNING neutron.api.rpc.agentnotifiers.dhcp_rpc_agent_api [None req-0c7e333b-c8dc-4922-b05f-5729050496d7 76811cab24a04f8482135b83891214b2 11d14c227d064aaaa0b02702b7839ade - - default default] Unable to schedule network 4b75887e-8235-453e-a200-562e97b82cf4: no agents available; will retry on subsequent port and subnet creation events.
2026-07-02 06:18:21.061 10 INFO neutron.db.ovn_revision_numbers_db [None req-0c7e333b-c8dc-4922-b05f-5729050496d7 76811cab24a04f8482135b83891214b2 11d14c227d064aaaa0b02702b7839ade - - default default] Successfully bumped revision number for resource 595c321d-23a4-4407-8394-8a4301a4d74c (type: ports) to 1
2026-07-02 06:18:21.106 10 INFO neutron.wsgi [None req-0c7e333b-c8dc-4922-b05f-5729050496d7 76811cab24a04f8482135b83891214b2 11d14c227d064aaaa0b02702b7839ade - - default default] 10.0.0.54 "POST /v2.0/networks HTTP/1.1" status: 201 len: 848 time: 1.0747213
2026-07-02 06:18:21.383 9 WARNING neutron.scheduler.dhcp_agent_scheduler [None req-2ba65edb-c841-46cb-9a91-747f286d18eb 76811cab24a04f8482135b83891214b2 11d14c227d064aaaa0b02702b7839ade - - default default] No more DHCP agents
2026-07-02 06:18:21.386 9 WARNING neutron.api.rpc.agentnotifiers.dhcp_rpc_agent_api [None req-2ba65edb-c841-46cb-9a91-747f286d18eb 76811cab24a04f8482135b83891214b2 11d14c227d064aaaa0b02702b7839ade - - default default] Unable to schedule network 4b75887e-8235-453e-a200-562e97b82cf4: no agents available; will retry on subsequent port and subnet creation events.
2026-07-02 06:18:21.414 9 INFO neutron.db.ovn_revision_numbers_db [None req-2ba65edb-c841-46cb-9a91-747f286d18eb 76811cab24a04f8482135b83891214b2 11d14c227d064aaaa0b02702b7839ade - - default default] Successfully bumped revision number for resource 63750732-6421-4c4d-8058-cdcffb39a19c (type: subnets) to 0
2026-07-02 06:18:21.429 9 INFO neutron.wsgi [None req-2ba65edb-c841-46cb-9a91-747f286d18eb 76811cab24a04f8482135b83891214b2 11d14c227d064aaaa0b02702b7839ade - - default default] 10.0.0.54 "POST /v2.0/subnets HTTP/1.1" status: 201 len: 802 time: 0.3132803
2026-07-02 06:18:21.517 10 INFO neutron.wsgi [None req-2cf42602-3561-466b-8a0f-5654f74a0a29 d49bbc498fb44934801760e04d946e50 a6d2ffa6fb014966b30cc01eac919e15 - - default default] 10.0.0.54 "GET /v2.0/security-groups?tenant_id=6c4d7eb03a7a4a07b17ca8e4e96b7380&name=default HTTP/1.1" status: 200 len: 2996 time: 0.2587867
2026-07-02 06:18:21.551 10 INFO neutron.wsgi [None req-650e6329-6375-4b5b-a6f3-945b023a8392 d49bbc498fb44934801760e04d946e50 a6d2ffa6fb014966b30cc01eac919e15 - - default default] 10.0.0.54 "DELETE /v2.0/routers/de7a4ba5-d329-4b06-bb07-89b7d5daef25 HTTP/1.1" status: 204 len: 168 time: 0.6470003
2026-07-02 06:18:21.758 10 INFO neutron.wsgi [None req-cfeaca29-bf81-4d46-a526-04709009194a d49bbc498fb44934801760e04d946e50 a6d2ffa6fb014966b30cc01eac919e15 - - default default] 10.0.0.54 "DELETE /v2.0/subnets/e56c607b-c974-4b7b-b307-237531d88ab0 HTTP/1.1" status: 204 len: 168 time: 0.2019506
2026-07-02 06:18:21.765 10 INFO neutron.wsgi [None req-a4163007-fb29-43df-ad9a-56e72c78d59b d49bbc498fb44934801760e04d946e50 a6d2ffa6fb014966b30cc01eac919e15 - - default default] 10.0.0.54 "DELETE /v2.0/security-groups/e3e63bc7-a4d4-4d01-8b5a-5908bf3a2bf0 HTTP/1.1" status: 204 len: 168 time: 0.2419436
2026-07-02 06:18:22.036 9 INFO neutron.db.ovn_revision_numbers_db [None req-fb65a711-d531-4d06-93c8-deeed433be98 018f864bb57746298dfd2b61d404bd87 207dce961c6f4d469e82c4d1f74fdb3a - - default default] Successfully bumped revision number for resource d25b3f56-743c-4621-a614-7191a0c11a62 (type: security_groups) to 1
2026-07-02 06:18:22.062 9 WARNING neutron.scheduler.dhcp_agent_scheduler [None req-8c8ec311-72b2-44a3-b23c-c243ab4ac4ca 76811cab24a04f8482135b83891214b2 11d14c227d064aaaa0b02702b7839ade - - default default] No more DHCP agents
2026-07-02 06:18:22.064 9 INFO neutron.db.ovn_revision_numbers_db [None req-fb65a711-d531-4d06-93c8-deeed433be98 018f864bb57746298dfd2b61d404bd87 207dce961c6f4d469e82c4d1f74fdb3a - - default default] Successfully bumped revision number for resource 0018b24b-6278-4100-87f5-cf50666c08d3 (type: security_group_rules) to 0
2026-07-02 06:18:22.066 9 WARNING neutron.api.rpc.agentnotifiers.dhcp_rpc_agent_api [None req-8c8ec311-72b2-44a3-b23c-c243ab4ac4ca 76811cab24a04f8482135b83891214b2 11d14c227d064aaaa0b02702b7839ade - - default default] Unable to schedule network 5e486ed5-20d1-4a3b-956a-cd44660675db: no agents available; will retry on subsequent port and subnet creation events.
2026-07-02 06:18:22.099 9 INFO neutron.db.ovn_revision_numbers_db [None req-fb65a711-d531-4d06-93c8-deeed433be98 018f864bb57746298dfd2b61d404bd87 207dce961c6f4d469e82c4d1f74fdb3a - - default default] Successfully bumped revision number for resource 372ca370-ad8e-4a12-9d7c-cbcca25407f3 (type: security_group_rules) to 0
2026-07-02 06:18:22.122 9 INFO neutron.db.ovn_revision_numbers_db [None req-fb65a711-d531-4d06-93c8-deeed433be98 018f864bb57746298dfd2b61d404bd87 207dce961c6f4d469e82c4d1f74fdb3a - - default default] Successfully bumped revision number for resource 76ede089-e82d-4b23-9ef6-03198aeefd6c (type: security_group_rules) to 0
2026-07-02 06:18:22.155 9 INFO neutron.db.ovn_revision_numbers_db [None req-fb65a711-d531-4d06-93c8-deeed433be98 018f864bb57746298dfd2b61d404bd87 207dce961c6f4d469e82c4d1f74fdb3a - - default default] Successfully bumped revision number for resource d585b0ec-b1ff-4251-b0b8-121bbf9a18e0 (type: security_group_rules) to 0
2026-07-02 06:18:22.273 9 INFO neutron.services.segments.plugin [-] Segment a7343ad7-f267-49ee-bbfd-ce014b92a593 resource provider aggregate not found
2026-07-02 06:18:22.282 9 INFO neutron.services.segments.plugin [-] Segment a7343ad7-f267-49ee-bbfd-ce014b92a593 resource provider aggregate not found
2026-07-02 06:18:22.297 9 INFO neutron.services.segments.plugin [-] Segment a7343ad7-f267-49ee-bbfd-ce014b92a593 resource provider not found; error: Placement Client Error (4xx): {"errors": [{"status": 404, "title": "Not Found", "detail": "The resource could not be found.\n\n No resource provider with uuid a7343ad7-f267-49ee-bbfd-ce014b92a593 found for delete ", "request_id": "req-6fbd1773-3ae2-4c10-b597-95ba99754b2a"}]}
2026-07-02 06:18:22.299 9 INFO neutron.db.segments_db [None req-fb65a711-d531-4d06-93c8-deeed433be98 018f864bb57746298dfd2b61d404bd87 207dce961c6f4d469e82c4d1f74fdb3a - - default default] Added segment eabe2124-9377-4f3f-90ca-a07f3edf41c9 of type geneve for network 9e5c817c-a306-41c2-9b5c-68bcd77557a6
2026-07-02 06:18:22.308 9 INFO neutron.services.segments.plugin [-] Segment a7343ad7-f267-49ee-bbfd-ce014b92a593 resource provider not found; error: Placement Client Error (4xx): {"errors": [{"status": 404, "title": "Not Found", "detail": "The resource could not be found.\n\n No resource provider with uuid a7343ad7-f267-49ee-bbfd-ce014b92a593 found for delete ", "request_id": "req-9dda1a30-8786-44d0-9acd-3ced5445499e"}]}
2026-07-02 06:18:22.336 9 INFO neutron.db.ovn_revision_numbers_db [None req-8c8ec311-72b2-44a3-b23c-c243ab4ac4ca 76811cab24a04f8482135b83891214b2 11d14c227d064aaaa0b02702b7839ade - - default default] Successfully bumped revision number for resource 23ddb7d9-bc6a-4588-af06-188126be285d (type: ports) to 1
2026-07-02 06:18:22.357 9 INFO neutron.wsgi [None req-35e15562-3a42-4475-8323-74a3e18a9f8f d49bbc498fb44934801760e04d946e50 a6d2ffa6fb014966b30cc01eac919e15 - - default default] 10.0.0.54 "DELETE /v2.0/networks/945c7c11-a462-4761-938e-b14b8f603010 HTTP/1.1" status: 204 len: 168 time: 0.5921364
2026-07-02 06:18:22.470 9 INFO neutron.db.segments_db [None req-fb65a711-d531-4d06-93c8-deeed433be98 018f864bb57746298dfd2b61d404bd87 207dce961c6f4d469e82c4d1f74fdb3a - - default default] Added segment e48e8996-5444-4d70-a56a-923ecef9fc59 of type geneve for network 86ba0c56-25b2-45d7-8fbe-f9d1a5c8a5f3
2026-07-02 06:18:22.481 10 INFO neutron.wsgi [None req-e37647a1-77bc-453f-8051-8177318d746d d49bbc498fb44934801760e04d946e50 a6d2ffa6fb014966b30cc01eac919e15 - - default default] 10.0.0.54 "GET /v2.0/security-groups?tenant_id=6ed41f446c52485797e61d651e8f2168&name=default HTTP/1.1" status: 200 len: 2996 time: 0.0293231
2026-07-02 06:18:22.672 9 INFO neutron.db.ovn_revision_numbers_db [None req-fb65a711-d531-4d06-93c8-deeed433be98 018f864bb57746298dfd2b61d404bd87 207dce961c6f4d469e82c4d1f74fdb3a - - default default] Successfully bumped revision number for resource 9e5c817c-a306-41c2-9b5c-68bcd77557a6 (type: networks) to 1
2026-07-02 06:18:22.677 10 INFO neutron.wsgi [None req-b8df804d-fe6a-4f8d-ab99-313ce61d754d d49bbc498fb44934801760e04d946e50 a6d2ffa6fb014966b30cc01eac919e15 - - default default] 10.0.0.54 "DELETE /v2.0/security-groups/21653170-f311-4222-a2ab-a28f4eb09e0c HTTP/1.1" status: 204 len: 168 time: 0.1914022
2026-07-02 06:18:23.103 9 WARNING neutron.scheduler.dhcp_agent_scheduler [None req-fb65a711-d531-4d06-93c8-deeed433be98 018f864bb57746298dfd2b61d404bd87 207dce961c6f4d469e82c4d1f74fdb3a - - default default] No more DHCP agents
2026-07-02 06:18:23.108 9 WARNING neutron.api.rpc.agentnotifiers.dhcp_rpc_agent_api [None req-fb65a711-d531-4d06-93c8-deeed433be98 018f864bb57746298dfd2b61d404bd87 207dce961c6f4d469e82c4d1f74fdb3a - - default default] Unable to schedule network 9e5c817c-a306-41c2-9b5c-68bcd77557a6: no agents available; will retry on subsequent port and subnet creation events.
2026-07-02 06:18:23.221 9 INFO neutron.db.ovn_revision_numbers_db [None req-fb65a711-d531-4d06-93c8-deeed433be98 018f864bb57746298dfd2b61d404bd87 207dce961c6f4d469e82c4d1f74fdb3a - - default default] Successfully bumped revision number for resource b26ff0b2-cc3b-4378-8423-67df0bd6e4b4 (type: ports) to 1
2026-07-02 06:18:23.322 9 INFO neutron.plugins.ml2.drivers.ovn.mech_driver.mech_driver [None req-a342c9dc-cf0c-458b-977d-0784799b2417 - - - - - -] OVN reports status up for port: 23ddb7d9-bc6a-4588-af06-188126be285d
2026-07-02 06:18:23.337 9 INFO neutron.db.ovn_revision_numbers_db [None req-fb65a711-d531-4d06-93c8-deeed433be98 018f864bb57746298dfd2b61d404bd87 207dce961c6f4d469e82c4d1f74fdb3a - - default default] Successfully bumped revision number for resource 86ba0c56-25b2-45d7-8fbe-f9d1a5c8a5f3 (type: networks) to 1
2026-07-02 06:18:23.341 9 INFO neutron.plugins.ml2.plugin [None req-a342c9dc-cf0c-458b-977d-0784799b2417 - - - - - -] Attempt 1 to provision port 23ddb7d9-bc6a-4588-af06-188126be285d
2026-07-02 06:18:23.373 9 INFO neutron.db.ovn_revision_numbers_db [None req-8c8ec311-72b2-44a3-b23c-c243ab4ac4ca 76811cab24a04f8482135b83891214b2 11d14c227d064aaaa0b02702b7839ade - - default default] Successfully bumped revision number for resource 23ddb7d9-bc6a-4588-af06-188126be285d (type: router_ports) to 1
2026-07-02 06:18:23.483 9 INFO neutron.db.ovn_revision_numbers_db [None req-8c8ec311-72b2-44a3-b23c-c243ab4ac4ca 76811cab24a04f8482135b83891214b2 11d14c227d064aaaa0b02702b7839ade - - default default] Successfully bumped revision number for resource a52db57b-f9c5-4e71-a6f4-ada04fe38acc (type: routers) to 2
2026-07-02 06:18:23.501 9 INFO neutron.wsgi [None req-8c8ec311-72b2-44a3-b23c-c243ab4ac4ca 76811cab24a04f8482135b83891214b2 11d14c227d064aaaa0b02702b7839ade - - default default] 10.0.0.54 "POST /v2.0/routers HTTP/1.1" status: 201 len: 875 time: 2.0624883
2026-07-02 06:18:23.539 9 WARNING neutron.scheduler.dhcp_agent_scheduler [None req-fb65a711-d531-4d06-93c8-deeed433be98 018f864bb57746298dfd2b61d404bd87 207dce961c6f4d469e82c4d1f74fdb3a - - default default] No more DHCP agents
2026-07-02 06:18:23.541 9 WARNING neutron.api.rpc.agentnotifiers.dhcp_rpc_agent_api [None req-fb65a711-d531-4d06-93c8-deeed433be98 018f864bb57746298dfd2b61d404bd87 207dce961c6f4d469e82c4d1f74fdb3a - - default default] Unable to schedule network 86ba0c56-25b2-45d7-8fbe-f9d1a5c8a5f3: no agents available; will retry on subsequent port and subnet creation events.
2026-07-02 06:18:23.617 9 INFO neutron.db.ovn_revision_numbers_db [None req-fb65a711-d531-4d06-93c8-deeed433be98 018f864bb57746298dfd2b61d404bd87 207dce961c6f4d469e82c4d1f74fdb3a - - default default] Successfully bumped revision number for resource 1fe06332-2118-45e4-ac6e-e150c171df51 (type: ports) to 1
2026-07-02 06:18:23.638 9 INFO neutron.wsgi [None req-fb65a711-d531-4d06-93c8-deeed433be98 018f864bb57746298dfd2b61d404bd87 207dce961c6f4d469e82c4d1f74fdb3a - - default default] 10.0.0.54 "POST /v2.0/networks HTTP/1.1" status: 201 len: 1445 time: 1.9333990
2026-07-02 06:18:23.707 9 INFO neutron.wsgi [None req-a6e683cb-d999-41ec-a316-0240c562bea5 018f864bb57746298dfd2b61d404bd87 207dce961c6f4d469e82c4d1f74fdb3a - - default default] 10.0.0.54 "GET /v2.0/networks HTTP/1.1" status: 200 len: 2051 time: 0.0642066
2026-07-02 06:18:24.138 9 INFO neutron.wsgi [None req-e5ecb0fd-294e-4e07-ad80-2ee37c54592f 018f864bb57746298dfd2b61d404bd87 207dce961c6f4d469e82c4d1f74fdb3a - - default default] 10.0.0.54 "DELETE /v2.0/networks/9e5c817c-a306-41c2-9b5c-68bcd77557a6 HTTP/1.1" status: 204 len: 168 time: 0.4261749
2026-07-02 06:18:24.324 9 INFO neutron.services.segments.plugin [-] Segment eabe2124-9377-4f3f-90ca-a07f3edf41c9 resource provider aggregate not found
2026-07-02 06:18:24.348 10 WARNING neutron.scheduler.dhcp_agent_scheduler [None req-cf4b45c5-f89b-40f7-a637-ad8ddad716a0 76811cab24a04f8482135b83891214b2 11d14c227d064aaaa0b02702b7839ade - - default default] No more DHCP agents
2026-07-02 06:18:24.348 9 INFO neutron.services.segments.plugin [-] Segment eabe2124-9377-4f3f-90ca-a07f3edf41c9 resource provider not found; error: Placement Client Error (4xx): {"errors": [{"status": 404, "title": "Not Found", "detail": "The resource could not be found.\n\n No resource provider with uuid eabe2124-9377-4f3f-90ca-a07f3edf41c9 found for delete ", "request_id": "req-e109048b-752b-4f97-b62f-cc56b344f2a7"}]}
2026-07-02 06:18:24.349 9 INFO neutron.services.segments.plugin [-] Segment eabe2124-9377-4f3f-90ca-a07f3edf41c9 resource provider aggregate not found
2026-07-02 06:18:24.350 10 WARNING neutron.api.rpc.agentnotifiers.dhcp_rpc_agent_api [None req-cf4b45c5-f89b-40f7-a637-ad8ddad716a0 76811cab24a04f8482135b83891214b2 11d14c227d064aaaa0b02702b7839ade - - default default] Unable to schedule network 4b75887e-8235-453e-a200-562e97b82cf4: no agents available; will retry on subsequent port and subnet creation events.
2026-07-02 06:18:24.369 9 INFO neutron.services.segments.plugin [-] Segment eabe2124-9377-4f3f-90ca-a07f3edf41c9 resource provider not found; error: Placement Client Error (4xx): {"errors": [{"status": 404, "title": "Not Found", "detail": "The resource could not be found.\n\n No resource provider with uuid eabe2124-9377-4f3f-90ca-a07f3edf41c9 found for delete ", "request_id": "req-d27aa80b-1b61-4464-896e-cece3d532901"}]}
2026-07-02 06:18:24.533 10 INFO neutron.db.ovn_revision_numbers_db [None req-cf4b45c5-f89b-40f7-a637-ad8ddad716a0 76811cab24a04f8482135b83891214b2 11d14c227d064aaaa0b02702b7839ade - - default default] Successfully bumped revision number for resource cf9ec2f0-03c5-4bdc-9b09-ed6649b4fc2f (type: ports) to 1
2026-07-02 06:18:24.598 9 INFO neutron.wsgi [None req-cd03749a-f5f3-46dc-9ed9-8f20f39155a6 018f864bb57746298dfd2b61d404bd87 207dce961c6f4d469e82c4d1f74fdb3a - - default default] 10.0.0.54 "DELETE /v2.0/networks/86ba0c56-25b2-45d7-8fbe-f9d1a5c8a5f3 HTTP/1.1" status: 204 len: 168 time: 0.4536560
2026-07-02 06:18:24.714 10 INFO neutron.wsgi [None req-4fd08c1e-7d0a-47a3-be00-5e16c9332311 018f864bb57746298dfd2b61d404bd87 207dce961c6f4d469e82c4d1f74fdb3a - - default default] 10.0.0.54 "GET /v2.0/networks HTTP/1.1" status: 200 len: 845 time: 0.1103573
2026-07-02 06:18:24.828 9 INFO neutron.db.segments_db [None req-673c6f5b-d151-4eca-94ed-518ad4ca6739 018f864bb57746298dfd2b61d404bd87 207dce961c6f4d469e82c4d1f74fdb3a - - default default] Added segment 84527171-1aba-47d4-a113-8d4f41177f43 of type geneve for network fcd2f7cb-c0c0-42b6-94cd-55d540820a40
2026-07-02 06:18:24.967 9 INFO neutron.db.ovn_revision_numbers_db [None req-673c6f5b-d151-4eca-94ed-518ad4ca6739 018f864bb57746298dfd2b61d404bd87 207dce961c6f4d469e82c4d1f74fdb3a - - default default] Successfully bumped revision number for resource fcd2f7cb-c0c0-42b6-94cd-55d540820a40 (type: networks) to 1
2026-07-02 06:18:25.077 10 INFO neutron.plugins.ml2.drivers.ovn.mech_driver.mech_driver [None req-d4f5bed0-99f1-472e-a4ce-f74787416234 - - - - - -] OVN reports status up for port: cf9ec2f0-03c5-4bdc-9b09-ed6649b4fc2f
2026-07-02 06:18:25.093 10 INFO neutron.plugins.ml2.plugin [None req-d4f5bed0-99f1-472e-a4ce-f74787416234 - - - - - -] Attempt 1 to provision port cf9ec2f0-03c5-4bdc-9b09-ed6649b4fc2f
2026-07-02 06:18:25.117 10 INFO neutron.db.ovn_revision_numbers_db [None req-cf4b45c5-f89b-40f7-a637-ad8ddad716a0 76811cab24a04f8482135b83891214b2 11d14c227d064aaaa0b02702b7839ade - - default default] Successfully bumped revision number for resource cf9ec2f0-03c5-4bdc-9b09-ed6649b4fc2f (type: router_ports) to 1
2026-07-02 06:18:25.140 9 WARNING neutron.scheduler.dhcp_agent_scheduler [None req-673c6f5b-d151-4eca-94ed-518ad4ca6739 018f864bb57746298dfd2b61d404bd87 207dce961c6f4d469e82c4d1f74fdb3a - - default default] No more DHCP agents
2026-07-02 06:18:25.143 9 WARNING neutron.api.rpc.agentnotifiers.dhcp_rpc_agent_api [None req-673c6f5b-d151-4eca-94ed-518ad4ca6739 018f864bb57746298dfd2b61d404bd87 207dce961c6f4d469e82c4d1f74fdb3a - - default default] Unable to schedule network fcd2f7cb-c0c0-42b6-94cd-55d540820a40: no agents available; will retry on subsequent port and subnet creation events.
2026-07-02 06:18:25.272 9 INFO neutron.db.ovn_revision_numbers_db [None req-673c6f5b-d151-4eca-94ed-518ad4ca6739 018f864bb57746298dfd2b61d404bd87 207dce961c6f4d469e82c4d1f74fdb3a - - default default] Successfully bumped revision number for resource 7a64c480-1b85-400f-8124-50197fe45c77 (type: ports) to 1
2026-07-02 06:18:25.302 9 INFO neutron.wsgi [None req-673c6f5b-d151-4eca-94ed-518ad4ca6739 018f864bb57746298dfd2b61d404bd87 207dce961c6f4d469e82c4d1f74fdb3a - - default default] 10.0.0.54 "POST /v2.0/networks HTTP/1.1" status: 201 len: 852 time: 0.5808873
2026-07-02 06:18:25.337 10 INFO neutron.db.ovn_revision_numbers_db [None req-cf4b45c5-f89b-40f7-a637-ad8ddad716a0 76811cab24a04f8482135b83891214b2 11d14c227d064aaaa0b02702b7839ade - - default default] Successfully bumped revision number for resource cf9ec2f0-03c5-4bdc-9b09-ed6649b4fc2f (type: ports) to 1
2026-07-02 06:18:25.387 9 INFO neutron.db.segments_db [None req-df8dd3fd-2f51-468c-9f5b-d28b876e9f1a 018f864bb57746298dfd2b61d404bd87 207dce961c6f4d469e82c4d1f74fdb3a - - default default] Added segment 30cce9b7-1b9e-44dc-a5a7-40ba8e46ded4 of type geneve for network 969cd899-5b29-4726-9827-32ea5528138d
2026-07-02 06:18:25.430 10 WARNING neutron.scheduler.dhcp_agent_scheduler [None req-cf4b45c5-f89b-40f7-a637-ad8ddad716a0 76811cab24a04f8482135b83891214b2 11d14c227d064aaaa0b02702b7839ade - - default default] No more DHCP agents
2026-07-02 06:18:25.432 10 WARNING neutron.api.rpc.agentnotifiers.dhcp_rpc_agent_api [None req-cf4b45c5-f89b-40f7-a637-ad8ddad716a0 76811cab24a04f8482135b83891214b2 11d14c227d064aaaa0b02702b7839ade - - default default] Unable to schedule network 4b75887e-8235-453e-a200-562e97b82cf4: no agents available; will retry on subsequent port and subnet creation events.
2026-07-02 06:18:25.455 10 INFO neutron.db.ovn_revision_numbers_db [None req-d4f5bed0-99f1-472e-a4ce-f74787416234 - - - - - -] Successfully bumped revision number for resource cf9ec2f0-03c5-4bdc-9b09-ed6649b4fc2f (type: ports) to 2
2026-07-02 06:18:25.531 9 INFO neutron.db.ovn_revision_numbers_db [None req-df8dd3fd-2f51-468c-9f5b-d28b876e9f1a 018f864bb57746298dfd2b61d404bd87 207dce961c6f4d469e82c4d1f74fdb3a - - default default] Successfully bumped revision number for resource 969cd899-5b29-4726-9827-32ea5528138d (type: networks) to 1
2026-07-02 06:18:25.628 10 INFO neutron.db.ovn_revision_numbers_db [None req-d4f5bed0-99f1-472e-a4ce-f74787416234 - - - - - -] Successfully bumped revision number for resource cf9ec2f0-03c5-4bdc-9b09-ed6649b4fc2f (type: router_ports) to 2
2026-07-02 06:18:25.723 9 WARNING neutron.scheduler.dhcp_agent_scheduler [None req-df8dd3fd-2f51-468c-9f5b-d28b876e9f1a 018f864bb57746298dfd2b61d404bd87 207dce961c6f4d469e82c4d1f74fdb3a - - default default] No more DHCP agents
