2026-07-02 06:22:42.670 10 INFO neutron.wsgi [req-4a02162f-c6e1-44f8-b83d-a1b184f1f74e req-451c057a-a4c8-4a79-a05e-dce836c4dfb1 d49bbc498fb44934801760e04d946e50 a6d2ffa6fb014966b30cc01eac919e15 - - default default] 199.204.45.223 "DELETE /v2.0/ports/70bd1125-61ed-48bb-b9ad-75a51e364dff HTTP/1.1" status: 204 len: 173 time: 0.2295461
2026-07-02 06:22:42.766 10 INFO neutron.wsgi [req-4a02162f-c6e1-44f8-b83d-a1b184f1f74e req-aa1db3db-050a-4de7-95a4-c2de72c91f8f 36377d1fe73e40cf8b2786a64e5f4d3a 7e96c111381543b2a8202b096e417409 - - 0b7f6a7849d742f1ad166eef4960917f 0b7f6a7849d742f1ad166eef4960917f] 199.204.45.223 "GET /v2.0/ports?tenant_id=a6d2ffa6fb014966b30cc01eac919e15&device_id=f5a47fa3-079d-4a7e-a039-b04a96321212 HTTP/1.1" status: 200 len: 2723 time: 0.0415304
2026-07-02 06:22:42.843 10 INFO neutron.wsgi [req-4a02162f-c6e1-44f8-b83d-a1b184f1f74e req-ccf96b53-52c1-47d6-9755-5d54b85b1e5c 36377d1fe73e40cf8b2786a64e5f4d3a 7e96c111381543b2a8202b096e417409 - - 0b7f6a7849d742f1ad166eef4960917f 0b7f6a7849d742f1ad166eef4960917f] 199.204.45.223 "GET /v2.0/networks?id=11d510d6-af3d-4bda-98a5-07e178efa40d&id=2851d0c4-2b9d-4740-bad4-33b126bf6fa4&id=9e54c149-ee87-460e-ad99-fd2309acd7ab HTTP/1.1" status: 200 len: 2517 time: 0.0696549
2026-07-02 06:22:42.874 10 INFO neutron.wsgi [req-4a02162f-c6e1-44f8-b83d-a1b184f1f74e req-6148f5d6-b64e-4096-acaa-050f10cbeb9a 36377d1fe73e40cf8b2786a64e5f4d3a 7e96c111381543b2a8202b096e417409 - - 0b7f6a7849d742f1ad166eef4960917f 0b7f6a7849d742f1ad166eef4960917f] 199.204.45.223 "GET /v2.0/floatingips?fixed_ip_address=172.24.1.222&port_id=0acb0396-9b1f-4505-81ad-400946021b86 HTTP/1.1" status: 200 len: 217 time: 0.0224707
2026-07-02 06:22:42.915 10 INFO neutron.wsgi [req-4a02162f-c6e1-44f8-b83d-a1b184f1f74e req-a6883e03-1ffd-43a5-8484-1aafdb7da713 36377d1fe73e40cf8b2786a64e5f4d3a 7e96c111381543b2a8202b096e417409 - - 0b7f6a7849d742f1ad166eef4960917f 0b7f6a7849d742f1ad166eef4960917f] 199.204.45.223 "GET /v2.0/subnets?id=817548a9-8d8b-432f-af4b-de9e26156196 HTTP/1.1" status: 200 len: 829 time: 0.0324428
2026-07-02 06:22:42.952 10 INFO neutron.wsgi [req-4a02162f-c6e1-44f8-b83d-a1b184f1f74e req-7a181409-68c8-402d-94bb-a73c7f20588d 36377d1fe73e40cf8b2786a64e5f4d3a 7e96c111381543b2a8202b096e417409 - - 0b7f6a7849d742f1ad166eef4960917f 0b7f6a7849d742f1ad166eef4960917f] 199.204.45.223 "GET /v2.0/ports?network_id=11d510d6-af3d-4bda-98a5-07e178efa40d&device_owner=network%3Adhcp HTTP/1.1" status: 200 len: 210 time: 0.0292480
2026-07-02 06:22:43.017 10 INFO neutron.wsgi [req-4a02162f-c6e1-44f8-b83d-a1b184f1f74e req-2fa4e054-32b4-45ba-a9d9-ad75cf47d3ee 36377d1fe73e40cf8b2786a64e5f4d3a 7e96c111381543b2a8202b096e417409 - - 0b7f6a7849d742f1ad166eef4960917f 0b7f6a7849d742f1ad166eef4960917f] 199.204.45.223 "GET /v2.0/networks/11d510d6-af3d-4bda-98a5-07e178efa40d?fields=segments HTTP/1.1" status: 200 len: 212 time: 0.0583932
2026-07-02 06:22:43.078 10 INFO neutron.wsgi [req-4a02162f-c6e1-44f8-b83d-a1b184f1f74e req-e0db579f-b1e4-4df1-b583-19eb6dbec753 36377d1fe73e40cf8b2786a64e5f4d3a 7e96c111381543b2a8202b096e417409 - - 0b7f6a7849d742f1ad166eef4960917f 0b7f6a7849d742f1ad166eef4960917f] 199.204.45.223 "GET /v2.0/networks/11d510d6-af3d-4bda-98a5-07e178efa40d?fields=provider%3Aphysical_network&fields=provider%3Anetwork_type HTTP/1.1" status: 200 len: 277 time: 0.0549822
2026-07-02 06:22:43.121 10 INFO neutron.wsgi [req-4a02162f-c6e1-44f8-b83d-a1b184f1f74e req-1298236e-aad5-4e48-81d9-1d462184f5ea 36377d1fe73e40cf8b2786a64e5f4d3a 7e96c111381543b2a8202b096e417409 - - 0b7f6a7849d742f1ad166eef4960917f 0b7f6a7849d742f1ad166eef4960917f] 199.204.45.223 "GET /v2.0/floatingips?fixed_ip_address=10.1.1.62&port_id=7f1246a8-dc0d-45be-9deb-c9924d245318 HTTP/1.1" status: 200 len: 217 time: 0.0347881
2026-07-02 06:22:43.190 10 INFO neutron.wsgi [None req-0f64722c-658f-4ac2-b264-51a09d8275c8 d49bbc498fb44934801760e04d946e50 a6d2ffa6fb014966b30cc01eac919e15 - - default default] 199.204.45.223 "GET /v2.0/ports?device_id=f5a47fa3-079d-4a7e-a039-b04a96321212 HTTP/1.1" status: 200 len: 2723 time: 0.0654957
2026-07-02 06:22:43.211 10 INFO neutron.wsgi [req-4a02162f-c6e1-44f8-b83d-a1b184f1f74e req-791c4d96-0f59-4050-ae02-6fb1be898a63 36377d1fe73e40cf8b2786a64e5f4d3a 7e96c111381543b2a8202b096e417409 - - 0b7f6a7849d742f1ad166eef4960917f 0b7f6a7849d742f1ad166eef4960917f] 199.204.45.223 "GET /v2.0/subnets?id=07cf9671-e395-451a-943d-bf3e248fc38f HTTP/1.1" status: 200 len: 853 time: 0.0713518
2026-07-02 06:22:43.225 10 INFO neutron.pecan_wsgi.hooks.translation [None req-3844e26e-0232-4b95-bdfd-81ea790e18b4 d49bbc498fb44934801760e04d946e50 a6d2ffa6fb014966b30cc01eac919e15 - - default default] DELETE failed (client error): The resource could not be found.
2026-07-02 06:22:43.227 10 INFO neutron.wsgi [None req-3844e26e-0232-4b95-bdfd-81ea790e18b4 d49bbc498fb44934801760e04d946e50 a6d2ffa6fb014966b30cc01eac919e15 - - default default] 199.204.45.223 "DELETE /v2.0/ports/70bd1125-61ed-48bb-b9ad-75a51e364dff HTTP/1.1" status: 404 len: 338 time: 0.0268354
2026-07-02 06:22:43.237 10 INFO neutron.wsgi [req-4a02162f-c6e1-44f8-b83d-a1b184f1f74e req-cdfc9173-747b-4e21-b0c9-ea44e23a431a 36377d1fe73e40cf8b2786a64e5f4d3a 7e96c111381543b2a8202b096e417409 - - 0b7f6a7849d742f1ad166eef4960917f 0b7f6a7849d742f1ad166eef4960917f] 199.204.45.223 "GET /v2.0/ports?network_id=2851d0c4-2b9d-4740-bad4-33b126bf6fa4&device_owner=network%3Adhcp HTTP/1.1" status: 200 len: 210 time: 0.0182767
2026-07-02 06:22:43.302 10 INFO neutron.wsgi [None req-62b4ab9b-dd5a-4c73-bee4-0e986a13d04d d49bbc498fb44934801760e04d946e50 a6d2ffa6fb014966b30cc01eac919e15 - - default default] 199.204.45.223 "GET /v2.0/extensions/security-group HTTP/1.1" status: 200 len: 369 time: 0.0056953
2026-07-02 06:22:43.316 10 INFO neutron.wsgi [None req-c12ab96c-3239-4b92-8f6d-f44a384cf061 d49bbc498fb44934801760e04d946e50 a6d2ffa6fb014966b30cc01eac919e15 - - default default] 199.204.45.223 "GET /v2.0/extensions/dns-integration HTTP/1.1" status: 200 len: 371 time: 0.0070508
2026-07-02 06:22:43.323 10 INFO neutron.wsgi [req-4a02162f-c6e1-44f8-b83d-a1b184f1f74e req-3d3a85ae-8409-4d6a-bfed-eb5fc2672f5b 36377d1fe73e40cf8b2786a64e5f4d3a 7e96c111381543b2a8202b096e417409 - - 0b7f6a7849d742f1ad166eef4960917f 0b7f6a7849d742f1ad166eef4960917f] 199.204.45.223 "GET /v2.0/networks/2851d0c4-2b9d-4740-bad4-33b126bf6fa4?fields=segments HTTP/1.1" status: 200 len: 212 time: 0.0760932
2026-07-02 06:22:43.329 10 INFO neutron.wsgi [None req-c04dbf59-3101-44fe-97c0-7efae8a38417 d49bbc498fb44934801760e04d946e50 a6d2ffa6fb014966b30cc01eac919e15 - - default default] 199.204.45.223 "GET /v2.0/extensions/qos HTTP/1.1" status: 200 len: 365 time: 0.0049562
2026-07-02 06:22:43.341 10 INFO neutron.wsgi [None req-49b1b9d9-e6c1-48c0-92ff-421400583781 d49bbc498fb44934801760e04d946e50 a6d2ffa6fb014966b30cc01eac919e15 - - default default] 199.204.45.223 "GET /v2.0/extensions/allowed-address-pairs HTTP/1.1" status: 200 len: 383 time: 0.0047443
2026-07-02 06:22:43.407 10 INFO neutron.wsgi [None req-ba42c88e-c824-4bd3-a9e4-42d941f88861 d49bbc498fb44934801760e04d946e50 a6d2ffa6fb014966b30cc01eac919e15 - - default default] 199.204.45.223 "GET /v2.0/subnets/07cf9671-e395-451a-943d-bf3e248fc38f HTTP/1.1" status: 200 len: 850 time: 0.0555305
2026-07-02 06:22:43.459 10 INFO neutron.wsgi [req-4a02162f-c6e1-44f8-b83d-a1b184f1f74e req-069a7980-963a-4a47-b252-d0d0bf03434f 36377d1fe73e40cf8b2786a64e5f4d3a 7e96c111381543b2a8202b096e417409 - - 0b7f6a7849d742f1ad166eef4960917f 0b7f6a7849d742f1ad166eef4960917f] 199.204.45.223 "GET /v2.0/networks/2851d0c4-2b9d-4740-bad4-33b126bf6fa4?fields=provider%3Aphysical_network&fields=provider%3Anetwork_type HTTP/1.1" status: 200 len: 277 time: 0.1303058
2026-07-02 06:22:43.465 10 INFO neutron.wsgi [None req-b7a86297-bb97-4176-887f-da79148f2fe2 d49bbc498fb44934801760e04d946e50 a6d2ffa6fb014966b30cc01eac919e15 - - default default] 199.204.45.223 "GET /v2.0/ports/fc03b7dc-bf6b-46bb-a786-f141a8df8ee5 HTTP/1.1" status: 200 len: 1336 time: 0.0523319
2026-07-02 06:22:43.535 10 INFO neutron.wsgi [None req-6e2944da-ad57-43d9-a26e-11fc22d5c498 d49bbc498fb44934801760e04d946e50 a6d2ffa6fb014966b30cc01eac919e15 - - default default] 199.204.45.223 "GET /v2.0/ports/7f1246a8-dc0d-45be-9deb-c9924d245318 HTTP/1.1" status: 200 len: 1514 time: 0.0628633
2026-07-02 06:22:43.569 10 INFO neutron.wsgi [None req-db40ef9a-393d-4ac6-9719-7cbf0338f168 d49bbc498fb44934801760e04d946e50 a6d2ffa6fb014966b30cc01eac919e15 - - default default] 199.204.45.223 "GET /v2.0/subnets/07cf9671-e395-451a-943d-bf3e248fc38f HTTP/1.1" status: 200 len: 850 time: 0.0290999
2026-07-02 06:22:43.636 10 INFO neutron.wsgi [None req-f209e622-9bf6-4a54-acba-428dce809035 d49bbc498fb44934801760e04d946e50 a6d2ffa6fb014966b30cc01eac919e15 - - default default] 199.204.45.223 "GET /v2.0/networks/2851d0c4-2b9d-4740-bad4-33b126bf6fa4 HTTP/1.1" status: 200 len: 1002 time: 0.0614045
2026-07-02 06:22:43.692 10 INFO neutron.wsgi [None req-1aadf27b-f95d-4876-a6b0-5bb1e9968a46 d49bbc498fb44934801760e04d946e50 a6d2ffa6fb014966b30cc01eac919e15 - - default default] 199.204.45.223 "GET /v2.0/ports/fc03b7dc-bf6b-46bb-a786-f141a8df8ee5 HTTP/1.1" status: 200 len: 1336 time: 0.0470469
2026-07-02 06:22:43.737 10 INFO neutron.wsgi [None req-22705951-4de7-4e18-8c8d-17863b103ce6 d49bbc498fb44934801760e04d946e50 a6d2ffa6fb014966b30cc01eac919e15 - - default default] 199.204.45.223 "GET /v2.0/subnets/07cf9671-e395-451a-943d-bf3e248fc38f HTTP/1.1" status: 200 len: 850 time: 0.0387046
2026-07-02 06:22:43.951 10 INFO neutron.notifiers.nova [-] Nova event matching ['req-6ae3fd86-f860-4a89-8e65-3e8cdc3899e9'] response: {'server_uuid': 'f5a47fa3-079d-4a7e-a039-b04a96321212', 'name': 'network-vif-deleted', 'tag': '70bd1125-61ed-48bb-b9ad-75a51e364dff', 'status': 'completed', 'code': 200}
2026-07-02 06:22:43.973 9 INFO neutron.wsgi [-] 10.0.0.13 "GET / HTTP/1.1" status: 200 len: 247 time: 0.0020144
2026-07-02 06:22:43.974 10 INFO neutron.wsgi [-] 10.0.0.13 "GET / HTTP/1.1" status: 200 len: 247 time: 0.0028017
2026-07-02 06:22:44.521 9 INFO neutron.notifiers.nova [-] Nova event matching ['req-96fa7c6b-bf0c-4c42-8b10-47611e9de4a7'] response: {'server_uuid': 'f5a47fa3-079d-4a7e-a039-b04a96321212', 'name': 'network-vif-plugged', 'status': 'completed', 'tag': '70bd1125-61ed-48bb-b9ad-75a51e364dff', 'code': 200}
2026-07-02 06:22:52.358 10 INFO neutron.wsgi [None req-ee76b241-b6c6-40f4-8e08-95150cc38041 d49bbc498fb44934801760e04d946e50 a6d2ffa6fb014966b30cc01eac919e15 - - default default] 199.204.45.223 "GET /v2.0/extensions/security-group HTTP/1.1" status: 200 len: 369 time: 0.0126276
2026-07-02 06:22:52.366 10 INFO neutron.wsgi [None req-8187e76c-5fbd-452d-a80a-21c8388df722 d49bbc498fb44934801760e04d946e50 a6d2ffa6fb014966b30cc01eac919e15 - - default default] 199.204.45.223 "GET /v2.0/extensions/dns-integration HTTP/1.1" status: 200 len: 371 time: 0.0041077
2026-07-02 06:22:52.374 10 INFO neutron.wsgi [None req-0230b406-f680-470e-a215-3e340428eda5 d49bbc498fb44934801760e04d946e50 a6d2ffa6fb014966b30cc01eac919e15 - - default default] 199.204.45.223 "GET /v2.0/extensions/qos HTTP/1.1" status: 200 len: 365 time: 0.0041103
2026-07-02 06:22:52.388 10 INFO neutron.wsgi [None req-b2969cd3-d013-402e-a47f-216ef3a2b808 d49bbc498fb44934801760e04d946e50 a6d2ffa6fb014966b30cc01eac919e15 - - default default] 199.204.45.223 "GET /v2.0/extensions/allowed-address-pairs HTTP/1.1" status: 200 len: 383 time: 0.0048413
2026-07-02 06:22:52.426 10 INFO neutron.wsgi [None req-54800e03-6ae6-4d11-a92a-304c097612fa d49bbc498fb44934801760e04d946e50 a6d2ffa6fb014966b30cc01eac919e15 - - default default] 199.204.45.223 "GET /v2.0/security-groups?name=lb-0f50ef55-890e-466b-b2ca-9eb570ee56ac HTTP/1.1" status: 200 len: 2939 time: 0.0319929
2026-07-02 06:22:52.464 10 INFO neutron.wsgi [None req-2d51b3bf-e0e1-4d3a-90cf-add444c05aeb d49bbc498fb44934801760e04d946e50 a6d2ffa6fb014966b30cc01eac919e15 - - default default] 199.204.45.223 "GET /v2.0/security-group-rules?security_group_id=59261662-edc3-40ab-9808-944994d8ef14 HTTP/1.1" status: 200 len: 2406 time: 0.0315676
2026-07-02 06:22:52.577 10 INFO neutron.wsgi [None req-a8b0791d-e6c3-450e-983a-dda34e200c73 d49bbc498fb44934801760e04d946e50 a6d2ffa6fb014966b30cc01eac919e15 - - default default] 199.204.45.223 "DELETE /v2.0/security-group-rules/09e62ce8-6ebb-4297-9f7c-3565159304d9 HTTP/1.1" status: 204 len: 173 time: 0.1056595
2026-07-02 06:22:52.696 10 INFO neutron.wsgi [None req-da3c4c92-b4c8-4b22-b523-7d48fb175fd9 d49bbc498fb44934801760e04d946e50 a6d2ffa6fb014966b30cc01eac919e15 - - default default] 199.204.45.223 "DELETE /v2.0/security-group-rules/17e614be-7445-4ca0-a41f-fc817f45977c HTTP/1.1" status: 204 len: 173 time: 0.1118615
2026-07-02 06:22:52.923 10 INFO neutron.wsgi [req-3ed37307-a702-478c-8130-e99a11f3a252 req-e823b3c5-867a-4f16-b0de-5a618d2bbe03 36377d1fe73e40cf8b2786a64e5f4d3a 7e96c111381543b2a8202b096e417409 - - 0b7f6a7849d742f1ad166eef4960917f 0b7f6a7849d742f1ad166eef4960917f] 199.204.45.223 "GET /v2.0/ports?device_id=af351b88-602e-436c-b260-d552ef3a6353&fields=binding%3Ahost_id&fields=binding%3Avif_type HTTP/1.1" status: 200 len: 265 time: 0.0326910
2026-07-02 06:22:52.996 10 INFO neutron.wsgi [req-3ed37307-a702-478c-8130-e99a11f3a252 req-bd133366-c06f-4287-8c48-451369fabf68 36377d1fe73e40cf8b2786a64e5f4d3a 7e96c111381543b2a8202b096e417409 - - 0b7f6a7849d742f1ad166eef4960917f 0b7f6a7849d742f1ad166eef4960917f] 199.204.45.223 "GET /v2.0/ports?tenant_id=aec3d331be9e4164898e123aea9d4ffa&device_id=af351b88-602e-436c-b260-d552ef3a6353 HTTP/1.1" status: 200 len: 1630 time: 0.0367641
2026-07-02 06:22:53.085 10 INFO neutron.wsgi [req-3ed37307-a702-478c-8130-e99a11f3a252 req-c615a64b-19b5-4826-8fb8-f653f6a945ea 36377d1fe73e40cf8b2786a64e5f4d3a 7e96c111381543b2a8202b096e417409 - - 0b7f6a7849d742f1ad166eef4960917f 0b7f6a7849d742f1ad166eef4960917f] 199.204.45.223 "GET /v2.0/networks?id=9e54c149-ee87-460e-ad99-fd2309acd7ab HTTP/1.1" status: 200 len: 1002 time: 0.0714414
2026-07-02 06:22:53.142 10 INFO neutron.wsgi [req-3ed37307-a702-478c-8130-e99a11f3a252 req-d031c91d-7a5c-4840-b3fd-f9cac1b4c359 36377d1fe73e40cf8b2786a64e5f4d3a 7e96c111381543b2a8202b096e417409 - - 0b7f6a7849d742f1ad166eef4960917f 0b7f6a7849d742f1ad166eef4960917f] 199.204.45.223 "GET /v2.0/floatingips?fixed_ip_address=10.2.1.3&port_id=376e88dd-2d55-41a7-aefe-342c9baf7d1d HTTP/1.1" status: 200 len: 1057 time: 0.0524316
2026-07-02 06:22:53.174 10 INFO neutron.wsgi [req-3ed37307-a702-478c-8130-e99a11f3a252 req-e2754cc9-c7b8-4ffe-bf56-75f34f3b2320 36377d1fe73e40cf8b2786a64e5f4d3a 7e96c111381543b2a8202b096e417409 - - 0b7f6a7849d742f1ad166eef4960917f 0b7f6a7849d742f1ad166eef4960917f] 199.204.45.223 "GET /v2.0/floatingips?fixed_ip_address=fd7b%3Af9f7%3Afff%3A4eca%3A%3A249&port_id=376e88dd-2d55-41a7-aefe-342c9baf7d1d HTTP/1.1" status: 200 len: 217 time: 0.0243127
2026-07-02 06:22:53.211 10 INFO neutron.wsgi [req-3ed37307-a702-478c-8130-e99a11f3a252 req-751f65c1-2c45-4823-be0d-c42ff8244751 36377d1fe73e40cf8b2786a64e5f4d3a 7e96c111381543b2a8202b096e417409 - - 0b7f6a7849d742f1ad166eef4960917f 0b7f6a7849d742f1ad166eef4960917f] 199.204.45.223 "GET /v2.0/subnets?id=727656d4-332d-4cad-b3ef-35988553f9ad&id=8bd0ca97-3f94-417c-9a2a-184ac3c126cb HTTP/1.1" status: 200 len: 1563 time: 0.0316288
2026-07-02 06:22:53.246 10 INFO neutron.wsgi [req-3ed37307-a702-478c-8130-e99a11f3a252 req-d939006b-4c30-4a52-9a47-27282e3f6bc5 36377d1fe73e40cf8b2786a64e5f4d3a 7e96c111381543b2a8202b096e417409 - - 0b7f6a7849d742f1ad166eef4960917f 0b7f6a7849d742f1ad166eef4960917f] 199.204.45.223 "GET /v2.0/ports?network_id=9e54c149-ee87-460e-ad99-fd2309acd7ab&device_owner=network%3Adhcp HTTP/1.1" status: 200 len: 210 time: 0.0305662
2026-07-02 06:22:53.277 10 INFO neutron.wsgi [req-3ed37307-a702-478c-8130-e99a11f3a252 req-900b4911-de21-4b7b-8b7d-9e73ff813991 36377d1fe73e40cf8b2786a64e5f4d3a 7e96c111381543b2a8202b096e417409 - - 0b7f6a7849d742f1ad166eef4960917f 0b7f6a7849d742f1ad166eef4960917f] 199.204.45.223 "GET /v2.0/ports?network_id=9e54c149-ee87-460e-ad99-fd2309acd7ab&device_owner=network%3Adhcp HTTP/1.1" status: 200 len: 210 time: 0.0261986
2026-07-02 06:22:53.350 10 INFO neutron.wsgi [req-3ed37307-a702-478c-8130-e99a11f3a252 req-57d0d1eb-2ac8-49bb-a3bc-4510bdf2bf95 36377d1fe73e40cf8b2786a64e5f4d3a 7e96c111381543b2a8202b096e417409 - - 0b7f6a7849d742f1ad166eef4960917f 0b7f6a7849d742f1ad166eef4960917f] 199.204.45.223 "GET /v2.0/networks/9e54c149-ee87-460e-ad99-fd2309acd7ab?fields=segments HTTP/1.1" status: 200 len: 212 time: 0.0648048
2026-07-02 06:22:53.425 10 INFO neutron.wsgi [req-3ed37307-a702-478c-8130-e99a11f3a252 req-22ebd659-86e8-4d9f-bb83-b2ed273ca6f1 36377d1fe73e40cf8b2786a64e5f4d3a 7e96c111381543b2a8202b096e417409 - - 0b7f6a7849d742f1ad166eef4960917f 0b7f6a7849d742f1ad166eef4960917f] 199.204.45.223 "GET /v2.0/networks/9e54c149-ee87-460e-ad99-fd2309acd7ab?fields=provider%3Aphysical_network&fields=provider%3Anetwork_type HTTP/1.1" status: 200 len: 277 time: 0.0681603
2026-07-02 06:22:57.118 10 INFO neutron.db.l3_db [None req-8f68ff79-eb0f-4ad4-b666-da84dd449358 3e8cf9ea00df408fab23d3384e04f5c5 aec3d331be9e4164898e123aea9d4ffa - - default default] Floating IP 1546cd54-44f7-46e7-8655-2d4d2f0bd995 disassociated (deleted). External IP: 10.96.250.217, port: fc03b7dc-bf6b-46bb-a786-f141a8df8ee5.
2026-07-02 06:22:57.177 10 INFO neutron.wsgi [None req-8f68ff79-eb0f-4ad4-b666-da84dd449358 3e8cf9ea00df408fab23d3384e04f5c5 aec3d331be9e4164898e123aea9d4ffa - - default default] 10.0.0.54 "DELETE /v2.0/floatingips/1546cd54-44f7-46e7-8655-2d4d2f0bd995 HTTP/1.1" status: 204 len: 168 time: 0.4185536
2026-07-02 06:22:57.213 10 INFO neutron.api.v2.resource [None req-692ad06f-74f1-42b6-af7d-5c3c46fd5427 3e8cf9ea00df408fab23d3384e04f5c5 aec3d331be9e4164898e123aea9d4ffa - - default default] show failed (client error): The resource could not be found.
2026-07-02 06:22:57.215 10 INFO neutron.wsgi [None req-692ad06f-74f1-42b6-af7d-5c3c46fd5427 3e8cf9ea00df408fab23d3384e04f5c5 aec3d331be9e4164898e123aea9d4ffa - - default default] 10.0.0.54 "GET /v2.0/floatingips/1546cd54-44f7-46e7-8655-2d4d2f0bd995 HTTP/1.1" status: 404 len: 345 time: 0.0309894
2026-07-02 06:22:57.511 10 INFO neutron.wsgi [None req-39e0e02d-7566-4566-b440-125ea098e38b d49bbc498fb44934801760e04d946e50 a6d2ffa6fb014966b30cc01eac919e15 - - default default] 199.204.45.223 "GET /v2.0/extensions/security-group HTTP/1.1" status: 200 len: 369 time: 0.0053124
2026-07-02 06:22:57.522 10 INFO neutron.wsgi [None req-b4ad7e26-a6c7-4c98-b40a-85e5e83e883e d49bbc498fb44934801760e04d946e50 a6d2ffa6fb014966b30cc01eac919e15 - - default default] 199.204.45.223 "GET /v2.0/extensions/dns-integration HTTP/1.1" status: 200 len: 371 time: 0.0053430
2026-07-02 06:22:57.529 10 INFO neutron.wsgi [None req-ed198564-5650-471a-aafb-83b797fae95f d49bbc498fb44934801760e04d946e50 a6d2ffa6fb014966b30cc01eac919e15 - - default default] 199.204.45.223 "GET /v2.0/extensions/qos HTTP/1.1" status: 200 len: 365 time: 0.0037730
2026-07-02 06:22:57.538 10 INFO neutron.wsgi [None req-2168695b-e22f-4f72-8f80-2c61209b4ac2 d49bbc498fb44934801760e04d946e50 a6d2ffa6fb014966b30cc01eac919e15 - - default default] 199.204.45.223 "GET /v2.0/extensions/allowed-address-pairs HTTP/1.1" status: 200 len: 383 time: 0.0046556
2026-07-02 06:22:57.574 10 INFO neutron.wsgi [None req-43418a8b-b543-4e80-bdcc-e83572f0d2f7 d49bbc498fb44934801760e04d946e50 a6d2ffa6fb014966b30cc01eac919e15 - - default default] 199.204.45.223 "GET /v2.0/subnets/07cf9671-e395-451a-943d-bf3e248fc38f HTTP/1.1" status: 200 len: 850 time: 0.0292542
2026-07-02 06:22:57.611 10 INFO neutron.wsgi [None req-4605fd0c-9085-498d-a251-bb63b9454f54 d49bbc498fb44934801760e04d946e50 a6d2ffa6fb014966b30cc01eac919e15 - - default default] 199.204.45.223 "GET /v2.0/ports?device_id=f5a47fa3-079d-4a7e-a039-b04a96321212 HTTP/1.1" status: 200 len: 2723 time: 0.0322635
2026-07-02 06:22:57.647 10 INFO neutron.wsgi [None req-7f154a68-1f6d-425e-a357-3d038a0bcf1d d49bbc498fb44934801760e04d946e50 a6d2ffa6fb014966b30cc01eac919e15 - - default default] 199.204.45.223 "GET /v2.0/ports?device_id=f5a47fa3-079d-4a7e-a039-b04a96321212 HTTP/1.1" status: 200 len: 2723 time: 0.0301847
2026-07-02 06:22:57.749 10 INFO neutron.wsgi [None req-17a9e185-6731-4da2-bf63-ab35835cf4c3 d49bbc498fb44934801760e04d946e50 a6d2ffa6fb014966b30cc01eac919e15 - - default default] 199.204.45.223 "GET /v2.0/ports?device_id=f5a47fa3-079d-4a7e-a039-b04a96321212 HTTP/1.1" status: 200 len: 2723 time: 0.0422449
2026-07-02 06:22:58.006 9 INFO neutron.plugins.ml2.drivers.ovn.mech_driver.mech_driver [None req-a342c9dc-cf0c-458b-977d-0784799b2417 - - - - - -] OVN reports status down for port: 7f1246a8-dc0d-45be-9deb-c9924d245318
2026-07-02 06:22:58.073 10 INFO neutron.wsgi [req-8b6a3776-6594-4237-8cd7-cce0598981e1 req-738a2f05-bf6c-4d2a-83c0-a21d72ac54ab 36377d1fe73e40cf8b2786a64e5f4d3a 7e96c111381543b2a8202b096e417409 - - 0b7f6a7849d742f1ad166eef4960917f 0b7f6a7849d742f1ad166eef4960917f] 199.204.45.223 "GET /v2.0/ports/7f1246a8-dc0d-45be-9deb-c9924d245318 HTTP/1.1" status: 200 len: 1514 time: 0.0289135
2026-07-02 06:22:58.121 10 INFO neutron.wsgi [req-8b6a3776-6594-4237-8cd7-cce0598981e1 req-cc44062c-aa94-49a1-80e6-163ebd6d3b79 d49bbc498fb44934801760e04d946e50 a6d2ffa6fb014966b30cc01eac919e15 - - default default] 199.204.45.223 "GET /v2.0/ports/7f1246a8-dc0d-45be-9deb-c9924d245318?fields=binding%3Aprofile&fields=network_id HTTP/1.1" status: 200 len: 281 time: 0.0400796
2026-07-02 06:22:58.151 9 INFO neutron.db.ovn_revision_numbers_db [None req-15fa5ab6-3bd5-4ded-bb48-038ec52e1c9e - - - - - -] Successfully bumped revision number for resource fc03b7dc-bf6b-46bb-a786-f141a8df8ee5 (type: ports) to 6
2026-07-02 06:22:58.185 9 INFO neutron.notifiers.nova [-] Nova event matching ['req-90d71d9c-77d6-431d-bb7e-f407c9651e07'] response: {'server_uuid': 'f5a47fa3-079d-4a7e-a039-b04a96321212', 'name': 'network-vif-unplugged', 'status': 'completed', 'tag': '7f1246a8-dc0d-45be-9deb-c9924d245318', 'code': 200}
2026-07-02 06:22:58.198 10 INFO neutron.wsgi [req-8b6a3776-6594-4237-8cd7-cce0598981e1 req-cf24e4b0-573e-458d-98d9-35422e810ea5 d49bbc498fb44934801760e04d946e50 a6d2ffa6fb014966b30cc01eac919e15 - - default default] 199.204.45.223 "GET /v2.0/networks/2851d0c4-2b9d-4740-bad4-33b126bf6fa4?fields=dns_domain HTTP/1.1" status: 200 len: 227 time: 0.0735357
2026-07-02 06:22:58.380 9 INFO neutron.db.ovn_revision_numbers_db [None req-a342c9dc-cf0c-458b-977d-0784799b2417 - - - - - -] Successfully bumped revision number for resource 7f1246a8-dc0d-45be-9deb-c9924d245318 (type: ports) to 7
2026-07-02 06:22:58.396 9 INFO neutron.plugins.ml2.drivers.ovn.mech_driver.mech_driver [None req-a342c9dc-cf0c-458b-977d-0784799b2417 - - - - - -] OVN reports status down for port: fc03b7dc-bf6b-46bb-a786-f141a8df8ee5
2026-07-02 06:22:58.621 10 INFO neutron.db.ovn_revision_numbers_db [req-8b6a3776-6594-4237-8cd7-cce0598981e1 req-a9591bb8-ece0-4e2e-96d1-be827d816362 36377d1fe73e40cf8b2786a64e5f4d3a 7e96c111381543b2a8202b096e417409 - - 0b7f6a7849d742f1ad166eef4960917f 0b7f6a7849d742f1ad166eef4960917f] Successfully bumped revision number for resource 7f1246a8-dc0d-45be-9deb-c9924d245318 (type: ports) to 8
2026-07-02 06:22:58.635 10 INFO neutron.wsgi [req-8b6a3776-6594-4237-8cd7-cce0598981e1 req-a9591bb8-ece0-4e2e-96d1-be827d816362 36377d1fe73e40cf8b2786a64e5f4d3a 7e96c111381543b2a8202b096e417409 - - 0b7f6a7849d742f1ad166eef4960917f 0b7f6a7849d742f1ad166eef4960917f] 199.204.45.223 "PUT /v2.0/ports/7f1246a8-dc0d-45be-9deb-c9924d245318 HTTP/1.1" status: 200 len: 1346 time: 0.4282281 /var/lib/openstack/lib/python3.10/site-packages/pycadf/identifier.py:71: UserWarning: Invalid uuid: neutron. To ensure interoperability, identifiers should be a valid uuid. warnings.warn(('Invalid uuid: %s. To ensure interoperability, '
2026-07-02 06:22:58.716 10 INFO neutron.wsgi [req-8b6a3776-6594-4237-8cd7-cce0598981e1 req-fc25fd28-ec02-4e9f-a4e8-ef17e0062266 36377d1fe73e40cf8b2786a64e5f4d3a 7e96c111381543b2a8202b096e417409 - - 0b7f6a7849d742f1ad166eef4960917f 0b7f6a7849d742f1ad166eef4960917f] 199.204.45.223 "GET /v2.0/ports?tenant_id=a6d2ffa6fb014966b30cc01eac919e15&device_id=f5a47fa3-079d-4a7e-a039-b04a96321212 HTTP/1.1" status: 200 len: 1417 time: 0.0323782
2026-07-02 06:22:58.790 10 INFO neutron.wsgi [None req-d01293da-76f1-4453-8dc8-86cabe77a127 d49bbc498fb44934801760e04d946e50 a6d2ffa6fb014966b30cc01eac919e15 - - default default] 199.204.45.223 "GET /v2.0/ports?device_id=f5a47fa3-079d-4a7e-a039-b04a96321212 HTTP/1.1" status: 200 len: 1417 time: 0.0311575
2026-07-02 06:22:58.812 10 INFO neutron.wsgi [req-8b6a3776-6594-4237-8cd7-cce0598981e1 req-1cd9f988-181e-4e4a-b853-d722c19ab2a6 36377d1fe73e40cf8b2786a64e5f4d3a 7e96c111381543b2a8202b096e417409 - - 0b7f6a7849d742f1ad166eef4960917f 0b7f6a7849d742f1ad166eef4960917f] 199.204.45.223 "GET /v2.0/networks?id=11d510d6-af3d-4bda-98a5-07e178efa40d&id=2851d0c4-2b9d-4740-bad4-33b126bf6fa4 HTTP/1.1" status: 200 len: 1728 time: 0.0879626
2026-07-02 06:22:58.841 10 INFO neutron.wsgi [req-8b6a3776-6594-4237-8cd7-cce0598981e1 req-f037c9a4-b546-41b2-92ba-fdf96a98cc8d 36377d1fe73e40cf8b2786a64e5f4d3a 7e96c111381543b2a8202b096e417409 - - 0b7f6a7849d742f1ad166eef4960917f 0b7f6a7849d742f1ad166eef4960917f] 199.204.45.223 "GET /v2.0/floatingips?fixed_ip_address=172.24.1.222&port_id=0acb0396-9b1f-4505-81ad-400946021b86 HTTP/1.1" status: 200 len: 217 time: 0.0212388
2026-07-02 06:22:58.886 10 INFO neutron.wsgi [req-8b6a3776-6594-4237-8cd7-cce0598981e1 req-dc3d88d1-c001-4e00-b651-797f5086cb89 36377d1fe73e40cf8b2786a64e5f4d3a 7e96c111381543b2a8202b096e417409 - - 0b7f6a7849d742f1ad166eef4960917f 0b7f6a7849d742f1ad166eef4960917f] 199.204.45.223 "GET /v2.0/subnets?id=817548a9-8d8b-432f-af4b-de9e26156196 HTTP/1.1" status: 200 len: 829 time: 0.0345378
2026-07-02 06:22:58.914 10 INFO neutron.wsgi [req-8b6a3776-6594-4237-8cd7-cce0598981e1 req-0c49aca4-6ba0-4052-92f8-1144e3cfca16 36377d1fe73e40cf8b2786a64e5f4d3a 7e96c111381543b2a8202b096e417409 - - 0b7f6a7849d742f1ad166eef4960917f 0b7f6a7849d742f1ad166eef4960917f] 199.204.45.223 "GET /v2.0/ports?network_id=11d510d6-af3d-4bda-98a5-07e178efa40d&device_owner=network%3Adhcp HTTP/1.1" status: 200 len: 210 time: 0.0213487
2026-07-02 06:22:58.974 10 INFO neutron.wsgi [-] 10.0.0.13 "GET / HTTP/1.1" status: 200 len: 247 time: 0.0012524
2026-07-02 06:22:58.975 9 INFO neutron.wsgi [-] 10.0.0.13 "GET / HTTP/1.1" status: 200 len: 247 time: 0.0034149
2026-07-02 06:22:59.005 10 INFO neutron.wsgi [req-8b6a3776-6594-4237-8cd7-cce0598981e1 req-e6fe3a91-e121-44ce-a667-8d511fabeea3 36377d1fe73e40cf8b2786a64e5f4d3a 7e96c111381543b2a8202b096e417409 - - 0b7f6a7849d742f1ad166eef4960917f 0b7f6a7849d742f1ad166eef4960917f] 199.204.45.223 "GET /v2.0/networks/11d510d6-af3d-4bda-98a5-07e178efa40d?fields=segments HTTP/1.1" status: 200 len: 212 time: 0.0841186
2026-07-02 06:22:59.086 10 INFO neutron.wsgi [req-8b6a3776-6594-4237-8cd7-cce0598981e1 req-a6785b74-8a0d-4ed6-94c5-6e562062c04e 36377d1fe73e40cf8b2786a64e5f4d3a 7e96c111381543b2a8202b096e417409 - - 0b7f6a7849d742f1ad166eef4960917f 0b7f6a7849d742f1ad166eef4960917f] 199.204.45.223 "GET /v2.0/networks/11d510d6-af3d-4bda-98a5-07e178efa40d?fields=provider%3Aphysical_network&fields=provider%3Anetwork_type HTTP/1.1" status: 200 len: 277 time: 0.0771389
2026-07-02 06:22:59.277 10 INFO neutron.db.ovn_revision_numbers_db [None req-78f0100f-8672-4e10-ada5-2932c178fe12 d49bbc498fb44934801760e04d946e50 a6d2ffa6fb014966b30cc01eac919e15 - - default default] Successfully bumped revision number for resource 7f1246a8-dc0d-45be-9deb-c9924d245318 (type: ports) to 9
2026-07-02 06:22:59.296 10 INFO neutron.wsgi [None req-78f0100f-8672-4e10-ada5-2932c178fe12 d49bbc498fb44934801760e04d946e50 a6d2ffa6fb014966b30cc01eac919e15 - - default default] 199.204.45.223 "PUT /v2.0/ports/7f1246a8-dc0d-45be-9deb-c9924d245318 HTTP/1.1" status: 200 len: 1286 time: 0.4996166 /var/lib/openstack/lib/python3.10/site-packages/pycadf/identifier.py:71: UserWarning: Invalid uuid: neutron. To ensure interoperability, identifiers should be a valid uuid. warnings.warn(('Invalid uuid: %s. To ensure interoperability, '
2026-07-02 06:22:59.331 10 INFO neutron.wsgi [None req-fa2bf235-126b-4562-b383-a28a998acf45 d49bbc498fb44934801760e04d946e50 a6d2ffa6fb014966b30cc01eac919e15 - - default default] 199.204.45.223 "GET /v2.0/ports/7f1246a8-dc0d-45be-9deb-c9924d245318 HTTP/1.1" status: 200 len: 1286 time: 0.0289526
2026-07-02 06:22:59.393 9 INFO neutron.db.ovn_revision_numbers_db [None req-15fa5ab6-3bd5-4ded-bb48-038ec52e1c9e - - - - - -] Successfully bumped revision number for resource fc03b7dc-bf6b-46bb-a786-f141a8df8ee5 (type: ports) to 8
2026-07-02 06:22:59.792 10 INFO neutron.wsgi [None req-be64d9a6-b2e9-48cd-ae21-20c31542a466 d49bbc498fb44934801760e04d946e50 a6d2ffa6fb014966b30cc01eac919e15 - - default default] 199.204.45.223 "DELETE /v2.0/ports/7f1246a8-dc0d-45be-9deb-c9924d245318 HTTP/1.1" status: 204 len: 173 time: 0.4540265
2026-07-02 06:22:59.838 10 INFO neutron.wsgi [None req-64bf254c-e8e8-416f-9978-6d8d77b326d8 d49bbc498fb44934801760e04d946e50 a6d2ffa6fb014966b30cc01eac919e15 - - default default] 199.204.45.223 "GET /v2.0/extensions/security-group HTTP/1.1" status: 200 len: 369 time: 0.0076876
2026-07-02 06:22:59.846 10 INFO neutron.wsgi [None req-3abd2de6-cc86-42fb-aee7-54d9eb1f0d69 d49bbc498fb44934801760e04d946e50 a6d2ffa6fb014966b30cc01eac919e15 - - default default] 199.204.45.223 "GET /v2.0/extensions/dns-integration HTTP/1.1" status: 200 len: 371 time: 0.0031810
2026-07-02 06:22:59.862 10 INFO neutron.wsgi [None req-50a9b3ef-08c0-41dd-bece-f778eaa23a8a d49bbc498fb44934801760e04d946e50 a6d2ffa6fb014966b30cc01eac919e15 - - default default] 199.204.45.223 "GET /v2.0/extensions/qos HTTP/1.1" status: 200 len: 365 time: 0.0108004
2026-07-02 06:22:59.880 10 INFO neutron.wsgi [None req-f07f1d92-48b6-4bc4-8bce-287fdb297dd3 d49bbc498fb44934801760e04d946e50 a6d2ffa6fb014966b30cc01eac919e15 - - default default] 199.204.45.223 "GET /v2.0/extensions/allowed-address-pairs HTTP/1.1" status: 200 len: 383 time: 0.0080373
2026-07-02 06:22:59.914 10 INFO neutron.pecan_wsgi.hooks.translation [None req-32b83517-6a79-4372-baee-20a2eb014e3d d49bbc498fb44934801760e04d946e50 a6d2ffa6fb014966b30cc01eac919e15 - - default default] DELETE failed (client error): The resource could not be found.
2026-07-02 06:22:59.917 10 INFO neutron.wsgi [None req-32b83517-6a79-4372-baee-20a2eb014e3d d49bbc498fb44934801760e04d946e50 a6d2ffa6fb014966b30cc01eac919e15 - - default default] 199.204.45.223 "DELETE /v2.0/ports/7f1246a8-dc0d-45be-9deb-c9924d245318 HTTP/1.1" status: 404 len: 338 time: 0.0271025
2026-07-02 06:22:59.965 10 INFO neutron.wsgi [None req-db4a2c03-236e-499d-808e-0f77046d6fcf d49bbc498fb44934801760e04d946e50 a6d2ffa6fb014966b30cc01eac919e15 - - default default] 199.204.45.223 "GET /v2.0/ports/fc03b7dc-bf6b-46bb-a786-f141a8df8ee5 HTTP/1.1" status: 200 len: 1328 time: 0.0416286
2026-07-02 06:23:00.019 10 INFO neutron.wsgi [None req-ad230723-c991-49dd-b48a-e3ff2a3a3cf7 d49bbc498fb44934801760e04d946e50 a6d2ffa6fb014966b30cc01eac919e15 - - default default] 199.204.45.223 "GET /v2.0/security-groups?name=lb-0f50ef55-890e-466b-b2ca-9eb570ee56ac HTTP/1.1" status: 200 len: 1775 time: 0.0471382
2026-07-02 06:23:00.061 10 INFO neutron.wsgi [None req-7f253c1f-9e61-402e-8fc5-3b2a64023da7 d49bbc498fb44934801760e04d946e50 a6d2ffa6fb014966b30cc01eac919e15 - - default default] 199.204.45.223 "GET /v2.0/ports/fc03b7dc-bf6b-46bb-a786-f141a8df8ee5 HTTP/1.1" status: 200 len: 1328 time: 0.0348434
2026-07-02 06:23:00.227 9 INFO neutron.notifiers.nova [-] Nova event matching ['req-fc41812a-a8e7-4b4e-b7c8-69ffae335302'] response: {'server_uuid': 'f5a47fa3-079d-4a7e-a039-b04a96321212', 'name': 'network-vif-plugged', 'status': 'completed', 'tag': '7f1246a8-dc0d-45be-9deb-c9924d245318', 'code': 200}
2026-07-02 06:23:00.480 10 INFO neutron.db.ovn_revision_numbers_db [None req-01ce50c2-fddb-4ecd-95d4-6acbc0b93da2 d49bbc498fb44934801760e04d946e50 a6d2ffa6fb014966b30cc01eac919e15 - - default default] Successfully bumped revision number for resource fc03b7dc-bf6b-46bb-a786-f141a8df8ee5 (type: ports) to 9
2026-07-02 06:23:00.495 10 INFO neutron.wsgi [None req-01ce50c2-fddb-4ecd-95d4-6acbc0b93da2 d49bbc498fb44934801760e04d946e50 a6d2ffa6fb014966b30cc01eac919e15 - - default default] 199.204.45.223 "PUT /v2.0/ports/fc03b7dc-bf6b-46bb-a786-f141a8df8ee5 HTTP/1.1" status: 200 len: 1290 time: 0.4278553
2026-07-02 06:23:00.621 10 INFO neutron.wsgi [None req-df38789f-b26b-45f9-b6be-7e917aa74ff2 d49bbc498fb44934801760e04d946e50 a6d2ffa6fb014966b30cc01eac919e15 - - default default] 199.204.45.223 "DELETE /v2.0/security-groups/59261662-edc3-40ab-9808-944994d8ef14 HTTP/1.1" status: 204 len: 173 time: 0.1192503
2026-07-02 06:23:00.924 10 INFO neutron.wsgi [None req-f36709bd-33e1-4369-af75-2a7e76d78f37 d49bbc498fb44934801760e04d946e50 a6d2ffa6fb014966b30cc01eac919e15 - - default default] 199.204.45.223 "DELETE /v2.0/ports/fc03b7dc-bf6b-46bb-a786-f141a8df8ee5 HTTP/1.1" status: 204 len: 173 time: 0.2989039
2026-07-02 06:23:01.206 9 INFO neutron.plugins.ml2.drivers.ovn.mech_driver.mech_driver [None req-a342c9dc-cf0c-458b-977d-0784799b2417 - - - - - -] OVN reports status down for port: 0acb0396-9b1f-4505-81ad-400946021b86
2026-07-02 06:23:01.455 10 INFO neutron.wsgi [req-b4575e69-bd14-4c18-aa0f-e440635e2399 req-5055ec18-6d26-4678-a029-afd67ed753ad d49bbc498fb44934801760e04d946e50 a6d2ffa6fb014966b30cc01eac919e15 - - default default] 199.204.45.223 "GET /v2.0/ports?device_id=f5a47fa3-079d-4a7e-a039-b04a96321212 HTTP/1.1" status: 200 len: 1415 time: 0.0356688
2026-07-02 06:23:01.509 9 INFO neutron.db.ovn_revision_numbers_db [None req-a342c9dc-cf0c-458b-977d-0784799b2417 - - - - - -] Successfully bumped revision number for resource 0acb0396-9b1f-4505-81ad-400946021b86 (type: ports) to 5
2026-07-02 06:23:01.737 10 INFO neutron.wsgi [req-b4575e69-bd14-4c18-aa0f-e440635e2399 req-371fa873-2ca5-4e97-b3f9-fa8b7af11136 d49bbc498fb44934801760e04d946e50 a6d2ffa6fb014966b30cc01eac919e15 - - default default] 199.204.45.223 "DELETE /v2.0/ports/0acb0396-9b1f-4505-81ad-400946021b86 HTTP/1.1" status: 204 len: 173 time: 0.2764640
2026-07-02 06:23:01.781 10 INFO neutron.notifiers.nova [-] Nova event matching ['req-730fd3c4-907b-4722-b088-997f42b1934a'] response: {'server_uuid': 'f5a47fa3-079d-4a7e-a039-b04a96321212', 'name': 'network-vif-deleted', 'tag': '0acb0396-9b1f-4505-81ad-400946021b86', 'status': 'completed', 'code': 200}
2026-07-02 06:23:02.270 9 INFO neutron.notifiers.nova [-] Nova event matching ['req-944affb6-cb79-489d-89dd-265f37b80208'] response: {'server_uuid': 'f5a47fa3-079d-4a7e-a039-b04a96321212', 'name': 'network-vif-unplugged', 'status': 'completed', 'tag': '0acb0396-9b1f-4505-81ad-400946021b86', 'code': 200}
2026-07-02 06:23:02.270 9 INFO neutron.notifiers.nova [-] Nova event matching ['req-944affb6-cb79-489d-89dd-265f37b80208'] response: {'server_uuid': 'f5a47fa3-079d-4a7e-a039-b04a96321212', 'name': 'network-vif-plugged', 'status': 'completed', 'tag': '0acb0396-9b1f-4505-81ad-400946021b86', 'code': 200}
2026-07-02 06:23:02.815 10 INFO neutron.db.l3_db [None req-a5e8e939-97e2-4bcd-a323-21e3ca03d7a8 3e8cf9ea00df408fab23d3384e04f5c5 aec3d331be9e4164898e123aea9d4ffa - - default default] Floating IP e908d634-fcfe-4ace-9ce9-9647552e06f6 disassociated (deleted). External IP: 10.96.250.205, port: c2c686ac-897c-4f47-a984-5b82c1aaf49c.
2026-07-02 06:23:02.851 10 INFO neutron.wsgi [None req-a5e8e939-97e2-4bcd-a323-21e3ca03d7a8 3e8cf9ea00df408fab23d3384e04f5c5 aec3d331be9e4164898e123aea9d4ffa - - default default] 10.0.0.54 "DELETE /v2.0/floatingips/e908d634-fcfe-4ace-9ce9-9647552e06f6 HTTP/1.1" status: 204 len: 168 time: 0.4100144
2026-07-02 06:23:02.877 10 INFO neutron.api.v2.resource [None req-94f374cb-7aec-496d-96c7-e5a47d093aa3 3e8cf9ea00df408fab23d3384e04f5c5 aec3d331be9e4164898e123aea9d4ffa - - default default] show failed (client error): The resource could not be found.
2026-07-02 06:23:02.879 10 INFO neutron.wsgi [None req-94f374cb-7aec-496d-96c7-e5a47d093aa3 3e8cf9ea00df408fab23d3384e04f5c5 aec3d331be9e4164898e123aea9d4ffa - - default default] 10.0.0.54 "GET /v2.0/floatingips/e908d634-fcfe-4ace-9ce9-9647552e06f6 HTTP/1.1" status: 404 len: 345 time: 0.0230150 /var/lib/openstack/lib/python3.10/site-packages/pycadf/identifier.py:71: UserWarning: Invalid uuid: neutron. To ensure interoperability, identifiers should be a valid uuid. warnings.warn(('Invalid uuid: %s. To ensure interoperability, '
2026-07-02 06:23:03.093 9 INFO neutron.plugins.ml2.drivers.ovn.mech_driver.mech_driver [None req-a342c9dc-cf0c-458b-977d-0784799b2417 - - - - - -] OVN reports status down for port: c2c686ac-897c-4f47-a984-5b82c1aaf49c
2026-07-02 06:23:03.401 9 INFO neutron.wsgi [req-29e9c9a0-82a4-4ad3-87ac-acf5a9d526b1 req-3bda73e0-6a4b-46dc-b19c-9742f33e631b 3e8cf9ea00df408fab23d3384e04f5c5 aec3d331be9e4164898e123aea9d4ffa - - default default] 10.0.0.131 "GET /v2.0/ports?device_id=52465786-4176-42ae-92e7-bfd298c6e6f1 HTTP/1.1" status: 200 len: 1404 time: 0.3761501
2026-07-02 06:23:03.442 10 INFO neutron.wsgi [req-2c503797-5a8f-4df1-9afd-1d2d8f2c36ee req-30f15044-c22e-4e0d-9cb8-3d2e4bba4c4f 3e8cf9ea00df408fab23d3384e04f5c5 aec3d331be9e4164898e123aea9d4ffa - - default default] 199.204.45.223 "GET /v2.0/ports?device_id=52465786-4176-42ae-92e7-bfd298c6e6f1 HTTP/1.1" status: 200 len: 1404 time: 0.1093640
2026-07-02 06:23:03.457 9 INFO neutron.wsgi [req-29e9c9a0-82a4-4ad3-87ac-acf5a9d526b1 req-49cd21d1-a29d-49eb-9b3f-3f08ebe1d7d5 3e8cf9ea00df408fab23d3384e04f5c5 aec3d331be9e4164898e123aea9d4ffa - - default default] 10.0.0.131 "GET /v2.0/security-groups?id=c16dbccd-6c94-4275-85a6-7f9cb87cb481&fields=id&fields=name HTTP/1.1" status: 200 len: 311 time: 0.0473766
2026-07-02 06:23:03.641 9 INFO neutron.db.ovn_revision_numbers_db [None req-a342c9dc-cf0c-458b-977d-0784799b2417 - - - - - -] Successfully bumped revision number for resource c2c686ac-897c-4f47-a984-5b82c1aaf49c (type: ports) to 5
2026-07-02 06:23:03.767 10 INFO neutron.wsgi [req-2c503797-5a8f-4df1-9afd-1d2d8f2c36ee req-1aab679f-12e2-4bb3-aa46-487b9a07c971 3e8cf9ea00df408fab23d3384e04f5c5 aec3d331be9e4164898e123aea9d4ffa - - default default] 199.204.45.223 "DELETE /v2.0/ports/c2c686ac-897c-4f47-a984-5b82c1aaf49c HTTP/1.1" status: 204 len: 173 time: 0.3203621
2026-07-02 06:23:03.816 10 INFO neutron.notifiers.nova [-] Nova event matching ['req-d84d971f-462d-4e59-a0bf-95191f50c0b2'] response: {'name': 'network-changed', 'server_uuid': '52465786-4176-42ae-92e7-bfd298c6e6f1', 'tag': 'c2c686ac-897c-4f47-a984-5b82c1aaf49c', 'status': 'completed', 'code': 200}
2026-07-02 06:23:03.817 10 INFO neutron.notifiers.nova [-] Nova event matching ['req-d84d971f-462d-4e59-a0bf-95191f50c0b2'] response: {'server_uuid': '52465786-4176-42ae-92e7-bfd298c6e6f1', 'name': 'network-vif-deleted', 'tag': 'c2c686ac-897c-4f47-a984-5b82c1aaf49c', 'status': 'completed', 'code': 200}
2026-07-02 06:23:03.858 10 INFO neutron.wsgi [req-93fab1f1-5e39-4d86-9274-b0b92b0c9bdb req-e48c1889-f33a-4af5-b757-35b5bc55b940 36377d1fe73e40cf8b2786a64e5f4d3a 7e96c111381543b2a8202b096e417409 - - 0b7f6a7849d742f1ad166eef4960917f 0b7f6a7849d742f1ad166eef4960917f] 199.204.45.223 "GET /v2.0/ports?tenant_id=aec3d331be9e4164898e123aea9d4ffa&device_id=52465786-4176-42ae-92e7-bfd298c6e6f1 HTTP/1.1" status: 200 len: 210 time: 0.0233405
2026-07-02 06:23:03.955 10 INFO neutron.wsgi [req-93fab1f1-5e39-4d86-9274-b0b92b0c9bdb req-2061151b-6d6a-4585-8bfd-6ad5219c38d6 36377d1fe73e40cf8b2786a64e5f4d3a 7e96c111381543b2a8202b096e417409 - - 0b7f6a7849d742f1ad166eef4960917f 0b7f6a7849d742f1ad166eef4960917f] 199.204.45.223 "GET /v2.0/networks?tenant_id=aec3d331be9e4164898e123aea9d4ffa&shared=False HTTP/1.1" status: 200 len: 2585 time: 0.0918813
2026-07-02 06:23:04.041 10 INFO neutron.wsgi [req-93fab1f1-5e39-4d86-9274-b0b92b0c9bdb req-d9373283-06ac-438c-a95c-a00d70beff2e 36377d1fe73e40cf8b2786a64e5f4d3a 7e96c111381543b2a8202b096e417409 - - 0b7f6a7849d742f1ad166eef4960917f 0b7f6a7849d742f1ad166eef4960917f] 199.204.45.223 "GET /v2.0/networks?shared=True HTTP/1.1" status: 200 len: 952 time: 0.0822067
2026-07-02 06:23:04.305 9 INFO neutron.notifiers.nova [-] Nova event matching ['req-4366c328-da73-4c5e-a459-fec1ac078ee5'] response: {'server_uuid': '52465786-4176-42ae-92e7-bfd298c6e6f1', 'name': 'network-vif-unplugged', 'status': 'completed', 'tag': 'c2c686ac-897c-4f47-a984-5b82c1aaf49c', 'code': 200}
2026-07-02 06:23:04.305 9 INFO neutron.notifiers.nova [-] Nova event matching ['req-4366c328-da73-4c5e-a459-fec1ac078ee5'] response: {'server_uuid': '52465786-4176-42ae-92e7-bfd298c6e6f1', 'name': 'network-vif-plugged', 'status': 'completed', 'tag': 'c2c686ac-897c-4f47-a984-5b82c1aaf49c', 'code': 200} /var/lib/openstack/lib/python3.10/site-packages/pycadf/identifier.py:71: UserWarning: Invalid uuid: neutron. To ensure interoperability, identifiers should be a valid uuid. warnings.warn(('Invalid uuid: %s. To ensure interoperability, '
2026-07-02 06:23:04.887 9 INFO neutron.wsgi [None req-bc9fd167-b853-4d06-8139-8622dd5f6ffb d49bbc498fb44934801760e04d946e50 a6d2ffa6fb014966b30cc01eac919e15 - - default default] 10.0.0.73 "GET /v2.0/agents HTTP/1.1" status: 200 len: 997 time: 0.0622239
2026-07-02 06:23:04.926 9 INFO neutron.wsgi [None req-bd7ed279-854c-4331-9c86-ef92bfe24929 d49bbc498fb44934801760e04d946e50 a6d2ffa6fb014966b30cc01eac919e15 - - default default] 10.0.0.73 "GET /v2.0/subnets HTTP/1.1" status: 200 len: 5495 time: 0.0362384
2026-07-02 06:23:04.937 9 INFO neutron.wsgi [None req-da072c49-bedf-4e35-9df8-06b381e5a940 d49bbc498fb44934801760e04d946e50 a6d2ffa6fb014966b30cc01eac919e15 - - default default] 10.0.0.73 "GET /v2.0/subnetpools HTTP/1.1" status: 200 len: 193 time: 0.0093508
2026-07-02 06:23:04.969 9 INFO neutron.wsgi [None req-88123fa8-e9f2-4263-94e9-56b64d0ea3c2 d49bbc498fb44934801760e04d946e50 a6d2ffa6fb014966b30cc01eac919e15 - - default default] 10.0.0.73 "GET /v2.0/floatingips HTTP/1.1" status: 200 len: 1033 time: 0.0315011
2026-07-02 06:23:05.029 9 INFO neutron.wsgi [None req-8fa44687-3079-4e75-87d8-e3ec1b3211e3 d49bbc498fb44934801760e04d946e50 a6d2ffa6fb014966b30cc01eac919e15 - - default default] 10.0.0.73 "GET /v2.0/networks HTTP/1.1" status: 200 len: 4719 time: 0.0582550
2026-07-02 06:23:05.091 9 INFO neutron.wsgi [None req-1cc6d5cb-be59-4368-8816-d97068639c52 d49bbc498fb44934801760e04d946e50 a6d2ffa6fb014966b30cc01eac919e15 - - default default] 10.0.0.73 "GET /v2.0/security-groups HTTP/1.1" status: 200 len: 27515 time: 0.0579460
2026-07-02 06:23:05.150 9 INFO neutron.wsgi [None req-d270beb7-7e4a-44a9-8618-23283597107c d49bbc498fb44934801760e04d946e50 a6d2ffa6fb014966b30cc01eac919e15 - - default default] 10.0.0.73 "GET /v2.0/ports HTTP/1.1" status: 200 len: 15154 time: 0.0507309
2026-07-02 06:23:05.210 9 INFO neutron.wsgi [None req-7d9bf8b5-246e-484f-ac00-b6b81a2de391 d49bbc498fb44934801760e04d946e50 a6d2ffa6fb014966b30cc01eac919e15 - - default default] 10.0.0.73 "GET /v2.0/subnets HTTP/1.1" status: 200 len: 5495 time: 0.0485265
2026-07-02 06:23:05.276 9 INFO neutron.wsgi [None req-0c1d3512-aa45-4d72-96b4-a8d8df3bccbc d49bbc498fb44934801760e04d946e50 a6d2ffa6fb014966b30cc01eac919e15 - - default default] 10.0.0.73 "GET /v2.0/routers HTTP/1.1" status: 200 len: 849 time: 0.0620751
2026-07-02 06:23:05.286 9 INFO neutron.wsgi [None req-582ba5e8-334a-4b02-83a2-23a33249bd88 d49bbc498fb44934801760e04d946e50 a6d2ffa6fb014966b30cc01eac919e15 - - default default] 10.0.0.73 "GET /v2.0/agents?binary=ovn-controller HTTP/1.1" status: 200 len: 591 time: 0.0102758
2026-07-02 06:23:05.296 9 INFO neutron.wsgi [None req-b84def0c-7ed9-4229-8177-6fbfee6a3de3 d49bbc498fb44934801760e04d946e50 a6d2ffa6fb014966b30cc01eac919e15 - - default default] 10.0.0.73 "GET /v2.0/network-ip-availabilities HTTP/1.1" status: 200 len: 3363 time: 0.0087821
2026-07-02 06:23:08.883 10 INFO neutron.db.l3_db [None req-8731dc51-de57-4235-84e1-ca71ef954fda 3e8cf9ea00df408fab23d3384e04f5c5 aec3d331be9e4164898e123aea9d4ffa - - default default] Floating IP 9033433b-4666-424c-a2bd-32e50daff8e8 disassociated (deleted). External IP: 10.96.250.202, port: 376e88dd-2d55-41a7-aefe-342c9baf7d1d.
2026-07-02 06:23:08.962 10 INFO neutron.wsgi [None req-8731dc51-de57-4235-84e1-ca71ef954fda 3e8cf9ea00df408fab23d3384e04f5c5 aec3d331be9e4164898e123aea9d4ffa - - default default] 10.0.0.54 "DELETE /v2.0/floatingips/9033433b-4666-424c-a2bd-32e50daff8e8 HTTP/1.1" status: 204 len: 168 time: 0.4409032
2026-07-02 06:23:08.996 9 INFO neutron.api.v2.resource [None req-14b31289-1426-47ab-a6f5-9b229ae22aac 3e8cf9ea00df408fab23d3384e04f5c5 aec3d331be9e4164898e123aea9d4ffa - - default default] show failed (client error): The resource could not be found.
2026-07-02 06:23:08.998 9 INFO neutron.wsgi [None req-14b31289-1426-47ab-a6f5-9b229ae22aac 3e8cf9ea00df408fab23d3384e04f5c5 aec3d331be9e4164898e123aea9d4ffa - - default default] 10.0.0.54 "GET /v2.0/floatingips/9033433b-4666-424c-a2bd-32e50daff8e8 HTTP/1.1" status: 404 len: 345 time: 0.0308526
2026-07-02 06:23:09.001 10 INFO neutron.notifiers.nova [-] Nova event matching ['req-fa0c6a0f-8842-4fa6-b484-9e3183f002f7'] response: {'name': 'network-changed', 'server_uuid': 'af351b88-602e-436c-b260-d552ef3a6353', 'tag': '376e88dd-2d55-41a7-aefe-342c9baf7d1d', 'status': 'completed', 'code': 200} /var/lib/openstack/lib/python3.10/site-packages/pycadf/identifier.py:71: UserWarning: Invalid uuid: neutron. To ensure interoperability, identifiers should be a valid uuid. warnings.warn(('Invalid uuid: %s. To ensure interoperability, '
2026-07-02 06:23:09.052 10 INFO neutron.wsgi [req-66fed6b9-2b38-4641-a093-6ccce5b891c6 req-21e4e9b4-d480-418e-a9ca-d96575c26039 36377d1fe73e40cf8b2786a64e5f4d3a 7e96c111381543b2a8202b096e417409 - - 0b7f6a7849d742f1ad166eef4960917f 0b7f6a7849d742f1ad166eef4960917f] 199.204.45.223 "GET /v2.0/ports?tenant_id=aec3d331be9e4164898e123aea9d4ffa&device_id=af351b88-602e-436c-b260-d552ef3a6353 HTTP/1.1" status: 200 len: 1630 time: 0.0334792
2026-07-02 06:23:09.133 10 INFO neutron.wsgi [req-66fed6b9-2b38-4641-a093-6ccce5b891c6 req-4678a716-af77-49ba-bb7c-ad6795877ee4 36377d1fe73e40cf8b2786a64e5f4d3a 7e96c111381543b2a8202b096e417409 - - 0b7f6a7849d742f1ad166eef4960917f 0b7f6a7849d742f1ad166eef4960917f] 199.204.45.223 "GET /v2.0/networks?id=9e54c149-ee87-460e-ad99-fd2309acd7ab HTTP/1.1" status: 200 len: 1002 time: 0.0765808
2026-07-02 06:23:09.178 10 INFO neutron.wsgi [req-66fed6b9-2b38-4641-a093-6ccce5b891c6 req-0053b600-4161-464b-908d-ebb7e28c89f0 36377d1fe73e40cf8b2786a64e5f4d3a 7e96c111381543b2a8202b096e417409 - - 0b7f6a7849d742f1ad166eef4960917f 0b7f6a7849d742f1ad166eef4960917f] 199.204.45.223 "GET /v2.0/floatingips?fixed_ip_address=10.2.1.3&port_id=376e88dd-2d55-41a7-aefe-342c9baf7d1d HTTP/1.1" status: 200 len: 217 time: 0.0343680
2026-07-02 06:23:09.209 10 INFO neutron.wsgi [req-66fed6b9-2b38-4641-a093-6ccce5b891c6 req-35ef53bb-0d2d-4ca6-95b2-567715bb771e 36377d1fe73e40cf8b2786a64e5f4d3a 7e96c111381543b2a8202b096e417409 - - 0b7f6a7849d742f1ad166eef4960917f 0b7f6a7849d742f1ad166eef4960917f] 199.204.45.223 "GET /v2.0/floatingips?fixed_ip_address=fd7b%3Af9f7%3Afff%3A4eca%3A%3A249&port_id=376e88dd-2d55-41a7-aefe-342c9baf7d1d HTTP/1.1" status: 200 len: 217 time: 0.0237458
2026-07-02 06:23:09.228 9 INFO neutron.plugins.ml2.drivers.ovn.mech_driver.mech_driver [None req-a342c9dc-cf0c-458b-977d-0784799b2417 - - - - - -] OVN reports status down for port: 376e88dd-2d55-41a7-aefe-342c9baf7d1d
2026-07-02 06:23:09.270 10 INFO neutron.wsgi [req-66fed6b9-2b38-4641-a093-6ccce5b891c6 req-13fe561c-955d-4c10-af83-36cd35508322 36377d1fe73e40cf8b2786a64e5f4d3a 7e96c111381543b2a8202b096e417409 - - 0b7f6a7849d742f1ad166eef4960917f 0b7f6a7849d742f1ad166eef4960917f] 199.204.45.223 "GET /v2.0/subnets?id=727656d4-332d-4cad-b3ef-35988553f9ad&id=8bd0ca97-3f94-417c-9a2a-184ac3c126cb HTTP/1.1" status: 200 len: 1563 time: 0.0487726
2026-07-02 06:23:09.292 9 INFO neutron.wsgi [req-5dc1e060-200e-4551-af26-e30f52ab4cf5 req-35b62571-6087-43d8-a672-fb0a2737855f 3e8cf9ea00df408fab23d3384e04f5c5 aec3d331be9e4164898e123aea9d4ffa - - default default] 10.0.0.131 "GET /v2.0/ports?device_id=af351b88-602e-436c-b260-d552ef3a6353 HTTP/1.1" status: 200 len: 1392 time: 0.1244435
2026-07-02 06:23:09.296 10 INFO neutron.wsgi [req-66fed6b9-2b38-4641-a093-6ccce5b891c6 req-775361f6-24d8-4f5f-a2a9-72a5d5a9bf6f 36377d1fe73e40cf8b2786a64e5f4d3a 7e96c111381543b2a8202b096e417409 - - 0b7f6a7849d742f1ad166eef4960917f 0b7f6a7849d742f1ad166eef4960917f] 199.204.45.223 "GET /v2.0/ports?network_id=9e54c149-ee87-460e-ad99-fd2309acd7ab&device_owner=network%3Adhcp HTTP/1.1" status: 200 len: 210 time: 0.0208278
2026-07-02 06:23:09.323 10 INFO neutron.wsgi [req-66fed6b9-2b38-4641-a093-6ccce5b891c6 req-25bb774e-7832-45ec-b680-243830323ab9 36377d1fe73e40cf8b2786a64e5f4d3a 7e96c111381543b2a8202b096e417409 - - 0b7f6a7849d742f1ad166eef4960917f 0b7f6a7849d742f1ad166eef4960917f] 199.204.45.223 "GET /v2.0/ports?network_id=9e54c149-ee87-460e-ad99-fd2309acd7ab&device_owner=network%3Adhcp HTTP/1.1" status: 200 len: 210 time: 0.0229325
2026-07-02 06:23:09.366 9 INFO neutron.wsgi [req-5dc1e060-200e-4551-af26-e30f52ab4cf5 req-4dfbf344-fd6f-44e6-8efa-a3c80300c54b 3e8cf9ea00df408fab23d3384e04f5c5 aec3d331be9e4164898e123aea9d4ffa - - default default] 10.0.0.131 "GET /v2.0/security-groups?id=c16dbccd-6c94-4275-85a6-7f9cb87cb481&fields=id&fields=name HTTP/1.1" status: 200 len: 311 time: 0.0637915
2026-07-02 06:23:09.400 10 INFO neutron.wsgi [req-66fed6b9-2b38-4641-a093-6ccce5b891c6 req-73102b87-ee7a-4f7a-8fc3-96bb4aeec8be 36377d1fe73e40cf8b2786a64e5f4d3a 7e96c111381543b2a8202b096e417409 - - 0b7f6a7849d742f1ad166eef4960917f 0b7f6a7849d742f1ad166eef4960917f] 199.204.45.223 "GET /v2.0/networks/9e54c149-ee87-460e-ad99-fd2309acd7ab?fields=segments HTTP/1.1" status: 200 len: 212 time: 0.0659282
