2026-07-02 06:19:38.275 10 INFO neutron.db.ovn_revision_numbers_db [None req-fea2a9c6-10cb-478e-9a32-d7778cd7df4b 64b25f50f1b7407dabb210570e9454ab 1bc4cf8836994eefaa5b41fb35a62be4 - - default default] Successfully bumped revision number for resource a890df75-9fd7-4c88-913a-c8fc3a2ea23d (type: router_ports) to 2
2026-07-02 06:19:38.277 10 INFO neutron.wsgi [None req-fea2a9c6-10cb-478e-9a32-d7778cd7df4b 64b25f50f1b7407dabb210570e9454ab 1bc4cf8836994eefaa5b41fb35a62be4 - - default default] 10.0.0.54 "PUT /v2.0/routers/fefb538d-430c-440d-8b2b-50a3ca193377/add_router_interface HTTP/1.1" status: 200 len: 503 time: 2.0044045
2026-07-02 06:19:38.304 10 INFO neutron.services.segments.plugin [-] Segment 6c81ef9e-303e-430f-b6f1-eed63be21b69 resource provider aggregate not found
2026-07-02 06:19:38.309 10 INFO neutron.services.segments.plugin [-] Segment 6c81ef9e-303e-430f-b6f1-eed63be21b69 resource provider aggregate not found
2026-07-02 06:19:38.325 10 INFO neutron.services.segments.plugin [-] Segment 6c81ef9e-303e-430f-b6f1-eed63be21b69 resource provider not found; error: Placement Client Error (4xx): {"errors": [{"status": 404, "title": "Not Found", "detail": "The resource could not be found.\n\n No resource provider with uuid 6c81ef9e-303e-430f-b6f1-eed63be21b69 found for delete ", "request_id": "req-9c779c7e-7545-4d82-8129-b3ff9233e796"}]}
2026-07-02 06:19:38.326 10 INFO neutron.services.segments.plugin [-] Segment 6c81ef9e-303e-430f-b6f1-eed63be21b69 resource provider not found; error: Placement Client Error (4xx): {"errors": [{"status": 404, "title": "Not Found", "detail": "The resource could not be found.\n\n No resource provider with uuid 6c81ef9e-303e-430f-b6f1-eed63be21b69 found for delete ", "request_id": "req-7fa5c416-f258-4b54-9e0e-ab3479f051a7"}]}
2026-07-02 06:19:38.341 10 INFO neutron.wsgi [None req-ba64b2a7-9815-445c-a21f-55611d0bdbcf 4a31ec35c3f24a108fa4d06969ee004c 1490bd0be2844e5086d9208d22cedc22 - - default default] 10.0.0.54 "DELETE /v2.0/networks/2d39fd81-4caf-4ef2-8ec6-aff857c6db95 HTTP/1.1" status: 204 len: 168 time: 0.8691099
2026-07-02 06:19:38.416 9 INFO neutron.wsgi [None req-f68e54f7-63ed-4fc6-87d5-d4c0b0249ef9 64b25f50f1b7407dabb210570e9454ab 1bc4cf8836994eefaa5b41fb35a62be4 - - default default] 10.0.0.54 "GET /v2.0/ports/a890df75-9fd7-4c88-913a-c8fc3a2ea23d HTTP/1.1" status: 200 len: 1141 time: 0.1338029
2026-07-02 06:19:38.460 10 INFO neutron.wsgi [None req-45c9a88a-55a3-4dfa-806c-cf7aa790b3ab 64b25f50f1b7407dabb210570e9454ab 1bc4cf8836994eefaa5b41fb35a62be4 - - default default] 10.0.0.54 "GET /v2.0/ports/a890df75-9fd7-4c88-913a-c8fc3a2ea23d HTTP/1.1" status: 200 len: 1141 time: 0.0386453
2026-07-02 06:19:38.470 9 INFO neutron.services.segments.plugin [-] Segment 9ea8442d-b9bf-4834-99af-05369126e7e2 resource provider aggregate not found
2026-07-02 06:19:38.478 9 INFO neutron.services.segments.plugin [-] Segment 9ea8442d-b9bf-4834-99af-05369126e7e2 resource provider aggregate not found
2026-07-02 06:19:38.487 9 INFO neutron.services.segments.plugin [-] Segment 9ea8442d-b9bf-4834-99af-05369126e7e2 resource provider not found; error: Placement Client Error (4xx): {"errors": [{"status": 404, "title": "Not Found", "detail": "The resource could not be found.\n\n No resource provider with uuid 9ea8442d-b9bf-4834-99af-05369126e7e2 found for delete ", "request_id": "req-94d279c6-07d5-4840-8258-1cc553632a82"}]}
2026-07-02 06:19:38.489 9 INFO neutron.db.segments_db [None req-9f481bb4-f679-4ece-b88b-2dd44c70a397 4a31ec35c3f24a108fa4d06969ee004c 1490bd0be2844e5086d9208d22cedc22 - - default default] Added segment 9cc3b322-004e-4944-b715-9793beba31ee of type geneve for network c3368ac3-9030-42d3-ac71-083c0ae611e2
2026-07-02 06:19:38.495 9 INFO neutron.services.segments.plugin [-] Segment 9ea8442d-b9bf-4834-99af-05369126e7e2 resource provider not found; error: Placement Client Error (4xx): {"errors": [{"status": 404, "title": "Not Found", "detail": "The resource could not be found.\n\n No resource provider with uuid 9ea8442d-b9bf-4834-99af-05369126e7e2 found for delete ", "request_id": "req-36664065-9b4e-4293-947f-1fad025142fc"}]}
2026-07-02 06:19:38.529 9 INFO neutron.wsgi [None req-4465fc6e-6bb8-44fa-82b0-9898fe256482 d49bbc498fb44934801760e04d946e50 a6d2ffa6fb014966b30cc01eac919e15 - - default default] 10.0.0.54 "DELETE /v2.0/networks/8b309edf-acab-4888-ab1f-6f923ef2612f HTTP/1.1" status: 204 len: 168 time: 0.4651382
2026-07-02 06:19:38.647 9 INFO neutron.db.ovn_revision_numbers_db [None req-9f481bb4-f679-4ece-b88b-2dd44c70a397 4a31ec35c3f24a108fa4d06969ee004c 1490bd0be2844e5086d9208d22cedc22 - - default default] Successfully bumped revision number for resource c3368ac3-9030-42d3-ac71-083c0ae611e2 (type: networks) to 1
2026-07-02 06:19:38.798 9 WARNING neutron.scheduler.dhcp_agent_scheduler [None req-9f481bb4-f679-4ece-b88b-2dd44c70a397 4a31ec35c3f24a108fa4d06969ee004c 1490bd0be2844e5086d9208d22cedc22 - - default default] No more DHCP agents
2026-07-02 06:19:38.800 9 WARNING neutron.api.rpc.agentnotifiers.dhcp_rpc_agent_api [None req-9f481bb4-f679-4ece-b88b-2dd44c70a397 4a31ec35c3f24a108fa4d06969ee004c 1490bd0be2844e5086d9208d22cedc22 - - default default] Unable to schedule network c3368ac3-9030-42d3-ac71-083c0ae611e2: no agents available; will retry on subsequent port and subnet creation events.
2026-07-02 06:19:38.802 10 INFO neutron.wsgi [None req-912ecf47-6b4e-4b25-99de-06575dc1feaa d49bbc498fb44934801760e04d946e50 a6d2ffa6fb014966b30cc01eac919e15 - - default default] 10.0.0.54 "GET /v2.0/security-groups?tenant_id=96060b42b6144ce18a7350cd9832ccb3&name=default HTTP/1.1" status: 200 len: 2996 time: 0.0573590
2026-07-02 06:19:38.876 9 INFO neutron.db.ovn_revision_numbers_db [None req-9f481bb4-f679-4ece-b88b-2dd44c70a397 4a31ec35c3f24a108fa4d06969ee004c 1490bd0be2844e5086d9208d22cedc22 - - default default] Successfully bumped revision number for resource 3a3d64a7-23a5-44ef-a551-68287e975c2f (type: ports) to 1
2026-07-02 06:19:38.896 9 INFO neutron.wsgi [None req-9f481bb4-f679-4ece-b88b-2dd44c70a397 4a31ec35c3f24a108fa4d06969ee004c 1490bd0be2844e5086d9208d22cedc22 - - default default] 10.0.0.54 "POST /v2.0/networks HTTP/1.1" status: 201 len: 928 time: 0.5487967
2026-07-02 06:19:39.045 9 WARNING neutron.scheduler.dhcp_agent_scheduler [None req-99daa211-873b-4041-bade-b96353f0b16e 4a31ec35c3f24a108fa4d06969ee004c 1490bd0be2844e5086d9208d22cedc22 - - default default] No more DHCP agents
2026-07-02 06:19:39.047 9 WARNING neutron.api.rpc.agentnotifiers.dhcp_rpc_agent_api [None req-99daa211-873b-4041-bade-b96353f0b16e 4a31ec35c3f24a108fa4d06969ee004c 1490bd0be2844e5086d9208d22cedc22 - - default default] Unable to schedule network c3368ac3-9030-42d3-ac71-083c0ae611e2: no agents available; will retry on subsequent port and subnet creation events.
2026-07-02 06:19:39.408 10 INFO neutron.wsgi [None req-2b1378e8-3af2-4869-9f9b-a494e922d9f9 64b25f50f1b7407dabb210570e9454ab 1bc4cf8836994eefaa5b41fb35a62be4 - - default default] 10.0.0.54 "PUT /v2.0/routers/fefb538d-430c-440d-8b2b-50a3ca193377/remove_router_interface HTTP/1.1" status: 200 len: 503 time: 0.9434202
2026-07-02 06:19:39.435 9 INFO neutron.wsgi [None req-aafe0e01-0ff6-4e5d-9472-f5d3c8eaf195 64b25f50f1b7407dabb210570e9454ab 1bc4cf8836994eefaa5b41fb35a62be4 - - default default] 10.0.0.54 "GET /v2.0/ports?device_id=fefb538d-430c-440d-8b2b-50a3ca193377 HTTP/1.1" status: 200 len: 205 time: 0.0218875
2026-07-02 06:19:39.439 10 INFO neutron.wsgi [None req-bd63bb0c-bd72-434c-b105-31e052f6d215 d49bbc498fb44934801760e04d946e50 a6d2ffa6fb014966b30cc01eac919e15 - - default default] 10.0.0.54 "DELETE /v2.0/security-groups/066f567d-098d-4755-b68a-a457cc3754ab HTTP/1.1" status: 204 len: 168 time: 0.6327090 /var/lib/openstack/lib/python3.10/site-packages/pycadf/identifier.py:71: UserWarning: Invalid uuid: neutron. To ensure interoperability, identifiers should be a valid uuid. warnings.warn(('Invalid uuid: %s. To ensure interoperability, '
2026-07-02 06:19:39.557 9 INFO neutron.db.ovn_revision_numbers_db [None req-99daa211-873b-4041-bade-b96353f0b16e 4a31ec35c3f24a108fa4d06969ee004c 1490bd0be2844e5086d9208d22cedc22 - - default default] Successfully bumped revision number for resource 3a3d64a7-23a5-44ef-a551-68287e975c2f (type: ports) to 2
2026-07-02 06:19:39.589 9 INFO neutron.db.ovn_revision_numbers_db [None req-99daa211-873b-4041-bade-b96353f0b16e 4a31ec35c3f24a108fa4d06969ee004c 1490bd0be2844e5086d9208d22cedc22 - - default default] Successfully bumped revision number for resource c60da163-bf38-487c-b244-0626a8dc4bba (type: subnets) to 0
2026-07-02 06:19:39.602 9 INFO neutron.wsgi [None req-99daa211-873b-4041-bade-b96353f0b16e 4a31ec35c3f24a108fa4d06969ee004c 1490bd0be2844e5086d9208d22cedc22 - - default default] 10.0.0.54 "POST /v2.0/subnets HTTP/1.1" status: 201 len: 822 time: 0.7014611
2026-07-02 06:19:39.611 9 WARNING neutron.api.v2.base [None req-79c5dc76-83e0-412e-9623-1e93215145f8 4a31ec35c3f24a108fa4d06969ee004c 1490bd0be2844e5086d9208d22cedc22 - - default default] An exception happened while processing the request body. The exception message is [Invalid input for target_tenant. Reason: '1234123412341234123412341234123412341234123412341234123412341234123412341234123412341234123412341234123412341234123412341234123412341234123412341234123412341234123412341234123412341234123412341234123412341234123412341234123412341234123412341234123412341234123412341234123412341234123412341234123412341234123412341234123412341234123412341234123412341234123412341234123412341234123412341234123412341234' exceeds maximum length of 255.].: webob.exc.HTTPBadRequest: Invalid input for target_tenant. Reason: '1234123412341234123412341234123412341234123412341234123412341234123412341234123412341234123412341234123412341234123412341234123412341234123412341234123412341234123412341234123412341234123412341234123412341234123412341234123412341234123412341234123412341234123412341234123412341234123412341234123412341234123412341234123412341234123412341234123412341234123412341234123412341234123412341234123412341234' exceeds maximum length of 255.
2026-07-02 06:19:39.612 9 INFO neutron.api.v2.resource [None req-79c5dc76-83e0-412e-9623-1e93215145f8 4a31ec35c3f24a108fa4d06969ee004c 1490bd0be2844e5086d9208d22cedc22 - - default default] create failed (client error): Invalid input for target_tenant. Reason: '1234123412341234123412341234123412341234123412341234123412341234123412341234123412341234123412341234123412341234123412341234123412341234123412341234123412341234123412341234123412341234123412341234123412341234123412341234123412341234123412341234123412341234123412341234123412341234123412341234123412341234123412341234123412341234123412341234123412341234123412341234123412341234123412341234123412341234' exceeds maximum length of 255.
2026-07-02 06:19:39.613 9 INFO neutron.wsgi [None req-79c5dc76-83e0-412e-9623-1e93215145f8 4a31ec35c3f24a108fa4d06969ee004c 1490bd0be2844e5086d9208d22cedc22 - - default default] 10.0.0.54 "POST /v2.0/rbac-policies HTTP/1.1" status: 400 len: 750 time: 0.0056198
2026-07-02 06:19:39.654 10 INFO neutron.wsgi [None req-e0c492f8-25ab-4688-ad55-e9efdaf486ea 64b25f50f1b7407dabb210570e9454ab 1bc4cf8836994eefaa5b41fb35a62be4 - - default default] 10.0.0.54 "DELETE /v2.0/routers/fefb538d-430c-440d-8b2b-50a3ca193377 HTTP/1.1" status: 204 len: 168 time: 0.2108617
2026-07-02 06:19:39.883 10 INFO neutron.wsgi [None req-87325d82-4cdc-4cb6-9a88-f7d099adcde4 64b25f50f1b7407dabb210570e9454ab 1bc4cf8836994eefaa5b41fb35a62be4 - - default default] 10.0.0.54 "DELETE /v2.0/subnets/f1077c7d-f86a-4921-a7b3-961df5b07da7 HTTP/1.1" status: 204 len: 168 time: 0.2220974
2026-07-02 06:19:40.349 10 INFO neutron.services.segments.plugin [-] Segment 9cc3b322-004e-4944-b715-9793beba31ee resource provider aggregate not found
2026-07-02 06:19:40.353 10 INFO neutron.services.segments.plugin [-] Segment 9cc3b322-004e-4944-b715-9793beba31ee resource provider aggregate not found
2026-07-02 06:19:40.373 10 INFO neutron.services.segments.plugin [-] Segment 9cc3b322-004e-4944-b715-9793beba31ee resource provider not found; error: Placement Client Error (4xx): {"errors": [{"status": 404, "title": "Not Found", "detail": "The resource could not be found.\n\n No resource provider with uuid 9cc3b322-004e-4944-b715-9793beba31ee found for delete ", "request_id": "req-b4612452-3e9b-49b9-94df-d6c66d85a880"}]}
2026-07-02 06:19:40.374 10 INFO neutron.services.segments.plugin [-] Segment 9cc3b322-004e-4944-b715-9793beba31ee resource provider not found; error: Placement Client Error (4xx): {"errors": [{"status": 404, "title": "Not Found", "detail": "The resource could not be found.\n\n No resource provider with uuid 9cc3b322-004e-4944-b715-9793beba31ee found for delete ", "request_id": "req-b376a7d8-fe45-47c0-aa5a-e69f75a51508"}]}
2026-07-02 06:19:40.390 10 INFO neutron.wsgi [None req-8860d271-a071-43e0-ae4b-148e6cc6be7c 4a31ec35c3f24a108fa4d06969ee004c 1490bd0be2844e5086d9208d22cedc22 - - default default] 10.0.0.54 "DELETE /v2.0/networks/c3368ac3-9030-42d3-ac71-083c0ae611e2 HTTP/1.1" status: 204 len: 168 time: 0.7729032
2026-07-02 06:19:40.412 10 INFO neutron.wsgi [None req-1c84155d-fc74-4074-be5a-99fdcbfcc9bc 64b25f50f1b7407dabb210570e9454ab 1bc4cf8836994eefaa5b41fb35a62be4 - - default default] 10.0.0.54 "DELETE /v2.0/networks/bb34ce48-cd12-4672-84f8-28a3698b3506 HTTP/1.1" status: 204 len: 168 time: 0.5226684
2026-07-02 06:19:40.500 9 INFO neutron.db.segments_db [None req-aa765be3-3fa2-4389-997c-0a785deeb65a 4a31ec35c3f24a108fa4d06969ee004c 1490bd0be2844e5086d9208d22cedc22 - - default default] Added segment c3aa2220-feac-4d88-9d26-fca289aa3752 of type geneve for network e7553500-4c2f-48a8-85d3-6daaba0b5d70
2026-07-02 06:19:40.711 9 INFO neutron.db.ovn_revision_numbers_db [None req-aa765be3-3fa2-4389-997c-0a785deeb65a 4a31ec35c3f24a108fa4d06969ee004c 1490bd0be2844e5086d9208d22cedc22 - - default default] Successfully bumped revision number for resource e7553500-4c2f-48a8-85d3-6daaba0b5d70 (type: networks) to 1
2026-07-02 06:19:40.912 9 WARNING neutron.scheduler.dhcp_agent_scheduler [None req-aa765be3-3fa2-4389-997c-0a785deeb65a 4a31ec35c3f24a108fa4d06969ee004c 1490bd0be2844e5086d9208d22cedc22 - - default default] No more DHCP agents
2026-07-02 06:19:40.916 9 WARNING neutron.api.rpc.agentnotifiers.dhcp_rpc_agent_api [None req-aa765be3-3fa2-4389-997c-0a785deeb65a 4a31ec35c3f24a108fa4d06969ee004c 1490bd0be2844e5086d9208d22cedc22 - - default default] Unable to schedule network e7553500-4c2f-48a8-85d3-6daaba0b5d70: no agents available; will retry on subsequent port and subnet creation events.
2026-07-02 06:19:41.004 9 WARNING neutron.scheduler.dhcp_agent_scheduler [None req-c1084e02-65d9-4464-93b1-8f8929e5374e 64b25f50f1b7407dabb210570e9454ab 1bc4cf8836994eefaa5b41fb35a62be4 - - default default] No more DHCP agents
2026-07-02 06:19:41.008 9 WARNING neutron.api.rpc.agentnotifiers.dhcp_rpc_agent_api [None req-c1084e02-65d9-4464-93b1-8f8929e5374e 64b25f50f1b7407dabb210570e9454ab 1bc4cf8836994eefaa5b41fb35a62be4 - - default default] Unable to schedule network 5e486ed5-20d1-4a3b-956a-cd44660675db: no agents available; will retry on subsequent port and subnet creation events.
2026-07-02 06:19:41.018 9 INFO neutron.db.ovn_revision_numbers_db [None req-aa765be3-3fa2-4389-997c-0a785deeb65a 4a31ec35c3f24a108fa4d06969ee004c 1490bd0be2844e5086d9208d22cedc22 - - default default] Successfully bumped revision number for resource 0e781b48-2a91-4571-90a4-be05fe1c306c (type: ports) to 1
2026-07-02 06:19:41.040 9 INFO neutron.wsgi [None req-aa765be3-3fa2-4389-997c-0a785deeb65a 4a31ec35c3f24a108fa4d06969ee004c 1490bd0be2844e5086d9208d22cedc22 - - default default] 10.0.0.54 "POST /v2.0/networks HTTP/1.1" status: 201 len: 928 time: 0.6432397
2026-07-02 06:19:41.169 9 INFO neutron.db.ovn_revision_numbers_db [None req-c1084e02-65d9-4464-93b1-8f8929e5374e 64b25f50f1b7407dabb210570e9454ab 1bc4cf8836994eefaa5b41fb35a62be4 - - default default] Successfully bumped revision number for resource 9ca6be98-2997-4e53-84a9-0576bb059757 (type: ports) to 1
2026-07-02 06:19:41.247 10 WARNING neutron.scheduler.dhcp_agent_scheduler [None req-e6e74b5e-32d3-402a-95db-e35269ee86f3 4a31ec35c3f24a108fa4d06969ee004c 1490bd0be2844e5086d9208d22cedc22 - - default default] No more DHCP agents
2026-07-02 06:19:41.250 10 WARNING neutron.api.rpc.agentnotifiers.dhcp_rpc_agent_api [None req-e6e74b5e-32d3-402a-95db-e35269ee86f3 4a31ec35c3f24a108fa4d06969ee004c 1490bd0be2844e5086d9208d22cedc22 - - default default] Unable to schedule network e7553500-4c2f-48a8-85d3-6daaba0b5d70: no agents available; will retry on subsequent port and subnet creation events.
2026-07-02 06:19:41.740 10 INFO neutron.db.ovn_revision_numbers_db [None req-e6e74b5e-32d3-402a-95db-e35269ee86f3 4a31ec35c3f24a108fa4d06969ee004c 1490bd0be2844e5086d9208d22cedc22 - - default default] Successfully bumped revision number for resource 0e781b48-2a91-4571-90a4-be05fe1c306c (type: ports) to 2
2026-07-02 06:19:41.779 10 INFO neutron.db.ovn_revision_numbers_db [None req-e6e74b5e-32d3-402a-95db-e35269ee86f3 4a31ec35c3f24a108fa4d06969ee004c 1490bd0be2844e5086d9208d22cedc22 - - default default] Successfully bumped revision number for resource d06ff590-d36d-4644-a39b-cb1ce62b641d (type: subnets) to 0
2026-07-02 06:19:41.796 10 INFO neutron.wsgi [None req-e6e74b5e-32d3-402a-95db-e35269ee86f3 4a31ec35c3f24a108fa4d06969ee004c 1490bd0be2844e5086d9208d22cedc22 - - default default] 10.0.0.54 "POST /v2.0/subnets HTTP/1.1" status: 201 len: 822 time: 0.7398760
2026-07-02 06:19:42.028 10 INFO neutron.plugins.ml2.drivers.ovn.mech_driver.mech_driver [None req-d4f5bed0-99f1-472e-a4ce-f74787416234 - - - - - -] OVN reports status up for port: 9ca6be98-2997-4e53-84a9-0576bb059757
2026-07-02 06:19:42.037 10 INFO neutron.plugins.ml2.plugin [None req-d4f5bed0-99f1-472e-a4ce-f74787416234 - - - - - -] Attempt 1 to provision port 9ca6be98-2997-4e53-84a9-0576bb059757
2026-07-02 06:19:42.059 9 INFO neutron.db.ovn_revision_numbers_db [None req-c1084e02-65d9-4464-93b1-8f8929e5374e 64b25f50f1b7407dabb210570e9454ab 1bc4cf8836994eefaa5b41fb35a62be4 - - default default] Successfully bumped revision number for resource 9ca6be98-2997-4e53-84a9-0576bb059757 (type: router_ports) to 1
2026-07-02 06:19:42.160 9 INFO neutron.db.ovn_revision_numbers_db [None req-c1084e02-65d9-4464-93b1-8f8929e5374e 64b25f50f1b7407dabb210570e9454ab 1bc4cf8836994eefaa5b41fb35a62be4 - - default default] Successfully bumped revision number for resource 0df615b6-d81e-4cbd-8f3c-43b04297932d (type: routers) to 2
2026-07-02 06:19:42.183 9 INFO neutron.wsgi [None req-c1084e02-65d9-4464-93b1-8f8929e5374e 64b25f50f1b7407dabb210570e9454ab 1bc4cf8836994eefaa5b41fb35a62be4 - - default default] 10.0.0.54 "POST /v2.0/routers HTTP/1.1" status: 201 len: 872 time: 1.7645826
2026-07-02 06:19:42.197 9 INFO neutron.wsgi [None req-504e4dbb-f9eb-46b8-ae84-6d0895d5c45e 4a31ec35c3f24a108fa4d06969ee004c 1490bd0be2844e5086d9208d22cedc22 - - default default] 10.0.0.54 "POST /v2.0/rbac-policies HTTP/1.1" status: 201 len: 523 time: 0.3953476
2026-07-02 06:19:42.262 10 INFO neutron.wsgi [None req-5543badb-b7db-40b4-bc24-2ea6f916cdcd 64b25f50f1b7407dabb210570e9454ab 1bc4cf8836994eefaa5b41fb35a62be4 - - default default] 10.0.0.54 "GET /v2.0/routers/0df615b6-d81e-4cbd-8f3c-43b04297932d HTTP/1.1" status: 200 len: 873 time: 0.0729432
2026-07-02 06:19:42.366 10 INFO neutron.wsgi [None req-c49815d7-f2d6-441c-8ab7-75e94816b172 64b25f50f1b7407dabb210570e9454ab 1bc4cf8836994eefaa5b41fb35a62be4 - - default default] 10.0.0.54 "GET /v2.0/routers HTTP/1.1" status: 200 len: 876 time: 0.0992744
2026-07-02 06:19:42.398 10 INFO neutron.services.segments.plugin [-] Segment b9d37678-9f7a-409e-a47a-e13331807105 resource provider aggregate not found
2026-07-02 06:19:42.402 10 INFO neutron.services.segments.plugin [-] Segment b9d37678-9f7a-409e-a47a-e13331807105 resource provider aggregate not found
2026-07-02 06:19:42.418 10 INFO neutron.services.segments.plugin [-] Segment b9d37678-9f7a-409e-a47a-e13331807105 resource provider not found; error: Placement Client Error (4xx): {"errors": [{"status": 404, "title": "Not Found", "detail": "The resource could not be found.\n\n No resource provider with uuid b9d37678-9f7a-409e-a47a-e13331807105 found for delete ", "request_id": "req-ccb3763c-4f75-442b-914b-c1928a002048"}]}
2026-07-02 06:19:42.420 10 INFO neutron.services.segments.plugin [-] Segment b9d37678-9f7a-409e-a47a-e13331807105 resource provider not found; error: Placement Client Error (4xx): {"errors": [{"status": 404, "title": "Not Found", "detail": "The resource could not be found.\n\n No resource provider with uuid b9d37678-9f7a-409e-a47a-e13331807105 found for delete ", "request_id": "req-b9a4adc2-6c49-4009-9a9a-a2004cc73fb7"}]}
2026-07-02 06:19:42.703 9 INFO neutron.wsgi [None req-dec372f7-4da6-42e9-86f6-dbb03d66ac3b e983d6978bf04f65bd543d74572a6e27 36651cbee0714be99e964c6bc511331d - - default default] 10.0.0.54 "GET /v2.0/networks/e7553500-4c2f-48a8-85d3-6daaba0b5d70 HTTP/1.1" status: 200 len: 848 time: 0.1516995
2026-07-02 06:19:42.814 10 INFO neutron.db.ovn_revision_numbers_db [None req-4d87315f-93a0-4e74-9e07-b0604157ec15 64b25f50f1b7407dabb210570e9454ab 1bc4cf8836994eefaa5b41fb35a62be4 - - default default] Successfully bumped revision number for resource 0df615b6-d81e-4cbd-8f3c-43b04297932d (type: routers) to 3
2026-07-02 06:19:42.817 10 INFO neutron.wsgi [None req-4d87315f-93a0-4e74-9e07-b0604157ec15 64b25f50f1b7407dabb210570e9454ab 1bc4cf8836994eefaa5b41fb35a62be4 - - default default] 10.0.0.54 "PUT /v2.0/routers/0df615b6-d81e-4cbd-8f3c-43b04297932d HTTP/1.1" status: 200 len: 880 time: 0.4460163
2026-07-02 06:19:42.900 10 INFO neutron.wsgi [None req-3ee22531-1188-4ec7-be47-655538c36ea4 64b25f50f1b7407dabb210570e9454ab 1bc4cf8836994eefaa5b41fb35a62be4 - - default default] 10.0.0.54 "GET /v2.0/routers/0df615b6-d81e-4cbd-8f3c-43b04297932d HTTP/1.1" status: 200 len: 880 time: 0.0789933
2026-07-02 06:19:42.925 10 INFO neutron.wsgi [None req-70fa5fe0-41c7-4791-88e8-a4dec07c04d4 64b25f50f1b7407dabb210570e9454ab 1bc4cf8836994eefaa5b41fb35a62be4 - - default default] 10.0.0.54 "GET /v2.0/ports?device_id=0df615b6-d81e-4cbd-8f3c-43b04297932d HTTP/1.1" status: 200 len: 205 time: 0.0196583
2026-07-02 06:19:43.114 10 INFO neutron.pecan_wsgi.hooks.translation [None req-956785ff-6569-4802-8a71-68e5af0a2251 3d9b331b8be145e0afa8fbe21b968f38 9011fbcd552e4d92a16e7830603cb750 - - default default] GET failed (client error): The resource could not be found.
2026-07-02 06:19:43.116 10 INFO neutron.wsgi [None req-956785ff-6569-4802-8a71-68e5af0a2251 3d9b331b8be145e0afa8fbe21b968f38 9011fbcd552e4d92a16e7830603cb750 - - default default] 10.0.0.54 "GET /v2.0/networks/e7553500-4c2f-48a8-85d3-6daaba0b5d70 HTTP/1.1" status: 404 len: 339 time: 0.0672331
2026-07-02 06:19:43.162 9 WARNING neutron.plugins.ml2.drivers.ovn.mech_driver.ovsdb.ovn_client [None req-a342c9dc-cf0c-458b-977d-0784799b2417 - - - - - -] No port found with ID a890df75-9fd7-4c88-913a-c8fc3a2ea23d: RuntimeError: No port found with ID a890df75-9fd7-4c88-913a-c8fc3a2ea23d
2026-07-02 06:19:43.828 9 INFO neutron.services.segments.plugin [-] Segment c3aa2220-feac-4d88-9d26-fca289aa3752 resource provider aggregate not found
2026-07-02 06:19:43.845 9 INFO neutron.services.segments.plugin [-] Segment c3aa2220-feac-4d88-9d26-fca289aa3752 resource provider aggregate not found
2026-07-02 06:19:43.852 9 INFO neutron.services.segments.plugin [-] Segment c3aa2220-feac-4d88-9d26-fca289aa3752 resource provider not found; error: Placement Client Error (4xx): {"errors": [{"status": 404, "title": "Not Found", "detail": "The resource could not be found.\n\n No resource provider with uuid c3aa2220-feac-4d88-9d26-fca289aa3752 found for delete ", "request_id": "req-764a3e01-74e6-4d5d-93d7-00d8e39b506f"}]}
2026-07-02 06:19:43.864 9 INFO neutron.services.segments.plugin [-] Segment c3aa2220-feac-4d88-9d26-fca289aa3752 resource provider not found; error: Placement Client Error (4xx): {"errors": [{"status": 404, "title": "Not Found", "detail": "The resource could not be found.\n\n No resource provider with uuid c3aa2220-feac-4d88-9d26-fca289aa3752 found for delete ", "request_id": "req-ace3ad4e-a701-487a-909a-22bb90cf9002"}]}
2026-07-02 06:19:43.869 9 INFO neutron.wsgi [None req-d9aa7a3d-b078-4f7e-9d1e-25e33cba5058 4a31ec35c3f24a108fa4d06969ee004c 1490bd0be2844e5086d9208d22cedc22 - - default default] 10.0.0.54 "DELETE /v2.0/networks/e7553500-4c2f-48a8-85d3-6daaba0b5d70 HTTP/1.1" status: 204 len: 168 time: 0.7490282
2026-07-02 06:19:43.887 9 INFO neutron.pecan_wsgi.hooks.translation [None req-abfffdeb-ea54-4b1e-80f3-894e08eb25ed 4a31ec35c3f24a108fa4d06969ee004c 1490bd0be2844e5086d9208d22cedc22 - - default default] DELETE failed (client error): The resource could not be found.
2026-07-02 06:19:43.889 9 INFO neutron.wsgi [None req-abfffdeb-ea54-4b1e-80f3-894e08eb25ed 4a31ec35c3f24a108fa4d06969ee004c 1490bd0be2844e5086d9208d22cedc22 - - default default] 10.0.0.54 "DELETE /v2.0/subnets/a68d4cd3-9389-475f-974f-c09f33e50869 HTTP/1.1" status: 404 len: 337 time: 0.0140107
2026-07-02 06:19:43.915 9 INFO neutron.pecan_wsgi.hooks.translation [None req-0727a27a-a4c6-480e-b8c8-432c8ebfd0c2 4a31ec35c3f24a108fa4d06969ee004c 1490bd0be2844e5086d9208d22cedc22 - - default default] DELETE failed (client error): The resource could not be found.
2026-07-02 06:19:43.917 9 INFO neutron.wsgi [None req-0727a27a-a4c6-480e-b8c8-432c8ebfd0c2 4a31ec35c3f24a108fa4d06969ee004c 1490bd0be2844e5086d9208d22cedc22 - - default default] 10.0.0.54 "DELETE /v2.0/subnets/c60da163-bf38-487c-b244-0626a8dc4bba HTTP/1.1" status: 404 len: 337 time: 0.0190635
2026-07-02 06:19:43.933 9 INFO neutron.pecan_wsgi.hooks.translation [None req-0084df62-a0e4-4e26-936d-c3fa985f2b23 4a31ec35c3f24a108fa4d06969ee004c 1490bd0be2844e5086d9208d22cedc22 - - default default] DELETE failed (client error): The resource could not be found.
2026-07-02 06:19:43.935 9 INFO neutron.wsgi [None req-0084df62-a0e4-4e26-936d-c3fa985f2b23 4a31ec35c3f24a108fa4d06969ee004c 1490bd0be2844e5086d9208d22cedc22 - - default default] 10.0.0.54 "DELETE /v2.0/subnets/d06ff590-d36d-4644-a39b-cb1ce62b641d HTTP/1.1" status: 404 len: 337 time: 0.0127509
2026-07-02 06:19:43.970 10 INFO neutron.wsgi [None req-a1b322cf-9283-4f26-b66a-f896d7c46b6d 64b25f50f1b7407dabb210570e9454ab 1bc4cf8836994eefaa5b41fb35a62be4 - - default default] 10.0.0.54 "DELETE /v2.0/routers/0df615b6-d81e-4cbd-8f3c-43b04297932d HTTP/1.1" status: 204 len: 168 time: 1.0399826
2026-07-02 06:19:43.974 9 INFO neutron.wsgi [-] 10.0.0.13 "GET / HTTP/1.1" status: 200 len: 247 time: 0.0027318
2026-07-02 06:19:43.978 9 INFO neutron.wsgi [-] 10.0.0.13 "GET / HTTP/1.1" status: 200 len: 247 time: 0.0025492
2026-07-02 06:19:43.997 10 INFO neutron.wsgi [None req-1bf008b2-964f-4ef5-9053-708c762ce44f 64b25f50f1b7407dabb210570e9454ab 1bc4cf8836994eefaa5b41fb35a62be4 - - default default] 10.0.0.54 "GET /v2.0/ports?device_id=0df615b6-d81e-4cbd-8f3c-43b04297932d HTTP/1.1" status: 200 len: 205 time: 0.0195003
2026-07-02 06:19:44.022 10 INFO neutron.api.v2.resource [None req-606fee76-027b-46b1-ac60-e7f536387a35 64b25f50f1b7407dabb210570e9454ab 1bc4cf8836994eefaa5b41fb35a62be4 - - default default] delete failed (client error): The resource could not be found.
2026-07-02 06:19:44.024 10 INFO neutron.wsgi [None req-606fee76-027b-46b1-ac60-e7f536387a35 64b25f50f1b7407dabb210570e9454ab 1bc4cf8836994eefaa5b41fb35a62be4 - - default default] 10.0.0.54 "DELETE /v2.0/routers/0df615b6-d81e-4cbd-8f3c-43b04297932d HTTP/1.1" status: 404 len: 336 time: 0.0233653
2026-07-02 06:19:44.049 10 INFO neutron.wsgi [None req-20190eb3-9e4c-470c-a5ce-34c086072160 64b25f50f1b7407dabb210570e9454ab 1bc4cf8836994eefaa5b41fb35a62be4 - - default default] 10.0.0.54 "GET /v2.0/ports?device_id=fefb538d-430c-440d-8b2b-50a3ca193377 HTTP/1.1" status: 200 len: 205 time: 0.0200167
2026-07-02 06:19:44.081 10 INFO neutron.api.v2.resource [None req-178df01d-235b-451f-ac83-2f7510cda16b 64b25f50f1b7407dabb210570e9454ab 1bc4cf8836994eefaa5b41fb35a62be4 - - default default] delete failed (client error): The resource could not be found.
2026-07-02 06:19:44.083 10 INFO neutron.wsgi [None req-178df01d-235b-451f-ac83-2f7510cda16b 64b25f50f1b7407dabb210570e9454ab 1bc4cf8836994eefaa5b41fb35a62be4 - - default default] 10.0.0.54 "DELETE /v2.0/routers/fefb538d-430c-440d-8b2b-50a3ca193377 HTTP/1.1" status: 404 len: 336 time: 0.0295289
2026-07-02 06:19:44.107 10 INFO neutron.pecan_wsgi.hooks.translation [None req-b3fbcb18-86d4-433c-a55f-04435a0903b8 64b25f50f1b7407dabb210570e9454ab 1bc4cf8836994eefaa5b41fb35a62be4 - - default default] DELETE failed (client error): The resource could not be found.
2026-07-02 06:19:44.110 10 INFO neutron.wsgi [None req-b3fbcb18-86d4-433c-a55f-04435a0903b8 64b25f50f1b7407dabb210570e9454ab 1bc4cf8836994eefaa5b41fb35a62be4 - - default default] 10.0.0.54 "DELETE /v2.0/subnets/f1077c7d-f86a-4921-a7b3-961df5b07da7 HTTP/1.1" status: 404 len: 337 time: 0.0190785
2026-07-02 06:19:44.131 10 INFO neutron.wsgi [None req-d77770ae-c58e-400c-a254-5f8ba852d739 64b25f50f1b7407dabb210570e9454ab 1bc4cf8836994eefaa5b41fb35a62be4 - - default default] 10.0.0.54 "GET /v2.0/ports?device_id=461c7150-37bb-4847-8e46-d91095b81f08 HTTP/1.1" status: 200 len: 205 time: 0.0167460
2026-07-02 06:19:44.171 10 INFO neutron.api.v2.resource [None req-f06cbca5-ec77-4688-a3f3-8b3abbb7e001 64b25f50f1b7407dabb210570e9454ab 1bc4cf8836994eefaa5b41fb35a62be4 - - default default] delete failed (client error): The resource could not be found.
2026-07-02 06:19:44.172 10 INFO neutron.wsgi [None req-f06cbca5-ec77-4688-a3f3-8b3abbb7e001 64b25f50f1b7407dabb210570e9454ab 1bc4cf8836994eefaa5b41fb35a62be4 - - default default] 10.0.0.54 "DELETE /v2.0/routers/461c7150-37bb-4847-8e46-d91095b81f08 HTTP/1.1" status: 404 len: 336 time: 0.0289309
2026-07-02 06:19:44.202 10 INFO neutron.pecan_wsgi.hooks.translation [None req-acbf22aa-df9a-4fe2-84f4-7c73bfce6843 64b25f50f1b7407dabb210570e9454ab 1bc4cf8836994eefaa5b41fb35a62be4 - - default default] DELETE failed (client error): The resource could not be found.
2026-07-02 06:19:44.205 10 INFO neutron.wsgi [None req-acbf22aa-df9a-4fe2-84f4-7c73bfce6843 64b25f50f1b7407dabb210570e9454ab 1bc4cf8836994eefaa5b41fb35a62be4 - - default default] 10.0.0.54 "DELETE /v2.0/subnets/2e5261ab-a1e0-42a5-abe2-f5d9cf03905a HTTP/1.1" status: 404 len: 337 time: 0.0272992
2026-07-02 06:19:44.226 10 INFO neutron.wsgi [None req-e2bef08b-2a36-48f7-a024-813a7f2904b0 64b25f50f1b7407dabb210570e9454ab 1bc4cf8836994eefaa5b41fb35a62be4 - - default default] 10.0.0.54 "GET /v2.0/ports?device_id=ceae67ca-b549-4cb4-a03e-21868865d750 HTTP/1.1" status: 200 len: 205 time: 0.0168197
2026-07-02 06:19:44.255 10 INFO neutron.api.v2.resource [None req-1a85fed2-908a-436a-a279-4f04f152bbe1 64b25f50f1b7407dabb210570e9454ab 1bc4cf8836994eefaa5b41fb35a62be4 - - default default] delete failed (client error): The resource could not be found.
2026-07-02 06:19:44.256 10 INFO neutron.wsgi [None req-1a85fed2-908a-436a-a279-4f04f152bbe1 64b25f50f1b7407dabb210570e9454ab 1bc4cf8836994eefaa5b41fb35a62be4 - - default default] 10.0.0.54 "DELETE /v2.0/routers/ceae67ca-b549-4cb4-a03e-21868865d750 HTTP/1.1" status: 404 len: 336 time: 0.0239799
2026-07-02 06:19:44.278 10 INFO neutron.pecan_wsgi.hooks.translation [None req-cbbe732e-a382-4744-858a-2ac053214c88 64b25f50f1b7407dabb210570e9454ab 1bc4cf8836994eefaa5b41fb35a62be4 - - default default] DELETE failed (client error): The resource could not be found.
2026-07-02 06:19:44.280 10 INFO neutron.wsgi [None req-cbbe732e-a382-4744-858a-2ac053214c88 64b25f50f1b7407dabb210570e9454ab 1bc4cf8836994eefaa5b41fb35a62be4 - - default default] 10.0.0.54 "DELETE /v2.0/subnets/0f64764f-825c-49e1-8b91-f99336fae5ae HTTP/1.1" status: 404 len: 337 time: 0.0181708
2026-07-02 06:19:44.304 10 INFO neutron.pecan_wsgi.hooks.translation [None req-fe70ca52-10c0-4253-b525-af97f1c93dd4 64b25f50f1b7407dabb210570e9454ab 1bc4cf8836994eefaa5b41fb35a62be4 - - default default] DELETE failed (client error): The resource could not be found.
2026-07-02 06:19:44.306 10 INFO neutron.wsgi [None req-fe70ca52-10c0-4253-b525-af97f1c93dd4 64b25f50f1b7407dabb210570e9454ab 1bc4cf8836994eefaa5b41fb35a62be4 - - default default] 10.0.0.54 "DELETE /v2.0/subnets/61ef428f-270d-4208-a8b6-61516a299087 HTTP/1.1" status: 404 len: 337 time: 0.0172484
2026-07-02 06:19:45.084 9 INFO neutron.wsgi [None req-d3cd2cbf-305b-4622-abe5-e2ca194c6fbb d49bbc498fb44934801760e04d946e50 a6d2ffa6fb014966b30cc01eac919e15 - - default default] 10.0.0.54 "GET /v2.0/security-groups?tenant_id=1bc4cf8836994eefaa5b41fb35a62be4&name=default HTTP/1.1" status: 200 len: 2996 time: 0.1966119
2026-07-02 06:19:45.085 10 INFO neutron.wsgi [req-8676746b-767a-4a29-93a8-12cea9fb30aa req-6633f0c2-a76c-4aba-8b25-3e845404a90a 36377d1fe73e40cf8b2786a64e5f4d3a 7e96c111381543b2a8202b096e417409 - - 0b7f6a7849d742f1ad166eef4960917f 0b7f6a7849d742f1ad166eef4960917f] 10.0.0.170 "GET /v2.0/ports?device_id=6eaf0377-a6e7-4de1-ab7e-ab1a9adf31cd HTTP/1.1" status: 200 len: 1413 time: 0.0328572
2026-07-02 06:19:45.164 10 INFO neutron.wsgi [req-8676746b-767a-4a29-93a8-12cea9fb30aa req-a7e2468a-91fb-44c9-86c4-211b894d9c8d 36377d1fe73e40cf8b2786a64e5f4d3a 7e96c111381543b2a8202b096e417409 - - 0b7f6a7849d742f1ad166eef4960917f 0b7f6a7849d742f1ad166eef4960917f] 10.0.0.170 "GET /v2.0/security-groups?id=f1652274-be67-4cc0-a28a-4f94097cabce&fields=id&fields=name HTTP/1.1" status: 200 len: 312 time: 0.0650334
2026-07-02 06:19:45.200 9 INFO neutron.db.ovn_revision_numbers_db [None req-bde8641e-70b6-4568-bafe-2713ac26e8f3 d49bbc498fb44934801760e04d946e50 a6d2ffa6fb014966b30cc01eac919e15 - - default default] Successfully bumped revision number for resource 9798cd06-dfac-4d0d-99ea-90a2eb292a60 (type: security_groups) to 1
2026-07-02 06:19:45.224 9 INFO neutron.db.ovn_revision_numbers_db [None req-bde8641e-70b6-4568-bafe-2713ac26e8f3 d49bbc498fb44934801760e04d946e50 a6d2ffa6fb014966b30cc01eac919e15 - - default default] Successfully bumped revision number for resource 2821fb00-2c52-4a62-b366-cd4a5625e124 (type: security_group_rules) to 0
2026-07-02 06:19:45.243 9 INFO neutron.db.ovn_revision_numbers_db [None req-bde8641e-70b6-4568-bafe-2713ac26e8f3 d49bbc498fb44934801760e04d946e50 a6d2ffa6fb014966b30cc01eac919e15 - - default default] Successfully bumped revision number for resource 8b4e2584-571a-4086-acd0-ad0334dd07e0 (type: security_group_rules) to 0
2026-07-02 06:19:45.257 9 INFO neutron.db.ovn_revision_numbers_db [None req-bde8641e-70b6-4568-bafe-2713ac26e8f3 d49bbc498fb44934801760e04d946e50 a6d2ffa6fb014966b30cc01eac919e15 - - default default] Successfully bumped revision number for resource 8e606933-40fc-4f85-a9f2-72d2a68144e9 (type: security_group_rules) to 0
2026-07-02 06:19:45.274 9 INFO neutron.db.ovn_revision_numbers_db [None req-bde8641e-70b6-4568-bafe-2713ac26e8f3 d49bbc498fb44934801760e04d946e50 a6d2ffa6fb014966b30cc01eac919e15 - - default default] Successfully bumped revision number for resource b19d0b3c-227c-49bd-8ea1-606dad0fb970 (type: security_group_rules) to 0
2026-07-02 06:19:45.326 9 INFO neutron.wsgi [None req-bde8641e-70b6-4568-bafe-2713ac26e8f3 d49bbc498fb44934801760e04d946e50 a6d2ffa6fb014966b30cc01eac919e15 - - default default] 10.0.0.54 "GET /v2.0/security-groups?tenant_id=9011fbcd552e4d92a16e7830603cb750&name=default HTTP/1.1" status: 200 len: 2996 time: 0.4424593
2026-07-02 06:19:45.448 10 INFO neutron.wsgi [None req-97f64f8d-16eb-4245-8b6a-d0e1f1ce2095 d49bbc498fb44934801760e04d946e50 a6d2ffa6fb014966b30cc01eac919e15 - - default default] 10.0.0.54 "DELETE /v2.0/security-groups/82b6725c-4263-4cac-98aa-c0800ccabfbb HTTP/1.1" status: 204 len: 168 time: 0.3589678
2026-07-02 06:19:45.583 10 INFO neutron.wsgi [None req-e9f127ac-420c-46df-9eba-0d141d245421 d49bbc498fb44934801760e04d946e50 a6d2ffa6fb014966b30cc01eac919e15 - - default default] 10.0.0.54 "DELETE /v2.0/security-groups/9798cd06-dfac-4d0d-99ea-90a2eb292a60 HTTP/1.1" status: 204 len: 168 time: 0.2544332
2026-07-02 06:19:45.854 10 INFO neutron.wsgi [None req-4e255aec-4938-4b24-a142-9f2c518ae9bd d49bbc498fb44934801760e04d946e50 a6d2ffa6fb014966b30cc01eac919e15 - - default default] 10.0.0.54 "GET /v2.0/security-groups?tenant_id=1490bd0be2844e5086d9208d22cedc22&name=default HTTP/1.1" status: 200 len: 2996 time: 0.0398414
2026-07-02 06:19:46.063 10 INFO neutron.wsgi [None req-792c2ed7-fb74-4ab7-a0d7-57d3cb1b3e63 d49bbc498fb44934801760e04d946e50 a6d2ffa6fb014966b30cc01eac919e15 - - default default] 10.0.0.54 "DELETE /v2.0/security-groups/1f0f4d40-3812-4e4c-ae05-be96a5e43459 HTTP/1.1" status: 204 len: 168 time: 0.2035806
2026-07-02 06:19:46.306 10 INFO neutron.db.ovn_revision_numbers_db [None req-bcd87387-6ed2-49a9-aa79-f63cb1e90f0e d49bbc498fb44934801760e04d946e50 a6d2ffa6fb014966b30cc01eac919e15 - - default default] Successfully bumped revision number for resource 06537534-0ccf-4055-8ce5-aa8176ad6b71 (type: security_groups) to 1
2026-07-02 06:19:46.318 10 INFO neutron.db.ovn_revision_numbers_db [None req-bcd87387-6ed2-49a9-aa79-f63cb1e90f0e d49bbc498fb44934801760e04d946e50 a6d2ffa6fb014966b30cc01eac919e15 - - default default] Successfully bumped revision number for resource 2f112103-7453-4ca9-93e4-b1210a8cb780 (type: security_group_rules) to 0
2026-07-02 06:19:46.334 10 INFO neutron.db.ovn_revision_numbers_db [None req-bcd87387-6ed2-49a9-aa79-f63cb1e90f0e d49bbc498fb44934801760e04d946e50 a6d2ffa6fb014966b30cc01eac919e15 - - default default] Successfully bumped revision number for resource 5d63e0cf-5fda-4909-a6e4-d2299a095d4a (type: security_group_rules) to 0
2026-07-02 06:19:46.357 10 INFO neutron.db.ovn_revision_numbers_db [None req-bcd87387-6ed2-49a9-aa79-f63cb1e90f0e d49bbc498fb44934801760e04d946e50 a6d2ffa6fb014966b30cc01eac919e15 - - default default] Successfully bumped revision number for resource 628e9860-e5eb-4e00-ac15-2899643c49a6 (type: security_group_rules) to 0
2026-07-02 06:19:46.372 10 INFO neutron.db.ovn_revision_numbers_db [None req-bcd87387-6ed2-49a9-aa79-f63cb1e90f0e d49bbc498fb44934801760e04d946e50 a6d2ffa6fb014966b30cc01eac919e15 - - default default] Successfully bumped revision number for resource 85b7f681-da4c-4827-ad70-c2f89abd026e (type: security_group_rules) to 0
2026-07-02 06:19:46.392 10 INFO neutron.wsgi [None req-bcd87387-6ed2-49a9-aa79-f63cb1e90f0e d49bbc498fb44934801760e04d946e50 a6d2ffa6fb014966b30cc01eac919e15 - - default default] 10.0.0.54 "GET /v2.0/security-groups?tenant_id=36651cbee0714be99e964c6bc511331d&name=default HTTP/1.1" status: 200 len: 2996 time: 0.2075984
2026-07-02 06:19:46.570 10 INFO neutron.wsgi [None req-35c9429e-6583-4c12-8c9e-ee02c83a4b7b d49bbc498fb44934801760e04d946e50 a6d2ffa6fb014966b30cc01eac919e15 - - default default] 10.0.0.54 "DELETE /v2.0/security-groups/06537534-0ccf-4055-8ce5-aa8176ad6b71 HTTP/1.1" status: 204 len: 168 time: 0.1725454
2026-07-02 06:19:46.949 10 WARNING neutron.plugins.ml2.drivers.ovn.mech_driver.ovsdb.ovn_client [None req-d4f5bed0-99f1-472e-a4ce-f74787416234 - - - - - -] No port found with ID 9ca6be98-2997-4e53-84a9-0576bb059757: RuntimeError: No port found with ID 9ca6be98-2997-4e53-84a9-0576bb059757
2026-07-02 06:19:47.037 10 INFO neutron.wsgi [None req-35f58f3a-2058-473d-bd88-18add94ff342 24b7a4e01703421fa40d5f7460fbcac4 92f679395ade4c84a6985b4f530fd05b - - default default] 10.0.0.54 "GET /v2.0/ports?project_id=1e699f58bb6542808836702303fce89e&network_id=5fa056f5-9709-474b-88d8-1d038727afdb HTTP/1.1" status: 200 len: 3514 time: 0.0575144
2026-07-02 06:19:47.300 10 INFO neutron.wsgi [None req-14369144-92a0-4655-8203-f394b93abeff 24b7a4e01703421fa40d5f7460fbcac4 92f679395ade4c84a6985b4f530fd05b - - default default] 10.0.0.54 "GET /v2.0/subnets?network_id=5e486ed5-20d1-4a3b-956a-cd44660675db HTTP/1.1" status: 200 len: 838 time: 0.0621059
2026-07-02 06:19:47.620 10 INFO neutron.db.l3_db [None req-6c51b462-7fb3-4e18-9906-407200ea64a3 d524e26bcc7e4d93a91ac54db43c4b7e 1e699f58bb6542808836702303fce89e - - default default] Floating IP 67b11c2f-2347-4a92-a67b-b327fb47a65e disassociated. External IP: 10.96.250.220, port: ea127688-6c77-4542-87e3-e36050ad5d4d.
2026-07-02 06:19:47.670 10 INFO neutron.db.ovn_revision_numbers_db [None req-6c51b462-7fb3-4e18-9906-407200ea64a3 d524e26bcc7e4d93a91ac54db43c4b7e 1e699f58bb6542808836702303fce89e - - default default] Successfully bumped revision number for resource 67b11c2f-2347-4a92-a67b-b327fb47a65e (type: floatingips) to 2
2026-07-02 06:19:47.729 10 INFO neutron.wsgi [None req-6c51b462-7fb3-4e18-9906-407200ea64a3 d524e26bcc7e4d93a91ac54db43c4b7e 1e699f58bb6542808836702303fce89e - - default default] 10.0.0.54 "PUT /v2.0/floatingips/67b11c2f-2347-4a92-a67b-b327fb47a65e HTTP/1.1" status: 200 len: 748 time: 0.2454054
2026-07-02 06:19:47.765 10 INFO neutron.notifiers.nova [-] Nova event matching ['req-466d3c5e-3319-449b-a632-eeaacc0e5e72'] response: {'name': 'network-changed', 'server_uuid': '6eaf0377-a6e7-4de1-ab7e-ab1a9adf31cd', 'tag': 'ea127688-6c77-4542-87e3-e36050ad5d4d', 'status': 'completed', 'code': 200}
2026-07-02 06:19:47.774 10 INFO neutron.wsgi [None req-e0b04173-1625-42a2-aa09-8770ef382c75 d524e26bcc7e4d93a91ac54db43c4b7e 1e699f58bb6542808836702303fce89e - - default default] 10.0.0.54 "GET /v2.0/floatingips/67b11c2f-2347-4a92-a67b-b327fb47a65e HTTP/1.1" status: 200 len: 746 time: 0.0389221 /var/lib/openstack/lib/python3.10/site-packages/pycadf/identifier.py:71: UserWarning: Invalid uuid: neutron. To ensure interoperability, identifiers should be a valid uuid. warnings.warn(('Invalid uuid: %s. To ensure interoperability, '
2026-07-02 06:19:47.843 9 INFO neutron.wsgi [req-1f7f16d6-2ec1-4482-befe-fbc19baf0570 req-323a1896-b876-4794-b66e-32de59567e4e 36377d1fe73e40cf8b2786a64e5f4d3a 7e96c111381543b2a8202b096e417409 - - 0b7f6a7849d742f1ad166eef4960917f 0b7f6a7849d742f1ad166eef4960917f] 199.204.45.223 "GET /v2.0/ports?tenant_id=1e699f58bb6542808836702303fce89e&device_id=6eaf0377-a6e7-4de1-ab7e-ab1a9adf31cd HTTP/1.1" status: 200 len: 1413 time: 0.0544083
2026-07-02 06:19:47.923 10 INFO neutron.db.ovn_revision_numbers_db [None req-4a6d5f72-55a9-455f-8010-1df06a509a17 5b847985cf3846c4bde47bd9fe7290b3 c5f14d1eb5584c8181ffee544398c23b - - default default] Successfully bumped revision number for resource 34b287fd-9005-4d9d-a78b-4096eb19850a (type: security_groups) to 1
2026-07-02 06:19:47.934 9 INFO neutron.wsgi [req-1f7f16d6-2ec1-4482-befe-fbc19baf0570 req-da38e1a1-64bc-4f36-98d9-3b02280f9750 36377d1fe73e40cf8b2786a64e5f4d3a 7e96c111381543b2a8202b096e417409 - - 0b7f6a7849d742f1ad166eef4960917f 0b7f6a7849d742f1ad166eef4960917f] 199.204.45.223 "GET /v2.0/networks?id=5fa056f5-9709-474b-88d8-1d038727afdb HTTP/1.1" status: 200 len: 957 time: 0.0835073
2026-07-02 06:19:47.938 10 INFO neutron.db.ovn_revision_numbers_db [None req-4a6d5f72-55a9-455f-8010-1df06a509a17 5b847985cf3846c4bde47bd9fe7290b3 c5f14d1eb5584c8181ffee544398c23b - - default default] Successfully bumped revision number for resource 0128df8c-e960-4784-b26f-d9c5d039b34c (type: security_group_rules) to 0
2026-07-02 06:19:47.966 10 INFO neutron.db.ovn_revision_numbers_db [None req-4a6d5f72-55a9-455f-8010-1df06a509a17 5b847985cf3846c4bde47bd9fe7290b3 c5f14d1eb5584c8181ffee544398c23b - - default default] Successfully bumped revision number for resource 080b7c2e-a5e0-4d3e-91d7-1a44a81c07c3 (type: security_group_rules) to 0
2026-07-02 06:19:47.974 9 INFO neutron.wsgi [req-1f7f16d6-2ec1-4482-befe-fbc19baf0570 req-449d25a5-5e6f-4873-8573-9903ea1c6cfc 36377d1fe73e40cf8b2786a64e5f4d3a 7e96c111381543b2a8202b096e417409 - - 0b7f6a7849d742f1ad166eef4960917f 0b7f6a7849d742f1ad166eef4960917f] 199.204.45.223 "GET /v2.0/floatingips?fixed_ip_address=10.100.0.14&port_id=ea127688-6c77-4542-87e3-e36050ad5d4d HTTP/1.1" status: 200 len: 217 time: 0.0328009
2026-07-02 06:19:47.983 10 INFO neutron.db.ovn_revision_numbers_db [None req-4a6d5f72-55a9-455f-8010-1df06a509a17 5b847985cf3846c4bde47bd9fe7290b3 c5f14d1eb5584c8181ffee544398c23b - - default default] Successfully bumped revision number for resource 88893729-6017-4ca3-9a56-33e67cb5dc76 (type: security_group_rules) to 0
2026-07-02 06:19:47.996 10 INFO neutron.db.ovn_revision_numbers_db [None req-4a6d5f72-55a9-455f-8010-1df06a509a17 5b847985cf3846c4bde47bd9fe7290b3 c5f14d1eb5584c8181ffee544398c23b - - default default] Successfully bumped revision number for resource 8f43665f-bf0f-4f41-8130-32638d839a05 (type: security_group_rules) to 0
2026-07-02 06:19:48.030 9 INFO neutron.wsgi [req-1f7f16d6-2ec1-4482-befe-fbc19baf0570 req-a8ee6d83-1ba7-479a-ba82-6010963a07fd 36377d1fe73e40cf8b2786a64e5f4d3a 7e96c111381543b2a8202b096e417409 - - 0b7f6a7849d742f1ad166eef4960917f 0b7f6a7849d742f1ad166eef4960917f] 199.204.45.223 "GET /v2.0/subnets?id=b20120c0-727a-4598-ab79-eda00cca0381 HTTP/1.1" status: 200 len: 853 time: 0.0480502
2026-07-02 06:19:48.055 10 INFO neutron.db.segments_db [None req-4a6d5f72-55a9-455f-8010-1df06a509a17 5b847985cf3846c4bde47bd9fe7290b3 c5f14d1eb5584c8181ffee544398c23b - - default default] Added segment 971166d2-2902-48e0-b525-50fb83895977 of type geneve for network e9b53586-2ba5-4c0b-9bac-13f906680149
2026-07-02 06:19:48.059 9 INFO neutron.wsgi [req-1f7f16d6-2ec1-4482-befe-fbc19baf0570 req-c47c76fd-62dd-4a6c-a0bc-60284dd09ddb 36377d1fe73e40cf8b2786a64e5f4d3a 7e96c111381543b2a8202b096e417409 - - 0b7f6a7849d742f1ad166eef4960917f 0b7f6a7849d742f1ad166eef4960917f] 199.204.45.223 "GET /v2.0/ports?network_id=5fa056f5-9709-474b-88d8-1d038727afdb&device_owner=network%3Adhcp HTTP/1.1" status: 200 len: 210 time: 0.0207646
2026-07-02 06:19:48.134 9 INFO neutron.wsgi [req-1f7f16d6-2ec1-4482-befe-fbc19baf0570 req-edcaa6de-b850-4c7e-8522-5fa24e8686ba 36377d1fe73e40cf8b2786a64e5f4d3a 7e96c111381543b2a8202b096e417409 - - 0b7f6a7849d742f1ad166eef4960917f 0b7f6a7849d742f1ad166eef4960917f] 199.204.45.223 "GET /v2.0/networks/5fa056f5-9709-474b-88d8-1d038727afdb?fields=segments HTTP/1.1" status: 200 len: 212 time: 0.0670800
2026-07-02 06:19:48.204 10 INFO neutron.db.ovn_revision_numbers_db [None req-4a6d5f72-55a9-455f-8010-1df06a509a17 5b847985cf3846c4bde47bd9fe7290b3 c5f14d1eb5584c8181ffee544398c23b - - default default] Successfully bumped revision number for resource e9b53586-2ba5-4c0b-9bac-13f906680149 (type: networks) to 1
2026-07-02 06:19:48.215 9 INFO neutron.wsgi [req-1f7f16d6-2ec1-4482-befe-fbc19baf0570 req-0b0adf65-6833-4b44-9d51-b15f21089692 36377d1fe73e40cf8b2786a64e5f4d3a 7e96c111381543b2a8202b096e417409 - - 0b7f6a7849d742f1ad166eef4960917f 0b7f6a7849d742f1ad166eef4960917f] 199.204.45.223 "GET /v2.0/networks/5fa056f5-9709-474b-88d8-1d038727afdb?fields=provider%3Aphysical_network&fields=provider%3Anetwork_type HTTP/1.1" status: 200 len: 277 time: 0.0738297
2026-07-02 06:19:48.430 10 WARNING neutron.scheduler.dhcp_agent_scheduler [None req-4a6d5f72-55a9-455f-8010-1df06a509a17 5b847985cf3846c4bde47bd9fe7290b3 c5f14d1eb5584c8181ffee544398c23b - - default default] No more DHCP agents
2026-07-02 06:19:48.433 10 WARNING neutron.api.rpc.agentnotifiers.dhcp_rpc_agent_api [None req-4a6d5f72-55a9-455f-8010-1df06a509a17 5b847985cf3846c4bde47bd9fe7290b3 c5f14d1eb5584c8181ffee544398c23b - - default default] Unable to schedule network e9b53586-2ba5-4c0b-9bac-13f906680149: no agents available; will retry on subsequent port and subnet creation events.
2026-07-02 06:19:48.517 10 INFO neutron.db.ovn_revision_numbers_db [None req-4a6d5f72-55a9-455f-8010-1df06a509a17 5b847985cf3846c4bde47bd9fe7290b3 c5f14d1eb5584c8181ffee544398c23b - - default default] Successfully bumped revision number for resource 8c9ae55f-28f8-4805-a992-c3eb2010090b (type: ports) to 1
2026-07-02 06:19:48.541 10 INFO neutron.wsgi [None req-4a6d5f72-55a9-455f-8010-1df06a509a17 5b847985cf3846c4bde47bd9fe7290b3 c5f14d1eb5584c8181ffee544398c23b - - default default] 10.0.0.54 "POST /v2.0/networks HTTP/1.1" status: 201 len: 828 time: 1.0559967
2026-07-02 06:19:48.621 10 INFO neutron.db.segments_db [None req-acf6e8b2-a352-4c7f-b451-e8353ee6651a 5b847985cf3846c4bde47bd9fe7290b3 c5f14d1eb5584c8181ffee544398c23b - - default default] Added segment 9277846b-c10f-49f0-872a-ad4ba42c743b of type geneve for network b0f4887d-669f-49d2-876c-5e94b7b394f6
2026-07-02 06:19:48.748 10 INFO neutron.db.ovn_revision_numbers_db [None req-acf6e8b2-a352-4c7f-b451-e8353ee6651a 5b847985cf3846c4bde47bd9fe7290b3 c5f14d1eb5584c8181ffee544398c23b - - default default] Successfully bumped revision number for resource b0f4887d-669f-49d2-876c-5e94b7b394f6 (type: networks) to 1
2026-07-02 06:19:48.970 10 WARNING neutron.scheduler.dhcp_agent_scheduler [None req-acf6e8b2-a352-4c7f-b451-e8353ee6651a 5b847985cf3846c4bde47bd9fe7290b3 c5f14d1eb5584c8181ffee544398c23b - - default default] No more DHCP agents
2026-07-02 06:19:48.976 10 WARNING neutron.api.rpc.agentnotifiers.dhcp_rpc_agent_api [None req-acf6e8b2-a352-4c7f-b451-e8353ee6651a 5b847985cf3846c4bde47bd9fe7290b3 c5f14d1eb5584c8181ffee544398c23b - - default default] Unable to schedule network b0f4887d-669f-49d2-876c-5e94b7b394f6: no agents available; will retry on subsequent port and subnet creation events.
2026-07-02 06:19:49.063 10 INFO neutron.db.ovn_revision_numbers_db [None req-d8d180d1-5b50-4be4-9efc-e0be40372313 d524e26bcc7e4d93a91ac54db43c4b7e 1e699f58bb6542808836702303fce89e - - default default] Successfully bumped revision number for resource dbf63ce0-decf-4f73-94d9-6c314c52a144 (type: security_groups) to 1
2026-07-02 06:19:49.082 10 INFO neutron.db.ovn_revision_numbers_db [None req-d8d180d1-5b50-4be4-9efc-e0be40372313 d524e26bcc7e4d93a91ac54db43c4b7e 1e699f58bb6542808836702303fce89e - - default default] Successfully bumped revision number for resource 86d9bb6f-ee84-4f09-be80-4e7d760a253e (type: security_group_rules) to 0
2026-07-02 06:19:49.084 10 INFO neutron.db.ovn_revision_numbers_db [None req-acf6e8b2-a352-4c7f-b451-e8353ee6651a 5b847985cf3846c4bde47bd9fe7290b3 c5f14d1eb5584c8181ffee544398c23b - - default default] Successfully bumped revision number for resource 13df8879-5477-4459-9e6e-ffe55f226b93 (type: ports) to 1
