2026-07-02 06:20:51.512 10 INFO neutron.services.segments.plugin [-] Segment d4befe74-4d58-4fc0-aa21-4ef570bdf995 resource provider not found; error: Placement Client Error (4xx): {"errors": [{"status": 404, "title": "Not Found", "detail": "The resource could not be found.\n\n No resource provider with uuid d4befe74-4d58-4fc0-aa21-4ef570bdf995 found for delete ", "request_id": "req-9f2ea745-072f-48d1-ad6d-af692df02976"}]}
2026-07-02 06:20:51.520 10 INFO neutron.services.segments.plugin [-] Segment d4befe74-4d58-4fc0-aa21-4ef570bdf995 resource provider not found; error: Placement Client Error (4xx): {"errors": [{"status": 404, "title": "Not Found", "detail": "The resource could not be found.\n\n No resource provider with uuid d4befe74-4d58-4fc0-aa21-4ef570bdf995 found for delete ", "request_id": "req-dc71cce3-e261-438d-b7a0-fa78eb807bb2"}]}
2026-07-02 06:20:51.528 10 INFO neutron.wsgi [None req-c1a3eec9-9936-437e-b31a-af601e41a1ca 76214f8194a8468e8461191ac170980c 552abe7fddbb424db691fa5c03c5bad7 - - default default] 10.0.0.54 "DELETE /v2.0/networks/5e2a70b7-c949-4a57-bd7d-26d158a0fe2f HTTP/1.1" status: 204 len: 168 time: 0.3966324
2026-07-02 06:20:52.486 10 INFO neutron.db.ovn_revision_numbers_db [None req-8d9d18d7-afd2-4895-80ee-f56f2d446686 d49bbc498fb44934801760e04d946e50 a6d2ffa6fb014966b30cc01eac919e15 - - default default] Successfully bumped revision number for resource be81b399-dfd2-445e-81ae-99297c6327db (type: security_groups) to 1
2026-07-02 06:20:52.499 10 INFO neutron.db.ovn_revision_numbers_db [None req-8d9d18d7-afd2-4895-80ee-f56f2d446686 d49bbc498fb44934801760e04d946e50 a6d2ffa6fb014966b30cc01eac919e15 - - default default] Successfully bumped revision number for resource 0883f761-6a93-4253-a3f0-2cc6650d8c3e (type: security_group_rules) to 0
2026-07-02 06:20:52.512 10 INFO neutron.db.ovn_revision_numbers_db [None req-8d9d18d7-afd2-4895-80ee-f56f2d446686 d49bbc498fb44934801760e04d946e50 a6d2ffa6fb014966b30cc01eac919e15 - - default default] Successfully bumped revision number for resource 11113054-7a20-4b69-ba57-ee263940e822 (type: security_group_rules) to 0
2026-07-02 06:20:52.527 10 INFO neutron.db.ovn_revision_numbers_db [None req-8d9d18d7-afd2-4895-80ee-f56f2d446686 d49bbc498fb44934801760e04d946e50 a6d2ffa6fb014966b30cc01eac919e15 - - default default] Successfully bumped revision number for resource 605ecc9f-b888-4322-9f0e-6bf64f745dc2 (type: security_group_rules) to 0
2026-07-02 06:20:52.542 10 INFO neutron.db.ovn_revision_numbers_db [None req-8d9d18d7-afd2-4895-80ee-f56f2d446686 d49bbc498fb44934801760e04d946e50 a6d2ffa6fb014966b30cc01eac919e15 - - default default] Successfully bumped revision number for resource f8b7baa6-f59b-47dd-a263-2df48f5f7486 (type: security_group_rules) to 0
2026-07-02 06:20:52.563 10 INFO neutron.wsgi [None req-8d9d18d7-afd2-4895-80ee-f56f2d446686 d49bbc498fb44934801760e04d946e50 a6d2ffa6fb014966b30cc01eac919e15 - - default default] 10.0.0.54 "GET /v2.0/security-groups?tenant_id=9fc81f44476f41feb64f152e64a55323&name=default HTTP/1.1" status: 200 len: 2996 time: 0.4050725
2026-07-02 06:20:52.785 10 INFO neutron.wsgi [None req-26cd9fe4-b630-4700-9162-b36a0fd63be8 d49bbc498fb44934801760e04d946e50 a6d2ffa6fb014966b30cc01eac919e15 - - default default] 10.0.0.54 "DELETE /v2.0/security-groups/be81b399-dfd2-445e-81ae-99297c6327db HTTP/1.1" status: 204 len: 168 time: 0.2164800
2026-07-02 06:20:52.925 9 INFO neutron.wsgi [req-766ea72d-3098-4009-b935-24a9955c43f5 req-3492cf27-d793-48f3-bd00-91ca2b9748ac 36377d1fe73e40cf8b2786a64e5f4d3a 7e96c111381543b2a8202b096e417409 - - 0b7f6a7849d742f1ad166eef4960917f 0b7f6a7849d742f1ad166eef4960917f] 199.204.45.223 "GET /v2.0/ports?device_id=af351b88-602e-436c-b260-d552ef3a6353&fields=binding%3Ahost_id&fields=binding%3Avif_type HTTP/1.1" status: 200 len: 265 time: 0.0384152
2026-07-02 06:20:52.968 10 INFO neutron.wsgi [None req-e767a13e-492a-47e1-9de9-5abf76f45fd7 d49bbc498fb44934801760e04d946e50 a6d2ffa6fb014966b30cc01eac919e15 - - default default] 10.0.0.54 "GET /v2.0/security-groups?tenant_id=552abe7fddbb424db691fa5c03c5bad7&name=default HTTP/1.1" status: 200 len: 2996 time: 0.0530245
2026-07-02 06:20:52.998 9 INFO neutron.wsgi [req-766ea72d-3098-4009-b935-24a9955c43f5 req-3241a450-d92a-4285-af47-e6e0099e80db 36377d1fe73e40cf8b2786a64e5f4d3a 7e96c111381543b2a8202b096e417409 - - 0b7f6a7849d742f1ad166eef4960917f 0b7f6a7849d742f1ad166eef4960917f] 199.204.45.223 "GET /v2.0/ports?tenant_id=aec3d331be9e4164898e123aea9d4ffa&device_id=af351b88-602e-436c-b260-d552ef3a6353 HTTP/1.1" status: 200 len: 1630 time: 0.0317545
2026-07-02 06:20:53.094 9 INFO neutron.wsgi [req-766ea72d-3098-4009-b935-24a9955c43f5 req-229edc87-8ae7-4ded-bafd-fd9349239967 36377d1fe73e40cf8b2786a64e5f4d3a 7e96c111381543b2a8202b096e417409 - - 0b7f6a7849d742f1ad166eef4960917f 0b7f6a7849d742f1ad166eef4960917f] 199.204.45.223 "GET /v2.0/networks?id=9e54c149-ee87-460e-ad99-fd2309acd7ab HTTP/1.1" status: 200 len: 1002 time: 0.0776417
2026-07-02 06:20:53.151 9 INFO neutron.wsgi [req-766ea72d-3098-4009-b935-24a9955c43f5 req-df707013-cdcd-4fff-9450-c850f15f16a7 36377d1fe73e40cf8b2786a64e5f4d3a 7e96c111381543b2a8202b096e417409 - - 0b7f6a7849d742f1ad166eef4960917f 0b7f6a7849d742f1ad166eef4960917f] 199.204.45.223 "GET /v2.0/floatingips?fixed_ip_address=10.2.1.3&port_id=376e88dd-2d55-41a7-aefe-342c9baf7d1d HTTP/1.1" status: 200 len: 1057 time: 0.0422971
2026-07-02 06:20:53.198 9 INFO neutron.wsgi [req-766ea72d-3098-4009-b935-24a9955c43f5 req-43a8a75f-1fe2-4c9a-a936-5186f0763725 36377d1fe73e40cf8b2786a64e5f4d3a 7e96c111381543b2a8202b096e417409 - - 0b7f6a7849d742f1ad166eef4960917f 0b7f6a7849d742f1ad166eef4960917f] 199.204.45.223 "GET /v2.0/floatingips?fixed_ip_address=fd7b%3Af9f7%3Afff%3A4eca%3A%3A249&port_id=376e88dd-2d55-41a7-aefe-342c9baf7d1d HTTP/1.1" status: 200 len: 217 time: 0.0338898
2026-07-02 06:20:53.242 9 INFO neutron.wsgi [req-766ea72d-3098-4009-b935-24a9955c43f5 req-21f66e5d-7025-4bf5-a833-472a57009fcc 36377d1fe73e40cf8b2786a64e5f4d3a 7e96c111381543b2a8202b096e417409 - - 0b7f6a7849d742f1ad166eef4960917f 0b7f6a7849d742f1ad166eef4960917f] 199.204.45.223 "GET /v2.0/subnets?id=727656d4-332d-4cad-b3ef-35988553f9ad&id=8bd0ca97-3f94-417c-9a2a-184ac3c126cb HTTP/1.1" status: 200 len: 1563 time: 0.0364397
2026-07-02 06:20:53.267 9 INFO neutron.wsgi [req-766ea72d-3098-4009-b935-24a9955c43f5 req-6a475cd4-52f6-498d-86f1-91731a988a8e 36377d1fe73e40cf8b2786a64e5f4d3a 7e96c111381543b2a8202b096e417409 - - 0b7f6a7849d742f1ad166eef4960917f 0b7f6a7849d742f1ad166eef4960917f] 199.204.45.223 "GET /v2.0/ports?network_id=9e54c149-ee87-460e-ad99-fd2309acd7ab&device_owner=network%3Adhcp HTTP/1.1" status: 200 len: 210 time: 0.0184836
2026-07-02 06:20:53.299 9 INFO neutron.wsgi [req-766ea72d-3098-4009-b935-24a9955c43f5 req-f04aca93-2a12-4aea-9849-43d483e43ae6 36377d1fe73e40cf8b2786a64e5f4d3a 7e96c111381543b2a8202b096e417409 - - 0b7f6a7849d742f1ad166eef4960917f 0b7f6a7849d742f1ad166eef4960917f] 199.204.45.223 "GET /v2.0/ports?network_id=9e54c149-ee87-460e-ad99-fd2309acd7ab&device_owner=network%3Adhcp HTTP/1.1" status: 200 len: 210 time: 0.0207117
2026-07-02 06:20:53.373 9 INFO neutron.wsgi [req-766ea72d-3098-4009-b935-24a9955c43f5 req-22fc1f6b-940c-4119-a28e-86d4a11f55b6 36377d1fe73e40cf8b2786a64e5f4d3a 7e96c111381543b2a8202b096e417409 - - 0b7f6a7849d742f1ad166eef4960917f 0b7f6a7849d742f1ad166eef4960917f] 199.204.45.223 "GET /v2.0/networks/9e54c149-ee87-460e-ad99-fd2309acd7ab?fields=segments HTTP/1.1" status: 200 len: 212 time: 0.0694413
2026-07-02 06:20:53.441 9 INFO neutron.wsgi [req-766ea72d-3098-4009-b935-24a9955c43f5 req-02e4ae74-a211-4f5b-898c-8413be643675 36377d1fe73e40cf8b2786a64e5f4d3a 7e96c111381543b2a8202b096e417409 - - 0b7f6a7849d742f1ad166eef4960917f 0b7f6a7849d742f1ad166eef4960917f] 199.204.45.223 "GET /v2.0/networks/9e54c149-ee87-460e-ad99-fd2309acd7ab?fields=provider%3Aphysical_network&fields=provider%3Anetwork_type HTTP/1.1" status: 200 len: 277 time: 0.0578954
2026-07-02 06:20:53.449 10 INFO neutron.wsgi [None req-5fa221f4-6ec9-4744-a2d6-51b0a9a28546 d49bbc498fb44934801760e04d946e50 a6d2ffa6fb014966b30cc01eac919e15 - - default default] 10.0.0.54 "DELETE /v2.0/security-groups/ec4cf47a-24a3-43e9-9ce7-545c4a1c68f9 HTTP/1.1" status: 204 len: 168 time: 0.4722323
2026-07-02 06:20:54.180 10 INFO neutron.wsgi [None req-1a9b9f40-90dc-4f5f-a749-21e349bb5333 b8447ba9072a4ced84ac155516e32c0d a4a50dd18729456497e08f58f5afe302 - - default default] 10.0.0.54 "GET /v2.0/subnets/07cf9671-e395-451a-943d-bf3e248fc38f HTTP/1.1" status: 200 len: 845 time: 0.0378115
2026-07-02 06:20:54.805 10 INFO neutron.wsgi [None req-694bba80-b5e2-4c6c-8617-359c714e6f1d d49bbc498fb44934801760e04d946e50 a6d2ffa6fb014966b30cc01eac919e15 - - default default] 10.0.0.96 "GET /v2.0/extensions/security-group HTTP/1.1" status: 200 len: 369 time: 0.1407616
2026-07-02 06:20:54.815 10 INFO neutron.wsgi [None req-e3aa7dbf-49cf-46df-a5ff-333ae14fe2f5 d49bbc498fb44934801760e04d946e50 a6d2ffa6fb014966b30cc01eac919e15 - - default default] 10.0.0.96 "GET /v2.0/extensions/dns-integration HTTP/1.1" status: 200 len: 371 time: 0.0037439
2026-07-02 06:20:54.823 10 INFO neutron.wsgi [None req-938f69b9-0ad9-4b42-a161-a385849a94be d49bbc498fb44934801760e04d946e50 a6d2ffa6fb014966b30cc01eac919e15 - - default default] 10.0.0.96 "GET /v2.0/extensions/qos HTTP/1.1" status: 200 len: 365 time: 0.0036831
2026-07-02 06:20:54.836 10 INFO neutron.wsgi [None req-b54cea1a-9aeb-4d93-a2bf-de971c87a5d0 d49bbc498fb44934801760e04d946e50 a6d2ffa6fb014966b30cc01eac919e15 - - default default] 10.0.0.96 "GET /v2.0/extensions/allowed-address-pairs HTTP/1.1" status: 200 len: 383 time: 0.0056691
2026-07-02 06:20:55.253 9 INFO neutron.wsgi [None req-78d2847d-576d-4266-8aef-ad885f357717 a6359f46f7b04456a334e13187247745 cdb6ac00377b4034a64b19b7e4adf838 - - default default] 10.0.0.54 "POST /v2.0/qos/policies HTTP/1.1" status: 201 len: 558 time: 0.1617684
2026-07-02 06:20:55.294 9 INFO neutron.wsgi [None req-56e20204-2dee-454c-9a7f-943b66c5db06 a6359f46f7b04456a334e13187247745 cdb6ac00377b4034a64b19b7e4adf838 - - default default] 10.0.0.54 "POST /v2.0/qos/policies HTTP/1.1" status: 201 len: 558 time: 0.0358288
2026-07-02 06:20:55.334 9 INFO neutron.wsgi [None req-a00a83ff-e4b5-437c-b029-83536a40ef85 a6359f46f7b04456a334e13187247745 cdb6ac00377b4034a64b19b7e4adf838 - - default default] 10.0.0.54 "POST /v2.0/qos/policies HTTP/1.1" status: 201 len: 558 time: 0.0364909
2026-07-02 06:20:55.377 10 INFO neutron.wsgi [-] 10.0.0.96 "GET / HTTP/1.1" status: 200 len: 284 time: 0.0026166
2026-07-02 06:20:55.381 9 INFO neutron.wsgi [None req-1ec0a8c5-ff53-49e3-8c15-6ac01e564d8b a6359f46f7b04456a334e13187247745 cdb6ac00377b4034a64b19b7e4adf838 - - default default] 10.0.0.54 "POST /v2.0/qos/policies HTTP/1.1" status: 201 len: 558 time: 0.0398304
2026-07-02 06:20:55.424 9 INFO neutron.wsgi [None req-03fb26aa-68c1-4fda-8336-45a15385a78d 3e8cf9ea00df408fab23d3384e04f5c5 aec3d331be9e4164898e123aea9d4ffa - - default default] 10.0.0.96 "GET /v2.0/subnets/07cf9671-e395-451a-943d-bf3e248fc38f HTTP/1.1" status: 200 len: 832 time: 0.0420806
2026-07-02 06:20:55.440 10 INFO neutron.wsgi [None req-ddc6bbca-094c-44e8-9ff2-2d2917d23e0c d49bbc498fb44934801760e04d946e50 a6d2ffa6fb014966b30cc01eac919e15 - - default default] 10.0.0.96 "GET /v2.0/extensions/security-group HTTP/1.1" status: 200 len: 369 time: 0.0062475
2026-07-02 06:20:55.441 9 INFO neutron.wsgi [None req-13e23fcf-50e5-44e8-b75d-ddf2c311916b a6359f46f7b04456a334e13187247745 cdb6ac00377b4034a64b19b7e4adf838 - - default default] 10.0.0.54 "POST /v2.0/qos/policies HTTP/1.1" status: 201 len: 558 time: 0.0505018
2026-07-02 06:20:55.451 10 INFO neutron.wsgi [None req-fed03d99-68a4-4b3f-a2fe-a47389623d4a d49bbc498fb44934801760e04d946e50 a6d2ffa6fb014966b30cc01eac919e15 - - default default] 10.0.0.96 "GET /v2.0/extensions/dns-integration HTTP/1.1" status: 200 len: 371 time: 0.0051153
2026-07-02 06:20:55.458 10 INFO neutron.wsgi [None req-2c08d0b7-848a-441b-b3b5-748a80836bbc d49bbc498fb44934801760e04d946e50 a6d2ffa6fb014966b30cc01eac919e15 - - default default] 10.0.0.96 "GET /v2.0/extensions/qos HTTP/1.1" status: 200 len: 365 time: 0.0032365
2026-07-02 06:20:55.465 9 INFO neutron.wsgi [None req-4c68f325-e291-4ead-a425-64f9e5232794 a6359f46f7b04456a334e13187247745 cdb6ac00377b4034a64b19b7e4adf838 - - default default] 10.0.0.54 "PUT /v2.0/policies/91469ad8-409b-4a00-81c4-a578e20b5c6e/tags HTTP/1.1" status: 200 len: 210 time: 0.0187104
2026-07-02 06:20:55.469 10 INFO neutron.wsgi [None req-826bece2-d2c1-4acc-b532-b0f17c5ec7a5 d49bbc498fb44934801760e04d946e50 a6d2ffa6fb014966b30cc01eac919e15 - - default default] 10.0.0.96 "GET /v2.0/extensions/allowed-address-pairs HTTP/1.1" status: 200 len: 383 time: 0.0028367
2026-07-02 06:20:55.493 9 INFO neutron.wsgi [None req-ac7d634b-4225-453a-bf5a-f088080d7cb0 a6359f46f7b04456a334e13187247745 cdb6ac00377b4034a64b19b7e4adf838 - - default default] 10.0.0.54 "PUT /v2.0/policies/aca85fe2-8834-4b54-bb27-0b11d0c85b58/tags HTTP/1.1" status: 200 len: 218 time: 0.0231926
2026-07-02 06:20:55.503 10 INFO neutron.wsgi [None req-b3820f0e-d416-4ace-a51c-491010f23b0d d49bbc498fb44934801760e04d946e50 a6d2ffa6fb014966b30cc01eac919e15 - - default default] 10.0.0.96 "GET /v2.0/subnets/07cf9671-e395-451a-943d-bf3e248fc38f HTTP/1.1" status: 200 len: 850 time: 0.0274031
2026-07-02 06:20:55.523 9 INFO neutron.wsgi [None req-4c9cfa76-c17e-4486-b014-49603e5817aa a6359f46f7b04456a334e13187247745 cdb6ac00377b4034a64b19b7e4adf838 - - default default] 10.0.0.54 "PUT /v2.0/policies/32b47dbd-01e4-4ac4-b392-0d519109bf28/tags HTTP/1.1" status: 200 len: 227 time: 0.0244234
2026-07-02 06:20:55.553 9 INFO neutron.wsgi [None req-f765aa73-ec77-4bbc-a159-9d99cc254cb7 a6359f46f7b04456a334e13187247745 cdb6ac00377b4034a64b19b7e4adf838 - - default default] 10.0.0.54 "PUT /v2.0/policies/92ca1077-84a2-4f6f-a008-19a0a2d7b543/tags HTTP/1.1" status: 200 len: 212 time: 0.0247602
2026-07-02 06:20:55.701 10 INFO neutron.wsgi [None req-d3a5200f-8dbe-4d05-b707-1590270615b4 d49bbc498fb44934801760e04d946e50 a6d2ffa6fb014966b30cc01eac919e15 - - default default] 10.0.0.96 "GET /v2.0/extensions/security-group HTTP/1.1" status: 200 len: 369 time: 0.0077460
2026-07-02 06:20:55.714 10 INFO neutron.wsgi [None req-f121df79-dca1-40ec-b8ce-74607674c0e5 d49bbc498fb44934801760e04d946e50 a6d2ffa6fb014966b30cc01eac919e15 - - default default] 10.0.0.96 "GET /v2.0/extensions/dns-integration HTTP/1.1" status: 200 len: 371 time: 0.0058532
2026-07-02 06:20:55.722 10 INFO neutron.wsgi [None req-96a4f8f0-f768-4e04-b19b-f53f1c53bd96 d49bbc498fb44934801760e04d946e50 a6d2ffa6fb014966b30cc01eac919e15 - - default default] 10.0.0.96 "GET /v2.0/extensions/qos HTTP/1.1" status: 200 len: 365 time: 0.0037491
2026-07-02 06:20:55.732 10 INFO neutron.wsgi [None req-91816760-1292-49e1-a64e-9381b9cf4824 d49bbc498fb44934801760e04d946e50 a6d2ffa6fb014966b30cc01eac919e15 - - default default] 10.0.0.96 "GET /v2.0/extensions/allowed-address-pairs HTTP/1.1" status: 200 len: 383 time: 0.0041876
2026-07-02 06:20:55.794 10 INFO neutron.wsgi [None req-0566608e-3b6d-410d-acbe-95f4a01c4cdb d49bbc498fb44934801760e04d946e50 a6d2ffa6fb014966b30cc01eac919e15 - - default default] 10.0.0.96 "GET /v2.0/networks/2851d0c4-2b9d-4740-bad4-33b126bf6fa4 HTTP/1.1" status: 200 len: 1002 time: 0.0558367
2026-07-02 06:20:55.811 10 INFO neutron.wsgi [None req-a13cc971-1711-4351-9622-2a07bb51a468 d49bbc498fb44934801760e04d946e50 a6d2ffa6fb014966b30cc01eac919e15 - - default default] 10.0.0.96 "GET /v2.0/extensions/project-id HTTP/1.1" status: 200 len: 403 time: 0.0062058
2026-07-02 06:20:56.096 10 WARNING neutron.scheduler.dhcp_agent_scheduler [None req-34b8233b-c346-46f4-9f7e-26d14da7cd5c d49bbc498fb44934801760e04d946e50 a6d2ffa6fb014966b30cc01eac919e15 - - default default] No more DHCP agents
2026-07-02 06:20:56.098 10 WARNING neutron.api.rpc.agentnotifiers.dhcp_rpc_agent_api [None req-34b8233b-c346-46f4-9f7e-26d14da7cd5c d49bbc498fb44934801760e04d946e50 a6d2ffa6fb014966b30cc01eac919e15 - - default default] Unable to schedule network 2851d0c4-2b9d-4740-bad4-33b126bf6fa4: no agents available; will retry on subsequent port and subnet creation events. /var/lib/openstack/lib/python3.10/site-packages/pycadf/identifier.py:71: UserWarning: Invalid uuid: neutron. To ensure interoperability, identifiers should be a valid uuid. warnings.warn(('Invalid uuid: %s. To ensure interoperability, '
2026-07-02 06:20:56.276 10 INFO neutron.db.ovn_revision_numbers_db [None req-34b8233b-c346-46f4-9f7e-26d14da7cd5c d49bbc498fb44934801760e04d946e50 a6d2ffa6fb014966b30cc01eac919e15 - - default default] Successfully bumped revision number for resource fc03b7dc-bf6b-46bb-a786-f141a8df8ee5 (type: ports) to 1
2026-07-02 06:20:56.292 10 INFO neutron.wsgi [None req-17689989-ef14-43e6-929c-8ef43d60171c c19ae54ecfd04f52850665af306e7a8a ed6f88cf7bb44b78b1d9db25d962059a - - default default] 10.0.0.54 "GET /v2.0/qos/policies?tags=red HTTP/1.1" status: 200 len: 1296 time: 0.3412511
2026-07-02 06:20:56.294 10 INFO neutron.wsgi [None req-34b8233b-c346-46f4-9f7e-26d14da7cd5c d49bbc498fb44934801760e04d946e50 a6d2ffa6fb014966b30cc01eac919e15 - - default default] 10.0.0.96 "POST /v2.0/ports HTTP/1.1" status: 201 len: 1333 time: 0.4802051
2026-07-02 06:20:56.349 10 INFO neutron.wsgi [None req-018830b4-c0fb-41d6-9527-faaa429f4106 c19ae54ecfd04f52850665af306e7a8a ed6f88cf7bb44b78b1d9db25d962059a - - default default] 10.0.0.54 "GET /v2.0/qos/policies?tags=red%2Cblue HTTP/1.1" status: 200 len: 941 time: 0.0515530
2026-07-02 06:20:56.406 10 INFO neutron.wsgi [None req-fed509f7-2559-48b3-80ec-4da38093a15f c19ae54ecfd04f52850665af306e7a8a ed6f88cf7bb44b78b1d9db25d962059a - - default default] 10.0.0.54 "GET /v2.0/qos/policies?tags-any=blue HTTP/1.1" status: 200 len: 941 time: 0.0510402
2026-07-02 06:20:56.474 10 INFO neutron.wsgi [None req-d2f69ff6-fb19-4deb-a4d9-b58f9d51dd8d c19ae54ecfd04f52850665af306e7a8a ed6f88cf7bb44b78b1d9db25d962059a - - default default] 10.0.0.54 "GET /v2.0/qos/policies?tags-any=red%2Cblue HTTP/1.1" status: 200 len: 1296 time: 0.0642159
2026-07-02 06:20:56.545 10 INFO neutron.wsgi [None req-8efb5934-7a0d-40f6-ae23-f56c48d5d050 c19ae54ecfd04f52850665af306e7a8a ed6f88cf7bb44b78b1d9db25d962059a - - default default] 10.0.0.54 "GET /v2.0/qos/policies?not-tags=red HTTP/1.1" status: 200 len: 913 time: 0.0659974
2026-07-02 06:20:56.613 10 INFO neutron.wsgi [None req-2500e9b4-1788-4367-8423-2a90c63ad510 c19ae54ecfd04f52850665af306e7a8a ed6f88cf7bb44b78b1d9db25d962059a - - default default] 10.0.0.54 "GET /v2.0/qos/policies?not-tags=red%2Cblue HTTP/1.1" status: 200 len: 1268 time: 0.0633171
2026-07-02 06:20:56.684 10 INFO neutron.wsgi [None req-7fa4a1fc-0c3f-46fb-b946-a3e9357fa49d c19ae54ecfd04f52850665af306e7a8a ed6f88cf7bb44b78b1d9db25d962059a - - default default] 10.0.0.54 "GET /v2.0/qos/policies?not-tags-any=blue HTTP/1.1" status: 200 len: 1268 time: 0.0670424
2026-07-02 06:20:56.757 10 INFO neutron.wsgi [None req-2b22566d-eae6-4bc3-b8d8-5b8d62570172 c19ae54ecfd04f52850665af306e7a8a ed6f88cf7bb44b78b1d9db25d962059a - - default default] 10.0.0.54 "GET /v2.0/qos/policies?not-tags-any=red%2Cblue HTTP/1.1" status: 200 len: 913 time: 0.0684195
2026-07-02 06:20:56.840 9 INFO neutron.wsgi [None req-919392ce-01d0-4a30-b2b0-58cd44ad0c35 a6359f46f7b04456a334e13187247745 cdb6ac00377b4034a64b19b7e4adf838 - - default default] 10.0.0.54 "DELETE /v2.0/qos/policies/91469ad8-409b-4a00-81c4-a578e20b5c6e HTTP/1.1" status: 204 len: 168 time: 0.0767739
2026-07-02 06:20:56.922 10 INFO neutron.db.ovn_revision_numbers_db [None req-9a9a73f6-6ded-4e09-9658-18b8da24c62c f8101421ba3143348b8d7ffa17102f62 ceebed2b1b5a453a8b79e04586d18a6b - - default default] Successfully bumped revision number for resource 1a45f8a4-c082-41a7-93f7-8755ca859f86 (type: security_groups) to 1
2026-07-02 06:20:56.922 9 INFO neutron.wsgi [None req-46311f5f-a08d-4219-b7b1-5aac1fda1243 a6359f46f7b04456a334e13187247745 cdb6ac00377b4034a64b19b7e4adf838 - - default default] 10.0.0.54 "DELETE /v2.0/qos/policies/aca85fe2-8834-4b54-bb27-0b11d0c85b58 HTTP/1.1" status: 204 len: 168 time: 0.0779929
2026-07-02 06:20:56.945 10 INFO neutron.db.ovn_revision_numbers_db [None req-9a9a73f6-6ded-4e09-9658-18b8da24c62c f8101421ba3143348b8d7ffa17102f62 ceebed2b1b5a453a8b79e04586d18a6b - - default default] Successfully bumped revision number for resource 22f7bdf5-668b-4ebe-8557-1250ed9515e4 (type: security_group_rules) to 0
2026-07-02 06:20:56.957 10 INFO neutron.db.ovn_revision_numbers_db [None req-9a9a73f6-6ded-4e09-9658-18b8da24c62c f8101421ba3143348b8d7ffa17102f62 ceebed2b1b5a453a8b79e04586d18a6b - - default default] Successfully bumped revision number for resource 88860c76-7429-4ead-9dc8-14332d9f9266 (type: security_group_rules) to 0
2026-07-02 06:20:56.972 10 INFO neutron.db.ovn_revision_numbers_db [None req-9a9a73f6-6ded-4e09-9658-18b8da24c62c f8101421ba3143348b8d7ffa17102f62 ceebed2b1b5a453a8b79e04586d18a6b - - default default] Successfully bumped revision number for resource baf245fe-a36c-459c-beb7-3581cdefe920 (type: security_group_rules) to 0
2026-07-02 06:20:56.992 10 INFO neutron.wsgi [None req-6f62681f-8a5d-4a20-b515-3530a0978a64 a6359f46f7b04456a334e13187247745 cdb6ac00377b4034a64b19b7e4adf838 - - default default] 10.0.0.54 "DELETE /v2.0/qos/policies/32b47dbd-01e4-4ac4-b392-0d519109bf28 HTTP/1.1" status: 204 len: 168 time: 0.0622964
2026-07-02 06:20:56.993 10 INFO neutron.db.ovn_revision_numbers_db [None req-9a9a73f6-6ded-4e09-9658-18b8da24c62c f8101421ba3143348b8d7ffa17102f62 ceebed2b1b5a453a8b79e04586d18a6b - - default default] Successfully bumped revision number for resource f5a2c9dc-6986-438d-83ed-9370327d072e (type: security_group_rules) to 0
2026-07-02 06:20:57.049 10 INFO neutron.db.segments_db [None req-9a9a73f6-6ded-4e09-9658-18b8da24c62c f8101421ba3143348b8d7ffa17102f62 ceebed2b1b5a453a8b79e04586d18a6b - - default default] Added segment 7a6e98cc-8b88-449e-be8f-74bcc5234ce9 of type geneve for network 6495f47e-ac49-47cf-a74b-d37adaba3491
2026-07-02 06:20:57.055 10 INFO neutron.wsgi [None req-7e29f04b-faf4-4c57-8060-e2dab8a5ab46 a6359f46f7b04456a334e13187247745 cdb6ac00377b4034a64b19b7e4adf838 - - default default] 10.0.0.54 "DELETE /v2.0/qos/policies/92ca1077-84a2-4f6f-a008-19a0a2d7b543 HTTP/1.1" status: 204 len: 168 time: 0.0498681
2026-07-02 06:20:57.153 9 INFO neutron.wsgi [None req-1267f36c-97b5-4a89-856b-22d51f112c15 a6359f46f7b04456a334e13187247745 cdb6ac00377b4034a64b19b7e4adf838 - - default default] 10.0.0.54 "DELETE /v2.0/qos/policies/639aeee8-0c42-416f-8f42-597a3e840f3b HTTP/1.1" status: 204 len: 168 time: 0.0869944
2026-07-02 06:20:57.225 10 INFO neutron.db.ovn_revision_numbers_db [None req-9a9a73f6-6ded-4e09-9658-18b8da24c62c f8101421ba3143348b8d7ffa17102f62 ceebed2b1b5a453a8b79e04586d18a6b - - default default] Successfully bumped revision number for resource 6495f47e-ac49-47cf-a74b-d37adaba3491 (type: networks) to 1
2026-07-02 06:20:57.407 10 WARNING neutron.scheduler.dhcp_agent_scheduler [None req-9a9a73f6-6ded-4e09-9658-18b8da24c62c f8101421ba3143348b8d7ffa17102f62 ceebed2b1b5a453a8b79e04586d18a6b - - default default] No more DHCP agents
2026-07-02 06:20:57.409 10 WARNING neutron.api.rpc.agentnotifiers.dhcp_rpc_agent_api [None req-9a9a73f6-6ded-4e09-9658-18b8da24c62c f8101421ba3143348b8d7ffa17102f62 ceebed2b1b5a453a8b79e04586d18a6b - - default default] Unable to schedule network 6495f47e-ac49-47cf-a74b-d37adaba3491: no agents available; will retry on subsequent port and subnet creation events.
2026-07-02 06:20:57.486 10 INFO neutron.db.ovn_revision_numbers_db [None req-9a9a73f6-6ded-4e09-9658-18b8da24c62c f8101421ba3143348b8d7ffa17102f62 ceebed2b1b5a453a8b79e04586d18a6b - - default default] Successfully bumped revision number for resource 0a3c452e-675a-438e-9230-0438e9915c5d (type: ports) to 1
2026-07-02 06:20:57.506 10 INFO neutron.wsgi [None req-9a9a73f6-6ded-4e09-9658-18b8da24c62c f8101421ba3143348b8d7ffa17102f62 ceebed2b1b5a453a8b79e04586d18a6b - - default default] 10.0.0.54 "POST /v2.0/networks HTTP/1.1" status: 201 len: 830 time: 0.7768240
2026-07-02 06:20:57.591 10 INFO neutron.db.segments_db [None req-e25752e8-3d1b-4abb-98b6-a5af29db7333 f8101421ba3143348b8d7ffa17102f62 ceebed2b1b5a453a8b79e04586d18a6b - - default default] Added segment eb927367-095d-46b6-af23-8e0aacdd1a0b of type geneve for network 154443d2-4c6f-4af3-a8f1-7092acc373ff
2026-07-02 06:20:57.726 10 INFO neutron.db.ovn_revision_numbers_db [None req-e25752e8-3d1b-4abb-98b6-a5af29db7333 f8101421ba3143348b8d7ffa17102f62 ceebed2b1b5a453a8b79e04586d18a6b - - default default] Successfully bumped revision number for resource 154443d2-4c6f-4af3-a8f1-7092acc373ff (type: networks) to 1
2026-07-02 06:20:57.890 10 INFO neutron.wsgi [None req-cfa8a762-43cc-448a-8dab-91280b2243f4 d49bbc498fb44934801760e04d946e50 a6d2ffa6fb014966b30cc01eac919e15 - - default default] 199.204.45.223 "GET /v2.0/extensions/security-group HTTP/1.1" status: 200 len: 369 time: 0.1923761
2026-07-02 06:20:57.902 10 INFO neutron.wsgi [None req-363749aa-dbfd-482a-acf9-3102af588e5e d49bbc498fb44934801760e04d946e50 a6d2ffa6fb014966b30cc01eac919e15 - - default default] 199.204.45.223 "GET /v2.0/extensions/dns-integration HTTP/1.1" status: 200 len: 371 time: 0.0039890
2026-07-02 06:20:57.911 10 INFO neutron.wsgi [None req-c8f78b1b-4ddf-4bee-bf4d-f860de54c692 d49bbc498fb44934801760e04d946e50 a6d2ffa6fb014966b30cc01eac919e15 - - default default] 199.204.45.223 "GET /v2.0/extensions/qos HTTP/1.1" status: 200 len: 365 time: 0.0048854
2026-07-02 06:20:57.921 10 INFO neutron.wsgi [None req-be30826a-dc00-492a-9127-fed9cfa1c53f d49bbc498fb44934801760e04d946e50 a6d2ffa6fb014966b30cc01eac919e15 - - default default] 199.204.45.223 "GET /v2.0/extensions/allowed-address-pairs HTTP/1.1" status: 200 len: 383 time: 0.0036900
2026-07-02 06:20:57.966 10 WARNING neutron.scheduler.dhcp_agent_scheduler [None req-e25752e8-3d1b-4abb-98b6-a5af29db7333 f8101421ba3143348b8d7ffa17102f62 ceebed2b1b5a453a8b79e04586d18a6b - - default default] No more DHCP agents
2026-07-02 06:20:57.972 10 WARNING neutron.api.rpc.agentnotifiers.dhcp_rpc_agent_api [None req-e25752e8-3d1b-4abb-98b6-a5af29db7333 f8101421ba3143348b8d7ffa17102f62 ceebed2b1b5a453a8b79e04586d18a6b - - default default] Unable to schedule network 154443d2-4c6f-4af3-a8f1-7092acc373ff: no agents available; will retry on subsequent port and subnet creation events.
2026-07-02 06:20:57.980 10 INFO neutron.wsgi [None req-85d50198-e249-44c6-a748-8fd6d63313ac d49bbc498fb44934801760e04d946e50 a6d2ffa6fb014966b30cc01eac919e15 - - default default] 199.204.45.223 "GET /v2.0/ports/fc03b7dc-bf6b-46bb-a786-f141a8df8ee5 HTTP/1.1" status: 200 len: 1328 time: 0.0460649
2026-07-02 06:20:58.063 10 INFO neutron.db.ovn_revision_numbers_db [None req-e25752e8-3d1b-4abb-98b6-a5af29db7333 f8101421ba3143348b8d7ffa17102f62 ceebed2b1b5a453a8b79e04586d18a6b - - default default] Successfully bumped revision number for resource 228eb272-d486-45ba-aa24-e2f957a80041 (type: ports) to 1
2026-07-02 06:20:58.092 10 INFO neutron.wsgi [None req-507cdeb7-49fd-4d3a-941e-a5e8595fcd70 d49bbc498fb44934801760e04d946e50 a6d2ffa6fb014966b30cc01eac919e15 - - default default] 199.204.45.223 "GET /v2.0/extensions/security-group HTTP/1.1" status: 200 len: 369 time: 0.0049727
2026-07-02 06:20:58.098 10 INFO neutron.wsgi [None req-e25752e8-3d1b-4abb-98b6-a5af29db7333 f8101421ba3143348b8d7ffa17102f62 ceebed2b1b5a453a8b79e04586d18a6b - - default default] 10.0.0.54 "POST /v2.0/networks HTTP/1.1" status: 201 len: 831 time: 0.5886776
2026-07-02 06:20:58.103 10 INFO neutron.wsgi [None req-8710aa2a-5988-4e96-ab48-d9fb4525b692 d49bbc498fb44934801760e04d946e50 a6d2ffa6fb014966b30cc01eac919e15 - - default default] 199.204.45.223 "GET /v2.0/extensions/dns-integration HTTP/1.1" status: 200 len: 371 time: 0.0071855
2026-07-02 06:20:58.115 10 INFO neutron.wsgi [None req-012a21e6-42b6-4664-8456-ee2d92ac1d87 d49bbc498fb44934801760e04d946e50 a6d2ffa6fb014966b30cc01eac919e15 - - default default] 199.204.45.223 "GET /v2.0/extensions/qos HTTP/1.1" status: 200 len: 365 time: 0.0042815
2026-07-02 06:20:58.129 10 INFO neutron.wsgi [None req-8905d4e9-7c2f-45e3-958d-7ffcc3828908 d49bbc498fb44934801760e04d946e50 a6d2ffa6fb014966b30cc01eac919e15 - - default default] 199.204.45.223 "GET /v2.0/extensions/allowed-address-pairs HTTP/1.1" status: 200 len: 383 time: 0.0035698
2026-07-02 06:20:58.131 10 INFO neutron.db.ovn_revision_numbers_db [None req-86abf431-6eaa-4e0d-be6d-5d9003591e67 d49bbc498fb44934801760e04d946e50 a6d2ffa6fb014966b30cc01eac919e15 - - default default] Successfully bumped revision number for resource 75f90b71-4233-45f4-8d0d-4d95123cc216 (type: security_groups) to 1
2026-07-02 06:20:58.167 10 INFO neutron.db.ovn_revision_numbers_db [None req-86abf431-6eaa-4e0d-be6d-5d9003591e67 d49bbc498fb44934801760e04d946e50 a6d2ffa6fb014966b30cc01eac919e15 - - default default] Successfully bumped revision number for resource 005d3325-7ff9-4ca7-a909-60f8e7adb2ad (type: security_group_rules) to 0
2026-07-02 06:20:58.170 10 INFO neutron.wsgi [None req-35007f8e-de20-49cc-bcc5-f5df32557fb2 f8101421ba3143348b8d7ffa17102f62 ceebed2b1b5a453a8b79e04586d18a6b - - default default] 10.0.0.54 "PUT /v2.0/networks/6495f47e-ac49-47cf-a74b-d37adaba3491/tags HTTP/1.1" status: 200 len: 218 time: 0.0647824
2026-07-02 06:20:58.172 10 INFO neutron.wsgi [None req-cb64cdfd-1598-47aa-8530-d6ed7ad9e0f3 d49bbc498fb44934801760e04d946e50 a6d2ffa6fb014966b30cc01eac919e15 - - default default] 199.204.45.223 "GET /v2.0/security-groups?name=lb-0f50ef55-890e-466b-b2ca-9eb570ee56ac HTTP/1.1" status: 200 len: 221 time: 0.0380318
2026-07-02 06:20:58.197 10 INFO neutron.db.ovn_revision_numbers_db [None req-86abf431-6eaa-4e0d-be6d-5d9003591e67 d49bbc498fb44934801760e04d946e50 a6d2ffa6fb014966b30cc01eac919e15 - - default default] Successfully bumped revision number for resource 087ef0b4-278f-4b32-8806-1d0e29a5f1f0 (type: security_group_rules) to 0
2026-07-02 06:20:58.222 10 INFO neutron.wsgi [None req-0c835077-c000-438b-91d1-c47a3da03538 f8101421ba3143348b8d7ffa17102f62 ceebed2b1b5a453a8b79e04586d18a6b - - default default] 10.0.0.54 "GET /v2.0/networks/6495f47e-ac49-47cf-a74b-d37adaba3491/tags HTTP/1.1" status: 200 len: 218 time: 0.0469627
2026-07-02 06:20:58.223 10 INFO neutron.db.ovn_revision_numbers_db [None req-86abf431-6eaa-4e0d-be6d-5d9003591e67 d49bbc498fb44934801760e04d946e50 a6d2ffa6fb014966b30cc01eac919e15 - - default default] Successfully bumped revision number for resource 3ec5d7ac-baf0-4823-9d02-d1d5f9105560 (type: security_group_rules) to 0
2026-07-02 06:20:58.250 10 INFO neutron.db.ovn_revision_numbers_db [None req-86abf431-6eaa-4e0d-be6d-5d9003591e67 d49bbc498fb44934801760e04d946e50 a6d2ffa6fb014966b30cc01eac919e15 - - default default] Successfully bumped revision number for resource fcf888a8-8790-4cfb-931e-b3f23713bcef (type: security_group_rules) to 0
2026-07-02 06:20:58.289 10 INFO neutron.wsgi [None req-86abf431-6eaa-4e0d-be6d-5d9003591e67 d49bbc498fb44934801760e04d946e50 a6d2ffa6fb014966b30cc01eac919e15 - - default default] 10.0.0.54 "GET /v2.0/security-groups?tenant_id=cdb6ac00377b4034a64b19b7e4adf838&name=default HTTP/1.1" status: 200 len: 2996 time: 0.3633289
2026-07-02 06:20:58.291 10 INFO neutron.wsgi [None req-afbc907d-4a4c-40dd-849a-c2560b970669 f8101421ba3143348b8d7ffa17102f62 ceebed2b1b5a453a8b79e04586d18a6b - - default default] 10.0.0.54 "PUT /v2.0/networks/154443d2-4c6f-4af3-a8f1-7092acc373ff/tags HTTP/1.1" status: 200 len: 210 time: 0.0652475
2026-07-02 06:20:58.346 10 INFO neutron.db.ovn_revision_numbers_db [None req-7f95b7dd-1c1a-4a92-aee1-87490b81699f d49bbc498fb44934801760e04d946e50 a6d2ffa6fb014966b30cc01eac919e15 - - default default] Successfully bumped revision number for resource 59261662-edc3-40ab-9808-944994d8ef14 (type: security_groups) to 1
2026-07-02 06:20:58.349 9 INFO neutron.wsgi [None req-86be90c2-1468-4212-ad71-30d600d65564 f8101421ba3143348b8d7ffa17102f62 ceebed2b1b5a453a8b79e04586d18a6b - - default default] 10.0.0.54 "GET /v2.0/networks/154443d2-4c6f-4af3-a8f1-7092acc373ff/tags HTTP/1.1" status: 200 len: 210 time: 0.0514190
2026-07-02 06:20:58.365 10 INFO neutron.db.ovn_revision_numbers_db [None req-7f95b7dd-1c1a-4a92-aee1-87490b81699f d49bbc498fb44934801760e04d946e50 a6d2ffa6fb014966b30cc01eac919e15 - - default default] Successfully bumped revision number for resource 5972134b-4ef3-4fdd-a204-b987d46fde50 (type: security_group_rules) to 0
2026-07-02 06:20:58.388 10 INFO neutron.db.ovn_revision_numbers_db [None req-7f95b7dd-1c1a-4a92-aee1-87490b81699f d49bbc498fb44934801760e04d946e50 a6d2ffa6fb014966b30cc01eac919e15 - - default default] Successfully bumped revision number for resource 803dff22-69f1-446d-890d-9a89052e4d53 (type: security_group_rules) to 0
2026-07-02 06:20:58.410 10 INFO neutron.wsgi [None req-7f95b7dd-1c1a-4a92-aee1-87490b81699f d49bbc498fb44934801760e04d946e50 a6d2ffa6fb014966b30cc01eac919e15 - - default default] 199.204.45.223 "POST /v2.0/security-groups HTTP/1.1" status: 201 len: 1777 time: 0.2285759
2026-07-02 06:20:58.414 9 INFO neutron.wsgi [None req-4d6d5a3f-47dd-42a8-abed-59aeeccd2453 f8101421ba3143348b8d7ffa17102f62 ceebed2b1b5a453a8b79e04586d18a6b - - default default] 10.0.0.54 "PUT /v2.0/networks/154443d2-4c6f-4af3-a8f1-7092acc373ff/tags HTTP/1.1" status: 200 len: 205 time: 0.0603647
2026-07-02 06:20:58.452 10 INFO neutron.wsgi [None req-80f6c1ad-614d-4b85-8d47-959a44e43d41 d49bbc498fb44934801760e04d946e50 a6d2ffa6fb014966b30cc01eac919e15 - - default default] 199.204.45.223 "GET /v2.0/security-group-rules?security_group_id=59261662-edc3-40ab-9808-944994d8ef14 HTTP/1.1" status: 200 len: 1318 time: 0.0339398
2026-07-02 06:20:58.468 9 INFO neutron.wsgi [None req-c3714faa-a9a4-4819-bc5f-1ee2cd76a15d f8101421ba3143348b8d7ffa17102f62 ceebed2b1b5a453a8b79e04586d18a6b - - default default] 10.0.0.54 "GET /v2.0/networks/154443d2-4c6f-4af3-a8f1-7092acc373ff/tags HTTP/1.1" status: 200 len: 205 time: 0.0499728
2026-07-02 06:20:58.534 9 INFO neutron.wsgi [None req-8254b0c9-2338-402f-9ec5-729a479d2ca1 f8101421ba3143348b8d7ffa17102f62 ceebed2b1b5a453a8b79e04586d18a6b - - default default] 10.0.0.54 "GET /v2.0/networks/6495f47e-ac49-47cf-a74b-d37adaba3491/tags HTTP/1.1" status: 200 len: 218 time: 0.0617175
2026-07-02 06:20:58.585 10 INFO neutron.wsgi [None req-e3c435e2-19d8-4bfb-bc19-9b09b318102a d49bbc498fb44934801760e04d946e50 a6d2ffa6fb014966b30cc01eac919e15 - - default default] 10.0.0.54 "DELETE /v2.0/security-groups/75f90b71-4233-45f4-8d0d-4d95123cc216 HTTP/1.1" status: 204 len: 168 time: 0.2901795
2026-07-02 06:20:58.819 9 INFO neutron.db.ovn_revision_numbers_db [None req-c10c37d4-75b2-44f0-8fa0-a4bbb0e43d1d d49bbc498fb44934801760e04d946e50 a6d2ffa6fb014966b30cc01eac919e15 - - default default] Successfully bumped revision number for resource 1288eaa2-ff5a-4eea-9f21-71775f00fbf0 (type: security_groups) to 1
2026-07-02 06:20:58.841 10 INFO neutron.db.ovn_revision_numbers_db [None req-a34a17b4-76c6-43f1-8d0b-af3707406d06 d49bbc498fb44934801760e04d946e50 a6d2ffa6fb014966b30cc01eac919e15 - - default default] Successfully bumped revision number for resource fc03b7dc-bf6b-46bb-a786-f141a8df8ee5 (type: ports) to 2
2026-07-02 06:20:58.847 10 INFO neutron.wsgi [None req-a34a17b4-76c6-43f1-8d0b-af3707406d06 d49bbc498fb44934801760e04d946e50 a6d2ffa6fb014966b30cc01eac919e15 - - default default] 199.204.45.223 "PUT /v2.0/ports/fc03b7dc-bf6b-46bb-a786-f141a8df8ee5 HTTP/1.1" status: 200 len: 1328 time: 0.3911126
2026-07-02 06:20:58.848 9 INFO neutron.db.ovn_revision_numbers_db [None req-c10c37d4-75b2-44f0-8fa0-a4bbb0e43d1d d49bbc498fb44934801760e04d946e50 a6d2ffa6fb014966b30cc01eac919e15 - - default default] Successfully bumped revision number for resource 03a2bade-bd88-449d-8014-e6a16aa9b6e4 (type: security_group_rules) to 0 /var/lib/openstack/lib/python3.10/site-packages/pycadf/identifier.py:71: UserWarning: Invalid uuid: neutron. To ensure interoperability, identifiers should be a valid uuid. warnings.warn(('Invalid uuid: %s. To ensure interoperability, '
2026-07-02 06:20:58.872 10 INFO neutron.wsgi [None req-3f697546-0005-4879-9dfe-380ebefbbe0f d49bbc498fb44934801760e04d946e50 a6d2ffa6fb014966b30cc01eac919e15 - - default default] 199.204.45.223 "GET /v2.0/extensions/security-group HTTP/1.1" status: 200 len: 369 time: 0.0075409
2026-07-02 06:20:58.872 9 INFO neutron.db.ovn_revision_numbers_db [None req-c10c37d4-75b2-44f0-8fa0-a4bbb0e43d1d d49bbc498fb44934801760e04d946e50 a6d2ffa6fb014966b30cc01eac919e15 - - default default] Successfully bumped revision number for resource 512a568f-f654-4f5c-96f0-bd0f77b7822a (type: security_group_rules) to 0
2026-07-02 06:20:58.882 10 INFO neutron.wsgi [None req-ecd4fa54-8433-43c6-ac75-f93e0929ecaa d49bbc498fb44934801760e04d946e50 a6d2ffa6fb014966b30cc01eac919e15 - - default default] 199.204.45.223 "GET /v2.0/extensions/dns-integration HTTP/1.1" status: 200 len: 371 time: 0.0045733
2026-07-02 06:20:58.888 9 INFO neutron.db.ovn_revision_numbers_db [None req-c10c37d4-75b2-44f0-8fa0-a4bbb0e43d1d d49bbc498fb44934801760e04d946e50 a6d2ffa6fb014966b30cc01eac919e15 - - default default] Successfully bumped revision number for resource 5dfb714b-813e-46e3-8ede-9eb78ea6f6d1 (type: security_group_rules) to 0
2026-07-02 06:20:58.891 10 INFO neutron.wsgi [None req-d0fe7948-e05e-475e-ad6d-29fd98da29ac d49bbc498fb44934801760e04d946e50 a6d2ffa6fb014966b30cc01eac919e15 - - default default] 199.204.45.223 "GET /v2.0/extensions/qos HTTP/1.1" status: 200 len: 365 time: 0.0043240
2026-07-02 06:20:58.902 10 INFO neutron.wsgi [None req-06135895-f048-42c3-bc3f-ef26ddc36e12 d49bbc498fb44934801760e04d946e50 a6d2ffa6fb014966b30cc01eac919e15 - - default default] 199.204.45.223 "GET /v2.0/extensions/allowed-address-pairs HTTP/1.1" status: 200 len: 383 time: 0.0053537
2026-07-02 06:20:58.922 9 INFO neutron.services.segments.plugin [-] Segment 7a6e98cc-8b88-449e-be8f-74bcc5234ce9 resource provider aggregate not found
2026-07-02 06:20:58.930 9 INFO neutron.services.segments.plugin [-] Segment 7a6e98cc-8b88-449e-be8f-74bcc5234ce9 resource provider aggregate not found
2026-07-02 06:20:58.935 9 INFO neutron.db.ovn_revision_numbers_db [None req-c10c37d4-75b2-44f0-8fa0-a4bbb0e43d1d d49bbc498fb44934801760e04d946e50 a6d2ffa6fb014966b30cc01eac919e15 - - default default] Successfully bumped revision number for resource fa4b6931-2600-46fb-bfb8-19e5f114fa87 (type: security_group_rules) to 0
2026-07-02 06:20:58.941 9 INFO neutron.services.segments.plugin [-] Segment 7a6e98cc-8b88-449e-be8f-74bcc5234ce9 resource provider not found; error: Placement Client Error (4xx): {"errors": [{"status": 404, "title": "Not Found", "detail": "The resource could not be found.\n\n No resource provider with uuid 7a6e98cc-8b88-449e-be8f-74bcc5234ce9 found for delete ", "request_id": "req-4358b410-93e3-4c74-a1ef-0d9015f50f83"}]}
2026-07-02 06:20:58.949 10 INFO neutron.wsgi [None req-31bee901-c6be-45b2-b9d1-5594e2ddfef2 d49bbc498fb44934801760e04d946e50 a6d2ffa6fb014966b30cc01eac919e15 - - default default] 199.204.45.223 "GET /v2.0/subnets/07cf9671-e395-451a-943d-bf3e248fc38f HTTP/1.1" status: 200 len: 850 time: 0.0407786
2026-07-02 06:20:58.955 9 INFO neutron.services.segments.plugin [-] Segment 7a6e98cc-8b88-449e-be8f-74bcc5234ce9 resource provider not found; error: Placement Client Error (4xx): {"errors": [{"status": 404, "title": "Not Found", "detail": "The resource could not be found.\n\n No resource provider with uuid 7a6e98cc-8b88-449e-be8f-74bcc5234ce9 found for delete ", "request_id": "req-43f840d0-e36a-44cb-baef-29f4b4e555ad"}]}
2026-07-02 06:20:58.957 9 INFO neutron.wsgi [None req-c10c37d4-75b2-44f0-8fa0-a4bbb0e43d1d d49bbc498fb44934801760e04d946e50 a6d2ffa6fb014966b30cc01eac919e15 - - default default] 10.0.0.54 "GET /v2.0/security-groups?tenant_id=ed6f88cf7bb44b78b1d9db25d962059a&name=default HTTP/1.1" status: 200 len: 2996 time: 0.2810202
2026-07-02 06:20:58.972 9 INFO neutron.wsgi [None req-2d9c7d4b-e90a-48c8-9319-df13f0d05659 f8101421ba3143348b8d7ffa17102f62 ceebed2b1b5a453a8b79e04586d18a6b - - default default] 10.0.0.54 "DELETE /v2.0/networks/6495f47e-ac49-47cf-a74b-d37adaba3491 HTTP/1.1" status: 204 len: 168 time: 0.4250791
2026-07-02 06:20:58.974 10 INFO neutron.wsgi [-] 10.0.0.13 "GET / HTTP/1.1" status: 200 len: 247 time: 0.0025635
2026-07-02 06:20:58.977 10 INFO neutron.wsgi [-] 10.0.0.13 "GET / HTTP/1.1" status: 200 len: 247 time: 0.0019591
2026-07-02 06:20:59.160 9 INFO neutron.wsgi [None req-8e536388-13ae-4c47-8b37-de6d775eac42 d49bbc498fb44934801760e04d946e50 a6d2ffa6fb014966b30cc01eac919e15 - - default default] 10.0.0.54 "DELETE /v2.0/security-groups/1288eaa2-ff5a-4eea-9f21-71775f00fbf0 HTTP/1.1" status: 204 len: 168 time: 0.1973605
2026-07-02 06:20:59.321 10 INFO neutron.services.segments.plugin [-] Segment eb927367-095d-46b6-af23-8e0aacdd1a0b resource provider aggregate not found
2026-07-02 06:20:59.326 10 INFO neutron.services.segments.plugin [-] Segment eb927367-095d-46b6-af23-8e0aacdd1a0b resource provider aggregate not found
2026-07-02 06:20:59.342 10 INFO neutron.services.segments.plugin [-] Segment eb927367-095d-46b6-af23-8e0aacdd1a0b resource provider not found; error: Placement Client Error (4xx): {"errors": [{"status": 404, "title": "Not Found", "detail": "The resource could not be found.\n\n No resource provider with uuid eb927367-095d-46b6-af23-8e0aacdd1a0b found for delete ", "request_id": "req-22287205-7aac-48ad-b771-4ac196425d41"}]}
2026-07-02 06:20:59.345 10 INFO neutron.services.segments.plugin [-] Segment eb927367-095d-46b6-af23-8e0aacdd1a0b resource provider not found; error: Placement Client Error (4xx): {"errors": [{"status": 404, "title": "Not Found", "detail": "The resource could not be found.\n\n No resource provider with uuid eb927367-095d-46b6-af23-8e0aacdd1a0b found for delete ", "request_id": "req-44f4ef63-7539-4203-abc7-a145a33e75fd"}]}
2026-07-02 06:20:59.367 10 INFO neutron.wsgi [None req-bfb0ac0d-ac4a-4c5c-b3f3-6afa731e23c2 f8101421ba3143348b8d7ffa17102f62 ceebed2b1b5a453a8b79e04586d18a6b - - default default] 10.0.0.54 "DELETE /v2.0/networks/154443d2-4c6f-4af3-a8f1-7092acc373ff HTTP/1.1" status: 204 len: 168 time: 0.3893464
2026-07-02 06:20:59.426 10 INFO neutron.db.ovn_revision_numbers_db [None req-733de9da-8132-4f17-89d8-59ef3614e5d5 d49bbc498fb44934801760e04d946e50 a6d2ffa6fb014966b30cc01eac919e15 - - default default] Successfully bumped revision number for resource 63bfc882-8318-48cd-ba26-4051f3b74890 (type: security_groups) to 1
2026-07-02 06:20:59.444 10 INFO neutron.db.ovn_revision_numbers_db [None req-733de9da-8132-4f17-89d8-59ef3614e5d5 d49bbc498fb44934801760e04d946e50 a6d2ffa6fb014966b30cc01eac919e15 - - default default] Successfully bumped revision number for resource 488c96d9-dc0c-4ac1-98d3-968ea00817e4 (type: security_group_rules) to 0
2026-07-02 06:20:59.458 10 INFO neutron.db.ovn_revision_numbers_db [None req-733de9da-8132-4f17-89d8-59ef3614e5d5 d49bbc498fb44934801760e04d946e50 a6d2ffa6fb014966b30cc01eac919e15 - - default default] Successfully bumped revision number for resource a9ebcd97-9773-4413-bcb6-4d433d69301d (type: security_group_rules) to 0
2026-07-02 06:20:59.476 10 INFO neutron.db.ovn_revision_numbers_db [None req-733de9da-8132-4f17-89d8-59ef3614e5d5 d49bbc498fb44934801760e04d946e50 a6d2ffa6fb014966b30cc01eac919e15 - - default default] Successfully bumped revision number for resource b9377fc8-df13-41ab-84f8-98e7007e00f7 (type: security_group_rules) to 0
2026-07-02 06:20:59.489 10 INFO neutron.db.ovn_revision_numbers_db [None req-733de9da-8132-4f17-89d8-59ef3614e5d5 d49bbc498fb44934801760e04d946e50 a6d2ffa6fb014966b30cc01eac919e15 - - default default] Successfully bumped revision number for resource bfe19cd4-42cf-4156-b930-3f7b13464d5e (type: security_group_rules) to 0
2026-07-02 06:20:59.512 10 INFO neutron.wsgi [None req-733de9da-8132-4f17-89d8-59ef3614e5d5 d49bbc498fb44934801760e04d946e50 a6d2ffa6fb014966b30cc01eac919e15 - - default default] 10.0.0.54 "GET /v2.0/security-groups?tenant_id=5ce17a3e9f27446e890b231c2a41f349&name=default HTTP/1.1" status: 200 len: 2996 time: 0.2247431
2026-07-02 06:20:59.754 10 INFO neutron.wsgi [None req-c1390b73-f60a-43eb-8be8-a40d662faa6a d49bbc498fb44934801760e04d946e50 a6d2ffa6fb014966b30cc01eac919e15 - - default default] 10.0.0.54 "DELETE /v2.0/security-groups/63bfc882-8318-48cd-ba26-4051f3b74890 HTTP/1.1" status: 204 len: 168 time: 0.2364769
2026-07-02 06:21:00.254 9 INFO neutron.db.ovn_revision_numbers_db [None req-264d79c4-5c06-4d16-bf28-3245065327e3 d49bbc498fb44934801760e04d946e50 a6d2ffa6fb014966b30cc01eac919e15 - - default default] Successfully bumped revision number for resource 669749c7-79d6-4764-bb3d-857603c0ab23 (type: security_groups) to 1
2026-07-02 06:21:00.275 9 INFO neutron.db.ovn_revision_numbers_db [None req-264d79c4-5c06-4d16-bf28-3245065327e3 d49bbc498fb44934801760e04d946e50 a6d2ffa6fb014966b30cc01eac919e15 - - default default] Successfully bumped revision number for resource 379790b2-1f9e-4177-9416-163b954abd80 (type: security_group_rules) to 0
2026-07-02 06:21:00.289 9 INFO neutron.db.ovn_revision_numbers_db [None req-264d79c4-5c06-4d16-bf28-3245065327e3 d49bbc498fb44934801760e04d946e50 a6d2ffa6fb014966b30cc01eac919e15 - - default default] Successfully bumped revision number for resource 73ef9ebf-824a-4ba7-b8d3-14ccd1a0bf0f (type: security_group_rules) to 0
2026-07-02 06:21:00.303 9 INFO neutron.db.ovn_revision_numbers_db [None req-264d79c4-5c06-4d16-bf28-3245065327e3 d49bbc498fb44934801760e04d946e50 a6d2ffa6fb014966b30cc01eac919e15 - - default default] Successfully bumped revision number for resource b5e58c78-7a21-4c75-88c1-335d92ee7b43 (type: security_group_rules) to 0
2026-07-02 06:21:00.317 9 INFO neutron.db.ovn_revision_numbers_db [None req-264d79c4-5c06-4d16-bf28-3245065327e3 d49bbc498fb44934801760e04d946e50 a6d2ffa6fb014966b30cc01eac919e15 - - default default] Successfully bumped revision number for resource c64c7237-8943-48b7-8528-378e08e43424 (type: security_group_rules) to 0
2026-07-02 06:21:00.339 9 INFO neutron.wsgi [None req-264d79c4-5c06-4d16-bf28-3245065327e3 d49bbc498fb44934801760e04d946e50 a6d2ffa6fb014966b30cc01eac919e15 - - default default] 10.0.0.54 "GET /v2.0/security-groups?tenant_id=1ace60cb46874b2499f343278d88f610&name=default HTTP/1.1" status: 200 len: 2996 time: 0.3145959
2026-07-02 06:21:00.570 9 INFO neutron.wsgi [None req-70f2daf3-22e5-40fa-9b79-82328342601d d49bbc498fb44934801760e04d946e50 a6d2ffa6fb014966b30cc01eac919e15 - - default default] 10.0.0.54 "DELETE /v2.0/security-groups/669749c7-79d6-4764-bb3d-857603c0ab23 HTTP/1.1" status: 204 len: 168 time: 0.2254245
2026-07-02 06:21:00.689 9 INFO neutron.wsgi [None req-b1b966a5-8eea-4f15-8452-f53cd5ea061a d49bbc498fb44934801760e04d946e50 a6d2ffa6fb014966b30cc01eac919e15 - - default default] 10.0.0.54 "GET /v2.0/security-groups?tenant_id=ceebed2b1b5a453a8b79e04586d18a6b&name=default HTTP/1.1" status: 200 len: 2996 time: 0.0332079
2026-07-02 06:21:00.876 9 INFO neutron.wsgi [None req-862db678-1e4a-4ff3-8fc2-7dd666fc3eae d49bbc498fb44934801760e04d946e50 a6d2ffa6fb014966b30cc01eac919e15 - - default default] 10.0.0.54 "DELETE /v2.0/security-groups/1a45f8a4-c082-41a7-93f7-8755ca859f86 HTTP/1.1" status: 204 len: 168 time: 0.1831086
2026-07-02 06:21:04.480 10 INFO neutron.db.ovn_revision_numbers_db [None req-29034c99-050c-41ba-8bf8-5c24cba4ee4e 60ce3644e1974be6908efccec0b9c367 50bfbc0693734145b56c59e8abf127aa - - default default] Successfully bumped revision number for resource 4b0f0deb-29ff-4a60-a052-18beec573e2d (type: routers) to 1
2026-07-02 06:21:04.496 10 INFO neutron.wsgi [None req-29034c99-050c-41ba-8bf8-5c24cba4ee4e 60ce3644e1974be6908efccec0b9c367 50bfbc0693734145b56c59e8abf127aa - - default default] 10.0.0.54 "POST /v2.0/routers HTTP/1.1" status: 201 len: 654 time: 0.2687502
2026-07-02 06:21:04.678 10 INFO neutron.db.ovn_revision_numbers_db [None req-1410f9b2-201b-4561-ba08-c1729778516c 60ce3644e1974be6908efccec0b9c367 50bfbc0693734145b56c59e8abf127aa - - default default] Successfully bumped revision number for resource 68921494-775e-44ea-88a3-f51e9bffbfd5 (type: routers) to 1
2026-07-02 06:21:04.696 10 INFO neutron.wsgi [None req-1410f9b2-201b-4561-ba08-c1729778516c 60ce3644e1974be6908efccec0b9c367 50bfbc0693734145b56c59e8abf127aa - - default default] 10.0.0.54 "POST /v2.0/routers HTTP/1.1" status: 201 len: 654 time: 0.1937304
2026-07-02 06:21:04.848 10 INFO neutron.db.ovn_revision_numbers_db [None req-7d29ffe0-ffa7-4178-a8a8-64ea5fb4fa22 60ce3644e1974be6908efccec0b9c367 50bfbc0693734145b56c59e8abf127aa - - default default] Successfully bumped revision number for resource a552bb12-7d0b-4841-997c-13f4daaa305b (type: routers) to 1
2026-07-02 06:21:04.862 10 INFO neutron.wsgi [None req-7d29ffe0-ffa7-4178-a8a8-64ea5fb4fa22 60ce3644e1974be6908efccec0b9c367 50bfbc0693734145b56c59e8abf127aa - - default default] 10.0.0.54 "POST /v2.0/routers HTTP/1.1" status: 201 len: 654 time: 0.1621213
2026-07-02 06:21:04.941 9 INFO neutron.wsgi [None req-ecf24c82-557a-4106-b559-68d4439b0922 d49bbc498fb44934801760e04d946e50 a6d2ffa6fb014966b30cc01eac919e15 - - default default] 10.0.0.73 "GET /v2.0/subnets HTTP/1.1" status: 200 len: 5495 time: 0.1047392
2026-07-02 06:21:05.006 9 INFO neutron.wsgi [None req-ec1bca46-6fb0-4ff9-aba4-793bfee8fc05 d49bbc498fb44934801760e04d946e50 a6d2ffa6fb014966b30cc01eac919e15 - - default default] 10.0.0.73 "GET /v2.0/floatingips HTTP/1.1" status: 200 len: 1877 time: 0.0627937
2026-07-02 06:21:05.029 10 INFO neutron.db.ovn_revision_numbers_db [None req-b8dc760b-185e-4c09-850a-0eedb4b8a27c 60ce3644e1974be6908efccec0b9c367 50bfbc0693734145b56c59e8abf127aa - - default default] Successfully bumped revision number for resource 8ac9a870-d9ac-4e17-b35b-d9d28df8d20e (type: routers) to 1
2026-07-02 06:21:05.049 10 INFO neutron.wsgi [None req-b8dc760b-185e-4c09-850a-0eedb4b8a27c 60ce3644e1974be6908efccec0b9c367 50bfbc0693734145b56c59e8abf127aa - - default default] 10.0.0.54 "POST /v2.0/routers HTTP/1.1" status: 201 len: 654 time: 0.1827726
