+ COMMAND=start + start + for KEYSTONE_WSGI_SCRIPT in keystone-wsgi-public ++ type -p keystone-wsgi-public + cp -a /var/lib/openstack/bin/keystone-wsgi-public /var/www/cgi-bin/keystone/ + '[' -f /etc/apache2/envvars ']' + source /etc/apache2/envvars ++ unset HOME ++ '[' '' '!=' '' ']' ++ SUFFIX= ++ export APACHE_RUN_USER=www-data ++ APACHE_RUN_USER=www-data ++ export APACHE_RUN_GROUP=www-data ++ APACHE_RUN_GROUP=www-data ++ export APACHE_PID_FILE=/var/run/apache2/apache2.pid ++ APACHE_PID_FILE=/var/run/apache2/apache2.pid ++ export APACHE_RUN_DIR=/var/run/apache2 ++ APACHE_RUN_DIR=/var/run/apache2 ++ export APACHE_LOCK_DIR=/var/lock/apache2 ++ APACHE_LOCK_DIR=/var/lock/apache2 ++ export APACHE_LOG_DIR=/var/log/apache2 ++ APACHE_LOG_DIR=/var/log/apache2 ++ export LANG=C ++ LANG=C ++ export LANG + '[' -f /var/run/apache2/apache2.pid ']' + exec apache2 -DFOREGROUND AH00558: apache2: Could not reliably determine the server's fully qualified domain name, using 10.0.0.199. Set the 'ServerName' directive globally to suppress this message AH00558: apache2: Could not reliably determine the server's fully qualified domain name, using 10.0.0.199. Set the 'ServerName' directive globally to suppress this message
[Sat Apr 11 02:23:11.148224 2026] [mpm_event:notice] [pid 1:tid 139987255129984] AH00489: Apache/2.4.58 (Ubuntu) mod_wsgi/5.0.0 Python/3.12 configured -- resuming normal operations
[Sat Apr 11 02:23:11.148348 2026] [core:notice] [pid 1:tid 139987255129984] AH00094: Command line: 'apache2 -D FOREGROUND'
[Sat Apr 11 02:24:10.649573 2026] [wsgi:error] [pid 12:tid 139986618357440] /var/lib/openstack/lib/python3.12/site-packages/oslo_utils/importutils.py:77: EventletDeprecationWarning:
[Sat Apr 11 02:24:10.649622 2026] [wsgi:error] [pid 12:tid 139986618357440] Eventlet is deprecated. It is currently being maintained in bugfix mode, and
[Sat Apr 11 02:24:10.649624 2026] [wsgi:error] [pid 12:tid 139986618357440] we strongly recommend against using it for new projects.
[Sat Apr 11 02:24:10.649625 2026] [wsgi:error] [pid 12:tid 139986618357440]
[Sat Apr 11 02:24:10.649626 2026] [wsgi:error] [pid 12:tid 139986618357440] If you are already using Eventlet, we recommend migrating to a different
[Sat Apr 11 02:24:10.649627 2026] [wsgi:error] [pid 12:tid 139986618357440] framework. For more detail see
[Sat Apr 11 02:24:10.649628 2026] [wsgi:error] [pid 12:tid 139986618357440] https://eventlet.readthedocs.io/en/latest/asyncio/migration.html
[Sat Apr 11 02:24:10.649630 2026] [wsgi:error] [pid 12:tid 139986618357440]
[Sat Apr 11 02:24:10.649631 2026] [wsgi:error] [pid 12:tid 139986618357440] __import__(import_str)
[Sat Apr 11 02:24:10.665942 2026] [wsgi:error] [pid 11:tid 139986618357440] /var/lib/openstack/lib/python3.12/site-packages/oslo_utils/importutils.py:77: EventletDeprecationWarning:
[Sat Apr 11 02:24:10.666008 2026] [wsgi:error] [pid 11:tid 139986618357440] Eventlet is deprecated. It is currently being maintained in bugfix mode, and
[Sat Apr 11 02:24:10.666010 2026] [wsgi:error] [pid 11:tid 139986618357440] we strongly recommend against using it for new projects.
[Sat Apr 11 02:24:10.666011 2026] [wsgi:error] [pid 11:tid 139986618357440]
[Sat Apr 11 02:24:10.666012 2026] [wsgi:error] [pid 11:tid 139986618357440] If you are already using Eventlet, we recommend migrating to a different
[Sat Apr 11 02:24:10.666013 2026] [wsgi:error] [pid 11:tid 139986618357440] framework. For more detail see
[Sat Apr 11 02:24:10.666015 2026] [wsgi:error] [pid 11:tid 139986618357440] https://eventlet.readthedocs.io/en/latest/asyncio/migration.html
[Sat Apr 11 02:24:10.666016 2026] [wsgi:error] [pid 11:tid 139986618357440]
[Sat Apr 11 02:24:10.666017 2026] [wsgi:error] [pid 11:tid 139986618357440] __import__(import_str) 10.0.0.247 - - [11/Apr/2026:02:24:09 +0000] "GET /v3/ HTTP/1.1" 200 250 10.0.0.247 - - [11/Apr/2026:02:24:09 +0000] "GET /v3/ HTTP/1.1" 200 250
[Sat Apr 11 02:24:23.812465 2026] [wsgi:error] [pid 9:tid 139986618357440] /var/lib/openstack/lib/python3.12/site-packages/oslo_utils/importutils.py:77: EventletDeprecationWarning:
[Sat Apr 11 02:24:23.812622 2026] [wsgi:error] [pid 9:tid 139986618357440] Eventlet is deprecated. It is currently being maintained in bugfix mode, and
[Sat Apr 11 02:24:23.812636 2026] [wsgi:error] [pid 9:tid 139986618357440] we strongly recommend against using it for new projects.
[Sat Apr 11 02:24:23.812648 2026] [wsgi:error] [pid 9:tid 139986618357440]
[Sat Apr 11 02:24:23.812657 2026] [wsgi:error] [pid 9:tid 139986618357440] If you are already using Eventlet, we recommend migrating to a different
[Sat Apr 11 02:24:23.812671 2026] [wsgi:error] [pid 9:tid 139986618357440] framework. For more detail see
[Sat Apr 11 02:24:23.812693 2026] [wsgi:error] [pid 9:tid 139986618357440] https://eventlet.readthedocs.io/en/latest/asyncio/migration.html
[Sat Apr 11 02:24:23.812707 2026] [wsgi:error] [pid 9:tid 139986618357440]
[Sat Apr 11 02:24:23.812721 2026] [wsgi:error] [pid 9:tid 139986618357440] __import__(import_str) 10.0.0.217 - - [11/Apr/2026:02:24:22 +0000] "GET / HTTP/1.1" 300 295
[Sat Apr 11 02:24:29.368011 2026] [wsgi:error] [pid 10:tid 139986618357440] /var/lib/openstack/lib/python3.12/site-packages/oslo_utils/importutils.py:77: EventletDeprecationWarning:
[Sat Apr 11 02:24:29.368074 2026] [wsgi:error] [pid 10:tid 139986618357440] Eventlet is deprecated. It is currently being maintained in bugfix mode, and
[Sat Apr 11 02:24:29.368076 2026] [wsgi:error] [pid 10:tid 139986618357440] we strongly recommend against using it for new projects.
[Sat Apr 11 02:24:29.368077 2026] [wsgi:error] [pid 10:tid 139986618357440]
[Sat Apr 11 02:24:29.368078 2026] [wsgi:error] [pid 10:tid 139986618357440] If you are already using Eventlet, we recommend migrating to a different
[Sat Apr 11 02:24:29.368080 2026] [wsgi:error] [pid 10:tid 139986618357440] framework. For more detail see
[Sat Apr 11 02:24:29.368081 2026] [wsgi:error] [pid 10:tid 139986618357440] https://eventlet.readthedocs.io/en/latest/asyncio/migration.html
[Sat Apr 11 02:24:29.368082 2026] [wsgi:error] [pid 10:tid 139986618357440]
[Sat Apr 11 02:24:29.368083 2026] [wsgi:error] [pid 10:tid 139986618357440] __import__(import_str)
[Sat Apr 11 02:24:34.185761 2026] [wsgi:error] [pid 10:tid 139986618357440] [remote 10.0.0.217:51270] 2026-04-11 02:24:34.182 10 WARNING keystone.identity.core [None req-0407638c-e934-4892-a417-29237da058a6 - - - - - -] Invalid domain name (atmosphere) found in config file name: keystone.exception.DomainNotFound: Could not find domain: atmosphere.
[Sat Apr 11 02:24:34.240197 2026] [wsgi:error] [pid 10:tid 139986618357440] [remote 10.0.0.217:51270] 2026-04-11 02:24:34.239 10 WARNING keystone.common.password_hashing [None req-0407638c-e934-4892-a417-29237da058a6 - - - - - -] Truncating password to algorithm specific maximum length 72 characters.
[Sat Apr 11 02:24:34.525705 2026] [wsgi:error] [pid 10:tid 139986618357440] [remote 10.0.0.217:51270] 2026-04-11 02:24:34.525 10 WARNING keystone.common.fernet_utils [None req-0407638c-e934-4892-a417-29237da058a6 - - - - - -] key_repository is world readable: /etc/keystone/fernet-keys/ 10.0.0.217 - - [11/Apr/2026:02:24:28 +0000] "POST /v3/auth/tokens HTTP/1.1" 201 1360
[Sat Apr 11 02:24:34.881265 2026] [wsgi:error] [pid 12:tid 139986618357440] [remote 10.0.0.217:51270] 2026-04-11 02:24:34.876 12 WARNING keystone.identity.core [None req-e3169239-ad45-4726-8d13-6e7f530278b9 - - - - - -] Invalid domain name (atmosphere) found in config file name: keystone.exception.DomainNotFound: Could not find domain: atmosphere. 10.0.0.217 - - [11/Apr/2026:02:24:34 +0000] "POST /v3/domains HTTP/1.1" 201 261 10.0.0.162 - - [11/Apr/2026:02:24:45 +0000] "GET / HTTP/1.1" 300 295
[Sat Apr 11 02:24:45.415164 2026] [wsgi:error] [pid 9:tid 139986618357440] [remote 10.0.0.162:43112] 2026-04-11 02:24:45.414 9 WARNING keystone.common.password_hashing [None req-2b4562a8-6f38-4f9b-a964-4a3f84cf184b - - - - - -] Truncating password to algorithm specific maximum length 72 characters.
[Sat Apr 11 02:24:45.687868 2026] [wsgi:error] [pid 9:tid 139986618357440] [remote 10.0.0.162:43112] 2026-04-11 02:24:45.687 9 WARNING keystone.common.fernet_utils [None req-2b4562a8-6f38-4f9b-a964-4a3f84cf184b - - - - - -] key_repository is world readable: /etc/keystone/fernet-keys/ 10.0.0.162 - - [11/Apr/2026:02:24:45 +0000] "POST /v3/auth/tokens HTTP/1.1" 201 1360 10.0.0.162 - - [11/Apr/2026:02:24:45 +0000] "GET /v3/roles/admin HTTP/1.1" 404 83
[Sat Apr 11 02:24:45.913461 2026] [wsgi:error] [pid 12:tid 139986618357440] [remote 10.0.0.162:43112] 2026-04-11 02:24:45.912 12 WARNING keystone.common.rbac_enforcer.enforcer [None req-e691f744-9670-4879-8312-be19be253997 af552f8877cf4185aaeb568997b1f2d7 188819c17397462f83853882613c684b - - default default] Deprecated policy rules found. Use oslopolicy-policy-generator and oslopolicy-policy-upgrade to detect and resolve deprecated policies in your configuration. 10.0.0.162 - - [11/Apr/2026:02:24:45 +0000] "GET /v3/roles?name=admin HTTP/1.1" 200 389
[Sat Apr 11 02:24:46.264303 2026] [wsgi:error] [pid 11:tid 139986618357440] [remote 10.0.0.162:43112] 2026-04-11 02:24:46.264 11 WARNING keystone.common.rbac_enforcer.enforcer [None req-9426e6ac-66a0-4ea6-abdb-a38faa4dd534 af552f8877cf4185aaeb568997b1f2d7 188819c17397462f83853882613c684b - - default default] Deprecated policy rules found. Use oslopolicy-policy-generator and oslopolicy-policy-upgrade to detect and resolve deprecated policies in your configuration. 10.0.0.162 - - [11/Apr/2026:02:24:45 +0000] "GET /v3/users/admin-RegionOne HTTP/1.1" 404 93
[Sat Apr 11 02:24:46.446344 2026] [wsgi:error] [pid 9:tid 139986618357440] [remote 10.0.0.162:43112] 2026-04-11 02:24:46.446 9 WARNING keystone.common.rbac_enforcer.enforcer [None req-47f257d5-3282-4708-b6a4-b85e30e48766 af552f8877cf4185aaeb568997b1f2d7 188819c17397462f83853882613c684b - - default default] Deprecated policy rules found. Use oslopolicy-policy-generator and oslopolicy-policy-upgrade to detect and resolve deprecated policies in your configuration. 10.0.0.162 - - [11/Apr/2026:02:24:46 +0000] "GET /v3/users?name=admin-RegionOne HTTP/1.1" 200 422
[Sat Apr 11 02:24:46.717157 2026] [wsgi:error] [pid 10:tid 139986618357440] [remote 10.0.0.162:43112] 2026-04-11 02:24:46.716 10 WARNING keystone.common.rbac_enforcer.enforcer [None req-ee2d1b48-34ae-462c-bf35-17b260e242bf af552f8877cf4185aaeb568997b1f2d7 188819c17397462f83853882613c684b - - default default] Deprecated policy rules found. Use oslopolicy-policy-generator and oslopolicy-policy-upgrade to detect and resolve deprecated policies in your configuration. 10.0.0.162 - - [11/Apr/2026:02:24:46 +0000] "GET /v3/domains/default HTTP/1.1" 200 224 10.0.0.162 - - [11/Apr/2026:02:24:46 +0000] "PUT /v3/domains/default/users/af552f8877cf4185aaeb568997b1f2d7/roles/9a875afa94c94d55b6488da89c2307da HTTP/1.1" 204 - 10.0.0.247 - - [11/Apr/2026:02:24:56 +0000] "GET / HTTP/1.1" 300 281 10.0.0.247 - - [11/Apr/2026:02:24:57 +0000] "GET /v3 HTTP/1.1" 200 266
[Sat Apr 11 02:24:57.981182 2026] [wsgi:error] [pid 10:tid 139986618357440] [remote 10.0.0.247:59594] 2026-04-11 02:24:57.980 10 WARNING keystone.common.password_hashing [None req-ead59853-292f-4e50-8327-97e91982bcef - - - - - -] Truncating password to algorithm specific maximum length 72 characters.
[Sat Apr 11 02:24:58.269344 2026] [wsgi:error] [pid 10:tid 139986618357440] [remote 10.0.0.247:59594] 2026-04-11 02:24:58.269 10 WARNING keystone.common.fernet_utils [None req-ead59853-292f-4e50-8327-97e91982bcef - - - - - -] key_repository is world readable: /etc/keystone/fernet-keys/ 10.0.0.247 - - [11/Apr/2026:02:24:57 +0000] "POST /v3/auth/tokens HTTP/1.1" 201 1360 10.0.0.247 - - [11/Apr/2026:02:24:58 +0000] "GET / HTTP/1.1" 300 281 10.0.0.247 - - [11/Apr/2026:02:24:58 +0000] "GET /v3/domains/atmosphere HTTP/1.1" 404 90 10.0.0.247 - - [11/Apr/2026:02:24:58 +0000] "GET /v3/domains?name=atmosphere HTTP/1.1" 200 370 10.0.0.247 - - [11/Apr/2026:02:24:58 +0000] "GET /v3/domains/5d75874c08bc4331b4941614cee9fd20 HTTP/1.1" 200 247 10.0.0.247 - - [11/Apr/2026:02:24:59 +0000] "GET /v3 HTTP/1.1" 200 266
[Sat Apr 11 02:24:59.379264 2026] [wsgi:error] [pid 11:tid 139986618357440] [remote 10.0.0.247:47884] 2026-04-11 02:24:59.378 11 WARNING keystone.common.password_hashing [None req-e44ab630-a1d6-4734-89b1-6ade85919872 - - - - - -] Truncating password to algorithm specific maximum length 72 characters.
[Sat Apr 11 02:24:59.658473 2026] [wsgi:error] [pid 11:tid 139986618357440] [remote 10.0.0.247:47884] 2026-04-11 02:24:59.658 11 WARNING keystone.common.fernet_utils [None req-e44ab630-a1d6-4734-89b1-6ade85919872 - - - - - -] key_repository is world readable: /etc/keystone/fernet-keys/ 10.0.0.247 - - [11/Apr/2026:02:24:59 +0000] "POST /v3/auth/tokens HTTP/1.1" 201 1360 10.0.0.247 - - [11/Apr/2026:02:24:59 +0000] "GET / HTTP/1.1" 300 281 10.0.0.247 - - [11/Apr/2026:02:24:59 +0000] "GET /v3/OS-FEDERATION/identity_providers/atmosphere HTTP/1.1" 404 101 10.0.0.247 - - [11/Apr/2026:02:24:59 +0000] "GET /v3/OS-FEDERATION/identity_providers HTTP/1.1" 200 156 10.0.0.247 - - [11/Apr/2026:02:24:59 +0000] "PUT /v3/OS-FEDERATION/identity_providers/atmosphere HTTP/1.1" 201 342 10.0.0.247 - - [11/Apr/2026:02:25:00 +0000] "GET /v3 HTTP/1.1" 200 266
[Sat Apr 11 02:25:00.439176 2026] [wsgi:error] [pid 10:tid 139986618357440] [remote 10.0.0.247:47884] 2026-04-11 02:25:00.439 10 WARNING keystone.common.password_hashing [None req-caf44102-b850-4906-9441-4e61f798931e - - - - - -] Truncating password to algorithm specific maximum length 72 characters.
[Sat Apr 11 02:25:00.711715 2026] [wsgi:error] [pid 10:tid 139986618357440] [remote 10.0.0.247:47884] 2026-04-11 02:25:00.711 10 WARNING keystone.common.fernet_utils [None req-caf44102-b850-4906-9441-4e61f798931e - - - - - -] key_repository is world readable: /etc/keystone/fernet-keys/ 10.0.0.247 - - [11/Apr/2026:02:25:00 +0000] "POST /v3/auth/tokens HTTP/1.1" 201 1360 10.0.0.247 - - [11/Apr/2026:02:25:00 +0000] "GET / HTTP/1.1" 300 281 10.0.0.247 - - [11/Apr/2026:02:25:00 +0000] "GET /v3/OS-FEDERATION/mappings/atmosphere-openid HTTP/1.1" 404 98 10.0.0.247 - - [11/Apr/2026:02:25:00 +0000] "GET /v3/OS-FEDERATION/mappings HTTP/1.1" 200 136 10.0.0.247 - - [11/Apr/2026:02:25:00 +0000] "PUT /v3/OS-FEDERATION/mappings/atmosphere-openid HTTP/1.1" 201 357 10.0.0.247 - - [11/Apr/2026:02:25:01 +0000] "GET /v3 HTTP/1.1" 200 266
[Sat Apr 11 02:25:01.489000 2026] [wsgi:error] [pid 11:tid 139986618357440] [remote 10.0.0.247:59594] 2026-04-11 02:25:01.488 11 WARNING keystone.common.password_hashing [None req-8775e758-3a57-4dee-a0b0-e021672f171a - - - - - -] Truncating password to algorithm specific maximum length 72 characters.
[Sat Apr 11 02:25:01.763089 2026] [wsgi:error] [pid 11:tid 139986618357440] [remote 10.0.0.247:59594] 2026-04-11 02:25:01.762 11 WARNING keystone.common.fernet_utils [None req-8775e758-3a57-4dee-a0b0-e021672f171a - - - - - -] key_repository is world readable: /etc/keystone/fernet-keys/ 10.0.0.247 - - [11/Apr/2026:02:25:01 +0000] "POST /v3/auth/tokens HTTP/1.1" 201 1360 10.0.0.247 - - [11/Apr/2026:02:25:01 +0000] "GET / HTTP/1.1" 300 281 10.0.0.247 - - [11/Apr/2026:02:25:01 +0000] "GET /v3/OS-FEDERATION/identity_providers/atmosphere/protocols/openid?idp_id=atmosphere HTTP/1.1" 404 131 10.0.0.247 - - [11/Apr/2026:02:25:01 +0000] "GET /v3/OS-FEDERATION/identity_providers/atmosphere/protocols HTTP/1.1" 200 168 10.0.0.247 - - [11/Apr/2026:02:25:01 +0000] "PUT /v3/OS-FEDERATION/identity_providers/atmosphere/protocols/openid HTTP/1.1" 201 224 10.0.0.247 - - [11/Apr/2026:02:25:09 +0000] "GET /v3/ HTTP/1.1" 200 250 10.0.0.247 - - [11/Apr/2026:02:25:09 +0000] "GET /v3/ HTTP/1.1" 200 250 10.0.0.247 - - [11/Apr/2026:02:26:09 +0000] "GET /v3/ HTTP/1.1" 200 250 10.0.0.247 - - [11/Apr/2026:02:26:09 +0000] "GET /v3/ HTTP/1.1" 200 250 10.0.0.60 - - [11/Apr/2026:02:26:20 +0000] "GET / HTTP/1.1" 300 295
[Sat Apr 11 02:26:20.903780 2026] [wsgi:error] [pid 12:tid 139986618357440] [remote 10.0.0.60:59968] 2026-04-11 02:26:20.903 12 WARNING keystone.common.password_hashing [None req-ae0b5c21-0f89-4af0-ba08-4f3726a5b01c - - - - - -] Truncating password to algorithm specific maximum length 72 characters.
[Sat Apr 11 02:26:21.175133 2026] [wsgi:error] [pid 12:tid 139986618357440] [remote 10.0.0.60:59968] 2026-04-11 02:26:21.174 12 WARNING keystone.common.fernet_utils [None req-ae0b5c21-0f89-4af0-ba08-4f3726a5b01c - - - - - -] key_repository is world readable: /etc/keystone/fernet-keys/ 10.0.0.60 - - [11/Apr/2026:02:26:20 +0000] "POST /v3/auth/tokens HTTP/1.1" 201 1360 10.0.0.60 - - [11/Apr/2026:02:26:21 +0000] "GET /v3/services HTTP/1.1" 200 355 10.0.0.60 - - [11/Apr/2026:02:26:24 +0000] "GET / HTTP/1.1" 300 295
[Sat Apr 11 02:26:24.586777 2026] [wsgi:error] [pid 10:tid 139986618357440] [remote 10.0.0.60:59970] 2026-04-11 02:26:24.586 10 WARNING keystone.common.password_hashing [None req-8ff51108-d21e-42ce-a202-f714f097a680 - - - - - -] Truncating password to algorithm specific maximum length 72 characters.
[Sat Apr 11 02:26:24.867231 2026] [wsgi:error] [pid 10:tid 139986618357440] [remote 10.0.0.60:59970] 2026-04-11 02:26:24.867 10 WARNING keystone.common.fernet_utils [None req-8ff51108-d21e-42ce-a202-f714f097a680 - - - - - -] key_repository is world readable: /etc/keystone/fernet-keys/ 10.0.0.60 - - [11/Apr/2026:02:26:24 +0000] "POST /v3/auth/tokens HTTP/1.1" 201 1360 10.0.0.60 - - [11/Apr/2026:02:26:24 +0000] "GET /v3/services HTTP/1.1" 200 355 10.0.0.60 - - [11/Apr/2026:02:26:28 +0000] "GET / HTTP/1.1" 300 295
[Sat Apr 11 02:26:28.246790 2026] [wsgi:error] [pid 9:tid 139986618357440] [remote 10.0.0.60:59980] 2026-04-11 02:26:28.246 9 WARNING keystone.common.password_hashing [None req-2582f12f-fe96-45fd-8b41-a715e6038924 - - - - - -] Truncating password to algorithm specific maximum length 72 characters.
[Sat Apr 11 02:26:28.529469 2026] [wsgi:error] [pid 9:tid 139986618357440] [remote 10.0.0.60:59980] 2026-04-11 02:26:28.529 9 WARNING keystone.common.fernet_utils [None req-2582f12f-fe96-45fd-8b41-a715e6038924 - - - - - -] key_repository is world readable: /etc/keystone/fernet-keys/ 10.0.0.60 - - [11/Apr/2026:02:26:28 +0000] "POST /v3/auth/tokens HTTP/1.1" 201 1360 10.0.0.60 - - [11/Apr/2026:02:26:28 +0000] "GET /v3/services HTTP/1.1" 200 355 10.0.0.60 - - [11/Apr/2026:02:26:31 +0000] "GET / HTTP/1.1" 300 295
[Sat Apr 11 02:26:31.898455 2026] [wsgi:error] [pid 11:tid 139986618357440] [remote 10.0.0.60:58008] 2026-04-11 02:26:31.898 11 WARNING keystone.common.password_hashing [None req-561ae6c5-4493-4e19-956a-4a9eb0a5c8c8 - - - - - -] Truncating password to algorithm specific maximum length 72 characters.
[Sat Apr 11 02:26:32.186737 2026] [wsgi:error] [pid 11:tid 139986618357440] [remote 10.0.0.60:58008] 2026-04-11 02:26:32.186 11 WARNING keystone.common.fernet_utils [None req-561ae6c5-4493-4e19-956a-4a9eb0a5c8c8 - - - - - -] key_repository is world readable: /etc/keystone/fernet-keys/ 10.0.0.60 - - [11/Apr/2026:02:26:31 +0000] "POST /v3/auth/tokens HTTP/1.1" 201 1360 10.0.0.60 - - [11/Apr/2026:02:26:32 +0000] "POST /v3/services HTTP/1.1" 201 296 10.0.0.66 - - [11/Apr/2026:02:26:43 +0000] "GET / HTTP/1.1" 300 295
[Sat Apr 11 02:26:43.092470 2026] [wsgi:error] [pid 12:tid 139986618357440] [remote 10.0.0.66:43952] 2026-04-11 02:26:43.092 12 WARNING keystone.common.password_hashing [None req-70e2c1c3-4b4c-4087-9601-fef31c09cbbb - - - - - -] Truncating password to algorithm specific maximum length 72 characters. 10.0.0.66 - - [11/Apr/2026:02:26:43 +0000] "GET / HTTP/1.1" 300 295
[Sat Apr 11 02:26:43.197039 2026] [wsgi:error] [pid 9:tid 139986618357440] [remote 10.0.0.66:43958] 2026-04-11 02:26:43.196 9 WARNING keystone.common.password_hashing [None req-c6b01461-c62d-4856-ab42-838297afa5ad - - - - - -] Truncating password to algorithm specific maximum length 72 characters.
[Sat Apr 11 02:26:43.366106 2026] [wsgi:error] [pid 12:tid 139986618357440] [remote 10.0.0.66:43952] 2026-04-11 02:26:43.365 12 WARNING keystone.common.fernet_utils [None req-70e2c1c3-4b4c-4087-9601-fef31c09cbbb - - - - - -] key_repository is world readable: /etc/keystone/fernet-keys/ 10.0.0.66 - - [11/Apr/2026:02:26:43 +0000] "POST /v3/auth/tokens HTTP/1.1" 201 1464 10.0.0.66 - - [11/Apr/2026:02:26:43 +0000] "GET / HTTP/1.1" 300 295
[Sat Apr 11 02:26:43.433968 2026] [wsgi:error] [pid 11:tid 139986618357440] [remote 10.0.0.66:43970] 2026-04-11 02:26:43.433 11 WARNING keystone.common.password_hashing [None req-20479065-7330-4b18-a75e-015656180f8b - - - - - -] Truncating password to algorithm specific maximum length 72 characters.
[Sat Apr 11 02:26:43.475426 2026] [wsgi:error] [pid 9:tid 139986618357440] [remote 10.0.0.66:43958] 2026-04-11 02:26:43.475 9 WARNING keystone.common.fernet_utils [None req-c6b01461-c62d-4856-ab42-838297afa5ad - - - - - -] key_repository is world readable: /etc/keystone/fernet-keys/ 10.0.0.66 - - [11/Apr/2026:02:26:43 +0000] "POST /v3/auth/tokens HTTP/1.1" 201 1464 10.0.0.66 - - [11/Apr/2026:02:26:43 +0000] "GET /v3/services HTTP/1.1" 200 639 10.0.0.66 - - [11/Apr/2026:02:26:43 +0000] "GET /v3/services HTTP/1.1" 200 639
[Sat Apr 11 02:26:43.713324 2026] [wsgi:error] [pid 11:tid 139986618357440] [remote 10.0.0.66:43970] 2026-04-11 02:26:43.713 11 WARNING keystone.common.fernet_utils [None req-20479065-7330-4b18-a75e-015656180f8b - - - - - -] key_repository is world readable: /etc/keystone/fernet-keys/ 10.0.0.66 - - [11/Apr/2026:02:26:43 +0000] "POST /v3/auth/tokens HTTP/1.1" 201 1464 10.0.0.66 - - [11/Apr/2026:02:26:43 +0000] "GET /v3/services HTTP/1.1" 200 639 10.0.0.66 - - [11/Apr/2026:02:26:44 +0000] "GET / HTTP/1.1" 300 295
[Sat Apr 11 02:26:44.964199 2026] [wsgi:error] [pid 10:tid 139986618357440] [remote 10.0.0.66:43984] 2026-04-11 02:26:44.963 10 WARNING keystone.common.password_hashing [None req-d4b0afc8-0643-408d-ac22-6cacab41e07b - - - - - -] Truncating password to algorithm specific maximum length 72 characters. 10.0.0.66 - - [11/Apr/2026:02:26:45 +0000] "GET / HTTP/1.1" 300 295
[Sat Apr 11 02:26:45.066136 2026] [wsgi:error] [pid 9:tid 139986618357440] [remote 10.0.0.66:43994] 2026-04-11 02:26:45.065 9 WARNING keystone.common.password_hashing [None req-e2fab1c0-06ed-4657-8715-78651b37b1ba - - - - - -] Truncating password to algorithm specific maximum length 72 characters.
[Sat Apr 11 02:26:45.242738 2026] [wsgi:error] [pid 10:tid 139986618357440] [remote 10.0.0.66:43984] 2026-04-11 02:26:45.242 10 WARNING keystone.common.fernet_utils [None req-d4b0afc8-0643-408d-ac22-6cacab41e07b - - - - - -] key_repository is world readable: /etc/keystone/fernet-keys/ 10.0.0.66 - - [11/Apr/2026:02:26:45 +0000] "GET / HTTP/1.1" 300 295 10.0.0.66 - - [11/Apr/2026:02:26:44 +0000] "POST /v3/auth/tokens HTTP/1.1" 201 1464
[Sat Apr 11 02:26:45.269639 2026] [wsgi:error] [pid 11:tid 139986618357440] [remote 10.0.0.66:44010] 2026-04-11 02:26:45.269 11 WARNING keystone.common.password_hashing [None req-16e365c2-ecd2-460e-aae1-285f06824a57 - - - - - -] Truncating password to algorithm specific maximum length 72 characters.
[Sat Apr 11 02:26:45.359043 2026] [wsgi:error] [pid 9:tid 139986618357440] [remote 10.0.0.66:43994] 2026-04-11 02:26:45.358 9 WARNING keystone.common.fernet_utils [None req-e2fab1c0-06ed-4657-8715-78651b37b1ba - - - - - -] key_repository is world readable: /etc/keystone/fernet-keys/ 10.0.0.66 - - [11/Apr/2026:02:26:45 +0000] "POST /v3/auth/tokens HTTP/1.1" 201 1464 10.0.0.66 - - [11/Apr/2026:02:26:45 +0000] "GET /v3/endpoints HTTP/1.1" 200 1227 10.0.0.66 - - [11/Apr/2026:02:26:45 +0000] "GET /v3/services/b88a26574117430ebaef1935f46089c0 HTTP/1.1" 200 233 10.0.0.66 - - [11/Apr/2026:02:26:45 +0000] "GET /v3/services/b88a26574117430ebaef1935f46089c0 HTTP/1.1" 200 233 10.0.0.66 - - [11/Apr/2026:02:26:45 +0000] "GET /v3/services/b88a26574117430ebaef1935f46089c0 HTTP/1.1" 200 233 10.0.0.66 - - [11/Apr/2026:02:26:45 +0000] "GET /v3/endpoints HTTP/1.1" 200 1227 10.0.0.66 - - [11/Apr/2026:02:26:45 +0000] "GET /v3/services/b88a26574117430ebaef1935f46089c0 HTTP/1.1" 200 233 10.0.0.66 - - [11/Apr/2026:02:26:45 +0000] "GET /v3/services/b88a26574117430ebaef1935f46089c0 HTTP/1.1" 200 233
[Sat Apr 11 02:26:45.559822 2026] [wsgi:error] [pid 11:tid 139986618357440] [remote 10.0.0.66:44010] 2026-04-11 02:26:45.559 11 WARNING keystone.common.fernet_utils [None req-16e365c2-ecd2-460e-aae1-285f06824a57 - - - - - -] key_repository is world readable: /etc/keystone/fernet-keys/ 10.0.0.66 - - [11/Apr/2026:02:26:45 +0000] "GET /v3/services/b88a26574117430ebaef1935f46089c0 HTTP/1.1" 200 233 10.0.0.66 - - [11/Apr/2026:02:26:45 +0000] "POST /v3/auth/tokens HTTP/1.1" 201 1464 10.0.0.66 - - [11/Apr/2026:02:26:45 +0000] "GET /v3/endpoints HTTP/1.1" 200 1227 10.0.0.66 - - [11/Apr/2026:02:26:45 +0000] "GET /v3/services/b88a26574117430ebaef1935f46089c0 HTTP/1.1" 200 233 10.0.0.66 - - [11/Apr/2026:02:26:45 +0000] "GET /v3/services/b88a26574117430ebaef1935f46089c0 HTTP/1.1" 200 233 10.0.0.66 - - [11/Apr/2026:02:26:45 +0000] "GET /v3/services/b88a26574117430ebaef1935f46089c0 HTTP/1.1" 200 233 10.0.0.66 - - [11/Apr/2026:02:26:46 +0000] "GET / HTTP/1.1" 300 295
[Sat Apr 11 02:26:46.691399 2026] [wsgi:error] [pid 12:tid 139986618357440] [remote 10.0.0.66:44014] 2026-04-11 02:26:46.691 12 WARNING keystone.common.password_hashing [None req-fcfb1222-7d8a-42c2-b107-838b988d92b1 - - - - - -] Truncating password to algorithm specific maximum length 72 characters. 10.0.0.66 - - [11/Apr/2026:02:26:46 +0000] "GET / HTTP/1.1" 300 295
[Sat Apr 11 02:26:46.929829 2026] [wsgi:error] [pid 11:tid 139986618357440] [remote 10.0.0.66:44024] 2026-04-11 02:26:46.929 11 WARNING keystone.common.password_hashing [None req-0bb9cb95-e8c9-4b3c-9419-e1722760d6f8 - - - - - -] Truncating password to algorithm specific maximum length 72 characters.
[Sat Apr 11 02:26:46.963319 2026] [wsgi:error] [pid 12:tid 139986618357440] [remote 10.0.0.66:44014] 2026-04-11 02:26:46.963 12 WARNING keystone.common.fernet_utils [None req-fcfb1222-7d8a-42c2-b107-838b988d92b1 - - - - - -] key_repository is world readable: /etc/keystone/fernet-keys/ 10.0.0.66 - - [11/Apr/2026:02:26:46 +0000] "POST /v3/auth/tokens HTTP/1.1" 201 1464 10.0.0.66 - - [11/Apr/2026:02:26:46 +0000] "GET / HTTP/1.1" 300 295
[Sat Apr 11 02:26:46.998762 2026] [wsgi:error] [pid 10:tid 139986618357440] [remote 10.0.0.66:44038] 2026-04-11 02:26:46.998 10 WARNING keystone.common.password_hashing [None req-d41f5c35-7089-4301-8546-2e380d534573 - - - - - -] Truncating password to algorithm specific maximum length 72 characters. 10.0.0.66 - - [11/Apr/2026:02:26:47 +0000] "GET /v3/services/87ed58ca71d7420685ebe49d0305c011 HTTP/1.1" 200 296 10.0.0.66 - - [11/Apr/2026:02:26:47 +0000] "GET /v3/regions/RegionOne HTTP/1.1" 200 173 10.0.0.66 - - [11/Apr/2026:02:26:47 +0000] "POST /v3/endpoints HTTP/1.1" 201 380
[Sat Apr 11 02:26:47.204123 2026] [wsgi:error] [pid 11:tid 139986618357440] [remote 10.0.0.66:44024] 2026-04-11 02:26:47.203 11 WARNING keystone.common.fernet_utils [None req-0bb9cb95-e8c9-4b3c-9419-e1722760d6f8 - - - - - -] key_repository is world readable: /etc/keystone/fernet-keys/ 10.0.0.66 - - [11/Apr/2026:02:26:46 +0000] "POST /v3/auth/tokens HTTP/1.1" 201 1641
[Sat Apr 11 02:26:47.268560 2026] [wsgi:error] [pid 10:tid 139986618357440] [remote 10.0.0.66:44038] 2026-04-11 02:26:47.268 10 WARNING keystone.common.fernet_utils [None req-d41f5c35-7089-4301-8546-2e380d534573 - - - - - -] key_repository is world readable: /etc/keystone/fernet-keys/ 10.0.0.66 - - [11/Apr/2026:02:26:46 +0000] "POST /v3/auth/tokens HTTP/1.1" 201 1641 10.0.0.66 - - [11/Apr/2026:02:26:47 +0000] "GET /v3/services/87ed58ca71d7420685ebe49d0305c011 HTTP/1.1" 200 296 10.0.0.66 - - [11/Apr/2026:02:26:47 +0000] "GET /v3/regions/RegionOne HTTP/1.1" 200 173 10.0.0.66 - - [11/Apr/2026:02:26:47 +0000] "GET /v3/services/87ed58ca71d7420685ebe49d0305c011 HTTP/1.1" 200 296 10.0.0.66 - - [11/Apr/2026:02:26:47 +0000] "GET /v3/regions/RegionOne HTTP/1.1" 200 173 10.0.0.66 - - [11/Apr/2026:02:26:47 +0000] "POST /v3/endpoints HTTP/1.1" 201 370 10.0.0.66 - - [11/Apr/2026:02:26:47 +0000] "POST /v3/endpoints HTTP/1.1" 201 383 10.0.0.66 - - [11/Apr/2026:02:26:48 +0000] "GET / HTTP/1.1" 300 295
[Sat Apr 11 02:26:48.455574 2026] [wsgi:error] [pid 9:tid 139986618357440] [remote 10.0.0.66:44054] 2026-04-11 02:26:48.455 9 WARNING keystone.common.password_hashing [None req-8a406aab-4a39-4999-96aa-d724105349fe - - - - - -] Truncating password to algorithm specific maximum length 72 characters. 10.0.0.66 - - [11/Apr/2026:02:26:48 +0000] "GET / HTTP/1.1" 300 295
[Sat Apr 11 02:26:48.688987 2026] [wsgi:error] [pid 11:tid 139986618357440] [remote 10.0.0.66:44058] 2026-04-11 02:26:48.688 11 WARNING keystone.common.password_hashing [None req-7a0ddd4f-5ac5-40b8-8d42-12001db19150 - - - - - -] Truncating password to algorithm specific maximum length 72 characters.
[Sat Apr 11 02:26:48.727079 2026] [wsgi:error] [pid 9:tid 139986618357440] [remote 10.0.0.66:44054] 2026-04-11 02:26:48.726 9 WARNING keystone.common.fernet_utils [None req-8a406aab-4a39-4999-96aa-d724105349fe - - - - - -] key_repository is world readable: /etc/keystone/fernet-keys/ 10.0.0.66 - - [11/Apr/2026:02:26:48 +0000] "POST /v3/auth/tokens HTTP/1.1" 201 1992 10.0.0.66 - - [11/Apr/2026:02:26:48 +0000] "GET / HTTP/1.1" 300 295 10.0.0.66 - - [11/Apr/2026:02:26:48 +0000] "GET /v3/endpoints/bbfdb98201f447efaed8efa308762008 HTTP/1.1" 200 380
[Sat Apr 11 02:26:48.883567 2026] [wsgi:error] [pid 9:tid 139986618357440] [remote 10.0.0.66:55668] 2026-04-11 02:26:48.883 9 WARNING keystone.common.password_hashing [None req-745e3304-e478-45df-b457-2add2614d76a - - - - - -] Truncating password to algorithm specific maximum length 72 characters. 10.0.0.66 - - [11/Apr/2026:02:26:48 +0000] "GET /v3/services/87ed58ca71d7420685ebe49d0305c011 HTTP/1.1" 200 296
[Sat Apr 11 02:26:48.970288 2026] [wsgi:error] [pid 11:tid 139986618357440] [remote 10.0.0.66:44058] 2026-04-11 02:26:48.970 11 WARNING keystone.common.fernet_utils [None req-7a0ddd4f-5ac5-40b8-8d42-12001db19150 - - - - - -] key_repository is world readable: /etc/keystone/fernet-keys/ 10.0.0.66 - - [11/Apr/2026:02:26:48 +0000] "POST /v3/auth/tokens HTTP/1.1" 201 1992 10.0.0.66 - - [11/Apr/2026:02:26:49 +0000] "GET /v3/endpoints/b88b6abe8058493ca8d18852ceb0a52d HTTP/1.1" 200 370 10.0.0.66 - - [11/Apr/2026:02:26:49 +0000] "GET /v3/services/87ed58ca71d7420685ebe49d0305c011 HTTP/1.1" 200 296
[Sat Apr 11 02:26:49.157097 2026] [wsgi:error] [pid 9:tid 139986618357440] [remote 10.0.0.66:55668] 2026-04-11 02:26:49.156 9 WARNING keystone.common.fernet_utils [None req-745e3304-e478-45df-b457-2add2614d76a - - - - - -] key_repository is world readable: /etc/keystone/fernet-keys/ 10.0.0.66 - - [11/Apr/2026:02:26:48 +0000] "POST /v3/auth/tokens HTTP/1.1" 201 1992 10.0.0.66 - - [11/Apr/2026:02:26:49 +0000] "GET /v3/endpoints/bac959eedabd4ccababe8412c160d486 HTTP/1.1" 200 383 10.0.0.66 - - [11/Apr/2026:02:26:49 +0000] "GET /v3/services/87ed58ca71d7420685ebe49d0305c011 HTTP/1.1" 200 296 10.0.0.120 - - [11/Apr/2026:02:27:00 +0000] "GET / HTTP/1.1" 300 295
[Sat Apr 11 02:27:00.560769 2026] [wsgi:error] [pid 9:tid 139986618357440] [remote 10.0.0.120:36722] 2026-04-11 02:27:00.560 9 WARNING keystone.common.password_hashing [None req-faa14c1f-f556-499d-a4fe-3de980545b40 - - - - - -] Truncating password to algorithm specific maximum length 72 characters.
[Sat Apr 11 02:27:00.840395 2026] [wsgi:error] [pid 9:tid 139986618357440] [remote 10.0.0.120:36722] 2026-04-11 02:27:00.840 9 WARNING keystone.common.fernet_utils [None req-faa14c1f-f556-499d-a4fe-3de980545b40 - - - - - -] key_repository is world readable: /etc/keystone/fernet-keys/ 10.0.0.120 - - [11/Apr/2026:02:27:00 +0000] "POST /v3/auth/tokens HTTP/1.1" 201 1992 10.0.0.120 - - [11/Apr/2026:02:27:00 +0000] "POST /v3/domains HTTP/1.1" 201 284 10.0.0.120 - - [11/Apr/2026:02:27:02 +0000] "GET / HTTP/1.1" 300 295
[Sat Apr 11 02:27:02.424125 2026] [wsgi:error] [pid 12:tid 139986618357440] [remote 10.0.0.120:36736] 2026-04-11 02:27:02.423 12 WARNING keystone.common.password_hashing [None req-9c73c489-8ba0-40d7-aa56-a31d0eb70a64 - - - - - -] Truncating password to algorithm specific maximum length 72 characters.
[Sat Apr 11 02:27:02.692879 2026] [wsgi:error] [pid 12:tid 139986618357440] [remote 10.0.0.120:36736] 2026-04-11 02:27:02.692 12 WARNING keystone.common.fernet_utils [None req-9c73c489-8ba0-40d7-aa56-a31d0eb70a64 - - - - - -] key_repository is world readable: /etc/keystone/fernet-keys/ 10.0.0.120 - - [11/Apr/2026:02:27:02 +0000] "POST /v3/auth/tokens HTTP/1.1" 201 1992
[Sat Apr 11 02:27:02.884019 2026] [wsgi:error] [pid 9:tid 139986618357440] [remote 10.0.0.120:36736] 2026-04-11 02:27:02.860 9 ERROR keystone.server.flask.application [None req-d9d4a583-3eab-41de-8611-f87f619d7b77 af552f8877cf4185aaeb568997b1f2d7 188819c17397462f83853882613c684b - - default default] Conflict occurred attempting to store project - it is not permitted to have two projects acting as domains with the same name: service.: keystone.exception.Conflict: Conflict occurred attempting to store project - it is not permitted to have two projects acting as domains with the same name: service.
[Sat Apr 11 02:27:02.884049 2026] [wsgi:error] [pid 9:tid 139986618357440] [remote 10.0.0.120:36736] 2026-04-11 02:27:02.860 9 ERROR keystone.server.flask.application
Traceback (most recent call last):
[Sat Apr 11 02:27:02.884052 2026] [wsgi:error] [pid 9:tid 139986618357440] [remote 10.0.0.120:36736] 2026-04-11 02:27:02.860 9 ERROR keystone.server.flask.application
File "/var/lib/openstack/lib/python3.12/site-packages/sqlalchemy/engine/base.py", line 1967, in _exec_single_context
[Sat Apr 11 02:27:02.884053 2026] [wsgi:error] [pid 9:tid 139986618357440] [remote 10.0.0.120:36736] 2026-04-11 02:27:02.860 9 ERROR keystone.server.flask.application self.dialect.do_execute(
[Sat Apr 11 02:27:02.884055 2026] [wsgi:error] [pid 9:tid 139986618357440] [remote 10.0.0.120:36736] 2026-04-11 02:27:02.860 9 ERROR keystone.server.flask.application
File "/var/lib/openstack/lib/python3.12/site-packages/sqlalchemy/engine/default.py", line 952, in do_execute
[Sat Apr 11 02:27:02.884057 2026] [wsgi:error] [pid 9:tid 139986618357440] [remote 10.0.0.120:36736] 2026-04-11 02:27:02.860 9 ERROR keystone.server.flask.application cursor.execute(statement, parameters)
[Sat Apr 11 02:27:02.884058 2026] [wsgi:error] [pid 9:tid 139986618357440] [remote 10.0.0.120:36736] 2026-04-11 02:27:02.860 9 ERROR keystone.server.flask.application
File "/var/lib/openstack/lib/python3.12/site-packages/pymysql/cursors.py", line 153, in execute
[Sat Apr 11 02:27:02.884059 2026] [wsgi:error] [pid 9:tid 139986618357440] [remote 10.0.0.120:36736] 2026-04-11 02:27:02.860 9 ERROR keystone.server.flask.application result = self._query(query)
[Sat Apr 11 02:27:02.884061 2026] [wsgi:error] [pid 9:tid 139986618357440] [remote 10.0.0.120:36736] 2026-04-11 02:27:02.860 9 ERROR keystone.server.flask.application ^^^^^^^^^^^^^^^^^^
[Sat Apr 11 02:27:02.884062 2026] [wsgi:error] [pid 9:tid 139986618357440] [remote 10.0.0.120:36736] 2026-04-11 02:27:02.860 9 ERROR keystone.server.flask.application
File "/var/lib/openstack/lib/python3.12/site-packages/pymysql/cursors.py", line 322, in _query
[Sat Apr 11 02:27:02.884064 2026] [wsgi:error] [pid 9:tid 139986618357440] [remote 10.0.0.120:36736] 2026-04-11 02:27:02.860 9 ERROR keystone.server.flask.application conn.query(q)
[Sat Apr 11 02:27:02.884065 2026] [wsgi:error] [pid 9:tid 139986618357440] [remote 10.0.0.120:36736] 2026-04-11 02:27:02.860 9 ERROR keystone.server.flask.application
File "/var/lib/openstack/lib/python3.12/site-packages/pymysql/connections.py", line 575, in query
[Sat Apr 11 02:27:02.884067 2026] [wsgi:error] [pid 9:tid 139986618357440] [remote 10.0.0.120:36736] 2026-04-11 02:27:02.860 9 ERROR keystone.server.flask.application self._affected_rows = self._read_query_result(unbuffered=unbuffered)
[Sat Apr 11 02:27:02.884069 2026] [wsgi:error] [pid 9:tid 139986618357440] [remote 10.0.0.120:36736] 2026-04-11 02:27:02.860 9 ERROR keystone.server.flask.application ^^^^^^^^^^^^^^^^^^^^^^^^^^^^^^^^^^^^^^^^^^^^^^
[Sat Apr 11 02:27:02.884070 2026] [wsgi:error] [pid 9:tid 139986618357440] [remote 10.0.0.120:36736] 2026-04-11 02:27:02.860 9 ERROR keystone.server.flask.application
File "/var/lib/openstack/lib/python3.12/site-packages/pymysql/connections.py", line 826, in _read_query_result
[Sat Apr 11 02:27:02.884072 2026] [wsgi:error] [pid 9:tid 139986618357440] [remote 10.0.0.120:36736] 2026-04-11 02:27:02.860 9 ERROR keystone.server.flask.application result.read()
[Sat Apr 11 02:27:02.884074 2026] [wsgi:error] [pid 9:tid 139986618357440] [remote 10.0.0.120:36736] 2026-04-11 02:27:02.860 9 ERROR keystone.server.flask.application
File "/var/lib/openstack/lib/python3.12/site-packages/pymysql/connections.py", line 1203, in read
[Sat Apr 11 02:27:02.884076 2026] [wsgi:error] [pid 9:tid 139986618357440] [remote 10.0.0.120:36736] 2026-04-11 02:27:02.860 9 ERROR keystone.server.flask.application first_packet = self.connection._read_packet()
[Sat Apr 11 02:27:02.884077 2026] [wsgi:error] [pid 9:tid 139986618357440] [remote 10.0.0.120:36736] 2026-04-11 02:27:02.860 9 ERROR keystone.server.flask.application ^^^^^^^^^^^^^^^^^^^^^^^^^^^^^^
[Sat Apr 11 02:27:02.884079 2026] [wsgi:error] [pid 9:tid 139986618357440] [remote 10.0.0.120:36736] 2026-04-11 02:27:02.860 9 ERROR keystone.server.flask.application
File "/var/lib/openstack/lib/python3.12/site-packages/pymysql/connections.py", line 782, in _read_packet
[Sat Apr 11 02:27:02.884080 2026] [wsgi:error] [pid 9:tid 139986618357440] [remote 10.0.0.120:36736] 2026-04-11 02:27:02.860 9 ERROR keystone.server.flask.application packet.raise_for_error()
[Sat Apr 11 02:27:02.884081 2026] [wsgi:error] [pid 9:tid 139986618357440] [remote 10.0.0.120:36736] 2026-04-11 02:27:02.860 9 ERROR keystone.server.flask.application
File "/var/lib/openstack/lib/python3.12/site-packages/pymysql/protocol.py", line 219, in raise_for_error
[Sat Apr 11 02:27:02.884083 2026] [wsgi:error] [pid 9:tid 139986618357440] [remote 10.0.0.120:36736] 2026-04-11 02:27:02.860 9 ERROR keystone.server.flask.application err.raise_mysql_exception(self._data)
[Sat Apr 11 02:27:02.884084 2026] [wsgi:error] [pid 9:tid 139986618357440] [remote 10.0.0.120:36736] 2026-04-11 02:27:02.860 9 ERROR keystone.server.flask.application
File "/var/lib/openstack/lib/python3.12/site-packages/pymysql/err.py", line 150, in raise_mysql_exception
[Sat Apr 11 02:27:02.884085 2026] [wsgi:error] [pid 9:tid 139986618357440] [remote 10.0.0.120:36736] 2026-04-11 02:27:02.860 9 ERROR keystone.server.flask.application raise errorclass(errno, errval)
[Sat Apr 11 02:27:02.884087 2026] [wsgi:error] [pid 9:tid 139986618357440] [remote 10.0.0.120:36736] 2026-04-11 02:27:02.860 9 ERROR keystone.server.flask.application pymysql.err.IntegrityError: (1062, "Duplicate entry '<>-service' for key 'project.ixu_project_name_domain_id'")
[Sat Apr 11 02:27:02.884089 2026] [wsgi:error] [pid 9:tid 139986618357440] [remote 10.0.0.120:36736] 2026-04-11 02:27:02.860 9 ERROR keystone.server.flask.application
[Sat Apr 11 02:27:02.884090 2026] [wsgi:error] [pid 9:tid 139986618357440] [remote 10.0.0.120:36736] 2026-04-11 02:27:02.860 9 ERROR keystone.server.flask.application The above exception was the direct cause of the following exception:
[Sat Apr 11 02:27:02.884091 2026] [wsgi:error] [pid 9:tid 139986618357440] [remote 10.0.0.120:36736] 2026-04-11 02:27:02.860 9 ERROR keystone.server.flask.application
[Sat Apr 11 02:27:02.884093 2026] [wsgi:error] [pid 9:tid 139986618357440] [remote 10.0.0.120:36736] 2026-04-11 02:27:02.860 9 ERROR keystone.server.flask.application
Traceback (most recent call last):
[Sat Apr 11 02:27:02.884094 2026] [wsgi:error] [pid 9:tid 139986618357440] [remote 10.0.0.120:36736] 2026-04-11 02:27:02.860 9 ERROR keystone.server.flask.application
File "/var/lib/openstack/lib/python3.12/site-packages/keystone/common/sql/core.py", line 575, in wrapper
[Sat Apr 11 02:27:02.884095 2026] [wsgi:error] [pid 9:tid 139986618357440] [remote 10.0.0.120:36736] 2026-04-11 02:27:02.860 9 ERROR keystone.server.flask.application return method(*args, **kwargs)
[Sat Apr 11 02:27:02.884097 2026] [wsgi:error] [pid 9:tid 139986618357440] [remote 10.0.0.120:36736] 2026-04-11 02:27:02.860 9 ERROR keystone.server.flask.application ^^^^^^^^^^^^^^^^^^^^^^^
[Sat Apr 11 02:27:02.884098 2026] [wsgi:error] [pid 9:tid 139986618357440] [remote 10.0.0.120:36736] 2026-04-11 02:27:02.860 9 ERROR keystone.server.flask.application
File "/var/lib/openstack/lib/python3.12/site-packages/keystone/resource/backends/sql.py", line 278, in create_project
[Sat Apr 11 02:27:02.884101 2026] [wsgi:error] [pid 9:tid 139986618357440] [remote 10.0.0.120:36736] 2026-04-11 02:27:02.860 9 ERROR keystone.server.flask.application with sql.session_for_write() as session:
[Sat Apr 11 02:27:02.884102 2026] [wsgi:error] [pid 9:tid 139986618357440] [remote 10.0.0.120:36736] 2026-04-11 02:27:02.860 9 ERROR keystone.server.flask.application
File "/usr/lib/python3.12/contextlib.py", line 144, in __exit__
[Sat Apr 11 02:27:02.884103 2026] [wsgi:error] [pid 9:tid 139986618357440] [remote 10.0.0.120:36736] 2026-04-11 02:27:02.860 9 ERROR keystone.server.flask.application next(self.gen)
[Sat Apr 11 02:27:02.884105 2026] [wsgi:error] [pid 9:tid 139986618357440] [remote 10.0.0.120:36736] 2026-04-11 02:27:02.860 9 ERROR keystone.server.flask.application
File "/var/lib/openstack/lib/python3.12/site-packages/oslo_db/sqlalchemy/enginefacade.py", line 1175, in _transaction_scope
[Sat Apr 11 02:27:02.884106 2026] [wsgi:error] [pid 9:tid 139986618357440] [remote 10.0.0.120:36736] 2026-04-11 02:27:02.860 9 ERROR keystone.server.flask.application with current._produce_block(
[Sat Apr 11 02:27:02.884107 2026] [wsgi:error] [pid 9:tid 139986618357440] [remote 10.0.0.120:36736] 2026-04-11 02:27:02.860 9 ERROR keystone.server.flask.application
File "/usr/lib/python3.12/contextlib.py", line 144, in __exit__
[Sat Apr 11 02:27:02.884109 2026] [wsgi:error] [pid 9:tid 139986618357440] [remote 10.0.0.120:36736] 2026-04-11 02:27:02.860 9 ERROR keystone.server.flask.application next(self.gen)
[Sat Apr 11 02:27:02.884110 2026] [wsgi:error] [pid 9:tid 139986618357440] [remote 10.0.0.120:36736] 2026-04-11 02:27:02.860 9 ERROR keystone.server.flask.application
File "/var/lib/openstack/lib/python3.12/site-packages/oslo_db/sqlalchemy/enginefacade.py", line 837, in _session
[Sat Apr 11 02:27:02.884111 2026] [wsgi:error] [pid 9:tid 139986618357440] [remote 10.0.0.120:36736] 2026-04-11 02:27:02.860 9 ERROR keystone.server.flask.application with excutils.save_and_reraise_exception():
[Sat Apr 11 02:27:02.884113 2026] [wsgi:error] [pid 9:tid 139986618357440] [remote 10.0.0.120:36736] 2026-04-11 02:27:02.860 9 ERROR keystone.server.flask.application
File "/var/lib/openstack/lib/python3.12/site-packages/oslo_utils/excutils.py", line 267, in __exit__
[Sat Apr 11 02:27:02.884114 2026] [wsgi:error] [pid 9:tid 139986618357440] [remote 10.0.0.120:36736] 2026-04-11 02:27:02.860 9 ERROR keystone.server.flask.application self.force_reraise()
[Sat Apr 11 02:27:02.884115 2026] [wsgi:error] [pid 9:tid 139986618357440] [remote 10.0.0.120:36736] 2026-04-11 02:27:02.860 9 ERROR keystone.server.flask.application
File "/var/lib/openstack/lib/python3.12/site-packages/oslo_utils/excutils.py", line 233, in force_reraise
[Sat Apr 11 02:27:02.884117 2026] [wsgi:error] [pid 9:tid 139986618357440] [remote 10.0.0.120:36736] 2026-04-11 02:27:02.860 9 ERROR keystone.server.flask.application raise self.value
[Sat Apr 11 02:27:02.884118 2026] [wsgi:error] [pid 9:tid 139986618357440] [remote 10.0.0.120:36736] 2026-04-11 02:27:02.860 9 ERROR keystone.server.flask.application
File "/var/lib/openstack/lib/python3.12/site-packages/oslo_db/sqlalchemy/enginefacade.py", line 835, in _session
[Sat Apr 11 02:27:02.884120 2026] [wsgi:error] [pid 9:tid 139986618357440] [remote 10.0.0.120:36736] 2026-04-11 02:27:02.860 9 ERROR keystone.server.flask.application self._end_session_transaction(self.session)
[Sat Apr 11 02:27:02.884121 2026] [wsgi:error] [pid 9:tid 139986618357440] [remote 10.0.0.120:36736] 2026-04-11 02:27:02.860 9 ERROR keystone.server.flask.application
File "/var/lib/openstack/lib/python3.12/site-packages/oslo_db/sqlalchemy/enginefacade.py", line 748, in _end_session_transaction
[Sat Apr 11 02:27:02.884123 2026] [wsgi:error] [pid 9:tid 139986618357440] [remote 10.0.0.120:36736] 2026-04-11 02:27:02.860 9 ERROR keystone.server.flask.application session.commit()
[Sat Apr 11 02:27:02.884126 2026] [wsgi:error] [pid 9:tid 139986618357440] [remote 10.0.0.120:36736] 2026-04-11 02:27:02.860 9 ERROR keystone.server.flask.application
File "/var/lib/openstack/lib/python3.12/site-packages/sqlalchemy/orm/session.py", line 2030, in commit
[Sat Apr 11 02:27:02.884127 2026] [wsgi:error] [pid 9:tid 139986618357440] [remote 10.0.0.120:36736] 2026-04-11 02:27:02.860 9 ERROR keystone.server.flask.application trans.commit(_to_root=True)
[Sat Apr 11 02:27:02.884128 2026] [wsgi:error] [pid 9:tid 139986618357440] [remote 10.0.0.120:36736] 2026-04-11 02:27:02.860 9 ERROR keystone.server.flask.application File "", line 2, in commit
[Sat Apr 11 02:27:02.884130 2026] [wsgi:error] [pid 9:tid 139986618357440] [remote 10.0.0.120:36736] 2026-04-11 02:27:02.860 9 ERROR keystone.server.flask.application
File "/var/lib/openstack/lib/python3.12/site-packages/sqlalchemy/orm/state_changes.py", line 137, in _go
[Sat Apr 11 02:27:02.884131 2026] [wsgi:error] [pid 9:tid 139986618357440] [remote 10.0.0.120:36736] 2026-04-11 02:27:02.860 9 ERROR keystone.server.flask.application ret_value = fn(self, *arg, **kw)
[Sat Apr 11 02:27:02.884132 2026] [wsgi:error] [pid 9:tid 139986618357440] [remote 10.0.0.120:36736] 2026-04-11 02:27:02.860 9 ERROR keystone.server.flask.application ^^^^^^^^^^^^^^^^^^^^
[Sat Apr 11 02:27:02.884134 2026] [wsgi:error] [pid 9:tid 139986618357440] [remote 10.0.0.120:36736] 2026-04-11 02:27:02.860 9 ERROR keystone.server.flask.application
File "/var/lib/openstack/lib/python3.12/site-packages/sqlalchemy/orm/session.py", line 1311, in commit
[Sat Apr 11 02:27:02.884135 2026] [wsgi:error] [pid 9:tid 139986618357440] [remote 10.0.0.120:36736] 2026-04-11 02:27:02.860 9 ERROR keystone.server.flask.application self._prepare_impl()
[Sat Apr 11 02:27:02.884136 2026] [wsgi:error] [pid 9:tid 139986618357440] [remote 10.0.0.120:36736] 2026-04-11 02:27:02.860 9 ERROR keystone.server.flask.application File "", line 2, in _prepare_impl
[Sat Apr 11 02:27:02.884138 2026] [wsgi:error] [pid 9:tid 139986618357440] [remote 10.0.0.120:36736] 2026-04-11 02:27:02.860 9 ERROR keystone.server.flask.application
File "/var/lib/openstack/lib/python3.12/site-packages/sqlalchemy/orm/state_changes.py", line 137, in _go
[Sat Apr 11 02:27:02.884139 2026] [wsgi:error] [pid 9:tid 139986618357440] [remote 10.0.0.120:36736] 2026-04-11 02:27:02.860 9 ERROR keystone.server.flask.application ret_value = fn(self, *arg, **kw)
[Sat Apr 11 02:27:02.884140 2026] [wsgi:error] [pid 9:tid 139986618357440] [remote 10.0.0.120:36736] 2026-04-11 02:27:02.860 9 ERROR keystone.server.flask.application ^^^^^^^^^^^^^^^^^^^^
[Sat Apr 11 02:27:02.884142 2026] [wsgi:error] [pid 9:tid 139986618357440] [remote 10.0.0.120:36736] 2026-04-11 02:27:02.860 9 ERROR keystone.server.flask.application
File "/var/lib/openstack/lib/python3.12/site-packages/sqlalchemy/orm/session.py", line 1286, in _prepare_impl
[Sat Apr 11 02:27:02.884154 2026] [wsgi:error] [pid 9:tid 139986618357440] [remote 10.0.0.120:36736] 2026-04-11 02:27:02.860 9 ERROR keystone.server.flask.application self.session.flush()
[Sat Apr 11 02:27:02.884156 2026] [wsgi:error] [pid 9:tid 139986618357440] [remote 10.0.0.120:36736] 2026-04-11 02:27:02.860 9 ERROR keystone.server.flask.application
File "/var/lib/openstack/lib/python3.12/site-packages/sqlalchemy/orm/session.py", line 4331, in flush
[Sat Apr 11 02:27:02.884157 2026] [wsgi:error] [pid 9:tid 139986618357440] [remote 10.0.0.120:36736] 2026-04-11 02:27:02.860 9 ERROR keystone.server.flask.application self._flush(objects)
[Sat Apr 11 02:27:02.884159 2026] [wsgi:error] [pid 9:tid 139986618357440] [remote 10.0.0.120:36736] 2026-04-11 02:27:02.860 9 ERROR keystone.server.flask.application
File "/var/lib/openstack/lib/python3.12/site-packages/sqlalchemy/orm/session.py", line 4466, in _flush
[Sat Apr 11 02:27:02.884160 2026] [wsgi:error] [pid 9:tid 139986618357440] [remote 10.0.0.120:36736] 2026-04-11 02:27:02.860 9 ERROR keystone.server.flask.application with util.safe_reraise():
[Sat Apr 11 02:27:02.884162 2026] [wsgi:error] [pid 9:tid 139986618357440] [remote 10.0.0.120:36736] 2026-04-11 02:27:02.860 9 ERROR keystone.server.flask.application
File "/var/lib/openstack/lib/python3.12/site-packages/sqlalchemy/util/langhelpers.py", line 121, in __exit__
[Sat Apr 11 02:27:02.884163 2026] [wsgi:error] [pid 9:tid 139986618357440] [remote 10.0.0.120:36736] 2026-04-11 02:27:02.860 9 ERROR keystone.server.flask.application raise exc_value.with_traceback(exc_tb)
[Sat Apr 11 02:27:02.884165 2026] [wsgi:error] [pid 9:tid 139986618357440] [remote 10.0.0.120:36736] 2026-04-11 02:27:02.860 9 ERROR keystone.server.flask.application
File "/var/lib/openstack/lib/python3.12/site-packages/sqlalchemy/orm/session.py", line 4427, in _flush
[Sat Apr 11 02:27:02.884167 2026] [wsgi:error] [pid 9:tid 139986618357440] [remote 10.0.0.120:36736] 2026-04-11 02:27:02.860 9 ERROR keystone.server.flask.application flush_context.execute()
[Sat Apr 11 02:27:02.884168 2026] [wsgi:error] [pid 9:tid 139986618357440] [remote 10.0.0.120:36736] 2026-04-11 02:27:02.860 9 ERROR keystone.server.flask.application
File "/var/lib/openstack/lib/python3.12/site-packages/sqlalchemy/orm/unitofwork.py", line 466, in execute
[Sat Apr 11 02:27:02.884170 2026] [wsgi:error] [pid 9:tid 139986618357440] [remote 10.0.0.120:36736] 2026-04-11 02:27:02.860 9 ERROR keystone.server.flask.application rec.execute(self)
