Jun 24 00:57:24.005915 np0000182646 devstack@neutron-api.service[102958]: DEBUG neutron_lib.callbacks.manager [None req-625863d9-7708-4028-a477-a6732d9bd6d8 None None] Subscribe: > router before_delete 55550000, False {{(pid=102958) subscribe /opt/stack/data/venv/lib/python3.12/site-packages/neutron_lib/callbacks/manager.py:52}}
Jun 24 00:57:24.006092 np0000182646 devstack@neutron-api.service[102958]: DEBUG neutron_lib.callbacks.manager [None req-625863d9-7708-4028-a477-a6732d9bd6d8 None None] Subscribe: port before_update 55550000, False {{(pid=102958) subscribe /opt/stack/data/venv/lib/python3.12/site-packages/neutron_lib/callbacks/manager.py:52}}
Jun 24 00:57:24.006123 np0000182646 devstack@neutron-api.service[102955]: DEBUG neutron.api.extensions [None req-b2544b3e-af35-4aa1-a9e4-5cb28c10d9a7 None None] Ext name="Atomically add/remove extra routes" alias="extraroute-atomic" description="Edit extra routes of a router on server side by atomically adding/removing extra routes" updated="2019-07-10T00:00:00+00:00" {{(pid=102955) _check_extension /opt/stack/neutron/neutron/api/extensions.py:415}}
Jun 24 00:57:24.006189 np0000182646 devstack@neutron-api.service[102958]: DEBUG neutron_lib.callbacks.manager [None req-625863d9-7708-4028-a477-a6732d9bd6d8 None None] Subscribe: port after_update 55550000, False {{(pid=102958) subscribe /opt/stack/data/venv/lib/python3.12/site-packages/neutron_lib/callbacks/manager.py:52}}
Jun 24 00:57:24.006251 np0000182646 devstack@neutron-api.service[102955]: INFO neutron.api.extensions [None req-b2544b3e-af35-4aa1-a9e4-5cb28c10d9a7 None None] Loaded extension: extraroute-atomic
Jun 24 00:57:24.006290 np0000182646 devstack@neutron-api.service[102958]: DEBUG neutron_lib.callbacks.manager [None req-625863d9-7708-4028-a477-a6732d9bd6d8 None None] Subscribe: > port precommit_delete 55550000, False {{(pid=102958) subscribe /opt/stack/data/venv/lib/python3.12/site-packages/neutron_lib/callbacks/manager.py:52}}
Jun 24 00:57:24.006363 np0000182646 devstack@neutron-api.service[102955]: DEBUG neutron.api.extensions [None req-b2544b3e-af35-4aa1-a9e4-5cb28c10d9a7 None None] Loading extension file: filter_validation.py {{(pid=102955) _load_all_extensions_from_path /opt/stack/neutron/neutron/api/extensions.py:449}}
Jun 24 00:57:24.006421 np0000182646 devstack@neutron-api.service[102958]: DEBUG neutron_lib.callbacks.manager [None req-625863d9-7708-4028-a477-a6732d9bd6d8 None None] Subscribe: port before_update 55550000, False {{(pid=102958) subscribe /opt/stack/data/venv/lib/python3.12/site-packages/neutron_lib/callbacks/manager.py:52}}
Jun 24 00:57:24.006451 np0000182646 devstack@neutron-api.service[102958]: DEBUG neutron_lib.callbacks.manager [None req-625863d9-7708-4028-a477-a6732d9bd6d8 None None] Subscribe: port before_delete 55550000, False {{(pid=102958) subscribe /opt/stack/data/venv/lib/python3.12/site-packages/neutron_lib/callbacks/manager.py:52}}
Jun 24 00:57:24.006540 np0000182646 devstack@neutron-api.service[102958]: DEBUG neutron_lib.callbacks.manager [None req-625863d9-7708-4028-a477-a6732d9bd6d8 None None] Subscribe: > router precommit_create 55550000, False {{(pid=102958) subscribe /opt/stack/data/venv/lib/python3.12/site-packages/neutron_lib/callbacks/manager.py:52}}
Jun 24 00:57:24.006578 np0000182646 devstack@neutron-api.service[102955]: DEBUG neutron.api.extensions [None req-b2544b3e-af35-4aa1-a9e4-5cb28c10d9a7 None None] Ext name="Filter parameters validation" alias="filter-validation" description="Provides validation on filter parameters." updated="2018-07-04T10:00:00-00:00" {{(pid=102955) _check_extension /opt/stack/neutron/neutron/api/extensions.py:415}}
Jun 24 00:57:24.006637 np0000182646 devstack@neutron-api.service[102958]: DEBUG neutron_lib.callbacks.manager [None req-625863d9-7708-4028-a477-a6732d9bd6d8 None None] Subscribe: > router precommit_create 55550000, False {{(pid=102958) subscribe /opt/stack/data/venv/lib/python3.12/site-packages/neutron_lib/callbacks/manager.py:52}}
Jun 24 00:57:24.006804 np0000182646 devstack@neutron-api.service[102958]: DEBUG neutron_lib.callbacks.manager [None req-625863d9-7708-4028-a477-a6732d9bd6d8 None None] Subscribe: > router precommit_update 55550000, False {{(pid=102958) subscribe /opt/stack/data/venv/lib/python3.12/site-packages/neutron_lib/callbacks/manager.py:52}}
Jun 24 00:57:24.006942 np0000182646 devstack@neutron-api.service[102955]: INFO neutron.api.extensions [None req-b2544b3e-af35-4aa1-a9e4-5cb28c10d9a7 None None] Loaded extension: filter-validation
Jun 24 00:57:24.006942 np0000182646 devstack@neutron-api.service[102955]: DEBUG neutron.api.extensions [None req-b2544b3e-af35-4aa1-a9e4-5cb28c10d9a7 None None] Loading extension file: fip_pf_description.py {{(pid=102955) _load_all_extensions_from_path /opt/stack/neutron/neutron/api/extensions.py:449}}
Jun 24 00:57:24.007108 np0000182646 devstack@neutron-api.service[102958]: DEBUG neutron_lib.callbacks.manager [None req-625863d9-7708-4028-a477-a6732d9bd6d8 None None] Subscribe: subnet after_update 55550000, False {{(pid=102958) subscribe /opt/stack/data/venv/lib/python3.12/site-packages/neutron_lib/callbacks/manager.py:52}}
Jun 24 00:57:24.007108 np0000182646 devstack@neutron-api.service[102958]: DEBUG neutron.quota.resource_registry [None req-625863d9-7708-4028-a477-a6732d9bd6d8 None None] Tracking information for resource: router configured {{(pid=102958) set_tracked_resource /opt/stack/neutron/neutron/quota/resource_registry.py:203}}
Jun 24 00:57:24.007224 np0000182646 devstack@neutron-api.service[102955]: DEBUG neutron.api.extensions [None req-b2544b3e-af35-4aa1-a9e4-5cb28c10d9a7 None None] Ext name="Floating IP Port Forwarding new attribute description" alias="floating-ip-port-forwarding-description" description="Add a description field to Port Forwarding rules" updated="2019-11-01T10:00:00-00:00" {{(pid=102955) _check_extension /opt/stack/neutron/neutron/api/extensions.py:415}}
Jun 24 00:57:24.007306 np0000182646 devstack@neutron-api.service[102958]: DEBUG neutron.quota.resource_registry [None req-625863d9-7708-4028-a477-a6732d9bd6d8 None None] Tracking information for resource: floatingip configured {{(pid=102958) set_tracked_resource /opt/stack/neutron/neutron/quota/resource_registry.py:203}}
Jun 24 00:57:24.007306 np0000182646 devstack@neutron-api.service[102958]: INFO neutron.services.ovn_l3.plugin [None req-625863d9-7708-4028-a477-a6732d9bd6d8 None None] Starting OVNL3RouterPlugin
Jun 24 00:57:24.007409 np0000182646 devstack@neutron-api.service[102955]: INFO neutron.api.extensions [None req-b2544b3e-af35-4aa1-a9e4-5cb28c10d9a7 None None] Extension floating-ip-port-forwarding-description not supported by any of loaded plugins
Jun 24 00:57:24.007409 np0000182646 devstack@neutron-api.service[102955]: DEBUG neutron.api.extensions [None req-b2544b3e-af35-4aa1-a9e4-5cb28c10d9a7 None None] Loading extension file: fip_pf_detail.py {{(pid=102955) _load_all_extensions_from_path /opt/stack/neutron/neutron/api/extensions.py:449}}
Jun 24 00:57:24.007554 np0000182646 devstack@neutron-api.service[102958]: DEBUG neutron_lib.callbacks.manager [None req-625863d9-7708-4028-a477-a6732d9bd6d8 None None] Subscribe: > port_forwarding_plugin after_init 55550000, False {{(pid=102958) subscribe /opt/stack/data/venv/lib/python3.12/site-packages/neutron_lib/callbacks/manager.py:52}}
Jun 24 00:57:24.007653 np0000182646 devstack@neutron-api.service[102955]: DEBUG neutron.api.extensions [None req-b2544b3e-af35-4aa1-a9e4-5cb28c10d9a7 None None] Ext name="Floating IP port forwarding detail" alias="floating-ip-port-forwarding-detail" description="Allow list floating ip return more port forwarding data, include'id' and 'internal_port_id'" updated="2022-05-06T10:00:00-00:00" {{(pid=102955) _check_extension /opt/stack/neutron/neutron/api/extensions.py:415}}
Jun 24 00:57:24.007727 np0000182646 devstack@neutron-api.service[102958]: DEBUG neutron_lib.callbacks.manager [None req-625863d9-7708-4028-a477-a6732d9bd6d8 None None] Subscribe: > router before_create 55550100, False {{(pid=102958) subscribe /opt/stack/data/venv/lib/python3.12/site-packages/neutron_lib/callbacks/manager.py:52}}
Jun 24 00:57:24.007833 np0000182646 devstack@neutron-api.service[102955]: INFO neutron.api.extensions [None req-b2544b3e-af35-4aa1-a9e4-5cb28c10d9a7 None None] Loaded extension: floating-ip-port-forwarding-detail
Jun 24 00:57:24.007862 np0000182646 devstack@neutron-api.service[102958]: DEBUG neutron_lib.callbacks.manager [None req-625863d9-7708-4028-a477-a6732d9bd6d8 None None] Subscribe: > router precommit_delete 55550100, False {{(pid=102958) subscribe /opt/stack/data/venv/lib/python3.12/site-packages/neutron_lib/callbacks/manager.py:52}}
Jun 24 00:57:24.007891 np0000182646 devstack@neutron-api.service[102955]: DEBUG neutron.api.extensions [None req-b2544b3e-af35-4aa1-a9e4-5cb28c10d9a7 None None] Loading extension file: fip_pf_port_range.py {{(pid=102955) _load_all_extensions_from_path /opt/stack/neutron/neutron/api/extensions.py:449}}
Jun 24 00:57:24.007946 np0000182646 devstack@neutron-api.service[102958]: DEBUG neutron_lib.callbacks.manager [None req-625863d9-7708-4028-a477-a6732d9bd6d8 None None] Subscribe: > router precommit_create 55550100, False {{(pid=102958) subscribe /opt/stack/data/venv/lib/python3.12/site-packages/neutron_lib/callbacks/manager.py:52}}
Jun 24 00:57:24.008033 np0000182646 devstack@neutron-api.service[102958]: DEBUG neutron_lib.callbacks.manager [None req-625863d9-7708-4028-a477-a6732d9bd6d8 None None] Subscribe: > router precommit_update 55550100, False {{(pid=102958) subscribe /opt/stack/data/venv/lib/python3.12/site-packages/neutron_lib/callbacks/manager.py:52}}
Jun 24 00:57:24.008112 np0000182646 devstack@neutron-api.service[102955]: DEBUG neutron.api.extensions [None req-b2544b3e-af35-4aa1-a9e4-5cb28c10d9a7 None None] Ext name="Floating IP Port Forwarding support port ranges" alias="floating-ip-port-forwarding-port-ranges" description="Add support to port ranges" updated="2020-07-01T10:00:00-00:00" {{(pid=102955) _check_extension /opt/stack/neutron/neutron/api/extensions.py:415}}
Jun 24 00:57:24.008283 np0000182646 devstack@neutron-api.service[102955]: INFO neutron.api.extensions [None req-b2544b3e-af35-4aa1-a9e4-5cb28c10d9a7 None None] Extension floating-ip-port-forwarding-port-ranges not supported by any of loaded plugins
Jun 24 00:57:24.008376 np0000182646 devstack@neutron-api.service[102955]: DEBUG neutron.api.extensions [None req-b2544b3e-af35-4aa1-a9e4-5cb28c10d9a7 None None] Loading extension file: fip_port_details.py {{(pid=102955) _load_all_extensions_from_path /opt/stack/neutron/neutron/api/extensions.py:449}}
Jun 24 00:57:24.008602 np0000182646 devstack@neutron-api.service[102955]: DEBUG neutron.api.extensions [None req-b2544b3e-af35-4aa1-a9e4-5cb28c10d9a7 None None] Ext name="Floating IP Port Details Extension" alias="fip-port-details" description="Add port_details attribute to Floating IP resource" updated="2018-04-09T10:00:00-00:00" {{(pid=102955) _check_extension /opt/stack/neutron/neutron/api/extensions.py:415}}
Jun 24 00:57:24.008795 np0000182646 devstack@neutron-api.service[102955]: INFO neutron.api.extensions [None req-b2544b3e-af35-4aa1-a9e4-5cb28c10d9a7 None None] Loaded extension: fip-port-details
Jun 24 00:57:24.008889 np0000182646 devstack@neutron-api.service[102955]: DEBUG neutron.api.extensions [None req-b2544b3e-af35-4aa1-a9e4-5cb28c10d9a7 None None] Loading extension file: flavors.py {{(pid=102955) _load_all_extensions_from_path /opt/stack/neutron/neutron/api/extensions.py:449}}
Jun 24 00:57:24.009162 np0000182646 devstack@neutron-api.service[102955]: DEBUG neutron.api.extensions [None req-b2544b3e-af35-4aa1-a9e4-5cb28c10d9a7 None None] Ext name="Neutron Service Flavors" alias="flavors" description="Flavor specification for Neutron advanced services." updated="2015-09-17T10:00:00-00:00" {{(pid=102955) _check_extension /opt/stack/neutron/neutron/api/extensions.py:415}}
Jun 24 00:57:24.009336 np0000182646 devstack@neutron-api.service[102955]: INFO neutron.api.extensions [None req-b2544b3e-af35-4aa1-a9e4-5cb28c10d9a7 None None] Loaded extension: flavors
Jun 24 00:57:24.009451 np0000182646 devstack@neutron-api.service[102955]: DEBUG neutron.api.extensions [None req-b2544b3e-af35-4aa1-a9e4-5cb28c10d9a7 None None] Loading extension file: floating_ip_port_forwarding.py {{(pid=102955) _load_all_extensions_from_path /opt/stack/neutron/neutron/api/extensions.py:449}}
Jun 24 00:57:24.009773 np0000182646 devstack@neutron-api.service[102955]: DEBUG neutron.api.extensions [None req-b2544b3e-af35-4aa1-a9e4-5cb28c10d9a7 None None] Ext name="Floating IP Port Forwarding" alias="floating-ip-port-forwarding" description="Allow port forwarding from floating IP port to an internal port" updated="2018-01-19T10:00:00-00:00" {{(pid=102955) _check_extension /opt/stack/neutron/neutron/api/extensions.py:415}}
Jun 24 00:57:24.009970 np0000182646 devstack@neutron-api.service[102955]: INFO neutron.api.extensions [None req-b2544b3e-af35-4aa1-a9e4-5cb28c10d9a7 None None] Extension floating-ip-port-forwarding not supported by any of loaded plugins
Jun 24 00:57:24.010053 np0000182646 devstack@neutron-api.service[102955]: DEBUG neutron.api.extensions [None req-b2544b3e-af35-4aa1-a9e4-5cb28c10d9a7 None None] Loading extension file: floatingip_pools.py {{(pid=102955) _load_all_extensions_from_path /opt/stack/neutron/neutron/api/extensions.py:449}}
Jun 24 00:57:24.010311 np0000182646 devstack@neutron-api.service[102955]: DEBUG neutron.api.extensions [None req-b2544b3e-af35-4aa1-a9e4-5cb28c10d9a7 None None] Ext name="Floating IP Pools Extension" alias="floatingip-pools" description="Provides a floating IP pools API." updated="2018-03-21T10:00:00-00:00" {{(pid=102955) _check_extension /opt/stack/neutron/neutron/api/extensions.py:415}}
Jun 24 00:57:24.010468 np0000182646 devstack@neutron-api.service[102955]: INFO neutron.api.extensions [None req-b2544b3e-af35-4aa1-a9e4-5cb28c10d9a7 None None] Loaded extension: floatingip-pools
Jun 24 00:57:24.010560 np0000182646 devstack@neutron-api.service[102955]: DEBUG neutron.api.extensions [None req-b2544b3e-af35-4aa1-a9e4-5cb28c10d9a7 None None] Loading extension file: ip_allocation.py {{(pid=102955) _load_all_extensions_from_path /opt/stack/neutron/neutron/api/extensions.py:449}}
Jun 24 00:57:24.010780 np0000182646 devstack@neutron-api.service[102955]: DEBUG neutron.api.extensions [None req-b2544b3e-af35-4aa1-a9e4-5cb28c10d9a7 None None] Ext name="IP Allocation" alias="ip_allocation" description="IP allocation extension." updated="2016-06-10T23:00:00-00:00" {{(pid=102955) _check_extension /opt/stack/neutron/neutron/api/extensions.py:415}}
Jun 24 00:57:24.010951 np0000182646 devstack@neutron-api.service[102955]: INFO neutron.api.extensions [None req-b2544b3e-af35-4aa1-a9e4-5cb28c10d9a7 None None] Extension ip_allocation not supported by any of loaded plugins
Jun 24 00:57:24.011075 np0000182646 devstack@neutron-api.service[102955]: DEBUG neutron.api.extensions [None req-b2544b3e-af35-4aa1-a9e4-5cb28c10d9a7 None None] Loading extension file: ip_substring_port_filtering.py {{(pid=102955) _load_all_extensions_from_path /opt/stack/neutron/neutron/api/extensions.py:449}}
Jun 24 00:57:24.011288 np0000182646 devstack@neutron-api.service[102955]: DEBUG neutron.api.extensions [None req-b2544b3e-af35-4aa1-a9e4-5cb28c10d9a7 None None] Ext name="IP address substring filtering" alias="ip-substring-filtering" description="Provides IP address substring filtering when listing ports" updated="2017-11-28T09:00:00-00:00" {{(pid=102955) _check_extension /opt/stack/neutron/neutron/api/extensions.py:415}}
Jun 24 00:57:24.011467 np0000182646 devstack@neutron-api.service[102955]: INFO neutron.api.extensions [None req-b2544b3e-af35-4aa1-a9e4-5cb28c10d9a7 None None] Extension ip-substring-filtering not supported by any of loaded plugins
Jun 24 00:57:24.011556 np0000182646 devstack@neutron-api.service[102955]: DEBUG neutron.api.extensions [None req-b2544b3e-af35-4aa1-a9e4-5cb28c10d9a7 None None] Loading extension file: l2_adjacency.py {{(pid=102955) _load_all_extensions_from_path /opt/stack/neutron/neutron/api/extensions.py:449}}
Jun 24 00:57:24.011588 np0000182646 devstack@neutron-api.service[102958]: DEBUG neutron.services.provider_configuration [None req-625863d9-7708-4028-a477-a6732d9bd6d8 None None] Service providers = [] {{(pid=102958) parse_service_provider_opt /opt/stack/neutron/neutron/services/provider_configuration.py:170}}
Jun 24 00:57:24.011652 np0000182646 devstack@neutron-api.service[102958]: DEBUG neutron.db.servicetype_db [None req-625863d9-7708-4028-a477-a6732d9bd6d8 None None] Adding provider configuration for service L3_ROUTER_NAT {{(pid=102958) add_provider_configuration /opt/stack/neutron/neutron/db/servicetype_db.py:45}}
Jun 24 00:57:24.011772 np0000182646 devstack@neutron-api.service[102955]: DEBUG neutron.api.extensions [None req-b2544b3e-af35-4aa1-a9e4-5cb28c10d9a7 None None] Ext name="L2 Adjacency" alias="l2_adjacency" description="Display L2 Adjacency for Neutron Networks." updated="2016-04-12T16:00:00-00:00" {{(pid=102955) _check_extension /opt/stack/neutron/neutron/api/extensions.py:415}}
Jun 24 00:57:24.011940 np0000182646 devstack@neutron-api.service[102955]: INFO neutron.api.extensions [None req-b2544b3e-af35-4aa1-a9e4-5cb28c10d9a7 None None] Extension l2_adjacency not supported by any of loaded plugins
Jun 24 00:57:24.012031 np0000182646 devstack@neutron-api.service[102955]: DEBUG neutron.api.extensions [None req-b2544b3e-af35-4aa1-a9e4-5cb28c10d9a7 None None] Loading extension file: l3.py {{(pid=102955) _load_all_extensions_from_path /opt/stack/neutron/neutron/api/extensions.py:449}}
Jun 24 00:57:24.012488 np0000182646 devstack@neutron-api.service[102955]: DEBUG neutron.api.extensions [None req-b2544b3e-af35-4aa1-a9e4-5cb28c10d9a7 None None] Ext name="Neutron L3 Router" alias="router" description="Router abstraction for basic L3 forwarding between L2 Neutron networks and access to external networks via a NAT gateway." updated="2012-07-20T10:00:00-00:00" {{(pid=102955) _check_extension /opt/stack/neutron/neutron/api/extensions.py:415}}
Jun 24 00:57:24.012681 np0000182646 devstack@neutron-api.service[102955]: INFO neutron.api.extensions [None req-b2544b3e-af35-4aa1-a9e4-5cb28c10d9a7 None None] Loaded extension: router
Jun 24 00:57:24.012774 np0000182646 devstack@neutron-api.service[102955]: DEBUG neutron.api.extensions [None req-b2544b3e-af35-4aa1-a9e4-5cb28c10d9a7 None None] Loading extension file: l3_agent_scheduler_ha_chassis_priority.py {{(pid=102955) _load_all_extensions_from_path /opt/stack/neutron/neutron/api/extensions.py:449}}
Jun 24 00:57:24.012826 np0000182646 devstack@neutron-api.service[102958]: DEBUG neutron_lib.callbacks.manager [None req-625863d9-7708-4028-a477-a6732d9bd6d8 None None] Subscribe: > router precommit_create 55549900, False {{(pid=102958) subscribe /opt/stack/data/venv/lib/python3.12/site-packages/neutron_lib/callbacks/manager.py:52}}
Jun 24 00:57:24.012937 np0000182646 devstack@neutron-api.service[102958]: DEBUG neutron_lib.callbacks.manager [None req-625863d9-7708-4028-a477-a6732d9bd6d8 None None] Subscribe: > router_interface after_create 55550000, False {{(pid=102958) subscribe /opt/stack/data/venv/lib/python3.12/site-packages/neutron_lib/callbacks/manager.py:52}}
Jun 24 00:57:24.013008 np0000182646 devstack@neutron-api.service[102955]: DEBUG neutron.api.extensions [None req-b2544b3e-af35-4aa1-a9e4-5cb28c10d9a7 None None] Ext name="L3 Agent Scheduler HA Chassis Priority" alias="l3-agent-scheduler-ha-chassis-priority" description="Exposes the HA_Chassis priority in the L3 Agent Scheduler API responses and allows setting priority when scheduling a router to a chassis." updated="2026-03-31T00:00:00-00:00" {{(pid=102955) _check_extension /opt/stack/neutron/neutron/api/extensions.py:415}}
Jun 24 00:57:24.013035 np0000182646 devstack@neutron-api.service[102958]: DEBUG neutron_lib.callbacks.manager [None req-625863d9-7708-4028-a477-a6732d9bd6d8 None None] Subscribe: > floatingip after_create 55550000, False {{(pid=102958) subscribe /opt/stack/data/venv/lib/python3.12/site-packages/neutron_lib/callbacks/manager.py:52}}
Jun 24 00:57:24.013127 np0000182646 devstack@neutron-api.service[102958]: DEBUG neutron_lib.callbacks.manager [None req-625863d9-7708-4028-a477-a6732d9bd6d8 None None] Subscribe: > floatingip precommit_create 55550000, False {{(pid=102958) subscribe /opt/stack/data/venv/lib/python3.12/site-packages/neutron_lib/callbacks/manager.py:52}}
Jun 24 00:57:24.013160 np0000182646 devstack@neutron-api.service[102955]: INFO neutron.api.extensions [None req-b2544b3e-af35-4aa1-a9e4-5cb28c10d9a7 None None] Loaded extension: l3-agent-scheduler-ha-chassis-priority
Jun 24 00:57:24.013239 np0000182646 devstack@neutron-api.service[102958]: DEBUG neutron_lib.callbacks.manager [None req-625863d9-7708-4028-a477-a6732d9bd6d8 None None] Subscribe: > floatingip precommit_update 55550000, False {{(pid=102958) subscribe /opt/stack/data/venv/lib/python3.12/site-packages/neutron_lib/callbacks/manager.py:52}}
Jun 24 00:57:24.013266 np0000182646 devstack@neutron-api.service[102955]: DEBUG neutron.api.extensions [None req-b2544b3e-af35-4aa1-a9e4-5cb28c10d9a7 None None] Loading extension file: l3_conntrack_helper.py {{(pid=102955) _load_all_extensions_from_path /opt/stack/neutron/neutron/api/extensions.py:449}}
Jun 24 00:57:24.013330 np0000182646 devstack@neutron-api.service[102958]: DEBUG neutron_lib.callbacks.manager [None req-625863d9-7708-4028-a477-a6732d9bd6d8 None None] Subscribe: > floatingip after_delete 55550000, False {{(pid=102958) subscribe /opt/stack/data/venv/lib/python3.12/site-packages/neutron_lib/callbacks/manager.py:52}}
Jun 24 00:57:24.013422 np0000182646 devstack@neutron-api.service[102958]: DEBUG neutron_lib.callbacks.manager [None req-625863d9-7708-4028-a477-a6732d9bd6d8 None None] Subscribe: > floatingip after_status_update 55550000, False {{(pid=102958) subscribe /opt/stack/data/venv/lib/python3.12/site-packages/neutron_lib/callbacks/manager.py:52}}
Jun 24 00:57:24.013516 np0000182646 devstack@neutron-api.service[102958]: DEBUG neutron_lib.callbacks.manager [None req-625863d9-7708-4028-a477-a6732d9bd6d8 None None] Subscribe: > floatingip after_update 55550000, False {{(pid=102958) subscribe /opt/stack/data/venv/lib/python3.12/site-packages/neutron_lib/callbacks/manager.py:52}}
Jun 24 00:57:24.013618 np0000182646 devstack@neutron-api.service[102958]: DEBUG neutron_lib.callbacks.manager [None req-625863d9-7708-4028-a477-a6732d9bd6d8 None None] Subscribe: > port_forwarding after_create 55550000, False {{(pid=102958) subscribe /opt/stack/data/venv/lib/python3.12/site-packages/neutron_lib/callbacks/manager.py:52}}
Jun 24 00:57:24.013766 np0000182646 devstack@neutron-api.service[102958]: DEBUG neutron_lib.callbacks.manager [None req-625863d9-7708-4028-a477-a6732d9bd6d8 None None] Subscribe: > router_interface after_delete 55550000, False {{(pid=102958) subscribe /opt/stack/data/venv/lib/python3.12/site-packages/neutron_lib/callbacks/manager.py:52}}
Jun 24 00:57:24.013841 np0000182646 devstack@neutron-api.service[102958]: DEBUG neutron_lib.callbacks.manager [None req-625863d9-7708-4028-a477-a6732d9bd6d8 None None] Subscribe: > router after_create 55550000, False {{(pid=102958) subscribe /opt/stack/data/venv/lib/python3.12/site-packages/neutron_lib/callbacks/manager.py:52}}
Jun 24 00:57:24.013923 np0000182646 devstack@neutron-api.service[102955]: DEBUG neutron.api.extensions [None req-b2544b3e-af35-4aa1-a9e4-5cb28c10d9a7 None None] Ext name="L3 Conntrack helper" alias="l3-conntrack-helper" description="Allow adding CT target rules for conntrack helper" updated="2019-04-04T10:00:00-00:00" {{(pid=102955) _check_extension /opt/stack/neutron/neutron/api/extensions.py:415}}
Jun 24 00:57:24.013950 np0000182646 devstack@neutron-api.service[102958]: DEBUG neutron_lib.callbacks.manager [None req-625863d9-7708-4028-a477-a6732d9bd6d8 None None] Subscribe: > router precommit_create 55550000, False {{(pid=102958) subscribe /opt/stack/data/venv/lib/python3.12/site-packages/neutron_lib/callbacks/manager.py:52}}
Jun 24 00:57:24.014026 np0000182646 devstack@neutron-api.service[102958]: DEBUG neutron_lib.callbacks.manager [None req-625863d9-7708-4028-a477-a6732d9bd6d8 None None] Subscribe: > router after_delete 55550000, False {{(pid=102958) subscribe /opt/stack/data/venv/lib/python3.12/site-packages/neutron_lib/callbacks/manager.py:52}}
Jun 24 00:57:24.014079 np0000182646 devstack@neutron-api.service[102955]: INFO neutron.api.extensions [None req-b2544b3e-af35-4aa1-a9e4-5cb28c10d9a7 None None] Extension l3-conntrack-helper not supported by any of loaded plugins
Jun 24 00:57:24.014128 np0000182646 devstack@neutron-api.service[102958]: DEBUG neutron_lib.callbacks.manager [None req-625863d9-7708-4028-a477-a6732d9bd6d8 None None] Subscribe: > router after_update 55550000, False {{(pid=102958) subscribe /opt/stack/data/venv/lib/python3.12/site-packages/neutron_lib/callbacks/manager.py:52}}
Jun 24 00:57:24.014190 np0000182646 devstack@neutron-api.service[102955]: DEBUG neutron.api.extensions [None req-b2544b3e-af35-4aa1-a9e4-5cb28c10d9a7 None None] Loading extension file: l3_enable_default_route_bfd.py {{(pid=102955) _load_all_extensions_from_path /opt/stack/neutron/neutron/api/extensions.py:449}}
Jun 24 00:57:24.014246 np0000182646 devstack@neutron-api.service[102958]: DEBUG neutron.services.service_base [None req-625863d9-7708-4028-a477-a6732d9bd6d8 None None] Loaded 'neutron.services.ovn_l3.service_providers.ovn.OvnDriver' provider for service L3_ROUTER_NAT {{(pid=102958) load_drivers /opt/stack/neutron/neutron/services/service_base.py:49}}
Jun 24 00:57:24.014349 np0000182646 devstack@neutron-api.service[102958]: DEBUG neutron_lib.callbacks.manager [None req-625863d9-7708-4028-a477-a6732d9bd6d8 None None] Subscribe: > process after_init 55550001, True {{(pid=102958) subscribe /opt/stack/data/venv/lib/python3.12/site-packages/neutron_lib/callbacks/manager.py:52}}
Jun 24 00:57:24.014402 np0000182646 devstack@neutron-api.service[102955]: DEBUG neutron.api.extensions [None req-b2544b3e-af35-4aa1-a9e4-5cb28c10d9a7 None None] Ext name="Enable Default Route BFD" alias="enable-default-route-bfd" description="Enables configurable BFD behavior for default routes" updated="2023-02-27T00:00:00-00:00" {{(pid=102955) _check_extension /opt/stack/neutron/neutron/api/extensions.py:415}}
Jun 24 00:57:24.014480 np0000182646 devstack@neutron-api.service[102958]: DEBUG neutron.manager [None req-625863d9-7708-4028-a477-a6732d9bd6d8 None None] Successfully loaded L3_ROUTER_NAT plugin. Description: L3 Router Service Plugin for basic L3 forwarding using OVN {{(pid=102958) _create_and_add_service_plugin /opt/stack/neutron/neutron/manager.py:236}}
Jun 24 00:57:24.014572 np0000182646 devstack@neutron-api.service[102958]: INFO neutron.manager [None req-625863d9-7708-4028-a477-a6732d9bd6d8 None None] Loading Plugin: auto_allocate
Jun 24 00:57:24.014599 np0000182646 devstack@neutron-api.service[102955]: INFO neutron.api.extensions [None req-b2544b3e-af35-4aa1-a9e4-5cb28c10d9a7 None None] Loaded extension: enable-default-route-bfd
Jun 24 00:57:24.014681 np0000182646 devstack@neutron-api.service[102955]: DEBUG neutron.api.extensions [None req-b2544b3e-af35-4aa1-a9e4-5cb28c10d9a7 None None] Loading extension file: l3_enable_default_route_ecmp.py {{(pid=102955) _load_all_extensions_from_path /opt/stack/neutron/neutron/api/extensions.py:449}}
Jun 24 00:57:24.014903 np0000182646 devstack@neutron-api.service[102955]: DEBUG neutron.api.extensions [None req-b2544b3e-af35-4aa1-a9e4-5cb28c10d9a7 None None] Ext name="Enable Default Route ECMP" alias="enable-default-route-ecmp" description="Enables configurable ECMP behavior for default routes" updated="2023-02-27T00:00:00-00:00" {{(pid=102955) _check_extension /opt/stack/neutron/neutron/api/extensions.py:415}}
Jun 24 00:57:24.015092 np0000182646 devstack@neutron-api.service[102955]: INFO neutron.api.extensions [None req-b2544b3e-af35-4aa1-a9e4-5cb28c10d9a7 None None] Loaded extension: enable-default-route-ecmp
Jun 24 00:57:24.015176 np0000182646 devstack@neutron-api.service[102955]: DEBUG neutron.api.extensions [None req-b2544b3e-af35-4aa1-a9e4-5cb28c10d9a7 None None] Loading extension file: l3_ext_gw_mode.py {{(pid=102955) _load_all_extensions_from_path /opt/stack/neutron/neutron/api/extensions.py:449}}
Jun 24 00:57:24.015427 np0000182646 devstack@neutron-api.service[102955]: DEBUG neutron.api.extensions [None req-b2544b3e-af35-4aa1-a9e4-5cb28c10d9a7 None None] Ext name="Neutron L3 Configurable external gateway mode" alias="ext-gw-mode" description="Extension of the router abstraction for specifying whether SNAT should occur on the external gateway" updated="2013-03-28T10:00:00-00:00" {{(pid=102955) _check_extension /opt/stack/neutron/neutron/api/extensions.py:415}}
Jun 24 00:57:24.015500 np0000182646 devstack@neutron-api.service[102958]: DEBUG neutron_lib.callbacks.manager [None req-625863d9-7708-4028-a477-a6732d9bd6d8 None None] Subscribe: network precommit_update 55550000, False {{(pid=102958) subscribe /opt/stack/data/venv/lib/python3.12/site-packages/neutron_lib/callbacks/manager.py:52}}
Jun 24 00:57:24.015589 np0000182646 devstack@neutron-api.service[102955]: INFO neutron.api.extensions [None req-b2544b3e-af35-4aa1-a9e4-5cb28c10d9a7 None None] Loaded extension: ext-gw-mode
Jun 24 00:57:24.015613 np0000182646 devstack@neutron-api.service[102958]: DEBUG neutron_lib.callbacks.manager [None req-625863d9-7708-4028-a477-a6732d9bd6d8 None None] Subscribe: network precommit_create 55550000, False {{(pid=102958) subscribe /opt/stack/data/venv/lib/python3.12/site-packages/neutron_lib/callbacks/manager.py:52}}
Jun 24 00:57:24.015643 np0000182646 devstack@neutron-api.service[102955]: DEBUG neutron.api.extensions [None req-b2544b3e-af35-4aa1-a9e4-5cb28c10d9a7 None None] Loading extension file: l3_ext_ha_mode.py {{(pid=102955) _load_all_extensions_from_path /opt/stack/neutron/neutron/api/extensions.py:449}}
Jun 24 00:57:24.015813 np0000182646 devstack@neutron-api.service[102958]: DEBUG neutron.manager [None req-625863d9-7708-4028-a477-a6732d9bd6d8 None None] Successfully loaded auto-allocated-topology plugin. Description: Auto Allocated Topology - aka get me a network. {{(pid=102958) _create_and_add_service_plugin /opt/stack/neutron/neutron/manager.py:236}}
Jun 24 00:57:24.015892 np0000182646 devstack@neutron-api.service[102955]: DEBUG neutron.api.extensions [None req-b2544b3e-af35-4aa1-a9e4-5cb28c10d9a7 None None] Ext name="HA Router extension" alias="l3-ha" description="Adds HA capability to routers." updated="2014-04-26T00:00:00-00:00" {{(pid=102955) _check_extension /opt/stack/neutron/neutron/api/extensions.py:415}}
Jun 24 00:57:24.015953 np0000182646 devstack@neutron-api.service[102958]: INFO neutron.manager [None req-625863d9-7708-4028-a477-a6732d9bd6d8 None None] Loading Plugin: tag
Jun 24 00:57:24.016088 np0000182646 devstack@neutron-api.service[102955]: INFO neutron.api.extensions [None req-b2544b3e-af35-4aa1-a9e4-5cb28c10d9a7 None None] Loaded extension: l3-ha
Jun 24 00:57:24.016175 np0000182646 devstack@neutron-api.service[102955]: DEBUG neutron.api.extensions [None req-b2544b3e-af35-4aa1-a9e4-5cb28c10d9a7 None None] Loading extension file: l3_ext_ndp_proxy.py {{(pid=102955) _load_all_extensions_from_path /opt/stack/neutron/neutron/api/extensions.py:449}}
Jun 24 00:57:24.017374 np0000182646 devstack@neutron-api.service[102955]: DEBUG neutron.api.extensions [None req-b2544b3e-af35-4aa1-a9e4-5cb28c10d9a7 None None] Ext name="Router support to enable NDP proxy" alias="l3-ext-ndp-proxy" description="Router extension to enable ndp proxy" updated="2020-08-25T00:00:00-00:00" {{(pid=102955) _check_extension /opt/stack/neutron/neutron/api/extensions.py:415}}
Jun 24 00:57:24.017566 np0000182646 devstack@neutron-api.service[102955]: INFO neutron.api.extensions [None req-b2544b3e-af35-4aa1-a9e4-5cb28c10d9a7 None None] Extension l3-ext-ndp-proxy not supported by any of loaded plugins
Jun 24 00:57:24.017717 np0000182646 devstack@neutron-api.service[102955]: DEBUG neutron.api.extensions [None req-b2544b3e-af35-4aa1-a9e4-5cb28c10d9a7 None None] Loading extension file: l3_extra_gws.py {{(pid=102955) _load_all_extensions_from_path /opt/stack/neutron/neutron/api/extensions.py:449}}
Jun 24 00:57:24.017925 np0000182646 devstack@neutron-api.service[102955]: DEBUG neutron.api.extensions [None req-b2544b3e-af35-4aa1-a9e4-5cb28c10d9a7 None None] Ext name="Neutron L3 External Gateway Multihoming" alias="external-gateway-multihoming" description="Allow multiple external gateway ports per router" updated="2023-01-18T00:00:00-00:00" {{(pid=102955) _check_extension /opt/stack/neutron/neutron/api/extensions.py:415}}
Jun 24 00:57:24.018102 np0000182646 devstack@neutron-api.service[102955]: INFO neutron.api.extensions [None req-b2544b3e-af35-4aa1-a9e4-5cb28c10d9a7 None None] Loaded extension: external-gateway-multihoming
Jun 24 00:57:24.018190 np0000182646 devstack@neutron-api.service[102955]: DEBUG neutron.api.extensions [None req-b2544b3e-af35-4aa1-a9e4-5cb28c10d9a7 None None] Loading extension file: l3_flavors.py {{(pid=102955) _load_all_extensions_from_path /opt/stack/neutron/neutron/api/extensions.py:449}}
Jun 24 00:57:24.018425 np0000182646 devstack@neutron-api.service[102955]: DEBUG neutron.api.extensions [None req-b2544b3e-af35-4aa1-a9e4-5cb28c10d9a7 None None] Ext name="Router Flavor Extension" alias="l3-flavors" description="Flavor support for routers." updated="2016-05-17T00:00:00-00:00" {{(pid=102955) _check_extension /opt/stack/neutron/neutron/api/extensions.py:415}}
Jun 24 00:57:24.018507 np0000182646 devstack@neutron-api.service[102958]: DEBUG neutron.manager [None req-625863d9-7708-4028-a477-a6732d9bd6d8 None None] Successfully loaded TAG plugin. Description: Tag support {{(pid=102958) _create_and_add_service_plugin /opt/stack/neutron/neutron/manager.py:236}}
Jun 24 00:57:24.018601 np0000182646 devstack@neutron-api.service[102958]: INFO neutron.manager [None req-625863d9-7708-4028-a477-a6732d9bd6d8 None None] Loading Plugin: timestamp
Jun 24 00:57:24.018639 np0000182646 devstack@neutron-api.service[102955]: INFO neutron.api.extensions [None req-b2544b3e-af35-4aa1-a9e4-5cb28c10d9a7 None None] Loaded extension: l3-flavors
Jun 24 00:57:24.018705 np0000182646 devstack@neutron-api.service[102955]: DEBUG neutron.api.extensions [None req-b2544b3e-af35-4aa1-a9e4-5cb28c10d9a7 None None] Loading extension file: l3_ndp_proxy.py {{(pid=102955) _load_all_extensions_from_path /opt/stack/neutron/neutron/api/extensions.py:449}}
Jun 24 00:57:24.019003 np0000182646 devstack@neutron-api.service[102955]: DEBUG neutron.api.extensions [None req-b2544b3e-af35-4aa1-a9e4-5cb28c10d9a7 None None] Ext name="name" alias="l3-ndp-proxy" description="description" updated="2021-06-29T10:00:00-00:00" {{(pid=102955) _check_extension /opt/stack/neutron/neutron/api/extensions.py:415}}
Jun 24 00:57:24.019224 np0000182646 devstack@neutron-api.service[102955]: INFO neutron.api.extensions [None req-b2544b3e-af35-4aa1-a9e4-5cb28c10d9a7 None None] Extension l3-ndp-proxy not supported by any of loaded plugins
Jun 24 00:57:24.019316 np0000182646 devstack@neutron-api.service[102955]: DEBUG neutron.api.extensions [None req-b2544b3e-af35-4aa1-a9e4-5cb28c10d9a7 None None] Loading extension file: l3_port_ip_change_not_allowed.py {{(pid=102955) _load_all_extensions_from_path /opt/stack/neutron/neutron/api/extensions.py:449}}
Jun 24 00:57:24.019541 np0000182646 devstack@neutron-api.service[102955]: DEBUG neutron.api.extensions [None req-b2544b3e-af35-4aa1-a9e4-5cb28c10d9a7 None None] Ext name="Prevent L3 router ports IP address change extension" alias="l3-port-ip-change-not-allowed" description="Prevent change of IP address for some L3 router ports" updated="2018-10-09T10:00:00-00:00" {{(pid=102955) _check_extension /opt/stack/neutron/neutron/api/extensions.py:415}}
Jun 24 00:57:24.019764 np0000182646 devstack@neutron-api.service[102955]: INFO neutron.api.extensions [None req-b2544b3e-af35-4aa1-a9e4-5cb28c10d9a7 None None] Extension l3-port-ip-change-not-allowed not supported by any of loaded plugins
Jun 24 00:57:24.019811 np0000182646 devstack@neutron-api.service[102958]: DEBUG neutron.manager [None req-625863d9-7708-4028-a477-a6732d9bd6d8 None None] Successfully loaded timestamp plugin. Description: Adds timestamps to Neutron resources with standard attributes {{(pid=102958) _create_and_add_service_plugin /opt/stack/neutron/neutron/manager.py:236}}
Jun 24 00:57:24.019934 np0000182646 devstack@neutron-api.service[102955]: DEBUG neutron.api.extensions [None req-b2544b3e-af35-4aa1-a9e4-5cb28c10d9a7 None None] Loading extension file: l3agentscheduler.py {{(pid=102955) _load_all_extensions_from_path /opt/stack/neutron/neutron/api/extensions.py:449}}
Jun 24 00:57:24.020013 np0000182646 devstack@neutron-api.service[102958]: INFO neutron.manager [None req-625863d9-7708-4028-a477-a6732d9bd6d8 None None] Loading Plugin: network_ip_availability
Jun 24 00:57:24.020496 np0000182646 devstack@neutron-api.service[102955]: DEBUG neutron.api.extensions [None req-b2544b3e-af35-4aa1-a9e4-5cb28c10d9a7 None None] Ext name="L3 Agent Scheduler" alias="l3_agent_scheduler" description="Schedule routers among l3 agents" updated="2013-02-07T10:00:00-00:00" {{(pid=102955) _check_extension /opt/stack/neutron/neutron/api/extensions.py:415}}
Jun 24 00:57:24.020735 np0000182646 devstack@neutron-api.service[102955]: INFO neutron.api.extensions [None req-b2544b3e-af35-4aa1-a9e4-5cb28c10d9a7 None None] Loaded extension: l3_agent_scheduler
Jun 24 00:57:24.020773 np0000182646 devstack@neutron-api.service[102955]: DEBUG neutron.api.extensions [None req-b2544b3e-af35-4aa1-a9e4-5cb28c10d9a7 None None] Loading extension file: local_ip.py {{(pid=102955) _load_all_extensions_from_path /opt/stack/neutron/neutron/api/extensions.py:449}}
Jun 24 00:57:24.021142 np0000182646 devstack@neutron-api.service[102955]: DEBUG neutron.api.extensions [None req-b2544b3e-af35-4aa1-a9e4-5cb28c10d9a7 None None] Ext name="Local IP" alias="local_ip" description="Support Node Local Virtual IP" updated="2021-07-26T10:00:00-00:00" {{(pid=102955) _check_extension /opt/stack/neutron/neutron/api/extensions.py:415}}
Jun 24 00:57:24.021299 np0000182646 devstack@neutron-api.service[102955]: INFO neutron.api.extensions [None req-b2544b3e-af35-4aa1-a9e4-5cb28c10d9a7 None None] Extension local_ip not supported by any of loaded plugins
Jun 24 00:57:24.021380 np0000182646 devstack@neutron-api.service[102955]: DEBUG neutron.api.extensions [None req-b2544b3e-af35-4aa1-a9e4-5cb28c10d9a7 None None] Loading extension file: logging.py {{(pid=102955) _load_all_extensions_from_path /opt/stack/neutron/neutron/api/extensions.py:449}}
Jun 24 00:57:24.021425 np0000182646 devstack@neutron-api.service[102958]: DEBUG neutron.manager [None req-625863d9-7708-4028-a477-a6732d9bd6d8 None None] Successfully loaded network-ip-availability plugin. Description: Provides IP availability data for each network and subnet. {{(pid=102958) _create_and_add_service_plugin /opt/stack/neutron/neutron/manager.py:236}}
Jun 24 00:57:24.021688 np0000182646 devstack@neutron-api.service[102958]: INFO neutron.manager [None req-625863d9-7708-4028-a477-a6732d9bd6d8 None None] Loading Plugin: flavors
Jun 24 00:57:24.021937 np0000182646 devstack@neutron-api.service[102955]: DEBUG neutron.api.extensions [None req-b2544b3e-af35-4aa1-a9e4-5cb28c10d9a7 None None] Ext name="Logging API Extension" alias="logging" description="Provides a logging API for resources such as security group and firewall." updated="2017-01-01T10:00:00-00:00" {{(pid=102955) _check_extension /opt/stack/neutron/neutron/api/extensions.py:415}}
Jun 24 00:57:24.021937 np0000182646 devstack@neutron-api.service[102955]: INFO neutron.api.extensions [None req-b2544b3e-af35-4aa1-a9e4-5cb28c10d9a7 None None] Extension logging not supported by any of loaded plugins
Jun 24 00:57:24.021937 np0000182646 devstack@neutron-api.service[102955]: DEBUG neutron.api.extensions [None req-b2544b3e-af35-4aa1-a9e4-5cb28c10d9a7 None None] Loading extension file: metering.py {{(pid=102955) _load_all_extensions_from_path /opt/stack/neutron/neutron/api/extensions.py:449}}
Jun 24 00:57:24.022300 np0000182646 devstack@neutron-api.service[102958]: DEBUG neutron.manager [None req-625863d9-7708-4028-a477-a6732d9bd6d8 None None] Successfully loaded FLAVORS plugin. Description: Neutron Flavors and Service Profiles manager plugin {{(pid=102958) _create_and_add_service_plugin /opt/stack/neutron/neutron/manager.py:236}}
Jun 24 00:57:24.022341 np0000182646 devstack@neutron-api.service[102955]: DEBUG neutron.api.extensions [None req-b2544b3e-af35-4aa1-a9e4-5cb28c10d9a7 None None] Ext name="Neutron Metering" alias="metering" description="Neutron Metering extension." updated="2013-06-12T10:00:00-00:00" {{(pid=102955) _check_extension /opt/stack/neutron/neutron/api/extensions.py:415}}
Jun 24 00:57:24.022428 np0000182646 devstack@neutron-api.service[102958]: INFO neutron.manager [None req-625863d9-7708-4028-a477-a6732d9bd6d8 None None] Loading Plugin: revisions
Jun 24 00:57:24.022549 np0000182646 devstack@neutron-api.service[102955]: INFO neutron.api.extensions [None req-b2544b3e-af35-4aa1-a9e4-5cb28c10d9a7 None None] Extension metering not supported by any of loaded plugins
Jun 24 00:57:24.022549 np0000182646 devstack@neutron-api.service[102955]: DEBUG neutron.api.extensions [None req-b2544b3e-af35-4aa1-a9e4-5cb28c10d9a7 None None] Loading extension file: metering_source_and_destination_fields.py {{(pid=102955) _load_all_extensions_from_path /opt/stack/neutron/neutron/api/extensions.py:449}}
Jun 24 00:57:24.022822 np0000182646 devstack@neutron-api.service[102955]: DEBUG neutron.api.extensions [None req-b2544b3e-af35-4aa1-a9e4-5cb28c10d9a7 None None] Ext name="Neutron Metering with source and destination filtering" alias="metering_source_and_destination_fields" description="Neutron Metering extension that enables the use of source and destination IP prefixes to create metering label rules." updated="2020-08-21T08:12:00-00:00" {{(pid=102955) _check_extension /opt/stack/neutron/neutron/api/extensions.py:415}}
Jun 24 00:57:24.022975 np0000182646 devstack@neutron-api.service[102955]: INFO neutron.api.extensions [None req-b2544b3e-af35-4aa1-a9e4-5cb28c10d9a7 None None] Extension metering_source_and_destination_fields not supported by any of loaded plugins
Jun 24 00:57:24.023066 np0000182646 devstack@neutron-api.service[102955]: DEBUG neutron.api.extensions [None req-b2544b3e-af35-4aa1-a9e4-5cb28c10d9a7 None None] Loading extension file: multiprovidernet.py {{(pid=102955) _load_all_extensions_from_path /opt/stack/neutron/neutron/api/extensions.py:449}}
Jun 24 00:57:24.023333 np0000182646 devstack@neutron-api.service[102955]: DEBUG neutron.api.extensions [None req-b2544b3e-af35-4aa1-a9e4-5cb28c10d9a7 None None] Ext name="Multi Provider Network" alias="multi-provider" description="Expose mapping of virtual networks to multiple physical networks" updated="2013-06-27T10:00:00-00:00" {{(pid=102955) _check_extension /opt/stack/neutron/neutron/api/extensions.py:415}}
Jun 24 00:57:24.023391 np0000182646 devstack@neutron-api.service[102958]: DEBUG neutron.manager [None req-625863d9-7708-4028-a477-a6732d9bd6d8 None None] Successfully loaded revision_plugin plugin. Description: Adds revision numbers to resources. {{(pid=102958) _create_and_add_service_plugin /opt/stack/neutron/neutron/manager.py:236}}
Jun 24 00:57:24.023497 np0000182646 devstack@neutron-api.service[102955]: INFO neutron.api.extensions [None req-b2544b3e-af35-4aa1-a9e4-5cb28c10d9a7 None None] Loaded extension: multi-provider
Jun 24 00:57:24.023534 np0000182646 devstack@neutron-api.service[102958]: DEBUG oslo_concurrency.lockutils [None req-625863d9-7708-4028-a477-a6732d9bd6d8 None None] Lock "manager" "released" by "neutron.manager.NeutronManager._create_instance" :: held 4.796s {{(pid=102958) inner /opt/stack/data/venv/lib/python3.12/site-packages/oslo_concurrency/lockutils.py:543}}
Jun 24 00:57:24.023621 np0000182646 devstack@neutron-api.service[102955]: DEBUG neutron.api.extensions [None req-b2544b3e-af35-4aa1-a9e4-5cb28c10d9a7 None None] Loading extension file: netmtu.py {{(pid=102955) _load_all_extensions_from_path /opt/stack/neutron/neutron/api/extensions.py:449}}
Jun 24 00:57:24.023760 np0000182646 devstack@neutron-api.service[102958]: DEBUG neutron.api.extensions [None req-625863d9-7708-4028-a477-a6732d9bd6d8 None None] get_extension_paths = OrderedDict({'/opt/stack/neutron/neutron/extensions': 1}) {{(pid=102958) get_extensions_path /opt/stack/neutron/neutron/api/extensions.py:640}}
Jun 24 00:57:24.023810 np0000182646 devstack@neutron-api.service[102955]: DEBUG neutron.api.extensions [None req-b2544b3e-af35-4aa1-a9e4-5cb28c10d9a7 None None] Ext name="Network MTU" alias="net-mtu" description="Provides MTU attribute for a network resource." updated="2015-03-25T10:00:00-00:00" {{(pid=102955) _check_extension /opt/stack/neutron/neutron/api/extensions.py:415}}
Jun 24 00:57:24.023943 np0000182646 devstack@neutron-api.service[102958]: INFO neutron.api.extensions [None req-625863d9-7708-4028-a477-a6732d9bd6d8 None None] Initializing extension manager.
Jun 24 00:57:24.024020 np0000182646 devstack@neutron-api.service[102955]: INFO neutron.api.extensions [None req-b2544b3e-af35-4aa1-a9e4-5cb28c10d9a7 None None] Loaded extension: net-mtu
Jun 24 00:57:24.024020 np0000182646 devstack@neutron-api.service[102955]: DEBUG neutron.api.extensions [None req-b2544b3e-af35-4aa1-a9e4-5cb28c10d9a7 None None] Loading extension file: netmtu_writable.py {{(pid=102955) _load_all_extensions_from_path /opt/stack/neutron/neutron/api/extensions.py:449}}
Jun 24 00:57:24.024141 np0000182646 devstack@neutron-api.service[102958]: DEBUG neutron.api.extensions [None req-625863d9-7708-4028-a477-a6732d9bd6d8 None None] Loading extension file: __init__.py {{(pid=102958) _load_all_extensions_from_path /opt/stack/neutron/neutron/api/extensions.py:449}}
Jun 24 00:57:24.024221 np0000182646 devstack@neutron-api.service[102958]: DEBUG neutron.api.extensions [None req-625863d9-7708-4028-a477-a6732d9bd6d8 None None] Loading extension file: __pycache__ {{(pid=102958) _load_all_extensions_from_path /opt/stack/neutron/neutron/api/extensions.py:449}}
Jun 24 00:57:24.024266 np0000182646 devstack@neutron-api.service[102955]: DEBUG neutron.api.extensions [None req-b2544b3e-af35-4aa1-a9e4-5cb28c10d9a7 None None] Ext name="Network MTU (writable)" alias="net-mtu-writable" description="Provides a writable MTU attribute for a network resource." updated="2017-07-12T00:00:00-00:00" {{(pid=102955) _check_extension /opt/stack/neutron/neutron/api/extensions.py:415}}
Jun 24 00:57:24.024353 np0000182646 devstack@neutron-api.service[102958]: DEBUG neutron.api.extensions [None req-625863d9-7708-4028-a477-a6732d9bd6d8 None None] Loading extension file: aap_reject_multicast.py {{(pid=102958) _load_all_extensions_from_path /opt/stack/neutron/neutron/api/extensions.py:449}}
Jun 24 00:57:24.024470 np0000182646 devstack@neutron-api.service[102955]: INFO neutron.api.extensions [None req-b2544b3e-af35-4aa1-a9e4-5cb28c10d9a7 None None] Loaded extension: net-mtu-writable
Jun 24 00:57:24.024509 np0000182646 devstack@neutron-api.service[102955]: DEBUG neutron.api.extensions [None req-b2544b3e-af35-4aa1-a9e4-5cb28c10d9a7 None None] Loading extension file: network_availability_zone.py {{(pid=102955) _load_all_extensions_from_path /opt/stack/neutron/neutron/api/extensions.py:449}}
Jun 24 00:57:24.024699 np0000182646 devstack@neutron-api.service[102958]: DEBUG neutron.api.extensions [None req-625863d9-7708-4028-a477-a6732d9bd6d8 None None] Ext name="Allowed address pairs reject multicast extension" alias="aap-reject-multicast" description="Reject multicast addresses in Allowed Address Pairs" updated="2026-04-01T00:00:00-00:00" {{(pid=102958) _check_extension /opt/stack/neutron/neutron/api/extensions.py:415}}
Jun 24 00:57:24.024783 np0000182646 devstack@neutron-api.service[102955]: DEBUG neutron.api.extensions [None req-b2544b3e-af35-4aa1-a9e4-5cb28c10d9a7 None None] Ext name="Network Availability Zone" alias="network_availability_zone" description="Availability zone support for network." updated="2015-01-01T10:00:00-00:00" {{(pid=102955) _check_extension /opt/stack/neutron/neutron/api/extensions.py:415}}
Jun 24 00:57:24.024832 np0000182646 devstack@neutron-api.service[102958]: INFO neutron.api.extensions [None req-625863d9-7708-4028-a477-a6732d9bd6d8 None None] Extension aap-reject-multicast not supported by any of loaded plugins
Jun 24 00:57:24.024871 np0000182646 devstack@neutron-api.service[102958]: DEBUG neutron.api.extensions [None req-625863d9-7708-4028-a477-a6732d9bd6d8 None None] Loading extension file: address_group.py {{(pid=102958) _load_all_extensions_from_path /opt/stack/neutron/neutron/api/extensions.py:449}}
Jun 24 00:57:24.024952 np0000182646 devstack@neutron-api.service[102955]: INFO neutron.api.extensions [None req-b2544b3e-af35-4aa1-a9e4-5cb28c10d9a7 None None] Loaded extension: network_availability_zone
Jun 24 00:57:24.025043 np0000182646 devstack@neutron-api.service[102955]: DEBUG neutron.api.extensions [None req-b2544b3e-af35-4aa1-a9e4-5cb28c10d9a7 None None] Loading extension file: network_ha.py {{(pid=102955) _load_all_extensions_from_path /opt/stack/neutron/neutron/api/extensions.py:449}}
Jun 24 00:57:24.025192 np0000182646 devstack@neutron-api.service[102958]: DEBUG neutron.api.extensions [None req-625863d9-7708-4028-a477-a6732d9bd6d8 None None] Ext name="Address group" alias="address-group" description="Support address group" updated="2020-07-15T10:00:00-00:00" {{(pid=102958) _check_extension /opt/stack/neutron/neutron/api/extensions.py:415}}
