Jun 24 00:57:23.979968 np0000182646 devstack@neutron-api.service[102955]: DEBUG neutron_lib.callbacks.manager [None req-b2544b3e-af35-4aa1-a9e4-5cb28c10d9a7 None None] Subscribe: > port_forwarding after_create 55550000, False {{(pid=102955) subscribe /opt/stack/data/venv/lib/python3.12/site-packages/neutron_lib/callbacks/manager.py:52}}
Jun 24 00:57:23.980122 np0000182646 devstack@neutron-api.service[102955]: DEBUG neutron_lib.callbacks.manager [None req-b2544b3e-af35-4aa1-a9e4-5cb28c10d9a7 None None] Subscribe: > router_interface after_delete 55550000, False {{(pid=102955) subscribe /opt/stack/data/venv/lib/python3.12/site-packages/neutron_lib/callbacks/manager.py:52}}
Jun 24 00:57:23.980161 np0000182646 devstack@neutron-api.service[102955]: DEBUG neutron_lib.callbacks.manager [None req-b2544b3e-af35-4aa1-a9e4-5cb28c10d9a7 None None] Subscribe: > router after_create 55550000, False {{(pid=102955) subscribe /opt/stack/data/venv/lib/python3.12/site-packages/neutron_lib/callbacks/manager.py:52}}
Jun 24 00:57:23.980279 np0000182646 devstack@neutron-api.service[102955]: DEBUG neutron_lib.callbacks.manager [None req-b2544b3e-af35-4aa1-a9e4-5cb28c10d9a7 None None] Subscribe: > router precommit_create 55550000, False {{(pid=102955) subscribe /opt/stack/data/venv/lib/python3.12/site-packages/neutron_lib/callbacks/manager.py:52}}
Jun 24 00:57:23.980395 np0000182646 devstack@neutron-api.service[102955]: DEBUG neutron_lib.callbacks.manager [None req-b2544b3e-af35-4aa1-a9e4-5cb28c10d9a7 None None] Subscribe: > router after_delete 55550000, False {{(pid=102955) subscribe /opt/stack/data/venv/lib/python3.12/site-packages/neutron_lib/callbacks/manager.py:52}}
Jun 24 00:57:23.980472 np0000182646 devstack@neutron-api.service[102955]: DEBUG neutron_lib.callbacks.manager [None req-b2544b3e-af35-4aa1-a9e4-5cb28c10d9a7 None None] Subscribe: > router after_update 55550000, False {{(pid=102955) subscribe /opt/stack/data/venv/lib/python3.12/site-packages/neutron_lib/callbacks/manager.py:52}}
Jun 24 00:57:23.980605 np0000182646 devstack@neutron-api.service[102955]: DEBUG neutron.services.service_base [None req-b2544b3e-af35-4aa1-a9e4-5cb28c10d9a7 None None] Loaded 'neutron.services.ovn_l3.service_providers.ovn.OvnDriver' provider for service L3_ROUTER_NAT {{(pid=102955) load_drivers /opt/stack/neutron/neutron/services/service_base.py:49}}
Jun 24 00:57:23.980721 np0000182646 devstack@neutron-api.service[102955]: DEBUG neutron_lib.callbacks.manager [None req-b2544b3e-af35-4aa1-a9e4-5cb28c10d9a7 None None] Subscribe: > process after_init 55550001, True {{(pid=102955) subscribe /opt/stack/data/venv/lib/python3.12/site-packages/neutron_lib/callbacks/manager.py:52}}
Jun 24 00:57:23.980877 np0000182646 devstack@neutron-api.service[102955]: DEBUG neutron.manager [None req-b2544b3e-af35-4aa1-a9e4-5cb28c10d9a7 None None] Successfully loaded L3_ROUTER_NAT plugin. Description: L3 Router Service Plugin for basic L3 forwarding using OVN {{(pid=102955) _create_and_add_service_plugin /opt/stack/neutron/neutron/manager.py:236}}
Jun 24 00:57:23.980940 np0000182646 devstack@neutron-api.service[102955]: INFO neutron.manager [None req-b2544b3e-af35-4aa1-a9e4-5cb28c10d9a7 None None] Loading Plugin: auto_allocate
Jun 24 00:57:23.981973 np0000182646 devstack@neutron-api.service[102955]: DEBUG neutron_lib.callbacks.manager [None req-b2544b3e-af35-4aa1-a9e4-5cb28c10d9a7 None None] Subscribe: network precommit_update 55550000, False {{(pid=102955) subscribe /opt/stack/data/venv/lib/python3.12/site-packages/neutron_lib/callbacks/manager.py:52}}
Jun 24 00:57:23.982088 np0000182646 devstack@neutron-api.service[102955]: DEBUG neutron_lib.callbacks.manager [None req-b2544b3e-af35-4aa1-a9e4-5cb28c10d9a7 None None] Subscribe: network precommit_create 55550000, False {{(pid=102955) subscribe /opt/stack/data/venv/lib/python3.12/site-packages/neutron_lib/callbacks/manager.py:52}}
Jun 24 00:57:23.982332 np0000182646 devstack@neutron-api.service[102955]: DEBUG neutron.manager [None req-b2544b3e-af35-4aa1-a9e4-5cb28c10d9a7 None None] Successfully loaded auto-allocated-topology plugin. Description: Auto Allocated Topology - aka get me a network. {{(pid=102955) _create_and_add_service_plugin /opt/stack/neutron/neutron/manager.py:236}}
Jun 24 00:57:23.982398 np0000182646 devstack@neutron-api.service[102955]: INFO neutron.manager [None req-b2544b3e-af35-4aa1-a9e4-5cb28c10d9a7 None None] Loading Plugin: tag
Jun 24 00:57:23.985307 np0000182646 devstack@neutron-api.service[102955]: DEBUG neutron.manager [None req-b2544b3e-af35-4aa1-a9e4-5cb28c10d9a7 None None] Successfully loaded TAG plugin. Description: Tag support {{(pid=102955) _create_and_add_service_plugin /opt/stack/neutron/neutron/manager.py:236}}
Jun 24 00:57:23.985422 np0000182646 devstack@neutron-api.service[102955]: INFO neutron.manager [None req-b2544b3e-af35-4aa1-a9e4-5cb28c10d9a7 None None] Loading Plugin: timestamp
Jun 24 00:57:23.985869 np0000182646 devstack@neutron-api.service[102958]: INFO neutron.plugins.ml2.drivers.type_vlan [None req-625863d9-7708-4028-a477-a6732d9bd6d8 None None] VlanTypeDriver initialization complete
Jun 24 00:57:23.986143 np0000182646 devstack@neutron-api.service[102958]: INFO neutron.plugins.ml2.managers [None req-625863d9-7708-4028-a477-a6732d9bd6d8 None None] Initializing extension driver 'port_security'
Jun 24 00:57:23.986143 np0000182646 devstack@neutron-api.service[102958]: INFO neutron.plugins.ml2.extensions.port_security [None req-625863d9-7708-4028-a477-a6732d9bd6d8 None None] PortSecurityExtensionDriver initialization complete
Jun 24 00:57:23.986295 np0000182646 devstack@neutron-api.service[102958]: INFO neutron.plugins.ml2.managers [None req-625863d9-7708-4028-a477-a6732d9bd6d8 None None] Initializing extension driver 'qos'
Jun 24 00:57:23.986295 np0000182646 devstack@neutron-api.service[102958]: DEBUG neutron.plugins.ml2.extensions.qos [None req-625863d9-7708-4028-a477-a6732d9bd6d8 None None] QosExtensionDriver initialization complete {{(pid=102958) initialize /opt/stack/neutron/neutron/plugins/ml2/extensions/qos.py:31}}
Jun 24 00:57:23.986416 np0000182646 devstack@neutron-api.service[102958]: INFO neutron.plugins.ml2.managers [None req-625863d9-7708-4028-a477-a6732d9bd6d8 None None] Initializing mechanism driver 'ovn'
Jun 24 00:57:23.986466 np0000182646 devstack@neutron-api.service[102958]: INFO neutron.plugins.ml2.drivers.ovn.mech_driver.mech_driver [None req-625863d9-7708-4028-a477-a6732d9bd6d8 None None] Starting OVNMechanismDriver
Jun 24 00:57:23.986733 np0000182646 devstack@neutron-api.service[102955]: DEBUG neutron.manager [None req-b2544b3e-af35-4aa1-a9e4-5cb28c10d9a7 None None] Successfully loaded timestamp plugin. Description: Adds timestamps to Neutron resources with standard attributes {{(pid=102955) _create_and_add_service_plugin /opt/stack/neutron/neutron/manager.py:236}}
Jun 24 00:57:23.986786 np0000182646 devstack@neutron-api.service[102955]: INFO neutron.manager [None req-b2544b3e-af35-4aa1-a9e4-5cb28c10d9a7 None None] Loading Plugin: network_ip_availability
Jun 24 00:57:23.988188 np0000182646 devstack@neutron-api.service[102958]: DEBUG neutron_lib.callbacks.manager [None req-625863d9-7708-4028-a477-a6732d9bd6d8 None None] Subscribe: > process before_spawn 55550000, False {{(pid=102958) subscribe /opt/stack/data/venv/lib/python3.12/site-packages/neutron_lib/callbacks/manager.py:52}}
Jun 24 00:57:23.988323 np0000182646 devstack@neutron-api.service[102958]: DEBUG neutron_lib.callbacks.manager [None req-625863d9-7708-4028-a477-a6732d9bd6d8 None None] Subscribe: > process after_init 55550000, True {{(pid=102958) subscribe /opt/stack/data/venv/lib/python3.12/site-packages/neutron_lib/callbacks/manager.py:52}}
Jun 24 00:57:23.988439 np0000182646 devstack@neutron-api.service[102955]: DEBUG neutron.manager [None req-b2544b3e-af35-4aa1-a9e4-5cb28c10d9a7 None None] Successfully loaded network-ip-availability plugin. Description: Provides IP availability data for each network and subnet. {{(pid=102955) _create_and_add_service_plugin /opt/stack/neutron/neutron/manager.py:236}}
Jun 24 00:57:23.988479 np0000182646 devstack@neutron-api.service[102958]: DEBUG neutron_lib.callbacks.manager [None req-625863d9-7708-4028-a477-a6732d9bd6d8 None None] Subscribe: > segment after_create 55550000, False {{(pid=102958) subscribe /opt/stack/data/venv/lib/python3.12/site-packages/neutron_lib/callbacks/manager.py:52}}
Jun 24 00:57:23.988533 np0000182646 devstack@neutron-api.service[102955]: INFO neutron.manager [None req-b2544b3e-af35-4aa1-a9e4-5cb28c10d9a7 None None] Loading Plugin: flavors
Jun 24 00:57:23.988574 np0000182646 devstack@neutron-api.service[102958]: DEBUG neutron_lib.callbacks.manager [None req-625863d9-7708-4028-a477-a6732d9bd6d8 None None] Subscribe: > segment after_create 55550000, False {{(pid=102958) subscribe /opt/stack/data/venv/lib/python3.12/site-packages/neutron_lib/callbacks/manager.py:52}}
Jun 24 00:57:23.988646 np0000182646 devstack@neutron-api.service[102958]: DEBUG neutron_lib.callbacks.manager [None req-625863d9-7708-4028-a477-a6732d9bd6d8 None None] Subscribe: > segment after_delete 55550000, False {{(pid=102958) subscribe /opt/stack/data/venv/lib/python3.12/site-packages/neutron_lib/callbacks/manager.py:52}}
Jun 24 00:57:23.988757 np0000182646 devstack@neutron-api.service[102958]: DEBUG neutron_lib.callbacks.manager [None req-625863d9-7708-4028-a477-a6732d9bd6d8 None None] Subscribe: > allowed_address_pair before_create 55550000, False {{(pid=102958) subscribe /opt/stack/data/venv/lib/python3.12/site-packages/neutron_lib/callbacks/manager.py:52}}
Jun 24 00:57:23.988874 np0000182646 devstack@neutron-api.service[102958]: DEBUG neutron_lib.callbacks.manager [None req-625863d9-7708-4028-a477-a6732d9bd6d8 None None] Subscribe: > security_group precommit_create 55550000, False {{(pid=102958) subscribe /opt/stack/data/venv/lib/python3.12/site-packages/neutron_lib/callbacks/manager.py:52}}
Jun 24 00:57:23.988979 np0000182646 devstack@neutron-api.service[102958]: DEBUG neutron_lib.callbacks.manager [None req-625863d9-7708-4028-a477-a6732d9bd6d8 None None] Subscribe: > security_group after_update 55550000, False {{(pid=102958) subscribe /opt/stack/data/venv/lib/python3.12/site-packages/neutron_lib/callbacks/manager.py:52}}
Jun 24 00:57:23.989085 np0000182646 devstack@neutron-api.service[102958]: DEBUG neutron_lib.callbacks.manager [None req-625863d9-7708-4028-a477-a6732d9bd6d8 None None] Subscribe: > security_group after_create 55550000, False {{(pid=102958) subscribe /opt/stack/data/venv/lib/python3.12/site-packages/neutron_lib/callbacks/manager.py:52}}
Jun 24 00:57:23.989190 np0000182646 devstack@neutron-api.service[102958]: DEBUG neutron_lib.callbacks.manager [None req-625863d9-7708-4028-a477-a6732d9bd6d8 None None] Subscribe: > security_group precommit_delete 55550000, False {{(pid=102958) subscribe /opt/stack/data/venv/lib/python3.12/site-packages/neutron_lib/callbacks/manager.py:52}}
Jun 24 00:57:23.989293 np0000182646 devstack@neutron-api.service[102958]: DEBUG neutron_lib.callbacks.manager [None req-625863d9-7708-4028-a477-a6732d9bd6d8 None None] Subscribe: > security_group after_delete 55550000, False {{(pid=102958) subscribe /opt/stack/data/venv/lib/python3.12/site-packages/neutron_lib/callbacks/manager.py:52}}
Jun 24 00:57:23.989372 np0000182646 devstack@neutron-api.service[102955]: DEBUG neutron.manager [None req-b2544b3e-af35-4aa1-a9e4-5cb28c10d9a7 None None] Successfully loaded FLAVORS plugin. Description: Neutron Flavors and Service Profiles manager plugin {{(pid=102955) _create_and_add_service_plugin /opt/stack/neutron/neutron/manager.py:236}}
Jun 24 00:57:23.989410 np0000182646 devstack@neutron-api.service[102958]: DEBUG neutron_lib.callbacks.manager [None req-625863d9-7708-4028-a477-a6732d9bd6d8 None None] Subscribe: > security_group_rule precommit_create 55550000, False {{(pid=102958) subscribe /opt/stack/data/venv/lib/python3.12/site-packages/neutron_lib/callbacks/manager.py:52}}
Jun 24 00:57:23.989477 np0000182646 devstack@neutron-api.service[102955]: INFO neutron.manager [None req-b2544b3e-af35-4aa1-a9e4-5cb28c10d9a7 None None] Loading Plugin: revisions
Jun 24 00:57:23.989521 np0000182646 devstack@neutron-api.service[102958]: DEBUG neutron_lib.callbacks.manager [None req-625863d9-7708-4028-a477-a6732d9bd6d8 None None] Subscribe: > security_group_rule after_create 55550000, False {{(pid=102958) subscribe /opt/stack/data/venv/lib/python3.12/site-packages/neutron_lib/callbacks/manager.py:52}}
Jun 24 00:57:23.989604 np0000182646 devstack@neutron-api.service[102958]: DEBUG neutron_lib.callbacks.manager [None req-625863d9-7708-4028-a477-a6732d9bd6d8 None None] Subscribe: > security_group_rule before_delete 55550000, False {{(pid=102958) subscribe /opt/stack/data/venv/lib/python3.12/site-packages/neutron_lib/callbacks/manager.py:52}}
Jun 24 00:57:23.989716 np0000182646 devstack@neutron-api.service[102958]: DEBUG neutron_lib.callbacks.manager [None req-625863d9-7708-4028-a477-a6732d9bd6d8 None None] Subscribe: > address_group after_create 55550000, False {{(pid=102958) subscribe /opt/stack/data/venv/lib/python3.12/site-packages/neutron_lib/callbacks/manager.py:52}}
Jun 24 00:57:23.989847 np0000182646 devstack@neutron-api.service[102958]: DEBUG neutron_lib.callbacks.manager [None req-625863d9-7708-4028-a477-a6732d9bd6d8 None None] Subscribe: > address_group after_update 55550000, False {{(pid=102958) subscribe /opt/stack/data/venv/lib/python3.12/site-packages/neutron_lib/callbacks/manager.py:52}}
Jun 24 00:57:23.989930 np0000182646 devstack@neutron-api.service[102958]: DEBUG neutron_lib.callbacks.manager [None req-625863d9-7708-4028-a477-a6732d9bd6d8 None None] Subscribe: > address_group after_delete 55550000, False {{(pid=102958) subscribe /opt/stack/data/venv/lib/python3.12/site-packages/neutron_lib/callbacks/manager.py:52}}
Jun 24 00:57:23.990122 np0000182646 devstack@neutron-api.service[102958]: DEBUG neutron_lib.callbacks.manager [None req-625863d9-7708-4028-a477-a6732d9bd6d8 None None] Subscribe: > qos_plugin after_init 55550000, False {{(pid=102958) subscribe /opt/stack/data/venv/lib/python3.12/site-packages/neutron_lib/callbacks/manager.py:52}}
Jun 24 00:57:23.990274 np0000182646 devstack@neutron-api.service[102958]: DEBUG neutron_lib.callbacks.manager [None req-625863d9-7708-4028-a477-a6732d9bd6d8 None None] Subscribe: > trunk_plugin after_init 55550000, False {{(pid=102958) subscribe /opt/stack/data/venv/lib/python3.12/site-packages/neutron_lib/callbacks/manager.py:52}}
Jun 24 00:57:23.990489 np0000182646 devstack@neutron-api.service[102958]: DEBUG neutron_lib.callbacks.manager [None req-625863d9-7708-4028-a477-a6732d9bd6d8 None None] Subscribe: > logging-plugin after_init 55550000, False {{(pid=102958) subscribe /opt/stack/data/venv/lib/python3.12/site-packages/neutron_lib/callbacks/manager.py:52}}
Jun 24 00:57:23.990550 np0000182646 devstack@neutron-api.service[102955]: DEBUG neutron.manager [None req-b2544b3e-af35-4aa1-a9e4-5cb28c10d9a7 None None] Successfully loaded revision_plugin plugin. Description: Adds revision numbers to resources. {{(pid=102955) _create_and_add_service_plugin /opt/stack/neutron/neutron/manager.py:236}}
Jun 24 00:57:23.990709 np0000182646 devstack@neutron-api.service[102955]: DEBUG oslo_concurrency.lockutils [None req-b2544b3e-af35-4aa1-a9e4-5cb28c10d9a7 None None] Lock "manager" "released" by "neutron.manager.NeutronManager._create_instance" :: held 4.782s {{(pid=102955) inner /opt/stack/data/venv/lib/python3.12/site-packages/oslo_concurrency/lockutils.py:543}}
Jun 24 00:57:23.990939 np0000182646 devstack@neutron-api.service[102955]: DEBUG neutron.api.extensions [None req-b2544b3e-af35-4aa1-a9e4-5cb28c10d9a7 None None] get_extension_paths = OrderedDict({'/opt/stack/neutron/neutron/extensions': 1}) {{(pid=102955) get_extensions_path /opt/stack/neutron/neutron/api/extensions.py:640}}
Jun 24 00:57:23.990971 np0000182646 devstack@neutron-api.service[102958]: INFO neutron.services.logapi.drivers.ovn.driver [None req-625863d9-7708-4028-a477-a6732d9bd6d8 None None] OVN logging driver registered
Jun 24 00:57:23.991031 np0000182646 devstack@neutron-api.service[102955]: INFO neutron.api.extensions [None req-b2544b3e-af35-4aa1-a9e4-5cb28c10d9a7 None None] Initializing extension manager.
Jun 24 00:57:23.991059 np0000182646 devstack@neutron-api.service[102958]: DEBUG neutron_lib.callbacks.manager [None req-625863d9-7708-4028-a477-a6732d9bd6d8 None None] Subscribe: ._register_pvlan_driver at 0x7a6abda95bc0> pvlan_plugin before_spawn 55550000, False {{(pid=102958) subscribe /opt/stack/data/venv/lib/python3.12/site-packages/neutron_lib/callbacks/manager.py:52}}
Jun 24 00:57:23.991178 np0000182646 devstack@neutron-api.service[102958]: DEBUG neutron_lib.callbacks.manager [None req-625863d9-7708-4028-a477-a6732d9bd6d8 None None] Subscribe: process after_init 55550000, False {{(pid=102958) subscribe /opt/stack/data/venv/lib/python3.12/site-packages/neutron_lib/callbacks/manager.py:52}}
Jun 24 00:57:23.991312 np0000182646 devstack@neutron-api.service[102955]: DEBUG neutron.api.extensions [None req-b2544b3e-af35-4aa1-a9e4-5cb28c10d9a7 None None] Loading extension file: __init__.py {{(pid=102955) _load_all_extensions_from_path /opt/stack/neutron/neutron/api/extensions.py:449}}
Jun 24 00:57:23.991412 np0000182646 devstack@neutron-api.service[102955]: DEBUG neutron.api.extensions [None req-b2544b3e-af35-4aa1-a9e4-5cb28c10d9a7 None None] Loading extension file: __pycache__ {{(pid=102955) _load_all_extensions_from_path /opt/stack/neutron/neutron/api/extensions.py:449}}
Jun 24 00:57:23.991542 np0000182646 devstack@neutron-api.service[102955]: DEBUG neutron.api.extensions [None req-b2544b3e-af35-4aa1-a9e4-5cb28c10d9a7 None None] Loading extension file: aap_reject_multicast.py {{(pid=102955) _load_all_extensions_from_path /opt/stack/neutron/neutron/api/extensions.py:449}}
Jun 24 00:57:23.991874 np0000182646 devstack@neutron-api.service[102955]: DEBUG neutron.api.extensions [None req-b2544b3e-af35-4aa1-a9e4-5cb28c10d9a7 None None] Ext name="Allowed address pairs reject multicast extension" alias="aap-reject-multicast" description="Reject multicast addresses in Allowed Address Pairs" updated="2026-04-01T00:00:00-00:00" {{(pid=102955) _check_extension /opt/stack/neutron/neutron/api/extensions.py:415}}
Jun 24 00:57:23.992046 np0000182646 devstack@neutron-api.service[102955]: INFO neutron.api.extensions [None req-b2544b3e-af35-4aa1-a9e4-5cb28c10d9a7 None None] Extension aap-reject-multicast not supported by any of loaded plugins
Jun 24 00:57:23.992148 np0000182646 devstack@neutron-api.service[102955]: DEBUG neutron.api.extensions [None req-b2544b3e-af35-4aa1-a9e4-5cb28c10d9a7 None None] Loading extension file: address_group.py {{(pid=102955) _load_all_extensions_from_path /opt/stack/neutron/neutron/api/extensions.py:449}}
Jun 24 00:57:23.992471 np0000182646 devstack@neutron-api.service[102955]: DEBUG neutron.api.extensions [None req-b2544b3e-af35-4aa1-a9e4-5cb28c10d9a7 None None] Ext name="Address group" alias="address-group" description="Support address group" updated="2020-07-15T10:00:00-00:00" {{(pid=102955) _check_extension /opt/stack/neutron/neutron/api/extensions.py:415}}
Jun 24 00:57:23.992642 np0000182646 devstack@neutron-api.service[102958]: DEBUG neutron.plugins.ml2.plugin [None req-625863d9-7708-4028-a477-a6732d9bd6d8 None None] neutron.plugins.ml2.plugin.Ml2Plugin method _start_rpc_notifiers called with arguments () {} {{(pid=102958) wrapper /opt/stack/data/venv/lib/python3.12/site-packages/oslo_log/helpers.py:77}}
Jun 24 00:57:23.992694 np0000182646 devstack@neutron-api.service[102955]: INFO neutron.api.extensions [None req-b2544b3e-af35-4aa1-a9e4-5cb28c10d9a7 None None] Loaded extension: address-group
Jun 24 00:57:23.992729 np0000182646 devstack@neutron-api.service[102955]: DEBUG neutron.api.extensions [None req-b2544b3e-af35-4aa1-a9e4-5cb28c10d9a7 None None] Loading extension file: address_scope.py {{(pid=102955) _load_all_extensions_from_path /opt/stack/neutron/neutron/api/extensions.py:449}}
Jun 24 00:57:23.992919 np0000182646 devstack@neutron-api.service[102958]: DEBUG neutron_lib.callbacks.manager [None req-625863d9-7708-4028-a477-a6732d9bd6d8 None None] Subscribe: > port after_create 55550000, False {{(pid=102958) subscribe /opt/stack/data/venv/lib/python3.12/site-packages/neutron_lib/callbacks/manager.py:52}}
Jun 24 00:57:23.993006 np0000182646 devstack@neutron-api.service[102958]: DEBUG neutron_lib.callbacks.manager [None req-625863d9-7708-4028-a477-a6732d9bd6d8 None None] Subscribe: > port after_update 55550000, False {{(pid=102958) subscribe /opt/stack/data/venv/lib/python3.12/site-packages/neutron_lib/callbacks/manager.py:52}}
Jun 24 00:57:23.993041 np0000182646 devstack@neutron-api.service[102955]: DEBUG neutron.api.extensions [None req-b2544b3e-af35-4aa1-a9e4-5cb28c10d9a7 None None] Ext name="Address scope" alias="address-scope" description="Address scopes extension." updated="2015-07-26T10:00:00-00:00" {{(pid=102955) _check_extension /opt/stack/neutron/neutron/api/extensions.py:415}}
Jun 24 00:57:23.993110 np0000182646 devstack@neutron-api.service[102958]: DEBUG neutron_lib.callbacks.manager [None req-625863d9-7708-4028-a477-a6732d9bd6d8 None None] Subscribe: > port after_delete 55550000, False {{(pid=102958) subscribe /opt/stack/data/venv/lib/python3.12/site-packages/neutron_lib/callbacks/manager.py:52}}
Jun 24 00:57:23.993205 np0000182646 devstack@neutron-api.service[102955]: INFO neutron.api.extensions [None req-b2544b3e-af35-4aa1-a9e4-5cb28c10d9a7 None None] Loaded extension: address-scope
Jun 24 00:57:23.993234 np0000182646 devstack@neutron-api.service[102958]: DEBUG neutron_lib.callbacks.manager [None req-625863d9-7708-4028-a477-a6732d9bd6d8 None None] Subscribe: > subnet after_create 55550000, False {{(pid=102958) subscribe /opt/stack/data/venv/lib/python3.12/site-packages/neutron_lib/callbacks/manager.py:52}}
Jun 24 00:57:23.993285 np0000182646 devstack@neutron-api.service[102955]: DEBUG neutron.api.extensions [None req-b2544b3e-af35-4aa1-a9e4-5cb28c10d9a7 None None] Loading extension file: admin_state_down_before_update.py {{(pid=102955) _load_all_extensions_from_path /opt/stack/neutron/neutron/api/extensions.py:449}}
Jun 24 00:57:23.993320 np0000182646 devstack@neutron-api.service[102958]: DEBUG neutron_lib.callbacks.manager [None req-625863d9-7708-4028-a477-a6732d9bd6d8 None None] Subscribe: > subnet after_update 55550000, False {{(pid=102958) subscribe /opt/stack/data/venv/lib/python3.12/site-packages/neutron_lib/callbacks/manager.py:52}}
Jun 24 00:57:23.993429 np0000182646 devstack@neutron-api.service[102958]: DEBUG neutron_lib.callbacks.manager [None req-625863d9-7708-4028-a477-a6732d9bd6d8 None None] Subscribe: > subnet after_delete 55550000, False {{(pid=102958) subscribe /opt/stack/data/venv/lib/python3.12/site-packages/neutron_lib/callbacks/manager.py:52}}
Jun 24 00:57:23.993515 np0000182646 devstack@neutron-api.service[102955]: DEBUG neutron.api.extensions [None req-b2544b3e-af35-4aa1-a9e4-5cb28c10d9a7 None None] Ext name="Enforce Router's Admin State Down Before Update Extension" alias="router-admin-state-down-before-update" description="Ensure that the admin state of a router is DOWN (admin_state_up=False) before updating the distributed attribute" updated="2019-07-02T15:56:00" {{(pid=102955) _check_extension /opt/stack/neutron/neutron/api/extensions.py:415}}
Jun 24 00:57:23.993545 np0000182646 devstack@neutron-api.service[102958]: DEBUG neutron_lib.callbacks.manager [None req-625863d9-7708-4028-a477-a6732d9bd6d8 None None] Subscribe: > network after_create 55550000, False {{(pid=102958) subscribe /opt/stack/data/venv/lib/python3.12/site-packages/neutron_lib/callbacks/manager.py:52}}
Jun 24 00:57:23.993716 np0000182646 devstack@neutron-api.service[102958]: DEBUG neutron_lib.callbacks.manager [None req-625863d9-7708-4028-a477-a6732d9bd6d8 None None] Subscribe: > network after_update 55550000, False {{(pid=102958) subscribe /opt/stack/data/venv/lib/python3.12/site-packages/neutron_lib/callbacks/manager.py:52}}
Jun 24 00:57:23.993744 np0000182646 devstack@neutron-api.service[102955]: INFO neutron.api.extensions [None req-b2544b3e-af35-4aa1-a9e4-5cb28c10d9a7 None None] Extension router-admin-state-down-before-update not supported by any of loaded plugins
Jun 24 00:57:23.993778 np0000182646 devstack@neutron-api.service[102958]: DEBUG neutron_lib.callbacks.manager [None req-625863d9-7708-4028-a477-a6732d9bd6d8 None None] Subscribe: > network after_delete 55550000, False {{(pid=102958) subscribe /opt/stack/data/venv/lib/python3.12/site-packages/neutron_lib/callbacks/manager.py:52}}
Jun 24 00:57:23.993848 np0000182646 devstack@neutron-api.service[102955]: DEBUG neutron.api.extensions [None req-b2544b3e-af35-4aa1-a9e4-5cb28c10d9a7 None None] Loading extension file: agent.py {{(pid=102955) _load_all_extensions_from_path /opt/stack/neutron/neutron/api/extensions.py:449}}
Jun 24 00:57:23.993900 np0000182646 devstack@neutron-api.service[102958]: DEBUG neutron_lib.callbacks.manager [None req-625863d9-7708-4028-a477-a6732d9bd6d8 None None] Subscribe: > security_group after_create 55550000, False {{(pid=102958) subscribe /opt/stack/data/venv/lib/python3.12/site-packages/neutron_lib/callbacks/manager.py:52}}
Jun 24 00:57:23.993973 np0000182646 devstack@neutron-api.service[102958]: DEBUG neutron_lib.callbacks.manager [None req-625863d9-7708-4028-a477-a6732d9bd6d8 None None] Subscribe: > security_group after_update 55550000, False {{(pid=102958) subscribe /opt/stack/data/venv/lib/python3.12/site-packages/neutron_lib/callbacks/manager.py:52}}
Jun 24 00:57:23.994069 np0000182646 devstack@neutron-api.service[102958]: DEBUG neutron_lib.callbacks.manager [None req-625863d9-7708-4028-a477-a6732d9bd6d8 None None] Subscribe: > security_group after_delete 55550000, False {{(pid=102958) subscribe /opt/stack/data/venv/lib/python3.12/site-packages/neutron_lib/callbacks/manager.py:52}}
Jun 24 00:57:23.994131 np0000182646 devstack@neutron-api.service[102955]: DEBUG neutron.api.extensions [None req-b2544b3e-af35-4aa1-a9e4-5cb28c10d9a7 None None] Ext name="agent" alias="agent" description="The agent management extension." updated="2013-02-03T10:00:00-00:00" {{(pid=102955) _check_extension /opt/stack/neutron/neutron/api/extensions.py:415}}
Jun 24 00:57:23.994159 np0000182646 devstack@neutron-api.service[102958]: DEBUG neutron_lib.callbacks.manager [None req-625863d9-7708-4028-a477-a6732d9bd6d8 None None] Subscribe: > security_group_rule after_create 55550000, False {{(pid=102958) subscribe /opt/stack/data/venv/lib/python3.12/site-packages/neutron_lib/callbacks/manager.py:52}}
Jun 24 00:57:23.994277 np0000182646 devstack@neutron-api.service[102958]: DEBUG neutron_lib.callbacks.manager [None req-625863d9-7708-4028-a477-a6732d9bd6d8 None None] Subscribe: > security_group_rule after_update 55550000, False {{(pid=102958) subscribe /opt/stack/data/venv/lib/python3.12/site-packages/neutron_lib/callbacks/manager.py:52}}
Jun 24 00:57:23.994316 np0000182646 devstack@neutron-api.service[102955]: INFO neutron.api.extensions [None req-b2544b3e-af35-4aa1-a9e4-5cb28c10d9a7 None None] Loaded extension: agent
Jun 24 00:57:23.994345 np0000182646 devstack@neutron-api.service[102958]: DEBUG neutron_lib.callbacks.manager [None req-625863d9-7708-4028-a477-a6732d9bd6d8 None None] Subscribe: > security_group_rule after_delete 55550000, False {{(pid=102958) subscribe /opt/stack/data/venv/lib/python3.12/site-packages/neutron_lib/callbacks/manager.py:52}}
Jun 24 00:57:23.994400 np0000182646 devstack@neutron-api.service[102955]: DEBUG neutron.api.extensions [None req-b2544b3e-af35-4aa1-a9e4-5cb28c10d9a7 None None] Loading extension file: agent_resources_synced.py {{(pid=102955) _load_all_extensions_from_path /opt/stack/neutron/neutron/api/extensions.py:449}}
Jun 24 00:57:23.994455 np0000182646 devstack@neutron-api.service[102958]: DEBUG neutron_lib.callbacks.manager [None req-625863d9-7708-4028-a477-a6732d9bd6d8 None None] Subscribe: > address_group after_create 55550000, False {{(pid=102958) subscribe /opt/stack/data/venv/lib/python3.12/site-packages/neutron_lib/callbacks/manager.py:52}}
Jun 24 00:57:23.994549 np0000182646 devstack@neutron-api.service[102958]: DEBUG neutron_lib.callbacks.manager [None req-625863d9-7708-4028-a477-a6732d9bd6d8 None None] Subscribe: > address_group after_update 55550000, False {{(pid=102958) subscribe /opt/stack/data/venv/lib/python3.12/site-packages/neutron_lib/callbacks/manager.py:52}}
Jun 24 00:57:23.994577 np0000182646 devstack@neutron-api.service[102955]: DEBUG neutron.api.extensions [None req-b2544b3e-af35-4aa1-a9e4-5cb28c10d9a7 None None] Ext name="Agent's Resource View Synced to Placement" alias="agent-resources-synced" description="Stores success/failure of last sync to Placement" updated="2018-12-19T00:00:00-00:00" {{(pid=102955) _check_extension /opt/stack/neutron/neutron/api/extensions.py:415}}
Jun 24 00:57:23.994670 np0000182646 devstack@neutron-api.service[102958]: DEBUG neutron_lib.callbacks.manager [None req-625863d9-7708-4028-a477-a6732d9bd6d8 None None] Subscribe: > address_group after_delete 55550000, False {{(pid=102958) subscribe /opt/stack/data/venv/lib/python3.12/site-packages/neutron_lib/callbacks/manager.py:52}}
Jun 24 00:57:23.994740 np0000182646 devstack@neutron-api.service[102958]: DEBUG neutron.plugins.ml2.ovo_rpc [None req-625863d9-7708-4028-a477-a6732d9bd6d8 None None] ML2 OVO RPC backend initialized. {{(pid=102958) __init__ /opt/stack/neutron/neutron/plugins/ml2/ovo_rpc.py:117}}
Jun 24 00:57:23.994803 np0000182646 devstack@neutron-api.service[102955]: INFO neutron.api.extensions [None req-b2544b3e-af35-4aa1-a9e4-5cb28c10d9a7 None None] Extension agent-resources-synced not supported by any of loaded plugins
Jun 24 00:57:23.994836 np0000182646 devstack@neutron-api.service[102955]: DEBUG neutron.api.extensions [None req-b2544b3e-af35-4aa1-a9e4-5cb28c10d9a7 None None] Loading extension file: agent_sort_key.py {{(pid=102955) _load_all_extensions_from_path /opt/stack/neutron/neutron/api/extensions.py:449}}
Jun 24 00:57:23.995064 np0000182646 devstack@neutron-api.service[102955]: DEBUG neutron.api.extensions [None req-b2544b3e-af35-4aa1-a9e4-5cb28c10d9a7 None None] Ext name="Agents Sort Key" alias="agent_sort_key" description="Enabling the keyword sort_key for sorting in agents." updated="2013-02-03T10:00:00-00:00" {{(pid=102955) _check_extension /opt/stack/neutron/neutron/api/extensions.py:415}}
Jun 24 00:57:23.995288 np0000182646 devstack@neutron-api.service[102955]: INFO neutron.api.extensions [None req-b2544b3e-af35-4aa1-a9e4-5cb28c10d9a7 None None] Extension agent_sort_key not supported by any of loaded plugins
Jun 24 00:57:23.995374 np0000182646 devstack@neutron-api.service[102955]: DEBUG neutron.api.extensions [None req-b2544b3e-af35-4aa1-a9e4-5cb28c10d9a7 None None] Loading extension file: allowedaddresspairs.py {{(pid=102955) _load_all_extensions_from_path /opt/stack/neutron/neutron/api/extensions.py:449}}
Jun 24 00:57:23.995525 np0000182646 devstack@neutron-api.service[102958]: INFO neutron.quota [None req-625863d9-7708-4028-a477-a6732d9bd6d8 None None] Loaded quota_driver: .
Jun 24 00:57:23.995689 np0000182646 devstack@neutron-api.service[102958]: INFO neutron.plugins.ml2.plugin [None req-625863d9-7708-4028-a477-a6732d9bd6d8 None None] Modular L2 Plugin initialization complete
Jun 24 00:57:23.995852 np0000182646 devstack@neutron-api.service[102958]: DEBUG neutron.manager [None req-625863d9-7708-4028-a477-a6732d9bd6d8 None None] Loading services supported by the core plugin {{(pid=102958) _load_services_from_core_plugin /opt/stack/neutron/neutron/manager.py:167}}
Jun 24 00:57:23.995938 np0000182646 devstack@neutron-api.service[102958]: INFO neutron.plugins.ml2.managers [None req-625863d9-7708-4028-a477-a6732d9bd6d8 None None] Got port-security extension from driver 'port_security'
Jun 24 00:57:23.996116 np0000182646 devstack@neutron-api.service[102955]: DEBUG neutron.api.extensions [None req-b2544b3e-af35-4aa1-a9e4-5cb28c10d9a7 None None] Ext name="Allowed Address Pairs" alias="allowed-address-pairs" description="Provides allowed address pairs" updated="2013-07-23T10:00:00-00:00" {{(pid=102955) _check_extension /opt/stack/neutron/neutron/api/extensions.py:415}}
Jun 24 00:57:23.996189 np0000182646 devstack@neutron-api.service[102958]: DEBUG neutron.manager [None req-625863d9-7708-4028-a477-a6732d9bd6d8 None None] Loading service plugins: ['ovn-router', 'auto_allocate', 'tag', 'timestamp', 'network_ip_availability', 'flavors', 'revisions'] {{(pid=102958) _load_service_plugins /opt/stack/neutron/neutron/manager.py:192}}
Jun 24 00:57:23.996280 np0000182646 devstack@neutron-api.service[102958]: INFO neutron.manager [None req-625863d9-7708-4028-a477-a6732d9bd6d8 None None] Loading Plugin: ovn-router
Jun 24 00:57:23.996305 np0000182646 devstack@neutron-api.service[102955]: INFO neutron.api.extensions [None req-b2544b3e-af35-4aa1-a9e4-5cb28c10d9a7 None None] Loaded extension: allowed-address-pairs
Jun 24 00:57:23.996394 np0000182646 devstack@neutron-api.service[102955]: DEBUG neutron.api.extensions [None req-b2544b3e-af35-4aa1-a9e4-5cb28c10d9a7 None None] Loading extension file: auto_allocated_topology.py {{(pid=102955) _load_all_extensions_from_path /opt/stack/neutron/neutron/api/extensions.py:449}}
Jun 24 00:57:23.996642 np0000182646 devstack@neutron-api.service[102955]: DEBUG neutron.api.extensions [None req-b2544b3e-af35-4aa1-a9e4-5cb28c10d9a7 None None] Ext name="Auto Allocated Topology Services" alias="auto-allocated-topology" description="Auto Allocated Topology Services." updated="2016-01-01T00:00:00-00:00" {{(pid=102955) _check_extension /opt/stack/neutron/neutron/api/extensions.py:415}}
Jun 24 00:57:23.996845 np0000182646 devstack@neutron-api.service[102955]: INFO neutron.api.extensions [None req-b2544b3e-af35-4aa1-a9e4-5cb28c10d9a7 None None] Loaded extension: auto-allocated-topology
Jun 24 00:57:23.996935 np0000182646 devstack@neutron-api.service[102955]: DEBUG neutron.api.extensions [None req-b2544b3e-af35-4aa1-a9e4-5cb28c10d9a7 None None] Loading extension file: availability_zone.py {{(pid=102955) _load_all_extensions_from_path /opt/stack/neutron/neutron/api/extensions.py:449}}
Jun 24 00:57:23.997386 np0000182646 devstack@neutron-api.service[102955]: DEBUG neutron.api.extensions [None req-b2544b3e-af35-4aa1-a9e4-5cb28c10d9a7 None None] Ext name="Availability Zone" alias="availability_zone" description="The availability zone extension." updated="2015-01-01T10:00:00-00:00" {{(pid=102955) _check_extension /opt/stack/neutron/neutron/api/extensions.py:415}}
Jun 24 00:57:23.997560 np0000182646 devstack@neutron-api.service[102955]: INFO neutron.api.extensions [None req-b2544b3e-af35-4aa1-a9e4-5cb28c10d9a7 None None] Loaded extension: availability_zone
Jun 24 00:57:23.997671 np0000182646 devstack@neutron-api.service[102955]: DEBUG neutron.api.extensions [None req-b2544b3e-af35-4aa1-a9e4-5cb28c10d9a7 None None] Loading extension file: availability_zone_filter.py {{(pid=102955) _load_all_extensions_from_path /opt/stack/neutron/neutron/api/extensions.py:449}}
Jun 24 00:57:23.997893 np0000182646 devstack@neutron-api.service[102955]: DEBUG neutron.api.extensions [None req-b2544b3e-af35-4aa1-a9e4-5cb28c10d9a7 None None] Ext name="Availability Zone Filter Extension" alias="availability_zone_filter" description="Add filter parameters to AvailabilityZone resource" updated="2018-06-22T10:00:00-00:00" {{(pid=102955) _check_extension /opt/stack/neutron/neutron/api/extensions.py:415}}
Jun 24 00:57:23.998065 np0000182646 devstack@neutron-api.service[102955]: INFO neutron.api.extensions [None req-b2544b3e-af35-4aa1-a9e4-5cb28c10d9a7 None None] Extension availability_zone_filter not supported by any of loaded plugins
Jun 24 00:57:23.998151 np0000182646 devstack@neutron-api.service[102955]: DEBUG neutron.api.extensions [None req-b2544b3e-af35-4aa1-a9e4-5cb28c10d9a7 None None] Loading extension file: data_plane_status.py {{(pid=102955) _load_all_extensions_from_path /opt/stack/neutron/neutron/api/extensions.py:449}}
Jun 24 00:57:23.998410 np0000182646 devstack@neutron-api.service[102955]: DEBUG neutron.api.extensions [None req-b2544b3e-af35-4aa1-a9e4-5cb28c10d9a7 None None] Ext name="Port data plane status extension" alias="data-plane-status" description="Expose status of underlying data plane" updated="2017-01-24T10:00:00-00:00" {{(pid=102955) _check_extension /opt/stack/neutron/neutron/api/extensions.py:415}}
Jun 24 00:57:23.998583 np0000182646 devstack@neutron-api.service[102955]: INFO neutron.api.extensions [None req-b2544b3e-af35-4aa1-a9e4-5cb28c10d9a7 None None] Extension data-plane-status not supported by any of loaded plugins
Jun 24 00:57:23.998690 np0000182646 devstack@neutron-api.service[102955]: DEBUG neutron.api.extensions [None req-b2544b3e-af35-4aa1-a9e4-5cb28c10d9a7 None None] Loading extension file: default_subnetpools.py {{(pid=102955) _load_all_extensions_from_path /opt/stack/neutron/neutron/api/extensions.py:449}}
Jun 24 00:57:23.998876 np0000182646 devstack@neutron-api.service[102955]: DEBUG neutron.api.extensions [None req-b2544b3e-af35-4aa1-a9e4-5cb28c10d9a7 None None] Ext name="Default Subnetpools" alias="default-subnetpools" description="Provides ability to mark and use a subnetpool as the default." updated="2016-02-18T18:00:00-00:00" {{(pid=102955) _check_extension /opt/stack/neutron/neutron/api/extensions.py:415}}
Jun 24 00:57:23.999054 np0000182646 devstack@neutron-api.service[102955]: INFO neutron.api.extensions [None req-b2544b3e-af35-4aa1-a9e4-5cb28c10d9a7 None None] Loaded extension: default-subnetpools
Jun 24 00:57:23.999193 np0000182646 devstack@neutron-api.service[102955]: DEBUG neutron.api.extensions [None req-b2544b3e-af35-4aa1-a9e4-5cb28c10d9a7 None None] Loading extension file: dhcpagentscheduler.py {{(pid=102955) _load_all_extensions_from_path /opt/stack/neutron/neutron/api/extensions.py:449}}
Jun 24 00:57:23.999570 np0000182646 devstack@neutron-api.service[102955]: DEBUG neutron.api.extensions [None req-b2544b3e-af35-4aa1-a9e4-5cb28c10d9a7 None None] Ext name="DHCP Agent Scheduler" alias="dhcp_agent_scheduler" description="Schedule networks among dhcp agents" updated="2013-02-07T10:00:00-00:00" {{(pid=102955) _check_extension /opt/stack/neutron/neutron/api/extensions.py:415}}
Jun 24 00:57:23.999776 np0000182646 devstack@neutron-api.service[102955]: INFO neutron.api.extensions [None req-b2544b3e-af35-4aa1-a9e4-5cb28c10d9a7 None None] Loaded extension: dhcp_agent_scheduler
Jun 24 00:57:23.999835 np0000182646 devstack@neutron-api.service[102955]: DEBUG neutron.api.extensions [None req-b2544b3e-af35-4aa1-a9e4-5cb28c10d9a7 None None] Loading extension file: dns.py {{(pid=102955) _load_all_extensions_from_path /opt/stack/neutron/neutron/api/extensions.py:449}}
Jun 24 00:57:24.000056 np0000182646 devstack@neutron-api.service[102955]: DEBUG neutron.api.extensions [None req-b2544b3e-af35-4aa1-a9e4-5cb28c10d9a7 None None] Ext name="DNS Integration" alias="dns-integration" description="Provides integration with DNS." updated="2015-08-15T18:00:00-00:00" {{(pid=102955) _check_extension /opt/stack/neutron/neutron/api/extensions.py:415}}
Jun 24 00:57:24.000228 np0000182646 devstack@neutron-api.service[102955]: INFO neutron.api.extensions [None req-b2544b3e-af35-4aa1-a9e4-5cb28c10d9a7 None None] Loaded extension: dns-integration
Jun 24 00:57:24.000320 np0000182646 devstack@neutron-api.service[102955]: DEBUG neutron.api.extensions [None req-b2544b3e-af35-4aa1-a9e4-5cb28c10d9a7 None None] Loading extension file: dns_domain_ports.py {{(pid=102955) _load_all_extensions_from_path /opt/stack/neutron/neutron/api/extensions.py:449}}
Jun 24 00:57:24.000546 np0000182646 devstack@neutron-api.service[102955]: DEBUG neutron.api.extensions [None req-b2544b3e-af35-4aa1-a9e4-5cb28c10d9a7 None None] Ext name="dns_domain for ports" alias="dns-domain-ports" description="Allows the DNS domain to be specified for a network port." updated="2017-04-24T10:00:00-00:00" {{(pid=102955) _check_extension /opt/stack/neutron/neutron/api/extensions.py:415}}
Jun 24 00:57:24.000740 np0000182646 devstack@neutron-api.service[102955]: INFO neutron.api.extensions [None req-b2544b3e-af35-4aa1-a9e4-5cb28c10d9a7 None None] Loaded extension: dns-domain-ports
Jun 24 00:57:24.000836 np0000182646 devstack@neutron-api.service[102955]: DEBUG neutron.api.extensions [None req-b2544b3e-af35-4aa1-a9e4-5cb28c10d9a7 None None] Loading extension file: dns_integration_domain_keywords.py {{(pid=102955) _load_all_extensions_from_path /opt/stack/neutron/neutron/api/extensions.py:449}}
Jun 24 00:57:24.001040 np0000182646 devstack@neutron-api.service[102955]: DEBUG neutron.api.extensions [None req-b2544b3e-af35-4aa1-a9e4-5cb28c10d9a7 None None] Ext name="DNS domain names with keywords allowed" alias="dns-integration-domain-keywords" description="Allows to use keywords like , , and as DNS domain name" updated="2020-06-15T18:00:00-00:00" {{(pid=102955) _check_extension /opt/stack/neutron/neutron/api/extensions.py:415}}
Jun 24 00:57:24.001251 np0000182646 devstack@neutron-api.service[102955]: INFO neutron.api.extensions [None req-b2544b3e-af35-4aa1-a9e4-5cb28c10d9a7 None None] Loaded extension: dns-integration-domain-keywords
Jun 24 00:57:24.001353 np0000182646 devstack@neutron-api.service[102955]: DEBUG neutron.api.extensions [None req-b2544b3e-af35-4aa1-a9e4-5cb28c10d9a7 None None] Loading extension file: dvr.py {{(pid=102955) _load_all_extensions_from_path /opt/stack/neutron/neutron/api/extensions.py:449}}
Jun 24 00:57:24.001632 np0000182646 devstack@neutron-api.service[102955]: DEBUG neutron.api.extensions [None req-b2544b3e-af35-4aa1-a9e4-5cb28c10d9a7 None None] Ext name="Distributed Virtual Router" alias="dvr" description="Enables configuration of Distributed Virtual Routers." updated="2014-06-1T10:00:00-00:00" {{(pid=102955) _check_extension /opt/stack/neutron/neutron/api/extensions.py:415}}
Jun 24 00:57:24.001832 np0000182646 devstack@neutron-api.service[102955]: INFO neutron.api.extensions [None req-b2544b3e-af35-4aa1-a9e4-5cb28c10d9a7 None None] Extension dvr not supported by any of loaded plugins
Jun 24 00:57:24.001928 np0000182646 devstack@neutron-api.service[102955]: DEBUG neutron.api.extensions [None req-b2544b3e-af35-4aa1-a9e4-5cb28c10d9a7 None None] Loading extension file: ecmp_routes.py {{(pid=102955) _load_all_extensions_from_path /opt/stack/neutron/neutron/api/extensions.py:449}}
Jun 24 00:57:24.002127 np0000182646 devstack@neutron-api.service[102955]: DEBUG neutron.api.extensions [None req-b2544b3e-af35-4aa1-a9e4-5cb28c10d9a7 None None] Ext name="Equal Cost Multipath Routing" alias="ecmp_routes" description="Allows traffic to reach thesame destination via multiple different links " updated="2020-11-26T18:00:00-00:00" {{(pid=102955) _check_extension /opt/stack/neutron/neutron/api/extensions.py:415}}
Jun 24 00:57:24.002296 np0000182646 devstack@neutron-api.service[102955]: INFO neutron.api.extensions [None req-b2544b3e-af35-4aa1-a9e4-5cb28c10d9a7 None None] Extension ecmp_routes not supported by any of loaded plugins
Jun 24 00:57:24.002415 np0000182646 devstack@neutron-api.service[102955]: DEBUG neutron.api.extensions [None req-b2544b3e-af35-4aa1-a9e4-5cb28c10d9a7 None None] Loading extension file: empty_string_filtering.py {{(pid=102955) _load_all_extensions_from_path /opt/stack/neutron/neutron/api/extensions.py:449}}
Jun 24 00:57:24.002624 np0000182646 devstack@neutron-api.service[102955]: DEBUG neutron.api.extensions [None req-b2544b3e-af35-4aa1-a9e4-5cb28c10d9a7 None None] Ext name="Empty String Filtering Extension" alias="empty-string-filtering" description="Allow filtering by attributes with empty string value" updated="2018-05-01T10:00:00-00:00" {{(pid=102955) _check_extension /opt/stack/neutron/neutron/api/extensions.py:415}}
Jun 24 00:57:24.002809 np0000182646 devstack@neutron-api.service[102955]: INFO neutron.api.extensions [None req-b2544b3e-af35-4aa1-a9e4-5cb28c10d9a7 None None] Loaded extension: empty-string-filtering
Jun 24 00:57:24.002896 np0000182646 devstack@neutron-api.service[102955]: DEBUG neutron.api.extensions [None req-b2544b3e-af35-4aa1-a9e4-5cb28c10d9a7 None None] Loading extension file: evpn.py {{(pid=102955) _load_all_extensions_from_path /opt/stack/neutron/neutron/api/extensions.py:449}}
Jun 24 00:57:24.003165 np0000182646 devstack@neutron-api.service[102955]: DEBUG neutron.api.extensions [None req-b2544b3e-af35-4aa1-a9e4-5cb28c10d9a7 None None] Ext name="EVPN" alias="evpn" description="Router extension to support EVPN Type-5 route advertisement" updated="2026-04-28T00:00:00-00:00" {{(pid=102955) _check_extension /opt/stack/neutron/neutron/api/extensions.py:415}}
Jun 24 00:57:24.003305 np0000182646 devstack@neutron-api.service[102955]: INFO neutron.api.extensions [None req-b2544b3e-af35-4aa1-a9e4-5cb28c10d9a7 None None] Extension evpn not supported by any of loaded plugins
Jun 24 00:57:24.003377 np0000182646 devstack@neutron-api.service[102955]: DEBUG neutron.api.extensions [None req-b2544b3e-af35-4aa1-a9e4-5cb28c10d9a7 None None] Loading extension file: expose_l3_conntrack_helper.py {{(pid=102955) _load_all_extensions_from_path /opt/stack/neutron/neutron/api/extensions.py:449}}
Jun 24 00:57:24.003601 np0000182646 devstack@neutron-api.service[102955]: DEBUG neutron.api.extensions [None req-b2544b3e-af35-4aa1-a9e4-5cb28c10d9a7 None None] Ext name="Expose CT target rules for conntrack helper" alias="expose-l3-conntrack-helper" description="Expose allow adding CT target rules for conntrack helper" updated="2019-04-04T10:00:00-00:00" {{(pid=102955) _check_extension /opt/stack/neutron/neutron/api/extensions.py:415}}
Jun 24 00:57:24.003820 np0000182646 devstack@neutron-api.service[102955]: INFO neutron.api.extensions [None req-b2544b3e-af35-4aa1-a9e4-5cb28c10d9a7 None None] Extension expose-l3-conntrack-helper not supported by any of loaded plugins
Jun 24 00:57:24.003909 np0000182646 devstack@neutron-api.service[102955]: DEBUG neutron.api.extensions [None req-b2544b3e-af35-4aa1-a9e4-5cb28c10d9a7 None None] Loading extension file: expose_port_forwarding_in_fip.py {{(pid=102955) _load_all_extensions_from_path /opt/stack/neutron/neutron/api/extensions.py:449}}
Jun 24 00:57:24.004103 np0000182646 devstack@neutron-api.service[102955]: DEBUG neutron.api.extensions [None req-b2544b3e-af35-4aa1-a9e4-5cb28c10d9a7 None None] Ext name="Expose Floating IP port forwardings" alias="expose-port-forwarding-in-fip" description="Expose port forwarding fields in floating IP response" updated="2018-06-28T16:00:00-00:00" {{(pid=102955) _check_extension /opt/stack/neutron/neutron/api/extensions.py:415}}
Jun 24 00:57:24.004273 np0000182646 devstack@neutron-api.service[102955]: INFO neutron.api.extensions [None req-b2544b3e-af35-4aa1-a9e4-5cb28c10d9a7 None None] Extension expose-port-forwarding-in-fip not supported by any of loaded plugins
Jun 24 00:57:24.004361 np0000182646 devstack@neutron-api.service[102955]: DEBUG neutron.api.extensions [None req-b2544b3e-af35-4aa1-a9e4-5cb28c10d9a7 None None] Loading extension file: external_net.py {{(pid=102955) _load_all_extensions_from_path /opt/stack/neutron/neutron/api/extensions.py:449}}
Jun 24 00:57:24.004580 np0000182646 devstack@neutron-api.service[102955]: DEBUG neutron.api.extensions [None req-b2544b3e-af35-4aa1-a9e4-5cb28c10d9a7 None None] Ext name="Neutron external network" alias="external-net" description="Adds external network attribute to network resource." updated="2013-01-14T10:00:00-00:00" {{(pid=102955) _check_extension /opt/stack/neutron/neutron/api/extensions.py:415}}
Jun 24 00:57:24.004795 np0000182646 devstack@neutron-api.service[102955]: INFO neutron.api.extensions [None req-b2544b3e-af35-4aa1-a9e4-5cb28c10d9a7 None None] Loaded extension: external-net
Jun 24 00:57:24.004874 np0000182646 devstack@neutron-api.service[102955]: DEBUG neutron.api.extensions [None req-b2544b3e-af35-4aa1-a9e4-5cb28c10d9a7 None None] Loading extension file: extra_dhcp_opt.py {{(pid=102955) _load_all_extensions_from_path /opt/stack/neutron/neutron/api/extensions.py:449}}
Jun 24 00:57:24.005102 np0000182646 devstack@neutron-api.service[102955]: DEBUG neutron.api.extensions [None req-b2544b3e-af35-4aa1-a9e4-5cb28c10d9a7 None None] Ext name="Neutron Extra DHCP options" alias="extra_dhcp_opt" description="Extra options configuration for DHCP. For example PXE boot options to DHCP clients can be specified (e.g. tftp-server, server-ip-address, bootfile-name)" updated="2013-03-17T12:00:00-00:00" {{(pid=102955) _check_extension /opt/stack/neutron/neutron/api/extensions.py:415}}
Jun 24 00:57:24.005288 np0000182646 devstack@neutron-api.service[102955]: INFO neutron.api.extensions [None req-b2544b3e-af35-4aa1-a9e4-5cb28c10d9a7 None None] Loaded extension: extra_dhcp_opt
Jun 24 00:57:24.005328 np0000182646 devstack@neutron-api.service[102955]: DEBUG neutron.api.extensions [None req-b2544b3e-af35-4aa1-a9e4-5cb28c10d9a7 None None] Loading extension file: extraroute.py {{(pid=102955) _load_all_extensions_from_path /opt/stack/neutron/neutron/api/extensions.py:449}}
Jun 24 00:57:24.005580 np0000182646 devstack@neutron-api.service[102955]: DEBUG neutron.api.extensions [None req-b2544b3e-af35-4aa1-a9e4-5cb28c10d9a7 None None] Ext name="Neutron Extra Route" alias="extraroute" description="Extra routes configuration for L3 router" updated="2013-02-01T10:00:00-00:00" {{(pid=102955) _check_extension /opt/stack/neutron/neutron/api/extensions.py:415}}
Jun 24 00:57:24.005770 np0000182646 devstack@neutron-api.service[102955]: INFO neutron.api.extensions [None req-b2544b3e-af35-4aa1-a9e4-5cb28c10d9a7 None None] Loaded extension: extraroute
Jun 24 00:57:24.005844 np0000182646 devstack@neutron-api.service[102955]: DEBUG neutron.api.extensions [None req-b2544b3e-af35-4aa1-a9e4-5cb28c10d9a7 None None] Loading extension file: extraroute_atomic.py {{(pid=102955) _load_all_extensions_from_path /opt/stack/neutron/neutron/api/extensions.py:449}}
