Jun 19 00:28:15.012523 np0000182220 nova-scheduler[108375]: DEBUG cotyledon.oslo_config_glue [-] workarounds.enable_numa_live_migration = False {{(pid=108375) log_opt_values /opt/stack/data/venv/lib/python3.12/site-packages/oslo_config/cfg.py:3253}}
Jun 19 00:28:15.012523 np0000182220 nova-scheduler[108375]: DEBUG cotyledon.oslo_config_glue [-] workarounds.enable_qemu_monitor_announce_self = False {{(pid=108375) log_opt_values /opt/stack/data/venv/lib/python3.12/site-packages/oslo_config/cfg.py:3253}}
Jun 19 00:28:15.012523 np0000182220 nova-scheduler[108375]: DEBUG cotyledon.oslo_config_glue [-] workarounds.ensure_libvirt_rbd_instance_dir_cleanup = False {{(pid=108375) log_opt_values /opt/stack/data/venv/lib/python3.12/site-packages/oslo_config/cfg.py:3253}}
Jun 19 00:28:15.012523 np0000182220 nova-scheduler[108375]: DEBUG cotyledon.oslo_config_glue [-] workarounds.handle_virt_lifecycle_events = True {{(pid=108375) log_opt_values /opt/stack/data/venv/lib/python3.12/site-packages/oslo_config/cfg.py:3253}}
Jun 19 00:28:15.012749 np0000182220 nova-scheduler[108375]: DEBUG cotyledon.oslo_config_glue [-] workarounds.libvirt_disable_apic = False {{(pid=108375) log_opt_values /opt/stack/data/venv/lib/python3.12/site-packages/oslo_config/cfg.py:3253}}
Jun 19 00:28:15.012749 np0000182220 nova-scheduler[108375]: DEBUG cotyledon.oslo_config_glue [-] workarounds.never_download_image_if_on_rbd = False {{(pid=108375) log_opt_values /opt/stack/data/venv/lib/python3.12/site-packages/oslo_config/cfg.py:3253}}
Jun 19 00:28:15.012749 np0000182220 nova-scheduler[108375]: DEBUG cotyledon.oslo_config_glue [-] workarounds.qemu_monitor_announce_self_count = 3 {{(pid=108375) log_opt_values /opt/stack/data/venv/lib/python3.12/site-packages/oslo_config/cfg.py:3253}}
Jun 19 00:28:15.012749 np0000182220 nova-scheduler[108375]: DEBUG cotyledon.oslo_config_glue [-] workarounds.qemu_monitor_announce_self_interval = 1 {{(pid=108375) log_opt_values /opt/stack/data/venv/lib/python3.12/site-packages/oslo_config/cfg.py:3253}}
Jun 19 00:28:15.012749 np0000182220 nova-scheduler[108375]: DEBUG cotyledon.oslo_config_glue [-] workarounds.reserve_disk_resource_for_image_cache = False {{(pid=108375) log_opt_values /opt/stack/data/venv/lib/python3.12/site-packages/oslo_config/cfg.py:3253}}
Jun 19 00:28:15.012749 np0000182220 nova-scheduler[108375]: DEBUG cotyledon.oslo_config_glue [-] workarounds.skip_cpu_compare_at_startup = False {{(pid=108375) log_opt_values /opt/stack/data/venv/lib/python3.12/site-packages/oslo_config/cfg.py:3253}}
Jun 19 00:28:15.012749 np0000182220 nova-scheduler[108375]: DEBUG cotyledon.oslo_config_glue [-] workarounds.skip_cpu_compare_on_dest = False {{(pid=108375) log_opt_values /opt/stack/data/venv/lib/python3.12/site-packages/oslo_config/cfg.py:3253}}
Jun 19 00:28:15.012749 np0000182220 nova-scheduler[108375]: DEBUG cotyledon.oslo_config_glue [-] workarounds.skip_hypervisor_version_check_on_lm = False {{(pid=108375) log_opt_values /opt/stack/data/venv/lib/python3.12/site-packages/oslo_config/cfg.py:3253}}
Jun 19 00:28:15.012749 np0000182220 nova-scheduler[108375]: DEBUG cotyledon.oslo_config_glue [-] workarounds.skip_reserve_in_use_ironic_nodes = False {{(pid=108375) log_opt_values /opt/stack/data/venv/lib/python3.12/site-packages/oslo_config/cfg.py:3253}}
Jun 19 00:28:15.012956 np0000182220 nova-scheduler[108375]: DEBUG cotyledon.oslo_config_glue [-] workarounds.unified_limits_count_pcpu_as_vcpu = False {{(pid=108375) log_opt_values /opt/stack/data/venv/lib/python3.12/site-packages/oslo_config/cfg.py:3253}}
Jun 19 00:28:15.012956 np0000182220 nova-scheduler[108375]: DEBUG cotyledon.oslo_config_glue [-] workarounds.wait_for_vif_plugged_event_during_hard_reboot = [] {{(pid=108375) log_opt_values /opt/stack/data/venv/lib/python3.12/site-packages/oslo_config/cfg.py:3253}}
Jun 19 00:28:15.012956 np0000182220 nova-scheduler[108375]: DEBUG cotyledon.oslo_config_glue [-] wsgi.api_paste_config = /etc/nova/api-paste.ini {{(pid=108375) log_opt_values /opt/stack/data/venv/lib/python3.12/site-packages/oslo_config/cfg.py:3253}}
Jun 19 00:28:15.012956 np0000182220 nova-scheduler[108375]: DEBUG cotyledon.oslo_config_glue [-] wsgi.secure_proxy_ssl_header = None {{(pid=108375) log_opt_values /opt/stack/data/venv/lib/python3.12/site-packages/oslo_config/cfg.py:3253}}
Jun 19 00:28:15.012956 np0000182220 nova-scheduler[108375]: DEBUG cotyledon.oslo_config_glue [-] zvm.ca_file = None {{(pid=108375) log_opt_values /opt/stack/data/venv/lib/python3.12/site-packages/oslo_config/cfg.py:3253}}
Jun 19 00:28:15.012956 np0000182220 nova-scheduler[108375]: DEBUG cotyledon.oslo_config_glue [-] zvm.cloud_connector_url = None {{(pid=108375) log_opt_values /opt/stack/data/venv/lib/python3.12/site-packages/oslo_config/cfg.py:3253}}
Jun 19 00:28:15.012956 np0000182220 nova-scheduler[108375]: DEBUG cotyledon.oslo_config_glue [-] zvm.image_tmp_path = /opt/stack/data/nova/images {{(pid=108375) log_opt_values /opt/stack/data/venv/lib/python3.12/site-packages/oslo_config/cfg.py:3253}}
Jun 19 00:28:15.012956 np0000182220 nova-scheduler[108375]: DEBUG cotyledon.oslo_config_glue [-] zvm.reachable_timeout = 300 {{(pid=108375) log_opt_values /opt/stack/data/venv/lib/python3.12/site-packages/oslo_config/cfg.py:3253}}
Jun 19 00:28:15.012956 np0000182220 nova-scheduler[108375]: DEBUG cotyledon.oslo_config_glue [-] oslo_versionedobjects.fatal_exception_format_errors = False {{(pid=108375) log_opt_values /opt/stack/data/venv/lib/python3.12/site-packages/oslo_config/cfg.py:3253}}
Jun 19 00:28:15.013155 np0000182220 nova-scheduler[108375]: DEBUG cotyledon.oslo_config_glue [-] oslo_middleware.http_basic_auth_user_file = /etc/htpasswd {{(pid=108375) log_opt_values /opt/stack/data/venv/lib/python3.12/site-packages/oslo_config/cfg.py:3253}}
Jun 19 00:28:15.013155 np0000182220 nova-scheduler[108375]: DEBUG cotyledon.oslo_config_glue [-] oslo_messaging_metrics.metrics_buffer_size = 1000 {{(pid=108375) log_opt_values /opt/stack/data/venv/lib/python3.12/site-packages/oslo_config/cfg.py:3253}}
Jun 19 00:28:15.013155 np0000182220 nova-scheduler[108375]: DEBUG cotyledon.oslo_config_glue [-] oslo_messaging_metrics.metrics_enabled = False {{(pid=108375) log_opt_values /opt/stack/data/venv/lib/python3.12/site-packages/oslo_config/cfg.py:3253}}
Jun 19 00:28:15.013155 np0000182220 nova-scheduler[108375]: DEBUG cotyledon.oslo_config_glue [-] oslo_messaging_metrics.metrics_process_name = {{(pid=108375) log_opt_values /opt/stack/data/venv/lib/python3.12/site-packages/oslo_config/cfg.py:3253}}
Jun 19 00:28:15.013155 np0000182220 nova-scheduler[108375]: DEBUG cotyledon.oslo_config_glue [-] oslo_messaging_metrics.metrics_socket_file = /var/tmp/metrics_collector.sock {{(pid=108375) log_opt_values /opt/stack/data/venv/lib/python3.12/site-packages/oslo_config/cfg.py:3253}}
Jun 19 00:28:15.013155 np0000182220 nova-scheduler[108375]: DEBUG cotyledon.oslo_config_glue [-] oslo_messaging_metrics.metrics_thread_stop_timeout = 10 {{(pid=108375) log_opt_values /opt/stack/data/venv/lib/python3.12/site-packages/oslo_config/cfg.py:3253}}
Jun 19 00:28:15.013155 np0000182220 nova-scheduler[108375]: DEBUG cotyledon.oslo_config_glue [-] profiler.connection_string = messaging:// {{(pid=108375) log_opt_values /opt/stack/data/venv/lib/python3.12/site-packages/oslo_config/cfg.py:3253}}
Jun 19 00:28:15.013155 np0000182220 nova-scheduler[108375]: DEBUG cotyledon.oslo_config_glue [-] profiler.enabled = False {{(pid=108375) log_opt_values /opt/stack/data/venv/lib/python3.12/site-packages/oslo_config/cfg.py:3253}}
Jun 19 00:28:15.013383 np0000182220 nova-scheduler[108375]: DEBUG cotyledon.oslo_config_glue [-] profiler.es_doc_type = notification {{(pid=108375) log_opt_values /opt/stack/data/venv/lib/python3.12/site-packages/oslo_config/cfg.py:3253}}
Jun 19 00:28:15.013383 np0000182220 nova-scheduler[108375]: DEBUG cotyledon.oslo_config_glue [-] profiler.es_scroll_size = 10000 {{(pid=108375) log_opt_values /opt/stack/data/venv/lib/python3.12/site-packages/oslo_config/cfg.py:3253}}
Jun 19 00:28:15.013383 np0000182220 nova-scheduler[108375]: DEBUG cotyledon.oslo_config_glue [-] profiler.es_scroll_time = 2m {{(pid=108375) log_opt_values /opt/stack/data/venv/lib/python3.12/site-packages/oslo_config/cfg.py:3253}}
Jun 19 00:28:15.013383 np0000182220 nova-scheduler[108375]: DEBUG cotyledon.oslo_config_glue [-] profiler.filter_error_trace = False {{(pid=108375) log_opt_values /opt/stack/data/venv/lib/python3.12/site-packages/oslo_config/cfg.py:3253}}
Jun 19 00:28:15.013383 np0000182220 nova-scheduler[108375]: DEBUG cotyledon.oslo_config_glue [-] profiler.hmac_keys = **** {{(pid=108375) log_opt_values /opt/stack/data/venv/lib/python3.12/site-packages/oslo_config/cfg.py:3253}}
Jun 19 00:28:15.013383 np0000182220 nova-scheduler[108375]: DEBUG cotyledon.oslo_config_glue [-] profiler.sentinel_service_name = mymaster {{(pid=108375) log_opt_values /opt/stack/data/venv/lib/python3.12/site-packages/oslo_config/cfg.py:3253}}
Jun 19 00:28:15.013383 np0000182220 nova-scheduler[108375]: DEBUG cotyledon.oslo_config_glue [-] profiler.socket_timeout = 0.1 {{(pid=108375) log_opt_values /opt/stack/data/venv/lib/python3.12/site-packages/oslo_config/cfg.py:3253}}
Jun 19 00:28:15.013383 np0000182220 nova-scheduler[108375]: DEBUG cotyledon.oslo_config_glue [-] profiler.trace_requests = False {{(pid=108375) log_opt_values /opt/stack/data/venv/lib/python3.12/site-packages/oslo_config/cfg.py:3253}}
Jun 19 00:28:15.013383 np0000182220 nova-scheduler[108375]: DEBUG cotyledon.oslo_config_glue [-] profiler.trace_sqlalchemy = False {{(pid=108375) log_opt_values /opt/stack/data/venv/lib/python3.12/site-packages/oslo_config/cfg.py:3253}}
Jun 19 00:28:15.013685 np0000182220 nova-scheduler[108375]: DEBUG cotyledon.oslo_config_glue [-] profiler_jaeger.process_tags = {} {{(pid=108375) log_opt_values /opt/stack/data/venv/lib/python3.12/site-packages/oslo_config/cfg.py:3253}}
Jun 19 00:28:15.013685 np0000182220 nova-scheduler[108375]: DEBUG cotyledon.oslo_config_glue [-] profiler_jaeger.service_name_prefix = None {{(pid=108375) log_opt_values /opt/stack/data/venv/lib/python3.12/site-packages/oslo_config/cfg.py:3253}}
Jun 19 00:28:15.013685 np0000182220 nova-scheduler[108375]: DEBUG cotyledon.oslo_config_glue [-] profiler_otlp.service_name_prefix = None {{(pid=108375) log_opt_values /opt/stack/data/venv/lib/python3.12/site-packages/oslo_config/cfg.py:3253}}
Jun 19 00:28:15.013685 np0000182220 nova-scheduler[108375]: DEBUG cotyledon.oslo_config_glue [-] oslo_messaging_rabbit.amqp_auto_delete = False {{(pid=108375) log_opt_values /opt/stack/data/venv/lib/python3.12/site-packages/oslo_config/cfg.py:3253}}
Jun 19 00:28:15.013685 np0000182220 nova-scheduler[108375]: DEBUG cotyledon.oslo_config_glue [-] oslo_messaging_rabbit.amqp_durable_queues = False {{(pid=108375) log_opt_values /opt/stack/data/venv/lib/python3.12/site-packages/oslo_config/cfg.py:3253}}
Jun 19 00:28:15.013685 np0000182220 nova-scheduler[108375]: DEBUG cotyledon.oslo_config_glue [-] oslo_messaging_rabbit.conn_pool_min_size = 2 {{(pid=108375) log_opt_values /opt/stack/data/venv/lib/python3.12/site-packages/oslo_config/cfg.py:3253}}
Jun 19 00:28:15.013685 np0000182220 nova-scheduler[108375]: DEBUG cotyledon.oslo_config_glue [-] oslo_messaging_rabbit.conn_pool_ttl = 1200 {{(pid=108375) log_opt_values /opt/stack/data/venv/lib/python3.12/site-packages/oslo_config/cfg.py:3253}}
Jun 19 00:28:15.013685 np0000182220 nova-scheduler[108375]: DEBUG cotyledon.oslo_config_glue [-] oslo_messaging_rabbit.direct_mandatory_flag = True {{(pid=108375) log_opt_values /opt/stack/data/venv/lib/python3.12/site-packages/oslo_config/cfg.py:3253}}
Jun 19 00:28:15.013685 np0000182220 nova-scheduler[108375]: DEBUG cotyledon.oslo_config_glue [-] oslo_messaging_rabbit.enable_cancel_on_failover = False {{(pid=108375) log_opt_values /opt/stack/data/venv/lib/python3.12/site-packages/oslo_config/cfg.py:3253}}
Jun 19 00:28:15.013907 np0000182220 nova-scheduler[108375]: DEBUG cotyledon.oslo_config_glue [-] oslo_messaging_rabbit.heartbeat_rate = 3 {{(pid=108375) log_opt_values /opt/stack/data/venv/lib/python3.12/site-packages/oslo_config/cfg.py:3253}}
Jun 19 00:28:15.013907 np0000182220 nova-scheduler[108375]: DEBUG cotyledon.oslo_config_glue [-] oslo_messaging_rabbit.heartbeat_timeout_threshold = 60 {{(pid=108375) log_opt_values /opt/stack/data/venv/lib/python3.12/site-packages/oslo_config/cfg.py:3253}}
Jun 19 00:28:15.013907 np0000182220 nova-scheduler[108375]: DEBUG cotyledon.oslo_config_glue [-] oslo_messaging_rabbit.hostname = np0000182220 {{(pid=108375) log_opt_values /opt/stack/data/venv/lib/python3.12/site-packages/oslo_config/cfg.py:3253}}
Jun 19 00:28:15.013907 np0000182220 nova-scheduler[108375]: DEBUG cotyledon.oslo_config_glue [-] oslo_messaging_rabbit.kombu_compression = None {{(pid=108375) log_opt_values /opt/stack/data/venv/lib/python3.12/site-packages/oslo_config/cfg.py:3253}}
Jun 19 00:28:15.013907 np0000182220 nova-scheduler[108375]: DEBUG cotyledon.oslo_config_glue [-] oslo_messaging_rabbit.kombu_failover_strategy = round-robin {{(pid=108375) log_opt_values /opt/stack/data/venv/lib/python3.12/site-packages/oslo_config/cfg.py:3253}}
Jun 19 00:28:15.013907 np0000182220 nova-scheduler[108375]: DEBUG cotyledon.oslo_config_glue [-] oslo_messaging_rabbit.kombu_missing_consumer_retry_timeout = 60 {{(pid=108375) log_opt_values /opt/stack/data/venv/lib/python3.12/site-packages/oslo_config/cfg.py:3253}}
Jun 19 00:28:15.013907 np0000182220 nova-scheduler[108375]: DEBUG cotyledon.oslo_config_glue [-] oslo_messaging_rabbit.kombu_reconnect_delay = 1.0 {{(pid=108375) log_opt_values /opt/stack/data/venv/lib/python3.12/site-packages/oslo_config/cfg.py:3253}}
Jun 19 00:28:15.013907 np0000182220 nova-scheduler[108375]: DEBUG cotyledon.oslo_config_glue [-] oslo_messaging_rabbit.kombu_reconnect_splay = 0.0 {{(pid=108375) log_opt_values /opt/stack/data/venv/lib/python3.12/site-packages/oslo_config/cfg.py:3253}}
Jun 19 00:28:15.014095 np0000182220 nova-scheduler[108375]: DEBUG cotyledon.oslo_config_glue [-] oslo_messaging_rabbit.processname = nova-scheduler {{(pid=108375) log_opt_values /opt/stack/data/venv/lib/python3.12/site-packages/oslo_config/cfg.py:3253}}
Jun 19 00:28:15.014095 np0000182220 nova-scheduler[108375]: DEBUG cotyledon.oslo_config_glue [-] oslo_messaging_rabbit.rabbit_ha_queues = False {{(pid=108375) log_opt_values /opt/stack/data/venv/lib/python3.12/site-packages/oslo_config/cfg.py:3253}}
Jun 19 00:28:15.014095 np0000182220 nova-scheduler[108375]: DEBUG cotyledon.oslo_config_glue [-] oslo_messaging_rabbit.rabbit_interval_max = 30 {{(pid=108375) log_opt_values /opt/stack/data/venv/lib/python3.12/site-packages/oslo_config/cfg.py:3253}}
Jun 19 00:28:15.014095 np0000182220 nova-scheduler[108375]: DEBUG cotyledon.oslo_config_glue [-] oslo_messaging_rabbit.rabbit_login_method = AMQPLAIN {{(pid=108375) log_opt_values /opt/stack/data/venv/lib/python3.12/site-packages/oslo_config/cfg.py:3253}}
Jun 19 00:28:15.014095 np0000182220 nova-scheduler[108375]: DEBUG cotyledon.oslo_config_glue [-] oslo_messaging_rabbit.rabbit_qos_prefetch_count = 0 {{(pid=108375) log_opt_values /opt/stack/data/venv/lib/python3.12/site-packages/oslo_config/cfg.py:3253}}
Jun 19 00:28:15.014095 np0000182220 nova-scheduler[108375]: DEBUG cotyledon.oslo_config_glue [-] oslo_messaging_rabbit.rabbit_quorum_delivery_limit = 0 {{(pid=108375) log_opt_values /opt/stack/data/venv/lib/python3.12/site-packages/oslo_config/cfg.py:3253}}
Jun 19 00:28:15.014095 np0000182220 nova-scheduler[108375]: DEBUG cotyledon.oslo_config_glue [-] oslo_messaging_rabbit.rabbit_quorum_max_memory_bytes = 0 {{(pid=108375) log_opt_values /opt/stack/data/venv/lib/python3.12/site-packages/oslo_config/cfg.py:3253}}
Jun 19 00:28:15.014095 np0000182220 nova-scheduler[108375]: DEBUG cotyledon.oslo_config_glue [-] oslo_messaging_rabbit.rabbit_quorum_max_memory_length = 0 {{(pid=108375) log_opt_values /opt/stack/data/venv/lib/python3.12/site-packages/oslo_config/cfg.py:3253}}
Jun 19 00:28:15.014288 np0000182220 nova-scheduler[108375]: DEBUG cotyledon.oslo_config_glue [-] oslo_messaging_rabbit.rabbit_quorum_queue = False {{(pid=108375) log_opt_values /opt/stack/data/venv/lib/python3.12/site-packages/oslo_config/cfg.py:3253}}
Jun 19 00:28:15.014288 np0000182220 nova-scheduler[108375]: DEBUG cotyledon.oslo_config_glue [-] oslo_messaging_rabbit.rabbit_retry_backoff = 2 {{(pid=108375) log_opt_values /opt/stack/data/venv/lib/python3.12/site-packages/oslo_config/cfg.py:3253}}
Jun 19 00:28:15.014288 np0000182220 nova-scheduler[108375]: DEBUG cotyledon.oslo_config_glue [-] oslo_messaging_rabbit.rabbit_retry_interval = 1 {{(pid=108375) log_opt_values /opt/stack/data/venv/lib/python3.12/site-packages/oslo_config/cfg.py:3253}}
Jun 19 00:28:15.014288 np0000182220 nova-scheduler[108375]: DEBUG cotyledon.oslo_config_glue [-] oslo_messaging_rabbit.rabbit_stream_fanout = False {{(pid=108375) log_opt_values /opt/stack/data/venv/lib/python3.12/site-packages/oslo_config/cfg.py:3253}}
Jun 19 00:28:15.014288 np0000182220 nova-scheduler[108375]: DEBUG cotyledon.oslo_config_glue [-] oslo_messaging_rabbit.rabbit_transient_queues_ttl = 1800 {{(pid=108375) log_opt_values /opt/stack/data/venv/lib/python3.12/site-packages/oslo_config/cfg.py:3253}}
Jun 19 00:28:15.014288 np0000182220 nova-scheduler[108375]: DEBUG cotyledon.oslo_config_glue [-] oslo_messaging_rabbit.rabbit_transient_quorum_queue = False {{(pid=108375) log_opt_values /opt/stack/data/venv/lib/python3.12/site-packages/oslo_config/cfg.py:3253}}
Jun 19 00:28:15.014288 np0000182220 nova-scheduler[108375]: DEBUG cotyledon.oslo_config_glue [-] oslo_messaging_rabbit.rpc_conn_pool_size = 30 {{(pid=108375) log_opt_values /opt/stack/data/venv/lib/python3.12/site-packages/oslo_config/cfg.py:3253}}
Jun 19 00:28:15.014288 np0000182220 nova-scheduler[108375]: DEBUG cotyledon.oslo_config_glue [-] oslo_messaging_rabbit.ssl = False {{(pid=108375) log_opt_values /opt/stack/data/venv/lib/python3.12/site-packages/oslo_config/cfg.py:3253}}
Jun 19 00:28:15.014288 np0000182220 nova-scheduler[108375]: DEBUG cotyledon.oslo_config_glue [-] oslo_messaging_rabbit.ssl_ca_file = {{(pid=108375) log_opt_values /opt/stack/data/venv/lib/python3.12/site-packages/oslo_config/cfg.py:3253}}
Jun 19 00:28:15.014550 np0000182220 nova-scheduler[108375]: DEBUG cotyledon.oslo_config_glue [-] oslo_messaging_rabbit.ssl_cert_file = {{(pid=108375) log_opt_values /opt/stack/data/venv/lib/python3.12/site-packages/oslo_config/cfg.py:3253}}
Jun 19 00:28:15.014550 np0000182220 nova-scheduler[108375]: DEBUG cotyledon.oslo_config_glue [-] oslo_messaging_rabbit.ssl_enforce_fips_mode = False {{(pid=108375) log_opt_values /opt/stack/data/venv/lib/python3.12/site-packages/oslo_config/cfg.py:3253}}
Jun 19 00:28:15.014550 np0000182220 nova-scheduler[108375]: DEBUG cotyledon.oslo_config_glue [-] oslo_messaging_rabbit.ssl_enforce_hostname_verification = True {{(pid=108375) log_opt_values /opt/stack/data/venv/lib/python3.12/site-packages/oslo_config/cfg.py:3253}}
Jun 19 00:28:15.014550 np0000182220 nova-scheduler[108375]: DEBUG cotyledon.oslo_config_glue [-] oslo_messaging_rabbit.ssl_key_file = {{(pid=108375) log_opt_values /opt/stack/data/venv/lib/python3.12/site-packages/oslo_config/cfg.py:3253}}
Jun 19 00:28:15.014550 np0000182220 nova-scheduler[108375]: DEBUG cotyledon.oslo_config_glue [-] oslo_messaging_rabbit.ssl_version = {{(pid=108375) log_opt_values /opt/stack/data/venv/lib/python3.12/site-packages/oslo_config/cfg.py:3253}}
Jun 19 00:28:15.014550 np0000182220 nova-scheduler[108375]: DEBUG cotyledon.oslo_config_glue [-] oslo_messaging_rabbit.use_queue_manager = False {{(pid=108375) log_opt_values /opt/stack/data/venv/lib/python3.12/site-packages/oslo_config/cfg.py:3253}}
Jun 19 00:28:15.014550 np0000182220 nova-scheduler[108375]: DEBUG cotyledon.oslo_config_glue [-] oslo_messaging_notifications.driver = ['messagingv2'] {{(pid=108375) log_opt_values /opt/stack/data/venv/lib/python3.12/site-packages/oslo_config/cfg.py:3253}}
Jun 19 00:28:15.014550 np0000182220 nova-scheduler[108375]: DEBUG cotyledon.oslo_config_glue [-] oslo_messaging_notifications.retry = -1 {{(pid=108375) log_opt_values /opt/stack/data/venv/lib/python3.12/site-packages/oslo_config/cfg.py:3253}}
Jun 19 00:28:15.014550 np0000182220 nova-scheduler[108375]: DEBUG cotyledon.oslo_config_glue [-] oslo_messaging_notifications.topics = ['notifications'] {{(pid=108375) log_opt_values /opt/stack/data/venv/lib/python3.12/site-packages/oslo_config/cfg.py:3253}}
Jun 19 00:28:15.014864 np0000182220 nova-scheduler[108375]: DEBUG cotyledon.oslo_config_glue [-] oslo_messaging_notifications.transport_url = **** {{(pid=108375) log_opt_values /opt/stack/data/venv/lib/python3.12/site-packages/oslo_config/cfg.py:3253}}
Jun 19 00:28:15.014864 np0000182220 nova-scheduler[108375]: DEBUG cotyledon.oslo_config_glue [-] oslo_limit.auth_section = None {{(pid=108375) log_opt_values /opt/stack/data/venv/lib/python3.12/site-packages/oslo_config/cfg.py:3253}}
Jun 19 00:28:15.014864 np0000182220 nova-scheduler[108375]: DEBUG cotyledon.oslo_config_glue [-] oslo_limit.auth_type = None {{(pid=108375) log_opt_values /opt/stack/data/venv/lib/python3.12/site-packages/oslo_config/cfg.py:3253}}
Jun 19 00:28:15.014864 np0000182220 nova-scheduler[108375]: DEBUG cotyledon.oslo_config_glue [-] oslo_limit.cafile = None {{(pid=108375) log_opt_values /opt/stack/data/venv/lib/python3.12/site-packages/oslo_config/cfg.py:3253}}
Jun 19 00:28:15.014864 np0000182220 nova-scheduler[108375]: DEBUG cotyledon.oslo_config_glue [-] oslo_limit.certfile = None {{(pid=108375) log_opt_values /opt/stack/data/venv/lib/python3.12/site-packages/oslo_config/cfg.py:3253}}
Jun 19 00:28:15.014864 np0000182220 nova-scheduler[108375]: DEBUG cotyledon.oslo_config_glue [-] oslo_limit.collect_timing = False {{(pid=108375) log_opt_values /opt/stack/data/venv/lib/python3.12/site-packages/oslo_config/cfg.py:3253}}
Jun 19 00:28:15.014864 np0000182220 nova-scheduler[108375]: DEBUG cotyledon.oslo_config_glue [-] oslo_limit.connect_retries = None {{(pid=108375) log_opt_values /opt/stack/data/venv/lib/python3.12/site-packages/oslo_config/cfg.py:3253}}
Jun 19 00:28:15.014864 np0000182220 nova-scheduler[108375]: DEBUG cotyledon.oslo_config_glue [-] oslo_limit.connect_retry_delay = None {{(pid=108375) log_opt_values /opt/stack/data/venv/lib/python3.12/site-packages/oslo_config/cfg.py:3253}}
Jun 19 00:28:15.014864 np0000182220 nova-scheduler[108375]: DEBUG cotyledon.oslo_config_glue [-] oslo_limit.endpoint_id = None {{(pid=108375) log_opt_values /opt/stack/data/venv/lib/python3.12/site-packages/oslo_config/cfg.py:3253}}
Jun 19 00:28:15.015091 np0000182220 nova-scheduler[108375]: DEBUG cotyledon.oslo_config_glue [-] oslo_limit.endpoint_interface = public {{(pid=108375) log_opt_values /opt/stack/data/venv/lib/python3.12/site-packages/oslo_config/cfg.py:3253}}
Jun 19 00:28:15.015091 np0000182220 nova-scheduler[108375]: DEBUG cotyledon.oslo_config_glue [-] oslo_limit.endpoint_override = None {{(pid=108375) log_opt_values /opt/stack/data/venv/lib/python3.12/site-packages/oslo_config/cfg.py:3253}}
Jun 19 00:28:15.015091 np0000182220 nova-scheduler[108375]: DEBUG cotyledon.oslo_config_glue [-] oslo_limit.endpoint_region_name = None {{(pid=108375) log_opt_values /opt/stack/data/venv/lib/python3.12/site-packages/oslo_config/cfg.py:3253}}
Jun 19 00:28:15.015091 np0000182220 nova-scheduler[108375]: DEBUG cotyledon.oslo_config_glue [-] oslo_limit.endpoint_service_name = None {{(pid=108375) log_opt_values /opt/stack/data/venv/lib/python3.12/site-packages/oslo_config/cfg.py:3253}}
Jun 19 00:28:15.015091 np0000182220 nova-scheduler[108375]: DEBUG cotyledon.oslo_config_glue [-] oslo_limit.endpoint_service_type = None {{(pid=108375) log_opt_values /opt/stack/data/venv/lib/python3.12/site-packages/oslo_config/cfg.py:3253}}
Jun 19 00:28:15.015091 np0000182220 nova-scheduler[108375]: DEBUG cotyledon.oslo_config_glue [-] oslo_limit.insecure = False {{(pid=108375) log_opt_values /opt/stack/data/venv/lib/python3.12/site-packages/oslo_config/cfg.py:3253}}
Jun 19 00:28:15.015245 np0000182220 nova-scheduler[108349]: DEBUG oslo_db.sqlalchemy.engines [None req-e244b3ab-96b0-4093-b5a9-a14bacd3a43c None None] MySQL server mode set to STRICT_TRANS_TABLES,STRICT_ALL_TABLES,NO_ZERO_IN_DATE,NO_ZERO_DATE,ERROR_FOR_DIVISION_BY_ZERO,TRADITIONAL,NO_ENGINE_SUBSTITUTION {{(pid=108349) _check_effective_sql_mode /opt/stack/data/venv/lib/python3.12/site-packages/oslo_db/sqlalchemy/engines.py:325}}
Jun 19 00:28:15.015285 np0000182220 nova-scheduler[108375]: DEBUG cotyledon.oslo_config_glue [-] oslo_limit.keyfile = None {{(pid=108375) log_opt_values /opt/stack/data/venv/lib/python3.12/site-packages/oslo_config/cfg.py:3253}}
Jun 19 00:28:15.015285 np0000182220 nova-scheduler[108375]: DEBUG cotyledon.oslo_config_glue [-] oslo_limit.max_version = None {{(pid=108375) log_opt_values /opt/stack/data/venv/lib/python3.12/site-packages/oslo_config/cfg.py:3253}}
Jun 19 00:28:15.015285 np0000182220 nova-scheduler[108375]: DEBUG cotyledon.oslo_config_glue [-] oslo_limit.min_version = None {{(pid=108375) log_opt_values /opt/stack/data/venv/lib/python3.12/site-packages/oslo_config/cfg.py:3253}}
Jun 19 00:28:15.015285 np0000182220 nova-scheduler[108375]: DEBUG cotyledon.oslo_config_glue [-] oslo_limit.region_name = None {{(pid=108375) log_opt_values /opt/stack/data/venv/lib/python3.12/site-packages/oslo_config/cfg.py:3253}}
Jun 19 00:28:15.015285 np0000182220 nova-scheduler[108375]: DEBUG cotyledon.oslo_config_glue [-] oslo_limit.retriable_status_codes = None {{(pid=108375) log_opt_values /opt/stack/data/venv/lib/python3.12/site-packages/oslo_config/cfg.py:3253}}
Jun 19 00:28:15.015285 np0000182220 nova-scheduler[108375]: DEBUG cotyledon.oslo_config_glue [-] oslo_limit.service_name = None {{(pid=108375) log_opt_values /opt/stack/data/venv/lib/python3.12/site-packages/oslo_config/cfg.py:3253}}
Jun 19 00:28:15.015285 np0000182220 nova-scheduler[108375]: DEBUG cotyledon.oslo_config_glue [-] oslo_limit.service_type = None {{(pid=108375) log_opt_values /opt/stack/data/venv/lib/python3.12/site-packages/oslo_config/cfg.py:3253}}
Jun 19 00:28:15.015285 np0000182220 nova-scheduler[108375]: DEBUG cotyledon.oslo_config_glue [-] oslo_limit.split_loggers = False {{(pid=108375) log_opt_values /opt/stack/data/venv/lib/python3.12/site-packages/oslo_config/cfg.py:3253}}
Jun 19 00:28:15.015285 np0000182220 nova-scheduler[108375]: DEBUG cotyledon.oslo_config_glue [-] oslo_limit.status_code_retries = None {{(pid=108375) log_opt_values /opt/stack/data/venv/lib/python3.12/site-packages/oslo_config/cfg.py:3253}}
Jun 19 00:28:15.015507 np0000182220 nova-scheduler[108375]: DEBUG cotyledon.oslo_config_glue [-] oslo_limit.status_code_retry_delay = None {{(pid=108375) log_opt_values /opt/stack/data/venv/lib/python3.12/site-packages/oslo_config/cfg.py:3253}}
Jun 19 00:28:15.015507 np0000182220 nova-scheduler[108375]: DEBUG cotyledon.oslo_config_glue [-] oslo_limit.timeout = None {{(pid=108375) log_opt_values /opt/stack/data/venv/lib/python3.12/site-packages/oslo_config/cfg.py:3253}}
Jun 19 00:28:15.015507 np0000182220 nova-scheduler[108375]: DEBUG cotyledon.oslo_config_glue [-] oslo_limit.valid_interfaces = None {{(pid=108375) log_opt_values /opt/stack/data/venv/lib/python3.12/site-packages/oslo_config/cfg.py:3253}}
Jun 19 00:28:15.015507 np0000182220 nova-scheduler[108375]: DEBUG cotyledon.oslo_config_glue [-] oslo_limit.version = None {{(pid=108375) log_opt_values /opt/stack/data/venv/lib/python3.12/site-packages/oslo_config/cfg.py:3253}}
Jun 19 00:28:15.015507 np0000182220 nova-scheduler[108375]: DEBUG cotyledon.oslo_config_glue [-] oslo_reports.file_event_handler = None {{(pid=108375) log_opt_values /opt/stack/data/venv/lib/python3.12/site-packages/oslo_config/cfg.py:3253}}
Jun 19 00:28:15.015507 np0000182220 nova-scheduler[108375]: DEBUG cotyledon.oslo_config_glue [-] oslo_reports.file_event_handler_interval = 1 {{(pid=108375) log_opt_values /opt/stack/data/venv/lib/python3.12/site-packages/oslo_config/cfg.py:3253}}
Jun 19 00:28:15.015507 np0000182220 nova-scheduler[108375]: DEBUG cotyledon.oslo_config_glue [-] oslo_reports.log_dir = None {{(pid=108375) log_opt_values /opt/stack/data/venv/lib/python3.12/site-packages/oslo_config/cfg.py:3253}}
Jun 19 00:28:15.015507 np0000182220 nova-scheduler[108375]: DEBUG cotyledon.oslo_config_glue [-] ******************************************************************************** {{(pid=108375) log_opt_values /opt/stack/data/venv/lib/python3.12/site-packages/oslo_config/cfg.py:3260}}
Jun 19 00:28:15.015507 np0000182220 nova-scheduler[108375]: DEBUG cotyledon._service_worker [-] Run service ServiceWrapper(3) [108375] {{(pid=108375) wait_forever /opt/stack/data/venv/lib/python3.12/site-packages/cotyledon/_service_worker.py:218}}
Jun 19 00:28:15.015727 np0000182220 nova-scheduler[108375]: INFO nova.service [-] Starting scheduler node (version 33.1.0)
Jun 19 00:28:15.015754 np0000182220 nova-scheduler[108367]: INFO dbcounter [None req-4d9d8481-a126-4ece-8461-7c69406147c3 None None] Registered counter for database nova_cell0
Jun 19 00:28:15.015785 np0000182220 nova-scheduler[108375]: INFO dbcounter [None req-35918f11-de4e-4fb3-98ec-d1c344cc5f62 None None] Registered counter for database nova_cell0
Jun 19 00:28:15.015811 np0000182220 nova-scheduler[108349]: DEBUG dbcounter [-] [108349] Writer thread running {{(pid=108349) stat_writer /opt/stack/data/venv/lib/python3.12/site-packages/dbcounter.py:102}}
Jun 19 00:28:15.015843 np0000182220 nova-scheduler[108356]: DEBUG oslo_db.sqlalchemy.engines [None req-84d2d613-2448-4390-862f-853613508d74 None None] MySQL server mode set to STRICT_TRANS_TABLES,STRICT_ALL_TABLES,NO_ZERO_IN_DATE,NO_ZERO_DATE,ERROR_FOR_DIVISION_BY_ZERO,TRADITIONAL,NO_ENGINE_SUBSTITUTION {{(pid=108356) _check_effective_sql_mode /opt/stack/data/venv/lib/python3.12/site-packages/oslo_db/sqlalchemy/engines.py:325}}
Jun 19 00:28:15.015884 np0000182220 nova-scheduler[108349]: DEBUG nova.service [None req-e244b3ab-96b0-4093-b5a9-a14bacd3a43c None None] Creating RPC server for service: nova-scheduler on topic: scheduler {{(pid=108349) start /opt/stack/nova/nova/service.py:196}}
Jun 19 00:28:15.022057 np0000182220 nova-scheduler[108356]: DEBUG dbcounter [-] [108356] Writer thread running {{(pid=108356) stat_writer /opt/stack/data/venv/lib/python3.12/site-packages/dbcounter.py:102}}
Jun 19 00:28:15.025157 np0000182220 nova-scheduler[108356]: DEBUG nova.service [None req-84d2d613-2448-4390-862f-853613508d74 None None] Creating RPC server for service: nova-scheduler on topic: scheduler {{(pid=108356) start /opt/stack/nova/nova/service.py:196}}
Jun 19 00:28:15.033865 np0000182220 nova-scheduler[108367]: DEBUG oslo_db.sqlalchemy.engines [None req-4d9d8481-a126-4ece-8461-7c69406147c3 None None] MySQL server mode set to STRICT_TRANS_TABLES,STRICT_ALL_TABLES,NO_ZERO_IN_DATE,NO_ZERO_DATE,ERROR_FOR_DIVISION_BY_ZERO,TRADITIONAL,NO_ENGINE_SUBSTITUTION {{(pid=108367) _check_effective_sql_mode /opt/stack/data/venv/lib/python3.12/site-packages/oslo_db/sqlalchemy/engines.py:325}}
Jun 19 00:28:15.038708 np0000182220 nova-scheduler[108375]: DEBUG oslo_db.sqlalchemy.engines [None req-35918f11-de4e-4fb3-98ec-d1c344cc5f62 None None] MySQL server mode set to STRICT_TRANS_TABLES,STRICT_ALL_TABLES,NO_ZERO_IN_DATE,NO_ZERO_DATE,ERROR_FOR_DIVISION_BY_ZERO,TRADITIONAL,NO_ENGINE_SUBSTITUTION {{(pid=108375) _check_effective_sql_mode /opt/stack/data/venv/lib/python3.12/site-packages/oslo_db/sqlalchemy/engines.py:325}}
Jun 19 00:28:15.047000 np0000182220 nova-scheduler[108367]: DEBUG dbcounter [-] [108367] Writer thread running {{(pid=108367) stat_writer /opt/stack/data/venv/lib/python3.12/site-packages/dbcounter.py:102}}
Jun 19 00:28:15.051032 np0000182220 nova-scheduler[108375]: DEBUG dbcounter [-] [108375] Writer thread running {{(pid=108375) stat_writer /opt/stack/data/venv/lib/python3.12/site-packages/dbcounter.py:102}}
Jun 19 00:28:15.051318 np0000182220 nova-scheduler[108356]: DEBUG nova.service [None req-84d2d613-2448-4390-862f-853613508d74 None None] Join ServiceGroup membership for this service scheduler {{(pid=108356) start /opt/stack/nova/nova/service.py:222}}
Jun 19 00:28:15.053128 np0000182220 nova-scheduler[108356]: DEBUG nova.servicegroup.drivers.db [None req-84d2d613-2448-4390-862f-853613508d74 None None] DB_Driver: join new ServiceGroup member np0000182220 to the scheduler group, service = {{(pid=108356) join /opt/stack/nova/nova/servicegroup/drivers/db.py:44}}
Jun 19 00:28:15.053385 np0000182220 nova-scheduler[108367]: DEBUG nova.service [None req-4d9d8481-a126-4ece-8461-7c69406147c3 None None] Creating RPC server for service: nova-scheduler on topic: scheduler {{(pid=108367) start /opt/stack/nova/nova/service.py:196}}
Jun 19 00:28:15.053476 np0000182220 nova-scheduler[108349]: DEBUG nova.service [None req-e244b3ab-96b0-4093-b5a9-a14bacd3a43c None None] Join ServiceGroup membership for this service scheduler {{(pid=108349) start /opt/stack/nova/nova/service.py:222}}
Jun 19 00:28:15.053565 np0000182220 nova-scheduler[108349]: DEBUG nova.servicegroup.drivers.db [None req-e244b3ab-96b0-4093-b5a9-a14bacd3a43c None None] DB_Driver: join new ServiceGroup member np0000182220 to the scheduler group, service = {{(pid=108349) join /opt/stack/nova/nova/servicegroup/drivers/db.py:44}}
Jun 19 00:28:15.058765 np0000182220 nova-scheduler[108375]: DEBUG nova.service [None req-35918f11-de4e-4fb3-98ec-d1c344cc5f62 None None] Creating RPC server for service: nova-scheduler on topic: scheduler {{(pid=108375) start /opt/stack/nova/nova/service.py:196}}
Jun 19 00:28:15.077354 np0000182220 nova-scheduler[108367]: DEBUG nova.service [None req-4d9d8481-a126-4ece-8461-7c69406147c3 None None] Join ServiceGroup membership for this service scheduler {{(pid=108367) start /opt/stack/nova/nova/service.py:222}}
Jun 19 00:28:15.077640 np0000182220 nova-scheduler[108367]: DEBUG nova.servicegroup.drivers.db [None req-4d9d8481-a126-4ece-8461-7c69406147c3 None None] DB_Driver: join new ServiceGroup member np0000182220 to the scheduler group, service = {{(pid=108367) join /opt/stack/nova/nova/servicegroup/drivers/db.py:44}}
Jun 19 00:28:15.078672 np0000182220 nova-scheduler[108375]: DEBUG nova.service [None req-35918f11-de4e-4fb3-98ec-d1c344cc5f62 None None] Join ServiceGroup membership for this service scheduler {{(pid=108375) start /opt/stack/nova/nova/service.py:222}}
Jun 19 00:28:15.078984 np0000182220 nova-scheduler[108375]: DEBUG nova.servicegroup.drivers.db [None req-35918f11-de4e-4fb3-98ec-d1c344cc5f62 None None] DB_Driver: join new ServiceGroup member np0000182220 to the scheduler group, service = {{(pid=108375) join /opt/stack/nova/nova/servicegroup/drivers/db.py:44}}
Jun 19 00:28:20.076362 np0000182220 nova-scheduler[108349]: DEBUG oslo.service.backend._threading.loopingcall [-] Fixed interval looping call 'nova.servicegroup.drivers.db.DbDriver._report_state' sleeping for 119.98 seconds {{(pid=108349) _run_loop /opt/stack/data/venv/lib/python3.12/site-packages/oslo_service/backend/_threading/loopingcall.py:125}}
Jun 19 00:28:20.076846 np0000182220 nova-scheduler[108356]: DEBUG oslo.service.backend._threading.loopingcall [-] Fixed interval looping call 'nova.servicegroup.drivers.db.DbDriver._report_state' sleeping for 119.98 seconds {{(pid=108356) _run_loop /opt/stack/data/venv/lib/python3.12/site-packages/oslo_service/backend/_threading/loopingcall.py:125}}
Jun 19 00:28:20.092659 np0000182220 nova-scheduler[108367]: DEBUG oslo.service.backend._threading.loopingcall [-] Fixed interval looping call 'nova.servicegroup.drivers.db.DbDriver._report_state' sleeping for 119.99 seconds {{(pid=108367) _run_loop /opt/stack/data/venv/lib/python3.12/site-packages/oslo_service/backend/_threading/loopingcall.py:125}}
Jun 19 00:28:20.094705 np0000182220 nova-scheduler[108375]: DEBUG oslo.service.backend._threading.loopingcall [-] Fixed interval looping call 'nova.servicegroup.drivers.db.DbDriver._report_state' sleeping for 119.99 seconds {{(pid=108375) _run_loop /opt/stack/data/venv/lib/python3.12/site-packages/oslo_service/backend/_threading/loopingcall.py:125}}
Jun 19 00:28:23.586789 np0000182220 nova-scheduler[107660]: DEBUG dbcounter [-] [107660] Writing DB stats nova_api:SELECT=3 {{(pid=107660) stat_writer /opt/stack/data/venv/lib/python3.12/site-packages/dbcounter.py:115}}
Jun 19 00:28:23.741277 np0000182220 nova-scheduler[107660]: DEBUG dbcounter [-] [107660] Writing DB stats nova_cell0:SELECT=1 {{(pid=107660) stat_writer /opt/stack/data/venv/lib/python3.12/site-packages/dbcounter.py:115}}
Jun 19 00:28:23.748709 np0000182220 nova-scheduler[107660]: DEBUG dbcounter [-] [107660] Writing DB stats nova_cell1:SELECT=1 {{(pid=107660) stat_writer /opt/stack/data/venv/lib/python3.12/site-packages/dbcounter.py:115}}
Jun 19 00:28:25.081586 np0000182220 nova-scheduler[108375]: DEBUG oslo.service.backend._threading.loopingcall [None req-fe531e09-7a8a-4d5f-9baf-c0f98dc595e3 None None] Dynamic interval looping call 'nova.service.Service.periodic_tasks' sleeping for 60.00 seconds {{(pid=108375) _run_loop /opt/stack/data/venv/lib/python3.12/site-packages/oslo_service/backend/_threading/loopingcall.py:125}}
Jun 19 00:28:30.068719 np0000182220 nova-scheduler[108349]: DEBUG dbcounter [-] [108349] Writing DB stats nova_cell0:SELECT=4,nova_cell0:INSERT=1,nova_cell0:UPDATE=1 {{(pid=108349) stat_writer /opt/stack/data/venv/lib/python3.12/site-packages/dbcounter.py:115}}
Jun 19 00:28:30.069700 np0000182220 nova-scheduler[108356]: DEBUG dbcounter [-] [108356] Writing DB stats nova_cell0:SELECT=3,nova_cell0:UPDATE=1 {{(pid=108356) stat_writer /opt/stack/data/venv/lib/python3.12/site-packages/dbcounter.py:115}}
Jun 19 00:28:30.090540 np0000182220 nova-scheduler[108375]: DEBUG dbcounter [-] [108375] Writing DB stats nova_cell0:SELECT=3 {{(pid=108375) stat_writer /opt/stack/data/venv/lib/python3.12/site-packages/dbcounter.py:115}}
Jun 19 00:28:30.096679 np0000182220 nova-scheduler[108367]: DEBUG dbcounter [-] [108367] Writing DB stats nova_cell0:SELECT=3 {{(pid=108367) stat_writer /opt/stack/data/venv/lib/python3.12/site-packages/dbcounter.py:115}}
Jun 19 00:28:32.080485 np0000182220 nova-scheduler[108367]: DEBUG oslo.service.backend._threading.loopingcall [None req-22487506-a934-469f-8974-d94a219a0bcd None None] Dynamic interval looping call 'nova.service.Service.periodic_tasks' sleeping for 60.00 seconds {{(pid=108367) _run_loop /opt/stack/data/venv/lib/python3.12/site-packages/oslo_service/backend/_threading/loopingcall.py:125}}
Jun 19 00:28:37.059625 np0000182220 nova-scheduler[108349]: DEBUG oslo.service.backend._threading.loopingcall [None req-62d33d74-12ea-4128-9329-9db02effd3e9 None None] Dynamic interval looping call 'nova.service.Service.periodic_tasks' sleeping for 60.00 seconds {{(pid=108349) _run_loop /opt/stack/data/venv/lib/python3.12/site-packages/oslo_service/backend/_threading/loopingcall.py:125}}
Jun 19 00:28:49.057159 np0000182220 nova-scheduler[108356]: DEBUG oslo.service.backend._threading.loopingcall [None req-889c9ddc-1178-40b2-a155-9800c519db97 None None] Dynamic interval looping call 'nova.service.Service.periodic_tasks' sleeping for 60.00 seconds {{(pid=108356) _run_loop /opt/stack/data/venv/lib/python3.12/site-packages/oslo_service/backend/_threading/loopingcall.py:125}}
Jun 19 00:29:25.082420 np0000182220 nova-scheduler[108375]: DEBUG oslo.service.backend._threading.loopingcall [None req-fe531e09-7a8a-4d5f-9baf-c0f98dc595e3 None None] Dynamic interval looping call 'nova.service.Service.periodic_tasks' sleeping for 60.00 seconds {{(pid=108375) _run_loop /opt/stack/data/venv/lib/python3.12/site-packages/oslo_service/backend/_threading/loopingcall.py:125}}
Jun 19 00:29:32.081373 np0000182220 nova-scheduler[108367]: DEBUG oslo.service.backend._threading.loopingcall [None req-22487506-a934-469f-8974-d94a219a0bcd None None] Dynamic interval looping call 'nova.service.Service.periodic_tasks' sleeping for 60.00 seconds {{(pid=108367) _run_loop /opt/stack/data/venv/lib/python3.12/site-packages/oslo_service/backend/_threading/loopingcall.py:125}}
Jun 19 00:29:37.060316 np0000182220 nova-scheduler[108349]: DEBUG oslo.service.backend._threading.loopingcall [None req-62d33d74-12ea-4128-9329-9db02effd3e9 None None] Dynamic interval looping call 'nova.service.Service.periodic_tasks' sleeping for 60.00 seconds {{(pid=108349) _run_loop /opt/stack/data/venv/lib/python3.12/site-packages/oslo_service/backend/_threading/loopingcall.py:125}}
Jun 19 00:29:49.059101 np0000182220 nova-scheduler[108356]: DEBUG oslo.service.backend._threading.loopingcall [None req-889c9ddc-1178-40b2-a155-9800c519db97 None None] Dynamic interval looping call 'nova.service.Service.periodic_tasks' sleeping for 60.00 seconds {{(pid=108356) _run_loop /opt/stack/data/venv/lib/python3.12/site-packages/oslo_service/backend/_threading/loopingcall.py:125}}
Jun 19 00:30:20.068615 np0000182220 nova-scheduler[108349]: DEBUG oslo.service.backend._threading.loopingcall [-] Fixed interval looping call 'nova.servicegroup.drivers.db.DbDriver._report_state' sleeping for 119.99 seconds {{(pid=108349) _run_loop /opt/stack/data/venv/lib/python3.12/site-packages/oslo_service/backend/_threading/loopingcall.py:125}}
Jun 19 00:30:20.070881 np0000182220 nova-scheduler[108356]: DEBUG oslo.service.backend._threading.loopingcall [-] Fixed interval looping call 'nova.servicegroup.drivers.db.DbDriver._report_state' sleeping for 119.99 seconds {{(pid=108356) _run_loop /opt/stack/data/venv/lib/python3.12/site-packages/oslo_service/backend/_threading/loopingcall.py:125}}
Jun 19 00:30:20.089022 np0000182220 nova-scheduler[108367]: DEBUG oslo.service.backend._threading.loopingcall [-] Fixed interval looping call 'nova.servicegroup.drivers.db.DbDriver._report_state' sleeping for 119.99 seconds {{(pid=108367) _run_loop /opt/stack/data/venv/lib/python3.12/site-packages/oslo_service/backend/_threading/loopingcall.py:125}}
Jun 19 00:30:20.090098 np0000182220 nova-scheduler[108375]: DEBUG oslo.service.backend._threading.loopingcall [-] Fixed interval looping call 'nova.servicegroup.drivers.db.DbDriver._report_state' sleeping for 120.00 seconds {{(pid=108375) _run_loop /opt/stack/data/venv/lib/python3.12/site-packages/oslo_service/backend/_threading/loopingcall.py:125}}
Jun 19 00:30:25.083161 np0000182220 nova-scheduler[108375]: DEBUG oslo.service.backend._threading.loopingcall [None req-fe531e09-7a8a-4d5f-9baf-c0f98dc595e3 None None] Dynamic interval looping call 'nova.service.Service.periodic_tasks' sleeping for 60.00 seconds {{(pid=108375) _run_loop /opt/stack/data/venv/lib/python3.12/site-packages/oslo_service/backend/_threading/loopingcall.py:125}}
Jun 19 00:30:30.233119 np0000182220 nova-scheduler[108356]: DEBUG dbcounter [-] [108356] Writing DB stats nova_cell0:SELECT=1,nova_cell0:UPDATE=1 {{(pid=108356) stat_writer /opt/stack/data/venv/lib/python3.12/site-packages/dbcounter.py:115}}
Jun 19 00:30:30.233933 np0000182220 nova-scheduler[108349]: DEBUG dbcounter [-] [108349] Writing DB stats nova_cell0:SELECT=1,nova_cell0:UPDATE=1 {{(pid=108349) stat_writer /opt/stack/data/venv/lib/python3.12/site-packages/dbcounter.py:115}}
Jun 19 00:30:30.234380 np0000182220 nova-scheduler[108367]: DEBUG dbcounter [-] [108367] Writing DB stats nova_cell0:SELECT=1 {{(pid=108367) stat_writer /opt/stack/data/venv/lib/python3.12/site-packages/dbcounter.py:115}}
Jun 19 00:30:30.234832 np0000182220 nova-scheduler[108375]: DEBUG dbcounter [-] [108375] Writing DB stats nova_cell0:SELECT=1 {{(pid=108375) stat_writer /opt/stack/data/venv/lib/python3.12/site-packages/dbcounter.py:115}}
Jun 19 00:30:32.082175 np0000182220 nova-scheduler[108367]: DEBUG oslo.service.backend._threading.loopingcall [None req-22487506-a934-469f-8974-d94a219a0bcd None None] Dynamic interval looping call 'nova.service.Service.periodic_tasks' sleeping for 60.00 seconds {{(pid=108367) _run_loop /opt/stack/data/venv/lib/python3.12/site-packages/oslo_service/backend/_threading/loopingcall.py:125}}
Jun 19 00:30:37.061111 np0000182220 nova-scheduler[108349]: DEBUG oslo.service.backend._threading.loopingcall [None req-62d33d74-12ea-4128-9329-9db02effd3e9 None None] Dynamic interval looping call 'nova.service.Service.periodic_tasks' sleeping for 60.00 seconds {{(pid=108349) _run_loop /opt/stack/data/venv/lib/python3.12/site-packages/oslo_service/backend/_threading/loopingcall.py:125}}
Jun 19 00:30:49.059818 np0000182220 nova-scheduler[108356]: DEBUG oslo.service.backend._threading.loopingcall [None req-889c9ddc-1178-40b2-a155-9800c519db97 None None] Dynamic interval looping call 'nova.service.Service.periodic_tasks' sleeping for 60.00 seconds {{(pid=108356) _run_loop /opt/stack/data/venv/lib/python3.12/site-packages/oslo_service/backend/_threading/loopingcall.py:125}}
Jun 19 00:31:25.083889 np0000182220 nova-scheduler[108375]: DEBUG oslo.service.backend._threading.loopingcall [None req-fe531e09-7a8a-4d5f-9baf-c0f98dc595e3 None None] Dynamic interval looping call 'nova.service.Service.periodic_tasks' sleeping for 60.00 seconds {{(pid=108375) _run_loop /opt/stack/data/venv/lib/python3.12/site-packages/oslo_service/backend/_threading/loopingcall.py:125}}
Jun 19 00:31:32.082994 np0000182220 nova-scheduler[108367]: DEBUG oslo.service.backend._threading.loopingcall [None req-22487506-a934-469f-8974-d94a219a0bcd None None] Dynamic interval looping call 'nova.service.Service.periodic_tasks' sleeping for 60.00 seconds {{(pid=108367) _run_loop /opt/stack/data/venv/lib/python3.12/site-packages/oslo_service/backend/_threading/loopingcall.py:125}}
Jun 19 00:31:37.062096 np0000182220 nova-scheduler[108349]: DEBUG oslo.service.backend._threading.loopingcall [None req-62d33d74-12ea-4128-9329-9db02effd3e9 None None] Dynamic interval looping call 'nova.service.Service.periodic_tasks' sleeping for 60.00 seconds {{(pid=108349) _run_loop /opt/stack/data/venv/lib/python3.12/site-packages/oslo_service/backend/_threading/loopingcall.py:125}}
Jun 19 00:31:49.060454 np0000182220 nova-scheduler[108356]: DEBUG oslo.service.backend._threading.loopingcall [None req-889c9ddc-1178-40b2-a155-9800c519db97 None None] Dynamic interval looping call 'nova.service.Service.periodic_tasks' sleeping for 60.00 seconds {{(pid=108356) _run_loop /opt/stack/data/venv/lib/python3.12/site-packages/oslo_service/backend/_threading/loopingcall.py:125}}
Jun 19 00:32:20.078420 np0000182220 nova-scheduler[108349]: DEBUG oslo.service.backend._threading.loopingcall [-] Fixed interval looping call 'nova.servicegroup.drivers.db.DbDriver._report_state' sleeping for 119.98 seconds {{(pid=108349) _run_loop /opt/stack/data/venv/lib/python3.12/site-packages/oslo_service/backend/_threading/loopingcall.py:125}}
Jun 19 00:32:20.078867 np0000182220 nova-scheduler[108356]: DEBUG oslo.service.backend._threading.loopingcall [-] Fixed interval looping call 'nova.servicegroup.drivers.db.DbDriver._report_state' sleeping for 119.99 seconds {{(pid=108356) _run_loop /opt/stack/data/venv/lib/python3.12/site-packages/oslo_service/backend/_threading/loopingcall.py:125}}
Jun 19 00:32:20.087444 np0000182220 nova-scheduler[108367]: DEBUG oslo.service.backend._threading.loopingcall [-] Fixed interval looping call 'nova.servicegroup.drivers.db.DbDriver._report_state' sleeping for 119.99 seconds {{(pid=108367) _run_loop /opt/stack/data/venv/lib/python3.12/site-packages/oslo_service/backend/_threading/loopingcall.py:125}}
Jun 19 00:32:20.095941 np0000182220 nova-scheduler[108375]: DEBUG oslo.service.backend._threading.loopingcall [-] Fixed interval looping call 'nova.servicegroup.drivers.db.DbDriver._report_state' sleeping for 119.99 seconds {{(pid=108375) _run_loop /opt/stack/data/venv/lib/python3.12/site-packages/oslo_service/backend/_threading/loopingcall.py:125}}
Jun 19 00:32:25.085933 np0000182220 nova-scheduler[108375]: DEBUG oslo.service.backend._threading.loopingcall [None req-fe531e09-7a8a-4d5f-9baf-c0f98dc595e3 None None] Dynamic interval looping call 'nova.service.Service.periodic_tasks' sleeping for 60.00 seconds {{(pid=108375) _run_loop /opt/stack/data/venv/lib/python3.12/site-packages/oslo_service/backend/_threading/loopingcall.py:125}}
Jun 19 00:32:30.068268 np0000182220 nova-scheduler[108349]: DEBUG dbcounter [-] [108349] Writing DB stats nova_cell0:SELECT=1,nova_cell0:UPDATE=1 {{(pid=108349) stat_writer /opt/stack/data/venv/lib/python3.12/site-packages/dbcounter.py:115}}
Jun 19 00:32:30.075992 np0000182220 nova-scheduler[108356]: DEBUG dbcounter [-] [108356] Writing DB stats nova_cell0:SELECT=1,nova_cell0:UPDATE=1 {{(pid=108356) stat_writer /opt/stack/data/venv/lib/python3.12/site-packages/dbcounter.py:115}}
Jun 19 00:32:30.082078 np0000182220 nova-scheduler[108367]: DEBUG dbcounter [-] [108367] Writing DB stats nova_cell0:SELECT=1 {{(pid=108367) stat_writer /opt/stack/data/venv/lib/python3.12/site-packages/dbcounter.py:115}}
Jun 19 00:32:30.093365 np0000182220 nova-scheduler[108375]: DEBUG dbcounter [-] [108375] Writing DB stats nova_cell0:SELECT=1 {{(pid=108375) stat_writer /opt/stack/data/venv/lib/python3.12/site-packages/dbcounter.py:115}}
Jun 19 00:32:32.083752 np0000182220 nova-scheduler[108367]: DEBUG oslo.service.backend._threading.loopingcall [None req-22487506-a934-469f-8974-d94a219a0bcd None None] Dynamic interval looping call 'nova.service.Service.periodic_tasks' sleeping for 60.00 seconds {{(pid=108367) _run_loop /opt/stack/data/venv/lib/python3.12/site-packages/oslo_service/backend/_threading/loopingcall.py:125}}
Jun 19 00:32:37.064902 np0000182220 nova-scheduler[108349]: DEBUG oslo.service.backend._threading.loopingcall [None req-62d33d74-12ea-4128-9329-9db02effd3e9 None None] Dynamic interval looping call 'nova.service.Service.periodic_tasks' sleeping for 60.00 seconds {{(pid=108349) _run_loop /opt/stack/data/venv/lib/python3.12/site-packages/oslo_service/backend/_threading/loopingcall.py:125}}
