Jun 18 01:50:30.073749 np0000181782 devstack@neutron-api.service[107292]: DEBUG neutron.manager [None req-98dbd4cf-1d74-4e95-a44e-986f8b9cc286 None None] Successfully loaded auto-allocated-topology plugin. Description: Auto Allocated Topology - aka get me a network. {{(pid=107292) _create_and_add_service_plugin /opt/stack/neutron/neutron/manager.py:239}}
Jun 18 01:50:30.073808 np0000181782 devstack@neutron-api.service[107292]: INFO neutron.manager [None req-98dbd4cf-1d74-4e95-a44e-986f8b9cc286 None None] Loading Plugin: tag
Jun 18 01:50:30.073862 np0000181782 devstack@neutron-api.service[107294]: INFO neutron.api.extensions [None req-60fb2d1f-fe94-4dda-8172-b3bf5b3325ce None None] Loaded extension: dns-integration
Jun 18 01:50:30.073951 np0000181782 devstack@neutron-api.service[107294]: DEBUG neutron.api.extensions [None req-60fb2d1f-fe94-4dda-8172-b3bf5b3325ce None None] Loading extension file: dns_domain_ports.py {{(pid=107294) _load_all_extensions_from_path /opt/stack/neutron/neutron/api/extensions.py:449}}
Jun 18 01:50:30.074184 np0000181782 devstack@neutron-api.service[107294]: DEBUG neutron.api.extensions [None req-60fb2d1f-fe94-4dda-8172-b3bf5b3325ce None None] Ext name="dns_domain for ports" alias="dns-domain-ports" description="Allows the DNS domain to be specified for a network port." updated="2017-04-24T10:00:00-00:00" {{(pid=107294) _check_extension /opt/stack/neutron/neutron/api/extensions.py:415}}
Jun 18 01:50:30.074363 np0000181782 devstack@neutron-api.service[107294]: INFO neutron.api.extensions [None req-60fb2d1f-fe94-4dda-8172-b3bf5b3325ce None None] Loaded extension: dns-domain-ports
Jun 18 01:50:30.074469 np0000181782 devstack@neutron-api.service[107294]: DEBUG neutron.api.extensions [None req-60fb2d1f-fe94-4dda-8172-b3bf5b3325ce None None] Loading extension file: dns_integration_domain_keywords.py {{(pid=107294) _load_all_extensions_from_path /opt/stack/neutron/neutron/api/extensions.py:449}}
Jun 18 01:50:30.074710 np0000181782 devstack@neutron-api.service[107294]: DEBUG neutron.api.extensions [None req-60fb2d1f-fe94-4dda-8172-b3bf5b3325ce None None] Ext name="DNS domain names with keywords allowed" alias="dns-integration-domain-keywords" description="Allows to use keywords like , , and as DNS domain name" updated="2020-06-15T18:00:00-00:00" {{(pid=107294) _check_extension /opt/stack/neutron/neutron/api/extensions.py:415}}
Jun 18 01:50:30.075057 np0000181782 devstack@neutron-api.service[107294]: INFO neutron.api.extensions [None req-60fb2d1f-fe94-4dda-8172-b3bf5b3325ce None None] Loaded extension: dns-integration-domain-keywords
Jun 18 01:50:30.075057 np0000181782 devstack@neutron-api.service[107294]: DEBUG neutron.api.extensions [None req-60fb2d1f-fe94-4dda-8172-b3bf5b3325ce None None] Loading extension file: dvr.py {{(pid=107294) _load_all_extensions_from_path /opt/stack/neutron/neutron/api/extensions.py:449}}
Jun 18 01:50:30.075277 np0000181782 devstack@neutron-api.service[107294]: DEBUG neutron.api.extensions [None req-60fb2d1f-fe94-4dda-8172-b3bf5b3325ce None None] Ext name="Distributed Virtual Router" alias="dvr" description="Enables configuration of Distributed Virtual Routers." updated="2014-06-1T10:00:00-00:00" {{(pid=107294) _check_extension /opt/stack/neutron/neutron/api/extensions.py:415}}
Jun 18 01:50:30.075465 np0000181782 devstack@neutron-api.service[107294]: INFO neutron.api.extensions [None req-60fb2d1f-fe94-4dda-8172-b3bf5b3325ce None None] Extension dvr not supported by any of loaded plugins
Jun 18 01:50:30.075567 np0000181782 devstack@neutron-api.service[107293]: INFO neutron.plugins.ml2.drivers.type_vlan [None req-183dc2f0-4c58-4401-9714-f4045bcb6d7c None None] VlanTypeDriver initialization complete
Jun 18 01:50:30.075848 np0000181782 devstack@neutron-api.service[107294]: DEBUG neutron.api.extensions [None req-60fb2d1f-fe94-4dda-8172-b3bf5b3325ce None None] Loading extension file: ecmp_routes.py {{(pid=107294) _load_all_extensions_from_path /opt/stack/neutron/neutron/api/extensions.py:449}}
Jun 18 01:50:30.075886 np0000181782 devstack@neutron-api.service[107293]: INFO neutron.plugins.ml2.managers [None req-183dc2f0-4c58-4401-9714-f4045bcb6d7c None None] Initializing extension driver 'port_security'
Jun 18 01:50:30.075886 np0000181782 devstack@neutron-api.service[107293]: INFO neutron.plugins.ml2.extensions.port_security [None req-183dc2f0-4c58-4401-9714-f4045bcb6d7c None None] PortSecurityExtensionDriver initialization complete
Jun 18 01:50:30.075957 np0000181782 devstack@neutron-api.service[107294]: DEBUG neutron.api.extensions [None req-60fb2d1f-fe94-4dda-8172-b3bf5b3325ce None None] Ext name="Equal Cost Multipath Routing" alias="ecmp_routes" description="Allows traffic to reach thesame destination via multiple different links " updated="2020-11-26T18:00:00-00:00" {{(pid=107294) _check_extension /opt/stack/neutron/neutron/api/extensions.py:415}}
Jun 18 01:50:30.075998 np0000181782 devstack@neutron-api.service[107293]: INFO neutron.plugins.ml2.managers [None req-183dc2f0-4c58-4401-9714-f4045bcb6d7c None None] Initializing extension driver 'qos'
Jun 18 01:50:30.076030 np0000181782 devstack@neutron-api.service[107294]: INFO neutron.api.extensions [None req-60fb2d1f-fe94-4dda-8172-b3bf5b3325ce None None] Extension ecmp_routes not supported by any of loaded plugins
Jun 18 01:50:30.076068 np0000181782 devstack@neutron-api.service[107293]: DEBUG neutron.plugins.ml2.extensions.qos [None req-183dc2f0-4c58-4401-9714-f4045bcb6d7c None None] QosExtensionDriver initialization complete {{(pid=107293) initialize /opt/stack/neutron/neutron/plugins/ml2/extensions/qos.py:31}}
Jun 18 01:50:30.076101 np0000181782 devstack@neutron-api.service[107294]: DEBUG neutron.api.extensions [None req-60fb2d1f-fe94-4dda-8172-b3bf5b3325ce None None] Loading extension file: empty_string_filtering.py {{(pid=107294) _load_all_extensions_from_path /opt/stack/neutron/neutron/api/extensions.py:449}}
Jun 18 01:50:30.076134 np0000181782 devstack@neutron-api.service[107293]: INFO neutron.plugins.ml2.managers [None req-183dc2f0-4c58-4401-9714-f4045bcb6d7c None None] Initializing mechanism driver 'ovn'
Jun 18 01:50:30.076164 np0000181782 devstack@neutron-api.service[107293]: INFO neutron.plugins.ml2.drivers.ovn.mech_driver.mech_driver [None req-183dc2f0-4c58-4401-9714-f4045bcb6d7c None None] Starting OVNMechanismDriver
Jun 18 01:50:30.076271 np0000181782 devstack@neutron-api.service[107294]: DEBUG neutron.api.extensions [None req-60fb2d1f-fe94-4dda-8172-b3bf5b3325ce None None] Ext name="Empty String Filtering Extension" alias="empty-string-filtering" description="Allow filtering by attributes with empty string value" updated="2018-05-01T10:00:00-00:00" {{(pid=107294) _check_extension /opt/stack/neutron/neutron/api/extensions.py:415}}
Jun 18 01:50:30.076330 np0000181782 devstack@neutron-api.service[107292]: DEBUG neutron.manager [None req-98dbd4cf-1d74-4e95-a44e-986f8b9cc286 None None] Successfully loaded TAG plugin. Description: Tag support {{(pid=107292) _create_and_add_service_plugin /opt/stack/neutron/neutron/manager.py:239}}
Jun 18 01:50:30.076438 np0000181782 devstack@neutron-api.service[107292]: INFO neutron.manager [None req-98dbd4cf-1d74-4e95-a44e-986f8b9cc286 None None] Loading Plugin: timestamp
Jun 18 01:50:30.076478 np0000181782 devstack@neutron-api.service[107294]: INFO neutron.api.extensions [None req-60fb2d1f-fe94-4dda-8172-b3bf5b3325ce None None] Loaded extension: empty-string-filtering
Jun 18 01:50:30.076551 np0000181782 devstack@neutron-api.service[107294]: DEBUG neutron.api.extensions [None req-60fb2d1f-fe94-4dda-8172-b3bf5b3325ce None None] Loading extension file: evpn.py {{(pid=107294) _load_all_extensions_from_path /opt/stack/neutron/neutron/api/extensions.py:449}}
Jun 18 01:50:30.076788 np0000181782 devstack@neutron-api.service[107294]: DEBUG neutron.api.extensions [None req-60fb2d1f-fe94-4dda-8172-b3bf5b3325ce None None] Ext name="EVPN" alias="evpn" description="Router extension to support EVPN Type-5 route advertisement" updated="2026-04-28T00:00:00-00:00" {{(pid=107294) _check_extension /opt/stack/neutron/neutron/api/extensions.py:415}}
Jun 18 01:50:30.076953 np0000181782 devstack@neutron-api.service[107294]: INFO neutron.api.extensions [None req-60fb2d1f-fe94-4dda-8172-b3bf5b3325ce None None] Extension evpn not supported by any of loaded plugins
Jun 18 01:50:30.077046 np0000181782 devstack@neutron-api.service[107294]: DEBUG neutron.api.extensions [None req-60fb2d1f-fe94-4dda-8172-b3bf5b3325ce None None] Loading extension file: expose_l3_conntrack_helper.py {{(pid=107294) _load_all_extensions_from_path /opt/stack/neutron/neutron/api/extensions.py:449}}
Jun 18 01:50:30.077274 np0000181782 devstack@neutron-api.service[107294]: DEBUG neutron.api.extensions [None req-60fb2d1f-fe94-4dda-8172-b3bf5b3325ce None None] Ext name="Expose CT target rules for conntrack helper" alias="expose-l3-conntrack-helper" description="Expose allow adding CT target rules for conntrack helper" updated="2019-04-04T10:00:00-00:00" {{(pid=107294) _check_extension /opt/stack/neutron/neutron/api/extensions.py:415}}
Jun 18 01:50:30.077466 np0000181782 devstack@neutron-api.service[107294]: INFO neutron.api.extensions [None req-60fb2d1f-fe94-4dda-8172-b3bf5b3325ce None None] Extension expose-l3-conntrack-helper not supported by any of loaded plugins
Jun 18 01:50:30.077559 np0000181782 devstack@neutron-api.service[107294]: DEBUG neutron.api.extensions [None req-60fb2d1f-fe94-4dda-8172-b3bf5b3325ce None None] Loading extension file: expose_port_forwarding_in_fip.py {{(pid=107294) _load_all_extensions_from_path /opt/stack/neutron/neutron/api/extensions.py:449}}
Jun 18 01:50:30.077598 np0000181782 devstack@neutron-api.service[107292]: DEBUG neutron.manager [None req-98dbd4cf-1d74-4e95-a44e-986f8b9cc286 None None] Successfully loaded timestamp plugin. Description: Adds timestamps to Neutron resources with standard attributes {{(pid=107292) _create_and_add_service_plugin /opt/stack/neutron/neutron/manager.py:239}}
Jun 18 01:50:30.077688 np0000181782 devstack@neutron-api.service[107292]: INFO neutron.manager [None req-98dbd4cf-1d74-4e95-a44e-986f8b9cc286 None None] Loading Plugin: network_ip_availability
Jun 18 01:50:30.077756 np0000181782 devstack@neutron-api.service[107293]: DEBUG neutron_lib.callbacks.manager [None req-183dc2f0-4c58-4401-9714-f4045bcb6d7c None None] Subscribe: > process before_spawn 55550000, False {{(pid=107293) subscribe /opt/stack/data/venv/lib/python3.12/site-packages/neutron_lib/callbacks/manager.py:52}}
Jun 18 01:50:30.077796 np0000181782 devstack@neutron-api.service[107294]: DEBUG neutron.api.extensions [None req-60fb2d1f-fe94-4dda-8172-b3bf5b3325ce None None] Ext name="Expose Floating IP port forwardings" alias="expose-port-forwarding-in-fip" description="Expose port forwarding fields in floating IP response" updated="2018-06-28T16:00:00-00:00" {{(pid=107294) _check_extension /opt/stack/neutron/neutron/api/extensions.py:415}}
Jun 18 01:50:30.077891 np0000181782 devstack@neutron-api.service[107293]: DEBUG neutron_lib.callbacks.manager [None req-183dc2f0-4c58-4401-9714-f4045bcb6d7c None None] Subscribe: > process after_init 55550000, True {{(pid=107293) subscribe /opt/stack/data/venv/lib/python3.12/site-packages/neutron_lib/callbacks/manager.py:52}}
Jun 18 01:50:30.077955 np0000181782 devstack@neutron-api.service[107294]: INFO neutron.api.extensions [None req-60fb2d1f-fe94-4dda-8172-b3bf5b3325ce None None] Extension expose-port-forwarding-in-fip not supported by any of loaded plugins
Jun 18 01:50:30.078001 np0000181782 devstack@neutron-api.service[107293]: DEBUG neutron_lib.callbacks.manager [None req-183dc2f0-4c58-4401-9714-f4045bcb6d7c None None] Subscribe: > segment after_create 55550000, False {{(pid=107293) subscribe /opt/stack/data/venv/lib/python3.12/site-packages/neutron_lib/callbacks/manager.py:52}}
Jun 18 01:50:30.078038 np0000181782 devstack@neutron-api.service[107294]: DEBUG neutron.api.extensions [None req-60fb2d1f-fe94-4dda-8172-b3bf5b3325ce None None] Loading extension file: external_net.py {{(pid=107294) _load_all_extensions_from_path /opt/stack/neutron/neutron/api/extensions.py:449}}
Jun 18 01:50:30.078116 np0000181782 devstack@neutron-api.service[107293]: DEBUG neutron_lib.callbacks.manager [None req-183dc2f0-4c58-4401-9714-f4045bcb6d7c None None] Subscribe: > segment after_create 55550000, False {{(pid=107293) subscribe /opt/stack/data/venv/lib/python3.12/site-packages/neutron_lib/callbacks/manager.py:52}}
Jun 18 01:50:30.078221 np0000181782 devstack@neutron-api.service[107293]: DEBUG neutron_lib.callbacks.manager [None req-183dc2f0-4c58-4401-9714-f4045bcb6d7c None None] Subscribe: > segment after_delete 55550000, False {{(pid=107293) subscribe /opt/stack/data/venv/lib/python3.12/site-packages/neutron_lib/callbacks/manager.py:52}}
Jun 18 01:50:30.078260 np0000181782 devstack@neutron-api.service[107294]: DEBUG neutron.api.extensions [None req-60fb2d1f-fe94-4dda-8172-b3bf5b3325ce None None] Ext name="Neutron external network" alias="external-net" description="Adds external network attribute to network resource." updated="2013-01-14T10:00:00-00:00" {{(pid=107294) _check_extension /opt/stack/neutron/neutron/api/extensions.py:415}}
Jun 18 01:50:30.078335 np0000181782 devstack@neutron-api.service[107293]: DEBUG neutron_lib.callbacks.manager [None req-183dc2f0-4c58-4401-9714-f4045bcb6d7c None None] Subscribe: > allowed_address_pair before_create 55550000, False {{(pid=107293) subscribe /opt/stack/data/venv/lib/python3.12/site-packages/neutron_lib/callbacks/manager.py:52}}
Jun 18 01:50:30.078454 np0000181782 devstack@neutron-api.service[107294]: INFO neutron.api.extensions [None req-60fb2d1f-fe94-4dda-8172-b3bf5b3325ce None None] Loaded extension: external-net
Jun 18 01:50:30.078504 np0000181782 devstack@neutron-api.service[107293]: DEBUG neutron_lib.callbacks.manager [None req-183dc2f0-4c58-4401-9714-f4045bcb6d7c None None] Subscribe: > security_group precommit_create 55550000, False {{(pid=107293) subscribe /opt/stack/data/venv/lib/python3.12/site-packages/neutron_lib/callbacks/manager.py:52}}
Jun 18 01:50:30.078543 np0000181782 devstack@neutron-api.service[107294]: DEBUG neutron.api.extensions [None req-60fb2d1f-fe94-4dda-8172-b3bf5b3325ce None None] Loading extension file: extra_dhcp_opt.py {{(pid=107294) _load_all_extensions_from_path /opt/stack/neutron/neutron/api/extensions.py:449}}
Jun 18 01:50:30.078578 np0000181782 devstack@neutron-api.service[107293]: DEBUG neutron_lib.callbacks.manager [None req-183dc2f0-4c58-4401-9714-f4045bcb6d7c None None] Subscribe: > security_group after_update 55550000, False {{(pid=107293) subscribe /opt/stack/data/venv/lib/python3.12/site-packages/neutron_lib/callbacks/manager.py:52}}
Jun 18 01:50:30.078671 np0000181782 devstack@neutron-api.service[107293]: DEBUG neutron_lib.callbacks.manager [None req-183dc2f0-4c58-4401-9714-f4045bcb6d7c None None] Subscribe: > security_group after_create 55550000, False {{(pid=107293) subscribe /opt/stack/data/venv/lib/python3.12/site-packages/neutron_lib/callbacks/manager.py:52}}
Jun 18 01:50:30.078770 np0000181782 devstack@neutron-api.service[107294]: DEBUG neutron.api.extensions [None req-60fb2d1f-fe94-4dda-8172-b3bf5b3325ce None None] Ext name="Neutron Extra DHCP options" alias="extra_dhcp_opt" description="Extra options configuration for DHCP. For example PXE boot options to DHCP clients can be specified (e.g. tftp-server, server-ip-address, bootfile-name)" updated="2013-03-17T12:00:00-00:00" {{(pid=107294) _check_extension /opt/stack/neutron/neutron/api/extensions.py:415}}
Jun 18 01:50:30.078810 np0000181782 devstack@neutron-api.service[107293]: DEBUG neutron_lib.callbacks.manager [None req-183dc2f0-4c58-4401-9714-f4045bcb6d7c None None] Subscribe: > security_group precommit_delete 55550000, False {{(pid=107293) subscribe /opt/stack/data/venv/lib/python3.12/site-packages/neutron_lib/callbacks/manager.py:52}}
Jun 18 01:50:30.078877 np0000181782 devstack@neutron-api.service[107293]: DEBUG neutron_lib.callbacks.manager [None req-183dc2f0-4c58-4401-9714-f4045bcb6d7c None None] Subscribe: > security_group after_delete 55550000, False {{(pid=107293) subscribe /opt/stack/data/venv/lib/python3.12/site-packages/neutron_lib/callbacks/manager.py:52}}
Jun 18 01:50:30.078964 np0000181782 devstack@neutron-api.service[107294]: INFO neutron.api.extensions [None req-60fb2d1f-fe94-4dda-8172-b3bf5b3325ce None None] Loaded extension: extra_dhcp_opt
Jun 18 01:50:30.079061 np0000181782 devstack@neutron-api.service[107294]: DEBUG neutron.api.extensions [None req-60fb2d1f-fe94-4dda-8172-b3bf5b3325ce None None] Loading extension file: extraroute.py {{(pid=107294) _load_all_extensions_from_path /opt/stack/neutron/neutron/api/extensions.py:449}}
Jun 18 01:50:30.079134 np0000181782 devstack@neutron-api.service[107293]: DEBUG neutron_lib.callbacks.manager [None req-183dc2f0-4c58-4401-9714-f4045bcb6d7c None None] Subscribe: > security_group_rule precommit_create 55550000, False {{(pid=107293) subscribe /opt/stack/data/venv/lib/python3.12/site-packages/neutron_lib/callbacks/manager.py:52}}
Jun 18 01:50:30.079196 np0000181782 devstack@neutron-api.service[107293]: DEBUG neutron_lib.callbacks.manager [None req-183dc2f0-4c58-4401-9714-f4045bcb6d7c None None] Subscribe: > security_group_rule after_create 55550000, False {{(pid=107293) subscribe /opt/stack/data/venv/lib/python3.12/site-packages/neutron_lib/callbacks/manager.py:52}}
Jun 18 01:50:30.079262 np0000181782 devstack@neutron-api.service[107292]: DEBUG neutron.manager [None req-98dbd4cf-1d74-4e95-a44e-986f8b9cc286 None None] Successfully loaded network-ip-availability plugin. Description: Provides IP availability data for each network and subnet. {{(pid=107292) _create_and_add_service_plugin /opt/stack/neutron/neutron/manager.py:239}}
Jun 18 01:50:30.079311 np0000181782 devstack@neutron-api.service[107294]: DEBUG neutron.api.extensions [None req-60fb2d1f-fe94-4dda-8172-b3bf5b3325ce None None] Ext name="Neutron Extra Route" alias="extraroute" description="Extra routes configuration for L3 router" updated="2013-02-01T10:00:00-00:00" {{(pid=107294) _check_extension /opt/stack/neutron/neutron/api/extensions.py:415}}
Jun 18 01:50:30.079357 np0000181782 devstack@neutron-api.service[107293]: DEBUG neutron_lib.callbacks.manager [None req-183dc2f0-4c58-4401-9714-f4045bcb6d7c None None] Subscribe: > security_group_rule before_delete 55550000, False {{(pid=107293) subscribe /opt/stack/data/venv/lib/python3.12/site-packages/neutron_lib/callbacks/manager.py:52}}
Jun 18 01:50:30.079415 np0000181782 devstack@neutron-api.service[107292]: INFO neutron.manager [None req-98dbd4cf-1d74-4e95-a44e-986f8b9cc286 None None] Loading Plugin: flavors
Jun 18 01:50:30.079451 np0000181782 devstack@neutron-api.service[107293]: DEBUG neutron_lib.callbacks.manager [None req-183dc2f0-4c58-4401-9714-f4045bcb6d7c None None] Subscribe: > address_group after_create 55550000, False {{(pid=107293) subscribe /opt/stack/data/venv/lib/python3.12/site-packages/neutron_lib/callbacks/manager.py:52}}
Jun 18 01:50:30.079488 np0000181782 devstack@neutron-api.service[107294]: INFO neutron.api.extensions [None req-60fb2d1f-fe94-4dda-8172-b3bf5b3325ce None None] Loaded extension: extraroute
Jun 18 01:50:30.079523 np0000181782 devstack@neutron-api.service[107293]: DEBUG neutron_lib.callbacks.manager [None req-183dc2f0-4c58-4401-9714-f4045bcb6d7c None None] Subscribe: > address_group after_update 55550000, False {{(pid=107293) subscribe /opt/stack/data/venv/lib/python3.12/site-packages/neutron_lib/callbacks/manager.py:52}}
Jun 18 01:50:30.079559 np0000181782 devstack@neutron-api.service[107294]: DEBUG neutron.api.extensions [None req-60fb2d1f-fe94-4dda-8172-b3bf5b3325ce None None] Loading extension file: extraroute_atomic.py {{(pid=107294) _load_all_extensions_from_path /opt/stack/neutron/neutron/api/extensions.py:449}}
Jun 18 01:50:30.079626 np0000181782 devstack@neutron-api.service[107293]: DEBUG neutron_lib.callbacks.manager [None req-183dc2f0-4c58-4401-9714-f4045bcb6d7c None None] Subscribe: > address_group after_delete 55550000, False {{(pid=107293) subscribe /opt/stack/data/venv/lib/python3.12/site-packages/neutron_lib/callbacks/manager.py:52}}
Jun 18 01:50:30.079847 np0000181782 devstack@neutron-api.service[107294]: DEBUG neutron.api.extensions [None req-60fb2d1f-fe94-4dda-8172-b3bf5b3325ce None None] Ext name="Atomically add/remove extra routes" alias="extraroute-atomic" description="Edit extra routes of a router on server side by atomically adding/removing extra routes" updated="2019-07-10T00:00:00+00:00" {{(pid=107294) _check_extension /opt/stack/neutron/neutron/api/extensions.py:415}}
Jun 18 01:50:30.079915 np0000181782 devstack@neutron-api.service[107293]: DEBUG neutron_lib.callbacks.manager [None req-183dc2f0-4c58-4401-9714-f4045bcb6d7c None None] Subscribe: > qos_plugin after_init 55550000, False {{(pid=107293) subscribe /opt/stack/data/venv/lib/python3.12/site-packages/neutron_lib/callbacks/manager.py:52}}
Jun 18 01:50:30.079955 np0000181782 devstack@neutron-api.service[107294]: INFO neutron.api.extensions [None req-60fb2d1f-fe94-4dda-8172-b3bf5b3325ce None None] Loaded extension: extraroute-atomic
Jun 18 01:50:30.080002 np0000181782 devstack@neutron-api.service[107293]: DEBUG neutron_lib.callbacks.manager [None req-183dc2f0-4c58-4401-9714-f4045bcb6d7c None None] Subscribe: > trunk_plugin after_init 55550000, False {{(pid=107293) subscribe /opt/stack/data/venv/lib/python3.12/site-packages/neutron_lib/callbacks/manager.py:52}}
Jun 18 01:50:30.080040 np0000181782 devstack@neutron-api.service[107294]: DEBUG neutron.api.extensions [None req-60fb2d1f-fe94-4dda-8172-b3bf5b3325ce None None] Loading extension file: filter_validation.py {{(pid=107294) _load_all_extensions_from_path /opt/stack/neutron/neutron/api/extensions.py:449}}
Jun 18 01:50:30.080398 np0000181782 devstack@neutron-api.service[107292]: DEBUG neutron.manager [None req-98dbd4cf-1d74-4e95-a44e-986f8b9cc286 None None] Successfully loaded FLAVORS plugin. Description: Neutron Flavors and Service Profiles manager plugin {{(pid=107292) _create_and_add_service_plugin /opt/stack/neutron/neutron/manager.py:239}}
Jun 18 01:50:30.080466 np0000181782 devstack@neutron-api.service[107293]: DEBUG neutron_lib.callbacks.manager [None req-183dc2f0-4c58-4401-9714-f4045bcb6d7c None None] Subscribe: > logging-plugin after_init 55550000, False {{(pid=107293) subscribe /opt/stack/data/venv/lib/python3.12/site-packages/neutron_lib/callbacks/manager.py:52}}
Jun 18 01:50:30.080512 np0000181782 devstack@neutron-api.service[107294]: DEBUG neutron.api.extensions [None req-60fb2d1f-fe94-4dda-8172-b3bf5b3325ce None None] Ext name="Filter parameters validation" alias="filter-validation" description="Provides validation on filter parameters." updated="2018-07-04T10:00:00-00:00" {{(pid=107294) _check_extension /opt/stack/neutron/neutron/api/extensions.py:415}}
Jun 18 01:50:30.080548 np0000181782 devstack@neutron-api.service[107292]: INFO neutron.manager [None req-98dbd4cf-1d74-4e95-a44e-986f8b9cc286 None None] Loading Plugin: revisions
Jun 18 01:50:30.080634 np0000181782 devstack@neutron-api.service[107294]: INFO neutron.api.extensions [None req-60fb2d1f-fe94-4dda-8172-b3bf5b3325ce None None] Loaded extension: filter-validation
Jun 18 01:50:30.080723 np0000181782 devstack@neutron-api.service[107294]: DEBUG neutron.api.extensions [None req-60fb2d1f-fe94-4dda-8172-b3bf5b3325ce None None] Loading extension file: fip_pf_description.py {{(pid=107294) _load_all_extensions_from_path /opt/stack/neutron/neutron/api/extensions.py:449}}
Jun 18 01:50:30.080855 np0000181782 devstack@neutron-api.service[107293]: INFO neutron.services.logapi.drivers.ovn.driver [None req-183dc2f0-4c58-4401-9714-f4045bcb6d7c None None] OVN logging driver registered
Jun 18 01:50:30.080942 np0000181782 devstack@neutron-api.service[107294]: DEBUG neutron.api.extensions [None req-60fb2d1f-fe94-4dda-8172-b3bf5b3325ce None None] Ext name="Floating IP Port Forwarding new attribute description" alias="floating-ip-port-forwarding-description" description="Add a description field to Port Forwarding rules" updated="2019-11-01T10:00:00-00:00" {{(pid=107294) _check_extension /opt/stack/neutron/neutron/api/extensions.py:415}}
Jun 18 01:50:30.080983 np0000181782 devstack@neutron-api.service[107293]: DEBUG neutron_lib.callbacks.manager [None req-183dc2f0-4c58-4401-9714-f4045bcb6d7c None None] Subscribe: ._register_pvlan_driver at 0x73314c710860> pvlan_plugin before_spawn 55550000, False {{(pid=107293) subscribe /opt/stack/data/venv/lib/python3.12/site-packages/neutron_lib/callbacks/manager.py:52}}
Jun 18 01:50:30.081062 np0000181782 devstack@neutron-api.service[107293]: DEBUG neutron_lib.callbacks.manager [None req-183dc2f0-4c58-4401-9714-f4045bcb6d7c None None] Subscribe: process after_init 55550000, False {{(pid=107293) subscribe /opt/stack/data/venv/lib/python3.12/site-packages/neutron_lib/callbacks/manager.py:52}}
Jun 18 01:50:30.081109 np0000181782 devstack@neutron-api.service[107294]: INFO neutron.api.extensions [None req-60fb2d1f-fe94-4dda-8172-b3bf5b3325ce None None] Extension floating-ip-port-forwarding-description not supported by any of loaded plugins
Jun 18 01:50:30.081199 np0000181782 devstack@neutron-api.service[107294]: DEBUG neutron.api.extensions [None req-60fb2d1f-fe94-4dda-8172-b3bf5b3325ce None None] Loading extension file: fip_pf_detail.py {{(pid=107294) _load_all_extensions_from_path /opt/stack/neutron/neutron/api/extensions.py:449}}
Jun 18 01:50:30.081439 np0000181782 devstack@neutron-api.service[107294]: DEBUG neutron.api.extensions [None req-60fb2d1f-fe94-4dda-8172-b3bf5b3325ce None None] Ext name="Floating IP port forwarding detail" alias="floating-ip-port-forwarding-detail" description="Allow list floating ip return more port forwarding data, include'id' and 'internal_port_id'" updated="2022-05-06T10:00:00-00:00" {{(pid=107294) _check_extension /opt/stack/neutron/neutron/api/extensions.py:415}}
Jun 18 01:50:30.081493 np0000181782 devstack@neutron-api.service[107292]: DEBUG neutron.manager [None req-98dbd4cf-1d74-4e95-a44e-986f8b9cc286 None None] Successfully loaded revision_plugin plugin. Description: Adds revision numbers to resources. {{(pid=107292) _create_and_add_service_plugin /opt/stack/neutron/neutron/manager.py:239}}
Jun 18 01:50:30.081574 np0000181782 devstack@neutron-api.service[107292]: DEBUG oslo_concurrency.lockutils [None req-98dbd4cf-1d74-4e95-a44e-986f8b9cc286 None None] Lock "manager" "released" by "neutron.manager.NeutronManager._create_instance" :: held 4.687s {{(pid=107292) inner /opt/stack/data/venv/lib/python3.12/site-packages/oslo_concurrency/lockutils.py:543}}
Jun 18 01:50:30.081615 np0000181782 devstack@neutron-api.service[107294]: INFO neutron.api.extensions [None req-60fb2d1f-fe94-4dda-8172-b3bf5b3325ce None None] Loaded extension: floating-ip-port-forwarding-detail
Jun 18 01:50:30.081691 np0000181782 devstack@neutron-api.service[107294]: DEBUG neutron.api.extensions [None req-60fb2d1f-fe94-4dda-8172-b3bf5b3325ce None None] Loading extension file: fip_pf_port_range.py {{(pid=107294) _load_all_extensions_from_path /opt/stack/neutron/neutron/api/extensions.py:449}}
Jun 18 01:50:30.081772 np0000181782 devstack@neutron-api.service[107292]: DEBUG neutron.api.extensions [None req-98dbd4cf-1d74-4e95-a44e-986f8b9cc286 None None] get_extension_paths = OrderedDict({'/opt/stack/neutron/neutron/extensions': 1}) {{(pid=107292) get_extensions_path /opt/stack/neutron/neutron/api/extensions.py:640}}
Jun 18 01:50:30.081871 np0000181782 devstack@neutron-api.service[107292]: INFO neutron.api.extensions [None req-98dbd4cf-1d74-4e95-a44e-986f8b9cc286 None None] Initializing extension manager.
Jun 18 01:50:30.081909 np0000181782 devstack@neutron-api.service[107294]: DEBUG neutron.api.extensions [None req-60fb2d1f-fe94-4dda-8172-b3bf5b3325ce None None] Ext name="Floating IP Port Forwarding support port ranges" alias="floating-ip-port-forwarding-port-ranges" description="Add support to port ranges" updated="2020-07-01T10:00:00-00:00" {{(pid=107294) _check_extension /opt/stack/neutron/neutron/api/extensions.py:415}}
Jun 18 01:50:30.082083 np0000181782 devstack@neutron-api.service[107294]: INFO neutron.api.extensions [None req-60fb2d1f-fe94-4dda-8172-b3bf5b3325ce None None] Extension floating-ip-port-forwarding-port-ranges not supported by any of loaded plugins
Jun 18 01:50:30.082125 np0000181782 devstack@neutron-api.service[107292]: DEBUG neutron.api.extensions [None req-98dbd4cf-1d74-4e95-a44e-986f8b9cc286 None None] Loading extension file: __init__.py {{(pid=107292) _load_all_extensions_from_path /opt/stack/neutron/neutron/api/extensions.py:449}}
Jun 18 01:50:30.082164 np0000181782 devstack@neutron-api.service[107294]: DEBUG neutron.api.extensions [None req-60fb2d1f-fe94-4dda-8172-b3bf5b3325ce None None] Loading extension file: fip_port_details.py {{(pid=107294) _load_all_extensions_from_path /opt/stack/neutron/neutron/api/extensions.py:449}}
Jun 18 01:50:30.082211 np0000181782 devstack@neutron-api.service[107292]: DEBUG neutron.api.extensions [None req-98dbd4cf-1d74-4e95-a44e-986f8b9cc286 None None] Loading extension file: __pycache__ {{(pid=107292) _load_all_extensions_from_path /opt/stack/neutron/neutron/api/extensions.py:449}}
Jun 18 01:50:30.082309 np0000181782 devstack@neutron-api.service[107292]: DEBUG neutron.api.extensions [None req-98dbd4cf-1d74-4e95-a44e-986f8b9cc286 None None] Loading extension file: aap_reject_multicast.py {{(pid=107292) _load_all_extensions_from_path /opt/stack/neutron/neutron/api/extensions.py:449}}
Jun 18 01:50:30.082402 np0000181782 devstack@neutron-api.service[107294]: DEBUG neutron.api.extensions [None req-60fb2d1f-fe94-4dda-8172-b3bf5b3325ce None None] Ext name="Floating IP Port Details Extension" alias="fip-port-details" description="Add port_details attribute to Floating IP resource" updated="2018-04-09T10:00:00-00:00" {{(pid=107294) _check_extension /opt/stack/neutron/neutron/api/extensions.py:415}}
Jun 18 01:50:30.082561 np0000181782 devstack@neutron-api.service[107293]: DEBUG neutron.plugins.ml2.plugin [None req-183dc2f0-4c58-4401-9714-f4045bcb6d7c None None] neutron.plugins.ml2.plugin.Ml2Plugin method _start_rpc_notifiers called with arguments () {} {{(pid=107293) wrapper /opt/stack/data/venv/lib/python3.12/site-packages/oslo_log/helpers.py:77}}
Jun 18 01:50:30.082603 np0000181782 devstack@neutron-api.service[107294]: INFO neutron.api.extensions [None req-60fb2d1f-fe94-4dda-8172-b3bf5b3325ce None None] Loaded extension: fip-port-details
Jun 18 01:50:30.082636 np0000181782 devstack@neutron-api.service[107292]: DEBUG neutron.api.extensions [None req-98dbd4cf-1d74-4e95-a44e-986f8b9cc286 None None] Ext name="Allowed address pairs reject multicast extension" alias="aap-reject-multicast" description="Reject multicast addresses in Allowed Address Pairs" updated="2026-04-01T00:00:00-00:00" {{(pid=107292) _check_extension /opt/stack/neutron/neutron/api/extensions.py:415}}
Jun 18 01:50:30.082673 np0000181782 devstack@neutron-api.service[107294]: DEBUG neutron.api.extensions [None req-60fb2d1f-fe94-4dda-8172-b3bf5b3325ce None None] Loading extension file: flavors.py {{(pid=107294) _load_all_extensions_from_path /opt/stack/neutron/neutron/api/extensions.py:449}}
Jun 18 01:50:30.082809 np0000181782 devstack@neutron-api.service[107292]: INFO neutron.api.extensions [None req-98dbd4cf-1d74-4e95-a44e-986f8b9cc286 None None] Extension aap-reject-multicast not supported by any of loaded plugins
Jun 18 01:50:30.082847 np0000181782 devstack@neutron-api.service[107293]: DEBUG neutron_lib.callbacks.manager [None req-183dc2f0-4c58-4401-9714-f4045bcb6d7c None None] Subscribe: > port after_create 55550000, False {{(pid=107293) subscribe /opt/stack/data/venv/lib/python3.12/site-packages/neutron_lib/callbacks/manager.py:52}}
Jun 18 01:50:30.082904 np0000181782 devstack@neutron-api.service[107292]: DEBUG neutron.api.extensions [None req-98dbd4cf-1d74-4e95-a44e-986f8b9cc286 None None] Loading extension file: address_group.py {{(pid=107292) _load_all_extensions_from_path /opt/stack/neutron/neutron/api/extensions.py:449}}
Jun 18 01:50:30.082969 np0000181782 devstack@neutron-api.service[107294]: DEBUG neutron.api.extensions [None req-60fb2d1f-fe94-4dda-8172-b3bf5b3325ce None None] Ext name="Neutron Service Flavors" alias="flavors" description="Flavor specification for Neutron advanced services." updated="2015-09-17T10:00:00-00:00" {{(pid=107294) _check_extension /opt/stack/neutron/neutron/api/extensions.py:415}}
Jun 18 01:50:30.083017 np0000181782 devstack@neutron-api.service[107293]: DEBUG neutron_lib.callbacks.manager [None req-183dc2f0-4c58-4401-9714-f4045bcb6d7c None None] Subscribe: > port after_update 55550000, False {{(pid=107293) subscribe /opt/stack/data/venv/lib/python3.12/site-packages/neutron_lib/callbacks/manager.py:52}}
Jun 18 01:50:30.083092 np0000181782 devstack@neutron-api.service[107293]: DEBUG neutron_lib.callbacks.manager [None req-183dc2f0-4c58-4401-9714-f4045bcb6d7c None None] Subscribe: > port after_delete 55550000, False {{(pid=107293) subscribe /opt/stack/data/venv/lib/python3.12/site-packages/neutron_lib/callbacks/manager.py:52}}
Jun 18 01:50:30.083130 np0000181782 devstack@neutron-api.service[107294]: INFO neutron.api.extensions [None req-60fb2d1f-fe94-4dda-8172-b3bf5b3325ce None None] Loaded extension: flavors
Jun 18 01:50:30.083203 np0000181782 devstack@neutron-api.service[107293]: DEBUG neutron_lib.callbacks.manager [None req-183dc2f0-4c58-4401-9714-f4045bcb6d7c None None] Subscribe: > subnet after_create 55550000, False {{(pid=107293) subscribe /opt/stack/data/venv/lib/python3.12/site-packages/neutron_lib/callbacks/manager.py:52}}
Jun 18 01:50:30.083238 np0000181782 devstack@neutron-api.service[107294]: DEBUG neutron.api.extensions [None req-60fb2d1f-fe94-4dda-8172-b3bf5b3325ce None None] Loading extension file: floating_ip_port_forwarding.py {{(pid=107294) _load_all_extensions_from_path /opt/stack/neutron/neutron/api/extensions.py:449}}
Jun 18 01:50:30.083266 np0000181782 devstack@neutron-api.service[107292]: DEBUG neutron.api.extensions [None req-98dbd4cf-1d74-4e95-a44e-986f8b9cc286 None None] Ext name="Address group" alias="address-group" description="Support address group" updated="2020-07-15T10:00:00-00:00" {{(pid=107292) _check_extension /opt/stack/neutron/neutron/api/extensions.py:415}}
Jun 18 01:50:30.083310 np0000181782 devstack@neutron-api.service[107293]: DEBUG neutron_lib.callbacks.manager [None req-183dc2f0-4c58-4401-9714-f4045bcb6d7c None None] Subscribe: > subnet after_update 55550000, False {{(pid=107293) subscribe /opt/stack/data/venv/lib/python3.12/site-packages/neutron_lib/callbacks/manager.py:52}}
Jun 18 01:50:30.083422 np0000181782 devstack@neutron-api.service[107292]: INFO neutron.api.extensions [None req-98dbd4cf-1d74-4e95-a44e-986f8b9cc286 None None] Loaded extension: address-group
Jun 18 01:50:30.083453 np0000181782 devstack@neutron-api.service[107293]: DEBUG neutron_lib.callbacks.manager [None req-183dc2f0-4c58-4401-9714-f4045bcb6d7c None None] Subscribe: > subnet after_delete 55550000, False {{(pid=107293) subscribe /opt/stack/data/venv/lib/python3.12/site-packages/neutron_lib/callbacks/manager.py:52}}
Jun 18 01:50:30.083515 np0000181782 devstack@neutron-api.service[107292]: DEBUG neutron.api.extensions [None req-98dbd4cf-1d74-4e95-a44e-986f8b9cc286 None None] Loading extension file: address_scope.py {{(pid=107292) _load_all_extensions_from_path /opt/stack/neutron/neutron/api/extensions.py:449}}
Jun 18 01:50:30.083544 np0000181782 devstack@neutron-api.service[107293]: DEBUG neutron_lib.callbacks.manager [None req-183dc2f0-4c58-4401-9714-f4045bcb6d7c None None] Subscribe: > network after_create 55550000, False {{(pid=107293) subscribe /opt/stack/data/venv/lib/python3.12/site-packages/neutron_lib/callbacks/manager.py:52}}
Jun 18 01:50:30.083572 np0000181782 devstack@neutron-api.service[107294]: DEBUG neutron.api.extensions [None req-60fb2d1f-fe94-4dda-8172-b3bf5b3325ce None None] Ext name="Floating IP Port Forwarding" alias="floating-ip-port-forwarding" description="Allow port forwarding from floating IP port to an internal port" updated="2018-01-19T10:00:00-00:00" {{(pid=107294) _check_extension /opt/stack/neutron/neutron/api/extensions.py:415}}
Jun 18 01:50:30.083631 np0000181782 devstack@neutron-api.service[107293]: DEBUG neutron_lib.callbacks.manager [None req-183dc2f0-4c58-4401-9714-f4045bcb6d7c None None] Subscribe: > network after_update 55550000, False {{(pid=107293) subscribe /opt/stack/data/venv/lib/python3.12/site-packages/neutron_lib/callbacks/manager.py:52}}
Jun 18 01:50:30.083719 np0000181782 devstack@neutron-api.service[107294]: INFO neutron.api.extensions [None req-60fb2d1f-fe94-4dda-8172-b3bf5b3325ce None None] Extension floating-ip-port-forwarding not supported by any of loaded plugins
Jun 18 01:50:30.083755 np0000181782 devstack@neutron-api.service[107293]: DEBUG neutron_lib.callbacks.manager [None req-183dc2f0-4c58-4401-9714-f4045bcb6d7c None None] Subscribe: > network after_delete 55550000, False {{(pid=107293) subscribe /opt/stack/data/venv/lib/python3.12/site-packages/neutron_lib/callbacks/manager.py:52}}
Jun 18 01:50:30.083802 np0000181782 devstack@neutron-api.service[107292]: DEBUG neutron.api.extensions [None req-98dbd4cf-1d74-4e95-a44e-986f8b9cc286 None None] Ext name="Address scope" alias="address-scope" description="Address scopes extension." updated="2015-07-26T10:00:00-00:00" {{(pid=107292) _check_extension /opt/stack/neutron/neutron/api/extensions.py:415}}
Jun 18 01:50:30.083832 np0000181782 devstack@neutron-api.service[107294]: DEBUG neutron.api.extensions [None req-60fb2d1f-fe94-4dda-8172-b3bf5b3325ce None None] Loading extension file: floatingip_pools.py {{(pid=107294) _load_all_extensions_from_path /opt/stack/neutron/neutron/api/extensions.py:449}}
Jun 18 01:50:30.083877 np0000181782 devstack@neutron-api.service[107293]: DEBUG neutron_lib.callbacks.manager [None req-183dc2f0-4c58-4401-9714-f4045bcb6d7c None None] Subscribe: > security_group after_create 55550000, False {{(pid=107293) subscribe /opt/stack/data/venv/lib/python3.12/site-packages/neutron_lib/callbacks/manager.py:52}}
Jun 18 01:50:30.083932 np0000181782 devstack@neutron-api.service[107293]: DEBUG neutron_lib.callbacks.manager [None req-183dc2f0-4c58-4401-9714-f4045bcb6d7c None None] Subscribe: > security_group after_update 55550000, False {{(pid=107293) subscribe /opt/stack/data/venv/lib/python3.12/site-packages/neutron_lib/callbacks/manager.py:52}}
Jun 18 01:50:30.083983 np0000181782 devstack@neutron-api.service[107292]: INFO neutron.api.extensions [None req-98dbd4cf-1d74-4e95-a44e-986f8b9cc286 None None] Loaded extension: address-scope
Jun 18 01:50:30.084028 np0000181782 devstack@neutron-api.service[107293]: DEBUG neutron_lib.callbacks.manager [None req-183dc2f0-4c58-4401-9714-f4045bcb6d7c None None] Subscribe: > security_group after_delete 55550000, False {{(pid=107293) subscribe /opt/stack/data/venv/lib/python3.12/site-packages/neutron_lib/callbacks/manager.py:52}}
Jun 18 01:50:30.084309 np0000181782 devstack@neutron-api.service[107292]: DEBUG neutron.api.extensions [None req-98dbd4cf-1d74-4e95-a44e-986f8b9cc286 None None] Loading extension file: admin_state_down_before_update.py {{(pid=107292) _load_all_extensions_from_path /opt/stack/neutron/neutron/api/extensions.py:449}}
Jun 18 01:50:30.084343 np0000181782 devstack@neutron-api.service[107294]: DEBUG neutron.api.extensions [None req-60fb2d1f-fe94-4dda-8172-b3bf5b3325ce None None] Ext name="Floating IP Pools Extension" alias="floatingip-pools" description="Provides a floating IP pools API." updated="2018-03-21T10:00:00-00:00" {{(pid=107294) _check_extension /opt/stack/neutron/neutron/api/extensions.py:415}}
Jun 18 01:50:30.084393 np0000181782 devstack@neutron-api.service[107293]: DEBUG neutron_lib.callbacks.manager [None req-183dc2f0-4c58-4401-9714-f4045bcb6d7c None None] Subscribe: > security_group_rule after_create 55550000, False {{(pid=107293) subscribe /opt/stack/data/venv/lib/python3.12/site-packages/neutron_lib/callbacks/manager.py:52}}
Jun 18 01:50:30.084393 np0000181782 devstack@neutron-api.service[107293]: DEBUG neutron_lib.callbacks.manager [None req-183dc2f0-4c58-4401-9714-f4045bcb6d7c None None] Subscribe: > security_group_rule after_update 55550000, False {{(pid=107293) subscribe /opt/stack/data/venv/lib/python3.12/site-packages/neutron_lib/callbacks/manager.py:52}}
Jun 18 01:50:30.084446 np0000181782 devstack@neutron-api.service[107294]: INFO neutron.api.extensions [None req-60fb2d1f-fe94-4dda-8172-b3bf5b3325ce None None] Loaded extension: floatingip-pools
Jun 18 01:50:30.084476 np0000181782 devstack@neutron-api.service[107292]: DEBUG neutron.api.extensions [None req-98dbd4cf-1d74-4e95-a44e-986f8b9cc286 None None] Ext name="Enforce Router's Admin State Down Before Update Extension" alias="router-admin-state-down-before-update" description="Ensure that the admin state of a router is DOWN (admin_state_up=False) before updating the distributed attribute" updated="2019-07-02T15:56:00" {{(pid=107292) _check_extension /opt/stack/neutron/neutron/api/extensions.py:415}}
Jun 18 01:50:30.084503 np0000181782 devstack@neutron-api.service[107293]: DEBUG neutron_lib.callbacks.manager [None req-183dc2f0-4c58-4401-9714-f4045bcb6d7c None None] Subscribe: > security_group_rule after_delete 55550000, False {{(pid=107293) subscribe /opt/stack/data/venv/lib/python3.12/site-packages/neutron_lib/callbacks/manager.py:52}}
Jun 18 01:50:30.084533 np0000181782 devstack@neutron-api.service[107294]: DEBUG neutron.api.extensions [None req-60fb2d1f-fe94-4dda-8172-b3bf5b3325ce None None] Loading extension file: ip_allocation.py {{(pid=107294) _load_all_extensions_from_path /opt/stack/neutron/neutron/api/extensions.py:449}}
Jun 18 01:50:30.084565 np0000181782 devstack@neutron-api.service[107293]: DEBUG neutron_lib.callbacks.manager [None req-183dc2f0-4c58-4401-9714-f4045bcb6d7c None None] Subscribe: > address_group after_create 55550000, False {{(pid=107293) subscribe /opt/stack/data/venv/lib/python3.12/site-packages/neutron_lib/callbacks/manager.py:52}}
Jun 18 01:50:30.084594 np0000181782 devstack@neutron-api.service[107292]: INFO neutron.api.extensions [None req-98dbd4cf-1d74-4e95-a44e-986f8b9cc286 None None] Extension router-admin-state-down-before-update not supported by any of loaded plugins
Jun 18 01:50:30.084621 np0000181782 devstack@neutron-api.service[107293]: DEBUG neutron_lib.callbacks.manager [None req-183dc2f0-4c58-4401-9714-f4045bcb6d7c None None] Subscribe: > address_group after_update 55550000, False {{(pid=107293) subscribe /opt/stack/data/venv/lib/python3.12/site-packages/neutron_lib/callbacks/manager.py:52}}
Jun 18 01:50:30.084647 np0000181782 devstack@neutron-api.service[107292]: DEBUG neutron.api.extensions [None req-98dbd4cf-1d74-4e95-a44e-986f8b9cc286 None None] Loading extension file: agent.py {{(pid=107292) _load_all_extensions_from_path /opt/stack/neutron/neutron/api/extensions.py:449}}
Jun 18 01:50:30.084671 np0000181782 devstack@neutron-api.service[107294]: DEBUG neutron.api.extensions [None req-60fb2d1f-fe94-4dda-8172-b3bf5b3325ce None None] Ext name="IP Allocation" alias="ip_allocation" description="IP allocation extension." updated="2016-06-10T23:00:00-00:00" {{(pid=107294) _check_extension /opt/stack/neutron/neutron/api/extensions.py:415}}
Jun 18 01:50:30.084696 np0000181782 devstack@neutron-api.service[107293]: DEBUG neutron_lib.callbacks.manager [None req-183dc2f0-4c58-4401-9714-f4045bcb6d7c None None] Subscribe: > address_group after_delete 55550000, False {{(pid=107293) subscribe /opt/stack/data/venv/lib/python3.12/site-packages/neutron_lib/callbacks/manager.py:52}}
Jun 18 01:50:30.084729 np0000181782 devstack@neutron-api.service[107293]: DEBUG neutron.plugins.ml2.ovo_rpc [None req-183dc2f0-4c58-4401-9714-f4045bcb6d7c None None] ML2 OVO RPC backend initialized. {{(pid=107293) __init__ /opt/stack/neutron/neutron/plugins/ml2/ovo_rpc.py:117}}
Jun 18 01:50:30.084756 np0000181782 devstack@neutron-api.service[107294]: INFO neutron.api.extensions [None req-60fb2d1f-fe94-4dda-8172-b3bf5b3325ce None None] Extension ip_allocation not supported by any of loaded plugins
Jun 18 01:50:30.084843 np0000181782 devstack@neutron-api.service[107294]: DEBUG neutron.api.extensions [None req-60fb2d1f-fe94-4dda-8172-b3bf5b3325ce None None] Loading extension file: ip_substring_port_filtering.py {{(pid=107294) _load_all_extensions_from_path /opt/stack/neutron/neutron/api/extensions.py:449}}
Jun 18 01:50:30.084893 np0000181782 devstack@neutron-api.service[107292]: DEBUG neutron.api.extensions [None req-98dbd4cf-1d74-4e95-a44e-986f8b9cc286 None None] Ext name="agent" alias="agent" description="The agent management extension." updated="2013-02-03T10:00:00-00:00" {{(pid=107292) _check_extension /opt/stack/neutron/neutron/api/extensions.py:415}}
Jun 18 01:50:30.085040 np0000181782 devstack@neutron-api.service[107292]: INFO neutron.api.extensions [None req-98dbd4cf-1d74-4e95-a44e-986f8b9cc286 None None] Loaded extension: agent
Jun 18 01:50:30.085070 np0000181782 devstack@neutron-api.service[107294]: DEBUG neutron.api.extensions [None req-60fb2d1f-fe94-4dda-8172-b3bf5b3325ce None None] Ext name="IP address substring filtering" alias="ip-substring-filtering" description="Provides IP address substring filtering when listing ports" updated="2017-11-28T09:00:00-00:00" {{(pid=107294) _check_extension /opt/stack/neutron/neutron/api/extensions.py:415}}
Jun 18 01:50:30.085131 np0000181782 devstack@neutron-api.service[107292]: DEBUG neutron.api.extensions [None req-98dbd4cf-1d74-4e95-a44e-986f8b9cc286 None None] Loading extension file: agent_resources_synced.py {{(pid=107292) _load_all_extensions_from_path /opt/stack/neutron/neutron/api/extensions.py:449}}
Jun 18 01:50:30.085236 np0000181782 devstack@neutron-api.service[107294]: INFO neutron.api.extensions [None req-60fb2d1f-fe94-4dda-8172-b3bf5b3325ce None None] Extension ip-substring-filtering not supported by any of loaded plugins
Jun 18 01:50:30.085328 np0000181782 devstack@neutron-api.service[107294]: DEBUG neutron.api.extensions [None req-60fb2d1f-fe94-4dda-8172-b3bf5b3325ce None None] Loading extension file: l2_adjacency.py {{(pid=107294) _load_all_extensions_from_path /opt/stack/neutron/neutron/api/extensions.py:449}}
Jun 18 01:50:30.085357 np0000181782 devstack@neutron-api.service[107292]: DEBUG neutron.api.extensions [None req-98dbd4cf-1d74-4e95-a44e-986f8b9cc286 None None] Ext name="Agent's Resource View Synced to Placement" alias="agent-resources-synced" description="Stores success/failure of last sync to Placement" updated="2018-12-19T00:00:00-00:00" {{(pid=107292) _check_extension /opt/stack/neutron/neutron/api/extensions.py:415}}
Jun 18 01:50:30.085524 np0000181782 devstack@neutron-api.service[107293]: INFO neutron.quota [None req-183dc2f0-4c58-4401-9714-f4045bcb6d7c None None] Loaded quota_driver: .
Jun 18 01:50:30.085555 np0000181782 devstack@neutron-api.service[107292]: INFO neutron.api.extensions [None req-98dbd4cf-1d74-4e95-a44e-986f8b9cc286 None None] Extension agent-resources-synced not supported by any of loaded plugins
Jun 18 01:50:30.085583 np0000181782 devstack@neutron-api.service[107294]: DEBUG neutron.api.extensions [None req-60fb2d1f-fe94-4dda-8172-b3bf5b3325ce None None] Ext name="L2 Adjacency" alias="l2_adjacency" description="Display L2 Adjacency for Neutron Networks." updated="2016-04-12T16:00:00-00:00" {{(pid=107294) _check_extension /opt/stack/neutron/neutron/api/extensions.py:415}}
Jun 18 01:50:30.085639 np0000181782 devstack@neutron-api.service[107292]: DEBUG neutron.api.extensions [None req-98dbd4cf-1d74-4e95-a44e-986f8b9cc286 None None] Loading extension file: agent_sort_key.py {{(pid=107292) _load_all_extensions_from_path /opt/stack/neutron/neutron/api/extensions.py:449}}
Jun 18 01:50:30.085679 np0000181782 devstack@neutron-api.service[107293]: INFO neutron.plugins.ml2.plugin [None req-183dc2f0-4c58-4401-9714-f4045bcb6d7c None None] Modular L2 Plugin initialization complete
Jun 18 01:50:30.085738 np0000181782 devstack@neutron-api.service[107294]: INFO neutron.api.extensions [None req-60fb2d1f-fe94-4dda-8172-b3bf5b3325ce None None] Extension l2_adjacency not supported by any of loaded plugins
Jun 18 01:50:30.085768 np0000181782 devstack@neutron-api.service[107293]: DEBUG neutron.manager [None req-183dc2f0-4c58-4401-9714-f4045bcb6d7c None None] Loading services supported by the core plugin {{(pid=107293) _load_services_from_core_plugin /opt/stack/neutron/neutron/manager.py:170}}
Jun 18 01:50:30.085828 np0000181782 devstack@neutron-api.service[107294]: DEBUG neutron.api.extensions [None req-60fb2d1f-fe94-4dda-8172-b3bf5b3325ce None None] Loading extension file: l3.py {{(pid=107294) _load_all_extensions_from_path /opt/stack/neutron/neutron/api/extensions.py:449}}
Jun 18 01:50:30.085859 np0000181782 devstack@neutron-api.service[107292]: DEBUG neutron.api.extensions [None req-98dbd4cf-1d74-4e95-a44e-986f8b9cc286 None None] Ext name="Agents Sort Key" alias="agent_sort_key" description="Enabling the keyword sort_key for sorting in agents." updated="2013-02-03T10:00:00-00:00" {{(pid=107292) _check_extension /opt/stack/neutron/neutron/api/extensions.py:415}}
Jun 18 01:50:30.085893 np0000181782 devstack@neutron-api.service[107293]: INFO neutron.plugins.ml2.managers [None req-183dc2f0-4c58-4401-9714-f4045bcb6d7c None None] Got port-security extension from driver 'port_security'
Jun 18 01:50:30.086043 np0000181782 devstack@neutron-api.service[107292]: INFO neutron.api.extensions [None req-98dbd4cf-1d74-4e95-a44e-986f8b9cc286 None None] Extension agent_sort_key not supported by any of loaded plugins
