2026-03-18 12:56:51.708 7 INFO neutron_taas.services.taas.tap_mirror_plugin [None req-5151ad1b-2b86-4c52-861e-49a52162be7a cad05f57f3fc43489bd8d68cce3a279c 2b4eb7c341da402bad4241ff53eae7f2 - - default default] Tap Mirror: Handle Delete Port: 6c06f75f-b5a7-4318-9137-90f6941d5e5f [pid: 8|app: 0|req: 662/1593] 10.0.0.124 () {34 vars in 990 bytes} [Wed Mar 18 12:56:51 2026] GET /v2.0/ports?device_id=4672a872-ec21-4944-b319-617710e87647 => generated 971 bytes in 124 msecs (HTTP/1.1 200) 4 headers in 157 bytes (1 switches on core 0) [pid: 8|app: 0|req: 663/1594] 10.0.0.124 () {34 vars in 990 bytes} [Wed Mar 18 12:56:51 2026] GET /v2.0/ports?device_id=e0a65900-ff6a-481f-9a0b-ea19e72ebfcd => generated 971 bytes in 175 msecs (HTTP/1.1 200) 4 headers in 157 bytes (1 switches on core 0)
2026-03-18 12:56:52.009 8 INFO neutron.db.ovn_revision_numbers_db [None req-6c4ebb82-97ad-4d29-84b2-c2a3e1282140 - - - - - -] Successfully bumped revision number for resource 5c3627b0-42ed-4d48-87cb-9fdc968e3c8c (type: ports) to 5 [pid: 7|app: 0|req: 932/1595] 10.0.0.54 () {32 vars in 723 bytes} [Wed Mar 18 12:56:51 2026] DELETE /v2.0/routers/869ef268-38e7-4f5e-baca-cc4cabe80afd => generated 0 bytes in 781 msecs (HTTP/1.1 204) 2 headers in 112 bytes (1 switches on core 0) [pid: 7|app: 0|req: 933/1596] 10.0.0.124 () {34 vars in 1040 bytes} [Wed Mar 18 12:56:52 2026] GET /v2.0/security-groups?id=859d687c-095c-4a11-b86b-790ebda738f7&fields=id&fields=name => generated 113 bytes in 42 msecs (HTTP/1.1 200) 4 headers in 157 bytes (1 switches on core 0) [pid: 7|app: 0|req: 934/1597] 10.0.0.124 () {34 vars in 1040 bytes} [Wed Mar 18 12:56:52 2026] GET /v2.0/security-groups?id=fb962b48-9787-408f-b045-eb9f8fea0bb3&fields=id&fields=name => generated 88 bytes in 24 msecs (HTTP/1.1 200) 4 headers in 156 bytes (1 switches on core 0) [pid: 8|app: 0|req: 664/1598] 10.0.0.54 () {32 vars in 723 bytes} [Wed Mar 18 12:56:51 2026] DELETE /v2.0/subnets/b451b4f9-e4bf-4567-80e0-0234bb08d28e => generated 0 bytes in 379 msecs (HTTP/1.1 204) 3 headers in 131 bytes (1 switches on core 0) /var/lib/openstack/lib/python3.12/site-packages/pycadf/identifier.py:70: UserWarning: Invalid uuid: neutron. To ensure interoperability, identifiers should be a valid uuid. warnings.warn(('Invalid uuid: %s. To ensure interoperability, ' [pid: 8|app: 0|req: 665/1599] 10.0.0.54 () {32 vars in 646 bytes} [Wed Mar 18 12:56:52 2026] GET /v2.0/subnets => generated 649 bytes in 29 msecs (HTTP/1.1 200) 4 headers in 157 bytes (1 switches on core 0) [pid: 7|app: 0|req: 935/1600] 10.0.0.54 () {32 vars in 723 bytes} [Wed Mar 18 12:56:52 2026] DELETE /v2.0/subnets/af17a0ad-1127-4950-ae31-ce56ecee40d0 => generated 0 bytes in 184 msecs (HTTP/1.1 204) 3 headers in 131 bytes (1 switches on core 0)
2026-03-18 12:56:52.509 8 INFO neutron.notifiers.nova [-] Nova event matching ['req-b069992c-38da-424a-bbb1-8bbfe435fcc8'] response: {'server_uuid': '4672a872-ec21-4944-b319-617710e87647', 'name': 'network-vif-unplugged', 'status': 'completed', 'tag': '5c3627b0-42ed-4d48-87cb-9fdc968e3c8c', 'code': 200}
2026-03-18 12:56:52.509 8 INFO neutron.notifiers.nova [-] Nova event matching ['req-b069992c-38da-424a-bbb1-8bbfe435fcc8'] response: {'server_uuid': 'e0a65900-ff6a-481f-9a0b-ea19e72ebfcd', 'name': 'network-vif-plugged', 'status': 'completed', 'tag': '85df0fe9-a454-4415-8844-666443b56e3b', 'code': 200}
2026-03-18 12:56:52.510 8 INFO neutron.notifiers.nova [-] Nova event matching ['req-b069992c-38da-424a-bbb1-8bbfe435fcc8'] response: {'server_uuid': 'e0a65900-ff6a-481f-9a0b-ea19e72ebfcd', 'name': 'network-vif-plugged', 'status': 'completed', 'tag': '85df0fe9-a454-4415-8844-666443b56e3b', 'code': 200}
2026-03-18 12:56:52.510 8 INFO neutron.notifiers.nova [-] Nova event matching ['req-b069992c-38da-424a-bbb1-8bbfe435fcc8'] response: {'server_uuid': '4672a872-ec21-4944-b319-617710e87647', 'name': 'network-vif-plugged', 'status': 'completed', 'tag': '5c3627b0-42ed-4d48-87cb-9fdc968e3c8c', 'code': 200}
2026-03-18 12:56:52.510 8 INFO neutron.notifiers.nova [-] Nova event matching ['req-b069992c-38da-424a-bbb1-8bbfe435fcc8'] response: {'server_uuid': '4672a872-ec21-4944-b319-617710e87647', 'name': 'network-vif-plugged', 'status': 'completed', 'tag': '5c3627b0-42ed-4d48-87cb-9fdc968e3c8c', 'code': 200}
2026-03-18 12:56:52.512 8 INFO neutron_taas.services.taas.taas_plugin [None req-4e1da718-d484-49b4-b371-401a0913916b 2f01fd0909c640b2947098d61d7139d4 388d6391e20747df912617eabb79613e - - default default] TaaS: Handle Delete Port: 2b3a9f55-e435-460d-8c24-ba8cd68f2523
2026-03-18 12:56:52.521 8 INFO neutron_taas.services.taas.tap_mirror_plugin [None req-4e1da718-d484-49b4-b371-401a0913916b 2f01fd0909c640b2947098d61d7139d4 388d6391e20747df912617eabb79613e - - default default] Tap Mirror: Handle Delete Port: 2b3a9f55-e435-460d-8c24-ba8cd68f2523
2026-03-18 12:56:52.580 7 INFO neutron_taas.services.taas.taas_plugin [None req-67dde44f-c342-4919-9e05-047411d68de5 cad05f57f3fc43489bd8d68cce3a279c 2b4eb7c341da402bad4241ff53eae7f2 - - default default] TaaS: Handle Delete Port: 5b292667-4d52-4e33-bbc6-b0842cb785a2
2026-03-18 12:56:52.582 7 INFO neutron_taas.services.taas.tap_mirror_plugin [None req-67dde44f-c342-4919-9e05-047411d68de5 cad05f57f3fc43489bd8d68cce3a279c 2b4eb7c341da402bad4241ff53eae7f2 - - default default] Tap Mirror: Handle Delete Port: 5b292667-4d52-4e33-bbc6-b0842cb785a2
2026-03-18 12:56:52.804 8 INFO neutron.services.segments.plugin [-] Segment 4515a129-12a8-4199-870b-f557cf55fc34 resource provider aggregate not found
2026-03-18 12:56:52.807 7 INFO neutron.services.segments.plugin [-] Segment 4763efb2-af2e-4c89-80ac-b5847568a5d4 resource provider aggregate not found
2026-03-18 12:56:52.805 8 INFO neutron.services.segments.plugin [-] Segment 4515a129-12a8-4199-870b-f557cf55fc34 resource provider aggregate not found
2026-03-18 12:56:52.812 7 INFO neutron.services.segments.plugin [-] Segment 4763efb2-af2e-4c89-80ac-b5847568a5d4 resource provider aggregate not found
2026-03-18 12:56:52.822 8 INFO neutron.services.segments.plugin [-] Segment 4515a129-12a8-4199-870b-f557cf55fc34 resource provider not found; error: Placement Client Error (4xx): {"errors": [{"status": 404, "title": "Not Found", "detail": "The resource could not be found.\n\n No resource provider with uuid 4515a129-12a8-4199-870b-f557cf55fc34 found for delete ", "request_id": "req-38668a97-fcfd-48fa-abc0-435e60b0b812"}]}
2026-03-18 12:56:52.829 8 INFO neutron.services.segments.plugin [-] Segment 4515a129-12a8-4199-870b-f557cf55fc34 resource provider not found; error: Placement Client Error (4xx): {"errors": [{"status": 404, "title": "Not Found", "detail": "The resource could not be found.\n\n No resource provider with uuid 4515a129-12a8-4199-870b-f557cf55fc34 found for delete ", "request_id": "req-26c6cddf-3112-43d3-8aaa-1d901b26c14c"}]}
2026-03-18 12:56:52.832 7 INFO neutron.services.segments.plugin [-] Segment 4763efb2-af2e-4c89-80ac-b5847568a5d4 resource provider not found; error: Placement Client Error (4xx): {"errors": [{"status": 404, "title": "Not Found", "detail": "The resource could not be found.\n\n No resource provider with uuid 4763efb2-af2e-4c89-80ac-b5847568a5d4 found for delete ", "request_id": "req-8ef94154-a6c7-40c9-8f0c-cc367b56bb77"}]}
2026-03-18 12:56:52.840 7 INFO neutron.services.segments.plugin [-] Segment 4763efb2-af2e-4c89-80ac-b5847568a5d4 resource provider not found; error: Placement Client Error (4xx): {"errors": [{"status": 404, "title": "Not Found", "detail": "The resource could not be found.\n\n No resource provider with uuid 4763efb2-af2e-4c89-80ac-b5847568a5d4 found for delete ", "request_id": "req-980ffa02-a8b6-4c56-bae0-0c335dfa3c52"}]} [pid: 8|app: 0|req: 666/1601] 10.0.0.54 () {32 vars in 725 bytes} [Wed Mar 18 12:56:52 2026] DELETE /v2.0/networks/9971fc9f-aa8c-4446-970f-27a3ac7b6e8a => generated 0 bytes in 515 msecs (HTTP/1.1 204) 3 headers in 131 bytes (1 switches on core 0) [pid: 7|app: 0|req: 936/1602] 10.0.0.54 () {32 vars in 725 bytes} [Wed Mar 18 12:56:52 2026] DELETE /v2.0/networks/6ea2ab57-2c45-4082-a0ea-49218a82f170 => generated 0 bytes in 449 msecs (HTTP/1.1 204) 3 headers in 131 bytes (1 switches on core 0)
2026-03-18 12:56:53.017 8 INFO neutron_taas.services.taas.taas_plugin [None req-0e81ce08-27dd-4ce7-94a7-0f6ec2600e71 2f01fd0909c640b2947098d61d7139d4 388d6391e20747df912617eabb79613e - - default default] TaaS: Handle Delete Port: 6f2a58eb-ceb8-44f5-97b8-1ed149982134 [pid: 7|app: 0|req: 937/1603] 10.0.0.54 () {32 vars in 773 bytes} [Wed Mar 18 12:56:52 2026] GET /v2.0/security-groups?tenant_id=c5321703fc0c4127aad84457d85dee92&name=default => generated 2925 bytes in 32 msecs (HTTP/1.1 200) 4 headers in 158 bytes (1 switches on core 0)
2026-03-18 12:56:53.021 8 INFO neutron_taas.services.taas.tap_mirror_plugin [None req-0e81ce08-27dd-4ce7-94a7-0f6ec2600e71 2f01fd0909c640b2947098d61d7139d4 388d6391e20747df912617eabb79613e - - default default] Tap Mirror: Handle Delete Port: 6f2a58eb-ceb8-44f5-97b8-1ed149982134 [pid: 8|app: 0|req: 667/1604] 10.0.0.54 () {32 vars in 725 bytes} [Wed Mar 18 12:56:52 2026] DELETE /v2.0/networks/ae0715f2-6751-4c20-b814-3b3bc92eef6d => generated 0 bytes in 483 msecs (HTTP/1.1 204) 3 headers in 131 bytes (1 switches on core 0) [pid: 7|app: 0|req: 938/1605] 10.0.0.54 () {32 vars in 739 bytes} [Wed Mar 18 12:56:53 2026] DELETE /v2.0/security-groups/1a1369e3-d00b-46b0-a005-32f44e0cc9ec => generated 0 bytes in 368 msecs (HTTP/1.1 204) 2 headers in 112 bytes (1 switches on core 0) [pid: 8|app: 0|req: 668/1606] 10.0.0.124 () {34 vars in 990 bytes} [Wed Mar 18 12:56:53 2026] GET /v2.0/ports?device_id=4672a872-ec21-4944-b319-617710e87647 => generated 971 bytes in 51 msecs (HTTP/1.1 200) 4 headers in 157 bytes (1 switches on core 0) [pid: 7|app: 0|req: 939/1607] 10.0.0.124 () {34 vars in 990 bytes} [Wed Mar 18 12:56:53 2026] GET /v2.0/ports?device_id=e0a65900-ff6a-481f-9a0b-ea19e72ebfcd => generated 971 bytes in 45 msecs (HTTP/1.1 200) 4 headers in 157 bytes (1 switches on core 0) [pid: 7|app: 0|req: 940/1608] 10.0.0.124 () {34 vars in 1040 bytes} [Wed Mar 18 12:56:53 2026] GET /v2.0/security-groups?id=859d687c-095c-4a11-b86b-790ebda738f7&fields=id&fields=name => generated 113 bytes in 42 msecs (HTTP/1.1 200) 4 headers in 157 bytes (1 switches on core 0) [pid: 7|app: 0|req: 941/1609] 10.0.0.124 () {34 vars in 1040 bytes} [Wed Mar 18 12:56:53 2026] GET /v2.0/security-groups?id=fb962b48-9787-408f-b045-eb9f8fea0bb3&fields=id&fields=name => generated 88 bytes in 42 msecs (HTTP/1.1 200) 4 headers in 156 bytes (1 switches on core 0)
2026-03-18 12:56:53.561 8 INFO neutron_taas.services.taas.taas_plugin [None req-74867888-2a35-490a-bbe9-26f7dd1b0fc7 2f01fd0909c640b2947098d61d7139d4 388d6391e20747df912617eabb79613e - - default default] TaaS: Handle Delete Port: 78a40bad-31a8-4346-aafa-e6e372e9756b
2026-03-18 12:56:53.563 8 INFO neutron_taas.services.taas.tap_mirror_plugin [None req-74867888-2a35-490a-bbe9-26f7dd1b0fc7 2f01fd0909c640b2947098d61d7139d4 388d6391e20747df912617eabb79613e - - default default] Tap Mirror: Handle Delete Port: 78a40bad-31a8-4346-aafa-e6e372e9756b [pid: 8|app: 0|req: 669/1610] 10.0.0.54 () {32 vars in 725 bytes} [Wed Mar 18 12:56:53 2026] DELETE /v2.0/networks/4ec2751f-ea0a-4422-88ea-0b3c2cf5ef46 => generated 0 bytes in 360 msecs (HTTP/1.1 204) 3 headers in 131 bytes (1 switches on core 0)
2026-03-18 12:56:53.914 7 INFO neutron_taas.services.taas.taas_plugin [None req-0409e712-b08f-49aa-8441-dcdc20a2dfc0 2f01fd0909c640b2947098d61d7139d4 388d6391e20747df912617eabb79613e - - default default] TaaS: Handle Delete Port: 58028068-beb0-46ad-a8a9-e7a7d4894d34
2026-03-18 12:56:53.917 7 INFO neutron_taas.services.taas.tap_mirror_plugin [None req-0409e712-b08f-49aa-8441-dcdc20a2dfc0 2f01fd0909c640b2947098d61d7139d4 388d6391e20747df912617eabb79613e - - default default] Tap Mirror: Handle Delete Port: 58028068-beb0-46ad-a8a9-e7a7d4894d34 [pid: 7|app: 0|req: 942/1611] 10.0.0.54 () {32 vars in 725 bytes} [Wed Mar 18 12:56:53 2026] DELETE /v2.0/networks/e1e480b5-ebd6-456b-a711-c501e2fc2005 => generated 0 bytes in 387 msecs (HTTP/1.1 204) 3 headers in 131 bytes (1 switches on core 0) [pid: 8|app: 0|req: 670/1612] 10.0.0.124 () {34 vars in 990 bytes} [Wed Mar 18 12:56:54 2026] GET /v2.0/ports?device_id=4672a872-ec21-4944-b319-617710e87647 => generated 971 bytes in 38 msecs (HTTP/1.1 200) 4 headers in 157 bytes (1 switches on core 0) [pid: 8|app: 0|req: 671/1613] 10.0.0.124 () {34 vars in 990 bytes} [Wed Mar 18 12:56:54 2026] GET /v2.0/ports?device_id=e0a65900-ff6a-481f-9a0b-ea19e72ebfcd => generated 971 bytes in 37 msecs (HTTP/1.1 200) 4 headers in 157 bytes (1 switches on core 0) [pid: 8|app: 0|req: 672/1614] 10.0.0.124 () {34 vars in 1040 bytes} [Wed Mar 18 12:56:54 2026] GET /v2.0/security-groups?id=859d687c-095c-4a11-b86b-790ebda738f7&fields=id&fields=name => generated 113 bytes in 29 msecs (HTTP/1.1 200) 4 headers in 157 bytes (1 switches on core 0) [pid: 8|app: 0|req: 673/1615] 10.0.0.124 () {34 vars in 1040 bytes} [Wed Mar 18 12:56:54 2026] GET /v2.0/security-groups?id=fb962b48-9787-408f-b045-eb9f8fea0bb3&fields=id&fields=name => generated 88 bytes in 27 msecs (HTTP/1.1 200) 4 headers in 156 bytes (1 switches on core 0) [pid: 8|app: 0|req: 674/1616] 10.0.0.124 () {34 vars in 990 bytes} [Wed Mar 18 12:56:54 2026] GET /v2.0/ports?device_id=4672a872-ec21-4944-b319-617710e87647 => generated 971 bytes in 49 msecs (HTTP/1.1 200) 4 headers in 157 bytes (1 switches on core 0) [pid: 7|app: 0|req: 943/1617] 10.0.0.54 () {32 vars in 773 bytes} [Wed Mar 18 12:56:54 2026] GET /v2.0/security-groups?tenant_id=388d6391e20747df912617eabb79613e&name=default => generated 2925 bytes in 200 msecs (HTTP/1.1 200) 4 headers in 158 bytes (1 switches on core 0) [pid: 8|app: 0|req: 675/1618] 10.0.0.124 () {34 vars in 1040 bytes} [Wed Mar 18 12:56:54 2026] GET /v2.0/security-groups?id=859d687c-095c-4a11-b86b-790ebda738f7&fields=id&fields=name => generated 113 bytes in 42 msecs (HTTP/1.1 200) 4 headers in 157 bytes (1 switches on core 0)
2026-03-18 12:56:54.851 8 INFO neutron.services.segments.plugin [-] Segment ee6c950c-4143-494f-991f-75f7d736ca70 resource provider aggregate not found
2026-03-18 12:56:54.859 8 INFO neutron.services.segments.plugin [-] Segment ee6c950c-4143-494f-991f-75f7d736ca70 resource provider aggregate not found
2026-03-18 12:56:54.861 7 INFO neutron.services.segments.plugin [-] Segment 205d2122-8613-41c5-8209-54b953879403 resource provider aggregate not found
2026-03-18 12:56:54.864 7 INFO neutron.services.segments.plugin [-] Segment 205d2122-8613-41c5-8209-54b953879403 resource provider aggregate not found
2026-03-18 12:56:54.889 8 INFO neutron.services.segments.plugin [-] Segment ee6c950c-4143-494f-991f-75f7d736ca70 resource provider not found; error: Placement Client Error (4xx): {"errors": [{"status": 404, "title": "Not Found", "detail": "The resource could not be found.\n\n No resource provider with uuid ee6c950c-4143-494f-991f-75f7d736ca70 found for delete ", "request_id": "req-b65a3310-f61f-4080-8067-4e38ce56de53"}]}
2026-03-18 12:56:54.892 7 INFO neutron.services.segments.plugin [-] Segment 205d2122-8613-41c5-8209-54b953879403 resource provider not found; error: Placement Client Error (4xx): {"errors": [{"status": 404, "title": "Not Found", "detail": "The resource could not be found.\n\n No resource provider with uuid 205d2122-8613-41c5-8209-54b953879403 found for delete ", "request_id": "req-555264df-c628-4a06-a3a9-e3b3942e5d9c"}]}
2026-03-18 12:56:54.899 7 INFO neutron.services.segments.plugin [-] Segment 205d2122-8613-41c5-8209-54b953879403 resource provider not found; error: Placement Client Error (4xx): {"errors": [{"status": 404, "title": "Not Found", "detail": "The resource could not be found.\n\n No resource provider with uuid 205d2122-8613-41c5-8209-54b953879403 found for delete ", "request_id": "req-97728be7-b493-4de6-a8ce-2051b959a5f0"}]}
2026-03-18 12:56:54.910 8 INFO neutron.services.segments.plugin [-] Segment ee6c950c-4143-494f-991f-75f7d736ca70 resource provider not found; error: Placement Client Error (4xx): {"errors": [{"status": 404, "title": "Not Found", "detail": "The resource could not be found.\n\n No resource provider with uuid ee6c950c-4143-494f-991f-75f7d736ca70 found for delete ", "request_id": "req-c3d9672a-9344-47b9-921b-fa9ca6f9c43e"}]} [pid: 8|app: 0|req: 676/1619] 10.0.0.54 () {32 vars in 735 bytes} [Wed Mar 18 12:56:54 2026] GET /v2.0/ports?device_id=4672a872-ec21-4944-b319-617710e87647 => generated 1209 bytes in 67 msecs (HTTP/1.1 200) 4 headers in 158 bytes (1 switches on core 0)
2026-03-18 12:56:54.917 8 INFO neutron.services.segments.plugin [-] Segment ee2464c6-5649-4cd1-81d4-5426c013a65c resource provider aggregate not found
2026-03-18 12:56:54.935 8 INFO neutron.services.segments.plugin [-] Segment ee2464c6-5649-4cd1-81d4-5426c013a65c resource provider not found; error: Placement Client Error (4xx): {"errors": [{"status": 404, "title": "Not Found", "detail": "The resource could not be found.\n\n No resource provider with uuid ee2464c6-5649-4cd1-81d4-5426c013a65c found for delete ", "request_id": "req-4cc87cf6-6bee-46cb-b517-30edc2bab8b6"}]}
2026-03-18 12:56:54.946 8 INFO neutron.services.segments.plugin [-] Segment ee2464c6-5649-4cd1-81d4-5426c013a65c resource provider aggregate not found
2026-03-18 12:56:54.976 8 INFO neutron.services.segments.plugin [-] Segment ee2464c6-5649-4cd1-81d4-5426c013a65c resource provider not found; error: Placement Client Error (4xx): {"errors": [{"status": 404, "title": "Not Found", "detail": "The resource could not be found.\n\n No resource provider with uuid ee2464c6-5649-4cd1-81d4-5426c013a65c found for delete ", "request_id": "req-521c32b9-df35-417e-a08b-58e39882d980"}]}
2026-03-18 12:56:55.273 8 WARNING neutron.scheduler.dhcp_agent_scheduler [None req-9dae9e32-19a2-4100-af27-1c21f0fda727 8e1bc9e04ba749b8ada07098edd38157 754933b24bf449cf9047aa4f3c0dc99d - - default default] No more DHCP agents
2026-03-18 12:56:55.278 8 WARNING neutron.api.rpc.agentnotifiers.dhcp_rpc_agent_api [None req-9dae9e32-19a2-4100-af27-1c21f0fda727 8e1bc9e04ba749b8ada07098edd38157 754933b24bf449cf9047aa4f3c0dc99d - - default default] Unable to schedule network 61c50dfa-0d62-4cdf-9b06-be980a9ebd6e: no agents available; will retry on subsequent port and subnet creation events. [pid: 7|app: 0|req: 944/1620] 10.0.0.54 () {32 vars in 739 bytes} [Wed Mar 18 12:56:54 2026] DELETE /v2.0/security-groups/8406c392-4d46-4d8d-8a74-5bb46d1d809b => generated 0 bytes in 535 msecs (HTTP/1.1 204) 2 headers in 112 bytes (1 switches on core 0)
2026-03-18 12:56:55.608 7 INFO neutron.db.ovn_revision_numbers_db [None req-c78765c3-60bb-4df6-8988-3d1d53e0d55d cad05f57f3fc43489bd8d68cce3a279c 2b4eb7c341da402bad4241ff53eae7f2 - - default default] Successfully bumped revision number for resource a1a6f12d-0526-49cd-90ba-26710fd1fb89 (type: security_groups) to 1
2026-03-18 12:56:55.618 7 INFO neutron.db.ovn_revision_numbers_db [None req-c78765c3-60bb-4df6-8988-3d1d53e0d55d cad05f57f3fc43489bd8d68cce3a279c 2b4eb7c341da402bad4241ff53eae7f2 - - default default] Successfully bumped revision number for resource 14988ccc-2514-44a4-b57d-00ffcb04c52f (type: security_group_rules) to 0
2026-03-18 12:56:55.629 7 INFO neutron.db.ovn_revision_numbers_db [None req-c78765c3-60bb-4df6-8988-3d1d53e0d55d cad05f57f3fc43489bd8d68cce3a279c 2b4eb7c341da402bad4241ff53eae7f2 - - default default] Successfully bumped revision number for resource 265b32ed-a1e1-4a50-8612-2cf2319bb308 (type: security_group_rules) to 0
2026-03-18 12:56:55.642 7 INFO neutron.db.ovn_revision_numbers_db [None req-c78765c3-60bb-4df6-8988-3d1d53e0d55d cad05f57f3fc43489bd8d68cce3a279c 2b4eb7c341da402bad4241ff53eae7f2 - - default default] Successfully bumped revision number for resource 42e35c0a-7b0b-4f53-9719-713dadc6f139 (type: security_group_rules) to 0
2026-03-18 12:56:55.657 7 INFO neutron.db.ovn_revision_numbers_db [None req-c78765c3-60bb-4df6-8988-3d1d53e0d55d cad05f57f3fc43489bd8d68cce3a279c 2b4eb7c341da402bad4241ff53eae7f2 - - default default] Successfully bumped revision number for resource d30a5426-01b5-4b90-a415-4f29abf34c47 (type: security_group_rules) to 0
2026-03-18 12:56:55.734 7 INFO neutron.db.segments_db [None req-c78765c3-60bb-4df6-8988-3d1d53e0d55d cad05f57f3fc43489bd8d68cce3a279c 2b4eb7c341da402bad4241ff53eae7f2 - - default default] Added segment 61cc3953-7474-4b17-b47f-d2a34e318535 of type geneve for network 2ae9ebe6-b676-46e6-a416-5747efe46d02
2026-03-18 12:56:55.862 7 INFO neutron.db.ovn_revision_numbers_db [None req-c78765c3-60bb-4df6-8988-3d1d53e0d55d cad05f57f3fc43489bd8d68cce3a279c 2b4eb7c341da402bad4241ff53eae7f2 - - default default] Successfully bumped revision number for resource 2ae9ebe6-b676-46e6-a416-5747efe46d02 (type: networks) to 1
2026-03-18 12:56:56.071 7 WARNING neutron.scheduler.dhcp_agent_scheduler [None req-c78765c3-60bb-4df6-8988-3d1d53e0d55d cad05f57f3fc43489bd8d68cce3a279c 2b4eb7c341da402bad4241ff53eae7f2 - - default default] No more DHCP agents
2026-03-18 12:56:56.072 7 WARNING neutron.api.rpc.agentnotifiers.dhcp_rpc_agent_api [None req-c78765c3-60bb-4df6-8988-3d1d53e0d55d cad05f57f3fc43489bd8d68cce3a279c 2b4eb7c341da402bad4241ff53eae7f2 - - default default] Unable to schedule network 2ae9ebe6-b676-46e6-a416-5747efe46d02: no agents available; will retry on subsequent port and subnet creation events.
2026-03-18 12:56:56.189 8 INFO neutron.plugins.ml2.drivers.ovn.mech_driver.mech_driver [None req-f47b499d-dc70-41cd-853d-42e7d7dfc3e0 - - - - - -] OVN reports status down for port: 2d5bc567-860c-4b8f-8a4d-ed218f451a0e
2026-03-18 12:56:56.192 7 INFO neutron.db.ovn_revision_numbers_db [None req-c78765c3-60bb-4df6-8988-3d1d53e0d55d cad05f57f3fc43489bd8d68cce3a279c 2b4eb7c341da402bad4241ff53eae7f2 - - default default] Successfully bumped revision number for resource 2d5bc567-860c-4b8f-8a4d-ed218f451a0e (type: ports) to 1 [pid: 7|app: 0|req: 945/1621] 10.0.0.54 () {34 vars in 670 bytes} [Wed Mar 18 12:56:55 2026] POST /v2.0/networks => generated 748 bytes in 892 msecs (HTTP/1.1 201) 4 headers in 162 bytes (1 switches on core 0) [pid: 7|app: 0|req: 946/1622] 10.0.0.124 () {34 vars in 990 bytes} [Wed Mar 18 12:56:56 2026] GET /v2.0/ports?device_id=e0a65900-ff6a-481f-9a0b-ea19e72ebfcd => generated 971 bytes in 82 msecs (HTTP/1.1 200) 4 headers in 157 bytes (1 switches on core 0)
2026-03-18 12:56:56.348 8 INFO neutron.db.ovn_revision_numbers_db [None req-9dae9e32-19a2-4100-af27-1c21f0fda727 8e1bc9e04ba749b8ada07098edd38157 754933b24bf449cf9047aa4f3c0dc99d - - default default] Successfully bumped revision number for resource 2f70d02d-8ce3-45f0-8237-558b0aa5f793 (type: floatingips) to 1
2026-03-18 12:56:56.350 8 INFO neutron.db.l3_db [None req-9dae9e32-19a2-4100-af27-1c21f0fda727 8e1bc9e04ba749b8ada07098edd38157 754933b24bf449cf9047aa4f3c0dc99d - - default default] Floating IP 2f70d02d-8ce3-45f0-8237-558b0aa5f793 associated. External IP: 10.96.250.209, port: 5c3627b0-42ed-4d48-87cb-9fdc968e3c8c. [pid: 8|app: 0|req: 677/1623] 10.0.0.54 () {34 vars in 676 bytes} [Wed Mar 18 12:56:54 2026] POST /v2.0/floatingips => generated 855 bytes in 1489 msecs (HTTP/1.1 201) 4 headers in 162 bytes (1 switches on core 0) /var/lib/openstack/lib/python3.12/site-packages/pycadf/identifier.py:70: UserWarning: Invalid uuid: neutron. To ensure interoperability, identifiers should be a valid uuid. warnings.warn(('Invalid uuid: %s. To ensure interoperability, '
2026-03-18 12:56:56.448 8 INFO neutron.notifiers.nova [-] Nova event matching ['req-5e762699-6118-4a59-8b63-13ce53665dd6'] response: {'name': 'network-changed', 'server_uuid': '4672a872-ec21-4944-b319-617710e87647', 'tag': '5c3627b0-42ed-4d48-87cb-9fdc968e3c8c', 'status': 'completed', 'code': 200} [pid: 8|app: 0|req: 678/1624] 10.0.0.124 () {34 vars in 1040 bytes} [Wed Mar 18 12:56:56 2026] GET /v2.0/security-groups?id=fb962b48-9787-408f-b045-eb9f8fea0bb3&fields=id&fields=name => generated 88 bytes in 55 msecs (HTTP/1.1 200) 4 headers in 156 bytes (1 switches on core 0)
2026-03-18 12:56:56.468 7 WARNING neutron.scheduler.dhcp_agent_scheduler [None req-ef1358a3-4e26-42b6-8988-fbe7ad291bd0 cad05f57f3fc43489bd8d68cce3a279c 2b4eb7c341da402bad4241ff53eae7f2 - - default default] No more DHCP agents
2026-03-18 12:56:56.473 7 WARNING neutron.api.rpc.agentnotifiers.dhcp_rpc_agent_api [None req-ef1358a3-4e26-42b6-8988-fbe7ad291bd0 cad05f57f3fc43489bd8d68cce3a279c 2b4eb7c341da402bad4241ff53eae7f2 - - default default] Unable to schedule network 2ae9ebe6-b676-46e6-a416-5747efe46d02: no agents available; will retry on subsequent port and subnet creation events. [pid: 8|app: 0|req: 679/1625] 10.0.0.54 () {32 vars in 728 bytes} [Wed Mar 18 12:56:56 2026] GET /v2.0/floatingips/2f70d02d-8ce3-45f0-8237-558b0aa5f793 => generated 857 bytes in 57 msecs (HTTP/1.1 200) 4 headers in 157 bytes (1 switches on core 0)
2026-03-18 12:56:56.959 7 INFO neutron.db.ovn_revision_numbers_db [None req-86eb3ba8-89a4-45c0-8dc0-ec2b907e3eee - - - - - -] Successfully bumped revision number for resource 2d5bc567-860c-4b8f-8a4d-ed218f451a0e (type: ports) to 2
2026-03-18 12:56:56.991 7 INFO neutron.db.ovn_revision_numbers_db [None req-86eb3ba8-89a4-45c0-8dc0-ec2b907e3eee - - - - - -] Successfully bumped revision number for resource c8f2c5af-7dc4-4b1f-bb26-fe7b4272c2d8 (type: subnets) to 0 [pid: 8|app: 0|req: 680/1626] 199.204.45.235 () {34 vars in 1080 bytes} [Wed Mar 18 12:56:56 2026] GET /v2.0/ports?tenant_id=754933b24bf449cf9047aa4f3c0dc99d&device_id=4672a872-ec21-4944-b319-617710e87647 => generated 1209 bytes in 49 msecs (HTTP/1.1 200) 4 headers in 158 bytes (1 switches on core 0) [pid: 7|app: 0|req: 947/1627] 10.0.0.54 () {34 vars in 668 bytes} [Wed Mar 18 12:56:56 2026] POST /v2.0/subnets => generated 692 bytes in 707 msecs (HTTP/1.1 201) 4 headers in 162 bytes (1 switches on core 0) [pid: 7|app: 0|req: 948/1628] 199.204.45.235 () {34 vars in 986 bytes} [Wed Mar 18 12:56:57 2026] GET /v2.0/networks?id=ea0b5194-dfb4-4670-9be8-bc54da0e2d57 => generated 760 bytes in 40 msecs (HTTP/1.1 200) 4 headers in 157 bytes (1 switches on core 0)
2026-03-18 12:56:57.115 8 INFO neutron.plugins.ml2.drivers.ovn.mech_driver.mech_driver [None req-f47b499d-dc70-41cd-853d-42e7d7dfc3e0 - - - - - -] OVN reports status down for port: 85df0fe9-a454-4415-8844-666443b56e3b
2026-03-18 12:56:57.482 8 INFO neutron.db.ovn_revision_numbers_db [None req-f0a3abf0-59e0-4160-acf9-7bef2050f4cc f1ee3e517932466b9357fceab1a0dfff 1458f5270a684ac2ad213c81b718c271 - - default default] Successfully bumped revision number for resource 4c3c840a-238f-43f4-bcd5-ba6644f3e6f8 (type: security_groups) to 1
2026-03-18 12:56:57.509 8 INFO neutron.db.ovn_revision_numbers_db [None req-f0a3abf0-59e0-4160-acf9-7bef2050f4cc f1ee3e517932466b9357fceab1a0dfff 1458f5270a684ac2ad213c81b718c271 - - default default] Successfully bumped revision number for resource 0adf83e5-8cf0-4963-8b8e-3082c1240720 (type: security_group_rules) to 0
2026-03-18 12:56:57.541 8 INFO neutron.db.ovn_revision_numbers_db [None req-f0a3abf0-59e0-4160-acf9-7bef2050f4cc f1ee3e517932466b9357fceab1a0dfff 1458f5270a684ac2ad213c81b718c271 - - default default] Successfully bumped revision number for resource 779553b6-2a74-449b-824d-b495bfe7768f (type: security_group_rules) to 0
2026-03-18 12:56:57.567 8 INFO neutron.db.ovn_revision_numbers_db [None req-f0a3abf0-59e0-4160-acf9-7bef2050f4cc f1ee3e517932466b9357fceab1a0dfff 1458f5270a684ac2ad213c81b718c271 - - default default] Successfully bumped revision number for resource c0226f2d-ef77-4e65-9ce8-4e8fd0fd7e2e (type: security_group_rules) to 0
2026-03-18 12:56:57.588 8 INFO neutron.db.ovn_revision_numbers_db [None req-f0a3abf0-59e0-4160-acf9-7bef2050f4cc f1ee3e517932466b9357fceab1a0dfff 1458f5270a684ac2ad213c81b718c271 - - default default] Successfully bumped revision number for resource f3f451da-f29a-422e-ad06-d04134c986ff (type: security_group_rules) to 0
2026-03-18 12:56:57.593 7 WARNING neutron.scheduler.dhcp_agent_scheduler [None req-81d0a456-55a1-496b-90a1-52b1f1078319 cad05f57f3fc43489bd8d68cce3a279c 2b4eb7c341da402bad4241ff53eae7f2 - - default default] No more DHCP agents
2026-03-18 12:56:57.594 7 WARNING neutron.api.rpc.agentnotifiers.dhcp_rpc_agent_api [None req-81d0a456-55a1-496b-90a1-52b1f1078319 cad05f57f3fc43489bd8d68cce3a279c 2b4eb7c341da402bad4241ff53eae7f2 - - default default] Unable to schedule network 61c50dfa-0d62-4cdf-9b06-be980a9ebd6e: no agents available; will retry on subsequent port and subnet creation events.
2026-03-18 12:56:57.600 8 INFO neutron.db.ovn_revision_numbers_db [None req-f47b499d-dc70-41cd-853d-42e7d7dfc3e0 - - - - - -] Successfully bumped revision number for resource 85df0fe9-a454-4415-8844-666443b56e3b (type: ports) to 6
2026-03-18 12:56:57.693 8 INFO neutron.db.segments_db [None req-f0a3abf0-59e0-4160-acf9-7bef2050f4cc f1ee3e517932466b9357fceab1a0dfff 1458f5270a684ac2ad213c81b718c271 - - default default] Added segment 90d4a1a1-b0e1-4f20-8fa7-1116a202030a of type geneve for network 4fc7b7d5-607c-4b28-9692-b17407c9e068
2026-03-18 12:56:57.816 7 INFO neutron.db.ovn_revision_numbers_db [None req-81d0a456-55a1-496b-90a1-52b1f1078319 cad05f57f3fc43489bd8d68cce3a279c 2b4eb7c341da402bad4241ff53eae7f2 - - default default] Successfully bumped revision number for resource 20495b0a-b297-47b4-8722-1f4ed99f8237 (type: ports) to 1
2026-03-18 12:56:57.819 8 INFO neutron.plugins.ml2.drivers.ovn.mech_driver.mech_driver [None req-d86c73e8-3208-4409-ae65-340abc94a556 - - - - - -] OVN reports status down for port: 20495b0a-b297-47b4-8722-1f4ed99f8237
2026-03-18 12:56:57.978 8 INFO neutron.db.ovn_revision_numbers_db [None req-f0a3abf0-59e0-4160-acf9-7bef2050f4cc f1ee3e517932466b9357fceab1a0dfff 1458f5270a684ac2ad213c81b718c271 - - default default] Successfully bumped revision number for resource 4fc7b7d5-607c-4b28-9692-b17407c9e068 (type: networks) to 1
2026-03-18 12:56:58.171 8 WARNING neutron.scheduler.dhcp_agent_scheduler [None req-f0a3abf0-59e0-4160-acf9-7bef2050f4cc f1ee3e517932466b9357fceab1a0dfff 1458f5270a684ac2ad213c81b718c271 - - default default] No more DHCP agents
2026-03-18 12:56:58.172 8 WARNING neutron.api.rpc.agentnotifiers.dhcp_rpc_agent_api [None req-f0a3abf0-59e0-4160-acf9-7bef2050f4cc f1ee3e517932466b9357fceab1a0dfff 1458f5270a684ac2ad213c81b718c271 - - default default] Unable to schedule network 4fc7b7d5-607c-4b28-9692-b17407c9e068: no agents available; will retry on subsequent port and subnet creation events.
2026-03-18 12:56:58.238 8 INFO neutron.plugins.ml2.drivers.ovn.mech_driver.mech_driver [None req-d86c73e8-3208-4409-ae65-340abc94a556 - - - - - -] OVN reports status down for port: 5704fba1-5cfb-49d2-9b0d-96ce194c07e5
2026-03-18 12:56:58.337 8 INFO neutron.db.ovn_revision_numbers_db [None req-f0a3abf0-59e0-4160-acf9-7bef2050f4cc f1ee3e517932466b9357fceab1a0dfff 1458f5270a684ac2ad213c81b718c271 - - default default] Successfully bumped revision number for resource 5704fba1-5cfb-49d2-9b0d-96ce194c07e5 (type: ports) to 1 [pid: 8|app: 0|req: 681/1629] 10.0.0.54 () {34 vars in 669 bytes} [Wed Mar 18 12:56:57 2026] POST /v2.0/networks => generated 633 bytes in 1369 msecs (HTTP/1.1 201) 4 headers in 162 bytes (1 switches on core 0) /var/lib/openstack/lib/python3.12/site-packages/pycadf/identifier.py:70: UserWarning: Invalid uuid: neutron. To ensure interoperability, identifiers should be a valid uuid. warnings.warn(('Invalid uuid: %s. To ensure interoperability, ' [pid: 8|app: 0|req: 682/1630] 199.204.45.235 () {34 vars in 1058 bytes} [Wed Mar 18 12:56:58 2026] GET /v2.0/floatingips?fixed_ip_address=10.100.0.7&port_id=5c3627b0-42ed-4d48-87cb-9fdc968e3c8c => generated 860 bytes in 66 msecs (HTTP/1.1 200) 4 headers in 157 bytes (1 switches on core 0)
2026-03-18 12:56:58.484 8 INFO neutron.notifiers.nova [-] Nova event matching ['req-6b3cf185-bc3a-4fde-a2fd-f902a229b56f'] response: {'server_uuid': 'e0a65900-ff6a-481f-9a0b-ea19e72ebfcd', 'name': 'network-vif-unplugged', 'status': 'completed', 'tag': '85df0fe9-a454-4415-8844-666443b56e3b', 'code': 200}
2026-03-18 12:56:58.484 8 INFO neutron.notifiers.nova [-] Nova event matching ['req-6b3cf185-bc3a-4fde-a2fd-f902a229b56f'] response: {'server_uuid': 'e0a65900-ff6a-481f-9a0b-ea19e72ebfcd', 'name': 'network-vif-unplugged', 'status': 'completed', 'tag': '85df0fe9-a454-4415-8844-666443b56e3b', 'code': 200}
2026-03-18 12:56:58.498 7 INFO neutron.plugins.ml2.drivers.ovn.mech_driver.ovsdb.commands [-] Schedule LRP lrp-20495b0a-b297-47b4-8722-1f4ed99f8237 on gateway 8d637294-b25f-4ba2-815b-7927293ee129 with priority 1
2026-03-18 12:56:58.625 8 INFO neutron.plugins.ml2.drivers.ovn.mech_driver.ovsdb.ovsdb_monitor [None req-3770b1f4-9eff-4c73-8152-06d092ab3e16 - - - - - -] Router 208b7ab6-74bb-446b-ad19-95f37c2b4073 is bound to host instance
2026-03-18 12:56:58.638 8 INFO neutron.plugins.ml2.drivers.ovn.mech_driver.mech_driver [None req-d86c73e8-3208-4409-ae65-340abc94a556 - - - - - -] OVN reports status up for port: 20495b0a-b297-47b4-8722-1f4ed99f8237
2026-03-18 12:56:58.655 7 INFO neutron.db.ovn_revision_numbers_db [None req-81d0a456-55a1-496b-90a1-52b1f1078319 cad05f57f3fc43489bd8d68cce3a279c 2b4eb7c341da402bad4241ff53eae7f2 - - default default] Successfully bumped revision number for resource 20495b0a-b297-47b4-8722-1f4ed99f8237 (type: router_ports) to 1
2026-03-18 12:56:58.706 8 INFO neutron.plugins.ml2.plugin [None req-d86c73e8-3208-4409-ae65-340abc94a556 - - - - - -] Attempt 1 to provision port 20495b0a-b297-47b4-8722-1f4ed99f8237
2026-03-18 12:56:58.728 7 INFO neutron.db.ovn_revision_numbers_db [None req-81d0a456-55a1-496b-90a1-52b1f1078319 cad05f57f3fc43489bd8d68cce3a279c 2b4eb7c341da402bad4241ff53eae7f2 - - default default] Successfully bumped revision number for resource 208b7ab6-74bb-446b-ad19-95f37c2b4073 (type: routers) to 2 [pid: 8|app: 0|req: 683/1631] 10.0.0.124 () {34 vars in 990 bytes} [Wed Mar 18 12:56:58 2026] GET /v2.0/ports?device_id=e0a65900-ff6a-481f-9a0b-ea19e72ebfcd => generated 969 bytes in 285 msecs (HTTP/1.1 200) 4 headers in 157 bytes (1 switches on core 0) [pid: 7|app: 0|req: 949/1632] 10.0.0.54 () {34 vars in 668 bytes} [Wed Mar 18 12:56:57 2026] POST /v2.0/routers => generated 970 bytes in 1691 msecs (HTTP/1.1 201) 4 headers in 162 bytes (1 switches on core 0)
2026-03-18 12:56:58.849 7 INFO neutron.db.segments_db [None req-9d4cf765-47bb-4fa0-a70b-b8d08a458444 f1ee3e517932466b9357fceab1a0dfff 1458f5270a684ac2ad213c81b718c271 - - default default] Added segment 91812514-66f7-4bef-b95c-52f1655ef824 of type geneve for network b0dfa553-1209-407a-8087-179cd64c3855 [pid: 8|app: 0|req: 684/1633] 199.204.45.235 () {34 vars in 994 bytes} [Wed Mar 18 12:56:58 2026] GET /v2.0/ports?device_id=e0a65900-ff6a-481f-9a0b-ea19e72ebfcd => generated 969 bytes in 161 msecs (HTTP/1.1 200) 4 headers in 157 bytes (1 switches on core 0) [pid: 8|app: 0|req: 685/1634] 199.204.45.235 () {34 vars in 984 bytes} [Wed Mar 18 12:56:58 2026] GET /v2.0/subnets?id=1a43e403-b4b2-4311-9ae8-5bb39d6f4d6d => generated 677 bytes in 56 msecs (HTTP/1.1 200) 4 headers in 157 bytes (1 switches on core 0)
2026-03-18 12:56:58.995 7 INFO neutron.db.ovn_revision_numbers_db [None req-9d4cf765-47bb-4fa0-a70b-b8d08a458444 f1ee3e517932466b9357fceab1a0dfff 1458f5270a684ac2ad213c81b718c271 - - default default] Successfully bumped revision number for resource b0dfa553-1209-407a-8087-179cd64c3855 (type: networks) to 1 [pid: 8|app: 0|req: 686/1635] 10.0.0.124 () {34 vars in 1040 bytes} [Wed Mar 18 12:56:58 2026] GET /v2.0/security-groups?id=fb962b48-9787-408f-b045-eb9f8fea0bb3&fields=id&fields=name => generated 88 bytes in 62 msecs (HTTP/1.1 200) 4 headers in 156 bytes (1 switches on core 0)
2026-03-18 12:56:59.192 7 WARNING neutron.scheduler.dhcp_agent_scheduler [None req-9d4cf765-47bb-4fa0-a70b-b8d08a458444 f1ee3e517932466b9357fceab1a0dfff 1458f5270a684ac2ad213c81b718c271 - - default default] No more DHCP agents
2026-03-18 12:56:59.193 7 WARNING neutron.api.rpc.agentnotifiers.dhcp_rpc_agent_api [None req-9d4cf765-47bb-4fa0-a70b-b8d08a458444 f1ee3e517932466b9357fceab1a0dfff 1458f5270a684ac2ad213c81b718c271 - - default default] Unable to schedule network b0dfa553-1209-407a-8087-179cd64c3855: no agents available; will retry on subsequent port and subnet creation events.
2026-03-18 12:56:59.300 7 INFO neutron.db.ovn_revision_numbers_db [None req-9d4cf765-47bb-4fa0-a70b-b8d08a458444 f1ee3e517932466b9357fceab1a0dfff 1458f5270a684ac2ad213c81b718c271 - - default default] Successfully bumped revision number for resource 9ffe7b51-75df-4391-b33b-09d7fdecab19 (type: ports) to 1 [pid: 7|app: 0|req: 950/1636] 10.0.0.54 () {34 vars in 669 bytes} [Wed Mar 18 12:56:58 2026] POST /v2.0/networks => generated 634 bytes in 577 msecs (HTTP/1.1 201) 4 headers in 162 bytes (1 switches on core 0)
2026-03-18 12:56:59.439 7 INFO neutron_taas.services.taas.taas_plugin [req-f918b8f3-cf8b-4366-8e62-69df01635913 req-d7cd0c7d-013e-4572-a7e9-5b08a89d3594 fe96ec0247fe4210abda3a9f3a502f7c a7de70009a7a4e599a03a8d9204148e2 - - default default] TaaS: Handle Delete Port: 85df0fe9-a454-4415-8844-666443b56e3b
2026-03-18 12:56:59.443 7 INFO neutron_taas.services.taas.tap_mirror_plugin [req-f918b8f3-cf8b-4366-8e62-69df01635913 req-d7cd0c7d-013e-4572-a7e9-5b08a89d3594 fe96ec0247fe4210abda3a9f3a502f7c a7de70009a7a4e599a03a8d9204148e2 - - default default] Tap Mirror: Handle Delete Port: 85df0fe9-a454-4415-8844-666443b56e3b [pid: 7|app: 0|req: 951/1637] 199.204.45.235 () {36 vars in 997 bytes} [Wed Mar 18 12:56:59 2026] DELETE /v2.0/ports/85df0fe9-a454-4415-8844-666443b56e3b => generated 0 bytes in 289 msecs (HTTP/1.1 204) 3 headers in 131 bytes (1 switches on core 0) [pid: 7|app: 0|req: 952/1638] 199.204.45.235 () {34 vars in 1052 bytes} [Wed Mar 18 12:56:59 2026] GET /v2.0/ports?network_id=ea0b5194-dfb4-4670-9be8-bc54da0e2d57&device_owner=network%3Adhcp => generated 12 bytes in 28 msecs (HTTP/1.1 200) 4 headers in 156 bytes (1 switches on core 0)
2026-03-18 12:56:59.649 7 INFO neutron.notifiers.nova [-] Nova event matching ['req-f270f2c0-bbe3-494e-a863-dc5f24e404b5'] response: {'server_uuid': 'e0a65900-ff6a-481f-9a0b-ea19e72ebfcd', 'name': 'network-vif-deleted', 'tag': '85df0fe9-a454-4415-8844-666443b56e3b', 'status': 'completed', 'code': 200}
2026-03-18 12:56:59.822 7 WARNING neutron.scheduler.dhcp_agent_scheduler [None req-e3381dab-ba05-4479-821c-0b9501210bff f1ee3e517932466b9357fceab1a0dfff 1458f5270a684ac2ad213c81b718c271 - - default default] No more DHCP agents
2026-03-18 12:56:59.823 7 WARNING neutron.api.rpc.agentnotifiers.dhcp_rpc_agent_api [None req-e3381dab-ba05-4479-821c-0b9501210bff f1ee3e517932466b9357fceab1a0dfff 1458f5270a684ac2ad213c81b718c271 - - default default] Unable to schedule network 4fc7b7d5-607c-4b28-9692-b17407c9e068: no agents available; will retry on subsequent port and subnet creation events.
2026-03-18 12:56:59.859 7 INFO neutron.db.ovn_revision_numbers_db [None req-e3381dab-ba05-4479-821c-0b9501210bff f1ee3e517932466b9357fceab1a0dfff 1458f5270a684ac2ad213c81b718c271 - - default default] Successfully bumped revision number for resource b6783f24-810b-4a33-8d3e-152fa2b9d05b (type: subnets) to 0 [pid: 7|app: 0|req: 953/1639] 10.0.0.54 () {34 vars in 668 bytes} [Wed Mar 18 12:56:59 2026] POST /v2.0/subnets => generated 646 bytes in 234 msecs (HTTP/1.1 201) 4 headers in 162 bytes (1 switches on core 0) [pid: 7|app: 0|req: 954/1640] 199.204.45.235 () {34 vars in 1012 bytes} [Wed Mar 18 12:56:59 2026] GET /v2.0/networks/ea0b5194-dfb4-4670-9be8-bc54da0e2d57?fields=segments => generated 14 bytes in 39 msecs (HTTP/1.1 200) 4 headers in 156 bytes (1 switches on core 0)
2026-03-18 12:56:59.950 8 WARNING neutron.scheduler.dhcp_agent_scheduler [None req-729fe5c1-5833-4a7d-92d8-94030d8e4815 cad05f57f3fc43489bd8d68cce3a279c 2b4eb7c341da402bad4241ff53eae7f2 - - default default] No more DHCP agents
2026-03-18 12:56:59.955 8 WARNING neutron.api.rpc.agentnotifiers.dhcp_rpc_agent_api [None req-729fe5c1-5833-4a7d-92d8-94030d8e4815 cad05f57f3fc43489bd8d68cce3a279c 2b4eb7c341da402bad4241ff53eae7f2 - - default default] Unable to schedule network 2ae9ebe6-b676-46e6-a416-5747efe46d02: no agents available; will retry on subsequent port and subnet creation events.
2026-03-18 12:57:00.083 7 WARNING neutron.scheduler.dhcp_agent_scheduler [None req-f1d7fdd6-4b9a-4690-b826-45011b42566d f1ee3e517932466b9357fceab1a0dfff 1458f5270a684ac2ad213c81b718c271 - - default default] No more DHCP agents
2026-03-18 12:57:00.084 7 WARNING neutron.api.rpc.agentnotifiers.dhcp_rpc_agent_api [None req-f1d7fdd6-4b9a-4690-b826-45011b42566d f1ee3e517932466b9357fceab1a0dfff 1458f5270a684ac2ad213c81b718c271 - - default default] Unable to schedule network b0dfa553-1209-407a-8087-179cd64c3855: no agents available; will retry on subsequent port and subnet creation events.
2026-03-18 12:57:00.128 7 INFO neutron.db.ovn_revision_numbers_db [None req-f1d7fdd6-4b9a-4690-b826-45011b42566d f1ee3e517932466b9357fceab1a0dfff 1458f5270a684ac2ad213c81b718c271 - - default default] Successfully bumped revision number for resource d52f811f-6f95-4d03-8824-29e4db5efbf9 (type: subnets) to 0 [pid: 7|app: 0|req: 955/1641] 10.0.0.54 () {34 vars in 668 bytes} [Wed Mar 18 12:56:59 2026] POST /v2.0/subnets => generated 655 bytes in 233 msecs (HTTP/1.1 201) 4 headers in 162 bytes (1 switches on core 0) [pid: 7|app: 0|req: 956/1642] 199.204.45.235 () {34 vars in 1112 bytes} [Wed Mar 18 12:57:00 2026] GET /v2.0/networks/ea0b5194-dfb4-4670-9be8-bc54da0e2d57?fields=provider%3Aphysical_network&fields=provider%3Anetwork_type => generated 79 bytes in 81 msecs (HTTP/1.1 200) 4 headers in 156 bytes (1 switches on core 0) [pid: 7|app: 0|req: 957/1643] 10.0.0.124 () {34 vars in 990 bytes} [Wed Mar 18 12:57:00 2026] GET /v2.0/ports?device_id=e0a65900-ff6a-481f-9a0b-ea19e72ebfcd => generated 12 bytes in 18 msecs (HTTP/1.1 200) 4 headers in 156 bytes (1 switches on core 0)
2026-03-18 12:57:00.271 8 INFO neutron.db.ovn_revision_numbers_db [None req-729fe5c1-5833-4a7d-92d8-94030d8e4815 cad05f57f3fc43489bd8d68cce3a279c 2b4eb7c341da402bad4241ff53eae7f2 - - default default] Successfully bumped revision number for resource b6172e88-3ced-462f-968d-02b2e136f20d (type: ports) to 1
2026-03-18 12:57:00.477 8 INFO neutron.db.ovn_revision_numbers_db [None req-875e65e0-b753-4079-9d71-9aa24322b9aa - - - - - -] Successfully bumped revision number for resource 20495b0a-b297-47b4-8722-1f4ed99f8237 (type: ports) to 4
2026-03-18 12:57:00.783 7 INFO neutron.db.ovn_revision_numbers_db [None req-eeffb761-a0d8-4968-a623-64427c08978b f1ee3e517932466b9357fceab1a0dfff 1458f5270a684ac2ad213c81b718c271 - - default default] Successfully bumped revision number for resource 21b6327d-76e4-49e9-8676-f1abbe281711 (type: routers) to 1 [pid: 7|app: 0|req: 958/1644] 10.0.0.54 () {34 vars in 668 bytes} [Wed Mar 18 12:57:00 2026] POST /v2.0/routers => generated 607 bytes in 560 msecs (HTTP/1.1 201) 4 headers in 162 bytes (1 switches on core 0)
2026-03-18 12:57:01.084 8 INFO neutron.db.ovn_revision_numbers_db [None req-875e65e0-b753-4079-9d71-9aa24322b9aa - - - - - -] Successfully bumped revision number for resource 20495b0a-b297-47b4-8722-1f4ed99f8237 (type: ports) to 5
2026-03-18 12:57:01.170 7 WARNING neutron.scheduler.dhcp_agent_scheduler [None req-be92dac8-d576-473f-8ba2-780f6af19ce0 f1ee3e517932466b9357fceab1a0dfff 1458f5270a684ac2ad213c81b718c271 - - default default] No more DHCP agents
2026-03-18 12:57:01.172 7 WARNING neutron.api.rpc.agentnotifiers.dhcp_rpc_agent_api [None req-be92dac8-d576-473f-8ba2-780f6af19ce0 f1ee3e517932466b9357fceab1a0dfff 1458f5270a684ac2ad213c81b718c271 - - default default] Unable to schedule network 4fc7b7d5-607c-4b28-9692-b17407c9e068: no agents available; will retry on subsequent port and subnet creation events.
2026-03-18 12:57:01.175 8 INFO neutron.plugins.ml2.drivers.ovn.mech_driver.mech_driver [None req-d86c73e8-3208-4409-ae65-340abc94a556 - - - - - -] OVN reports status down for port: 9ffe7b51-75df-4391-b33b-09d7fdecab19
2026-03-18 12:57:01.313 7 INFO neutron.db.ovn_revision_numbers_db [None req-be92dac8-d576-473f-8ba2-780f6af19ce0 f1ee3e517932466b9357fceab1a0dfff 1458f5270a684ac2ad213c81b718c271 - - default default] Successfully bumped revision number for resource 4ea9b698-a68e-4987-9af0-f1ce345ddb80 (type: ports) to 1
2026-03-18 12:57:01.437 8 INFO neutron.plugins.ml2.drivers.ovn.mech_driver.mech_driver [None req-d86c73e8-3208-4409-ae65-340abc94a556 - - - - - -] OVN reports status down for port: b6172e88-3ced-462f-968d-02b2e136f20d
2026-03-18 12:57:01.603 8 WARNING neutron.plugins.ml2.drivers.ovn.mech_driver.ovsdb.ovn_client [None req-d86c73e8-3208-4409-ae65-340abc94a556 - - - - - -] Logical_Switch_Port b6172e88-3ced-462f-968d-02b2e136f20d host information not removed, the port state is up
2026-03-18 12:57:01.603 8 INFO neutron.plugins.ml2.drivers.ovn.mech_driver.mech_driver [None req-d86c73e8-3208-4409-ae65-340abc94a556 - - - - - -] OVN reports status down for port: 4ea9b698-a68e-4987-9af0-f1ce345ddb80
2026-03-18 12:57:01.632 8 WARNING neutron.scheduler.dhcp_agent_scheduler [None req-729fe5c1-5833-4a7d-92d8-94030d8e4815 cad05f57f3fc43489bd8d68cce3a279c 2b4eb7c341da402bad4241ff53eae7f2 - - default default] No more DHCP agents
2026-03-18 12:57:01.637 8 WARNING neutron.api.rpc.agentnotifiers.dhcp_rpc_agent_api [None req-729fe5c1-5833-4a7d-92d8-94030d8e4815 cad05f57f3fc43489bd8d68cce3a279c 2b4eb7c341da402bad4241ff53eae7f2 - - default default] Unable to schedule network 2ae9ebe6-b676-46e6-a416-5747efe46d02: no agents available; will retry on subsequent port and subnet creation events.
2026-03-18 12:57:01.761 8 INFO neutron.plugins.ml2.drivers.ovn.mech_driver.mech_driver [None req-d86c73e8-3208-4409-ae65-340abc94a556 - - - - - -] OVN reports status up for port: b6172e88-3ced-462f-968d-02b2e136f20d
2026-03-18 12:57:01.782 8 INFO neutron.plugins.ml2.plugin [None req-d86c73e8-3208-4409-ae65-340abc94a556 - - - - - -] Attempt 1 to provision port b6172e88-3ced-462f-968d-02b2e136f20d
2026-03-18 12:57:01.984 7 WARNING neutron.scheduler.dhcp_agent_scheduler [None req-be92dac8-d576-473f-8ba2-780f6af19ce0 f1ee3e517932466b9357fceab1a0dfff 1458f5270a684ac2ad213c81b718c271 - - default default] No more DHCP agents
2026-03-18 12:57:01.986 7 WARNING neutron.api.rpc.agentnotifiers.dhcp_rpc_agent_api [None req-be92dac8-d576-473f-8ba2-780f6af19ce0 f1ee3e517932466b9357fceab1a0dfff 1458f5270a684ac2ad213c81b718c271 - - default default] Unable to schedule network 4fc7b7d5-607c-4b28-9692-b17407c9e068: no agents available; will retry on subsequent port and subnet creation events.
2026-03-18 12:57:02.192 7 INFO neutron.db.ovn_revision_numbers_db [None req-be92dac8-d576-473f-8ba2-780f6af19ce0 f1ee3e517932466b9357fceab1a0dfff 1458f5270a684ac2ad213c81b718c271 - - default default] Successfully bumped revision number for resource 4ea9b698-a68e-4987-9af0-f1ce345ddb80 (type: router_ports) to 1 [pid: 7|app: 0|req: 959/1645] 10.0.0.54 () {34 vars in 782 bytes} [Wed Mar 18 12:57:00 2026] PUT /v2.0/routers/21b6327d-76e4-49e9-8676-f1abbe281711/add_router_interface => generated 309 bytes in 1386 msecs (HTTP/1.1 200) 4 headers in 157 bytes (1 switches on core 0) [pid: 7|app: 0|req: 960/1646] 10.0.0.124 () {34 vars in 990 bytes} [Wed Mar 18 12:57:02 2026] GET /v2.0/ports?device_id=e0a65900-ff6a-481f-9a0b-ea19e72ebfcd => generated 12 bytes in 16 msecs (HTTP/1.1 200) 4 headers in 156 bytes (1 switches on core 0) [pid: 7|app: 0|req: 961/1647] 10.0.0.54 () {32 vars in 716 bytes} [Wed Mar 18 12:57:02 2026] GET /v2.0/ports/4ea9b698-a68e-4987-9af0-f1ce345ddb80 => generated 945 bytes in 27 msecs (HTTP/1.1 200) 4 headers in 157 bytes (1 switches on core 0)
2026-03-18 12:57:02.720 8 INFO neutron.db.ovn_revision_numbers_db [None req-729fe5c1-5833-4a7d-92d8-94030d8e4815 cad05f57f3fc43489bd8d68cce3a279c 2b4eb7c341da402bad4241ff53eae7f2 - - default default] Successfully bumped revision number for resource b6172e88-3ced-462f-968d-02b2e136f20d (type: router_ports) to 1 [pid: 8|app: 0|req: 687/1648] 10.0.0.54 () {34 vars in 782 bytes} [Wed Mar 18 12:56:59 2026] PUT /v2.0/routers/208b7ab6-74bb-446b-ad19-95f37c2b4073/add_router_interface => generated 309 bytes in 3727 msecs (HTTP/1.1 200) 4 headers in 157 bytes (1 switches on core 0)
2026-03-18 12:57:02.752 7 WARNING neutron.scheduler.dhcp_agent_scheduler [None req-325f0a8d-8b67-4697-a18e-6415768174ef f1ee3e517932466b9357fceab1a0dfff 1458f5270a684ac2ad213c81b718c271 - - default default] No more DHCP agents
2026-03-18 12:57:02.753 7 WARNING neutron.api.rpc.agentnotifiers.dhcp_rpc_agent_api [None req-325f0a8d-8b67-4697-a18e-6415768174ef f1ee3e517932466b9357fceab1a0dfff 1458f5270a684ac2ad213c81b718c271 - - default default] Unable to schedule network b0dfa553-1209-407a-8087-179cd64c3855: no agents available; will retry on subsequent port and subnet creation events.
2026-03-18 12:57:02.808 8 INFO neutron.db.ovn_revision_numbers_db [None req-d86c73e8-3208-4409-ae65-340abc94a556 - - - - - -] Successfully bumped revision number for resource b6172e88-3ced-462f-968d-02b2e136f20d (type: ports) to 2
2026-03-18 12:57:02.868 7 INFO neutron.db.ovn_revision_numbers_db [None req-325f0a8d-8b67-4697-a18e-6415768174ef f1ee3e517932466b9357fceab1a0dfff 1458f5270a684ac2ad213c81b718c271 - - default default] Successfully bumped revision number for resource 7dd70daa-ced6-41d2-b75b-d2bfca35d6ee (type: ports) to 1 [pid: 8|app: 0|req: 688/1649] 10.0.0.190 () {34 vars in 990 bytes} [Wed Mar 18 12:57:02 2026] GET /v2.0/ports?device_id=4672a872-ec21-4944-b319-617710e87647 => generated 1209 bytes in 39 msecs (HTTP/1.1 200) 4 headers in 158 bytes (1 switches on core 0) [pid: 8|app: 0|req: 689/1650] 10.0.0.190 () {34 vars in 1040 bytes} [Wed Mar 18 12:57:02 2026] GET /v2.0/security-groups?id=859d687c-095c-4a11-b86b-790ebda738f7&fields=id&fields=name => generated 113 bytes in 28 msecs (HTTP/1.1 200) 4 headers in 157 bytes (1 switches on core 0)
2026-03-18 12:57:03.435 7 WARNING neutron.scheduler.dhcp_agent_scheduler [None req-325f0a8d-8b67-4697-a18e-6415768174ef f1ee3e517932466b9357fceab1a0dfff 1458f5270a684ac2ad213c81b718c271 - - default default] No more DHCP agents
