Mar 30 14:08:34.749972 np0000161229 systemd[1]: Starting devstack@n-api-meta.service - Devstack devstack@n-api-meta.service...
Mar 30 14:08:34.756814 np0000161229 devstack@n-api-meta.service[107569]: [uWSGI] getting INI configuration from /etc/nova/nova-metadata-uwsgi.ini
Mar 30 14:08:34.757381 np0000161229 devstack@n-api-meta.service[107569]: open("./http_plugin.so"): No such file or directory [core/utils.c line 3709]
Mar 30 14:08:34.757381 np0000161229 devstack@n-api-meta.service[107569]: !!! UNABLE to load uWSGI plugin: ./http_plugin.so: cannot open shared object file: No such file or directory !!!
Mar 30 14:08:34.757381 np0000161229 devstack@n-api-meta.service[107569]: open("./python3_plugin.so"): No such file or directory [core/utils.c line 3709]
Mar 30 14:08:34.757381 np0000161229 devstack@n-api-meta.service[107569]: !!! UNABLE to load uWSGI plugin: ./python3_plugin.so: cannot open shared object file: No such file or directory !!!
Mar 30 14:08:34.757381 np0000161229 devstack@n-api-meta.service[107569]: *** Starting uWSGI 2.0.31 (64bit) on [Mon Mar 30 14:08:34 2026] ***
Mar 30 14:08:34.757381 np0000161229 devstack@n-api-meta.service[107569]: compiled with version: 13.3.0 on 30 March 2026 13:58:37
Mar 30 14:08:34.757381 np0000161229 devstack@n-api-meta.service[107569]: os: Linux-6.8.0-106-generic #106-Ubuntu SMP PREEMPT_DYNAMIC Fri Mar 6 07:58:08 UTC 2026
Mar 30 14:08:34.757381 np0000161229 devstack@n-api-meta.service[107569]: nodename: np0000161229
Mar 30 14:08:34.757381 np0000161229 devstack@n-api-meta.service[107569]: machine: x86_64
Mar 30 14:08:34.757381 np0000161229 devstack@n-api-meta.service[107569]: clock source: unix
Mar 30 14:08:34.757381 np0000161229 devstack@n-api-meta.service[107569]: pcre jit disabled
Mar 30 14:08:34.757381 np0000161229 devstack@n-api-meta.service[107569]: detected number of CPU cores: 16
Mar 30 14:08:34.757381 np0000161229 devstack@n-api-meta.service[107569]: current working directory: /
Mar 30 14:08:34.757381 np0000161229 devstack@n-api-meta.service[107569]: detected binary path: /opt/stack/data/venv/bin/uwsgi
Mar 30 14:08:34.757381 np0000161229 devstack@n-api-meta.service[107569]: your processes number limit is 256917
Mar 30 14:08:34.757381 np0000161229 devstack@n-api-meta.service[107569]: your memory page size is 4096 bytes
Mar 30 14:08:34.757381 np0000161229 devstack@n-api-meta.service[107569]: detected max file descriptor number: 2048
Mar 30 14:08:34.757381 np0000161229 devstack@n-api-meta.service[107569]: lock engine: pthread robust mutexes
Mar 30 14:08:34.757381 np0000161229 devstack@n-api-meta.service[107569]: thunder lock: enabled
Mar 30 14:08:34.758305 np0000161229 devstack@n-api-meta.service[107569]: uWSGI http bound on 0.0.0.0:8775 fd 5
Mar 30 14:08:34.758305 np0000161229 devstack@n-api-meta.service[107569]: uwsgi socket 0 bound to TCP address 127.0.0.1:41613 (port auto-assigned) fd 4
Mar 30 14:08:34.758305 np0000161229 devstack@n-api-meta.service[107569]: Python version: 3.12.3 (main, Mar 3 2026, 12:15:18) [GCC 13.3.0]
Mar 30 14:08:34.758305 np0000161229 devstack@n-api-meta.service[107569]: PEP 405 virtualenv detected: /opt/stack/data/venv
Mar 30 14:08:34.758305 np0000161229 devstack@n-api-meta.service[107569]: Set PythonHome to /opt/stack/data/venv
Mar 30 14:08:34.791797 np0000161229 devstack@n-api-meta.service[107569]: Python main interpreter initialized at 0x7734e94a3668
Mar 30 14:08:34.791797 np0000161229 devstack@n-api-meta.service[107569]: python threads support enabled
Mar 30 14:08:34.791797 np0000161229 devstack@n-api-meta.service[107569]: your server socket listen backlog is limited to 100 connections
Mar 30 14:08:34.791797 np0000161229 devstack@n-api-meta.service[107569]: your mercy for graceful operations on workers is 80 seconds
Mar 30 14:08:34.792327 np0000161229 devstack@n-api-meta.service[107569]: mapped 671795 bytes (656 KB) for 4 cores
Mar 30 14:08:34.792504 np0000161229 devstack@n-api-meta.service[107569]: *** Operational MODE: preforking ***
Mar 30 14:08:34.792723 np0000161229 devstack@n-api-meta.service[107569]: *** uWSGI is running in multiple interpreter mode ***
Mar 30 14:08:34.792723 np0000161229 devstack@n-api-meta.service[107569]: spawned uWSGI master process (pid: 107569)
Mar 30 14:08:34.793034 np0000161229 systemd[1]: Started devstack@n-api-meta.service - Devstack devstack@n-api-meta.service.
Mar 30 14:08:34.793491 np0000161229 devstack@n-api-meta.service[107569]: spawned uWSGI worker 1 (pid: 107570, cores: 1)
Mar 30 14:08:34.794109 np0000161229 devstack@n-api-meta.service[107569]: spawned uWSGI worker 2 (pid: 107571, cores: 1)
Mar 30 14:08:34.794554 np0000161229 devstack@n-api-meta.service[107569]: spawned uWSGI worker 3 (pid: 107572, cores: 1)
Mar 30 14:08:34.794973 np0000161229 devstack@n-api-meta.service[107569]: spawned uWSGI worker 4 (pid: 107573, cores: 1)
Mar 30 14:08:34.795408 np0000161229 devstack@n-api-meta.service[107569]: spawned uWSGI http 1 (pid: 107574)
Mar 30 14:08:34.795408 np0000161229 devstack@n-api-meta.service[107569]: running "unix_signal:15 gracefully_kill_them_all" (master-start)...
Mar 30 14:08:35.120817 np0000161229 devstack@n-api-meta.service[107570]: Service is starting with native threading. This is currently experimental. Do not use it in production without first testing it in pre-production.
Mar 30 14:08:35.133236 np0000161229 devstack@n-api-meta.service[107572]: Service is starting with native threading. This is currently experimental. Do not use it in production without first testing it in pre-production.
Mar 30 14:08:35.138524 np0000161229 devstack@n-api-meta.service[107573]: Service is starting with native threading. This is currently experimental. Do not use it in production without first testing it in pre-production.
Mar 30 14:08:35.142586 np0000161229 devstack@n-api-meta.service[107571]: Service is starting with native threading. This is currently experimental. Do not use it in production without first testing it in pre-production.
Mar 30 14:08:36.580771 np0000161229 devstack@n-api-meta.service[107572]: INFO dbcounter [None req-89281c77-01f5-49f9-814f-4a86fcb0d4f9 None None] Registered counter for database nova_api
Mar 30 14:08:36.595677 np0000161229 devstack@n-api-meta.service[107572]: DEBUG oslo_db.sqlalchemy.engines [None req-89281c77-01f5-49f9-814f-4a86fcb0d4f9 None None] MySQL server mode set to STRICT_TRANS_TABLES,STRICT_ALL_TABLES,NO_ZERO_IN_DATE,NO_ZERO_DATE,ERROR_FOR_DIVISION_BY_ZERO,TRADITIONAL,NO_ENGINE_SUBSTITUTION {{(pid=107572) _check_effective_sql_mode /opt/stack/data/venv/lib/python3.12/site-packages/oslo_db/sqlalchemy/engines.py:325}}
Mar 30 14:08:36.599721 np0000161229 devstack@n-api-meta.service[107570]: INFO dbcounter [None req-87668d58-eda4-40df-a1a2-b61941467fbe None None] Registered counter for database nova_api
Mar 30 14:08:36.616941 np0000161229 devstack@n-api-meta.service[107570]: DEBUG oslo_db.sqlalchemy.engines [None req-87668d58-eda4-40df-a1a2-b61941467fbe None None] MySQL server mode set to STRICT_TRANS_TABLES,STRICT_ALL_TABLES,NO_ZERO_IN_DATE,NO_ZERO_DATE,ERROR_FOR_DIVISION_BY_ZERO,TRADITIONAL,NO_ENGINE_SUBSTITUTION {{(pid=107570) _check_effective_sql_mode /opt/stack/data/venv/lib/python3.12/site-packages/oslo_db/sqlalchemy/engines.py:325}}
Mar 30 14:08:36.629258 np0000161229 devstack@n-api-meta.service[107572]: DEBUG dbcounter [-] [107572] Writer thread running {{(pid=107572) stat_writer /opt/stack/data/venv/lib/python3.12/site-packages/dbcounter.py:102}}
Mar 30 14:08:36.631596 np0000161229 devstack@n-api-meta.service[107572]: DEBUG nova.context [None req-89281c77-01f5-49f9-814f-4a86fcb0d4f9 None None] Found 2 cells: 00000000-0000-0000-0000-000000000000(cell0),1c61b1fc-8a8b-4b44-bf0b-bf8c144b73f1(cell1) {{(pid=107572) load_cells /opt/stack/nova/nova/context.py:509}}
Mar 30 14:08:36.631774 np0000161229 devstack@n-api-meta.service[107572]: INFO nova.utils [None req-89281c77-01f5-49f9-814f-4a86fcb0d4f9 None None] The cell worker thread pool MainProcess.cell_worker is initialized
Mar 30 14:08:36.633510 np0000161229 devstack@n-api-meta.service[107572]: DEBUG oslo_concurrency.lockutils [None req-89281c77-01f5-49f9-814f-4a86fcb0d4f9 None None] Acquiring lock "00000000-0000-0000-0000-000000000000" by "nova.context.set_target_cell..get_or_set_cached_cell_and_set_connections" {{(pid=107572) inner /opt/stack/data/venv/lib/python3.12/site-packages/oslo_concurrency/lockutils.py:506}}
Mar 30 14:08:36.633612 np0000161229 devstack@n-api-meta.service[107572]: DEBUG oslo_concurrency.lockutils [None req-89281c77-01f5-49f9-814f-4a86fcb0d4f9 None None] Lock "00000000-0000-0000-0000-000000000000" acquired by "nova.context.set_target_cell..get_or_set_cached_cell_and_set_connections" :: waited 0.000s {{(pid=107572) inner /opt/stack/data/venv/lib/python3.12/site-packages/oslo_concurrency/lockutils.py:519}}
Mar 30 14:08:36.633997 np0000161229 devstack@n-api-meta.service[107572]: DEBUG oslo_concurrency.lockutils [None req-89281c77-01f5-49f9-814f-4a86fcb0d4f9 None None] Lock "00000000-0000-0000-0000-000000000000" "released" by "nova.context.set_target_cell..get_or_set_cached_cell_and_set_connections" :: held 0.000s {{(pid=107572) inner /opt/stack/data/venv/lib/python3.12/site-packages/oslo_concurrency/lockutils.py:538}}
Mar 30 14:08:36.634726 np0000161229 devstack@n-api-meta.service[107572]: DEBUG oslo_concurrency.lockutils [None req-89281c77-01f5-49f9-814f-4a86fcb0d4f9 None None] Acquiring lock "1c61b1fc-8a8b-4b44-bf0b-bf8c144b73f1" by "nova.context.set_target_cell..get_or_set_cached_cell_and_set_connections" {{(pid=107572) inner /opt/stack/data/venv/lib/python3.12/site-packages/oslo_concurrency/lockutils.py:506}}
Mar 30 14:08:36.634857 np0000161229 devstack@n-api-meta.service[107572]: DEBUG oslo_concurrency.lockutils [None req-89281c77-01f5-49f9-814f-4a86fcb0d4f9 None None] Lock "1c61b1fc-8a8b-4b44-bf0b-bf8c144b73f1" acquired by "nova.context.set_target_cell..get_or_set_cached_cell_and_set_connections" :: waited 0.000s {{(pid=107572) inner /opt/stack/data/venv/lib/python3.12/site-packages/oslo_concurrency/lockutils.py:519}}
Mar 30 14:08:36.635729 np0000161229 devstack@n-api-meta.service[107572]: DEBUG oslo_concurrency.lockutils [None req-89281c77-01f5-49f9-814f-4a86fcb0d4f9 None None] Lock "1c61b1fc-8a8b-4b44-bf0b-bf8c144b73f1" "released" by "nova.context.set_target_cell..get_or_set_cached_cell_and_set_connections" :: held 0.001s {{(pid=107572) inner /opt/stack/data/venv/lib/python3.12/site-packages/oslo_concurrency/lockutils.py:538}}
Mar 30 14:08:36.638940 np0000161229 devstack@n-api-meta.service[107572]: INFO dbcounter [None req-89281c77-01f5-49f9-814f-4a86fcb0d4f9 None None] Registered counter for database nova_cell0
Mar 30 14:08:36.642540 np0000161229 devstack@n-api-meta.service[107572]: INFO dbcounter [None req-89281c77-01f5-49f9-814f-4a86fcb0d4f9 None None] Registered counter for database nova_cell1
Mar 30 14:08:36.647686 np0000161229 devstack@n-api-meta.service[107571]: INFO dbcounter [None req-9b1f9d40-0329-486f-ba6c-52bf0ea222cb None None] Registered counter for database nova_api
Mar 30 14:08:36.652800 np0000161229 devstack@n-api-meta.service[107572]: DEBUG oslo_db.sqlalchemy.engines [None req-89281c77-01f5-49f9-814f-4a86fcb0d4f9 None None] MySQL server mode set to STRICT_TRANS_TABLES,STRICT_ALL_TABLES,NO_ZERO_IN_DATE,NO_ZERO_DATE,ERROR_FOR_DIVISION_BY_ZERO,TRADITIONAL,NO_ENGINE_SUBSTITUTION {{(pid=107572) _check_effective_sql_mode /opt/stack/data/venv/lib/python3.12/site-packages/oslo_db/sqlalchemy/engines.py:325}}
Mar 30 14:08:36.653829 np0000161229 devstack@n-api-meta.service[107570]: DEBUG dbcounter [-] [107570] Writer thread running {{(pid=107570) stat_writer /opt/stack/data/venv/lib/python3.12/site-packages/dbcounter.py:102}}
Mar 30 14:08:36.656641 np0000161229 devstack@n-api-meta.service[107570]: DEBUG nova.context [None req-87668d58-eda4-40df-a1a2-b61941467fbe None None] Found 2 cells: 00000000-0000-0000-0000-000000000000(cell0),1c61b1fc-8a8b-4b44-bf0b-bf8c144b73f1(cell1) {{(pid=107570) load_cells /opt/stack/nova/nova/context.py:509}}
Mar 30 14:08:36.656906 np0000161229 devstack@n-api-meta.service[107570]: INFO nova.utils [None req-87668d58-eda4-40df-a1a2-b61941467fbe None None] The cell worker thread pool MainProcess.cell_worker is initialized
Mar 30 14:08:36.659096 np0000161229 devstack@n-api-meta.service[107570]: DEBUG oslo_concurrency.lockutils [None req-87668d58-eda4-40df-a1a2-b61941467fbe None None] Acquiring lock "00000000-0000-0000-0000-000000000000" by "nova.context.set_target_cell..get_or_set_cached_cell_and_set_connections" {{(pid=107570) inner /opt/stack/data/venv/lib/python3.12/site-packages/oslo_concurrency/lockutils.py:506}}
Mar 30 14:08:36.659276 np0000161229 devstack@n-api-meta.service[107570]: DEBUG oslo_concurrency.lockutils [None req-87668d58-eda4-40df-a1a2-b61941467fbe None None] Lock "00000000-0000-0000-0000-000000000000" acquired by "nova.context.set_target_cell..get_or_set_cached_cell_and_set_connections" :: waited 0.000s {{(pid=107570) inner /opt/stack/data/venv/lib/python3.12/site-packages/oslo_concurrency/lockutils.py:519}}
Mar 30 14:08:36.659718 np0000161229 devstack@n-api-meta.service[107570]: DEBUG oslo_concurrency.lockutils [None req-87668d58-eda4-40df-a1a2-b61941467fbe None None] Lock "00000000-0000-0000-0000-000000000000" "released" by "nova.context.set_target_cell..get_or_set_cached_cell_and_set_connections" :: held 0.000s {{(pid=107570) inner /opt/stack/data/venv/lib/python3.12/site-packages/oslo_concurrency/lockutils.py:538}}
Mar 30 14:08:36.660635 np0000161229 devstack@n-api-meta.service[107570]: DEBUG oslo_concurrency.lockutils [None req-87668d58-eda4-40df-a1a2-b61941467fbe None None] Acquiring lock "1c61b1fc-8a8b-4b44-bf0b-bf8c144b73f1" by "nova.context.set_target_cell..get_or_set_cached_cell_and_set_connections" {{(pid=107570) inner /opt/stack/data/venv/lib/python3.12/site-packages/oslo_concurrency/lockutils.py:506}}
Mar 30 14:08:36.660781 np0000161229 devstack@n-api-meta.service[107570]: DEBUG oslo_concurrency.lockutils [None req-87668d58-eda4-40df-a1a2-b61941467fbe None None] Lock "1c61b1fc-8a8b-4b44-bf0b-bf8c144b73f1" acquired by "nova.context.set_target_cell..get_or_set_cached_cell_and_set_connections" :: waited 0.000s {{(pid=107570) inner /opt/stack/data/venv/lib/python3.12/site-packages/oslo_concurrency/lockutils.py:519}}
Mar 30 14:08:36.661713 np0000161229 devstack@n-api-meta.service[107570]: DEBUG oslo_concurrency.lockutils [None req-87668d58-eda4-40df-a1a2-b61941467fbe None None] Lock "1c61b1fc-8a8b-4b44-bf0b-bf8c144b73f1" "released" by "nova.context.set_target_cell..get_or_set_cached_cell_and_set_connections" :: held 0.001s {{(pid=107570) inner /opt/stack/data/venv/lib/python3.12/site-packages/oslo_concurrency/lockutils.py:538}}
Mar 30 14:08:36.662556 np0000161229 devstack@n-api-meta.service[107572]: DEBUG oslo_db.sqlalchemy.engines [None req-89281c77-01f5-49f9-814f-4a86fcb0d4f9 None None] MySQL server mode set to STRICT_TRANS_TABLES,STRICT_ALL_TABLES,NO_ZERO_IN_DATE,NO_ZERO_DATE,ERROR_FOR_DIVISION_BY_ZERO,TRADITIONAL,NO_ENGINE_SUBSTITUTION {{(pid=107572) _check_effective_sql_mode /opt/stack/data/venv/lib/python3.12/site-packages/oslo_db/sqlalchemy/engines.py:325}}
Mar 30 14:08:36.665099 np0000161229 devstack@n-api-meta.service[107571]: DEBUG oslo_db.sqlalchemy.engines [None req-9b1f9d40-0329-486f-ba6c-52bf0ea222cb None None] MySQL server mode set to STRICT_TRANS_TABLES,STRICT_ALL_TABLES,NO_ZERO_IN_DATE,NO_ZERO_DATE,ERROR_FOR_DIVISION_BY_ZERO,TRADITIONAL,NO_ENGINE_SUBSTITUTION {{(pid=107571) _check_effective_sql_mode /opt/stack/data/venv/lib/python3.12/site-packages/oslo_db/sqlalchemy/engines.py:325}}
Mar 30 14:08:36.665571 np0000161229 devstack@n-api-meta.service[107570]: INFO dbcounter [None req-87668d58-eda4-40df-a1a2-b61941467fbe None None] Registered counter for database nova_cell0
Mar 30 14:08:36.671209 np0000161229 devstack@n-api-meta.service[107570]: INFO dbcounter [None req-87668d58-eda4-40df-a1a2-b61941467fbe None None] Registered counter for database nova_cell1
Mar 30 14:08:36.682187 np0000161229 devstack@n-api-meta.service[107570]: DEBUG oslo_db.sqlalchemy.engines [None req-87668d58-eda4-40df-a1a2-b61941467fbe None None] MySQL server mode set to STRICT_TRANS_TABLES,STRICT_ALL_TABLES,NO_ZERO_IN_DATE,NO_ZERO_DATE,ERROR_FOR_DIVISION_BY_ZERO,TRADITIONAL,NO_ENGINE_SUBSTITUTION {{(pid=107570) _check_effective_sql_mode /opt/stack/data/venv/lib/python3.12/site-packages/oslo_db/sqlalchemy/engines.py:325}}
Mar 30 14:08:36.689580 np0000161229 devstack@n-api-meta.service[107570]: DEBUG oslo_db.sqlalchemy.engines [None req-87668d58-eda4-40df-a1a2-b61941467fbe None None] MySQL server mode set to STRICT_TRANS_TABLES,STRICT_ALL_TABLES,NO_ZERO_IN_DATE,NO_ZERO_DATE,ERROR_FOR_DIVISION_BY_ZERO,TRADITIONAL,NO_ENGINE_SUBSTITUTION {{(pid=107570) _check_effective_sql_mode /opt/stack/data/venv/lib/python3.12/site-packages/oslo_db/sqlalchemy/engines.py:325}}
Mar 30 14:08:36.699038 np0000161229 devstack@n-api-meta.service[107571]: DEBUG dbcounter [-] [107571] Writer thread running {{(pid=107571) stat_writer /opt/stack/data/venv/lib/python3.12/site-packages/dbcounter.py:102}}
Mar 30 14:08:36.701168 np0000161229 devstack@n-api-meta.service[107571]: DEBUG nova.context [None req-9b1f9d40-0329-486f-ba6c-52bf0ea222cb None None] Found 2 cells: 00000000-0000-0000-0000-000000000000(cell0),1c61b1fc-8a8b-4b44-bf0b-bf8c144b73f1(cell1) {{(pid=107571) load_cells /opt/stack/nova/nova/context.py:509}}
Mar 30 14:08:36.701375 np0000161229 devstack@n-api-meta.service[107571]: INFO nova.utils [None req-9b1f9d40-0329-486f-ba6c-52bf0ea222cb None None] The cell worker thread pool MainProcess.cell_worker is initialized
Mar 30 14:08:36.703141 np0000161229 devstack@n-api-meta.service[107571]: DEBUG oslo_concurrency.lockutils [None req-9b1f9d40-0329-486f-ba6c-52bf0ea222cb None None] Acquiring lock "00000000-0000-0000-0000-000000000000" by "nova.context.set_target_cell..get_or_set_cached_cell_and_set_connections" {{(pid=107571) inner /opt/stack/data/venv/lib/python3.12/site-packages/oslo_concurrency/lockutils.py:506}}
Mar 30 14:08:36.703248 np0000161229 devstack@n-api-meta.service[107571]: DEBUG oslo_concurrency.lockutils [None req-9b1f9d40-0329-486f-ba6c-52bf0ea222cb None None] Lock "00000000-0000-0000-0000-000000000000" acquired by "nova.context.set_target_cell..get_or_set_cached_cell_and_set_connections" :: waited 0.000s {{(pid=107571) inner /opt/stack/data/venv/lib/python3.12/site-packages/oslo_concurrency/lockutils.py:519}}
Mar 30 14:08:36.703623 np0000161229 devstack@n-api-meta.service[107571]: DEBUG oslo_concurrency.lockutils [None req-9b1f9d40-0329-486f-ba6c-52bf0ea222cb None None] Lock "00000000-0000-0000-0000-000000000000" "released" by "nova.context.set_target_cell..get_or_set_cached_cell_and_set_connections" :: held 0.000s {{(pid=107571) inner /opt/stack/data/venv/lib/python3.12/site-packages/oslo_concurrency/lockutils.py:538}}
Mar 30 14:08:36.704284 np0000161229 devstack@n-api-meta.service[107571]: DEBUG oslo_concurrency.lockutils [None req-9b1f9d40-0329-486f-ba6c-52bf0ea222cb None None] Acquiring lock "1c61b1fc-8a8b-4b44-bf0b-bf8c144b73f1" by "nova.context.set_target_cell..get_or_set_cached_cell_and_set_connections" {{(pid=107571) inner /opt/stack/data/venv/lib/python3.12/site-packages/oslo_concurrency/lockutils.py:506}}
Mar 30 14:08:36.704448 np0000161229 devstack@n-api-meta.service[107571]: DEBUG oslo_concurrency.lockutils [None req-9b1f9d40-0329-486f-ba6c-52bf0ea222cb None None] Lock "1c61b1fc-8a8b-4b44-bf0b-bf8c144b73f1" acquired by "nova.context.set_target_cell..get_or_set_cached_cell_and_set_connections" :: waited 0.000s {{(pid=107571) inner /opt/stack/data/venv/lib/python3.12/site-packages/oslo_concurrency/lockutils.py:519}}
Mar 30 14:08:36.705200 np0000161229 devstack@n-api-meta.service[107571]: DEBUG oslo_concurrency.lockutils [None req-9b1f9d40-0329-486f-ba6c-52bf0ea222cb None None] Lock "1c61b1fc-8a8b-4b44-bf0b-bf8c144b73f1" "released" by "nova.context.set_target_cell..get_or_set_cached_cell_and_set_connections" :: held 0.001s {{(pid=107571) inner /opt/stack/data/venv/lib/python3.12/site-packages/oslo_concurrency/lockutils.py:538}}
Mar 30 14:08:36.708136 np0000161229 devstack@n-api-meta.service[107571]: INFO dbcounter [None req-9b1f9d40-0329-486f-ba6c-52bf0ea222cb None None] Registered counter for database nova_cell0
Mar 30 14:08:36.713044 np0000161229 devstack@n-api-meta.service[107571]: INFO dbcounter [None req-9b1f9d40-0329-486f-ba6c-52bf0ea222cb None None] Registered counter for database nova_cell1
Mar 30 14:08:36.720274 np0000161229 devstack@n-api-meta.service[107571]: DEBUG oslo_db.sqlalchemy.engines [None req-9b1f9d40-0329-486f-ba6c-52bf0ea222cb None None] MySQL server mode set to STRICT_TRANS_TABLES,STRICT_ALL_TABLES,NO_ZERO_IN_DATE,NO_ZERO_DATE,ERROR_FOR_DIVISION_BY_ZERO,TRADITIONAL,NO_ENGINE_SUBSTITUTION {{(pid=107571) _check_effective_sql_mode /opt/stack/data/venv/lib/python3.12/site-packages/oslo_db/sqlalchemy/engines.py:325}}
Mar 30 14:08:36.727237 np0000161229 devstack@n-api-meta.service[107573]: INFO dbcounter [None req-7418bce8-d122-4afe-abca-74036f40ee57 None None] Registered counter for database nova_api
Mar 30 14:08:36.730842 np0000161229 devstack@n-api-meta.service[107571]: DEBUG oslo_db.sqlalchemy.engines [None req-9b1f9d40-0329-486f-ba6c-52bf0ea222cb None None] MySQL server mode set to STRICT_TRANS_TABLES,STRICT_ALL_TABLES,NO_ZERO_IN_DATE,NO_ZERO_DATE,ERROR_FOR_DIVISION_BY_ZERO,TRADITIONAL,NO_ENGINE_SUBSTITUTION {{(pid=107571) _check_effective_sql_mode /opt/stack/data/venv/lib/python3.12/site-packages/oslo_db/sqlalchemy/engines.py:325}}
Mar 30 14:08:36.747356 np0000161229 devstack@n-api-meta.service[107573]: DEBUG oslo_db.sqlalchemy.engines [None req-7418bce8-d122-4afe-abca-74036f40ee57 None None] MySQL server mode set to STRICT_TRANS_TABLES,STRICT_ALL_TABLES,NO_ZERO_IN_DATE,NO_ZERO_DATE,ERROR_FOR_DIVISION_BY_ZERO,TRADITIONAL,NO_ENGINE_SUBSTITUTION {{(pid=107573) _check_effective_sql_mode /opt/stack/data/venv/lib/python3.12/site-packages/oslo_db/sqlalchemy/engines.py:325}}
Mar 30 14:08:36.753031 np0000161229 devstack@n-api-meta.service[107572]: DEBUG dbcounter [-] [107572] Writer thread running {{(pid=107572) stat_writer /opt/stack/data/venv/lib/python3.12/site-packages/dbcounter.py:102}}
Mar 30 14:08:36.759735 np0000161229 devstack@n-api-meta.service[107572]: DEBUG dbcounter [-] [107572] Writer thread running {{(pid=107572) stat_writer /opt/stack/data/venv/lib/python3.12/site-packages/dbcounter.py:102}}
Mar 30 14:08:36.764302 np0000161229 devstack@n-api-meta.service[107572]: INFO dbcounter [None req-89281c77-01f5-49f9-814f-4a86fcb0d4f9 None None] Registered counter for database nova_cell0
Mar 30 14:08:36.776341 np0000161229 devstack@n-api-meta.service[107572]: DEBUG oslo_db.sqlalchemy.engines [None req-89281c77-01f5-49f9-814f-4a86fcb0d4f9 None None] MySQL server mode set to STRICT_TRANS_TABLES,STRICT_ALL_TABLES,NO_ZERO_IN_DATE,NO_ZERO_DATE,ERROR_FOR_DIVISION_BY_ZERO,TRADITIONAL,NO_ENGINE_SUBSTITUTION {{(pid=107572) _check_effective_sql_mode /opt/stack/data/venv/lib/python3.12/site-packages/oslo_db/sqlalchemy/engines.py:325}}
Mar 30 14:08:36.782702 np0000161229 devstack@n-api-meta.service[107573]: DEBUG dbcounter [-] [107573] Writer thread running {{(pid=107573) stat_writer /opt/stack/data/venv/lib/python3.12/site-packages/dbcounter.py:102}}
Mar 30 14:08:36.782904 np0000161229 devstack@n-api-meta.service[107570]: DEBUG dbcounter [-] [107570] Writer thread running {{(pid=107570) stat_writer /opt/stack/data/venv/lib/python3.12/site-packages/dbcounter.py:102}}
Mar 30 14:08:36.783764 np0000161229 devstack@n-api-meta.service[107572]: DEBUG dbcounter [-] [107572] Writer thread running {{(pid=107572) stat_writer /opt/stack/data/venv/lib/python3.12/site-packages/dbcounter.py:102}}
Mar 30 14:08:36.785415 np0000161229 devstack@n-api-meta.service[107573]: DEBUG nova.context [None req-7418bce8-d122-4afe-abca-74036f40ee57 None None] Found 2 cells: 00000000-0000-0000-0000-000000000000(cell0),1c61b1fc-8a8b-4b44-bf0b-bf8c144b73f1(cell1) {{(pid=107573) load_cells /opt/stack/nova/nova/context.py:509}}
Mar 30 14:08:36.785680 np0000161229 devstack@n-api-meta.service[107573]: INFO nova.utils [None req-7418bce8-d122-4afe-abca-74036f40ee57 None None] The cell worker thread pool MainProcess.cell_worker is initialized
Mar 30 14:08:36.787602 np0000161229 devstack@n-api-meta.service[107573]: DEBUG oslo_concurrency.lockutils [None req-7418bce8-d122-4afe-abca-74036f40ee57 None None] Acquiring lock "00000000-0000-0000-0000-000000000000" by "nova.context.set_target_cell..get_or_set_cached_cell_and_set_connections" {{(pid=107573) inner /opt/stack/data/venv/lib/python3.12/site-packages/oslo_concurrency/lockutils.py:506}}
Mar 30 14:08:36.787809 np0000161229 devstack@n-api-meta.service[107573]: DEBUG oslo_concurrency.lockutils [None req-7418bce8-d122-4afe-abca-74036f40ee57 None None] Lock "00000000-0000-0000-0000-000000000000" acquired by "nova.context.set_target_cell..get_or_set_cached_cell_and_set_connections" :: waited 0.000s {{(pid=107573) inner /opt/stack/data/venv/lib/python3.12/site-packages/oslo_concurrency/lockutils.py:519}}
Mar 30 14:08:36.788456 np0000161229 devstack@n-api-meta.service[107573]: DEBUG oslo_concurrency.lockutils [None req-7418bce8-d122-4afe-abca-74036f40ee57 None None] Lock "00000000-0000-0000-0000-000000000000" "released" by "nova.context.set_target_cell..get_or_set_cached_cell_and_set_connections" :: held 0.000s {{(pid=107573) inner /opt/stack/data/venv/lib/python3.12/site-packages/oslo_concurrency/lockutils.py:538}}
Mar 30 14:08:36.788664 np0000161229 devstack@n-api-meta.service[107570]: DEBUG dbcounter [-] [107570] Writer thread running {{(pid=107570) stat_writer /opt/stack/data/venv/lib/python3.12/site-packages/dbcounter.py:102}}
Mar 30 14:08:36.789520 np0000161229 devstack@n-api-meta.service[107573]: DEBUG oslo_concurrency.lockutils [None req-7418bce8-d122-4afe-abca-74036f40ee57 None None] Acquiring lock "1c61b1fc-8a8b-4b44-bf0b-bf8c144b73f1" by "nova.context.set_target_cell..get_or_set_cached_cell_and_set_connections" {{(pid=107573) inner /opt/stack/data/venv/lib/python3.12/site-packages/oslo_concurrency/lockutils.py:506}}
Mar 30 14:08:36.789718 np0000161229 devstack@n-api-meta.service[107573]: DEBUG oslo_concurrency.lockutils [None req-7418bce8-d122-4afe-abca-74036f40ee57 None None] Lock "1c61b1fc-8a8b-4b44-bf0b-bf8c144b73f1" acquired by "nova.context.set_target_cell..get_or_set_cached_cell_and_set_connections" :: waited 0.000s {{(pid=107573) inner /opt/stack/data/venv/lib/python3.12/site-packages/oslo_concurrency/lockutils.py:519}}
Mar 30 14:08:36.790903 np0000161229 devstack@n-api-meta.service[107573]: DEBUG oslo_concurrency.lockutils [None req-7418bce8-d122-4afe-abca-74036f40ee57 None None] Lock "1c61b1fc-8a8b-4b44-bf0b-bf8c144b73f1" "released" by "nova.context.set_target_cell..get_or_set_cached_cell_and_set_connections" :: held 0.001s {{(pid=107573) inner /opt/stack/data/venv/lib/python3.12/site-packages/oslo_concurrency/lockutils.py:538}}
Mar 30 14:08:36.793443 np0000161229 devstack@n-api-meta.service[107573]: INFO dbcounter [None req-7418bce8-d122-4afe-abca-74036f40ee57 None None] Registered counter for database nova_cell0
Mar 30 14:08:36.793834 np0000161229 devstack@n-api-meta.service[107570]: INFO dbcounter [None req-87668d58-eda4-40df-a1a2-b61941467fbe None None] Registered counter for database nova_cell0
Mar 30 14:08:36.798579 np0000161229 devstack@n-api-meta.service[107573]: INFO dbcounter [None req-7418bce8-d122-4afe-abca-74036f40ee57 None None] Registered counter for database nova_cell1
Mar 30 14:08:36.804373 np0000161229 devstack@n-api-meta.service[107570]: DEBUG oslo_db.sqlalchemy.engines [None req-87668d58-eda4-40df-a1a2-b61941467fbe None None] MySQL server mode set to STRICT_TRANS_TABLES,STRICT_ALL_TABLES,NO_ZERO_IN_DATE,NO_ZERO_DATE,ERROR_FOR_DIVISION_BY_ZERO,TRADITIONAL,NO_ENGINE_SUBSTITUTION {{(pid=107570) _check_effective_sql_mode /opt/stack/data/venv/lib/python3.12/site-packages/oslo_db/sqlalchemy/engines.py:325}}
Mar 30 14:08:36.810298 np0000161229 devstack@n-api-meta.service[107573]: DEBUG oslo_db.sqlalchemy.engines [None req-7418bce8-d122-4afe-abca-74036f40ee57 None None] MySQL server mode set to STRICT_TRANS_TABLES,STRICT_ALL_TABLES,NO_ZERO_IN_DATE,NO_ZERO_DATE,ERROR_FOR_DIVISION_BY_ZERO,TRADITIONAL,NO_ENGINE_SUBSTITUTION {{(pid=107573) _check_effective_sql_mode /opt/stack/data/venv/lib/python3.12/site-packages/oslo_db/sqlalchemy/engines.py:325}}
Mar 30 14:08:36.814132 np0000161229 devstack@n-api-meta.service[107570]: DEBUG dbcounter [-] [107570] Writer thread running {{(pid=107570) stat_writer /opt/stack/data/venv/lib/python3.12/site-packages/dbcounter.py:102}}
Mar 30 14:08:36.816926 np0000161229 devstack@n-api-meta.service[107573]: DEBUG oslo_db.sqlalchemy.engines [None req-7418bce8-d122-4afe-abca-74036f40ee57 None None] MySQL server mode set to STRICT_TRANS_TABLES,STRICT_ALL_TABLES,NO_ZERO_IN_DATE,NO_ZERO_DATE,ERROR_FOR_DIVISION_BY_ZERO,TRADITIONAL,NO_ENGINE_SUBSTITUTION {{(pid=107573) _check_effective_sql_mode /opt/stack/data/venv/lib/python3.12/site-packages/oslo_db/sqlalchemy/engines.py:325}}
Mar 30 14:08:36.821262 np0000161229 devstack@n-api-meta.service[107571]: DEBUG dbcounter [-] [107571] Writer thread running {{(pid=107571) stat_writer /opt/stack/data/venv/lib/python3.12/site-packages/dbcounter.py:102}}
Mar 30 14:08:36.826236 np0000161229 devstack@n-api-meta.service[107571]: DEBUG dbcounter [-] [107571] Writer thread running {{(pid=107571) stat_writer /opt/stack/data/venv/lib/python3.12/site-packages/dbcounter.py:102}}
Mar 30 14:08:36.827947 np0000161229 devstack@n-api-meta.service[107572]: WARNING nova.api.metadata.handler [None req-89281c77-01f5-49f9-814f-4a86fcb0d4f9 None None] metadata_proxy_shared_secret is not configured, the metadata information returned by the proxy cannot be trusted
Mar 30 14:08:36.830123 np0000161229 devstack@n-api-meta.service[107571]: INFO dbcounter [None req-9b1f9d40-0329-486f-ba6c-52bf0ea222cb None None] Registered counter for database nova_cell0
Mar 30 14:08:36.830198 np0000161229 devstack@n-api-meta.service[107572]: DEBUG nova.api.openstack.wsgi_app [None req-89281c77-01f5-49f9-814f-4a86fcb0d4f9 None None] ******************************************************************************** {{(pid=107572) log_opt_values /opt/stack/data/venv/lib/python3.12/site-packages/oslo_config/cfg.py:2979}}
Mar 30 14:08:36.830333 np0000161229 devstack@n-api-meta.service[107572]: DEBUG nova.api.openstack.wsgi_app [None req-89281c77-01f5-49f9-814f-4a86fcb0d4f9 None None] Configuration options gathered from: {{(pid=107572) log_opt_values /opt/stack/data/venv/lib/python3.12/site-packages/oslo_config/cfg.py:2980}}
Mar 30 14:08:36.830452 np0000161229 devstack@n-api-meta.service[107572]: DEBUG nova.api.openstack.wsgi_app [None req-89281c77-01f5-49f9-814f-4a86fcb0d4f9 None None] command line args: [] {{(pid=107572) log_opt_values /opt/stack/data/venv/lib/python3.12/site-packages/oslo_config/cfg.py:2981}}
Mar 30 14:08:36.830618 np0000161229 devstack@n-api-meta.service[107572]: DEBUG nova.api.openstack.wsgi_app [None req-89281c77-01f5-49f9-814f-4a86fcb0d4f9 None None] config files: ['/etc/nova/api-paste.ini', '/etc/nova/nova.conf'] {{(pid=107572) log_opt_values /opt/stack/data/venv/lib/python3.12/site-packages/oslo_config/cfg.py:2982}}
Mar 30 14:08:36.830714 np0000161229 devstack@n-api-meta.service[107572]: DEBUG nova.api.openstack.wsgi_app [None req-89281c77-01f5-49f9-814f-4a86fcb0d4f9 None None] ================================================================================ {{(pid=107572) log_opt_values /opt/stack/data/venv/lib/python3.12/site-packages/oslo_config/cfg.py:2987}}
Mar 30 14:08:36.830892 np0000161229 devstack@n-api-meta.service[107572]: DEBUG nova.api.openstack.wsgi_app [None req-89281c77-01f5-49f9-814f-4a86fcb0d4f9 None None] allow_resize_to_same_host = True {{(pid=107572) log_opt_values /opt/stack/data/venv/lib/python3.12/site-packages/oslo_config/cfg.py:2995}}
Mar 30 14:08:36.831025 np0000161229 devstack@n-api-meta.service[107572]: DEBUG nova.api.openstack.wsgi_app [None req-89281c77-01f5-49f9-814f-4a86fcb0d4f9 None None] arq_binding_timeout = 300 {{(pid=107572) log_opt_values /opt/stack/data/venv/lib/python3.12/site-packages/oslo_config/cfg.py:2995}}
Mar 30 14:08:36.831178 np0000161229 devstack@n-api-meta.service[107572]: DEBUG nova.api.openstack.wsgi_app [None req-89281c77-01f5-49f9-814f-4a86fcb0d4f9 None None] block_device_allocate_retries = 60 {{(pid=107572) log_opt_values /opt/stack/data/venv/lib/python3.12/site-packages/oslo_config/cfg.py:2995}}
Mar 30 14:08:36.831306 np0000161229 devstack@n-api-meta.service[107572]: DEBUG nova.api.openstack.wsgi_app [None req-89281c77-01f5-49f9-814f-4a86fcb0d4f9 None None] block_device_allocate_retries_interval = 3 {{(pid=107572) log_opt_values /opt/stack/data/venv/lib/python3.12/site-packages/oslo_config/cfg.py:2995}}
Mar 30 14:08:36.831451 np0000161229 devstack@n-api-meta.service[107572]: DEBUG nova.api.openstack.wsgi_app [None req-89281c77-01f5-49f9-814f-4a86fcb0d4f9 None None] cell_worker_thread_pool_size = 5 {{(pid=107572) log_opt_values /opt/stack/data/venv/lib/python3.12/site-packages/oslo_config/cfg.py:2995}}
Mar 30 14:08:36.831585 np0000161229 devstack@n-api-meta.service[107572]: DEBUG nova.api.openstack.wsgi_app [None req-89281c77-01f5-49f9-814f-4a86fcb0d4f9 None None] cert = self.pem {{(pid=107572) log_opt_values /opt/stack/data/venv/lib/python3.12/site-packages/oslo_config/cfg.py:2995}}
Mar 30 14:08:36.831715 np0000161229 devstack@n-api-meta.service[107572]: DEBUG nova.api.openstack.wsgi_app [None req-89281c77-01f5-49f9-814f-4a86fcb0d4f9 None None] compute_driver = libvirt.LibvirtDriver {{(pid=107572) log_opt_values /opt/stack/data/venv/lib/python3.12/site-packages/oslo_config/cfg.py:2995}}
Mar 30 14:08:36.831844 np0000161229 devstack@n-api-meta.service[107572]: DEBUG nova.api.openstack.wsgi_app [None req-89281c77-01f5-49f9-814f-4a86fcb0d4f9 None None] compute_monitors = [] {{(pid=107572) log_opt_values /opt/stack/data/venv/lib/python3.12/site-packages/oslo_config/cfg.py:2995}}
Mar 30 14:08:36.831974 np0000161229 devstack@n-api-meta.service[107572]: DEBUG nova.api.openstack.wsgi_app [None req-89281c77-01f5-49f9-814f-4a86fcb0d4f9 None None] config_dir = [] {{(pid=107572) log_opt_values /opt/stack/data/venv/lib/python3.12/site-packages/oslo_config/cfg.py:2995}}
Mar 30 14:08:36.832105 np0000161229 devstack@n-api-meta.service[107572]: DEBUG nova.api.openstack.wsgi_app [None req-89281c77-01f5-49f9-814f-4a86fcb0d4f9 None None] config_drive_format = iso9660 {{(pid=107572) log_opt_values /opt/stack/data/venv/lib/python3.12/site-packages/oslo_config/cfg.py:2995}}
Mar 30 14:08:36.832209 np0000161229 devstack@n-api-meta.service[107572]: DEBUG nova.api.openstack.wsgi_app [None req-89281c77-01f5-49f9-814f-4a86fcb0d4f9 None None] config_file = ['/etc/nova/api-paste.ini', '/etc/nova/nova.conf'] {{(pid=107572) log_opt_values /opt/stack/data/venv/lib/python3.12/site-packages/oslo_config/cfg.py:2995}}
Mar 30 14:08:36.832342 np0000161229 devstack@n-api-meta.service[107572]: DEBUG nova.api.openstack.wsgi_app [None req-89281c77-01f5-49f9-814f-4a86fcb0d4f9 None None] config_source = [] {{(pid=107572) log_opt_values /opt/stack/data/venv/lib/python3.12/site-packages/oslo_config/cfg.py:2995}}
Mar 30 14:08:36.832491 np0000161229 devstack@n-api-meta.service[107572]: DEBUG nova.api.openstack.wsgi_app [None req-89281c77-01f5-49f9-814f-4a86fcb0d4f9 None None] console_host = np0000161229 {{(pid=107572) log_opt_values /opt/stack/data/venv/lib/python3.12/site-packages/oslo_config/cfg.py:2995}}
Mar 30 14:08:36.832819 np0000161229 devstack@n-api-meta.service[107572]: DEBUG nova.api.openstack.wsgi_app [None req-89281c77-01f5-49f9-814f-4a86fcb0d4f9 None None] control_exchange = nova {{(pid=107572) log_opt_values /opt/stack/data/venv/lib/python3.12/site-packages/oslo_config/cfg.py:2995}}
Mar 30 14:08:36.832931 np0000161229 devstack@n-api-meta.service[107572]: DEBUG nova.api.openstack.wsgi_app [None req-89281c77-01f5-49f9-814f-4a86fcb0d4f9 None None] cpu_allocation_ratio = None {{(pid=107572) log_opt_values /opt/stack/data/venv/lib/python3.12/site-packages/oslo_config/cfg.py:2995}}
Mar 30 14:08:36.833054 np0000161229 devstack@n-api-meta.service[107572]: DEBUG nova.api.openstack.wsgi_app [None req-89281c77-01f5-49f9-814f-4a86fcb0d4f9 None None] daemon = False {{(pid=107572) log_opt_values /opt/stack/data/venv/lib/python3.12/site-packages/oslo_config/cfg.py:2995}}
Mar 30 14:08:36.833180 np0000161229 devstack@n-api-meta.service[107572]: DEBUG nova.api.openstack.wsgi_app [None req-89281c77-01f5-49f9-814f-4a86fcb0d4f9 None None] debug = True {{(pid=107572) log_opt_values /opt/stack/data/venv/lib/python3.12/site-packages/oslo_config/cfg.py:2995}}
Mar 30 14:08:36.833303 np0000161229 devstack@n-api-meta.service[107572]: DEBUG nova.api.openstack.wsgi_app [None req-89281c77-01f5-49f9-814f-4a86fcb0d4f9 None None] default_access_ip_network_name = None {{(pid=107572) log_opt_values /opt/stack/data/venv/lib/python3.12/site-packages/oslo_config/cfg.py:2995}}
Mar 30 14:08:36.833446 np0000161229 devstack@n-api-meta.service[107572]: DEBUG nova.api.openstack.wsgi_app [None req-89281c77-01f5-49f9-814f-4a86fcb0d4f9 None None] default_availability_zone = nova {{(pid=107572) log_opt_values /opt/stack/data/venv/lib/python3.12/site-packages/oslo_config/cfg.py:2995}}
Mar 30 14:08:36.833572 np0000161229 devstack@n-api-meta.service[107572]: DEBUG nova.api.openstack.wsgi_app [None req-89281c77-01f5-49f9-814f-4a86fcb0d4f9 None None] default_ephemeral_format = ext4 {{(pid=107572) log_opt_values /opt/stack/data/venv/lib/python3.12/site-packages/oslo_config/cfg.py:2995}}
Mar 30 14:08:36.833697 np0000161229 devstack@n-api-meta.service[107572]: DEBUG nova.api.openstack.wsgi_app [None req-89281c77-01f5-49f9-814f-4a86fcb0d4f9 None None] default_green_pool_size = 1000 {{(pid=107572) log_opt_values /opt/stack/data/venv/lib/python3.12/site-packages/oslo_config/cfg.py:2995}}
Mar 30 14:08:36.833893 np0000161229 devstack@n-api-meta.service[107572]: DEBUG nova.api.openstack.wsgi_app [None req-89281c77-01f5-49f9-814f-4a86fcb0d4f9 None None] default_log_levels = ['amqp=WARN', 'boto=WARN', 'sqlalchemy=WARN', 'suds=INFO', 'oslo.messaging=INFO', 'oslo_messaging=INFO', 'iso8601=WARN', 'requests.packages.urllib3.connectionpool=WARN', 'urllib3.connectionpool=WARN', 'websocket=WARN', 'requests.packages.urllib3.util.retry=WARN', 'urllib3.util.retry=WARN', 'keystonemiddleware=WARN', 'routes.middleware=WARN', 'stevedore=WARN', 'taskflow=WARN', 'keystoneauth=WARN', 'oslo.cache=INFO', 'oslo_policy=INFO', 'dogpile.core.dogpile=INFO', 'glanceclient=WARN', 'oslo.privsep.daemon=INFO'] {{(pid=107572) log_opt_values /opt/stack/data/venv/lib/python3.12/site-packages/oslo_config/cfg.py:2995}}
Mar 30 14:08:36.834034 np0000161229 devstack@n-api-meta.service[107572]: DEBUG nova.api.openstack.wsgi_app [None req-89281c77-01f5-49f9-814f-4a86fcb0d4f9 None None] default_schedule_zone = None {{(pid=107572) log_opt_values /opt/stack/data/venv/lib/python3.12/site-packages/oslo_config/cfg.py:2995}}
Mar 30 14:08:36.834134 np0000161229 devstack@n-api-meta.service[107572]: DEBUG nova.api.openstack.wsgi_app [None req-89281c77-01f5-49f9-814f-4a86fcb0d4f9 None None] default_thread_pool_size = 10 {{(pid=107572) log_opt_values /opt/stack/data/venv/lib/python3.12/site-packages/oslo_config/cfg.py:2995}}
Mar 30 14:08:36.834261 np0000161229 devstack@n-api-meta.service[107572]: DEBUG nova.api.openstack.wsgi_app [None req-89281c77-01f5-49f9-814f-4a86fcb0d4f9 None None] disk_allocation_ratio = None {{(pid=107572) log_opt_values /opt/stack/data/venv/lib/python3.12/site-packages/oslo_config/cfg.py:2995}}
Mar 30 14:08:36.834387 np0000161229 devstack@n-api-meta.service[107572]: DEBUG nova.api.openstack.wsgi_app [None req-89281c77-01f5-49f9-814f-4a86fcb0d4f9 None None] enable_new_services = True {{(pid=107572) log_opt_values /opt/stack/data/venv/lib/python3.12/site-packages/oslo_config/cfg.py:2995}}
Mar 30 14:08:36.834531 np0000161229 devstack@n-api-meta.service[107572]: DEBUG nova.api.openstack.wsgi_app [None req-89281c77-01f5-49f9-814f-4a86fcb0d4f9 None None] flat_injected = False {{(pid=107572) log_opt_values /opt/stack/data/venv/lib/python3.12/site-packages/oslo_config/cfg.py:2995}}
Mar 30 14:08:36.834652 np0000161229 devstack@n-api-meta.service[107572]: DEBUG nova.api.openstack.wsgi_app [None req-89281c77-01f5-49f9-814f-4a86fcb0d4f9 None None] force_config_drive = False {{(pid=107572) log_opt_values /opt/stack/data/venv/lib/python3.12/site-packages/oslo_config/cfg.py:2995}}
Mar 30 14:08:36.834774 np0000161229 devstack@n-api-meta.service[107572]: DEBUG nova.api.openstack.wsgi_app [None req-89281c77-01f5-49f9-814f-4a86fcb0d4f9 None None] force_raw_images = True {{(pid=107572) log_opt_values /opt/stack/data/venv/lib/python3.12/site-packages/oslo_config/cfg.py:2995}}
Mar 30 14:08:36.834904 np0000161229 devstack@n-api-meta.service[107572]: DEBUG nova.api.openstack.wsgi_app [None req-89281c77-01f5-49f9-814f-4a86fcb0d4f9 None None] graceful_shutdown_timeout = 5 {{(pid=107572) log_opt_values /opt/stack/data/venv/lib/python3.12/site-packages/oslo_config/cfg.py:2995}}
Mar 30 14:08:36.835030 np0000161229 devstack@n-api-meta.service[107572]: DEBUG nova.api.openstack.wsgi_app [None req-89281c77-01f5-49f9-814f-4a86fcb0d4f9 None None] heal_instance_info_cache_interval = -1 {{(pid=107572) log_opt_values /opt/stack/data/venv/lib/python3.12/site-packages/oslo_config/cfg.py:2995}}
Mar 30 14:08:36.835241 np0000161229 devstack@n-api-meta.service[107572]: DEBUG nova.api.openstack.wsgi_app [None req-89281c77-01f5-49f9-814f-4a86fcb0d4f9 None None] host = np0000161229 {{(pid=107572) log_opt_values /opt/stack/data/venv/lib/python3.12/site-packages/oslo_config/cfg.py:2995}}
Mar 30 14:08:36.835372 np0000161229 devstack@n-api-meta.service[107572]: DEBUG nova.api.openstack.wsgi_app [None req-89281c77-01f5-49f9-814f-4a86fcb0d4f9 None None] initial_cpu_allocation_ratio = 4.0 {{(pid=107572) log_opt_values /opt/stack/data/venv/lib/python3.12/site-packages/oslo_config/cfg.py:2995}}
Mar 30 14:08:36.835972 np0000161229 devstack@n-api-meta.service[107572]: DEBUG nova.api.openstack.wsgi_app [None req-89281c77-01f5-49f9-814f-4a86fcb0d4f9 None None] initial_disk_allocation_ratio = 1.0 {{(pid=107572) log_opt_values /opt/stack/data/venv/lib/python3.12/site-packages/oslo_config/cfg.py:2995}}
Mar 30 14:08:36.835972 np0000161229 devstack@n-api-meta.service[107572]: DEBUG nova.api.openstack.wsgi_app [None req-89281c77-01f5-49f9-814f-4a86fcb0d4f9 None None] initial_ram_allocation_ratio = 1.0 {{(pid=107572) log_opt_values /opt/stack/data/venv/lib/python3.12/site-packages/oslo_config/cfg.py:2995}}
Mar 30 14:08:36.835972 np0000161229 devstack@n-api-meta.service[107572]: DEBUG nova.api.openstack.wsgi_app [None req-89281c77-01f5-49f9-814f-4a86fcb0d4f9 None None] injected_network_template = /opt/stack/nova/nova/virt/interfaces.template {{(pid=107572) log_opt_values /opt/stack/data/venv/lib/python3.12/site-packages/oslo_config/cfg.py:2995}}
Mar 30 14:08:36.835972 np0000161229 devstack@n-api-meta.service[107572]: DEBUG nova.api.openstack.wsgi_app [None req-89281c77-01f5-49f9-814f-4a86fcb0d4f9 None None] instance_build_timeout = 0 {{(pid=107572) log_opt_values /opt/stack/data/venv/lib/python3.12/site-packages/oslo_config/cfg.py:2995}}
Mar 30 14:08:36.836199 np0000161229 devstack@n-api-meta.service[107572]: DEBUG nova.api.openstack.wsgi_app [None req-89281c77-01f5-49f9-814f-4a86fcb0d4f9 None None] instance_delete_interval = 300 {{(pid=107572) log_opt_values /opt/stack/data/venv/lib/python3.12/site-packages/oslo_config/cfg.py:2995}}
Mar 30 14:08:36.836199 np0000161229 devstack@n-api-meta.service[107572]: DEBUG nova.api.openstack.wsgi_app [None req-89281c77-01f5-49f9-814f-4a86fcb0d4f9 None None] instance_format = [instance: %(uuid)s] {{(pid=107572) log_opt_values /opt/stack/data/venv/lib/python3.12/site-packages/oslo_config/cfg.py:2995}}
Mar 30 14:08:36.836303 np0000161229 devstack@n-api-meta.service[107572]: DEBUG nova.api.openstack.wsgi_app [None req-89281c77-01f5-49f9-814f-4a86fcb0d4f9 None None] instance_name_template = instance-%08x {{(pid=107572) log_opt_values /opt/stack/data/venv/lib/python3.12/site-packages/oslo_config/cfg.py:2995}}
Mar 30 14:08:36.836420 np0000161229 devstack@n-api-meta.service[107572]: DEBUG nova.api.openstack.wsgi_app [None req-89281c77-01f5-49f9-814f-4a86fcb0d4f9 None None] instance_usage_audit = False {{(pid=107572) log_opt_values /opt/stack/data/venv/lib/python3.12/site-packages/oslo_config/cfg.py:2995}}
Mar 30 14:08:36.836626 np0000161229 devstack@n-api-meta.service[107572]: DEBUG nova.api.openstack.wsgi_app [None req-89281c77-01f5-49f9-814f-4a86fcb0d4f9 None None] instance_usage_audit_period = month {{(pid=107572) log_opt_values /opt/stack/data/venv/lib/python3.12/site-packages/oslo_config/cfg.py:2995}}
Mar 30 14:08:36.836753 np0000161229 devstack@n-api-meta.service[107572]: DEBUG nova.api.openstack.wsgi_app [None req-89281c77-01f5-49f9-814f-4a86fcb0d4f9 None None] instance_uuid_format = [instance: %(uuid)s] {{(pid=107572) log_opt_values /opt/stack/data/venv/lib/python3.12/site-packages/oslo_config/cfg.py:2995}}
Mar 30 14:08:36.836879 np0000161229 devstack@n-api-meta.service[107572]: DEBUG nova.api.openstack.wsgi_app [None req-89281c77-01f5-49f9-814f-4a86fcb0d4f9 None None] instances_path = /opt/stack/data/nova/instances {{(pid=107572) log_opt_values /opt/stack/data/venv/lib/python3.12/site-packages/oslo_config/cfg.py:2995}}
Mar 30 14:08:36.837006 np0000161229 devstack@n-api-meta.service[107572]: DEBUG nova.api.openstack.wsgi_app [None req-89281c77-01f5-49f9-814f-4a86fcb0d4f9 None None] internal_service_availability_zone = internal {{(pid=107572) log_opt_values /opt/stack/data/venv/lib/python3.12/site-packages/oslo_config/cfg.py:2995}}
Mar 30 14:08:36.837128 np0000161229 devstack@n-api-meta.service[107572]: DEBUG nova.api.openstack.wsgi_app [None req-89281c77-01f5-49f9-814f-4a86fcb0d4f9 None None] key = None {{(pid=107572) log_opt_values /opt/stack/data/venv/lib/python3.12/site-packages/oslo_config/cfg.py:2995}}
Mar 30 14:08:36.837254 np0000161229 devstack@n-api-meta.service[107572]: DEBUG nova.api.openstack.wsgi_app [None req-89281c77-01f5-49f9-814f-4a86fcb0d4f9 None None] live_migration_retry_count = 30 {{(pid=107572) log_opt_values /opt/stack/data/venv/lib/python3.12/site-packages/oslo_config/cfg.py:2995}}
Mar 30 14:08:36.837386 np0000161229 devstack@n-api-meta.service[107572]: DEBUG nova.api.openstack.wsgi_app [None req-89281c77-01f5-49f9-814f-4a86fcb0d4f9 None None] log_color = False {{(pid=107572) log_opt_values /opt/stack/data/venv/lib/python3.12/site-packages/oslo_config/cfg.py:2995}}
Mar 30 14:08:36.837535 np0000161229 devstack@n-api-meta.service[107572]: DEBUG nova.api.openstack.wsgi_app [None req-89281c77-01f5-49f9-814f-4a86fcb0d4f9 None None] log_config_append = None {{(pid=107572) log_opt_values /opt/stack/data/venv/lib/python3.12/site-packages/oslo_config/cfg.py:2995}}
Mar 30 14:08:36.837664 np0000161229 devstack@n-api-meta.service[107572]: DEBUG nova.api.openstack.wsgi_app [None req-89281c77-01f5-49f9-814f-4a86fcb0d4f9 None None] log_date_format = %Y-%m-%d %H:%M:%S {{(pid=107572) log_opt_values /opt/stack/data/venv/lib/python3.12/site-packages/oslo_config/cfg.py:2995}}
Mar 30 14:08:36.837789 np0000161229 devstack@n-api-meta.service[107572]: DEBUG nova.api.openstack.wsgi_app [None req-89281c77-01f5-49f9-814f-4a86fcb0d4f9 None None] log_dir = None {{(pid=107572) log_opt_values /opt/stack/data/venv/lib/python3.12/site-packages/oslo_config/cfg.py:2995}}
Mar 30 14:08:36.837911 np0000161229 devstack@n-api-meta.service[107572]: DEBUG nova.api.openstack.wsgi_app [None req-89281c77-01f5-49f9-814f-4a86fcb0d4f9 None None] log_file = None {{(pid=107572) log_opt_values /opt/stack/data/venv/lib/python3.12/site-packages/oslo_config/cfg.py:2995}}
Mar 30 14:08:36.838010 np0000161229 devstack@n-api-meta.service[107572]: DEBUG nova.api.openstack.wsgi_app [None req-89281c77-01f5-49f9-814f-4a86fcb0d4f9 None None] log_options = True {{(pid=107572) log_opt_values /opt/stack/data/venv/lib/python3.12/site-packages/oslo_config/cfg.py:2995}}
Mar 30 14:08:36.838135 np0000161229 devstack@n-api-meta.service[107572]: DEBUG nova.api.openstack.wsgi_app [None req-89281c77-01f5-49f9-814f-4a86fcb0d4f9 None None] log_rotate_interval = 1 {{(pid=107572) log_opt_values /opt/stack/data/venv/lib/python3.12/site-packages/oslo_config/cfg.py:2995}}
Mar 30 14:08:36.838265 np0000161229 devstack@n-api-meta.service[107572]: DEBUG nova.api.openstack.wsgi_app [None req-89281c77-01f5-49f9-814f-4a86fcb0d4f9 None None] log_rotate_interval_type = days {{(pid=107572) log_opt_values /opt/stack/data/venv/lib/python3.12/site-packages/oslo_config/cfg.py:2995}}
Mar 30 14:08:36.838418 np0000161229 devstack@n-api-meta.service[107572]: DEBUG nova.api.openstack.wsgi_app [None req-89281c77-01f5-49f9-814f-4a86fcb0d4f9 None None] log_rotation_type = none {{(pid=107572) log_opt_values /opt/stack/data/venv/lib/python3.12/site-packages/oslo_config/cfg.py:2995}}
Mar 30 14:08:36.838510 np0000161229 devstack@n-api-meta.service[107572]: DEBUG nova.api.openstack.wsgi_app [None req-89281c77-01f5-49f9-814f-4a86fcb0d4f9 None None] logging_context_format_string = %(color)s%(levelname)s %(name)s [%(global_request_id)s %(request_id)s %(project_name)s %(user_name)s%(color)s] %(instance)s%(color)s%(message)s {{(pid=107572) log_opt_values /opt/stack/data/venv/lib/python3.12/site-packages/oslo_config/cfg.py:2995}}
Mar 30 14:08:36.838609 np0000161229 devstack@n-api-meta.service[107572]: DEBUG nova.api.openstack.wsgi_app [None req-89281c77-01f5-49f9-814f-4a86fcb0d4f9 None None] logging_debug_format_suffix = {{(pid=%(process)d) %(funcName)s %(pathname)s:%(lineno)d}} {{(pid=107572) log_opt_values /opt/stack/data/venv/lib/python3.12/site-packages/oslo_config/cfg.py:2995}}
