2026-07-10 01:00:27.596 7 INFO placement.requestlog [req-cf7d99c8-3f83-493e-bd12-de13e7383dfa req-15801c0d-7a47-4d05-8ff2-7e8c5bb0ad0c 18b3f73f912e4714b98ae5291fa741c7 fe416a470a614458b8af812f7dc052b1 - - dbea2da8175c4d99a89ed13ce85ef65e dbea2da8175c4d99a89ed13ce85ef65e] 199.204.45.109 "GET /resource_providers/54f412de-bbf4-4907-8839-a23ce2bc01ec/allocations" status: 200 len: 54 microversion: 1.0 [pid: 7|app: 0|req: 296/591] 199.204.45.109 () {32 vars in 855 bytes} [Fri Jul 10 01:00:27 2026] GET /resource_providers/54f412de-bbf4-4907-8839-a23ce2bc01ec/allocations => generated 54 bytes in 134 msecs (HTTP/1.1 200) 6 headers in 223 bytes (1 switches on core 0)
2026-07-10 01:00:27.625 8 INFO placement.requestlog [req-cf7d99c8-3f83-493e-bd12-de13e7383dfa req-70d9de60-578e-4431-bb49-358c55c86f6d 18b3f73f912e4714b98ae5291fa741c7 fe416a470a614458b8af812f7dc052b1 - - dbea2da8175c4d99a89ed13ce85ef65e dbea2da8175c4d99a89ed13ce85ef65e] 199.204.45.109 "GET /resource_providers?in_tree=54f412de-bbf4-4907-8839-a23ce2bc01ec" status: 200 len: 797 microversion: 1.14 [pid: 8|app: 0|req: 296/592] 199.204.45.109 () {34 vars in 890 bytes} [Fri Jul 10 01:00:27 2026] GET /resource_providers?in_tree=54f412de-bbf4-4907-8839-a23ce2bc01ec => generated 797 bytes in 20 msecs (HTTP/1.1 200) 6 headers in 225 bytes (1 switches on core 0)
2026-07-10 01:00:27.648 7 INFO placement.requestlog [req-cf7d99c8-3f83-493e-bd12-de13e7383dfa req-c0b0eb2e-ddfd-4e48-b643-d3035d16e2fa 18b3f73f912e4714b98ae5291fa741c7 fe416a470a614458b8af812f7dc052b1 - - dbea2da8175c4d99a89ed13ce85ef65e dbea2da8175c4d99a89ed13ce85ef65e] 199.204.45.109 "GET /resource_providers/54f412de-bbf4-4907-8839-a23ce2bc01ec/inventories" status: 200 len: 400 microversion: 1.0 [pid: 7|app: 0|req: 297/593] 199.204.45.109 () {32 vars in 855 bytes} [Fri Jul 10 01:00:27 2026] GET /resource_providers/54f412de-bbf4-4907-8839-a23ce2bc01ec/inventories => generated 400 bytes in 15 msecs (HTTP/1.1 200) 6 headers in 224 bytes (1 switches on core 0)
2026-07-10 01:00:27.670 8 INFO placement.requestlog [req-cf7d99c8-3f83-493e-bd12-de13e7383dfa req-73b33239-1898-4b0a-b652-c94cc9a93c55 18b3f73f912e4714b98ae5291fa741c7 fe416a470a614458b8af812f7dc052b1 - - dbea2da8175c4d99a89ed13ce85ef65e dbea2da8175c4d99a89ed13ce85ef65e] 199.204.45.109 "GET /resource_providers/54f412de-bbf4-4907-8839-a23ce2bc01ec/aggregates" status: 200 len: 53 microversion: 1.19 [pid: 8|app: 0|req: 297/594] 199.204.45.109 () {34 vars in 897 bytes} [Fri Jul 10 01:00:27 2026] GET /resource_providers/54f412de-bbf4-4907-8839-a23ce2bc01ec/aggregates => generated 53 bytes in 14 msecs (HTTP/1.1 200) 8 headers in 295 bytes (1 switches on core 0)
2026-07-10 01:00:27.697 7 INFO placement.requestlog [req-cf7d99c8-3f83-493e-bd12-de13e7383dfa req-5f67910a-2237-4d1d-80d7-8402a6c35fcf 18b3f73f912e4714b98ae5291fa741c7 fe416a470a614458b8af812f7dc052b1 - - dbea2da8175c4d99a89ed13ce85ef65e dbea2da8175c4d99a89ed13ce85ef65e] 199.204.45.109 "GET /resource_providers/54f412de-bbf4-4907-8839-a23ce2bc01ec/traits" status: 200 len: 2316 microversion: 1.6 [pid: 7|app: 0|req: 298/595] 199.204.45.109 () {34 vars in 888 bytes} [Fri Jul 10 01:00:27 2026] GET /resource_providers/54f412de-bbf4-4907-8839-a23ce2bc01ec/traits => generated 2316 bytes in 20 msecs (HTTP/1.1 200) 6 headers in 225 bytes (1 switches on core 0)
2026-07-10 01:00:27.719 8 INFO placement.requestlog [req-cf7d99c8-3f83-493e-bd12-de13e7383dfa req-dca6b8e5-dda2-4aca-b5df-ee368c4f9d73 18b3f73f912e4714b98ae5291fa741c7 fe416a470a614458b8af812f7dc052b1 - - dbea2da8175c4d99a89ed13ce85ef65e dbea2da8175c4d99a89ed13ce85ef65e] 199.204.45.109 "GET /resource_providers/54f412de-bbf4-4907-8839-a23ce2bc01ec/allocations" status: 200 len: 54 microversion: 1.0 [pid: 8|app: 0|req: 298/596] 199.204.45.109 () {32 vars in 855 bytes} [Fri Jul 10 01:00:27 2026] GET /resource_providers/54f412de-bbf4-4907-8839-a23ce2bc01ec/allocations => generated 54 bytes in 13 msecs (HTTP/1.1 200) 6 headers in 223 bytes (1 switches on core 0)
2026-07-10 01:00:29.124 7 INFO placement.requestlog [None req-652f57eb-7e54-4b5c-8d25-2c7469c8b168 - - - - - -] 10.0.0.56 "GET /" status: 200 len: 136 microversion: 1.0
2026-07-10 01:00:29.124 8 INFO placement.requestlog [None req-11046851-832c-4afc-8b6b-5f1d7076bf01 - - - - - -] 10.0.0.56 "GET /" status: 200 len: 136 microversion: 1.0
2026-07-10 01:00:39.124 7 INFO placement.requestlog [None req-f5aded8a-e949-4b4b-bef7-b1c4a6d3bd7f - - - - - -] 10.0.0.56 "GET /" status: 200 len: 136 microversion: 1.0
2026-07-10 01:00:39.124 8 INFO placement.requestlog [None req-faed6005-f69f-4ed3-af43-93c3afa10325 - - - - - -] 10.0.0.56 "GET /" status: 200 len: 136 microversion: 1.0
2026-07-10 01:00:49.124 7 INFO placement.requestlog [None req-1267e334-37e9-4c0e-bd97-218859c0646f - - - - - -] 10.0.0.56 "GET /" status: 200 len: 136 microversion: 1.0
2026-07-10 01:00:49.125 8 INFO placement.requestlog [None req-e0524bda-3ca6-4456-a533-32629b8b02f0 - - - - - -] 10.0.0.56 "GET /" status: 200 len: 136 microversion: 1.0
2026-07-10 01:00:59.125 7 INFO placement.requestlog [None req-27efd607-085c-4661-bbd5-2637f971423e - - - - - -] 10.0.0.56 "GET /" status: 200 len: 136 microversion: 1.0
2026-07-10 01:00:59.125 8 INFO placement.requestlog [None req-28f5a86a-bed7-4785-884d-fc9542e532a0 - - - - - -] 10.0.0.56 "GET /" status: 200 len: 136 microversion: 1.0
2026-07-10 01:01:09.125 7 INFO placement.requestlog [None req-81a1ffa8-d904-4b33-9a05-8c22103fbdd8 - - - - - -] 10.0.0.56 "GET /" status: 200 len: 136 microversion: 1.0
2026-07-10 01:01:09.125 8 INFO placement.requestlog [None req-0f2901a8-55fb-40a9-8452-76ef75e6ca7b - - - - - -] 10.0.0.56 "GET /" status: 200 len: 136 microversion: 1.0
2026-07-10 01:01:19.125 7 INFO placement.requestlog [None req-3658825d-69f2-428d-bc1a-728ecc60853e - - - - - -] 10.0.0.56 "GET /" status: 200 len: 136 microversion: 1.0
2026-07-10 01:01:19.124 8 INFO placement.requestlog [None req-98503a19-d1e6-487e-b543-3105bc925116 - - - - - -] 10.0.0.56 "GET /" status: 200 len: 136 microversion: 1.0
2026-07-10 01:01:26.464 7 INFO placement.requestlog [req-ce9184b8-e8b2-4727-bacf-d87626dbff9e req-3062c46b-0186-4ac4-9e32-d1c449a753c6 18b3f73f912e4714b98ae5291fa741c7 fe416a470a614458b8af812f7dc052b1 - - dbea2da8175c4d99a89ed13ce85ef65e dbea2da8175c4d99a89ed13ce85ef65e] 199.204.45.109 "GET /resource_providers/54f412de-bbf4-4907-8839-a23ce2bc01ec/allocations" status: 200 len: 54 microversion: 1.0 [pid: 7|app: 0|req: 305/609] 199.204.45.109 () {32 vars in 855 bytes} [Fri Jul 10 01:01:26 2026] GET /resource_providers/54f412de-bbf4-4907-8839-a23ce2bc01ec/allocations => generated 54 bytes in 13 msecs (HTTP/1.1 200) 6 headers in 223 bytes (1 switches on core 0)
2026-07-10 01:01:26.486 8 INFO placement.requestlog [req-ce9184b8-e8b2-4727-bacf-d87626dbff9e req-a2c55040-65ba-475e-9a70-1c2e681fb592 18b3f73f912e4714b98ae5291fa741c7 fe416a470a614458b8af812f7dc052b1 - - dbea2da8175c4d99a89ed13ce85ef65e dbea2da8175c4d99a89ed13ce85ef65e] 199.204.45.109 "GET /resource_providers/54f412de-bbf4-4907-8839-a23ce2bc01ec/allocations" status: 200 len: 54 microversion: 1.0 [pid: 8|app: 0|req: 305/610] 199.204.45.109 () {32 vars in 855 bytes} [Fri Jul 10 01:01:26 2026] GET /resource_providers/54f412de-bbf4-4907-8839-a23ce2bc01ec/allocations => generated 54 bytes in 14 msecs (HTTP/1.1 200) 6 headers in 223 bytes (1 switches on core 0)
2026-07-10 01:01:29.124 7 INFO placement.requestlog [None req-184231a5-3c7f-4fd8-844d-1fba85e25ac0 - - - - - -] 10.0.0.56 "GET /" status: 200 len: 136 microversion: 1.0
2026-07-10 01:01:29.124 8 INFO placement.requestlog [None req-f9edde2b-bb21-4347-9b7a-d9240b9b0dd5 - - - - - -] 10.0.0.56 "GET /" status: 200 len: 136 microversion: 1.0
2026-07-10 01:01:39.124 8 INFO placement.requestlog [None req-9789c955-37bf-4842-9b3f-a65d02b34207 - - - - - -] 10.0.0.56 "GET /" status: 200 len: 136 microversion: 1.0
2026-07-10 01:01:39.124 7 INFO placement.requestlog [None req-c3ed913f-9818-4bed-86b9-9c375b4290df - - - - - -] 10.0.0.56 "GET /" status: 200 len: 136 microversion: 1.0
2026-07-10 01:01:49.124 7 INFO placement.requestlog [None req-16065120-864a-4876-8d9b-651f0beb587d - - - - - -] 10.0.0.56 "GET /" status: 200 len: 136 microversion: 1.0
2026-07-10 01:01:49.124 8 INFO placement.requestlog [None req-d8742cae-a75d-41eb-a576-217a1ada2358 - - - - - -] 10.0.0.56 "GET /" status: 200 len: 136 microversion: 1.0
2026-07-10 01:01:59.125 7 INFO placement.requestlog [None req-d87271f5-2c77-4501-945d-bfc75260c221 - - - - - -] 10.0.0.56 "GET /" status: 200 len: 136 microversion: 1.0
2026-07-10 01:01:59.125 8 INFO placement.requestlog [None req-766851ae-f8d5-41e8-83ac-27ed9e51dbf5 - - - - - -] 10.0.0.56 "GET /" status: 200 len: 136 microversion: 1.0
2026-07-10 01:02:09.124 8 INFO placement.requestlog [None req-3e6a0977-fdde-4ae6-a2f1-74f2205b1f4b - - - - - -] 10.0.0.56 "GET /" status: 200 len: 136 microversion: 1.0
2026-07-10 01:02:09.124 7 INFO placement.requestlog [None req-30e3f266-2d4e-4a83-8157-9a242e61f959 - - - - - -] 10.0.0.56 "GET /" status: 200 len: 136 microversion: 1.0
2026-07-10 01:02:19.124 8 INFO placement.requestlog [None req-485e80ec-800a-4dbd-9822-bbd674e5fa7f - - - - - -] 10.0.0.56 "GET /" status: 200 len: 136 microversion: 1.0
2026-07-10 01:02:19.126 7 INFO placement.requestlog [None req-e3812816-c99b-40e3-9fb2-af5b67dfce13 - - - - - -] 10.0.0.56 "GET /" status: 200 len: 136 microversion: 1.0
2026-07-10 01:02:27.461 8 INFO placement.requestlog [req-401cd792-f192-49ae-b03a-6899bcfcc5b5 req-3cfea7a9-886c-4a84-bafd-a7c50ee1cbb2 18b3f73f912e4714b98ae5291fa741c7 fe416a470a614458b8af812f7dc052b1 - - dbea2da8175c4d99a89ed13ce85ef65e dbea2da8175c4d99a89ed13ce85ef65e] 199.204.45.109 "GET /resource_providers/54f412de-bbf4-4907-8839-a23ce2bc01ec/allocations" status: 200 len: 54 microversion: 1.0 [pid: 8|app: 0|req: 312/623] 199.204.45.109 () {32 vars in 855 bytes} [Fri Jul 10 01:02:27 2026] GET /resource_providers/54f412de-bbf4-4907-8839-a23ce2bc01ec/allocations => generated 54 bytes in 13 msecs (HTTP/1.1 200) 6 headers in 223 bytes (1 switches on core 0)
2026-07-10 01:02:27.489 7 INFO placement.requestlog [req-401cd792-f192-49ae-b03a-6899bcfcc5b5 req-00be6c39-a423-4c46-99ee-691b8b7372e6 18b3f73f912e4714b98ae5291fa741c7 fe416a470a614458b8af812f7dc052b1 - - dbea2da8175c4d99a89ed13ce85ef65e dbea2da8175c4d99a89ed13ce85ef65e] 199.204.45.109 "GET /resource_providers/54f412de-bbf4-4907-8839-a23ce2bc01ec/allocations" status: 200 len: 54 microversion: 1.0 [pid: 7|app: 0|req: 312/624] 199.204.45.109 () {32 vars in 855 bytes} [Fri Jul 10 01:02:27 2026] GET /resource_providers/54f412de-bbf4-4907-8839-a23ce2bc01ec/allocations => generated 54 bytes in 19 msecs (HTTP/1.1 200) 6 headers in 223 bytes (1 switches on core 0)
2026-07-10 01:02:29.124 8 INFO placement.requestlog [None req-5762a54d-02af-4b57-8e70-5ae734d6d05b - - - - - -] 10.0.0.56 "GET /" status: 200 len: 136 microversion: 1.0
2026-07-10 01:02:29.124 7 INFO placement.requestlog [None req-188d13f1-43b2-4064-8af9-61a0f580c07a - - - - - -] 10.0.0.56 "GET /" status: 200 len: 136 microversion: 1.0
2026-07-10 01:02:39.124 8 INFO placement.requestlog [None req-e2aee578-5090-4a5a-8957-79348e6010c7 - - - - - -] 10.0.0.56 "GET /" status: 200 len: 136 microversion: 1.0
2026-07-10 01:02:39.124 7 INFO placement.requestlog [None req-2307d29f-e7b4-42b7-b011-c57ef1b5a329 - - - - - -] 10.0.0.56 "GET /" status: 200 len: 136 microversion: 1.0
2026-07-10 01:02:49.124 8 INFO placement.requestlog [None req-135c66fd-9ab0-4768-a191-5078ae869b41 - - - - - -] 10.0.0.56 "GET /" status: 200 len: 136 microversion: 1.0
2026-07-10 01:02:49.124 7 INFO placement.requestlog [None req-e6b84d12-24fb-499f-9b2e-d3f9e04121dd - - - - - -] 10.0.0.56 "GET /" status: 200 len: 136 microversion: 1.0
2026-07-10 01:02:59.124 7 INFO placement.requestlog [None req-c3829575-0c3b-4c90-bf7a-673d46645e3a - - - - - -] 10.0.0.56 "GET /" status: 200 len: 136 microversion: 1.0
2026-07-10 01:02:59.124 8 INFO placement.requestlog [None req-3eac389e-5f86-421a-acf2-a7b5a62528e5 - - - - - -] 10.0.0.56 "GET /" status: 200 len: 136 microversion: 1.0
2026-07-10 01:03:09.124 8 INFO placement.requestlog [None req-aa1c0922-3c57-4412-9517-a64ba9114d3a - - - - - -] 10.0.0.56 "GET /" status: 200 len: 136 microversion: 1.0
2026-07-10 01:03:09.124 7 INFO placement.requestlog [None req-4669264d-983e-4cae-b113-74ddf9d12042 - - - - - -] 10.0.0.56 "GET /" status: 200 len: 136 microversion: 1.0
2026-07-10 01:03:19.124 7 INFO placement.requestlog [None req-b434f934-f516-48ca-b8cc-7faa5b554ca3 - - - - - -] 10.0.0.56 "GET /" status: 200 len: 136 microversion: 1.0
2026-07-10 01:03:19.124 8 INFO placement.requestlog [None req-64a4555a-d702-4d65-b466-97b4408e4d40 - - - - - -] 10.0.0.56 "GET /" status: 200 len: 136 microversion: 1.0
2026-07-10 01:03:29.124 7 INFO placement.requestlog [None req-3c6e8a02-a448-4819-adc8-929ef8a496a1 - - - - - -] 10.0.0.56 "GET /" status: 200 len: 136 microversion: 1.0
2026-07-10 01:03:29.124 8 INFO placement.requestlog [None req-1bb93cc8-ca36-49d7-9208-7338192f881f - - - - - -] 10.0.0.56 "GET /" status: 200 len: 136 microversion: 1.0
2026-07-10 01:03:29.469 7 INFO placement.requestlog [req-4d7fa734-e2a6-49c1-8e3e-58f47c35da1e req-55221026-ee1d-41fd-bdd6-aa4d7ab2b944 18b3f73f912e4714b98ae5291fa741c7 fe416a470a614458b8af812f7dc052b1 - - dbea2da8175c4d99a89ed13ce85ef65e dbea2da8175c4d99a89ed13ce85ef65e] 199.204.45.109 "GET /resource_providers/54f412de-bbf4-4907-8839-a23ce2bc01ec/allocations" status: 200 len: 54 microversion: 1.0 [pid: 7|app: 0|req: 320/639] 199.204.45.109 () {32 vars in 855 bytes} [Fri Jul 10 01:03:29 2026] GET /resource_providers/54f412de-bbf4-4907-8839-a23ce2bc01ec/allocations => generated 54 bytes in 21 msecs (HTTP/1.1 200) 6 headers in 223 bytes (1 switches on core 0)
2026-07-10 01:03:29.490 8 INFO placement.requestlog [req-4d7fa734-e2a6-49c1-8e3e-58f47c35da1e req-d3bbc865-7701-4fdd-808d-00408616ae53 18b3f73f912e4714b98ae5291fa741c7 fe416a470a614458b8af812f7dc052b1 - - dbea2da8175c4d99a89ed13ce85ef65e dbea2da8175c4d99a89ed13ce85ef65e] 199.204.45.109 "GET /resource_providers/54f412de-bbf4-4907-8839-a23ce2bc01ec/allocations" status: 200 len: 54 microversion: 1.0 [pid: 8|app: 0|req: 320/640] 199.204.45.109 () {32 vars in 855 bytes} [Fri Jul 10 01:03:29 2026] GET /resource_providers/54f412de-bbf4-4907-8839-a23ce2bc01ec/allocations => generated 54 bytes in 13 msecs (HTTP/1.1 200) 6 headers in 223 bytes (1 switches on core 0)
2026-07-10 01:03:39.125 7 INFO placement.requestlog [None req-0beafa5f-e997-4b20-9a45-0b9e53ec4654 - - - - - -] 10.0.0.56 "GET /" status: 200 len: 136 microversion: 1.0
2026-07-10 01:03:39.125 8 INFO placement.requestlog [None req-cfef33f5-44f0-4512-8f5f-6a1fbd4f07af - - - - - -] 10.0.0.56 "GET /" status: 200 len: 136 microversion: 1.0
2026-07-10 01:03:49.124 7 INFO placement.requestlog [None req-24ef8d7c-b33f-45cf-a0a6-4ea53adca577 - - - - - -] 10.0.0.56 "GET /" status: 200 len: 136 microversion: 1.0
2026-07-10 01:03:49.124 8 INFO placement.requestlog [None req-5d7e7562-7db9-46b7-bb07-4d38dc1343af - - - - - -] 10.0.0.56 "GET /" status: 200 len: 136 microversion: 1.0
2026-07-10 01:03:59.124 7 INFO placement.requestlog [None req-d9baccf3-d11b-4f3d-9ec2-89aa8434174e - - - - - -] 10.0.0.56 "GET /" status: 200 len: 136 microversion: 1.0
2026-07-10 01:03:59.124 8 INFO placement.requestlog [None req-0e334a22-6046-4aed-a61d-74c5f532bb06 - - - - - -] 10.0.0.56 "GET /" status: 200 len: 136 microversion: 1.0
2026-07-10 01:04:09.124 7 INFO placement.requestlog [None req-c37a80e8-9ece-45e2-9d30-d5fd86af2f5a - - - - - -] 10.0.0.56 "GET /" status: 200 len: 136 microversion: 1.0
2026-07-10 01:04:09.124 8 INFO placement.requestlog [None req-17cbc192-c99f-4fd1-8b7d-992e136800b5 - - - - - -] 10.0.0.56 "GET /" status: 200 len: 136 microversion: 1.0
2026-07-10 01:04:19.124 8 INFO placement.requestlog [None req-a72564ee-e799-46d8-a8a3-2269814f704e - - - - - -] 10.0.0.56 "GET /" status: 200 len: 136 microversion: 1.0
2026-07-10 01:04:19.124 7 INFO placement.requestlog [None req-7ce55620-e4ef-4283-a79b-2286d401c80b - - - - - -] 10.0.0.56 "GET /" status: 200 len: 136 microversion: 1.0
2026-07-10 01:04:29.124 8 INFO placement.requestlog [None req-e4f3c096-22e3-46e6-ba05-fc049f146c56 - - - - - -] 10.0.0.56 "GET /" status: 200 len: 136 microversion: 1.0
2026-07-10 01:04:29.124 7 INFO placement.requestlog [None req-05841d4e-a766-43e2-a20c-5b46fc831c80 - - - - - -] 10.0.0.56 "GET /" status: 200 len: 136 microversion: 1.0
2026-07-10 01:04:30.466 8 INFO placement.requestlog [req-545fe7bc-ceac-42c5-96dc-6b54977c028f req-e5624621-efec-42bb-8c08-aa540224ab20 18b3f73f912e4714b98ae5291fa741c7 fe416a470a614458b8af812f7dc052b1 - - dbea2da8175c4d99a89ed13ce85ef65e dbea2da8175c4d99a89ed13ce85ef65e] 199.204.45.109 "GET /resource_providers/54f412de-bbf4-4907-8839-a23ce2bc01ec/allocations" status: 200 len: 54 microversion: 1.0 [pid: 8|app: 0|req: 327/653] 199.204.45.109 () {32 vars in 855 bytes} [Fri Jul 10 01:04:30 2026] GET /resource_providers/54f412de-bbf4-4907-8839-a23ce2bc01ec/allocations => generated 54 bytes in 14 msecs (HTTP/1.1 200) 6 headers in 223 bytes (1 switches on core 0)
2026-07-10 01:04:30.489 7 INFO placement.requestlog [req-545fe7bc-ceac-42c5-96dc-6b54977c028f req-17872158-5b43-4003-a8fa-f585c6b1673b 18b3f73f912e4714b98ae5291fa741c7 fe416a470a614458b8af812f7dc052b1 - - dbea2da8175c4d99a89ed13ce85ef65e dbea2da8175c4d99a89ed13ce85ef65e] 199.204.45.109 "GET /resource_providers/54f412de-bbf4-4907-8839-a23ce2bc01ec/allocations" status: 200 len: 54 microversion: 1.0 [pid: 7|app: 0|req: 327/654] 199.204.45.109 () {32 vars in 855 bytes} [Fri Jul 10 01:04:30 2026] GET /resource_providers/54f412de-bbf4-4907-8839-a23ce2bc01ec/allocations => generated 54 bytes in 16 msecs (HTTP/1.1 200) 6 headers in 223 bytes (1 switches on core 0)
2026-07-10 01:04:39.124 8 INFO placement.requestlog [None req-57ea7247-ac4c-456f-8838-08ad363cbf02 - - - - - -] 10.0.0.56 "GET /" status: 200 len: 136 microversion: 1.0
2026-07-10 01:04:39.125 7 INFO placement.requestlog [None req-788ea3c5-c247-4ed4-bb89-e4749c6d5534 - - - - - -] 10.0.0.56 "GET /" status: 200 len: 136 microversion: 1.0
2026-07-10 01:04:41.266 8 INFO placement.requestlog [req-e573f603-8bce-491d-a71c-3444655ebbec req-e3c0f3ab-8891-43ed-ab51-4094cb96f54d 18b3f73f912e4714b98ae5291fa741c7 fe416a470a614458b8af812f7dc052b1 - - dbea2da8175c4d99a89ed13ce85ef65e dbea2da8175c4d99a89ed13ce85ef65e] 10.0.0.17 "GET /allocation_candidates?limit=1000&resources=DISK_GB%3A1%2CMEMORY_MB%3A512%2CVCPU%3A1&root_required=%21COMPUTE_STATUS_DISABLED" status: 200 len: 2781 microversion: 1.36 [pid: 8|app: 0|req: 329/657] 10.0.0.17 () {34 vars in 1009 bytes} [Fri Jul 10 01:04:41 2026] GET /allocation_candidates?limit=1000&resources=DISK_GB%3A1%2CMEMORY_MB%3A512%2CVCPU%3A1&root_required=%21COMPUTE_STATUS_DISABLED => generated 2781 bytes in 197 msecs (HTTP/1.1 200) 8 headers in 297 bytes (1 switches on core 0)
2026-07-10 01:04:41.325 7 INFO placement.requestlog [req-e573f603-8bce-491d-a71c-3444655ebbec req-2c5f6276-95cf-46de-8a48-01c4e814dc35 18b3f73f912e4714b98ae5291fa741c7 fe416a470a614458b8af812f7dc052b1 - - dbea2da8175c4d99a89ed13ce85ef65e dbea2da8175c4d99a89ed13ce85ef65e] 10.0.0.17 "GET /allocations/83b52f6e-8065-4f69-b44f-8e5dedd71d3e" status: 200 len: 19 microversion: 1.28 [pid: 7|app: 0|req: 329/658] 10.0.0.17 () {34 vars in 858 bytes} [Fri Jul 10 01:04:41 2026] GET /allocations/83b52f6e-8065-4f69-b44f-8e5dedd71d3e => generated 19 bytes in 16 msecs (HTTP/1.1 200) 8 headers in 295 bytes (1 switches on core 0)
2026-07-10 01:04:41.418 8 INFO placement.requestlog [req-e573f603-8bce-491d-a71c-3444655ebbec req-5ad5f415-ed7f-4e49-9a6b-d817477c23b3 18b3f73f912e4714b98ae5291fa741c7 fe416a470a614458b8af812f7dc052b1 - - dbea2da8175c4d99a89ed13ce85ef65e dbea2da8175c4d99a89ed13ce85ef65e] 10.0.0.17 "PUT /allocations/83b52f6e-8065-4f69-b44f-8e5dedd71d3e" status: 204 len: 0 microversion: 1.36 [pid: 8|app: 0|req: 330/659] 10.0.0.17 () {38 vars in 911 bytes} [Fri Jul 10 01:04:41 2026] PUT /allocations/83b52f6e-8065-4f69-b44f-8e5dedd71d3e => generated 0 bytes in 85 msecs (HTTP/1.1 204) 5 headers in 199 bytes (1 switches on core 0)
2026-07-10 01:04:41.548 7 INFO placement.requestlog [req-407cecc9-d39e-440d-9f82-379f6ffee32d req-3881b633-a6f0-4feb-ac25-34c1b1288252 18b3f73f912e4714b98ae5291fa741c7 fe416a470a614458b8af812f7dc052b1 - - dbea2da8175c4d99a89ed13ce85ef65e dbea2da8175c4d99a89ed13ce85ef65e] 10.0.0.17 "GET /allocation_candidates?limit=1000&resources=DISK_GB%3A1%2CMEMORY_MB%3A512%2CVCPU%3A1&root_required=%21COMPUTE_STATUS_DISABLED" status: 200 len: 2783 microversion: 1.36 [pid: 7|app: 0|req: 330/660] 10.0.0.17 () {34 vars in 1009 bytes} [Fri Jul 10 01:04:41 2026] GET /allocation_candidates?limit=1000&resources=DISK_GB%3A1%2CMEMORY_MB%3A512%2CVCPU%3A1&root_required=%21COMPUTE_STATUS_DISABLED => generated 2783 bytes in 68 msecs (HTTP/1.1 200) 8 headers in 297 bytes (1 switches on core 0)
2026-07-10 01:04:41.592 8 INFO placement.requestlog [req-407cecc9-d39e-440d-9f82-379f6ffee32d req-b7851ca5-b6c0-48b6-8211-e9903b05e927 18b3f73f912e4714b98ae5291fa741c7 fe416a470a614458b8af812f7dc052b1 - - dbea2da8175c4d99a89ed13ce85ef65e dbea2da8175c4d99a89ed13ce85ef65e] 10.0.0.17 "GET /allocations/3453dd15-2b18-4a8a-b293-30bfac4d2031" status: 200 len: 19 microversion: 1.28 [pid: 8|app: 0|req: 331/661] 10.0.0.17 () {34 vars in 858 bytes} [Fri Jul 10 01:04:41 2026] GET /allocations/3453dd15-2b18-4a8a-b293-30bfac4d2031 => generated 19 bytes in 17 msecs (HTTP/1.1 200) 8 headers in 295 bytes (1 switches on core 0)
2026-07-10 01:04:41.731 7 INFO placement.requestlog [req-407cecc9-d39e-440d-9f82-379f6ffee32d req-293ce0d2-5564-44dd-8b68-db57c6e67f69 18b3f73f912e4714b98ae5291fa741c7 fe416a470a614458b8af812f7dc052b1 - - dbea2da8175c4d99a89ed13ce85ef65e dbea2da8175c4d99a89ed13ce85ef65e] 10.0.0.17 "PUT /allocations/3453dd15-2b18-4a8a-b293-30bfac4d2031" status: 204 len: 0 microversion: 1.36 [pid: 7|app: 0|req: 331/662] 10.0.0.17 () {38 vars in 911 bytes} [Fri Jul 10 01:04:41 2026] PUT /allocations/3453dd15-2b18-4a8a-b293-30bfac4d2031 => generated 0 bytes in 132 msecs (HTTP/1.1 204) 5 headers in 199 bytes (1 switches on core 0)
2026-07-10 01:04:42.970 8 INFO placement.requestlog [req-e573f603-8bce-491d-a71c-3444655ebbec req-51042633-69ff-4765-884f-8ba43cacd9a0 18b3f73f912e4714b98ae5291fa741c7 fe416a470a614458b8af812f7dc052b1 - - dbea2da8175c4d99a89ed13ce85ef65e dbea2da8175c4d99a89ed13ce85ef65e] 199.204.45.109 "GET /allocations/83b52f6e-8065-4f69-b44f-8e5dedd71d3e" status: 200 len: 257 microversion: 1.28 [pid: 8|app: 0|req: 332/663] 199.204.45.109 () {34 vars in 861 bytes} [Fri Jul 10 01:04:42 2026] GET /allocations/83b52f6e-8065-4f69-b44f-8e5dedd71d3e => generated 257 bytes in 19 msecs (HTTP/1.1 200) 8 headers in 296 bytes (1 switches on core 0)
2026-07-10 01:04:43.375 7 INFO placement.requestlog [req-407cecc9-d39e-440d-9f82-379f6ffee32d req-1235501d-13de-49dc-8232-28fe8957c0d0 18b3f73f912e4714b98ae5291fa741c7 fe416a470a614458b8af812f7dc052b1 - - dbea2da8175c4d99a89ed13ce85ef65e dbea2da8175c4d99a89ed13ce85ef65e] 199.204.45.109 "GET /allocations/3453dd15-2b18-4a8a-b293-30bfac4d2031" status: 200 len: 257 microversion: 1.28 [pid: 7|app: 0|req: 332/664] 199.204.45.109 () {34 vars in 861 bytes} [Fri Jul 10 01:04:43 2026] GET /allocations/3453dd15-2b18-4a8a-b293-30bfac4d2031 => generated 257 bytes in 24 msecs (HTTP/1.1 200) 8 headers in 296 bytes (1 switches on core 0)
2026-07-10 01:04:44.019 8 INFO placement.requestlog [req-e573f603-8bce-491d-a71c-3444655ebbec req-80bb1e02-44cb-49e4-8fd9-23b4b1f174b3 18b3f73f912e4714b98ae5291fa741c7 fe416a470a614458b8af812f7dc052b1 - - dbea2da8175c4d99a89ed13ce85ef65e dbea2da8175c4d99a89ed13ce85ef65e] 199.204.45.109 "GET /resource_providers/54f412de-bbf4-4907-8839-a23ce2bc01ec/allocations" status: 200 len: 252 microversion: 1.0 [pid: 8|app: 0|req: 333/665] 199.204.45.109 () {32 vars in 855 bytes} [Fri Jul 10 01:04:43 2026] GET /resource_providers/54f412de-bbf4-4907-8839-a23ce2bc01ec/allocations => generated 252 bytes in 27 msecs (HTTP/1.1 200) 6 headers in 224 bytes (1 switches on core 0)
2026-07-10 01:04:44.041 7 INFO placement.requestlog [req-e573f603-8bce-491d-a71c-3444655ebbec req-ca9aa9dd-6828-4587-8066-56cecf5033d1 18b3f73f912e4714b98ae5291fa741c7 fe416a470a614458b8af812f7dc052b1 - - dbea2da8175c4d99a89ed13ce85ef65e dbea2da8175c4d99a89ed13ce85ef65e] 199.204.45.109 "GET /allocations/3453dd15-2b18-4a8a-b293-30bfac4d2031" status: 200 len: 257 microversion: 1.28 [pid: 7|app: 0|req: 333/666] 199.204.45.109 () {34 vars in 861 bytes} [Fri Jul 10 01:04:44 2026] GET /allocations/3453dd15-2b18-4a8a-b293-30bfac4d2031 => generated 257 bytes in 16 msecs (HTTP/1.1 200) 8 headers in 296 bytes (1 switches on core 0)
2026-07-10 01:04:44.065 8 INFO placement.requestlog [req-e573f603-8bce-491d-a71c-3444655ebbec req-a9cf6dbc-bf0c-4388-bea2-c6c293ff68d7 18b3f73f912e4714b98ae5291fa741c7 fe416a470a614458b8af812f7dc052b1 - - dbea2da8175c4d99a89ed13ce85ef65e dbea2da8175c4d99a89ed13ce85ef65e] 199.204.45.109 "GET /allocations/83b52f6e-8065-4f69-b44f-8e5dedd71d3e" status: 200 len: 257 microversion: 1.28 [pid: 8|app: 0|req: 334/667] 199.204.45.109 () {34 vars in 861 bytes} [Fri Jul 10 01:04:44 2026] GET /allocations/83b52f6e-8065-4f69-b44f-8e5dedd71d3e => generated 257 bytes in 16 msecs (HTTP/1.1 200) 8 headers in 296 bytes (1 switches on core 0)
2026-07-10 01:04:44.868 7 INFO placement.requestlog [None req-adc9171c-037e-408a-b6c7-3f658cc63df4 1799da5e8c99424694cc760419f3d1e5 fe416a470a614458b8af812f7dc052b1 - - dbea2da8175c4d99a89ed13ce85ef65e dbea2da8175c4d99a89ed13ce85ef65e] 10.0.0.24 "GET /resource_providers/e77330c7-3710-4a23-9929-7a351aa25f01/aggregates" status: 404 len: 235 microversion: 1.1 [pid: 7|app: 0|req: 334/668] 10.0.0.24 () {32 vars in 813 bytes} [Fri Jul 10 01:04:44 2026] GET /resource_providers/e77330c7-3710-4a23-9929-7a351aa25f01/aggregates => generated 235 bytes in 69 msecs (HTTP/1.1 404) 5 headers in 202 bytes (1 switches on core 0)
2026-07-10 01:04:44.890 8 INFO placement.requestlog [None req-7e034605-a6bd-4a2d-8eaa-5cbf519ba7c4 1799da5e8c99424694cc760419f3d1e5 fe416a470a614458b8af812f7dc052b1 - - dbea2da8175c4d99a89ed13ce85ef65e dbea2da8175c4d99a89ed13ce85ef65e] 10.0.0.24 "GET /resource_providers/e77330c7-3710-4a23-9929-7a351aa25f01/aggregates" status: 404 len: 235 microversion: 1.1 [pid: 8|app: 0|req: 335/669] 10.0.0.24 () {32 vars in 813 bytes} [Fri Jul 10 01:04:44 2026] GET /resource_providers/e77330c7-3710-4a23-9929-7a351aa25f01/aggregates => generated 235 bytes in 64 msecs (HTTP/1.1 404) 5 headers in 202 bytes (1 switches on core 0)
2026-07-10 01:04:44.894 7 INFO placement.requestlog [None req-f4d4fa7d-0108-4a5f-b366-2473852cea78 1799da5e8c99424694cc760419f3d1e5 fe416a470a614458b8af812f7dc052b1 - - dbea2da8175c4d99a89ed13ce85ef65e dbea2da8175c4d99a89ed13ce85ef65e] 10.0.0.24 "DELETE /resource_providers/e77330c7-3710-4a23-9929-7a351aa25f01" status: 404 len: 246 microversion: 1.1 [pid: 7|app: 0|req: 335/670] 10.0.0.24 () {34 vars in 813 bytes} [Fri Jul 10 01:04:44 2026] DELETE /resource_providers/e77330c7-3710-4a23-9929-7a351aa25f01 => generated 246 bytes in 11 msecs (HTTP/1.1 404) 6 headers in 231 bytes (1 switches on core 0)
2026-07-10 01:04:44.905 8 INFO placement.requestlog [None req-1d5576b7-781f-423c-998d-5a9126fc1f48 1799da5e8c99424694cc760419f3d1e5 fe416a470a614458b8af812f7dc052b1 - - dbea2da8175c4d99a89ed13ce85ef65e dbea2da8175c4d99a89ed13ce85ef65e] 10.0.0.24 "DELETE /resource_providers/e77330c7-3710-4a23-9929-7a351aa25f01" status: 404 len: 246 microversion: 1.1 [pid: 8|app: 0|req: 336/671] 10.0.0.24 () {34 vars in 813 bytes} [Fri Jul 10 01:04:44 2026] DELETE /resource_providers/e77330c7-3710-4a23-9929-7a351aa25f01 => generated 246 bytes in 9 msecs (HTTP/1.1 404) 6 headers in 231 bytes (1 switches on core 0)
2026-07-10 01:04:45.718 8 INFO placement.requestlog [None req-b0dc0d3d-9112-45fd-8499-e9311275334a 1799da5e8c99424694cc760419f3d1e5 fe416a470a614458b8af812f7dc052b1 - - dbea2da8175c4d99a89ed13ce85ef65e dbea2da8175c4d99a89ed13ce85ef65e] 10.0.0.24 "GET /resource_providers/f581f98a-a2b4-44bf-8415-65e1f24dc8a7/aggregates" status: 404 len: 235 microversion: 1.1 [pid: 8|app: 0|req: 337/672] 10.0.0.24 () {32 vars in 813 bytes} [Fri Jul 10 01:04:45 2026] GET /resource_providers/f581f98a-a2b4-44bf-8415-65e1f24dc8a7/aggregates => generated 235 bytes in 235 msecs (HTTP/1.1 404) 5 headers in 202 bytes (1 switches on core 0)
2026-07-10 01:04:45.729 7 INFO placement.requestlog [None req-e2ed7423-0480-44db-877d-175ee1c15680 1799da5e8c99424694cc760419f3d1e5 fe416a470a614458b8af812f7dc052b1 - - dbea2da8175c4d99a89ed13ce85ef65e dbea2da8175c4d99a89ed13ce85ef65e] 10.0.0.24 "GET /resource_providers/f581f98a-a2b4-44bf-8415-65e1f24dc8a7/aggregates" status: 404 len: 235 microversion: 1.1 [pid: 7|app: 0|req: 336/673] 10.0.0.24 () {32 vars in 813 bytes} [Fri Jul 10 01:04:45 2026] GET /resource_providers/f581f98a-a2b4-44bf-8415-65e1f24dc8a7/aggregates => generated 235 bytes in 286 msecs (HTTP/1.1 404) 5 headers in 202 bytes (1 switches on core 0)
2026-07-10 01:04:45.739 8 INFO placement.requestlog [None req-5154a96a-64b9-45ad-81be-acac582b1eab 1799da5e8c99424694cc760419f3d1e5 fe416a470a614458b8af812f7dc052b1 - - dbea2da8175c4d99a89ed13ce85ef65e dbea2da8175c4d99a89ed13ce85ef65e] 10.0.0.24 "DELETE /resource_providers/f581f98a-a2b4-44bf-8415-65e1f24dc8a7" status: 404 len: 246 microversion: 1.1 [pid: 8|app: 0|req: 338/674] 10.0.0.24 () {34 vars in 813 bytes} [Fri Jul 10 01:04:45 2026] DELETE /resource_providers/f581f98a-a2b4-44bf-8415-65e1f24dc8a7 => generated 246 bytes in 11 msecs (HTTP/1.1 404) 6 headers in 231 bytes (1 switches on core 0)
2026-07-10 01:04:45.748 7 INFO placement.requestlog [None req-29be9112-6f3f-4eac-950f-852f33dd8ee7 1799da5e8c99424694cc760419f3d1e5 fe416a470a614458b8af812f7dc052b1 - - dbea2da8175c4d99a89ed13ce85ef65e dbea2da8175c4d99a89ed13ce85ef65e] 10.0.0.24 "DELETE /resource_providers/f581f98a-a2b4-44bf-8415-65e1f24dc8a7" status: 404 len: 246 microversion: 1.1 [pid: 7|app: 0|req: 337/675] 10.0.0.24 () {34 vars in 813 bytes} [Fri Jul 10 01:04:45 2026] DELETE /resource_providers/f581f98a-a2b4-44bf-8415-65e1f24dc8a7 => generated 246 bytes in 12 msecs (HTTP/1.1 404) 6 headers in 231 bytes (1 switches on core 0)
2026-07-10 01:04:46.170 8 INFO placement.requestlog [req-407cecc9-d39e-440d-9f82-379f6ffee32d req-2c4e2194-4a2c-4833-b581-0af6277f25f8 18b3f73f912e4714b98ae5291fa741c7 fe416a470a614458b8af812f7dc052b1 - - dbea2da8175c4d99a89ed13ce85ef65e dbea2da8175c4d99a89ed13ce85ef65e] 199.204.45.109 "GET /resource_providers/54f412de-bbf4-4907-8839-a23ce2bc01ec/allocations" status: 200 len: 252 microversion: 1.0 [pid: 8|app: 0|req: 339/676] 199.204.45.109 () {32 vars in 855 bytes} [Fri Jul 10 01:04:46 2026] GET /resource_providers/54f412de-bbf4-4907-8839-a23ce2bc01ec/allocations => generated 252 bytes in 37 msecs (HTTP/1.1 200) 6 headers in 224 bytes (1 switches on core 0)
2026-07-10 01:04:46.216 7 INFO placement.requestlog [req-407cecc9-d39e-440d-9f82-379f6ffee32d req-3406c8bc-fef7-4f78-ae56-134c5eb04824 18b3f73f912e4714b98ae5291fa741c7 fe416a470a614458b8af812f7dc052b1 - - dbea2da8175c4d99a89ed13ce85ef65e dbea2da8175c4d99a89ed13ce85ef65e] 199.204.45.109 "GET /allocations/3453dd15-2b18-4a8a-b293-30bfac4d2031" status: 200 len: 257 microversion: 1.28 [pid: 7|app: 0|req: 338/677] 199.204.45.109 () {34 vars in 861 bytes} [Fri Jul 10 01:04:46 2026] GET /allocations/3453dd15-2b18-4a8a-b293-30bfac4d2031 => generated 257 bytes in 25 msecs (HTTP/1.1 200) 8 headers in 296 bytes (1 switches on core 0)
2026-07-10 01:04:46.237 8 INFO placement.requestlog [req-407cecc9-d39e-440d-9f82-379f6ffee32d req-08a7f714-d05a-4238-af0c-7710d3951a25 18b3f73f912e4714b98ae5291fa741c7 fe416a470a614458b8af812f7dc052b1 - - dbea2da8175c4d99a89ed13ce85ef65e dbea2da8175c4d99a89ed13ce85ef65e] 199.204.45.109 "GET /allocations/83b52f6e-8065-4f69-b44f-8e5dedd71d3e" status: 200 len: 257 microversion: 1.28 [pid: 8|app: 0|req: 340/678] 199.204.45.109 () {34 vars in 861 bytes} [Fri Jul 10 01:04:46 2026] GET /allocations/83b52f6e-8065-4f69-b44f-8e5dedd71d3e => generated 257 bytes in 14 msecs (HTTP/1.1 200) 8 headers in 296 bytes (1 switches on core 0)
2026-07-10 01:04:46.987 8 INFO placement.requestlog [None req-0ce4a3fb-105e-4314-9d0d-2e249e7efc71 1799da5e8c99424694cc760419f3d1e5 fe416a470a614458b8af812f7dc052b1 - - dbea2da8175c4d99a89ed13ce85ef65e dbea2da8175c4d99a89ed13ce85ef65e] 10.0.0.24 "GET /resource_providers/a71efde8-0a41-4903-9b28-d2361620d2f6/aggregates" status: 404 len: 235 microversion: 1.1 [pid: 8|app: 0|req: 341/679] 10.0.0.24 () {32 vars in 813 bytes} [Fri Jul 10 01:04:46 2026] GET /resource_providers/a71efde8-0a41-4903-9b28-d2361620d2f6/aggregates => generated 235 bytes in 11 msecs (HTTP/1.1 404) 5 headers in 202 bytes (1 switches on core 0)
2026-07-10 01:04:46.990 7 INFO placement.requestlog [None req-c8050f8c-015b-41eb-a92e-ca514f234cb2 1799da5e8c99424694cc760419f3d1e5 fe416a470a614458b8af812f7dc052b1 - - dbea2da8175c4d99a89ed13ce85ef65e dbea2da8175c4d99a89ed13ce85ef65e] 10.0.0.24 "GET /resource_providers/a71efde8-0a41-4903-9b28-d2361620d2f6/aggregates" status: 404 len: 235 microversion: 1.1 [pid: 7|app: 0|req: 339/680] 10.0.0.24 () {32 vars in 813 bytes} [Fri Jul 10 01:04:46 2026] GET /resource_providers/a71efde8-0a41-4903-9b28-d2361620d2f6/aggregates => generated 235 bytes in 16 msecs (HTTP/1.1 404) 5 headers in 202 bytes (1 switches on core 0)
2026-07-10 01:04:47.007 8 INFO placement.requestlog [None req-f323a3f0-70dc-4eac-940b-079772179bf1 1799da5e8c99424694cc760419f3d1e5 fe416a470a614458b8af812f7dc052b1 - - dbea2da8175c4d99a89ed13ce85ef65e dbea2da8175c4d99a89ed13ce85ef65e] 10.0.0.24 "DELETE /resource_providers/a71efde8-0a41-4903-9b28-d2361620d2f6" status: 404 len: 246 microversion: 1.1 [pid: 8|app: 0|req: 342/681] 10.0.0.24 () {34 vars in 813 bytes} [Fri Jul 10 01:04:47 2026] DELETE /resource_providers/a71efde8-0a41-4903-9b28-d2361620d2f6 => generated 246 bytes in 8 msecs (HTTP/1.1 404) 6 headers in 231 bytes (1 switches on core 0)
2026-07-10 01:04:47.013 7 INFO placement.requestlog [None req-bd666fb8-35e1-4d92-8ae4-17f0f736e46b 1799da5e8c99424694cc760419f3d1e5 fe416a470a614458b8af812f7dc052b1 - - dbea2da8175c4d99a89ed13ce85ef65e dbea2da8175c4d99a89ed13ce85ef65e] 10.0.0.24 "DELETE /resource_providers/a71efde8-0a41-4903-9b28-d2361620d2f6" status: 404 len: 246 microversion: 1.1 [pid: 7|app: 0|req: 340/682] 10.0.0.24 () {34 vars in 813 bytes} [Fri Jul 10 01:04:47 2026] DELETE /resource_providers/a71efde8-0a41-4903-9b28-d2361620d2f6 => generated 246 bytes in 8 msecs (HTTP/1.1 404) 6 headers in 231 bytes (1 switches on core 0)
2026-07-10 01:04:49.029 8 INFO placement.requestlog [None req-74b18eaf-37dd-49d7-a107-b96e931d9e01 1799da5e8c99424694cc760419f3d1e5 fe416a470a614458b8af812f7dc052b1 - - dbea2da8175c4d99a89ed13ce85ef65e dbea2da8175c4d99a89ed13ce85ef65e] 10.0.0.24 "GET /resource_providers/b58e4b25-5f8b-44ab-a74f-fcb1d521f721/aggregates" status: 404 len: 235 microversion: 1.1 [pid: 8|app: 0|req: 343/683] 10.0.0.24 () {32 vars in 813 bytes} [Fri Jul 10 01:04:49 2026] GET /resource_providers/b58e4b25-5f8b-44ab-a74f-fcb1d521f721/aggregates => generated 235 bytes in 7 msecs (HTTP/1.1 404) 5 headers in 202 bytes (1 switches on core 0)
2026-07-10 01:04:49.038 7 INFO placement.requestlog [None req-99e4a2e4-449a-4732-985e-1b9d307e31b7 1799da5e8c99424694cc760419f3d1e5 fe416a470a614458b8af812f7dc052b1 - - dbea2da8175c4d99a89ed13ce85ef65e dbea2da8175c4d99a89ed13ce85ef65e] 10.0.0.24 "GET /resource_providers/b58e4b25-5f8b-44ab-a74f-fcb1d521f721/aggregates" status: 404 len: 235 microversion: 1.1 [pid: 7|app: 0|req: 341/684] 10.0.0.24 () {32 vars in 813 bytes} [Fri Jul 10 01:04:49 2026] GET /resource_providers/b58e4b25-5f8b-44ab-a74f-fcb1d521f721/aggregates => generated 235 bytes in 13 msecs (HTTP/1.1 404) 5 headers in 202 bytes (1 switches on core 0)
2026-07-10 01:04:49.050 8 INFO placement.requestlog [None req-606e0855-8afe-4df4-adea-a102798cd230 1799da5e8c99424694cc760419f3d1e5 fe416a470a614458b8af812f7dc052b1 - - dbea2da8175c4d99a89ed13ce85ef65e dbea2da8175c4d99a89ed13ce85ef65e] 10.0.0.24 "DELETE /resource_providers/b58e4b25-5f8b-44ab-a74f-fcb1d521f721" status: 404 len: 246 microversion: 1.1 [pid: 8|app: 0|req: 344/685] 10.0.0.24 () {34 vars in 813 bytes} [Fri Jul 10 01:04:49 2026] DELETE /resource_providers/b58e4b25-5f8b-44ab-a74f-fcb1d521f721 => generated 246 bytes in 9 msecs (HTTP/1.1 404) 6 headers in 231 bytes (1 switches on core 0)
2026-07-10 01:04:49.058 7 INFO placement.requestlog [None req-c0d7a8a7-e780-44b1-b4e1-55dd64fefdbd 1799da5e8c99424694cc760419f3d1e5 fe416a470a614458b8af812f7dc052b1 - - dbea2da8175c4d99a89ed13ce85ef65e dbea2da8175c4d99a89ed13ce85ef65e] 10.0.0.24 "DELETE /resource_providers/b58e4b25-5f8b-44ab-a74f-fcb1d521f721" status: 404 len: 246 microversion: 1.1 [pid: 7|app: 0|req: 342/686] 10.0.0.24 () {34 vars in 813 bytes} [Fri Jul 10 01:04:49 2026] DELETE /resource_providers/b58e4b25-5f8b-44ab-a74f-fcb1d521f721 => generated 246 bytes in 8 msecs (HTTP/1.1 404) 6 headers in 231 bytes (1 switches on core 0)
2026-07-10 01:04:49.123 7 INFO placement.requestlog [None req-151d33e4-b8c5-4e2f-9d1e-6d10a1d4be64 - - - - - -] 10.0.0.56 "GET /" status: 200 len: 136 microversion: 1.0
2026-07-10 01:04:49.123 8 INFO placement.requestlog [None req-4c1dac4b-16b9-4bc5-b9ed-c59f36d5f1ef - - - - - -] 10.0.0.56 "GET /" status: 200 len: 136 microversion: 1.0
2026-07-10 01:04:53.265 8 INFO placement.requestlog [req-e573f603-8bce-491d-a71c-3444655ebbec req-76c9c1b6-4721-446e-87e1-622d9b369525 18b3f73f912e4714b98ae5291fa741c7 fe416a470a614458b8af812f7dc052b1 - - dbea2da8175c4d99a89ed13ce85ef65e dbea2da8175c4d99a89ed13ce85ef65e] 199.204.45.109 "GET /resource_providers/54f412de-bbf4-4907-8839-a23ce2bc01ec/allocations" status: 200 len: 252 microversion: 1.0 [pid: 8|app: 0|req: 346/689] 199.204.45.109 () {32 vars in 855 bytes} [Fri Jul 10 01:04:53 2026] GET /resource_providers/54f412de-bbf4-4907-8839-a23ce2bc01ec/allocations => generated 252 bytes in 26 msecs (HTTP/1.1 200) 6 headers in 224 bytes (1 switches on core 0)
2026-07-10 01:04:53.315 7 INFO placement.requestlog [req-e573f603-8bce-491d-a71c-3444655ebbec req-a496e6d1-80b6-4954-9e17-5c296d569fd3 18b3f73f912e4714b98ae5291fa741c7 fe416a470a614458b8af812f7dc052b1 - - dbea2da8175c4d99a89ed13ce85ef65e dbea2da8175c4d99a89ed13ce85ef65e] 199.204.45.109 "GET /allocations/3453dd15-2b18-4a8a-b293-30bfac4d2031" status: 200 len: 257 microversion: 1.28 [pid: 7|app: 0|req: 344/690] 199.204.45.109 () {34 vars in 861 bytes} [Fri Jul 10 01:04:53 2026] GET /allocations/3453dd15-2b18-4a8a-b293-30bfac4d2031 => generated 257 bytes in 44 msecs (HTTP/1.1 200) 8 headers in 296 bytes (1 switches on core 0)
2026-07-10 01:04:53.339 8 INFO placement.requestlog [req-e573f603-8bce-491d-a71c-3444655ebbec req-216268b7-a782-4ada-b497-bc444ad8849f 18b3f73f912e4714b98ae5291fa741c7 fe416a470a614458b8af812f7dc052b1 - - dbea2da8175c4d99a89ed13ce85ef65e dbea2da8175c4d99a89ed13ce85ef65e] 199.204.45.109 "GET /allocations/83b52f6e-8065-4f69-b44f-8e5dedd71d3e" status: 200 len: 257 microversion: 1.28 [pid: 8|app: 0|req: 347/691] 199.204.45.109 () {34 vars in 861 bytes} [Fri Jul 10 01:04:53 2026] GET /allocations/83b52f6e-8065-4f69-b44f-8e5dedd71d3e => generated 257 bytes in 19 msecs (HTTP/1.1 200) 8 headers in 296 bytes (1 switches on core 0)
2026-07-10 01:04:54.018 7 INFO placement.requestlog [req-d1767cc3-b72d-479a-9444-a40ddbe1d416 req-787ef702-f82e-4028-b952-bbb4c9cd71a3 18b3f73f912e4714b98ae5291fa741c7 fe416a470a614458b8af812f7dc052b1 - - dbea2da8175c4d99a89ed13ce85ef65e dbea2da8175c4d99a89ed13ce85ef65e] 10.0.0.17 "GET /allocation_candidates?limit=1000&resources=DISK_GB%3A1%2CMEMORY_MB%3A512%2CVCPU%3A1&root_required=%21COMPUTE_STATUS_DISABLED" status: 200 len: 2784 microversion: 1.36 [pid: 7|app: 0|req: 345/692] 10.0.0.17 () {34 vars in 1009 bytes} [Fri Jul 10 01:04:53 2026] GET /allocation_candidates?limit=1000&resources=DISK_GB%3A1%2CMEMORY_MB%3A512%2CVCPU%3A1&root_required=%21COMPUTE_STATUS_DISABLED => generated 2784 bytes in 63 msecs (HTTP/1.1 200) 8 headers in 297 bytes (1 switches on core 0)
2026-07-10 01:04:54.062 8 INFO placement.requestlog [req-d1767cc3-b72d-479a-9444-a40ddbe1d416 req-ffd10a59-299d-41b2-a086-4ab14c6e04ca 18b3f73f912e4714b98ae5291fa741c7 fe416a470a614458b8af812f7dc052b1 - - dbea2da8175c4d99a89ed13ce85ef65e dbea2da8175c4d99a89ed13ce85ef65e] 10.0.0.17 "GET /allocations/d1c8a157-99a6-4889-af37-cdd174cbef6d" status: 200 len: 19 microversion: 1.28 [pid: 8|app: 0|req: 348/693] 10.0.0.17 () {34 vars in 858 bytes} [Fri Jul 10 01:04:54 2026] GET /allocations/d1c8a157-99a6-4889-af37-cdd174cbef6d => generated 19 bytes in 13 msecs (HTTP/1.1 200) 8 headers in 295 bytes (1 switches on core 0)
2026-07-10 01:04:54.143 7 INFO placement.requestlog [req-d1767cc3-b72d-479a-9444-a40ddbe1d416 req-433e4678-b8b0-4551-a44c-69af24e52127 18b3f73f912e4714b98ae5291fa741c7 fe416a470a614458b8af812f7dc052b1 - - dbea2da8175c4d99a89ed13ce85ef65e dbea2da8175c4d99a89ed13ce85ef65e] 10.0.0.17 "PUT /allocations/d1c8a157-99a6-4889-af37-cdd174cbef6d" status: 204 len: 0 microversion: 1.36 [pid: 7|app: 0|req: 346/694] 10.0.0.17 () {38 vars in 911 bytes} [Fri Jul 10 01:04:54 2026] PUT /allocations/d1c8a157-99a6-4889-af37-cdd174cbef6d => generated 0 bytes in 71 msecs (HTTP/1.1 204) 5 headers in 199 bytes (1 switches on core 0)
2026-07-10 01:04:55.665 8 INFO placement.requestlog [req-d1767cc3-b72d-479a-9444-a40ddbe1d416 req-cd831779-1b20-4924-9566-27ad4cc44c5d 18b3f73f912e4714b98ae5291fa741c7 fe416a470a614458b8af812f7dc052b1 - - dbea2da8175c4d99a89ed13ce85ef65e dbea2da8175c4d99a89ed13ce85ef65e] 199.204.45.109 "GET /allocations/d1c8a157-99a6-4889-af37-cdd174cbef6d" status: 200 len: 257 microversion: 1.28 [pid: 8|app: 0|req: 349/695] 199.204.45.109 () {34 vars in 861 bytes} [Fri Jul 10 01:04:55 2026] GET /allocations/d1c8a157-99a6-4889-af37-cdd174cbef6d => generated 257 bytes in 14 msecs (HTTP/1.1 200) 8 headers in 296 bytes (1 switches on core 0)
2026-07-10 01:04:56.700 7 INFO placement.requestlog [req-d1767cc3-b72d-479a-9444-a40ddbe1d416 req-4546c772-ff5d-45a2-8933-cdb55ed52016 18b3f73f912e4714b98ae5291fa741c7 fe416a470a614458b8af812f7dc052b1 - - dbea2da8175c4d99a89ed13ce85ef65e dbea2da8175c4d99a89ed13ce85ef65e] 199.204.45.109 "GET /resource_providers/54f412de-bbf4-4907-8839-a23ce2bc01ec/allocations" status: 200 len: 352 microversion: 1.0 [pid: 7|app: 0|req: 347/696] 199.204.45.109 () {32 vars in 855 bytes} [Fri Jul 10 01:04:56 2026] GET /resource_providers/54f412de-bbf4-4907-8839-a23ce2bc01ec/allocations => generated 352 bytes in 13 msecs (HTTP/1.1 200) 6 headers in 224 bytes (1 switches on core 0)
2026-07-10 01:04:56.719 8 INFO placement.requestlog [req-d1767cc3-b72d-479a-9444-a40ddbe1d416 req-39c84387-690c-4236-9b70-aa0ab2a81157 18b3f73f912e4714b98ae5291fa741c7 fe416a470a614458b8af812f7dc052b1 - - dbea2da8175c4d99a89ed13ce85ef65e dbea2da8175c4d99a89ed13ce85ef65e] 199.204.45.109 "GET /allocations/d1c8a157-99a6-4889-af37-cdd174cbef6d" status: 200 len: 257 microversion: 1.28 [pid: 8|app: 0|req: 350/697] 199.204.45.109 () {34 vars in 861 bytes} [Fri Jul 10 01:04:56 2026] GET /allocations/d1c8a157-99a6-4889-af37-cdd174cbef6d => generated 257 bytes in 13 msecs (HTTP/1.1 200) 8 headers in 296 bytes (1 switches on core 0)
2026-07-10 01:04:56.736 7 INFO placement.requestlog [req-d1767cc3-b72d-479a-9444-a40ddbe1d416 req-f55da848-ea52-4b9d-aa85-fc674ffa65fd 18b3f73f912e4714b98ae5291fa741c7 fe416a470a614458b8af812f7dc052b1 - - dbea2da8175c4d99a89ed13ce85ef65e dbea2da8175c4d99a89ed13ce85ef65e] 199.204.45.109 "GET /allocations/3453dd15-2b18-4a8a-b293-30bfac4d2031" status: 200 len: 257 microversion: 1.28 [pid: 7|app: 0|req: 348/698] 199.204.45.109 () {34 vars in 861 bytes} [Fri Jul 10 01:04:56 2026] GET /allocations/3453dd15-2b18-4a8a-b293-30bfac4d2031 => generated 257 bytes in 10 msecs (HTTP/1.1 200) 8 headers in 296 bytes (1 switches on core 0)
2026-07-10 01:04:56.762 8 INFO placement.requestlog [req-d1767cc3-b72d-479a-9444-a40ddbe1d416 req-6419478f-eec5-4bf1-ad5f-3515ed2726a5 18b3f73f912e4714b98ae5291fa741c7 fe416a470a614458b8af812f7dc052b1 - - dbea2da8175c4d99a89ed13ce85ef65e dbea2da8175c4d99a89ed13ce85ef65e] 199.204.45.109 "GET /allocations/83b52f6e-8065-4f69-b44f-8e5dedd71d3e" status: 200 len: 257 microversion: 1.28 [pid: 8|app: 0|req: 351/699] 199.204.45.109 () {34 vars in 861 bytes} [Fri Jul 10 01:04:56 2026] GET /allocations/83b52f6e-8065-4f69-b44f-8e5dedd71d3e => generated 257 bytes in 11 msecs (HTTP/1.1 200) 8 headers in 296 bytes (1 switches on core 0)
2026-07-10 01:04:56.960 7 INFO placement.requestlog [req-e573f603-8bce-491d-a71c-3444655ebbec req-0bc1aaf7-e0e1-4245-88c3-6ffbc794ccc7 18b3f73f912e4714b98ae5291fa741c7 fe416a470a614458b8af812f7dc052b1 - - dbea2da8175c4d99a89ed13ce85ef65e dbea2da8175c4d99a89ed13ce85ef65e] 199.204.45.109 "DELETE /allocations/83b52f6e-8065-4f69-b44f-8e5dedd71d3e" status: 204 len: 0 microversion: 1.0 [pid: 7|app: 0|req: 349/700] 199.204.45.109 () {34 vars in 839 bytes} [Fri Jul 10 01:04:56 2026] DELETE /allocations/83b52f6e-8065-4f69-b44f-8e5dedd71d3e => generated 0 bytes in 26 msecs (HTTP/1.1 204) 5 headers in 198 bytes (1 switches on core 0)
2026-07-10 01:04:58.134 8 INFO placement.requestlog [None req-0b6c2c7d-2f03-4296-ba52-b38381364e8e - - - - - -] 10.0.0.144 "GET /" status: 200 len: 136 microversion: 1.0 [pid: 8|app: 0|req: 352/701] 10.0.0.144 () {28 vars in 435 bytes} [Fri Jul 10 01:04:58 2026] GET / => generated 136 bytes in 1 msecs (HTTP/1.1 200) 6 headers in 224 bytes (1 switches on core 0)
2026-07-10 01:04:58.201 7 INFO placement.requestlog [req-51476bad-b294-43fd-bcfd-b7e9abd038f4 req-afbfb558-9cdf-4026-9718-aee01c0f427a 18b3f73f912e4714b98ae5291fa741c7 fe416a470a614458b8af812f7dc052b1 - - dbea2da8175c4d99a89ed13ce85ef65e dbea2da8175c4d99a89ed13ce85ef65e] 10.0.0.144 "DELETE /allocations/83b52f6e-8065-4f69-b44f-8e5dedd71d3e" status: 404 len: 228 microversion: 1.0 [pid: 7|app: 0|req: 350/702] 10.0.0.144 () {34 vars in 828 bytes} [Fri Jul 10 01:04:58 2026] DELETE /allocations/83b52f6e-8065-4f69-b44f-8e5dedd71d3e => generated 228 bytes in 61 msecs (HTTP/1.1 404) 6 headers in 231 bytes (1 switches on core 0)
2026-07-10 01:04:58.330 8 INFO placement.requestlog [req-407cecc9-d39e-440d-9f82-379f6ffee32d req-1733d1ee-942e-441d-ba5c-d256c1013a66 18b3f73f912e4714b98ae5291fa741c7 fe416a470a614458b8af812f7dc052b1 - - dbea2da8175c4d99a89ed13ce85ef65e dbea2da8175c4d99a89ed13ce85ef65e] 199.204.45.109 "GET /resource_providers/54f412de-bbf4-4907-8839-a23ce2bc01ec/allocations" status: 200 len: 252 microversion: 1.0 [pid: 8|app: 0|req: 353/703] 199.204.45.109 () {32 vars in 855 bytes} [Fri Jul 10 01:04:58 2026] GET /resource_providers/54f412de-bbf4-4907-8839-a23ce2bc01ec/allocations => generated 252 bytes in 15 msecs (HTTP/1.1 200) 6 headers in 224 bytes (1 switches on core 0)
2026-07-10 01:04:58.363 7 INFO placement.requestlog [req-407cecc9-d39e-440d-9f82-379f6ffee32d req-98ad63d6-932f-4697-a35e-16d735675aed 18b3f73f912e4714b98ae5291fa741c7 fe416a470a614458b8af812f7dc052b1 - - dbea2da8175c4d99a89ed13ce85ef65e dbea2da8175c4d99a89ed13ce85ef65e] 199.204.45.109 "GET /allocations/d1c8a157-99a6-4889-af37-cdd174cbef6d" status: 200 len: 257 microversion: 1.28 [pid: 7|app: 0|req: 351/704] 199.204.45.109 () {34 vars in 861 bytes} [Fri Jul 10 01:04:58 2026] GET /allocations/d1c8a157-99a6-4889-af37-cdd174cbef6d => generated 257 bytes in 27 msecs (HTTP/1.1 200) 8 headers in 296 bytes (1 switches on core 0)
2026-07-10 01:04:58.397 8 INFO placement.requestlog [req-407cecc9-d39e-440d-9f82-379f6ffee32d req-7a7e84b3-afe8-4972-bcc2-5217293565ff 18b3f73f912e4714b98ae5291fa741c7 fe416a470a614458b8af812f7dc052b1 - - dbea2da8175c4d99a89ed13ce85ef65e dbea2da8175c4d99a89ed13ce85ef65e] 199.204.45.109 "GET /allocations/3453dd15-2b18-4a8a-b293-30bfac4d2031" status: 200 len: 257 microversion: 1.28 [pid: 8|app: 0|req: 354/705] 199.204.45.109 () {34 vars in 861 bytes} [Fri Jul 10 01:04:58 2026] GET /allocations/3453dd15-2b18-4a8a-b293-30bfac4d2031 => generated 257 bytes in 27 msecs (HTTP/1.1 200) 8 headers in 296 bytes (1 switches on core 0)
2026-07-10 01:04:59.124 8 INFO placement.requestlog [None req-42c5949d-ef52-4ff2-9d17-bf45ac6089d7 - - - - - -] 10.0.0.56 "GET /" status: 200 len: 136 microversion: 1.0
2026-07-10 01:04:59.124 7 INFO placement.requestlog [None req-04e95bc1-619d-48bc-87b4-58896a5cd7f2 - - - - - -] 10.0.0.56 "GET /" status: 200 len: 136 microversion: 1.0
2026-07-10 01:05:00.701 8 INFO placement.requestlog [req-0b9d6dc0-145c-4bce-ad58-bc573cae2b7c req-65a95a58-a86e-4ccc-bf82-093561637c1a 18b3f73f912e4714b98ae5291fa741c7 fe416a470a614458b8af812f7dc052b1 - - dbea2da8175c4d99a89ed13ce85ef65e dbea2da8175c4d99a89ed13ce85ef65e] 10.0.0.17 "GET /allocation_candidates?limit=1000&resources=MEMORY_MB%3A512%2CVCPU%3A1&root_required=%21COMPUTE_STATUS_DISABLED" status: 200 len: 2770 microversion: 1.36 [pid: 8|app: 0|req: 356/708] 10.0.0.17 () {34 vars in 981 bytes} [Fri Jul 10 01:05:00 2026] GET /allocation_candidates?limit=1000&resources=MEMORY_MB%3A512%2CVCPU%3A1&root_required=%21COMPUTE_STATUS_DISABLED => generated 2770 bytes in 48 msecs (HTTP/1.1 200) 8 headers in 297 bytes (1 switches on core 0)
2026-07-10 01:05:00.731 7 INFO placement.requestlog [req-0b9d6dc0-145c-4bce-ad58-bc573cae2b7c req-8f172aa7-f891-4b82-982d-12f0e31a1752 18b3f73f912e4714b98ae5291fa741c7 fe416a470a614458b8af812f7dc052b1 - - dbea2da8175c4d99a89ed13ce85ef65e dbea2da8175c4d99a89ed13ce85ef65e] 10.0.0.17 "GET /allocations/473bd714-4f8c-4a90-8a47-f9d3f250e689" status: 200 len: 19 microversion: 1.28 [pid: 7|app: 0|req: 353/709] 10.0.0.17 () {34 vars in 858 bytes} [Fri Jul 10 01:05:00 2026] GET /allocations/473bd714-4f8c-4a90-8a47-f9d3f250e689 => generated 19 bytes in 9 msecs (HTTP/1.1 200) 8 headers in 295 bytes (1 switches on core 0)
