2026-07-10 01:06:01.021 7 INFO placement.requestlog [None req-2639ed25-8d7e-4ec8-9f56-3bf103d62d73 1799da5e8c99424694cc760419f3d1e5 fe416a470a614458b8af812f7dc052b1 - - dbea2da8175c4d99a89ed13ce85ef65e dbea2da8175c4d99a89ed13ce85ef65e] 10.0.0.24 "GET /resource_providers/6081d0f7-f275-4c94-88c5-c4b89b2316a3/aggregates" status: 404 len: 235 microversion: 1.1 [pid: 7|app: 0|req: 441/879] 10.0.0.24 () {32 vars in 813 bytes} [Fri Jul 10 01:06:01 2026] GET /resource_providers/6081d0f7-f275-4c94-88c5-c4b89b2316a3/aggregates => generated 235 bytes in 15 msecs (HTTP/1.1 404) 5 headers in 202 bytes (1 switches on core 0)
2026-07-10 01:06:01.046 7 INFO placement.requestlog [None req-44b3b796-27f3-4013-baae-3ca8de91a867 1799da5e8c99424694cc760419f3d1e5 fe416a470a614458b8af812f7dc052b1 - - dbea2da8175c4d99a89ed13ce85ef65e dbea2da8175c4d99a89ed13ce85ef65e] 10.0.0.24 "DELETE /resource_providers/6081d0f7-f275-4c94-88c5-c4b89b2316a3" status: 404 len: 246 microversion: 1.1 [pid: 7|app: 0|req: 442/880] 10.0.0.24 () {34 vars in 813 bytes} [Fri Jul 10 01:06:01 2026] DELETE /resource_providers/6081d0f7-f275-4c94-88c5-c4b89b2316a3 => generated 246 bytes in 11 msecs (HTTP/1.1 404) 6 headers in 231 bytes (1 switches on core 0)
2026-07-10 01:06:01.046 8 INFO placement.requestlog [None req-7a1ecafb-5fb2-4dc8-8e2b-a8327ff1f83b 1799da5e8c99424694cc760419f3d1e5 fe416a470a614458b8af812f7dc052b1 - - dbea2da8175c4d99a89ed13ce85ef65e dbea2da8175c4d99a89ed13ce85ef65e] 10.0.0.24 "DELETE /resource_providers/6081d0f7-f275-4c94-88c5-c4b89b2316a3" status: 404 len: 246 microversion: 1.1 [pid: 8|app: 0|req: 439/881] 10.0.0.24 () {34 vars in 813 bytes} [Fri Jul 10 01:06:01 2026] DELETE /resource_providers/6081d0f7-f275-4c94-88c5-c4b89b2316a3 => generated 246 bytes in 13 msecs (HTTP/1.1 404) 6 headers in 231 bytes (1 switches on core 0)
2026-07-10 01:06:03.066 7 INFO placement.requestlog [None req-04abe38c-4c5b-4580-a927-f38d4b757a6a 1799da5e8c99424694cc760419f3d1e5 fe416a470a614458b8af812f7dc052b1 - - dbea2da8175c4d99a89ed13ce85ef65e dbea2da8175c4d99a89ed13ce85ef65e] 10.0.0.24 "GET /resource_providers/fe8c67c4-e618-4c65-ab7d-f9e72807f15e/aggregates" status: 404 len: 235 microversion: 1.1 [pid: 7|app: 0|req: 443/882] 10.0.0.24 () {32 vars in 813 bytes} [Fri Jul 10 01:06:03 2026] GET /resource_providers/fe8c67c4-e618-4c65-ab7d-f9e72807f15e/aggregates => generated 235 bytes in 8 msecs (HTTP/1.1 404) 5 headers in 202 bytes (1 switches on core 0)
2026-07-10 01:06:03.071 8 INFO placement.requestlog [None req-7a736d36-22b3-4d15-8af1-41b48ba0ca74 1799da5e8c99424694cc760419f3d1e5 fe416a470a614458b8af812f7dc052b1 - - dbea2da8175c4d99a89ed13ce85ef65e dbea2da8175c4d99a89ed13ce85ef65e] 10.0.0.24 "GET /resource_providers/fe8c67c4-e618-4c65-ab7d-f9e72807f15e/aggregates" status: 404 len: 235 microversion: 1.1 [pid: 8|app: 0|req: 440/883] 10.0.0.24 () {32 vars in 813 bytes} [Fri Jul 10 01:06:03 2026] GET /resource_providers/fe8c67c4-e618-4c65-ab7d-f9e72807f15e/aggregates => generated 235 bytes in 12 msecs (HTTP/1.1 404) 5 headers in 202 bytes (1 switches on core 0)
2026-07-10 01:06:03.080 7 INFO placement.requestlog [None req-dd351096-7b37-452a-b13a-c87f665e45be 1799da5e8c99424694cc760419f3d1e5 fe416a470a614458b8af812f7dc052b1 - - dbea2da8175c4d99a89ed13ce85ef65e dbea2da8175c4d99a89ed13ce85ef65e] 10.0.0.24 "DELETE /resource_providers/fe8c67c4-e618-4c65-ab7d-f9e72807f15e" status: 404 len: 246 microversion: 1.1 [pid: 7|app: 0|req: 444/884] 10.0.0.24 () {34 vars in 813 bytes} [Fri Jul 10 01:06:03 2026] DELETE /resource_providers/fe8c67c4-e618-4c65-ab7d-f9e72807f15e => generated 246 bytes in 7 msecs (HTTP/1.1 404) 6 headers in 231 bytes (1 switches on core 0)
2026-07-10 01:06:03.086 8 INFO placement.requestlog [None req-16f7d91e-fec6-4817-b758-430233185182 1799da5e8c99424694cc760419f3d1e5 fe416a470a614458b8af812f7dc052b1 - - dbea2da8175c4d99a89ed13ce85ef65e dbea2da8175c4d99a89ed13ce85ef65e] 10.0.0.24 "DELETE /resource_providers/fe8c67c4-e618-4c65-ab7d-f9e72807f15e" status: 404 len: 246 microversion: 1.1 [pid: 8|app: 0|req: 441/885] 10.0.0.24 () {34 vars in 813 bytes} [Fri Jul 10 01:06:03 2026] DELETE /resource_providers/fe8c67c4-e618-4c65-ab7d-f9e72807f15e => generated 246 bytes in 9 msecs (HTTP/1.1 404) 6 headers in 231 bytes (1 switches on core 0)
2026-07-10 01:06:03.097 7 INFO placement.requestlog [None req-02cf64ed-62ad-4b40-aeb9-b1132d30f3a3 1799da5e8c99424694cc760419f3d1e5 fe416a470a614458b8af812f7dc052b1 - - dbea2da8175c4d99a89ed13ce85ef65e dbea2da8175c4d99a89ed13ce85ef65e] 10.0.0.24 "GET /resource_providers/ac9ee61d-d0e3-4b26-81a8-f54941b435fe/aggregates" status: 404 len: 235 microversion: 1.1 [pid: 7|app: 0|req: 445/886] 10.0.0.24 () {32 vars in 813 bytes} [Fri Jul 10 01:06:03 2026] GET /resource_providers/ac9ee61d-d0e3-4b26-81a8-f54941b435fe/aggregates => generated 235 bytes in 10 msecs (HTTP/1.1 404) 5 headers in 202 bytes (1 switches on core 0)
2026-07-10 01:06:03.105 8 INFO placement.requestlog [None req-ba44122b-0ac0-48a6-b65f-0975011da065 1799da5e8c99424694cc760419f3d1e5 fe416a470a614458b8af812f7dc052b1 - - dbea2da8175c4d99a89ed13ce85ef65e dbea2da8175c4d99a89ed13ce85ef65e] 10.0.0.24 "GET /resource_providers/ac9ee61d-d0e3-4b26-81a8-f54941b435fe/aggregates" status: 404 len: 235 microversion: 1.1 [pid: 8|app: 0|req: 442/887] 10.0.0.24 () {32 vars in 813 bytes} [Fri Jul 10 01:06:03 2026] GET /resource_providers/ac9ee61d-d0e3-4b26-81a8-f54941b435fe/aggregates => generated 235 bytes in 8 msecs (HTTP/1.1 404) 5 headers in 202 bytes (1 switches on core 0)
2026-07-10 01:06:03.114 7 INFO placement.requestlog [None req-e1d9a6d1-9b0a-4987-99fb-380273619b40 1799da5e8c99424694cc760419f3d1e5 fe416a470a614458b8af812f7dc052b1 - - dbea2da8175c4d99a89ed13ce85ef65e dbea2da8175c4d99a89ed13ce85ef65e] 10.0.0.24 "DELETE /resource_providers/ac9ee61d-d0e3-4b26-81a8-f54941b435fe" status: 404 len: 246 microversion: 1.1 [pid: 7|app: 0|req: 446/888] 10.0.0.24 () {34 vars in 813 bytes} [Fri Jul 10 01:06:03 2026] DELETE /resource_providers/ac9ee61d-d0e3-4b26-81a8-f54941b435fe => generated 246 bytes in 10 msecs (HTTP/1.1 404) 6 headers in 231 bytes (1 switches on core 0)
2026-07-10 01:06:03.121 8 INFO placement.requestlog [None req-fba9a67f-8c8d-41bf-8b21-94af9c9f7a50 1799da5e8c99424694cc760419f3d1e5 fe416a470a614458b8af812f7dc052b1 - - dbea2da8175c4d99a89ed13ce85ef65e dbea2da8175c4d99a89ed13ce85ef65e] 10.0.0.24 "DELETE /resource_providers/ac9ee61d-d0e3-4b26-81a8-f54941b435fe" status: 404 len: 246 microversion: 1.1 [pid: 8|app: 0|req: 443/889] 10.0.0.24 () {34 vars in 813 bytes} [Fri Jul 10 01:06:03 2026] DELETE /resource_providers/ac9ee61d-d0e3-4b26-81a8-f54941b435fe => generated 246 bytes in 8 msecs (HTTP/1.1 404) 6 headers in 231 bytes (1 switches on core 0)
2026-07-10 01:06:04.002 7 INFO placement.requestlog [None req-ff94666d-39e5-484e-8da6-0f78af159b5d 1799da5e8c99424694cc760419f3d1e5 fe416a470a614458b8af812f7dc052b1 - - dbea2da8175c4d99a89ed13ce85ef65e dbea2da8175c4d99a89ed13ce85ef65e] 10.0.0.24 "GET /resource_providers/9c323c45-4c7f-496a-ade7-77b17cc5629a/aggregates" status: 404 len: 235 microversion: 1.1 [pid: 7|app: 0|req: 447/890] 10.0.0.24 () {32 vars in 813 bytes} [Fri Jul 10 01:06:03 2026] GET /resource_providers/9c323c45-4c7f-496a-ade7-77b17cc5629a/aggregates => generated 235 bytes in 9 msecs (HTTP/1.1 404) 5 headers in 202 bytes (1 switches on core 0)
2026-07-10 01:06:04.006 8 INFO placement.requestlog [None req-461bc05d-0168-46b3-bbfb-03edc8975188 1799da5e8c99424694cc760419f3d1e5 fe416a470a614458b8af812f7dc052b1 - - dbea2da8175c4d99a89ed13ce85ef65e dbea2da8175c4d99a89ed13ce85ef65e] 10.0.0.24 "GET /resource_providers/9c323c45-4c7f-496a-ade7-77b17cc5629a/aggregates" status: 404 len: 235 microversion: 1.1 [pid: 8|app: 0|req: 444/891] 10.0.0.24 () {32 vars in 813 bytes} [Fri Jul 10 01:06:03 2026] GET /resource_providers/9c323c45-4c7f-496a-ade7-77b17cc5629a/aggregates => generated 235 bytes in 13 msecs (HTTP/1.1 404) 5 headers in 202 bytes (1 switches on core 0)
2026-07-10 01:06:04.030 7 INFO placement.requestlog [None req-ad6790aa-9129-4dc9-9a4c-36eb631680af 1799da5e8c99424694cc760419f3d1e5 fe416a470a614458b8af812f7dc052b1 - - dbea2da8175c4d99a89ed13ce85ef65e dbea2da8175c4d99a89ed13ce85ef65e] 10.0.0.24 "DELETE /resource_providers/9c323c45-4c7f-496a-ade7-77b17cc5629a" status: 404 len: 246 microversion: 1.1 [pid: 7|app: 0|req: 448/892] 10.0.0.24 () {34 vars in 813 bytes} [Fri Jul 10 01:06:04 2026] DELETE /resource_providers/9c323c45-4c7f-496a-ade7-77b17cc5629a => generated 246 bytes in 9 msecs (HTTP/1.1 404) 6 headers in 231 bytes (1 switches on core 0)
2026-07-10 01:06:04.036 8 INFO placement.requestlog [None req-4b26453e-2744-4f33-8283-add70b4532fb 1799da5e8c99424694cc760419f3d1e5 fe416a470a614458b8af812f7dc052b1 - - dbea2da8175c4d99a89ed13ce85ef65e dbea2da8175c4d99a89ed13ce85ef65e] 10.0.0.24 "DELETE /resource_providers/9c323c45-4c7f-496a-ade7-77b17cc5629a" status: 404 len: 246 microversion: 1.1 [pid: 8|app: 0|req: 445/893] 10.0.0.24 () {34 vars in 813 bytes} [Fri Jul 10 01:06:04 2026] DELETE /resource_providers/9c323c45-4c7f-496a-ade7-77b17cc5629a => generated 246 bytes in 14 msecs (HTTP/1.1 404) 6 headers in 231 bytes (1 switches on core 0)
2026-07-10 01:06:05.368 7 INFO placement.requestlog [req-b6a63850-dc77-4be4-a917-fe765f6bf261 req-f294b422-4533-4bd6-a518-f9510468ea95 18b3f73f912e4714b98ae5291fa741c7 fe416a470a614458b8af812f7dc052b1 - - dbea2da8175c4d99a89ed13ce85ef65e dbea2da8175c4d99a89ed13ce85ef65e] 199.204.45.109 "GET /resource_providers/54f412de-bbf4-4907-8839-a23ce2bc01ec/allocations" status: 200 len: 152 microversion: 1.0 [pid: 7|app: 0|req: 449/894] 199.204.45.109 () {32 vars in 855 bytes} [Fri Jul 10 01:06:05 2026] GET /resource_providers/54f412de-bbf4-4907-8839-a23ce2bc01ec/allocations => generated 152 bytes in 17 msecs (HTTP/1.1 200) 6 headers in 224 bytes (1 switches on core 0)
2026-07-10 01:06:05.390 8 INFO placement.requestlog [req-b6a63850-dc77-4be4-a917-fe765f6bf261 req-b2f0ec8f-8925-4687-a00a-4d8c45efa247 18b3f73f912e4714b98ae5291fa741c7 fe416a470a614458b8af812f7dc052b1 - - dbea2da8175c4d99a89ed13ce85ef65e dbea2da8175c4d99a89ed13ce85ef65e] 199.204.45.109 "GET /allocations/e3e8b67e-9de2-4d55-a1cd-b7fa4d3246db" status: 200 len: 257 microversion: 1.28 [pid: 8|app: 0|req: 446/895] 199.204.45.109 () {34 vars in 861 bytes} [Fri Jul 10 01:06:05 2026] GET /allocations/e3e8b67e-9de2-4d55-a1cd-b7fa4d3246db => generated 257 bytes in 15 msecs (HTTP/1.1 200) 8 headers in 296 bytes (1 switches on core 0)
2026-07-10 01:06:09.124 7 INFO placement.requestlog [None req-a821fe5f-cf5e-4db4-ba72-38b6651dc23c - - - - - -] 10.0.0.56 "GET /" status: 200 len: 136 microversion: 1.0
2026-07-10 01:06:09.124 8 INFO placement.requestlog [None req-c2d2e19f-61a0-4171-9e22-a71d404ddb37 - - - - - -] 10.0.0.56 "GET /" status: 200 len: 136 microversion: 1.0
2026-07-10 01:06:09.291 7 INFO placement.requestlog [req-b6a63850-dc77-4be4-a917-fe765f6bf261 req-c32c3787-677c-4080-b3e2-3610cff7ba05 18b3f73f912e4714b98ae5291fa741c7 fe416a470a614458b8af812f7dc052b1 - - dbea2da8175c4d99a89ed13ce85ef65e dbea2da8175c4d99a89ed13ce85ef65e] 199.204.45.109 "DELETE /allocations/e3e8b67e-9de2-4d55-a1cd-b7fa4d3246db" status: 204 len: 0 microversion: 1.0 [pid: 7|app: 0|req: 451/898] 199.204.45.109 () {34 vars in 839 bytes} [Fri Jul 10 01:06:09 2026] DELETE /allocations/e3e8b67e-9de2-4d55-a1cd-b7fa4d3246db => generated 0 bytes in 29 msecs (HTTP/1.1 204) 5 headers in 198 bytes (1 switches on core 0)
2026-07-10 01:06:09.889 8 INFO placement.requestlog [req-23abeec5-bd3a-42db-94d8-d936e808751e req-80b2e82e-8b0f-4f75-925b-e176b1b0234c 18b3f73f912e4714b98ae5291fa741c7 fe416a470a614458b8af812f7dc052b1 - - dbea2da8175c4d99a89ed13ce85ef65e dbea2da8175c4d99a89ed13ce85ef65e] 10.0.0.144 "DELETE /allocations/e3e8b67e-9de2-4d55-a1cd-b7fa4d3246db" status: 404 len: 228 microversion: 1.0 [pid: 8|app: 0|req: 448/899] 10.0.0.144 () {34 vars in 828 bytes} [Fri Jul 10 01:06:09 2026] DELETE /allocations/e3e8b67e-9de2-4d55-a1cd-b7fa4d3246db => generated 228 bytes in 9 msecs (HTTP/1.1 404) 6 headers in 231 bytes (1 switches on core 0)
2026-07-10 01:06:12.217 7 INFO placement.requestlog [None req-307e0aed-cdb6-4642-975b-200a7e0ef05a 1799da5e8c99424694cc760419f3d1e5 fe416a470a614458b8af812f7dc052b1 - - dbea2da8175c4d99a89ed13ce85ef65e dbea2da8175c4d99a89ed13ce85ef65e] 10.0.0.24 "GET /resource_providers/32666b90-fd9a-484c-96a2-5016a173d955/aggregates" status: 404 len: 235 microversion: 1.1 [pid: 7|app: 0|req: 452/900] 10.0.0.24 () {32 vars in 813 bytes} [Fri Jul 10 01:06:12 2026] GET /resource_providers/32666b90-fd9a-484c-96a2-5016a173d955/aggregates => generated 235 bytes in 13 msecs (HTTP/1.1 404) 5 headers in 202 bytes (1 switches on core 0)
2026-07-10 01:06:12.218 8 INFO placement.requestlog [None req-f6e4ea80-f9fa-4c96-9174-66de4460a229 1799da5e8c99424694cc760419f3d1e5 fe416a470a614458b8af812f7dc052b1 - - dbea2da8175c4d99a89ed13ce85ef65e dbea2da8175c4d99a89ed13ce85ef65e] 10.0.0.24 "GET /resource_providers/32666b90-fd9a-484c-96a2-5016a173d955/aggregates" status: 404 len: 235 microversion: 1.1 [pid: 8|app: 0|req: 449/901] 10.0.0.24 () {32 vars in 813 bytes} [Fri Jul 10 01:06:12 2026] GET /resource_providers/32666b90-fd9a-484c-96a2-5016a173d955/aggregates => generated 235 bytes in 12 msecs (HTTP/1.1 404) 5 headers in 202 bytes (1 switches on core 0)
2026-07-10 01:06:12.237 7 INFO placement.requestlog [None req-9e3ae4a5-60b1-4eba-b86f-45627c360172 1799da5e8c99424694cc760419f3d1e5 fe416a470a614458b8af812f7dc052b1 - - dbea2da8175c4d99a89ed13ce85ef65e dbea2da8175c4d99a89ed13ce85ef65e] 10.0.0.24 "DELETE /resource_providers/32666b90-fd9a-484c-96a2-5016a173d955" status: 404 len: 246 microversion: 1.1 [pid: 7|app: 0|req: 453/902] 10.0.0.24 () {34 vars in 813 bytes} [Fri Jul 10 01:06:12 2026] DELETE /resource_providers/32666b90-fd9a-484c-96a2-5016a173d955 => generated 246 bytes in 8 msecs (HTTP/1.1 404) 6 headers in 231 bytes (1 switches on core 0)
2026-07-10 01:06:12.240 8 INFO placement.requestlog [None req-9dfba798-9bb4-436f-804e-a5a3f4234267 1799da5e8c99424694cc760419f3d1e5 fe416a470a614458b8af812f7dc052b1 - - dbea2da8175c4d99a89ed13ce85ef65e dbea2da8175c4d99a89ed13ce85ef65e] 10.0.0.24 "DELETE /resource_providers/32666b90-fd9a-484c-96a2-5016a173d955" status: 404 len: 246 microversion: 1.1 [pid: 8|app: 0|req: 450/903] 10.0.0.24 () {34 vars in 813 bytes} [Fri Jul 10 01:06:12 2026] DELETE /resource_providers/32666b90-fd9a-484c-96a2-5016a173d955 => generated 246 bytes in 10 msecs (HTTP/1.1 404) 6 headers in 231 bytes (1 switches on core 0)
2026-07-10 01:06:12.281 7 INFO placement.requestlog [req-3aec16ca-d7ce-4390-b385-946a97025c34 req-76f1b857-b3cf-4c48-8818-ff0a692f64ef 18b3f73f912e4714b98ae5291fa741c7 fe416a470a614458b8af812f7dc052b1 - - dbea2da8175c4d99a89ed13ce85ef65e dbea2da8175c4d99a89ed13ce85ef65e] 10.0.0.17 "GET /allocation_candidates?limit=1000&resources=DISK_GB%3A1%2CMEMORY_MB%3A512%2CVCPU%3A1&root_required=%21COMPUTE_STATUS_DISABLED" status: 200 len: 2781 microversion: 1.36 [pid: 7|app: 0|req: 454/904] 10.0.0.17 () {34 vars in 1009 bytes} [Fri Jul 10 01:06:12 2026] GET /allocation_candidates?limit=1000&resources=DISK_GB%3A1%2CMEMORY_MB%3A512%2CVCPU%3A1&root_required=%21COMPUTE_STATUS_DISABLED => generated 2781 bytes in 41 msecs (HTTP/1.1 200) 8 headers in 297 bytes (1 switches on core 0)
2026-07-10 01:06:12.315 8 INFO placement.requestlog [req-3aec16ca-d7ce-4390-b385-946a97025c34 req-14731b13-cf42-4c71-b010-586bdeb66ace 18b3f73f912e4714b98ae5291fa741c7 fe416a470a614458b8af812f7dc052b1 - - dbea2da8175c4d99a89ed13ce85ef65e dbea2da8175c4d99a89ed13ce85ef65e] 10.0.0.17 "GET /allocations/631fb8dc-6ba8-4df8-b31a-09bff1774188" status: 200 len: 19 microversion: 1.28 [pid: 8|app: 0|req: 451/905] 10.0.0.17 () {34 vars in 858 bytes} [Fri Jul 10 01:06:12 2026] GET /allocations/631fb8dc-6ba8-4df8-b31a-09bff1774188 => generated 19 bytes in 9 msecs (HTTP/1.1 200) 8 headers in 295 bytes (1 switches on core 0)
2026-07-10 01:06:12.394 7 INFO placement.requestlog [req-3aec16ca-d7ce-4390-b385-946a97025c34 req-81330138-b84d-47ce-bcee-9e4e34e9d606 18b3f73f912e4714b98ae5291fa741c7 fe416a470a614458b8af812f7dc052b1 - - dbea2da8175c4d99a89ed13ce85ef65e dbea2da8175c4d99a89ed13ce85ef65e] 10.0.0.17 "PUT /allocations/631fb8dc-6ba8-4df8-b31a-09bff1774188" status: 204 len: 0 microversion: 1.36 [pid: 7|app: 0|req: 455/906] 10.0.0.17 () {38 vars in 911 bytes} [Fri Jul 10 01:06:12 2026] PUT /allocations/631fb8dc-6ba8-4df8-b31a-09bff1774188 => generated 0 bytes in 72 msecs (HTTP/1.1 204) 5 headers in 199 bytes (1 switches on core 0)
2026-07-10 01:06:13.906 8 INFO placement.requestlog [req-3aec16ca-d7ce-4390-b385-946a97025c34 req-e19de79f-c718-4b51-98f2-58478a72eaec 18b3f73f912e4714b98ae5291fa741c7 fe416a470a614458b8af812f7dc052b1 - - dbea2da8175c4d99a89ed13ce85ef65e dbea2da8175c4d99a89ed13ce85ef65e] 199.204.45.109 "GET /allocations/631fb8dc-6ba8-4df8-b31a-09bff1774188" status: 200 len: 257 microversion: 1.28 [pid: 8|app: 0|req: 452/907] 199.204.45.109 () {34 vars in 861 bytes} [Fri Jul 10 01:06:13 2026] GET /allocations/631fb8dc-6ba8-4df8-b31a-09bff1774188 => generated 257 bytes in 16 msecs (HTTP/1.1 200) 8 headers in 296 bytes (1 switches on core 0)
2026-07-10 01:06:14.257 7 INFO placement.requestlog [None req-c984ba7d-cdcb-418a-aa65-c1ed9e9164ea 1799da5e8c99424694cc760419f3d1e5 fe416a470a614458b8af812f7dc052b1 - - dbea2da8175c4d99a89ed13ce85ef65e dbea2da8175c4d99a89ed13ce85ef65e] 10.0.0.24 "GET /resource_providers/b1629976-a40e-43c1-ac9b-286973da1266/aggregates" status: 404 len: 235 microversion: 1.1 [pid: 7|app: 0|req: 456/908] 10.0.0.24 () {32 vars in 813 bytes} [Fri Jul 10 01:06:14 2026] GET /resource_providers/b1629976-a40e-43c1-ac9b-286973da1266/aggregates => generated 235 bytes in 8 msecs (HTTP/1.1 404) 5 headers in 202 bytes (1 switches on core 0)
2026-07-10 01:06:14.264 8 INFO placement.requestlog [None req-ac4f7f7f-6c87-4070-886f-b035ce3be82b 1799da5e8c99424694cc760419f3d1e5 fe416a470a614458b8af812f7dc052b1 - - dbea2da8175c4d99a89ed13ce85ef65e dbea2da8175c4d99a89ed13ce85ef65e] 10.0.0.24 "GET /resource_providers/b1629976-a40e-43c1-ac9b-286973da1266/aggregates" status: 404 len: 235 microversion: 1.1 [pid: 8|app: 0|req: 453/909] 10.0.0.24 () {32 vars in 813 bytes} [Fri Jul 10 01:06:14 2026] GET /resource_providers/b1629976-a40e-43c1-ac9b-286973da1266/aggregates => generated 235 bytes in 13 msecs (HTTP/1.1 404) 5 headers in 202 bytes (1 switches on core 0)
2026-07-10 01:06:14.271 7 INFO placement.requestlog [None req-207706d3-ba57-4e8c-b99e-5bd081b9608f 1799da5e8c99424694cc760419f3d1e5 fe416a470a614458b8af812f7dc052b1 - - dbea2da8175c4d99a89ed13ce85ef65e dbea2da8175c4d99a89ed13ce85ef65e] 10.0.0.24 "DELETE /resource_providers/b1629976-a40e-43c1-ac9b-286973da1266" status: 404 len: 246 microversion: 1.1 [pid: 7|app: 0|req: 457/910] 10.0.0.24 () {34 vars in 813 bytes} [Fri Jul 10 01:06:14 2026] DELETE /resource_providers/b1629976-a40e-43c1-ac9b-286973da1266 => generated 246 bytes in 6 msecs (HTTP/1.1 404) 6 headers in 231 bytes (1 switches on core 0)
2026-07-10 01:06:14.277 8 INFO placement.requestlog [None req-981c4f7b-9a34-408e-a304-382fd2b15f8b 1799da5e8c99424694cc760419f3d1e5 fe416a470a614458b8af812f7dc052b1 - - dbea2da8175c4d99a89ed13ce85ef65e dbea2da8175c4d99a89ed13ce85ef65e] 10.0.0.24 "DELETE /resource_providers/b1629976-a40e-43c1-ac9b-286973da1266" status: 404 len: 246 microversion: 1.1 [pid: 8|app: 0|req: 454/911] 10.0.0.24 () {34 vars in 813 bytes} [Fri Jul 10 01:06:14 2026] DELETE /resource_providers/b1629976-a40e-43c1-ac9b-286973da1266 => generated 246 bytes in 6 msecs (HTTP/1.1 404) 6 headers in 231 bytes (1 switches on core 0)
2026-07-10 01:06:14.941 7 INFO placement.requestlog [req-3aec16ca-d7ce-4390-b385-946a97025c34 req-6d969796-3286-46ea-8982-867097e0884f 18b3f73f912e4714b98ae5291fa741c7 fe416a470a614458b8af812f7dc052b1 - - dbea2da8175c4d99a89ed13ce85ef65e dbea2da8175c4d99a89ed13ce85ef65e] 199.204.45.109 "GET /resource_providers/54f412de-bbf4-4907-8839-a23ce2bc01ec/allocations" status: 200 len: 152 microversion: 1.0 [pid: 7|app: 0|req: 458/912] 199.204.45.109 () {32 vars in 855 bytes} [Fri Jul 10 01:06:14 2026] GET /resource_providers/54f412de-bbf4-4907-8839-a23ce2bc01ec/allocations => generated 152 bytes in 15 msecs (HTTP/1.1 200) 6 headers in 224 bytes (1 switches on core 0)
2026-07-10 01:06:14.960 8 INFO placement.requestlog [req-3aec16ca-d7ce-4390-b385-946a97025c34 req-fb24e0ab-61af-4dc5-af63-f22a20179a5b 18b3f73f912e4714b98ae5291fa741c7 fe416a470a614458b8af812f7dc052b1 - - dbea2da8175c4d99a89ed13ce85ef65e dbea2da8175c4d99a89ed13ce85ef65e] 199.204.45.109 "GET /allocations/631fb8dc-6ba8-4df8-b31a-09bff1774188" status: 200 len: 257 microversion: 1.28 [pid: 8|app: 0|req: 455/913] 199.204.45.109 () {34 vars in 861 bytes} [Fri Jul 10 01:06:14 2026] GET /allocations/631fb8dc-6ba8-4df8-b31a-09bff1774188 => generated 257 bytes in 12 msecs (HTTP/1.1 200) 8 headers in 296 bytes (1 switches on core 0)
2026-07-10 01:06:19.124 7 INFO placement.requestlog [None req-2a0adca3-fcf0-4010-bef3-ca17133727bb - - - - - -] 10.0.0.56 "GET /" status: 200 len: 136 microversion: 1.0
2026-07-10 01:06:19.124 8 INFO placement.requestlog [None req-e8ccddc2-2d53-4e46-9db6-ca3882a922ad - - - - - -] 10.0.0.56 "GET /" status: 200 len: 136 microversion: 1.0
2026-07-10 01:06:22.568 7 INFO placement.requestlog [req-3aec16ca-d7ce-4390-b385-946a97025c34 req-862b89c0-fa1d-41ec-a8e2-bb86b52175d3 18b3f73f912e4714b98ae5291fa741c7 fe416a470a614458b8af812f7dc052b1 - - dbea2da8175c4d99a89ed13ce85ef65e dbea2da8175c4d99a89ed13ce85ef65e] 199.204.45.109 "GET /resource_providers/54f412de-bbf4-4907-8839-a23ce2bc01ec/allocations" status: 200 len: 152 microversion: 1.0 [pid: 7|app: 0|req: 460/916] 199.204.45.109 () {32 vars in 855 bytes} [Fri Jul 10 01:06:22 2026] GET /resource_providers/54f412de-bbf4-4907-8839-a23ce2bc01ec/allocations => generated 152 bytes in 14 msecs (HTTP/1.1 200) 6 headers in 224 bytes (1 switches on core 0)
2026-07-10 01:06:22.590 8 INFO placement.requestlog [req-3aec16ca-d7ce-4390-b385-946a97025c34 req-27467798-0536-4f26-aafd-9d5a2806b0c1 18b3f73f912e4714b98ae5291fa741c7 fe416a470a614458b8af812f7dc052b1 - - dbea2da8175c4d99a89ed13ce85ef65e dbea2da8175c4d99a89ed13ce85ef65e] 199.204.45.109 "GET /allocations/631fb8dc-6ba8-4df8-b31a-09bff1774188" status: 200 len: 257 microversion: 1.28 [pid: 8|app: 0|req: 457/917] 199.204.45.109 () {34 vars in 861 bytes} [Fri Jul 10 01:06:22 2026] GET /allocations/631fb8dc-6ba8-4df8-b31a-09bff1774188 => generated 257 bytes in 15 msecs (HTTP/1.1 200) 8 headers in 296 bytes (1 switches on core 0)
2026-07-10 01:06:26.043 7 INFO placement.requestlog [req-3aec16ca-d7ce-4390-b385-946a97025c34 req-c1182aee-72a0-4315-825e-341f70803944 18b3f73f912e4714b98ae5291fa741c7 fe416a470a614458b8af812f7dc052b1 - - dbea2da8175c4d99a89ed13ce85ef65e dbea2da8175c4d99a89ed13ce85ef65e] 199.204.45.109 "DELETE /allocations/631fb8dc-6ba8-4df8-b31a-09bff1774188" status: 204 len: 0 microversion: 1.0 [pid: 7|app: 0|req: 461/918] 199.204.45.109 () {34 vars in 839 bytes} [Fri Jul 10 01:06:26 2026] DELETE /allocations/631fb8dc-6ba8-4df8-b31a-09bff1774188 => generated 0 bytes in 28 msecs (HTTP/1.1 204) 5 headers in 198 bytes (1 switches on core 0)
2026-07-10 01:06:27.167 8 INFO placement.requestlog [req-ea77f4d8-0961-4e84-8700-9e7eed43b3aa req-5e852ed9-d83e-4916-969c-2ba8697e9bdd 18b3f73f912e4714b98ae5291fa741c7 fe416a470a614458b8af812f7dc052b1 - - dbea2da8175c4d99a89ed13ce85ef65e dbea2da8175c4d99a89ed13ce85ef65e] 10.0.0.144 "DELETE /allocations/631fb8dc-6ba8-4df8-b31a-09bff1774188" status: 404 len: 228 microversion: 1.0 [pid: 8|app: 0|req: 458/919] 10.0.0.144 () {34 vars in 828 bytes} [Fri Jul 10 01:06:27 2026] DELETE /allocations/631fb8dc-6ba8-4df8-b31a-09bff1774188 => generated 228 bytes in 10 msecs (HTTP/1.1 404) 6 headers in 231 bytes (1 switches on core 0)
2026-07-10 01:06:29.125 7 INFO placement.requestlog [None req-a1be92ba-f20e-411d-b0bf-86ee3b33f8af - - - - - -] 10.0.0.56 "GET /" status: 200 len: 136 microversion: 1.0
2026-07-10 01:06:29.125 8 INFO placement.requestlog [None req-4dc7885e-fcdf-4266-bb59-179096096477 - - - - - -] 10.0.0.56 "GET /" status: 200 len: 136 microversion: 1.0
2026-07-10 01:06:30.053 7 INFO placement.requestlog [None req-f07666bd-8bff-4dee-9797-825abc8ee124 1799da5e8c99424694cc760419f3d1e5 fe416a470a614458b8af812f7dc052b1 - - dbea2da8175c4d99a89ed13ce85ef65e dbea2da8175c4d99a89ed13ce85ef65e] 10.0.0.24 "GET /resource_providers/300113ee-7b7c-4d71-9d2c-c2c5a5f6e33e/aggregates" status: 404 len: 235 microversion: 1.1 [pid: 7|app: 0|req: 463/922] 10.0.0.24 () {32 vars in 813 bytes} [Fri Jul 10 01:06:30 2026] GET /resource_providers/300113ee-7b7c-4d71-9d2c-c2c5a5f6e33e/aggregates => generated 235 bytes in 11 msecs (HTTP/1.1 404) 5 headers in 202 bytes (1 switches on core 0)
2026-07-10 01:06:30.059 8 INFO placement.requestlog [None req-49b0dd6c-89a4-4cf6-9c91-4ff088c1df30 1799da5e8c99424694cc760419f3d1e5 fe416a470a614458b8af812f7dc052b1 - - dbea2da8175c4d99a89ed13ce85ef65e dbea2da8175c4d99a89ed13ce85ef65e] 10.0.0.24 "GET /resource_providers/300113ee-7b7c-4d71-9d2c-c2c5a5f6e33e/aggregates" status: 404 len: 235 microversion: 1.1 [pid: 8|app: 0|req: 460/923] 10.0.0.24 () {32 vars in 813 bytes} [Fri Jul 10 01:06:30 2026] GET /resource_providers/300113ee-7b7c-4d71-9d2c-c2c5a5f6e33e/aggregates => generated 235 bytes in 10 msecs (HTTP/1.1 404) 5 headers in 202 bytes (1 switches on core 0)
2026-07-10 01:06:30.075 7 INFO placement.requestlog [None req-527f0cdd-8c78-459d-bf62-0565adc9e038 1799da5e8c99424694cc760419f3d1e5 fe416a470a614458b8af812f7dc052b1 - - dbea2da8175c4d99a89ed13ce85ef65e dbea2da8175c4d99a89ed13ce85ef65e] 10.0.0.24 "DELETE /resource_providers/300113ee-7b7c-4d71-9d2c-c2c5a5f6e33e" status: 404 len: 246 microversion: 1.1 [pid: 7|app: 0|req: 464/924] 10.0.0.24 () {34 vars in 813 bytes} [Fri Jul 10 01:06:30 2026] DELETE /resource_providers/300113ee-7b7c-4d71-9d2c-c2c5a5f6e33e => generated 246 bytes in 16 msecs (HTTP/1.1 404) 6 headers in 231 bytes (1 switches on core 0)
2026-07-10 01:06:30.080 8 INFO placement.requestlog [None req-5f39c541-e06c-4168-9789-b162a6a6f6f1 1799da5e8c99424694cc760419f3d1e5 fe416a470a614458b8af812f7dc052b1 - - dbea2da8175c4d99a89ed13ce85ef65e dbea2da8175c4d99a89ed13ce85ef65e] 10.0.0.24 "DELETE /resource_providers/300113ee-7b7c-4d71-9d2c-c2c5a5f6e33e" status: 404 len: 246 microversion: 1.1 [pid: 8|app: 0|req: 461/925] 10.0.0.24 () {34 vars in 813 bytes} [Fri Jul 10 01:06:30 2026] DELETE /resource_providers/300113ee-7b7c-4d71-9d2c-c2c5a5f6e33e => generated 246 bytes in 11 msecs (HTTP/1.1 404) 6 headers in 231 bytes (1 switches on core 0)
2026-07-10 01:06:31.482 7 INFO placement.requestlog [req-746f200f-83fa-4755-990b-bfaf596343ca req-9002c2a8-0995-4a34-a562-1b63d876586e 18b3f73f912e4714b98ae5291fa741c7 fe416a470a614458b8af812f7dc052b1 - - dbea2da8175c4d99a89ed13ce85ef65e dbea2da8175c4d99a89ed13ce85ef65e] 199.204.45.109 "GET /resource_providers/54f412de-bbf4-4907-8839-a23ce2bc01ec/allocations" status: 200 len: 54 microversion: 1.0 [pid: 7|app: 0|req: 465/926] 199.204.45.109 () {32 vars in 855 bytes} [Fri Jul 10 01:06:31 2026] GET /resource_providers/54f412de-bbf4-4907-8839-a23ce2bc01ec/allocations => generated 54 bytes in 25 msecs (HTTP/1.1 200) 6 headers in 223 bytes (1 switches on core 0)
2026-07-10 01:06:31.521 8 INFO placement.requestlog [req-746f200f-83fa-4755-990b-bfaf596343ca req-d3eb1aae-2fcb-4c9b-a25d-9194c619f188 18b3f73f912e4714b98ae5291fa741c7 fe416a470a614458b8af812f7dc052b1 - - dbea2da8175c4d99a89ed13ce85ef65e dbea2da8175c4d99a89ed13ce85ef65e] 199.204.45.109 "GET /resource_providers/54f412de-bbf4-4907-8839-a23ce2bc01ec/allocations" status: 200 len: 54 microversion: 1.0 [pid: 8|app: 0|req: 462/927] 199.204.45.109 () {32 vars in 855 bytes} [Fri Jul 10 01:06:31 2026] GET /resource_providers/54f412de-bbf4-4907-8839-a23ce2bc01ec/allocations => generated 54 bytes in 27 msecs (HTTP/1.1 200) 6 headers in 223 bytes (1 switches on core 0)
2026-07-10 01:06:32.104 7 INFO placement.requestlog [None req-7bae3fa5-4f44-4e38-aafd-fe7138306813 1799da5e8c99424694cc760419f3d1e5 fe416a470a614458b8af812f7dc052b1 - - dbea2da8175c4d99a89ed13ce85ef65e dbea2da8175c4d99a89ed13ce85ef65e] 10.0.0.24 "GET /resource_providers/323851e8-6243-4149-8b86-5069e52eb95b/aggregates" status: 404 len: 235 microversion: 1.1 [pid: 7|app: 0|req: 466/928] 10.0.0.24 () {32 vars in 813 bytes} [Fri Jul 10 01:06:32 2026] GET /resource_providers/323851e8-6243-4149-8b86-5069e52eb95b/aggregates => generated 235 bytes in 16 msecs (HTTP/1.1 404) 5 headers in 202 bytes (1 switches on core 0)
2026-07-10 01:06:32.108 8 INFO placement.requestlog [None req-2a7e0e0c-f647-4bd3-a283-9eaabaa866fb 1799da5e8c99424694cc760419f3d1e5 fe416a470a614458b8af812f7dc052b1 - - dbea2da8175c4d99a89ed13ce85ef65e dbea2da8175c4d99a89ed13ce85ef65e] 10.0.0.24 "GET /resource_providers/323851e8-6243-4149-8b86-5069e52eb95b/aggregates" status: 404 len: 235 microversion: 1.1 [pid: 8|app: 0|req: 463/929] 10.0.0.24 () {32 vars in 813 bytes} [Fri Jul 10 01:06:32 2026] GET /resource_providers/323851e8-6243-4149-8b86-5069e52eb95b/aggregates => generated 235 bytes in 9 msecs (HTTP/1.1 404) 5 headers in 202 bytes (1 switches on core 0)
2026-07-10 01:06:32.131 7 INFO placement.requestlog [None req-0724b4b5-aa31-4698-ac41-034ce21bfc6d 1799da5e8c99424694cc760419f3d1e5 fe416a470a614458b8af812f7dc052b1 - - dbea2da8175c4d99a89ed13ce85ef65e dbea2da8175c4d99a89ed13ce85ef65e] 10.0.0.24 "DELETE /resource_providers/323851e8-6243-4149-8b86-5069e52eb95b" status: 404 len: 246 microversion: 1.1 [pid: 7|app: 0|req: 467/930] 10.0.0.24 () {34 vars in 813 bytes} [Fri Jul 10 01:06:32 2026] DELETE /resource_providers/323851e8-6243-4149-8b86-5069e52eb95b => generated 246 bytes in 19 msecs (HTTP/1.1 404) 6 headers in 231 bytes (1 switches on core 0)
2026-07-10 01:06:32.137 8 INFO placement.requestlog [None req-0a0af384-5589-45aa-aa4d-669872f8e6f8 1799da5e8c99424694cc760419f3d1e5 fe416a470a614458b8af812f7dc052b1 - - dbea2da8175c4d99a89ed13ce85ef65e dbea2da8175c4d99a89ed13ce85ef65e] 10.0.0.24 "DELETE /resource_providers/323851e8-6243-4149-8b86-5069e52eb95b" status: 404 len: 246 microversion: 1.1 [pid: 8|app: 0|req: 464/931] 10.0.0.24 () {34 vars in 813 bytes} [Fri Jul 10 01:06:32 2026] DELETE /resource_providers/323851e8-6243-4149-8b86-5069e52eb95b => generated 246 bytes in 14 msecs (HTTP/1.1 404) 6 headers in 231 bytes (1 switches on core 0)
2026-07-10 01:06:32.150 7 INFO placement.requestlog [None req-ad61ed40-6825-447b-acb1-1e89bf2076fc 1799da5e8c99424694cc760419f3d1e5 fe416a470a614458b8af812f7dc052b1 - - dbea2da8175c4d99a89ed13ce85ef65e dbea2da8175c4d99a89ed13ce85ef65e] 10.0.0.24 "GET /resource_providers/5b330819-6e91-49ae-a888-a2df6589ac40/aggregates" status: 404 len: 235 microversion: 1.1 [pid: 7|app: 0|req: 468/932] 10.0.0.24 () {32 vars in 813 bytes} [Fri Jul 10 01:06:32 2026] GET /resource_providers/5b330819-6e91-49ae-a888-a2df6589ac40/aggregates => generated 235 bytes in 13 msecs (HTTP/1.1 404) 5 headers in 202 bytes (1 switches on core 0)
2026-07-10 01:06:32.159 8 INFO placement.requestlog [None req-e962f822-563f-402f-8108-6b4dbb1773b6 1799da5e8c99424694cc760419f3d1e5 fe416a470a614458b8af812f7dc052b1 - - dbea2da8175c4d99a89ed13ce85ef65e dbea2da8175c4d99a89ed13ce85ef65e] 10.0.0.24 "GET /resource_providers/5b330819-6e91-49ae-a888-a2df6589ac40/aggregates" status: 404 len: 235 microversion: 1.1 [pid: 8|app: 0|req: 465/933] 10.0.0.24 () {32 vars in 813 bytes} [Fri Jul 10 01:06:32 2026] GET /resource_providers/5b330819-6e91-49ae-a888-a2df6589ac40/aggregates => generated 235 bytes in 10 msecs (HTTP/1.1 404) 5 headers in 202 bytes (1 switches on core 0)
2026-07-10 01:06:32.170 7 INFO placement.requestlog [None req-03b590a5-6c27-4355-b480-2ff01462d804 1799da5e8c99424694cc760419f3d1e5 fe416a470a614458b8af812f7dc052b1 - - dbea2da8175c4d99a89ed13ce85ef65e dbea2da8175c4d99a89ed13ce85ef65e] 10.0.0.24 "DELETE /resource_providers/5b330819-6e91-49ae-a888-a2df6589ac40" status: 404 len: 246 microversion: 1.1 [pid: 7|app: 0|req: 469/934] 10.0.0.24 () {34 vars in 813 bytes} [Fri Jul 10 01:06:32 2026] DELETE /resource_providers/5b330819-6e91-49ae-a888-a2df6589ac40 => generated 246 bytes in 15 msecs (HTTP/1.1 404) 6 headers in 231 bytes (1 switches on core 0)
2026-07-10 01:06:32.172 8 INFO placement.requestlog [None req-047920d5-f79b-4aeb-8639-ab20250b6018 1799da5e8c99424694cc760419f3d1e5 fe416a470a614458b8af812f7dc052b1 - - dbea2da8175c4d99a89ed13ce85ef65e dbea2da8175c4d99a89ed13ce85ef65e] 10.0.0.24 "DELETE /resource_providers/5b330819-6e91-49ae-a888-a2df6589ac40" status: 404 len: 246 microversion: 1.1 [pid: 8|app: 0|req: 466/935] 10.0.0.24 () {34 vars in 813 bytes} [Fri Jul 10 01:06:32 2026] DELETE /resource_providers/5b330819-6e91-49ae-a888-a2df6589ac40 => generated 246 bytes in 6 msecs (HTTP/1.1 404) 6 headers in 231 bytes (1 switches on core 0)
2026-07-10 01:06:32.188 7 INFO placement.requestlog [None req-b5f30f67-0173-42d6-9640-1a454cc9360a 1799da5e8c99424694cc760419f3d1e5 fe416a470a614458b8af812f7dc052b1 - - dbea2da8175c4d99a89ed13ce85ef65e dbea2da8175c4d99a89ed13ce85ef65e] 10.0.0.24 "GET /resource_providers/738e1f37-8ccc-4b13-858c-a1b359dd147d/aggregates" status: 404 len: 235 microversion: 1.1 [pid: 7|app: 0|req: 470/936] 10.0.0.24 () {32 vars in 813 bytes} [Fri Jul 10 01:06:32 2026] GET /resource_providers/738e1f37-8ccc-4b13-858c-a1b359dd147d/aggregates => generated 235 bytes in 7 msecs (HTTP/1.1 404) 5 headers in 202 bytes (1 switches on core 0)
2026-07-10 01:06:32.197 8 INFO placement.requestlog [None req-8c4898ef-fe95-41c0-8e98-42c147d10733 1799da5e8c99424694cc760419f3d1e5 fe416a470a614458b8af812f7dc052b1 - - dbea2da8175c4d99a89ed13ce85ef65e dbea2da8175c4d99a89ed13ce85ef65e] 10.0.0.24 "GET /resource_providers/738e1f37-8ccc-4b13-858c-a1b359dd147d/aggregates" status: 404 len: 235 microversion: 1.1 [pid: 8|app: 0|req: 467/937] 10.0.0.24 () {32 vars in 813 bytes} [Fri Jul 10 01:06:32 2026] GET /resource_providers/738e1f37-8ccc-4b13-858c-a1b359dd147d/aggregates => generated 235 bytes in 11 msecs (HTTP/1.1 404) 5 headers in 202 bytes (1 switches on core 0)
2026-07-10 01:06:32.198 7 INFO placement.requestlog [None req-9306bdf4-355c-4181-a78e-c128a580ffeb 1799da5e8c99424694cc760419f3d1e5 fe416a470a614458b8af812f7dc052b1 - - dbea2da8175c4d99a89ed13ce85ef65e dbea2da8175c4d99a89ed13ce85ef65e] 10.0.0.24 "DELETE /resource_providers/738e1f37-8ccc-4b13-858c-a1b359dd147d" status: 404 len: 246 microversion: 1.1 [pid: 7|app: 0|req: 471/938] 10.0.0.24 () {34 vars in 813 bytes} [Fri Jul 10 01:06:32 2026] DELETE /resource_providers/738e1f37-8ccc-4b13-858c-a1b359dd147d => generated 246 bytes in 4 msecs (HTTP/1.1 404) 6 headers in 231 bytes (1 switches on core 0)
2026-07-10 01:06:32.213 8 INFO placement.requestlog [None req-44d4f2a1-1158-4a38-87de-975b74cc1e4b 1799da5e8c99424694cc760419f3d1e5 fe416a470a614458b8af812f7dc052b1 - - dbea2da8175c4d99a89ed13ce85ef65e dbea2da8175c4d99a89ed13ce85ef65e] 10.0.0.24 "DELETE /resource_providers/738e1f37-8ccc-4b13-858c-a1b359dd147d" status: 404 len: 246 microversion: 1.1 [pid: 8|app: 0|req: 468/939] 10.0.0.24 () {34 vars in 813 bytes} [Fri Jul 10 01:06:32 2026] DELETE /resource_providers/738e1f37-8ccc-4b13-858c-a1b359dd147d => generated 246 bytes in 8 msecs (HTTP/1.1 404) 6 headers in 231 bytes (1 switches on core 0)
2026-07-10 01:06:34.677 8 INFO placement.requestlog [None req-938ad8ff-d4ed-40dd-93d3-052c3f37abd8 1799da5e8c99424694cc760419f3d1e5 fe416a470a614458b8af812f7dc052b1 - - dbea2da8175c4d99a89ed13ce85ef65e dbea2da8175c4d99a89ed13ce85ef65e] 10.0.0.24 "GET /resource_providers/68c6f418-07ee-4c43-8f4a-a0d9f81ade2e/aggregates" status: 404 len: 235 microversion: 1.1 [pid: 8|app: 0|req: 469/940] 10.0.0.24 () {32 vars in 813 bytes} [Fri Jul 10 01:06:34 2026] GET /resource_providers/68c6f418-07ee-4c43-8f4a-a0d9f81ade2e/aggregates => generated 235 bytes in 10 msecs (HTTP/1.1 404) 5 headers in 202 bytes (1 switches on core 0)
2026-07-10 01:06:34.682 7 INFO placement.requestlog [req-6f89d931-0781-4476-8eea-f2ce5a4325bc req-64509bd6-86b2-4147-a630-b8562a55d29a 18b3f73f912e4714b98ae5291fa741c7 fe416a470a614458b8af812f7dc052b1 - - dbea2da8175c4d99a89ed13ce85ef65e dbea2da8175c4d99a89ed13ce85ef65e] 10.0.0.17 "GET /allocation_candidates?limit=1000&resources=DISK_GB%3A1%2CMEMORY_MB%3A512%2CVCPU%3A1&root_required=%21COMPUTE_STATUS_DISABLED" status: 200 len: 2781 microversion: 1.36 [pid: 7|app: 0|req: 472/941] 10.0.0.17 () {34 vars in 1009 bytes} [Fri Jul 10 01:06:34 2026] GET /allocation_candidates?limit=1000&resources=DISK_GB%3A1%2CMEMORY_MB%3A512%2CVCPU%3A1&root_required=%21COMPUTE_STATUS_DISABLED => generated 2781 bytes in 53 msecs (HTTP/1.1 200) 8 headers in 297 bytes (1 switches on core 0)
2026-07-10 01:06:34.686 8 INFO placement.requestlog [None req-b0d84e49-7f7c-47dc-b94e-e0a042e19dc5 1799da5e8c99424694cc760419f3d1e5 fe416a470a614458b8af812f7dc052b1 - - dbea2da8175c4d99a89ed13ce85ef65e dbea2da8175c4d99a89ed13ce85ef65e] 10.0.0.24 "GET /resource_providers/68c6f418-07ee-4c43-8f4a-a0d9f81ade2e/aggregates" status: 404 len: 235 microversion: 1.1 [pid: 8|app: 0|req: 470/942] 10.0.0.24 () {32 vars in 813 bytes} [Fri Jul 10 01:06:34 2026] GET /resource_providers/68c6f418-07ee-4c43-8f4a-a0d9f81ade2e/aggregates => generated 235 bytes in 9 msecs (HTTP/1.1 404) 5 headers in 202 bytes (1 switches on core 0)
2026-07-10 01:06:34.700 7 INFO placement.requestlog [None req-0051a9a7-0c51-470c-b222-f10ba580c533 1799da5e8c99424694cc760419f3d1e5 fe416a470a614458b8af812f7dc052b1 - - dbea2da8175c4d99a89ed13ce85ef65e dbea2da8175c4d99a89ed13ce85ef65e] 10.0.0.24 "DELETE /resource_providers/68c6f418-07ee-4c43-8f4a-a0d9f81ade2e" status: 404 len: 246 microversion: 1.1 [pid: 7|app: 0|req: 473/943] 10.0.0.24 () {34 vars in 813 bytes} [Fri Jul 10 01:06:34 2026] DELETE /resource_providers/68c6f418-07ee-4c43-8f4a-a0d9f81ade2e => generated 246 bytes in 9 msecs (HTTP/1.1 404) 6 headers in 231 bytes (1 switches on core 0)
2026-07-10 01:06:34.703 8 INFO placement.requestlog [None req-da0add54-faf1-4377-be68-cf3bfe3f2d4d 1799da5e8c99424694cc760419f3d1e5 fe416a470a614458b8af812f7dc052b1 - - dbea2da8175c4d99a89ed13ce85ef65e dbea2da8175c4d99a89ed13ce85ef65e] 10.0.0.24 "DELETE /resource_providers/68c6f418-07ee-4c43-8f4a-a0d9f81ade2e" status: 404 len: 246 microversion: 1.1 [pid: 8|app: 0|req: 471/944] 10.0.0.24 () {34 vars in 813 bytes} [Fri Jul 10 01:06:34 2026] DELETE /resource_providers/68c6f418-07ee-4c43-8f4a-a0d9f81ade2e => generated 246 bytes in 6 msecs (HTTP/1.1 404) 6 headers in 231 bytes (1 switches on core 0)
2026-07-10 01:06:34.716 7 INFO placement.requestlog [req-6f89d931-0781-4476-8eea-f2ce5a4325bc req-e153e13c-7968-45e9-ae90-f58c67edea65 18b3f73f912e4714b98ae5291fa741c7 fe416a470a614458b8af812f7dc052b1 - - dbea2da8175c4d99a89ed13ce85ef65e dbea2da8175c4d99a89ed13ce85ef65e] 10.0.0.17 "GET /allocations/4ad141de-9d05-4d18-85b5-9ee3a7e993dd" status: 200 len: 19 microversion: 1.28 [pid: 7|app: 0|req: 474/945] 10.0.0.17 () {34 vars in 858 bytes} [Fri Jul 10 01:06:34 2026] GET /allocations/4ad141de-9d05-4d18-85b5-9ee3a7e993dd => generated 19 bytes in 10 msecs (HTTP/1.1 200) 8 headers in 295 bytes (1 switches on core 0)
2026-07-10 01:06:34.788 8 INFO placement.requestlog [req-6f89d931-0781-4476-8eea-f2ce5a4325bc req-80051a1a-e320-47e7-8f9d-54382abc01f1 18b3f73f912e4714b98ae5291fa741c7 fe416a470a614458b8af812f7dc052b1 - - dbea2da8175c4d99a89ed13ce85ef65e dbea2da8175c4d99a89ed13ce85ef65e] 10.0.0.17 "PUT /allocations/4ad141de-9d05-4d18-85b5-9ee3a7e993dd" status: 204 len: 0 microversion: 1.36 [pid: 8|app: 0|req: 472/946] 10.0.0.17 () {38 vars in 911 bytes} [Fri Jul 10 01:06:34 2026] PUT /allocations/4ad141de-9d05-4d18-85b5-9ee3a7e993dd => generated 0 bytes in 64 msecs (HTTP/1.1 204) 5 headers in 199 bytes (1 switches on core 0)
2026-07-10 01:06:36.312 7 INFO placement.requestlog [req-6f89d931-0781-4476-8eea-f2ce5a4325bc req-3444c45f-9923-49a2-b638-1f66df79a59a 18b3f73f912e4714b98ae5291fa741c7 fe416a470a614458b8af812f7dc052b1 - - dbea2da8175c4d99a89ed13ce85ef65e dbea2da8175c4d99a89ed13ce85ef65e] 199.204.45.109 "GET /allocations/4ad141de-9d05-4d18-85b5-9ee3a7e993dd" status: 200 len: 258 microversion: 1.28 [pid: 7|app: 0|req: 475/947] 199.204.45.109 () {34 vars in 861 bytes} [Fri Jul 10 01:06:36 2026] GET /allocations/4ad141de-9d05-4d18-85b5-9ee3a7e993dd => generated 258 bytes in 13 msecs (HTTP/1.1 200) 8 headers in 296 bytes (1 switches on core 0)
2026-07-10 01:06:36.731 8 INFO placement.requestlog [None req-5e218e94-6776-4f1f-93d0-39396fbaf8a2 1799da5e8c99424694cc760419f3d1e5 fe416a470a614458b8af812f7dc052b1 - - dbea2da8175c4d99a89ed13ce85ef65e dbea2da8175c4d99a89ed13ce85ef65e] 10.0.0.24 "GET /resource_providers/e852bfd3-1fca-447a-b133-d4ecda9b309e/aggregates" status: 404 len: 235 microversion: 1.1 [pid: 8|app: 0|req: 473/948] 10.0.0.24 () {32 vars in 813 bytes} [Fri Jul 10 01:06:36 2026] GET /resource_providers/e852bfd3-1fca-447a-b133-d4ecda9b309e/aggregates => generated 235 bytes in 12 msecs (HTTP/1.1 404) 5 headers in 202 bytes (1 switches on core 0)
2026-07-10 01:06:36.745 7 INFO placement.requestlog [None req-349e07e1-d404-4f53-a84f-f92d3cacf915 1799da5e8c99424694cc760419f3d1e5 fe416a470a614458b8af812f7dc052b1 - - dbea2da8175c4d99a89ed13ce85ef65e dbea2da8175c4d99a89ed13ce85ef65e] 10.0.0.24 "GET /resource_providers/e852bfd3-1fca-447a-b133-d4ecda9b309e/aggregates" status: 404 len: 235 microversion: 1.1 [pid: 7|app: 0|req: 476/949] 10.0.0.24 () {32 vars in 813 bytes} [Fri Jul 10 01:06:36 2026] GET /resource_providers/e852bfd3-1fca-447a-b133-d4ecda9b309e/aggregates => generated 235 bytes in 19 msecs (HTTP/1.1 404) 5 headers in 202 bytes (1 switches on core 0)
2026-07-10 01:06:36.757 8 INFO placement.requestlog [None req-3437b8b5-5aff-44f4-b4f7-aa761cfe23ba 1799da5e8c99424694cc760419f3d1e5 fe416a470a614458b8af812f7dc052b1 - - dbea2da8175c4d99a89ed13ce85ef65e dbea2da8175c4d99a89ed13ce85ef65e] 10.0.0.24 "DELETE /resource_providers/e852bfd3-1fca-447a-b133-d4ecda9b309e" status: 404 len: 246 microversion: 1.1 [pid: 8|app: 0|req: 474/950] 10.0.0.24 () {34 vars in 813 bytes} [Fri Jul 10 01:06:36 2026] DELETE /resource_providers/e852bfd3-1fca-447a-b133-d4ecda9b309e => generated 246 bytes in 18 msecs (HTTP/1.1 404) 6 headers in 231 bytes (1 switches on core 0)
2026-07-10 01:06:36.765 7 INFO placement.requestlog [None req-785c48ae-940e-460b-9206-7cad4c76e9da 1799da5e8c99424694cc760419f3d1e5 fe416a470a614458b8af812f7dc052b1 - - dbea2da8175c4d99a89ed13ce85ef65e dbea2da8175c4d99a89ed13ce85ef65e] 10.0.0.24 "DELETE /resource_providers/e852bfd3-1fca-447a-b133-d4ecda9b309e" status: 404 len: 246 microversion: 1.1 [pid: 7|app: 0|req: 477/951] 10.0.0.24 () {34 vars in 813 bytes} [Fri Jul 10 01:06:36 2026] DELETE /resource_providers/e852bfd3-1fca-447a-b133-d4ecda9b309e => generated 246 bytes in 12 msecs (HTTP/1.1 404) 6 headers in 231 bytes (1 switches on core 0)
2026-07-10 01:06:36.787 8 INFO placement.requestlog [None req-c8e0ccf9-c58e-420d-afb3-f3550781bfb1 1799da5e8c99424694cc760419f3d1e5 fe416a470a614458b8af812f7dc052b1 - - dbea2da8175c4d99a89ed13ce85ef65e dbea2da8175c4d99a89ed13ce85ef65e] 10.0.0.24 "GET /resource_providers/495165b1-4ab5-4579-951d-5001fbdd29a9/aggregates" status: 404 len: 235 microversion: 1.1 [pid: 8|app: 0|req: 475/952] 10.0.0.24 () {32 vars in 813 bytes} [Fri Jul 10 01:06:36 2026] GET /resource_providers/495165b1-4ab5-4579-951d-5001fbdd29a9/aggregates => generated 235 bytes in 14 msecs (HTTP/1.1 404) 5 headers in 202 bytes (1 switches on core 0)
2026-07-10 01:06:36.790 7 INFO placement.requestlog [None req-9381ddb6-ac8b-4e29-aff3-12454bd41724 1799da5e8c99424694cc760419f3d1e5 fe416a470a614458b8af812f7dc052b1 - - dbea2da8175c4d99a89ed13ce85ef65e dbea2da8175c4d99a89ed13ce85ef65e] 10.0.0.24 "GET /resource_providers/495165b1-4ab5-4579-951d-5001fbdd29a9/aggregates" status: 404 len: 235 microversion: 1.1 [pid: 7|app: 0|req: 478/953] 10.0.0.24 () {32 vars in 813 bytes} [Fri Jul 10 01:06:36 2026] GET /resource_providers/495165b1-4ab5-4579-951d-5001fbdd29a9/aggregates => generated 235 bytes in 16 msecs (HTTP/1.1 404) 5 headers in 202 bytes (1 switches on core 0)
2026-07-10 01:06:36.814 8 INFO placement.requestlog [None req-c84cf02e-fa5d-4603-93fa-5e71ac62d7b1 1799da5e8c99424694cc760419f3d1e5 fe416a470a614458b8af812f7dc052b1 - - dbea2da8175c4d99a89ed13ce85ef65e dbea2da8175c4d99a89ed13ce85ef65e] 10.0.0.24 "DELETE /resource_providers/495165b1-4ab5-4579-951d-5001fbdd29a9" status: 404 len: 246 microversion: 1.1 [pid: 8|app: 0|req: 476/954] 10.0.0.24 () {34 vars in 813 bytes} [Fri Jul 10 01:06:36 2026] DELETE /resource_providers/495165b1-4ab5-4579-951d-5001fbdd29a9 => generated 246 bytes in 12 msecs (HTTP/1.1 404) 6 headers in 231 bytes (1 switches on core 0)
2026-07-10 01:06:36.821 7 INFO placement.requestlog [None req-f7fd0d18-6615-4498-becf-b9ef48a5057f 1799da5e8c99424694cc760419f3d1e5 fe416a470a614458b8af812f7dc052b1 - - dbea2da8175c4d99a89ed13ce85ef65e dbea2da8175c4d99a89ed13ce85ef65e] 10.0.0.24 "DELETE /resource_providers/495165b1-4ab5-4579-951d-5001fbdd29a9" status: 404 len: 246 microversion: 1.1 [pid: 7|app: 0|req: 479/955] 10.0.0.24 () {34 vars in 813 bytes} [Fri Jul 10 01:06:36 2026] DELETE /resource_providers/495165b1-4ab5-4579-951d-5001fbdd29a9 => generated 246 bytes in 19 msecs (HTTP/1.1 404) 6 headers in 231 bytes (1 switches on core 0)
2026-07-10 01:06:36.843 8 INFO placement.requestlog [None req-fe7a8a67-8371-40e2-aed1-4e57b652806d 1799da5e8c99424694cc760419f3d1e5 fe416a470a614458b8af812f7dc052b1 - - dbea2da8175c4d99a89ed13ce85ef65e dbea2da8175c4d99a89ed13ce85ef65e] 10.0.0.24 "GET /resource_providers/54b3f008-9110-4742-b713-1f1e993c1bec/aggregates" status: 404 len: 235 microversion: 1.1 [pid: 8|app: 0|req: 477/956] 10.0.0.24 () {32 vars in 813 bytes} [Fri Jul 10 01:06:36 2026] GET /resource_providers/54b3f008-9110-4742-b713-1f1e993c1bec/aggregates => generated 235 bytes in 8 msecs (HTTP/1.1 404) 5 headers in 202 bytes (1 switches on core 0)
2026-07-10 01:06:36.849 7 INFO placement.requestlog [None req-2c512787-06e3-4279-b78a-68379fff7dee 1799da5e8c99424694cc760419f3d1e5 fe416a470a614458b8af812f7dc052b1 - - dbea2da8175c4d99a89ed13ce85ef65e dbea2da8175c4d99a89ed13ce85ef65e] 10.0.0.24 "GET /resource_providers/54b3f008-9110-4742-b713-1f1e993c1bec/aggregates" status: 404 len: 235 microversion: 1.1 [pid: 7|app: 0|req: 480/957] 10.0.0.24 () {32 vars in 813 bytes} [Fri Jul 10 01:06:36 2026] GET /resource_providers/54b3f008-9110-4742-b713-1f1e993c1bec/aggregates => generated 235 bytes in 13 msecs (HTTP/1.1 404) 5 headers in 202 bytes (1 switches on core 0)
2026-07-10 01:06:36.869 8 INFO placement.requestlog [None req-2cf00289-5a3a-4e73-92be-026e0f86ed1d 1799da5e8c99424694cc760419f3d1e5 fe416a470a614458b8af812f7dc052b1 - - dbea2da8175c4d99a89ed13ce85ef65e dbea2da8175c4d99a89ed13ce85ef65e] 10.0.0.24 "DELETE /resource_providers/54b3f008-9110-4742-b713-1f1e993c1bec" status: 404 len: 246 microversion: 1.1 [pid: 8|app: 0|req: 478/958] 10.0.0.24 () {34 vars in 813 bytes} [Fri Jul 10 01:06:36 2026] DELETE /resource_providers/54b3f008-9110-4742-b713-1f1e993c1bec => generated 246 bytes in 9 msecs (HTTP/1.1 404) 6 headers in 231 bytes (1 switches on core 0)
2026-07-10 01:06:36.873 7 INFO placement.requestlog [None req-6592d37a-cc80-4e28-9dde-a64f11abf9ca 1799da5e8c99424694cc760419f3d1e5 fe416a470a614458b8af812f7dc052b1 - - dbea2da8175c4d99a89ed13ce85ef65e dbea2da8175c4d99a89ed13ce85ef65e] 10.0.0.24 "DELETE /resource_providers/54b3f008-9110-4742-b713-1f1e993c1bec" status: 404 len: 246 microversion: 1.1 [pid: 7|app: 0|req: 481/959] 10.0.0.24 () {34 vars in 813 bytes} [Fri Jul 10 01:06:36 2026] DELETE /resource_providers/54b3f008-9110-4742-b713-1f1e993c1bec => generated 246 bytes in 10 msecs (HTTP/1.1 404) 6 headers in 231 bytes (1 switches on core 0)
2026-07-10 01:06:37.362 8 INFO placement.requestlog [req-6f89d931-0781-4476-8eea-f2ce5a4325bc req-932669cc-2cc5-4fab-9f27-f04c600aca7c 18b3f73f912e4714b98ae5291fa741c7 fe416a470a614458b8af812f7dc052b1 - - dbea2da8175c4d99a89ed13ce85ef65e dbea2da8175c4d99a89ed13ce85ef65e] 199.204.45.109 "GET /resource_providers/54f412de-bbf4-4907-8839-a23ce2bc01ec/allocations" status: 200 len: 153 microversion: 1.0 [pid: 8|app: 0|req: 479/960] 199.204.45.109 () {32 vars in 855 bytes} [Fri Jul 10 01:06:37 2026] GET /resource_providers/54f412de-bbf4-4907-8839-a23ce2bc01ec/allocations => generated 153 bytes in 28 msecs (HTTP/1.1 200) 6 headers in 224 bytes (1 switches on core 0)
2026-07-10 01:06:37.384 7 INFO placement.requestlog [req-6f89d931-0781-4476-8eea-f2ce5a4325bc req-0d16de8b-93c3-4a8b-84f9-96ae9f3c7b84 18b3f73f912e4714b98ae5291fa741c7 fe416a470a614458b8af812f7dc052b1 - - dbea2da8175c4d99a89ed13ce85ef65e dbea2da8175c4d99a89ed13ce85ef65e] 199.204.45.109 "GET /allocations/4ad141de-9d05-4d18-85b5-9ee3a7e993dd" status: 200 len: 258 microversion: 1.28 [pid: 7|app: 0|req: 482/961] 199.204.45.109 () {34 vars in 861 bytes} [Fri Jul 10 01:06:37 2026] GET /allocations/4ad141de-9d05-4d18-85b5-9ee3a7e993dd => generated 258 bytes in 15 msecs (HTTP/1.1 200) 8 headers in 296 bytes (1 switches on core 0)
2026-07-10 01:06:39.123 8 INFO placement.requestlog [None req-edd421b4-3669-44da-a426-741f22dd675e - - - - - -] 10.0.0.56 "GET /" status: 200 len: 136 microversion: 1.0
2026-07-10 01:06:39.124 7 INFO placement.requestlog [None req-e07dd810-c335-4932-8dd7-7c8b08b65ae1 - - - - - -] 10.0.0.56 "GET /" status: 200 len: 136 microversion: 1.0
2026-07-10 01:06:41.316 7 INFO placement.requestlog [None req-a7bcb39c-0b3b-47a7-a4b0-01a668d118f7 1799da5e8c99424694cc760419f3d1e5 fe416a470a614458b8af812f7dc052b1 - - dbea2da8175c4d99a89ed13ce85ef65e dbea2da8175c4d99a89ed13ce85ef65e] 10.0.0.24 "GET /resource_providers/be75c092-d8ad-447f-98f2-7f46344d87a0/aggregates" status: 404 len: 235 microversion: 1.1 [pid: 7|app: 0|req: 484/964] 10.0.0.24 () {32 vars in 813 bytes} [Fri Jul 10 01:06:41 2026] GET /resource_providers/be75c092-d8ad-447f-98f2-7f46344d87a0/aggregates => generated 235 bytes in 10 msecs (HTTP/1.1 404) 5 headers in 202 bytes (1 switches on core 0)
