2026-07-10 01:05:13.596 7 INFO cinder.api.openstack.wsgi [req-0b9d6dc0-145c-4bce-ad58-bc573cae2b7c req-c30ddcf6-511c-47c2-8a74-0a13a900e012 6f70b123a51544d38dce34ea3b8e2643 dfce03c76f6647cb9ff07e7655794ea5 - - default default] DELETE http://cinder-api.openstack.svc.cluster.local:8776/v3/dfce03c76f6647cb9ff07e7655794ea5/attachments/96cc20a7-fa17-49d0-b054-cb257b57e31a /var/lib/openstack/lib/python3.12/site-packages/oslo_context/context.py:102: DeprecationWarning: Policy enforcement is depending on the value of is_admin. This key is deprecated. Please update your policy file to use the standard policy values. warnings.warn(
2026-07-10 01:05:14.158 7 INFO cinder.api.openstack.wsgi [req-0b9d6dc0-145c-4bce-ad58-bc573cae2b7c req-c30ddcf6-511c-47c2-8a74-0a13a900e012 6f70b123a51544d38dce34ea3b8e2643 dfce03c76f6647cb9ff07e7655794ea5 - - default default] http://cinder-api.openstack.svc.cluster.local:8776/v3/dfce03c76f6647cb9ff07e7655794ea5/attachments/96cc20a7-fa17-49d0-b054-cb257b57e31a returned with HTTP 200 [pid: 7|app: 0|req: 382/760] 199.204.45.109 () {38 vars in 1102 bytes} [Fri Jul 10 01:05:13 2026] DELETE /v3/dfce03c76f6647cb9ff07e7655794ea5/attachments/96cc20a7-fa17-49d0-b054-cb257b57e31a => generated 19 bytes in 571 msecs (HTTP/1.1 200) 7 headers in 285 bytes (1 switches on core 0)
2026-07-10 01:05:17.445 7 INFO cinder.api.openstack.wsgi [req-0b9d6dc0-145c-4bce-ad58-bc573cae2b7c req-c30ddcf6-511c-47c2-8a74-0a13a900e012 6f70b123a51544d38dce34ea3b8e2643 dfce03c76f6647cb9ff07e7655794ea5 - - default default] GET http://10.0.0.65:8776/
2026-07-10 01:05:17.445 8 INFO cinder.api.openstack.wsgi [req-0b9d6dc0-145c-4bce-ad58-bc573cae2b7c req-805e50e1-7e38-4791-930e-67a984bdd91b 6f70b123a51544d38dce34ea3b8e2643 dfce03c76f6647cb9ff07e7655794ea5 - - default default] GET http://10.0.0.65:8776/
2026-07-10 01:05:17.445 7 INFO cinder.api.openstack.wsgi [req-0b9d6dc0-145c-4bce-ad58-bc573cae2b7c req-c30ddcf6-511c-47c2-8a74-0a13a900e012 6f70b123a51544d38dce34ea3b8e2643 dfce03c76f6647cb9ff07e7655794ea5 - - default default] http://10.0.0.65:8776/ returned with HTTP 300
2026-07-10 01:05:17.446 8 INFO cinder.api.openstack.wsgi [req-0b9d6dc0-145c-4bce-ad58-bc573cae2b7c req-805e50e1-7e38-4791-930e-67a984bdd91b 6f70b123a51544d38dce34ea3b8e2643 dfce03c76f6647cb9ff07e7655794ea5 - - default default] http://10.0.0.65:8776/ returned with HTTP 300 /var/lib/openstack/lib/python3.12/site-packages/pycadf/identifier.py:70: UserWarning: Invalid uuid: cinderv3. To ensure interoperability, identifiers should be a valid uuid. warnings.warn(('Invalid uuid: %s. To ensure interoperability, '
2026-07-10 01:05:19.197 7 INFO cinder.api.openstack.wsgi [req-dd6bf774-7cfd-41aa-a0f0-cf68d9f0156e req-227c46dc-27b0-4fd1-90bb-eb3d84f7804a 6f70b123a51544d38dce34ea3b8e2643 dfce03c76f6647cb9ff07e7655794ea5 - - default default] DELETE http://cinder-api.openstack.svc.cluster.local:8776/v3/dfce03c76f6647cb9ff07e7655794ea5/attachments/96cc20a7-fa17-49d0-b054-cb257b57e31a
2026-07-10 01:05:19.204 7 INFO cinder.api.openstack.wsgi [req-dd6bf774-7cfd-41aa-a0f0-cf68d9f0156e req-227c46dc-27b0-4fd1-90bb-eb3d84f7804a 6f70b123a51544d38dce34ea3b8e2643 dfce03c76f6647cb9ff07e7655794ea5 - - default default] http://cinder-api.openstack.svc.cluster.local:8776/v3/dfce03c76f6647cb9ff07e7655794ea5/attachments/96cc20a7-fa17-49d0-b054-cb257b57e31a returned with HTTP 404 [pid: 7|app: 0|req: 384/763] 10.0.0.144 () {38 vars in 1098 bytes} [Fri Jul 10 01:05:19 2026] DELETE /v3/dfce03c76f6647cb9ff07e7655794ea5/attachments/96cc20a7-fa17-49d0-b054-cb257b57e31a => generated 149 bytes in 14 msecs (HTTP/1.1 404) 7 headers in 293 bytes (1 switches on core 0) /var/lib/openstack/lib/python3.12/site-packages/pycadf/identifier.py:70: UserWarning: Invalid uuid: cinderv3. To ensure interoperability, identifiers should be a valid uuid. warnings.warn(('Invalid uuid: %s. To ensure interoperability, '
2026-07-10 01:05:19.216 8 INFO cinder.api.openstack.wsgi [req-dd6bf774-7cfd-41aa-a0f0-cf68d9f0156e req-2c476916-dea5-4169-864b-f392456418e2 6f70b123a51544d38dce34ea3b8e2643 dfce03c76f6647cb9ff07e7655794ea5 - - default default] DELETE http://cinder-api.openstack.svc.cluster.local:8776/v3/dfce03c76f6647cb9ff07e7655794ea5/volumes/ddcffd62-3ca7-4114-9314-2c42a1239c7b
2026-07-10 01:05:19.217 8 INFO cinder.api.v3.volumes [req-dd6bf774-7cfd-41aa-a0f0-cf68d9f0156e req-2c476916-dea5-4169-864b-f392456418e2 6f70b123a51544d38dce34ea3b8e2643 dfce03c76f6647cb9ff07e7655794ea5 - - default default] Delete volume with id: ddcffd62-3ca7-4114-9314-2c42a1239c7b /var/lib/openstack/lib/python3.12/site-packages/oslo_context/context.py:102: DeprecationWarning: Policy enforcement is depending on the value of is_admin. This key is deprecated. Please update your policy file to use the standard policy values. warnings.warn(
2026-07-10 01:05:19.228 8 INFO cinder.volume.api [req-dd6bf774-7cfd-41aa-a0f0-cf68d9f0156e req-2c476916-dea5-4169-864b-f392456418e2 6f70b123a51544d38dce34ea3b8e2643 dfce03c76f6647cb9ff07e7655794ea5 - - default default] Volume info retrieved successfully.
2026-07-10 01:05:19.266 8 INFO cinder.volume.api [req-dd6bf774-7cfd-41aa-a0f0-cf68d9f0156e req-2c476916-dea5-4169-864b-f392456418e2 6f70b123a51544d38dce34ea3b8e2643 dfce03c76f6647cb9ff07e7655794ea5 - - default default] Delete volume request issued successfully.
2026-07-10 01:05:19.266 8 INFO cinder.api.openstack.wsgi [req-dd6bf774-7cfd-41aa-a0f0-cf68d9f0156e req-2c476916-dea5-4169-864b-f392456418e2 6f70b123a51544d38dce34ea3b8e2643 dfce03c76f6647cb9ff07e7655794ea5 - - default default] http://cinder-api.openstack.svc.cluster.local:8776/v3/dfce03c76f6647cb9ff07e7655794ea5/volumes/ddcffd62-3ca7-4114-9314-2c42a1239c7b returned with HTTP 202 [pid: 8|app: 0|req: 380/764] 10.0.0.144 () {36 vars in 1049 bytes} [Fri Jul 10 01:05:19 2026] DELETE /v3/dfce03c76f6647cb9ff07e7655794ea5/volumes/ddcffd62-3ca7-4114-9314-2c42a1239c7b => generated 0 bytes in 56 msecs (HTTP/1.1 202) 6 headers in 233 bytes (1 switches on core 0)
2026-07-10 01:05:27.444 7 INFO cinder.api.openstack.wsgi [req-dd6bf774-7cfd-41aa-a0f0-cf68d9f0156e req-227c46dc-27b0-4fd1-90bb-eb3d84f7804a 6f70b123a51544d38dce34ea3b8e2643 dfce03c76f6647cb9ff07e7655794ea5 - - default default] GET http://10.0.0.65:8776/
2026-07-10 01:05:27.445 7 INFO cinder.api.openstack.wsgi [req-dd6bf774-7cfd-41aa-a0f0-cf68d9f0156e req-227c46dc-27b0-4fd1-90bb-eb3d84f7804a 6f70b123a51544d38dce34ea3b8e2643 dfce03c76f6647cb9ff07e7655794ea5 - - default default] http://10.0.0.65:8776/ returned with HTTP 300
2026-07-10 01:05:27.446 8 INFO cinder.api.openstack.wsgi [req-dd6bf774-7cfd-41aa-a0f0-cf68d9f0156e req-2c476916-dea5-4169-864b-f392456418e2 6f70b123a51544d38dce34ea3b8e2643 dfce03c76f6647cb9ff07e7655794ea5 - - default default] GET http://10.0.0.65:8776/
2026-07-10 01:05:27.447 8 INFO cinder.api.openstack.wsgi [req-dd6bf774-7cfd-41aa-a0f0-cf68d9f0156e req-2c476916-dea5-4169-864b-f392456418e2 6f70b123a51544d38dce34ea3b8e2643 dfce03c76f6647cb9ff07e7655794ea5 - - default default] http://10.0.0.65:8776/ returned with HTTP 300
2026-07-10 01:05:35.783 7 INFO cinder.api.openstack.wsgi [None req-0fda4ac6-8935-43ad-ae36-20e216b253de a52267100d4b4a1786b5876a8621eaa8 2ea8e452aa884fecadf827b5d817c870 - - default default] GET http://cinder-api.openstack.svc.cluster.local:8776/v3/2ea8e452aa884fecadf827b5d817c870/snapshots?all_tenants=true /var/lib/openstack/lib/python3.12/site-packages/oslo_context/context.py:102: DeprecationWarning: Policy enforcement is depending on the value of is_admin. This key is deprecated. Please update your policy file to use the standard policy values. warnings.warn(
2026-07-10 01:05:35.789 7 INFO cinder.volume.api [None req-0fda4ac6-8935-43ad-ae36-20e216b253de a52267100d4b4a1786b5876a8621eaa8 2ea8e452aa884fecadf827b5d817c870 - - default default] Get all snapshots completed successfully.
2026-07-10 01:05:35.789 7 INFO cinder.api.openstack.wsgi [None req-0fda4ac6-8935-43ad-ae36-20e216b253de a52267100d4b4a1786b5876a8621eaa8 2ea8e452aa884fecadf827b5d817c870 - - default default] http://cinder-api.openstack.svc.cluster.local:8776/v3/2ea8e452aa884fecadf827b5d817c870/snapshots?all_tenants=true returned with HTTP 200 [pid: 7|app: 0|req: 386/767] 10.0.0.27 () {28 vars in 672 bytes} [Fri Jul 10 01:05:35 2026] GET /v3/2ea8e452aa884fecadf827b5d817c870/snapshots?all_tenants=true => generated 17 bytes in 237 msecs (HTTP/1.1 200) 7 headers in 284 bytes (1 switches on core 0) /var/lib/openstack/lib/python3.12/site-packages/pycadf/identifier.py:70: UserWarning: Invalid uuid: cinderv3. To ensure interoperability, identifiers should be a valid uuid. warnings.warn(('Invalid uuid: %s. To ensure interoperability, '
2026-07-10 01:05:35.841 8 INFO cinder.api.openstack.wsgi [None req-7302de92-a737-4ce3-b344-2840811a8a0a a52267100d4b4a1786b5876a8621eaa8 2ea8e452aa884fecadf827b5d817c870 - - default default] GET http://cinder-api.openstack.svc.cluster.local:8776/v3/2ea8e452aa884fecadf827b5d817c870/os-quota-sets/229afa96b8654802b8a36a650eb80ac1?usage=true
2026-07-10 01:05:35.879 8 INFO cinder.api.openstack.wsgi [None req-7302de92-a737-4ce3-b344-2840811a8a0a a52267100d4b4a1786b5876a8621eaa8 2ea8e452aa884fecadf827b5d817c870 - - default default] http://cinder-api.openstack.svc.cluster.local:8776/v3/2ea8e452aa884fecadf827b5d817c870/os-quota-sets/229afa96b8654802b8a36a650eb80ac1?usage=true returned with HTTP 200 [pid: 8|app: 0|req: 382/768] 10.0.0.27 () {28 vars in 734 bytes} [Fri Jul 10 01:05:35 2026] GET /v3/2ea8e452aa884fecadf827b5d817c870/os-quota-sets/229afa96b8654802b8a36a650eb80ac1?usage=true => generated 847 bytes in 46 msecs (HTTP/1.1 200) 7 headers in 285 bytes (1 switches on core 0)
2026-07-10 01:05:35.896 7 INFO cinder.api.openstack.wsgi [None req-b9013ac1-0897-40e3-8de7-329976f1e9d2 a52267100d4b4a1786b5876a8621eaa8 2ea8e452aa884fecadf827b5d817c870 - - default default] GET http://cinder-api.openstack.svc.cluster.local:8776/v3/2ea8e452aa884fecadf827b5d817c870/os-quota-sets/2ea8e452aa884fecadf827b5d817c870?usage=true
2026-07-10 01:05:35.926 7 INFO cinder.api.openstack.wsgi [None req-b9013ac1-0897-40e3-8de7-329976f1e9d2 a52267100d4b4a1786b5876a8621eaa8 2ea8e452aa884fecadf827b5d817c870 - - default default] http://cinder-api.openstack.svc.cluster.local:8776/v3/2ea8e452aa884fecadf827b5d817c870/os-quota-sets/2ea8e452aa884fecadf827b5d817c870?usage=true returned with HTTP 200 [pid: 7|app: 0|req: 387/769] 10.0.0.27 () {28 vars in 734 bytes} [Fri Jul 10 01:05:35 2026] GET /v3/2ea8e452aa884fecadf827b5d817c870/os-quota-sets/2ea8e452aa884fecadf827b5d817c870?usage=true => generated 845 bytes in 38 msecs (HTTP/1.1 200) 7 headers in 285 bytes (1 switches on core 0)
2026-07-10 01:05:35.938 8 INFO cinder.api.openstack.wsgi [None req-15629b26-26f9-45fc-9131-9d8ed1146499 a52267100d4b4a1786b5876a8621eaa8 2ea8e452aa884fecadf827b5d817c870 - - default default] GET http://cinder-api.openstack.svc.cluster.local:8776/v3/2ea8e452aa884fecadf827b5d817c870/os-quota-sets/64e4fab87d8e4014b594cfab3e528118?usage=true
2026-07-10 01:05:35.972 8 INFO cinder.api.openstack.wsgi [None req-15629b26-26f9-45fc-9131-9d8ed1146499 a52267100d4b4a1786b5876a8621eaa8 2ea8e452aa884fecadf827b5d817c870 - - default default] http://cinder-api.openstack.svc.cluster.local:8776/v3/2ea8e452aa884fecadf827b5d817c870/os-quota-sets/64e4fab87d8e4014b594cfab3e528118?usage=true returned with HTTP 200 [pid: 8|app: 0|req: 383/770] 10.0.0.27 () {28 vars in 734 bytes} [Fri Jul 10 01:05:35 2026] GET /v3/2ea8e452aa884fecadf827b5d817c870/os-quota-sets/64e4fab87d8e4014b594cfab3e528118?usage=true => generated 847 bytes in 44 msecs (HTTP/1.1 200) 7 headers in 285 bytes (1 switches on core 0)
2026-07-10 01:05:35.987 7 INFO cinder.api.openstack.wsgi [None req-9f1e01fc-746e-4fb7-b92e-1e62fbfa5f79 a52267100d4b4a1786b5876a8621eaa8 2ea8e452aa884fecadf827b5d817c870 - - default default] GET http://cinder-api.openstack.svc.cluster.local:8776/v3/2ea8e452aa884fecadf827b5d817c870/os-quota-sets/6e48933fae6a474abca72589b8a84182?usage=true
2026-07-10 01:05:36.009 7 INFO cinder.api.openstack.wsgi [None req-9f1e01fc-746e-4fb7-b92e-1e62fbfa5f79 a52267100d4b4a1786b5876a8621eaa8 2ea8e452aa884fecadf827b5d817c870 - - default default] http://cinder-api.openstack.svc.cluster.local:8776/v3/2ea8e452aa884fecadf827b5d817c870/os-quota-sets/6e48933fae6a474abca72589b8a84182?usage=true returned with HTTP 200 [pid: 7|app: 0|req: 388/771] 10.0.0.27 () {28 vars in 734 bytes} [Fri Jul 10 01:05:35 2026] GET /v3/2ea8e452aa884fecadf827b5d817c870/os-quota-sets/6e48933fae6a474abca72589b8a84182?usage=true => generated 847 bytes in 29 msecs (HTTP/1.1 200) 7 headers in 285 bytes (1 switches on core 0)
2026-07-10 01:05:36.021 8 INFO cinder.api.openstack.wsgi [None req-f8e1d404-b135-414b-85c4-3f7741f59534 a52267100d4b4a1786b5876a8621eaa8 2ea8e452aa884fecadf827b5d817c870 - - default default] GET http://cinder-api.openstack.svc.cluster.local:8776/v3/2ea8e452aa884fecadf827b5d817c870/os-quota-sets/ada67eab385246a88460d24f423e8f9a?usage=true
2026-07-10 01:05:36.046 8 INFO cinder.api.openstack.wsgi [None req-f8e1d404-b135-414b-85c4-3f7741f59534 a52267100d4b4a1786b5876a8621eaa8 2ea8e452aa884fecadf827b5d817c870 - - default default] http://cinder-api.openstack.svc.cluster.local:8776/v3/2ea8e452aa884fecadf827b5d817c870/os-quota-sets/ada67eab385246a88460d24f423e8f9a?usage=true returned with HTTP 200 [pid: 8|app: 0|req: 384/772] 10.0.0.27 () {28 vars in 734 bytes} [Fri Jul 10 01:05:36 2026] GET /v3/2ea8e452aa884fecadf827b5d817c870/os-quota-sets/ada67eab385246a88460d24f423e8f9a?usage=true => generated 847 bytes in 32 msecs (HTTP/1.1 200) 7 headers in 285 bytes (1 switches on core 0)
2026-07-10 01:05:36.058 7 INFO cinder.api.openstack.wsgi [None req-68d0f958-dd3e-46f6-ac02-c54402b97344 a52267100d4b4a1786b5876a8621eaa8 2ea8e452aa884fecadf827b5d817c870 - - default default] GET http://cinder-api.openstack.svc.cluster.local:8776/v3/2ea8e452aa884fecadf827b5d817c870/os-quota-sets/bd9b77163e4344809e974c36664d03bc?usage=true
2026-07-10 01:05:36.093 7 INFO cinder.api.openstack.wsgi [None req-68d0f958-dd3e-46f6-ac02-c54402b97344 a52267100d4b4a1786b5876a8621eaa8 2ea8e452aa884fecadf827b5d817c870 - - default default] http://cinder-api.openstack.svc.cluster.local:8776/v3/2ea8e452aa884fecadf827b5d817c870/os-quota-sets/bd9b77163e4344809e974c36664d03bc?usage=true returned with HTTP 200 [pid: 7|app: 0|req: 389/773] 10.0.0.27 () {28 vars in 734 bytes} [Fri Jul 10 01:05:36 2026] GET /v3/2ea8e452aa884fecadf827b5d817c870/os-quota-sets/bd9b77163e4344809e974c36664d03bc?usage=true => generated 847 bytes in 44 msecs (HTTP/1.1 200) 7 headers in 285 bytes (1 switches on core 0)
2026-07-10 01:05:36.107 8 INFO cinder.api.openstack.wsgi [None req-877e637b-fdef-4535-978c-85ece79c8663 a52267100d4b4a1786b5876a8621eaa8 2ea8e452aa884fecadf827b5d817c870 - - default default] GET http://cinder-api.openstack.svc.cluster.local:8776/v3/2ea8e452aa884fecadf827b5d817c870/os-quota-sets/fe416a470a614458b8af812f7dc052b1?usage=true
2026-07-10 01:05:36.129 8 INFO cinder.api.openstack.wsgi [None req-877e637b-fdef-4535-978c-85ece79c8663 a52267100d4b4a1786b5876a8621eaa8 2ea8e452aa884fecadf827b5d817c870 - - default default] http://cinder-api.openstack.svc.cluster.local:8776/v3/2ea8e452aa884fecadf827b5d817c870/os-quota-sets/fe416a470a614458b8af812f7dc052b1?usage=true returned with HTTP 200 [pid: 8|app: 0|req: 385/774] 10.0.0.27 () {28 vars in 734 bytes} [Fri Jul 10 01:05:36 2026] GET /v3/2ea8e452aa884fecadf827b5d817c870/os-quota-sets/fe416a470a614458b8af812f7dc052b1?usage=true => generated 845 bytes in 30 msecs (HTTP/1.1 200) 7 headers in 285 bytes (1 switches on core 0)
2026-07-10 01:05:36.140 7 INFO cinder.api.openstack.wsgi [None req-9e90ce9f-0e7f-4c83-8cd5-40c6e1f47564 a52267100d4b4a1786b5876a8621eaa8 2ea8e452aa884fecadf827b5d817c870 - - default default] GET http://cinder-api.openstack.svc.cluster.local:8776/v3/2ea8e452aa884fecadf827b5d817c870/volumes/detail?all_tenants=true
2026-07-10 01:05:36.149 7 INFO cinder.volume.api [None req-9e90ce9f-0e7f-4c83-8cd5-40c6e1f47564 a52267100d4b4a1786b5876a8621eaa8 2ea8e452aa884fecadf827b5d817c870 - - default default] Get all volumes completed successfully.
2026-07-10 01:05:36.151 7 INFO cinder.api.openstack.wsgi [None req-9e90ce9f-0e7f-4c83-8cd5-40c6e1f47564 a52267100d4b4a1786b5876a8621eaa8 2ea8e452aa884fecadf827b5d817c870 - - default default] http://cinder-api.openstack.svc.cluster.local:8776/v3/2ea8e452aa884fecadf827b5d817c870/volumes/detail?all_tenants=true returned with HTTP 200 [pid: 7|app: 0|req: 390/775] 10.0.0.27 () {28 vars in 682 bytes} [Fri Jul 10 01:05:36 2026] GET /v3/2ea8e452aa884fecadf827b5d817c870/volumes/detail?all_tenants=true => generated 15 bytes in 18 msecs (HTTP/1.1 200) 7 headers in 284 bytes (1 switches on core 0)
2026-07-10 01:05:36.159 8 INFO cinder.api.openstack.wsgi [None req-c15dc464-9673-4e8d-a5b1-982601cc3dd1 a52267100d4b4a1786b5876a8621eaa8 2ea8e452aa884fecadf827b5d817c870 - - default default] GET http://cinder-api.openstack.svc.cluster.local:8776/v3/2ea8e452aa884fecadf827b5d817c870/os-services
2026-07-10 01:05:36.165 8 INFO cinder.api.openstack.wsgi [None req-c15dc464-9673-4e8d-a5b1-982601cc3dd1 a52267100d4b4a1786b5876a8621eaa8 2ea8e452aa884fecadf827b5d817c870 - - default default] http://cinder-api.openstack.svc.cluster.local:8776/v3/2ea8e452aa884fecadf827b5d817c870/os-services returned with HTTP 200 [pid: 8|app: 0|req: 386/776] 10.0.0.27 () {28 vars in 643 bytes} [Fri Jul 10 01:05:36 2026] GET /v3/2ea8e452aa884fecadf827b5d817c870/os-services => generated 646 bytes in 11 msecs (HTTP/1.1 200) 7 headers in 285 bytes (1 switches on core 0)
2026-07-10 01:05:36.177 7 INFO cinder.api.openstack.wsgi [None req-4bfbbb80-cee7-40c0-855b-636c8d493833 a52267100d4b4a1786b5876a8621eaa8 2ea8e452aa884fecadf827b5d817c870 - - default default] GET http://cinder-api.openstack.svc.cluster.local:8776/v3/2ea8e452aa884fecadf827b5d817c870/scheduler-stats/get_pools?detail=true
2026-07-10 01:05:36.681 7 INFO cinder.api.openstack.wsgi [None req-4bfbbb80-cee7-40c0-855b-636c8d493833 a52267100d4b4a1786b5876a8621eaa8 2ea8e452aa884fecadf827b5d817c870 - - default default] http://cinder-api.openstack.svc.cluster.local:8776/v3/2ea8e452aa884fecadf827b5d817c870/scheduler-stats/get_pools?detail=true returned with HTTP 200 [pid: 7|app: 0|req: 391/777] 10.0.0.27 () {28 vars in 694 bytes} [Fri Jul 10 01:05:36 2026] GET /v3/2ea8e452aa884fecadf827b5d817c870/scheduler-stats/get_pools?detail=true => generated 670 bytes in 513 msecs (HTTP/1.1 200) 7 headers in 285 bytes (1 switches on core 0)
2026-07-10 01:05:36.693 8 INFO cinder.api.openstack.wsgi [None req-e2ee6a2c-7854-418e-bc66-09aa4a515b95 a52267100d4b4a1786b5876a8621eaa8 2ea8e452aa884fecadf827b5d817c870 - - default default] GET http://cinder-api.openstack.svc.cluster.local:8776/v3/2ea8e452aa884fecadf827b5d817c870/volumes/detail?all_tenants=true
2026-07-10 01:05:36.703 8 INFO cinder.volume.api [None req-e2ee6a2c-7854-418e-bc66-09aa4a515b95 a52267100d4b4a1786b5876a8621eaa8 2ea8e452aa884fecadf827b5d817c870 - - default default] Get all volumes completed successfully.
2026-07-10 01:05:36.705 8 INFO cinder.api.openstack.wsgi [None req-e2ee6a2c-7854-418e-bc66-09aa4a515b95 a52267100d4b4a1786b5876a8621eaa8 2ea8e452aa884fecadf827b5d817c870 - - default default] http://cinder-api.openstack.svc.cluster.local:8776/v3/2ea8e452aa884fecadf827b5d817c870/volumes/detail?all_tenants=true returned with HTTP 200 [pid: 8|app: 0|req: 387/778] 10.0.0.27 () {28 vars in 682 bytes} [Fri Jul 10 01:05:36 2026] GET /v3/2ea8e452aa884fecadf827b5d817c870/volumes/detail?all_tenants=true => generated 15 bytes in 19 msecs (HTTP/1.1 200) 7 headers in 284 bytes (1 switches on core 0)
2026-07-10 01:05:37.444 7 INFO cinder.api.openstack.wsgi [None req-4bfbbb80-cee7-40c0-855b-636c8d493833 a52267100d4b4a1786b5876a8621eaa8 2ea8e452aa884fecadf827b5d817c870 - - default default] GET http://10.0.0.65:8776/
2026-07-10 01:05:37.444 8 INFO cinder.api.openstack.wsgi [None req-e2ee6a2c-7854-418e-bc66-09aa4a515b95 a52267100d4b4a1786b5876a8621eaa8 2ea8e452aa884fecadf827b5d817c870 - - default default] GET http://10.0.0.65:8776/
2026-07-10 01:05:37.446 8 INFO cinder.api.openstack.wsgi [None req-e2ee6a2c-7854-418e-bc66-09aa4a515b95 a52267100d4b4a1786b5876a8621eaa8 2ea8e452aa884fecadf827b5d817c870 - - default default] http://10.0.0.65:8776/ returned with HTTP 300
2026-07-10 01:05:37.446 7 INFO cinder.api.openstack.wsgi [None req-4bfbbb80-cee7-40c0-855b-636c8d493833 a52267100d4b4a1786b5876a8621eaa8 2ea8e452aa884fecadf827b5d817c870 - - default default] http://10.0.0.65:8776/ returned with HTTP 300
2026-07-10 01:05:47.444 7 INFO cinder.api.openstack.wsgi [None req-4bfbbb80-cee7-40c0-855b-636c8d493833 a52267100d4b4a1786b5876a8621eaa8 2ea8e452aa884fecadf827b5d817c870 - - default default] GET http://10.0.0.65:8776/
2026-07-10 01:05:47.444 8 INFO cinder.api.openstack.wsgi [None req-e2ee6a2c-7854-418e-bc66-09aa4a515b95 a52267100d4b4a1786b5876a8621eaa8 2ea8e452aa884fecadf827b5d817c870 - - default default] GET http://10.0.0.65:8776/
2026-07-10 01:05:47.444 7 INFO cinder.api.openstack.wsgi [None req-4bfbbb80-cee7-40c0-855b-636c8d493833 a52267100d4b4a1786b5876a8621eaa8 2ea8e452aa884fecadf827b5d817c870 - - default default] http://10.0.0.65:8776/ returned with HTTP 300
2026-07-10 01:05:47.445 8 INFO cinder.api.openstack.wsgi [None req-e2ee6a2c-7854-418e-bc66-09aa4a515b95 a52267100d4b4a1786b5876a8621eaa8 2ea8e452aa884fecadf827b5d817c870 - - default default] http://10.0.0.65:8776/ returned with HTTP 300
2026-07-10 01:05:49.955 7 INFO cinder.api.openstack.wsgi [None req-4bfbbb80-cee7-40c0-855b-636c8d493833 a52267100d4b4a1786b5876a8621eaa8 2ea8e452aa884fecadf827b5d817c870 - - default default] GET http://cinder-api.openstack.svc.cluster.local:8776/
2026-07-10 01:05:49.956 7 INFO cinder.api.openstack.wsgi [None req-4bfbbb80-cee7-40c0-855b-636c8d493833 a52267100d4b4a1786b5876a8621eaa8 2ea8e452aa884fecadf827b5d817c870 - - default default] http://cinder-api.openstack.svc.cluster.local:8776/ returned with HTTP 300 [pid: 7|app: 0|req: 394/783] 10.0.0.195 () {30 vars in 410 bytes} [Fri Jul 10 01:05:49 2026] GET / => generated 411 bytes in 2 msecs (HTTP/1.1 300) 5 headers in 169 bytes (1 switches on core 0)
2026-07-10 01:05:53.797 8 INFO cinder.api.openstack.wsgi [None req-1df08c3f-9c0a-4ce6-9611-d140876f6278 5e74a0fd40b748389717a08d4f6cbd96 eba86b51214a4744b906b0537e919e48 - - default default] GET http://cinder-api.openstack.svc.cluster.local:8776/v3/eba86b51214a4744b906b0537e919e48/volumes
2026-07-10 01:05:53.827 8 INFO cinder.volume.api [None req-1df08c3f-9c0a-4ce6-9611-d140876f6278 5e74a0fd40b748389717a08d4f6cbd96 eba86b51214a4744b906b0537e919e48 - - default default] Get all volumes completed successfully.
2026-07-10 01:05:53.828 8 INFO cinder.api.openstack.wsgi [None req-1df08c3f-9c0a-4ce6-9611-d140876f6278 5e74a0fd40b748389717a08d4f6cbd96 eba86b51214a4744b906b0537e919e48 - - default default] http://cinder-api.openstack.svc.cluster.local:8776/v3/eba86b51214a4744b906b0537e919e48/volumes returned with HTTP 200 [pid: 8|app: 0|req: 390/784] 10.0.0.195 () {32 vars in 700 bytes} [Fri Jul 10 01:05:53 2026] GET /v3/eba86b51214a4744b906b0537e919e48/volumes => generated 15 bytes in 233 msecs (HTTP/1.1 200) 7 headers in 284 bytes (1 switches on core 0)
2026-07-10 01:05:53.849 7 INFO cinder.api.openstack.wsgi [None req-d9d89ada-db65-42a1-befa-c7885f9516c7 5e74a0fd40b748389717a08d4f6cbd96 eba86b51214a4744b906b0537e919e48 - - default default] POST http://cinder-api.openstack.svc.cluster.local:8776/v3/eba86b51214a4744b906b0537e919e48/volumes
2026-07-10 01:05:53.854 7 INFO cinder.api.v3.volumes [None req-d9d89ada-db65-42a1-befa-c7885f9516c7 5e74a0fd40b748389717a08d4f6cbd96 eba86b51214a4744b906b0537e919e48 - - default default] Create volume of 1 GB
2026-07-10 01:05:53.867 7 INFO cinder.volume.api [None req-d9d89ada-db65-42a1-befa-c7885f9516c7 5e74a0fd40b748389717a08d4f6cbd96 eba86b51214a4744b906b0537e919e48 - - default default] Availability Zones retrieved successfully.
2026-07-10 01:05:54.251 7 INFO cinder.volume.api [None req-d9d89ada-db65-42a1-befa-c7885f9516c7 5e74a0fd40b748389717a08d4f6cbd96 eba86b51214a4744b906b0537e919e48 - - default default] Create volume request issued successfully.
2026-07-10 01:05:54.251 7 INFO cinder.api.openstack.wsgi [None req-d9d89ada-db65-42a1-befa-c7885f9516c7 5e74a0fd40b748389717a08d4f6cbd96 eba86b51214a4744b906b0537e919e48 - - default default] http://cinder-api.openstack.svc.cluster.local:8776/v3/eba86b51214a4744b906b0537e919e48/volumes returned with HTTP 202 [pid: 7|app: 0|req: 395/785] 10.0.0.195 () {34 vars in 722 bytes} [Fri Jul 10 01:05:53 2026] POST /v3/eba86b51214a4744b906b0537e919e48/volumes => generated 875 bytes in 410 msecs (HTTP/1.1 202) 7 headers in 291 bytes (1 switches on core 0)
2026-07-10 01:05:54.270 8 INFO cinder.api.openstack.wsgi [None req-7b49ee2d-eef8-4d7e-8f4d-198d64858325 5e74a0fd40b748389717a08d4f6cbd96 eba86b51214a4744b906b0537e919e48 - - default default] GET http://cinder-api.openstack.svc.cluster.local:8776/v3/eba86b51214a4744b906b0537e919e48/volumes/ad162f57-998d-4df6-a125-01c9eef8e604 /var/lib/openstack/lib/python3.12/site-packages/oslo_context/context.py:102: DeprecationWarning: Policy enforcement is depending on the value of is_admin. This key is deprecated. Please update your policy file to use the standard policy values. warnings.warn(
2026-07-10 01:05:54.287 8 INFO cinder.volume.api [None req-7b49ee2d-eef8-4d7e-8f4d-198d64858325 5e74a0fd40b748389717a08d4f6cbd96 eba86b51214a4744b906b0537e919e48 - - default default] Volume info retrieved successfully.
2026-07-10 01:05:54.291 8 INFO cinder.api.openstack.wsgi [None req-7b49ee2d-eef8-4d7e-8f4d-198d64858325 5e74a0fd40b748389717a08d4f6cbd96 eba86b51214a4744b906b0537e919e48 - - default default] http://cinder-api.openstack.svc.cluster.local:8776/v3/eba86b51214a4744b906b0537e919e48/volumes/ad162f57-998d-4df6-a125-01c9eef8e604 returned with HTTP 200 [pid: 8|app: 0|req: 391/786] 10.0.0.195 () {32 vars in 774 bytes} [Fri Jul 10 01:05:54 2026] GET /v3/eba86b51214a4744b906b0537e919e48/volumes/ad162f57-998d-4df6-a125-01c9eef8e604 => generated 943 bytes in 25 msecs (HTTP/1.1 200) 7 headers in 285 bytes (1 switches on core 0) /var/lib/openstack/lib/python3.12/site-packages/pycadf/identifier.py:70: UserWarning: Invalid uuid: cinderv3. To ensure interoperability, identifiers should be a valid uuid. warnings.warn(('Invalid uuid: %s. To ensure interoperability, '
2026-07-10 01:05:55.317 7 INFO cinder.api.openstack.wsgi [None req-124e2889-e0f5-436a-a870-d28a743c7bba 5e74a0fd40b748389717a08d4f6cbd96 eba86b51214a4744b906b0537e919e48 - - default default] GET http://cinder-api.openstack.svc.cluster.local:8776/v3/eba86b51214a4744b906b0537e919e48/volumes/ad162f57-998d-4df6-a125-01c9eef8e604 /var/lib/openstack/lib/python3.12/site-packages/oslo_context/context.py:102: DeprecationWarning: Policy enforcement is depending on the value of is_admin. This key is deprecated. Please update your policy file to use the standard policy values. warnings.warn(
2026-07-10 01:05:55.331 7 INFO cinder.volume.api [None req-124e2889-e0f5-436a-a870-d28a743c7bba 5e74a0fd40b748389717a08d4f6cbd96 eba86b51214a4744b906b0537e919e48 - - default default] Volume info retrieved successfully.
2026-07-10 01:05:55.338 7 INFO cinder.api.openstack.wsgi [None req-124e2889-e0f5-436a-a870-d28a743c7bba 5e74a0fd40b748389717a08d4f6cbd96 eba86b51214a4744b906b0537e919e48 - - default default] http://cinder-api.openstack.svc.cluster.local:8776/v3/eba86b51214a4744b906b0537e919e48/volumes/ad162f57-998d-4df6-a125-01c9eef8e604 returned with HTTP 200 [pid: 7|app: 0|req: 396/787] 10.0.0.195 () {32 vars in 774 bytes} [Fri Jul 10 01:05:55 2026] GET /v3/eba86b51214a4744b906b0537e919e48/volumes/ad162f57-998d-4df6-a125-01c9eef8e604 => generated 968 bytes in 29 msecs (HTTP/1.1 200) 7 headers in 285 bytes (1 switches on core 0) /var/lib/openstack/lib/python3.12/site-packages/pycadf/identifier.py:70: UserWarning: Invalid uuid: cinderv3. To ensure interoperability, identifiers should be a valid uuid. warnings.warn(('Invalid uuid: %s. To ensure interoperability, '
2026-07-10 01:05:55.362 8 INFO cinder.api.openstack.wsgi [None req-0c2ab792-6085-469c-9606-b62e29baa20e 5e74a0fd40b748389717a08d4f6cbd96 eba86b51214a4744b906b0537e919e48 - - default default] GET http://cinder-api.openstack.svc.cluster.local:8776/v3/eba86b51214a4744b906b0537e919e48/volumes/ad162f57-998d-4df6-a125-01c9eef8e604 /var/lib/openstack/lib/python3.12/site-packages/oslo_context/context.py:102: DeprecationWarning: Policy enforcement is depending on the value of is_admin. This key is deprecated. Please update your policy file to use the standard policy values. warnings.warn(
2026-07-10 01:05:55.380 8 INFO cinder.volume.api [None req-0c2ab792-6085-469c-9606-b62e29baa20e 5e74a0fd40b748389717a08d4f6cbd96 eba86b51214a4744b906b0537e919e48 - - default default] Volume info retrieved successfully.
2026-07-10 01:05:55.385 8 INFO cinder.api.openstack.wsgi [None req-0c2ab792-6085-469c-9606-b62e29baa20e 5e74a0fd40b748389717a08d4f6cbd96 eba86b51214a4744b906b0537e919e48 - - default default] http://cinder-api.openstack.svc.cluster.local:8776/v3/eba86b51214a4744b906b0537e919e48/volumes/ad162f57-998d-4df6-a125-01c9eef8e604 returned with HTTP 200 [pid: 8|app: 0|req: 392/788] 10.0.0.195 () {32 vars in 774 bytes} [Fri Jul 10 01:05:55 2026] GET /v3/eba86b51214a4744b906b0537e919e48/volumes/ad162f57-998d-4df6-a125-01c9eef8e604 => generated 968 bytes in 30 msecs (HTTP/1.1 200) 7 headers in 285 bytes (1 switches on core 0) /var/lib/openstack/lib/python3.12/site-packages/pycadf/identifier.py:70: UserWarning: Invalid uuid: cinderv3. To ensure interoperability, identifiers should be a valid uuid. warnings.warn(('Invalid uuid: %s. To ensure interoperability, '
2026-07-10 01:05:55.405 7 INFO cinder.api.openstack.wsgi [None req-f72107cd-20cd-43ea-be95-5b3c30167bc4 5e74a0fd40b748389717a08d4f6cbd96 eba86b51214a4744b906b0537e919e48 - - default default] POST http://cinder-api.openstack.svc.cluster.local:8776/v3/eba86b51214a4744b906b0537e919e48/volumes
2026-07-10 01:05:55.408 7 INFO cinder.api.v3.volumes [None req-f72107cd-20cd-43ea-be95-5b3c30167bc4 5e74a0fd40b748389717a08d4f6cbd96 eba86b51214a4744b906b0537e919e48 - - default default] Create volume of 1 GB
2026-07-10 01:05:55.414 7 INFO cinder.volume.api [None req-f72107cd-20cd-43ea-be95-5b3c30167bc4 5e74a0fd40b748389717a08d4f6cbd96 eba86b51214a4744b906b0537e919e48 - - default default] Availability Zones retrieved successfully.
2026-07-10 01:05:55.544 7 INFO cinder.volume.api [None req-f72107cd-20cd-43ea-be95-5b3c30167bc4 5e74a0fd40b748389717a08d4f6cbd96 eba86b51214a4744b906b0537e919e48 - - default default] Create volume request issued successfully.
2026-07-10 01:05:55.545 7 INFO cinder.api.openstack.wsgi [None req-f72107cd-20cd-43ea-be95-5b3c30167bc4 5e74a0fd40b748389717a08d4f6cbd96 eba86b51214a4744b906b0537e919e48 - - default default] http://cinder-api.openstack.svc.cluster.local:8776/v3/eba86b51214a4744b906b0537e919e48/volumes returned with HTTP 202 [pid: 7|app: 0|req: 397/789] 10.0.0.195 () {34 vars in 722 bytes} [Fri Jul 10 01:05:55 2026] POST /v3/eba86b51214a4744b906b0537e919e48/volumes => generated 875 bytes in 147 msecs (HTTP/1.1 202) 7 headers in 291 bytes (1 switches on core 0) /var/lib/openstack/lib/python3.12/site-packages/pycadf/identifier.py:70: UserWarning: Invalid uuid: cinderv3. To ensure interoperability, identifiers should be a valid uuid. warnings.warn(('Invalid uuid: %s. To ensure interoperability, '
2026-07-10 01:05:55.562 8 INFO cinder.api.openstack.wsgi [None req-27087be9-3659-457f-8bf3-47eccbedac3f 5e74a0fd40b748389717a08d4f6cbd96 eba86b51214a4744b906b0537e919e48 - - default default] GET http://cinder-api.openstack.svc.cluster.local:8776/v3/eba86b51214a4744b906b0537e919e48/volumes/960f5e60-7dba-4666-80e9-ac62c2823fd2 /var/lib/openstack/lib/python3.12/site-packages/oslo_context/context.py:102: DeprecationWarning: Policy enforcement is depending on the value of is_admin. This key is deprecated. Please update your policy file to use the standard policy values. warnings.warn(
2026-07-10 01:05:55.586 8 INFO cinder.volume.api [None req-27087be9-3659-457f-8bf3-47eccbedac3f 5e74a0fd40b748389717a08d4f6cbd96 eba86b51214a4744b906b0537e919e48 - - default default] Volume info retrieved successfully.
2026-07-10 01:05:55.590 8 INFO cinder.api.openstack.wsgi [None req-27087be9-3659-457f-8bf3-47eccbedac3f 5e74a0fd40b748389717a08d4f6cbd96 eba86b51214a4744b906b0537e919e48 - - default default] http://cinder-api.openstack.svc.cluster.local:8776/v3/eba86b51214a4744b906b0537e919e48/volumes/960f5e60-7dba-4666-80e9-ac62c2823fd2 returned with HTTP 200 [pid: 8|app: 0|req: 393/790] 10.0.0.195 () {32 vars in 774 bytes} [Fri Jul 10 01:05:55 2026] GET /v3/eba86b51214a4744b906b0537e919e48/volumes/960f5e60-7dba-4666-80e9-ac62c2823fd2 => generated 943 bytes in 33 msecs (HTTP/1.1 200) 7 headers in 285 bytes (1 switches on core 0) /var/lib/openstack/lib/python3.12/site-packages/pycadf/identifier.py:70: UserWarning: Invalid uuid: cinderv3. To ensure interoperability, identifiers should be a valid uuid. warnings.warn(('Invalid uuid: %s. To ensure interoperability, '
2026-07-10 01:05:56.611 7 INFO cinder.api.openstack.wsgi [None req-4a727128-966b-4d85-8215-c6500e5cae07 5e74a0fd40b748389717a08d4f6cbd96 eba86b51214a4744b906b0537e919e48 - - default default] GET http://cinder-api.openstack.svc.cluster.local:8776/v3/eba86b51214a4744b906b0537e919e48/volumes/960f5e60-7dba-4666-80e9-ac62c2823fd2 /var/lib/openstack/lib/python3.12/site-packages/oslo_context/context.py:102: DeprecationWarning: Policy enforcement is depending on the value of is_admin. This key is deprecated. Please update your policy file to use the standard policy values. warnings.warn(
2026-07-10 01:05:56.625 7 INFO cinder.volume.api [None req-4a727128-966b-4d85-8215-c6500e5cae07 5e74a0fd40b748389717a08d4f6cbd96 eba86b51214a4744b906b0537e919e48 - - default default] Volume info retrieved successfully.
2026-07-10 01:05:56.630 7 INFO cinder.api.openstack.wsgi [None req-4a727128-966b-4d85-8215-c6500e5cae07 5e74a0fd40b748389717a08d4f6cbd96 eba86b51214a4744b906b0537e919e48 - - default default] http://cinder-api.openstack.svc.cluster.local:8776/v3/eba86b51214a4744b906b0537e919e48/volumes/960f5e60-7dba-4666-80e9-ac62c2823fd2 returned with HTTP 200 [pid: 7|app: 0|req: 398/791] 10.0.0.195 () {32 vars in 774 bytes} [Fri Jul 10 01:05:56 2026] GET /v3/eba86b51214a4744b906b0537e919e48/volumes/960f5e60-7dba-4666-80e9-ac62c2823fd2 => generated 968 bytes in 25 msecs (HTTP/1.1 200) 7 headers in 285 bytes (1 switches on core 0) /var/lib/openstack/lib/python3.12/site-packages/pycadf/identifier.py:70: UserWarning: Invalid uuid: cinderv3. To ensure interoperability, identifiers should be a valid uuid. warnings.warn(('Invalid uuid: %s. To ensure interoperability, '
2026-07-10 01:05:56.653 8 INFO cinder.api.openstack.wsgi [None req-0c5456dc-6dbc-4e4d-a718-d36e88e4d546 5e74a0fd40b748389717a08d4f6cbd96 eba86b51214a4744b906b0537e919e48 - - default default] GET http://cinder-api.openstack.svc.cluster.local:8776/v3/eba86b51214a4744b906b0537e919e48/volumes/960f5e60-7dba-4666-80e9-ac62c2823fd2 /var/lib/openstack/lib/python3.12/site-packages/oslo_context/context.py:102: DeprecationWarning: Policy enforcement is depending on the value of is_admin. This key is deprecated. Please update your policy file to use the standard policy values. warnings.warn(
2026-07-10 01:05:56.667 8 INFO cinder.volume.api [None req-0c5456dc-6dbc-4e4d-a718-d36e88e4d546 5e74a0fd40b748389717a08d4f6cbd96 eba86b51214a4744b906b0537e919e48 - - default default] Volume info retrieved successfully.
2026-07-10 01:05:56.673 8 INFO cinder.api.openstack.wsgi [None req-0c5456dc-6dbc-4e4d-a718-d36e88e4d546 5e74a0fd40b748389717a08d4f6cbd96 eba86b51214a4744b906b0537e919e48 - - default default] http://cinder-api.openstack.svc.cluster.local:8776/v3/eba86b51214a4744b906b0537e919e48/volumes/960f5e60-7dba-4666-80e9-ac62c2823fd2 returned with HTTP 200 [pid: 8|app: 0|req: 394/792] 10.0.0.195 () {32 vars in 774 bytes} [Fri Jul 10 01:05:56 2026] GET /v3/eba86b51214a4744b906b0537e919e48/volumes/960f5e60-7dba-4666-80e9-ac62c2823fd2 => generated 968 bytes in 26 msecs (HTTP/1.1 200) 7 headers in 285 bytes (1 switches on core 0) /var/lib/openstack/lib/python3.12/site-packages/pycadf/identifier.py:70: UserWarning: Invalid uuid: cinderv3. To ensure interoperability, identifiers should be a valid uuid. warnings.warn(('Invalid uuid: %s. To ensure interoperability, '
2026-07-10 01:05:56.694 7 INFO cinder.api.openstack.wsgi [None req-f70de6df-9a5e-4a93-823b-5f0cc45d4fcf 5e74a0fd40b748389717a08d4f6cbd96 eba86b51214a4744b906b0537e919e48 - - default default] POST http://cinder-api.openstack.svc.cluster.local:8776/v3/eba86b51214a4744b906b0537e919e48/volumes
2026-07-10 01:05:56.697 7 INFO cinder.api.v3.volumes [None req-f70de6df-9a5e-4a93-823b-5f0cc45d4fcf 5e74a0fd40b748389717a08d4f6cbd96 eba86b51214a4744b906b0537e919e48 - - default default] Create volume of 1 GB
2026-07-10 01:05:56.702 7 INFO cinder.volume.api [None req-f70de6df-9a5e-4a93-823b-5f0cc45d4fcf 5e74a0fd40b748389717a08d4f6cbd96 eba86b51214a4744b906b0537e919e48 - - default default] Availability Zones retrieved successfully.
2026-07-10 01:05:56.843 7 INFO cinder.volume.api [None req-f70de6df-9a5e-4a93-823b-5f0cc45d4fcf 5e74a0fd40b748389717a08d4f6cbd96 eba86b51214a4744b906b0537e919e48 - - default default] Create volume request issued successfully.
2026-07-10 01:05:56.844 7 INFO cinder.api.openstack.wsgi [None req-f70de6df-9a5e-4a93-823b-5f0cc45d4fcf 5e74a0fd40b748389717a08d4f6cbd96 eba86b51214a4744b906b0537e919e48 - - default default] http://cinder-api.openstack.svc.cluster.local:8776/v3/eba86b51214a4744b906b0537e919e48/volumes returned with HTTP 202 [pid: 7|app: 0|req: 399/793] 10.0.0.195 () {34 vars in 722 bytes} [Fri Jul 10 01:05:56 2026] POST /v3/eba86b51214a4744b906b0537e919e48/volumes => generated 875 bytes in 156 msecs (HTTP/1.1 202) 7 headers in 291 bytes (1 switches on core 0) /var/lib/openstack/lib/python3.12/site-packages/pycadf/identifier.py:70: UserWarning: Invalid uuid: cinderv3. To ensure interoperability, identifiers should be a valid uuid. warnings.warn(('Invalid uuid: %s. To ensure interoperability, '
2026-07-10 01:05:56.868 8 INFO cinder.api.openstack.wsgi [None req-c47436e4-7415-49bb-8038-c8087f8a83dd 5e74a0fd40b748389717a08d4f6cbd96 eba86b51214a4744b906b0537e919e48 - - default default] GET http://cinder-api.openstack.svc.cluster.local:8776/v3/eba86b51214a4744b906b0537e919e48/volumes/9fefce7a-a2a1-4c88-bcc0-bdd56a69f587 /var/lib/openstack/lib/python3.12/site-packages/oslo_context/context.py:102: DeprecationWarning: Policy enforcement is depending on the value of is_admin. This key is deprecated. Please update your policy file to use the standard policy values. warnings.warn(
2026-07-10 01:05:56.890 8 INFO cinder.volume.api [None req-c47436e4-7415-49bb-8038-c8087f8a83dd 5e74a0fd40b748389717a08d4f6cbd96 eba86b51214a4744b906b0537e919e48 - - default default] Volume info retrieved successfully.
2026-07-10 01:05:56.898 8 INFO cinder.api.openstack.wsgi [None req-c47436e4-7415-49bb-8038-c8087f8a83dd 5e74a0fd40b748389717a08d4f6cbd96 eba86b51214a4744b906b0537e919e48 - - default default] http://cinder-api.openstack.svc.cluster.local:8776/v3/eba86b51214a4744b906b0537e919e48/volumes/9fefce7a-a2a1-4c88-bcc0-bdd56a69f587 returned with HTTP 200 [pid: 8|app: 0|req: 395/794] 10.0.0.195 () {32 vars in 774 bytes} [Fri Jul 10 01:05:56 2026] GET /v3/eba86b51214a4744b906b0537e919e48/volumes/9fefce7a-a2a1-4c88-bcc0-bdd56a69f587 => generated 943 bytes in 42 msecs (HTTP/1.1 200) 7 headers in 285 bytes (1 switches on core 0)
2026-07-10 01:05:57.443 7 INFO cinder.api.openstack.wsgi [None req-f70de6df-9a5e-4a93-823b-5f0cc45d4fcf 5e74a0fd40b748389717a08d4f6cbd96 eba86b51214a4744b906b0537e919e48 - - default default] GET http://10.0.0.65:8776/
2026-07-10 01:05:57.444 8 INFO cinder.api.openstack.wsgi [None req-c47436e4-7415-49bb-8038-c8087f8a83dd 5e74a0fd40b748389717a08d4f6cbd96 eba86b51214a4744b906b0537e919e48 - - default default] GET http://10.0.0.65:8776/
2026-07-10 01:05:57.444 7 INFO cinder.api.openstack.wsgi [None req-f70de6df-9a5e-4a93-823b-5f0cc45d4fcf 5e74a0fd40b748389717a08d4f6cbd96 eba86b51214a4744b906b0537e919e48 - - default default] http://10.0.0.65:8776/ returned with HTTP 300
2026-07-10 01:05:57.445 8 INFO cinder.api.openstack.wsgi [None req-c47436e4-7415-49bb-8038-c8087f8a83dd 5e74a0fd40b748389717a08d4f6cbd96 eba86b51214a4744b906b0537e919e48 - - default default] http://10.0.0.65:8776/ returned with HTTP 300 /var/lib/openstack/lib/python3.12/site-packages/pycadf/identifier.py:70: UserWarning: Invalid uuid: cinderv3. To ensure interoperability, identifiers should be a valid uuid. warnings.warn(('Invalid uuid: %s. To ensure interoperability, '
2026-07-10 01:05:57.921 8 INFO cinder.api.openstack.wsgi [None req-1fea3a71-b0f0-4c8c-99b4-4686b0fe5851 5e74a0fd40b748389717a08d4f6cbd96 eba86b51214a4744b906b0537e919e48 - - default default] GET http://cinder-api.openstack.svc.cluster.local:8776/v3/eba86b51214a4744b906b0537e919e48/volumes/9fefce7a-a2a1-4c88-bcc0-bdd56a69f587 /var/lib/openstack/lib/python3.12/site-packages/oslo_context/context.py:102: DeprecationWarning: Policy enforcement is depending on the value of is_admin. This key is deprecated. Please update your policy file to use the standard policy values. warnings.warn(
2026-07-10 01:05:57.945 8 INFO cinder.volume.api [None req-1fea3a71-b0f0-4c8c-99b4-4686b0fe5851 5e74a0fd40b748389717a08d4f6cbd96 eba86b51214a4744b906b0537e919e48 - - default default] Volume info retrieved successfully.
2026-07-10 01:05:57.950 8 INFO cinder.api.openstack.wsgi [None req-1fea3a71-b0f0-4c8c-99b4-4686b0fe5851 5e74a0fd40b748389717a08d4f6cbd96 eba86b51214a4744b906b0537e919e48 - - default default] http://cinder-api.openstack.svc.cluster.local:8776/v3/eba86b51214a4744b906b0537e919e48/volumes/9fefce7a-a2a1-4c88-bcc0-bdd56a69f587 returned with HTTP 200 [pid: 8|app: 0|req: 397/797] 10.0.0.195 () {32 vars in 774 bytes} [Fri Jul 10 01:05:57 2026] GET /v3/eba86b51214a4744b906b0537e919e48/volumes/9fefce7a-a2a1-4c88-bcc0-bdd56a69f587 => generated 968 bytes in 36 msecs (HTTP/1.1 200) 7 headers in 285 bytes (1 switches on core 0) /var/lib/openstack/lib/python3.12/site-packages/pycadf/identifier.py:70: UserWarning: Invalid uuid: cinderv3. To ensure interoperability, identifiers should be a valid uuid. warnings.warn(('Invalid uuid: %s. To ensure interoperability, '
2026-07-10 01:05:57.970 7 INFO cinder.api.openstack.wsgi [None req-bfe6929c-1486-49cf-b825-88b22294cff2 5e74a0fd40b748389717a08d4f6cbd96 eba86b51214a4744b906b0537e919e48 - - default default] GET http://cinder-api.openstack.svc.cluster.local:8776/v3/eba86b51214a4744b906b0537e919e48/volumes/9fefce7a-a2a1-4c88-bcc0-bdd56a69f587 /var/lib/openstack/lib/python3.12/site-packages/oslo_context/context.py:102: DeprecationWarning: Policy enforcement is depending on the value of is_admin. This key is deprecated. Please update your policy file to use the standard policy values. warnings.warn(
2026-07-10 01:05:57.985 7 INFO cinder.volume.api [None req-bfe6929c-1486-49cf-b825-88b22294cff2 5e74a0fd40b748389717a08d4f6cbd96 eba86b51214a4744b906b0537e919e48 - - default default] Volume info retrieved successfully.
2026-07-10 01:05:57.991 7 INFO cinder.api.openstack.wsgi [None req-bfe6929c-1486-49cf-b825-88b22294cff2 5e74a0fd40b748389717a08d4f6cbd96 eba86b51214a4744b906b0537e919e48 - - default default] http://cinder-api.openstack.svc.cluster.local:8776/v3/eba86b51214a4744b906b0537e919e48/volumes/9fefce7a-a2a1-4c88-bcc0-bdd56a69f587 returned with HTTP 200 [pid: 7|app: 0|req: 401/798] 10.0.0.195 () {32 vars in 774 bytes} [Fri Jul 10 01:05:57 2026] GET /v3/eba86b51214a4744b906b0537e919e48/volumes/9fefce7a-a2a1-4c88-bcc0-bdd56a69f587 => generated 968 bytes in 28 msecs (HTTP/1.1 200) 7 headers in 285 bytes (1 switches on core 0) /var/lib/openstack/lib/python3.12/site-packages/pycadf/identifier.py:70: UserWarning: Invalid uuid: cinderv3. To ensure interoperability, identifiers should be a valid uuid. warnings.warn(('Invalid uuid: %s. To ensure interoperability, '
2026-07-10 01:05:58.011 8 INFO cinder.api.openstack.wsgi [None req-c58f9680-da23-429d-aa3d-b9624f1fcd9b 5e74a0fd40b748389717a08d4f6cbd96 eba86b51214a4744b906b0537e919e48 - - default default] GET http://cinder-api.openstack.svc.cluster.local:8776/v3/eba86b51214a4744b906b0537e919e48/volumes
2026-07-10 01:05:58.022 8 INFO cinder.volume.api [None req-c58f9680-da23-429d-aa3d-b9624f1fcd9b 5e74a0fd40b748389717a08d4f6cbd96 eba86b51214a4744b906b0537e919e48 - - default default] Get all volumes completed successfully.
2026-07-10 01:05:58.023 8 INFO cinder.api.openstack.wsgi [None req-c58f9680-da23-429d-aa3d-b9624f1fcd9b 5e74a0fd40b748389717a08d4f6cbd96 eba86b51214a4744b906b0537e919e48 - - default default] http://cinder-api.openstack.svc.cluster.local:8776/v3/eba86b51214a4744b906b0537e919e48/volumes returned with HTTP 200 [pid: 8|app: 0|req: 398/799] 10.0.0.195 () {32 vars in 700 bytes} [Fri Jul 10 01:05:58 2026] GET /v3/eba86b51214a4744b906b0537e919e48/volumes => generated 1321 bytes in 19 msecs (HTTP/1.1 200) 7 headers in 286 bytes (1 switches on core 0) /var/lib/openstack/lib/python3.12/site-packages/pycadf/identifier.py:70: UserWarning: Invalid uuid: cinderv3. To ensure interoperability, identifiers should be a valid uuid. warnings.warn(('Invalid uuid: %s. To ensure interoperability, '
2026-07-10 01:05:58.038 7 INFO cinder.api.openstack.wsgi [None req-e293d464-9f0e-43e6-8308-f25d1061d4f7 5e74a0fd40b748389717a08d4f6cbd96 eba86b51214a4744b906b0537e919e48 - - default default] GET http://cinder-api.openstack.svc.cluster.local:8776/v3/eba86b51214a4744b906b0537e919e48/volumes/9fefce7a-a2a1-4c88-bcc0-bdd56a69f587 /var/lib/openstack/lib/python3.12/site-packages/oslo_context/context.py:102: DeprecationWarning: Policy enforcement is depending on the value of is_admin. This key is deprecated. Please update your policy file to use the standard policy values. warnings.warn(
2026-07-10 01:05:58.053 7 INFO cinder.volume.api [None req-e293d464-9f0e-43e6-8308-f25d1061d4f7 5e74a0fd40b748389717a08d4f6cbd96 eba86b51214a4744b906b0537e919e48 - - default default] Volume info retrieved successfully.
2026-07-10 01:05:58.058 7 INFO cinder.api.openstack.wsgi [None req-e293d464-9f0e-43e6-8308-f25d1061d4f7 5e74a0fd40b748389717a08d4f6cbd96 eba86b51214a4744b906b0537e919e48 - - default default] http://cinder-api.openstack.svc.cluster.local:8776/v3/eba86b51214a4744b906b0537e919e48/volumes/9fefce7a-a2a1-4c88-bcc0-bdd56a69f587 returned with HTTP 200 [pid: 7|app: 0|req: 402/800] 10.0.0.195 () {32 vars in 774 bytes} [Fri Jul 10 01:05:58 2026] GET /v3/eba86b51214a4744b906b0537e919e48/volumes/9fefce7a-a2a1-4c88-bcc0-bdd56a69f587 => generated 968 bytes in 25 msecs (HTTP/1.1 200) 7 headers in 285 bytes (1 switches on core 0) /var/lib/openstack/lib/python3.12/site-packages/pycadf/identifier.py:70: UserWarning: Invalid uuid: cinderv3. To ensure interoperability, identifiers should be a valid uuid. warnings.warn(('Invalid uuid: %s. To ensure interoperability, '
2026-07-10 01:05:58.078 8 INFO cinder.api.openstack.wsgi [None req-c1da846c-7b68-4cf5-9f02-bd5eeb3f9f37 5e74a0fd40b748389717a08d4f6cbd96 eba86b51214a4744b906b0537e919e48 - - default default] DELETE http://cinder-api.openstack.svc.cluster.local:8776/v3/eba86b51214a4744b906b0537e919e48/volumes/9fefce7a-a2a1-4c88-bcc0-bdd56a69f587
2026-07-10 01:05:58.079 8 INFO cinder.api.v3.volumes [None req-c1da846c-7b68-4cf5-9f02-bd5eeb3f9f37 5e74a0fd40b748389717a08d4f6cbd96 eba86b51214a4744b906b0537e919e48 - - default default] Delete volume with id: 9fefce7a-a2a1-4c88-bcc0-bdd56a69f587 /var/lib/openstack/lib/python3.12/site-packages/oslo_context/context.py:102: DeprecationWarning: Policy enforcement is depending on the value of is_admin. This key is deprecated. Please update your policy file to use the standard policy values. warnings.warn(
2026-07-10 01:05:58.089 8 INFO cinder.volume.api [None req-c1da846c-7b68-4cf5-9f02-bd5eeb3f9f37 5e74a0fd40b748389717a08d4f6cbd96 eba86b51214a4744b906b0537e919e48 - - default default] Volume info retrieved successfully.
2026-07-10 01:05:58.111 8 INFO cinder.volume.api [None req-c1da846c-7b68-4cf5-9f02-bd5eeb3f9f37 5e74a0fd40b748389717a08d4f6cbd96 eba86b51214a4744b906b0537e919e48 - - default default] Delete volume request issued successfully.
2026-07-10 01:05:58.111 8 INFO cinder.api.openstack.wsgi [None req-c1da846c-7b68-4cf5-9f02-bd5eeb3f9f37 5e74a0fd40b748389717a08d4f6cbd96 eba86b51214a4744b906b0537e919e48 - - default default] http://cinder-api.openstack.svc.cluster.local:8776/v3/eba86b51214a4744b906b0537e919e48/volumes/9fefce7a-a2a1-4c88-bcc0-bdd56a69f587 returned with HTTP 202 [pid: 8|app: 0|req: 399/801] 10.0.0.195 () {32 vars in 777 bytes} [Fri Jul 10 01:05:58 2026] DELETE /v3/eba86b51214a4744b906b0537e919e48/volumes/9fefce7a-a2a1-4c88-bcc0-bdd56a69f587 => generated 0 bytes in 39 msecs (HTTP/1.1 202) 6 headers in 233 bytes (1 switches on core 0) /var/lib/openstack/lib/python3.12/site-packages/pycadf/identifier.py:70: UserWarning: Invalid uuid: cinderv3. To ensure interoperability, identifiers should be a valid uuid. warnings.warn(('Invalid uuid: %s. To ensure interoperability, '
2026-07-10 01:05:58.122 7 INFO cinder.api.openstack.wsgi [None req-0b04de6e-3c19-4e7e-b6a8-9f1927539ef9 5e74a0fd40b748389717a08d4f6cbd96 eba86b51214a4744b906b0537e919e48 - - default default] GET http://cinder-api.openstack.svc.cluster.local:8776/v3/eba86b51214a4744b906b0537e919e48/volumes/9fefce7a-a2a1-4c88-bcc0-bdd56a69f587 /var/lib/openstack/lib/python3.12/site-packages/oslo_context/context.py:102: DeprecationWarning: Policy enforcement is depending on the value of is_admin. This key is deprecated. Please update your policy file to use the standard policy values. warnings.warn(
2026-07-10 01:05:58.135 7 INFO cinder.volume.api [None req-0b04de6e-3c19-4e7e-b6a8-9f1927539ef9 5e74a0fd40b748389717a08d4f6cbd96 eba86b51214a4744b906b0537e919e48 - - default default] Volume info retrieved successfully.
