2026-07-02 11:18:31.483 9 ERROR neutron.plugins.ml2.managers return f(*args, **kwargs)
2026-07-02 11:18:31.483 9 ERROR neutron.plugins.ml2.managers
File "/var/lib/openstack/lib/python3.10/site-packages/neutron_lib/db/api.py", line 186, in wrapped
2026-07-02 11:18:31.483 9 ERROR neutron.plugins.ml2.managers with excutils.save_and_reraise_exception():
2026-07-02 11:18:31.483 9 ERROR neutron.plugins.ml2.managers
File "/var/lib/openstack/lib/python3.10/site-packages/oslo_utils/excutils.py", line 227, in __exit__
2026-07-02 11:18:31.483 9 ERROR neutron.plugins.ml2.managers self.force_reraise()
2026-07-02 11:18:31.483 9 ERROR neutron.plugins.ml2.managers
File "/var/lib/openstack/lib/python3.10/site-packages/oslo_utils/excutils.py", line 200, in force_reraise
2026-07-02 11:18:31.483 9 ERROR neutron.plugins.ml2.managers raise self.value
2026-07-02 11:18:31.483 9 ERROR neutron.plugins.ml2.managers
File "/var/lib/openstack/lib/python3.10/site-packages/neutron_lib/db/api.py", line 184, in wrapped
2026-07-02 11:18:31.483 9 ERROR neutron.plugins.ml2.managers return f(*dup_args, **dup_kwargs)
2026-07-02 11:18:31.483 9 ERROR neutron.plugins.ml2.managers
File "/var/lib/openstack/lib/python3.10/site-packages/neutron/db/db_base_plugin_v2.py", line 1121, in get_subnet
2026-07-02 11:18:31.483 9 ERROR neutron.plugins.ml2.managers subnet_obj = self._get_subnet_object(context, id)
2026-07-02 11:18:31.483 9 ERROR neutron.plugins.ml2.managers
File "/var/lib/openstack/lib/python3.10/site-packages/neutron/db/db_base_plugin_common.py", line 279, in _get_subnet_object
2026-07-02 11:18:31.483 9 ERROR neutron.plugins.ml2.managers raise exceptions.SubnetNotFound(subnet_id=id)
2026-07-02 11:18:31.483 9 ERROR neutron.plugins.ml2.managers neutron_lib.exceptions.SubnetNotFound: Subnet d0f6a123-cb7f-4f7e-b393-3ef2dce2747d could not be found.
2026-07-02 11:18:31.483 9 ERROR neutron.plugins.ml2.managers 
2026-07-02 11:18:31.484 9 ERROR neutron.plugins.ml2.managers [None req-5621def6-1c67-4a73-a216-4cd214b9f5dd - - - - - -] Failed to bind port c39412ae-4d83-4c74-8057-204d41d9f531 on host instance for vnic_type normal using segments [{'id': 'd3a202e7-3a37-479f-8f2c-82496d7cf75e', 'network_type': 'vxlan', 'physical_network': None, 'segmentation_id': 613, 'network_id': '897e4c89-de46-4e9d-8191-046ef22b4b43'}]
2026-07-02 11:18:31.497 9 INFO neutron.plugins.ml2.plugin [None req-5621def6-1c67-4a73-a216-4cd214b9f5dd - - - - - -] Attempt 8 to bind port c39412ae-4d83-4c74-8057-204d41d9f531
2026-07-02 11:18:31.553 9 ERROR neutron.plugins.ml2.managers [None req-5621def6-1c67-4a73-a216-4cd214b9f5dd - - - - - -] Mechanism driver openvswitch failed in bind_port: neutron_lib.exceptions.SubnetNotFound: Subnet d0f6a123-cb7f-4f7e-b393-3ef2dce2747d could not be found.
2026-07-02 11:18:31.553 9 ERROR neutron.plugins.ml2.managers
Traceback (most recent call last):
2026-07-02 11:18:31.553 9 ERROR neutron.plugins.ml2.managers
File "/var/lib/openstack/lib/python3.10/site-packages/neutron/plugins/ml2/managers.py", line 866, in _bind_port_level
2026-07-02 11:18:31.553 9 ERROR neutron.plugins.ml2.managers driver.obj.bind_port(context)
2026-07-02 11:18:31.553 9 ERROR neutron.plugins.ml2.managers
File "/var/lib/openstack/lib/python3.10/site-packages/neutron/plugins/ml2/drivers/openvswitch/mech_driver/mech_openvswitch.py", line 133, in bind_port
2026-07-02 11:18:31.553 9 ERROR neutron.plugins.ml2.managers super(OpenvswitchMechanismDriver, self).bind_port(context)
2026-07-02 11:18:31.553 9 ERROR neutron.plugins.ml2.managers
File "/var/lib/openstack/lib/python3.10/site-packages/neutron/plugins/ml2/drivers/mech_agent.py", line 104, in bind_port
2026-07-02 11:18:31.553 9 ERROR neutron.plugins.ml2.managers subnets = self.get_subnets_from_fixed_ips(context)
2026-07-02 11:18:31.553 9 ERROR neutron.plugins.ml2.managers
File "/var/lib/openstack/lib/python3.10/site-packages/neutron/plugins/ml2/drivers/mech_agent.py", line 149, in get_subnets_from_fixed_ips
2026-07-02 11:18:31.553 9 ERROR neutron.plugins.ml2.managers subnets.append(context._plugin.get_subnet(
2026-07-02 11:18:31.553 9 ERROR neutron.plugins.ml2.managers
File "/var/lib/openstack/lib/python3.10/site-packages/neutron_lib/db/api.py", line 226, in wrapped
2026-07-02 11:18:31.553 9 ERROR neutron.plugins.ml2.managers return f_with_retry(*args, **kwargs,
2026-07-02 11:18:31.553 9 ERROR neutron.plugins.ml2.managers
File "/var/lib/openstack/lib/python3.10/site-packages/neutron_lib/db/api.py", line 140, in wrapped
2026-07-02 11:18:31.553 9 ERROR neutron.plugins.ml2.managers with excutils.save_and_reraise_exception():
2026-07-02 11:18:31.553 9 ERROR neutron.plugins.ml2.managers
File "/var/lib/openstack/lib/python3.10/site-packages/oslo_utils/excutils.py", line 227, in __exit__
2026-07-02 11:18:31.553 9 ERROR neutron.plugins.ml2.managers self.force_reraise()
2026-07-02 11:18:31.553 9 ERROR neutron.plugins.ml2.managers
File "/var/lib/openstack/lib/python3.10/site-packages/oslo_utils/excutils.py", line 200, in force_reraise
2026-07-02 11:18:31.553 9 ERROR neutron.plugins.ml2.managers raise self.value
2026-07-02 11:18:31.553 9 ERROR neutron.plugins.ml2.managers
File "/var/lib/openstack/lib/python3.10/site-packages/neutron_lib/db/api.py", line 138, in wrapped
2026-07-02 11:18:31.553 9 ERROR neutron.plugins.ml2.managers return f(*args, **kwargs)
2026-07-02 11:18:31.553 9 ERROR neutron.plugins.ml2.managers
File "/var/lib/openstack/lib/python3.10/site-packages/oslo_db/api.py", line 144, in wrapper
2026-07-02 11:18:31.553 9 ERROR neutron.plugins.ml2.managers with excutils.save_and_reraise_exception() as ectxt:
2026-07-02 11:18:31.553 9 ERROR neutron.plugins.ml2.managers
File "/var/lib/openstack/lib/python3.10/site-packages/oslo_utils/excutils.py", line 227, in __exit__
2026-07-02 11:18:31.553 9 ERROR neutron.plugins.ml2.managers self.force_reraise()
2026-07-02 11:18:31.553 9 ERROR neutron.plugins.ml2.managers
File "/var/lib/openstack/lib/python3.10/site-packages/oslo_utils/excutils.py", line 200, in force_reraise
2026-07-02 11:18:31.553 9 ERROR neutron.plugins.ml2.managers raise self.value
2026-07-02 11:18:31.553 9 ERROR neutron.plugins.ml2.managers
File "/var/lib/openstack/lib/python3.10/site-packages/oslo_db/api.py", line 142, in wrapper
2026-07-02 11:18:31.553 9 ERROR neutron.plugins.ml2.managers return f(*args, **kwargs)
2026-07-02 11:18:31.553 9 ERROR neutron.plugins.ml2.managers
File "/var/lib/openstack/lib/python3.10/site-packages/neutron_lib/db/api.py", line 186, in wrapped
2026-07-02 11:18:31.553 9 ERROR neutron.plugins.ml2.managers with excutils.save_and_reraise_exception():
2026-07-02 11:18:31.553 9 ERROR neutron.plugins.ml2.managers
File "/var/lib/openstack/lib/python3.10/site-packages/oslo_utils/excutils.py", line 227, in __exit__
2026-07-02 11:18:31.553 9 ERROR neutron.plugins.ml2.managers self.force_reraise()
2026-07-02 11:18:31.553 9 ERROR neutron.plugins.ml2.managers
File "/var/lib/openstack/lib/python3.10/site-packages/oslo_utils/excutils.py", line 200, in force_reraise
2026-07-02 11:18:31.553 9 ERROR neutron.plugins.ml2.managers raise self.value
2026-07-02 11:18:31.553 9 ERROR neutron.plugins.ml2.managers
File "/var/lib/openstack/lib/python3.10/site-packages/neutron_lib/db/api.py", line 184, in wrapped
2026-07-02 11:18:31.553 9 ERROR neutron.plugins.ml2.managers return f(*dup_args, **dup_kwargs)
2026-07-02 11:18:31.553 9 ERROR neutron.plugins.ml2.managers
File "/var/lib/openstack/lib/python3.10/site-packages/neutron/db/db_base_plugin_v2.py", line 1121, in get_subnet
2026-07-02 11:18:31.553 9 ERROR neutron.plugins.ml2.managers subnet_obj = self._get_subnet_object(context, id)
2026-07-02 11:18:31.553 9 ERROR neutron.plugins.ml2.managers
File "/var/lib/openstack/lib/python3.10/site-packages/neutron/db/db_base_plugin_common.py", line 279, in _get_subnet_object
2026-07-02 11:18:31.553 9 ERROR neutron.plugins.ml2.managers raise exceptions.SubnetNotFound(subnet_id=id)
2026-07-02 11:18:31.553 9 ERROR neutron.plugins.ml2.managers neutron_lib.exceptions.SubnetNotFound: Subnet d0f6a123-cb7f-4f7e-b393-3ef2dce2747d could not be found.
2026-07-02 11:18:31.553 9 ERROR neutron.plugins.ml2.managers 
2026-07-02 11:18:31.553 9 ERROR neutron.plugins.ml2.managers [None req-5621def6-1c67-4a73-a216-4cd214b9f5dd - - - - - -] Failed to bind port c39412ae-4d83-4c74-8057-204d41d9f531 on host instance for vnic_type normal using segments [{'id': 'd3a202e7-3a37-479f-8f2c-82496d7cf75e', 'network_type': 'vxlan', 'physical_network': None, 'segmentation_id': 613, 'network_id': '897e4c89-de46-4e9d-8191-046ef22b4b43'}]
2026-07-02 11:18:31.566 9 INFO neutron.plugins.ml2.plugin [None req-5621def6-1c67-4a73-a216-4cd214b9f5dd - - - - - -] Attempt 9 to bind port c39412ae-4d83-4c74-8057-204d41d9f531
2026-07-02 11:18:31.633 9 ERROR neutron.plugins.ml2.managers [None req-5621def6-1c67-4a73-a216-4cd214b9f5dd - - - - - -] Mechanism driver openvswitch failed in bind_port: neutron_lib.exceptions.SubnetNotFound: Subnet d0f6a123-cb7f-4f7e-b393-3ef2dce2747d could not be found.
2026-07-02 11:18:31.633 9 ERROR neutron.plugins.ml2.managers
Traceback (most recent call last):
2026-07-02 11:18:31.633 9 ERROR neutron.plugins.ml2.managers
File "/var/lib/openstack/lib/python3.10/site-packages/neutron/plugins/ml2/managers.py", line 866, in _bind_port_level
2026-07-02 11:18:31.633 9 ERROR neutron.plugins.ml2.managers driver.obj.bind_port(context)
2026-07-02 11:18:31.633 9 ERROR neutron.plugins.ml2.managers
File "/var/lib/openstack/lib/python3.10/site-packages/neutron/plugins/ml2/drivers/openvswitch/mech_driver/mech_openvswitch.py", line 133, in bind_port
2026-07-02 11:18:31.633 9 ERROR neutron.plugins.ml2.managers super(OpenvswitchMechanismDriver, self).bind_port(context)
2026-07-02 11:18:31.633 9 ERROR neutron.plugins.ml2.managers
File "/var/lib/openstack/lib/python3.10/site-packages/neutron/plugins/ml2/drivers/mech_agent.py", line 104, in bind_port
2026-07-02 11:18:31.633 9 ERROR neutron.plugins.ml2.managers subnets = self.get_subnets_from_fixed_ips(context)
2026-07-02 11:18:31.633 9 ERROR neutron.plugins.ml2.managers
File "/var/lib/openstack/lib/python3.10/site-packages/neutron/plugins/ml2/drivers/mech_agent.py", line 149, in get_subnets_from_fixed_ips
2026-07-02 11:18:31.633 9 ERROR neutron.plugins.ml2.managers subnets.append(context._plugin.get_subnet(
2026-07-02 11:18:31.633 9 ERROR neutron.plugins.ml2.managers
File "/var/lib/openstack/lib/python3.10/site-packages/neutron_lib/db/api.py", line 226, in wrapped
2026-07-02 11:18:31.633 9 ERROR neutron.plugins.ml2.managers return f_with_retry(*args, **kwargs,
2026-07-02 11:18:31.633 9 ERROR neutron.plugins.ml2.managers
File "/var/lib/openstack/lib/python3.10/site-packages/neutron_lib/db/api.py", line 140, in wrapped
2026-07-02 11:18:31.633 9 ERROR neutron.plugins.ml2.managers with excutils.save_and_reraise_exception():
2026-07-02 11:18:31.633 9 ERROR neutron.plugins.ml2.managers
File "/var/lib/openstack/lib/python3.10/site-packages/oslo_utils/excutils.py", line 227, in __exit__
2026-07-02 11:18:31.633 9 ERROR neutron.plugins.ml2.managers self.force_reraise()
2026-07-02 11:18:31.633 9 ERROR neutron.plugins.ml2.managers
File "/var/lib/openstack/lib/python3.10/site-packages/oslo_utils/excutils.py", line 200, in force_reraise
2026-07-02 11:18:31.633 9 ERROR neutron.plugins.ml2.managers raise self.value
2026-07-02 11:18:31.633 9 ERROR neutron.plugins.ml2.managers
File "/var/lib/openstack/lib/python3.10/site-packages/neutron_lib/db/api.py", line 138, in wrapped
2026-07-02 11:18:31.633 9 ERROR neutron.plugins.ml2.managers return f(*args, **kwargs)
2026-07-02 11:18:31.633 9 ERROR neutron.plugins.ml2.managers
File "/var/lib/openstack/lib/python3.10/site-packages/oslo_db/api.py", line 144, in wrapper
2026-07-02 11:18:31.633 9 ERROR neutron.plugins.ml2.managers with excutils.save_and_reraise_exception() as ectxt:
2026-07-02 11:18:31.633 9 ERROR neutron.plugins.ml2.managers
File "/var/lib/openstack/lib/python3.10/site-packages/oslo_utils/excutils.py", line 227, in __exit__
2026-07-02 11:18:31.633 9 ERROR neutron.plugins.ml2.managers self.force_reraise()
2026-07-02 11:18:31.633 9 ERROR neutron.plugins.ml2.managers
File "/var/lib/openstack/lib/python3.10/site-packages/oslo_utils/excutils.py", line 200, in force_reraise
2026-07-02 11:18:31.633 9 ERROR neutron.plugins.ml2.managers raise self.value
2026-07-02 11:18:31.633 9 ERROR neutron.plugins.ml2.managers
File "/var/lib/openstack/lib/python3.10/site-packages/oslo_db/api.py", line 142, in wrapper
2026-07-02 11:18:31.633 9 ERROR neutron.plugins.ml2.managers return f(*args, **kwargs)
2026-07-02 11:18:31.633 9 ERROR neutron.plugins.ml2.managers
File "/var/lib/openstack/lib/python3.10/site-packages/neutron_lib/db/api.py", line 186, in wrapped
2026-07-02 11:18:31.633 9 ERROR neutron.plugins.ml2.managers with excutils.save_and_reraise_exception():
2026-07-02 11:18:31.633 9 ERROR neutron.plugins.ml2.managers
File "/var/lib/openstack/lib/python3.10/site-packages/oslo_utils/excutils.py", line 227, in __exit__
2026-07-02 11:18:31.633 9 ERROR neutron.plugins.ml2.managers self.force_reraise()
2026-07-02 11:18:31.633 9 ERROR neutron.plugins.ml2.managers
File "/var/lib/openstack/lib/python3.10/site-packages/oslo_utils/excutils.py", line 200, in force_reraise
2026-07-02 11:18:31.633 9 ERROR neutron.plugins.ml2.managers raise self.value
2026-07-02 11:18:31.633 9 ERROR neutron.plugins.ml2.managers
File "/var/lib/openstack/lib/python3.10/site-packages/neutron_lib/db/api.py", line 184, in wrapped
2026-07-02 11:18:31.633 9 ERROR neutron.plugins.ml2.managers return f(*dup_args, **dup_kwargs)
2026-07-02 11:18:31.633 9 ERROR neutron.plugins.ml2.managers
File "/var/lib/openstack/lib/python3.10/site-packages/neutron/db/db_base_plugin_v2.py", line 1121, in get_subnet
2026-07-02 11:18:31.633 9 ERROR neutron.plugins.ml2.managers subnet_obj = self._get_subnet_object(context, id)
2026-07-02 11:18:31.633 9 ERROR neutron.plugins.ml2.managers
File "/var/lib/openstack/lib/python3.10/site-packages/neutron/db/db_base_plugin_common.py", line 279, in _get_subnet_object
2026-07-02 11:18:31.633 9 ERROR neutron.plugins.ml2.managers raise exceptions.SubnetNotFound(subnet_id=id)
2026-07-02 11:18:31.633 9 ERROR neutron.plugins.ml2.managers neutron_lib.exceptions.SubnetNotFound: Subnet d0f6a123-cb7f-4f7e-b393-3ef2dce2747d could not be found.
2026-07-02 11:18:31.633 9 ERROR neutron.plugins.ml2.managers 
2026-07-02 11:18:31.634 9 ERROR neutron.plugins.ml2.managers [None req-5621def6-1c67-4a73-a216-4cd214b9f5dd - - - - - -] Failed to bind port c39412ae-4d83-4c74-8057-204d41d9f531 on host instance for vnic_type normal using segments [{'id': 'd3a202e7-3a37-479f-8f2c-82496d7cf75e', 'network_type': 'vxlan', 'physical_network': None, 'segmentation_id': 613, 'network_id': '897e4c89-de46-4e9d-8191-046ef22b4b43'}]
2026-07-02 11:18:31.635 9 INFO neutron.plugins.ml2.plugin [None req-5621def6-1c67-4a73-a216-4cd214b9f5dd - - - - - -] Attempt 10 to bind port c39412ae-4d83-4c74-8057-204d41d9f531
2026-07-02 11:18:31.685 9 ERROR neutron.plugins.ml2.managers [None req-5621def6-1c67-4a73-a216-4cd214b9f5dd - - - - - -] Mechanism driver openvswitch failed in bind_port: neutron_lib.exceptions.SubnetNotFound: Subnet d0f6a123-cb7f-4f7e-b393-3ef2dce2747d could not be found.
2026-07-02 11:18:31.685 9 ERROR neutron.plugins.ml2.managers
Traceback (most recent call last):
2026-07-02 11:18:31.685 9 ERROR neutron.plugins.ml2.managers
File "/var/lib/openstack/lib/python3.10/site-packages/neutron/plugins/ml2/managers.py", line 866, in _bind_port_level
2026-07-02 11:18:31.685 9 ERROR neutron.plugins.ml2.managers driver.obj.bind_port(context)
2026-07-02 11:18:31.685 9 ERROR neutron.plugins.ml2.managers
File "/var/lib/openstack/lib/python3.10/site-packages/neutron/plugins/ml2/drivers/openvswitch/mech_driver/mech_openvswitch.py", line 133, in bind_port
2026-07-02 11:18:31.685 9 ERROR neutron.plugins.ml2.managers super(OpenvswitchMechanismDriver, self).bind_port(context)
2026-07-02 11:18:31.685 9 ERROR neutron.plugins.ml2.managers
File "/var/lib/openstack/lib/python3.10/site-packages/neutron/plugins/ml2/drivers/mech_agent.py", line 104, in bind_port
2026-07-02 11:18:31.685 9 ERROR neutron.plugins.ml2.managers subnets = self.get_subnets_from_fixed_ips(context)
2026-07-02 11:18:31.685 9 ERROR neutron.plugins.ml2.managers
File "/var/lib/openstack/lib/python3.10/site-packages/neutron/plugins/ml2/drivers/mech_agent.py", line 149, in get_subnets_from_fixed_ips
2026-07-02 11:18:31.685 9 ERROR neutron.plugins.ml2.managers subnets.append(context._plugin.get_subnet(
2026-07-02 11:18:31.685 9 ERROR neutron.plugins.ml2.managers
File "/var/lib/openstack/lib/python3.10/site-packages/neutron_lib/db/api.py", line 226, in wrapped
2026-07-02 11:18:31.685 9 ERROR neutron.plugins.ml2.managers return f_with_retry(*args, **kwargs,
2026-07-02 11:18:31.685 9 ERROR neutron.plugins.ml2.managers
File "/var/lib/openstack/lib/python3.10/site-packages/neutron_lib/db/api.py", line 140, in wrapped
2026-07-02 11:18:31.685 9 ERROR neutron.plugins.ml2.managers with excutils.save_and_reraise_exception():
2026-07-02 11:18:31.685 9 ERROR neutron.plugins.ml2.managers
File "/var/lib/openstack/lib/python3.10/site-packages/oslo_utils/excutils.py", line 227, in __exit__
2026-07-02 11:18:31.685 9 ERROR neutron.plugins.ml2.managers self.force_reraise()
2026-07-02 11:18:31.685 9 ERROR neutron.plugins.ml2.managers
File "/var/lib/openstack/lib/python3.10/site-packages/oslo_utils/excutils.py", line 200, in force_reraise
2026-07-02 11:18:31.685 9 ERROR neutron.plugins.ml2.managers raise self.value
2026-07-02 11:18:31.685 9 ERROR neutron.plugins.ml2.managers
File "/var/lib/openstack/lib/python3.10/site-packages/neutron_lib/db/api.py", line 138, in wrapped
2026-07-02 11:18:31.685 9 ERROR neutron.plugins.ml2.managers return f(*args, **kwargs)
2026-07-02 11:18:31.685 9 ERROR neutron.plugins.ml2.managers
File "/var/lib/openstack/lib/python3.10/site-packages/oslo_db/api.py", line 144, in wrapper
2026-07-02 11:18:31.685 9 ERROR neutron.plugins.ml2.managers with excutils.save_and_reraise_exception() as ectxt:
2026-07-02 11:18:31.685 9 ERROR neutron.plugins.ml2.managers
File "/var/lib/openstack/lib/python3.10/site-packages/oslo_utils/excutils.py", line 227, in __exit__
2026-07-02 11:18:31.685 9 ERROR neutron.plugins.ml2.managers self.force_reraise()
2026-07-02 11:18:31.685 9 ERROR neutron.plugins.ml2.managers
File "/var/lib/openstack/lib/python3.10/site-packages/oslo_utils/excutils.py", line 200, in force_reraise
2026-07-02 11:18:31.685 9 ERROR neutron.plugins.ml2.managers raise self.value
2026-07-02 11:18:31.685 9 ERROR neutron.plugins.ml2.managers
File "/var/lib/openstack/lib/python3.10/site-packages/oslo_db/api.py", line 142, in wrapper
2026-07-02 11:18:31.685 9 ERROR neutron.plugins.ml2.managers return f(*args, **kwargs)
2026-07-02 11:18:31.685 9 ERROR neutron.plugins.ml2.managers
File "/var/lib/openstack/lib/python3.10/site-packages/neutron_lib/db/api.py", line 186, in wrapped
2026-07-02 11:18:31.685 9 ERROR neutron.plugins.ml2.managers with excutils.save_and_reraise_exception():
2026-07-02 11:18:31.685 9 ERROR neutron.plugins.ml2.managers
File "/var/lib/openstack/lib/python3.10/site-packages/oslo_utils/excutils.py", line 227, in __exit__
2026-07-02 11:18:31.685 9 ERROR neutron.plugins.ml2.managers self.force_reraise()
2026-07-02 11:18:31.685 9 ERROR neutron.plugins.ml2.managers
File "/var/lib/openstack/lib/python3.10/site-packages/oslo_utils/excutils.py", line 200, in force_reraise
2026-07-02 11:18:31.685 9 ERROR neutron.plugins.ml2.managers raise self.value
2026-07-02 11:18:31.685 9 ERROR neutron.plugins.ml2.managers
File "/var/lib/openstack/lib/python3.10/site-packages/neutron_lib/db/api.py", line 184, in wrapped
2026-07-02 11:18:31.685 9 ERROR neutron.plugins.ml2.managers return f(*dup_args, **dup_kwargs)
2026-07-02 11:18:31.685 9 ERROR neutron.plugins.ml2.managers
File "/var/lib/openstack/lib/python3.10/site-packages/neutron/db/db_base_plugin_v2.py", line 1121, in get_subnet
2026-07-02 11:18:31.685 9 ERROR neutron.plugins.ml2.managers subnet_obj = self._get_subnet_object(context, id)
2026-07-02 11:18:31.685 9 ERROR neutron.plugins.ml2.managers
File "/var/lib/openstack/lib/python3.10/site-packages/neutron/db/db_base_plugin_common.py", line 279, in _get_subnet_object
2026-07-02 11:18:31.685 9 ERROR neutron.plugins.ml2.managers raise exceptions.SubnetNotFound(subnet_id=id)
2026-07-02 11:18:31.685 9 ERROR neutron.plugins.ml2.managers neutron_lib.exceptions.SubnetNotFound: Subnet d0f6a123-cb7f-4f7e-b393-3ef2dce2747d could not be found.
2026-07-02 11:18:31.685 9 ERROR neutron.plugins.ml2.managers 
2026-07-02 11:18:31.686 9 ERROR neutron.plugins.ml2.managers [None req-5621def6-1c67-4a73-a216-4cd214b9f5dd - - - - - -] Failed to bind port c39412ae-4d83-4c74-8057-204d41d9f531 on host instance for vnic_type normal using segments [{'id': 'd3a202e7-3a37-479f-8f2c-82496d7cf75e', 'network_type': 'vxlan', 'physical_network': None, 'segmentation_id': 613, 'network_id': '897e4c89-de46-4e9d-8191-046ef22b4b43'}]
2026-07-02 11:18:31.937 10 INFO neutron.plugins.ml2.plugin [None req-71609e2e-5e0a-4c0a-8deb-db3095a7d80b - - - - - -] Attempt 1 to provision port 2c30ed72-ffc8-4cd0-b7fe-f4875ecf7675
2026-07-02 11:18:33.911 10 INFO neutron.plugins.ml2.plugin [None req-142b5577-0eee-4500-a19f-71853f550240 - - - - - -] Attempt 1 to provision port 91ad5238-ad13-418d-bce2-36a4d10499b8
2026-07-02 11:18:34.165 9 INFO neutron.plugins.ml2.plugin [None req-71609e2e-5e0a-4c0a-8deb-db3095a7d80b - - - - - -] Attempt 1 to provision port 91ad5238-ad13-418d-bce2-36a4d10499b8
2026-07-02 11:18:34.961 9 INFO neutron.plugins.ml2.plugin [None req-2cc20e16-b7ff-4a6a-901c-5671979e62b0 - - - - - -] Attempt 1 to provision port 2318abd4-0d06-4e4e-b65f-f72de19d3f64
2026-07-02 11:18:35.110 9 INFO neutron.plugins.ml2.plugin [None req-2cc20e16-b7ff-4a6a-901c-5671979e62b0 - - - - - -] Attempt 1 to provision port 91ad5238-ad13-418d-bce2-36a4d10499b8
2026-07-02 11:18:35.426 10 INFO neutron.plugins.ml2.plugin [None req-50099369-953d-489f-b8e0-cc2536eb9354 - - - - - -] Attempt 1 to provision port 2318abd4-0d06-4e4e-b65f-f72de19d3f64
2026-07-02 11:18:35.494 9 WARNING neutron.plugins.ml2.plugin [None req-134b0cb0-d3ed-4f2c-aaeb-76a722aadd34 - - - - - -] Concurrent port binding operations failed on port f59f8be6-feb7-4a63-9256-32fad4c899ca
2026-07-02 11:18:35.498 9 INFO neutron.plugins.ml2.plugin [None req-134b0cb0-d3ed-4f2c-aaeb-76a722aadd34 - - - - - -] Attempt 2 to bind port f59f8be6-feb7-4a63-9256-32fad4c899ca
2026-07-02 11:18:35.575 9 INFO neutron.plugins.ml2.plugin [None req-b85a03f5-50e8-4fb7-a65c-24db01259e55 - - - - - -] Attempt 1 to provision port 2318abd4-0d06-4e4e-b65f-f72de19d3f64
2026-07-02 11:18:36.063 9 INFO neutron.plugins.ml2.plugin [None req-71609e2e-5e0a-4c0a-8deb-db3095a7d80b - - - - - -] Attempt 1 to provision port f59f8be6-feb7-4a63-9256-32fad4c899ca
2026-07-02 11:18:36.279 9 INFO neutron.plugins.ml2.plugin [None req-71609e2e-5e0a-4c0a-8deb-db3095a7d80b - - - - - -] Attempt 1 to provision port 91ad5238-ad13-418d-bce2-36a4d10499b8
2026-07-02 11:18:36.677 9 INFO neutron.plugins.ml2.plugin [None req-71609e2e-5e0a-4c0a-8deb-db3095a7d80b - - - - - -] Attempt 1 to provision port e4b2bc39-78fe-4e63-b633-6875586c0136
2026-07-02 11:18:41.040 10 INFO neutron.plugins.ml2.plugin [None req-739d52e6-6130-4371-9a73-0c69e1309c41 - - - - - -] Attempt 1 to provision port a024f900-c75b-4197-952f-60774f7f95a1
2026-07-02 11:18:41.991 9 INFO neutron.plugins.ml2.plugin [None req-71609e2e-5e0a-4c0a-8deb-db3095a7d80b - - - - - -] Attempt 1 to provision port 9b8e3393-4154-42b3-8175-2acbd781e38d
2026-07-02 11:18:42.515 9 INFO neutron.plugins.ml2.plugin [None req-6e2f5b9a-ea66-42d8-985b-94b74e602638 - - - - - -] Attempt 1 to provision port 9b8e3393-4154-42b3-8175-2acbd781e38d
2026-07-02 11:18:43.147 10 INFO neutron.plugins.ml2.plugin [None req-fdb55266-f481-4267-9f1d-59ff0a633343 - - - - - -] Attempt 1 to provision port 9b8e3393-4154-42b3-8175-2acbd781e38d
2026-07-02 11:18:45.934 9 INFO neutron.notifiers.nova [-] Nova event matching ['req-160a6e9c-23e1-44ee-84c3-20236cc5c740'] response: {'server_uuid': 'a8781516-316b-4ecb-9064-c67832ca532b', 'name': 'network-vif-unplugged', 'status': 'completed', 'tag': '03fbe222-a9fe-4e7c-888d-b24e74588134', 'code': 200}
2026-07-02 11:18:46.655 9 INFO neutron.plugins.ml2.plugin [None req-71609e2e-5e0a-4c0a-8deb-db3095a7d80b - - - - - -] Attempt 1 to provision port 03fbe222-a9fe-4e7c-888d-b24e74588134
2026-07-02 11:18:47.911 9 INFO neutron.plugins.ml2.plugin [None req-71609e2e-5e0a-4c0a-8deb-db3095a7d80b - - - - - -] Attempt 1 to provision port 03fbe222-a9fe-4e7c-888d-b24e74588134
2026-07-02 11:18:48.107 9 INFO neutron.notifiers.nova [-] Nova event matching ['req-60102f6a-4412-4a2b-9729-1118c2db94f1'] response: {'server_uuid': 'a8781516-316b-4ecb-9064-c67832ca532b', 'name': 'network-vif-plugged', 'status': 'completed', 'tag': '03fbe222-a9fe-4e7c-888d-b24e74588134', 'code': 200}
2026-07-02 11:18:53.914 10 INFO neutron.plugins.ml2.plugin [None req-5cf88c2d-4ce2-459e-9dcc-91b1b1e127ef - - - - - -] Attempt 1 to provision port d5448f93-49cf-4acc-8734-4a5d9ca08f3d
2026-07-02 11:18:58.101 10 INFO neutron.plugins.ml2.plugin [None req-71609e2e-5e0a-4c0a-8deb-db3095a7d80b - - - - - -] Attempt 1 to provision port 2fdb1463-cc35-43e6-b525-5ff8fc208e60
2026-07-02 11:18:58.498 9 INFO neutron.plugins.ml2.plugin [None req-7407f8ab-6999-48da-9d12-e4897df51f01 - - - - - -] Attempt 1 to provision port 748614af-14c1-4ede-b3ce-8bc06c0b69ee
2026-07-02 11:18:58.878 10 INFO neutron.plugins.ml2.plugin [None req-71609e2e-5e0a-4c0a-8deb-db3095a7d80b - - - - - -] Attempt 1 to provision port 6ed2619b-922f-4531-a743-42fc96834b40
2026-07-02 11:18:59.527 10 INFO neutron.plugins.ml2.plugin [None req-71609e2e-5e0a-4c0a-8deb-db3095a7d80b - - - - - -] Attempt 1 to provision port 45720443-7824-4d0d-ba6f-532967ca2ed3
2026-07-02 11:18:59.765 9 INFO neutron.plugins.ml2.plugin [None req-e582ff62-b692-450a-8b67-beeb8453c921 - - - - - -] Attempt 1 to provision port 6ed2619b-922f-4531-a743-42fc96834b40
2026-07-02 11:19:00.143 10 INFO neutron.plugins.ml2.plugin [None req-0a03472b-0d2a-4b5d-a62a-05054e52b836 - - - - - -] Attempt 1 to provision port e79f7d68-f8c4-451d-ad52-2c3a6b59be54
2026-07-02 11:19:00.202 10 INFO neutron.plugins.ml2.plugin [None req-0a03472b-0d2a-4b5d-a62a-05054e52b836 - - - - - -] Attempt 1 to provision port 6ed2619b-922f-4531-a743-42fc96834b40
2026-07-02 11:19:00.279 9 INFO neutron.plugins.ml2.plugin [None req-71609e2e-5e0a-4c0a-8deb-db3095a7d80b - - - - - -] Attempt 1 to provision port 2fdb1463-cc35-43e6-b525-5ff8fc208e60
2026-07-02 11:19:00.658 9 INFO neutron.plugins.ml2.plugin [None req-71609e2e-5e0a-4c0a-8deb-db3095a7d80b - - - - - -] Attempt 1 to provision port 6ed2619b-922f-4531-a743-42fc96834b40
2026-07-02 11:19:00.705 10 INFO neutron.plugins.ml2.plugin [None req-a0e5547c-7570-44a3-82ba-63aec464a525 - - - - - -] Attempt 1 to provision port 2fdb1463-cc35-43e6-b525-5ff8fc208e60
2026-07-02 11:19:00.862 10 INFO neutron.plugins.ml2.plugin [None req-a0e5547c-7570-44a3-82ba-63aec464a525 - - - - - -] Attempt 1 to provision port e79f7d68-f8c4-451d-ad52-2c3a6b59be54
2026-07-02 11:19:00.992 9 INFO neutron.plugins.ml2.plugin [None req-71609e2e-5e0a-4c0a-8deb-db3095a7d80b - - - - - -] Attempt 1 to provision port 45720443-7824-4d0d-ba6f-532967ca2ed3
2026-07-02 11:19:01.063 9 INFO neutron.plugins.ml2.plugin [None req-28fde6f5-9de8-494f-a463-269b62ea3bd7 - - - - - -] Attempt 1 to provision port 2fdb1463-cc35-43e6-b525-5ff8fc208e60
2026-07-02 11:19:01.273 9 INFO neutron.plugins.ml2.plugin [None req-28fde6f5-9de8-494f-a463-269b62ea3bd7 - - - - - -] Attempt 1 to provision port e79f7d68-f8c4-451d-ad52-2c3a6b59be54
2026-07-02 11:19:02.342 10 INFO neutron.plugins.ml2.plugin [None req-71609e2e-5e0a-4c0a-8deb-db3095a7d80b - - - - - -] Attempt 1 to provision port 145e892a-ded2-4698-afd6-c674da48084c
2026-07-02 11:19:02.548 9 INFO neutron.plugins.ml2.plugin [None req-d87d03a0-76b6-41f3-b8cc-76659539aafe - - - - - -] Attempt 1 to provision port 9011e62e-21dc-4794-9184-547d5767068d
2026-07-02 11:19:03.334 10 INFO neutron.plugins.ml2.plugin [None req-f7e0ec5c-2a5f-4b87-9287-b93658a272b8 - - - - - -] Attempt 1 to provision port 9011e62e-21dc-4794-9184-547d5767068d
2026-07-02 11:19:04.333 10 INFO neutron.plugins.ml2.plugin [None req-71609e2e-5e0a-4c0a-8deb-db3095a7d80b - - - - - -] Attempt 1 to provision port 145e892a-ded2-4698-afd6-c674da48084c
2026-07-02 11:19:05.938 10 INFO neutron.plugins.ml2.plugin [None req-4a91d988-a7dd-4668-938c-21622b0a41a0 - - - - - -] Attempt 1 to provision port 3f4c5708-2682-4a04-bf8c-3c27ee3c8f23 /var/lib/openstack/lib/python3.10/site-packages/oslo_db/sqlalchemy/enginefacade.py:676: SAWarning: DELETE statement on table 'portsecuritybindings' expected to delete 1 row(s); 0 were matched. Please set confirm_deleted_rows=False within the mapper configuration to prevent this warning. self.session.flush() /var/lib/openstack/lib/python3.10/site-packages/oslo_db/sqlalchemy/enginefacade.py:676: SAWarning: DELETE statement on table 'ml2_port_bindings' expected to delete 1 row(s); 0 were matched. Please set confirm_deleted_rows=False within the mapper configuration to prevent this warning. self.session.flush() /var/lib/openstack/lib/python3.10/site-packages/oslo_db/sqlalchemy/enginefacade.py:676: SAWarning: DELETE statement on table 'ml2_port_binding_levels' expected to delete 1 row(s); 0 were matched. Please set confirm_deleted_rows=False within the mapper configuration to prevent this warning. self.session.flush() /var/lib/openstack/lib/python3.10/site-packages/oslo_db/sqlalchemy/enginefacade.py:676: SAWarning: DELETE statement on table 'ports' expected to delete 1 row(s); 0 were matched. Please set confirm_deleted_rows=False within the mapper configuration to prevent this warning. self.session.flush()
2026-07-02 11:19:10.566 9 INFO neutron.plugins.ml2.plugin [None req-71609e2e-5e0a-4c0a-8deb-db3095a7d80b - - - - - -] Attempt 1 to provision port 3f4c5708-2682-4a04-bf8c-3c27ee3c8f23
2026-07-02 11:19:10.706 9 INFO neutron.notifiers.nova [-] Nova event matching ['req-1a02ef33-e3f5-4f15-9d54-b1209f816eb8'] response: {'server_uuid': 'f77929d4-0c38-44e5-ab31-00fa345b0dca', 'name': 'network-vif-plugged', 'status': 'completed', 'tag': '3f4c5708-2682-4a04-bf8c-3c27ee3c8f23', 'code': 200}
2026-07-02 11:19:11.162 9 INFO neutron.plugins.ml2.plugin [None req-71609e2e-5e0a-4c0a-8deb-db3095a7d80b - - - - - -] Attempt 1 to provision port 2111ff09-1248-49fc-a00a-aa1fbd8825b5
2026-07-02 11:19:11.367 10 INFO neutron.plugins.ml2.plugin [None req-1c7586f3-cb4a-4994-baf3-d9fea67a8516 - - - - - -] Attempt 1 to provision port 15050e18-5a31-4e0e-af3c-056182ed91e8
2026-07-02 11:19:11.413 10 INFO neutron.plugins.ml2.plugin [None req-1c7586f3-cb4a-4994-baf3-d9fea67a8516 - - - - - -] Attempt 1 to provision port 2111ff09-1248-49fc-a00a-aa1fbd8825b5
2026-07-02 11:19:12.401 10 INFO neutron.plugins.ml2.plugin [None req-71609e2e-5e0a-4c0a-8deb-db3095a7d80b - - - - - -] Attempt 1 to provision port 3f4c5708-2682-4a04-bf8c-3c27ee3c8f23
2026-07-02 11:19:14.508 10 INFO neutron.plugins.ml2.plugin [None req-71609e2e-5e0a-4c0a-8deb-db3095a7d80b - - - - - -] Attempt 1 to provision port 15050e18-5a31-4e0e-af3c-056182ed91e8
2026-07-02 11:19:15.264 10 INFO neutron.notifiers.nova [-] Nova event matching ['req-682ab12f-7d9d-41ee-a5ef-01bc8e3cf62b'] response: {'server_uuid': '9a01d4aa-87e9-4a40-87f2-0aa6cb4bcadd', 'name': 'network-vif-plugged', 'status': 'completed', 'tag': '15050e18-5a31-4e0e-af3c-056182ed91e8', 'code': 200}
2026-07-02 11:19:16.367 9 INFO neutron.plugins.ml2.plugin [None req-71609e2e-5e0a-4c0a-8deb-db3095a7d80b - - - - - -] Attempt 1 to provision port 15050e18-5a31-4e0e-af3c-056182ed91e8
2026-07-02 11:19:18.383 10 INFO neutron.plugins.ml2.plugin [None req-71609e2e-5e0a-4c0a-8deb-db3095a7d80b - - - - - -] Attempt 1 to provision port e79f7d68-f8c4-451d-ad52-2c3a6b59be54
2026-07-02 11:19:18.822 10 INFO neutron.plugins.ml2.plugin [None req-71609e2e-5e0a-4c0a-8deb-db3095a7d80b - - - - - -] Attempt 1 to provision port d5448f93-49cf-4acc-8734-4a5d9ca08f3d
2026-07-02 11:19:20.539 9 INFO neutron.plugins.ml2.plugin [None req-71609e2e-5e0a-4c0a-8deb-db3095a7d80b - - - - - -] Attempt 1 to provision port e79f7d68-f8c4-451d-ad52-2c3a6b59be54
2026-07-02 11:19:21.046 9 INFO neutron.plugins.ml2.plugin [None req-71609e2e-5e0a-4c0a-8deb-db3095a7d80b - - - - - -] Attempt 1 to provision port d5448f93-49cf-4acc-8734-4a5d9ca08f3d
2026-07-02 11:19:22.527 9 INFO neutron.plugins.ml2.plugin [None req-71609e2e-5e0a-4c0a-8deb-db3095a7d80b - - - - - -] Attempt 1 to provision port 748614af-14c1-4ede-b3ce-8bc06c0b69ee /var/lib/openstack/lib/python3.10/site-packages/oslo_db/sqlalchemy/enginefacade.py:676: SAWarning: DELETE statement on table 'portsecuritybindings' expected to delete 1 row(s); 0 were matched. Please set confirm_deleted_rows=False within the mapper configuration to prevent this warning. self.session.flush() /var/lib/openstack/lib/python3.10/site-packages/oslo_db/sqlalchemy/enginefacade.py:676: SAWarning: DELETE statement on table 'ml2_port_bindings' expected to delete 1 row(s); 0 were matched. Please set confirm_deleted_rows=False within the mapper configuration to prevent this warning. self.session.flush() /var/lib/openstack/lib/python3.10/site-packages/oslo_db/sqlalchemy/enginefacade.py:676: SAWarning: DELETE statement on table 'ml2_port_binding_levels' expected to delete 1 row(s); 0 were matched. Please set confirm_deleted_rows=False within the mapper configuration to prevent this warning. self.session.flush() /var/lib/openstack/lib/python3.10/site-packages/oslo_db/sqlalchemy/enginefacade.py:676: SAWarning: DELETE statement on table 'ports' expected to delete 1 row(s); 0 were matched. Please set confirm_deleted_rows=False within the mapper configuration to prevent this warning. self.session.flush()
2026-07-02 11:19:30.422 9 INFO neutron.plugins.ml2.plugin [None req-71609e2e-5e0a-4c0a-8deb-db3095a7d80b - - - - - -] Attempt 1 to provision port f3b4e2e2-591e-4c2c-96d8-7ae28acf61f0
2026-07-02 11:19:30.946 9 INFO neutron.plugins.ml2.plugin [None req-71609e2e-5e0a-4c0a-8deb-db3095a7d80b - - - - - -] Attempt 1 to provision port 59fc941a-00d0-4e9d-a003-e8b400257d19
2026-07-02 11:19:31.069 9 INFO neutron.plugins.ml2.plugin [None req-45351f7d-1089-4e3f-be7a-b599be064543 - - - - - -] Attempt 1 to provision port 59fc941a-00d0-4e9d-a003-e8b400257d19
2026-07-02 11:19:31.496 10 INFO neutron.plugins.ml2.plugin [None req-b9c9f2b0-4cc7-4d8b-bd60-201e1584bcbe - - - - - -] Attempt 1 to provision port 59fc941a-00d0-4e9d-a003-e8b400257d19
2026-07-02 11:19:31.885 10 INFO neutron.plugins.ml2.plugin [None req-4c4980e7-e0bb-4906-adde-436fd876a573 - - - - - -] Attempt 1 to provision port f3b4e2e2-591e-4c2c-96d8-7ae28acf61f0
2026-07-02 11:19:32.064 9 INFO neutron.plugins.ml2.plugin [None req-3d5bf981-1622-467e-9b48-9072c1cf54ec - - - - - -] Attempt 1 to provision port 787af8ca-8520-4554-be0c-873e9128a2f5
2026-07-02 11:19:32.220 10 INFO neutron.plugins.ml2.plugin [None req-c2bc7987-8ed8-407d-9c15-91bc61ec221b - - - - - -] Attempt 1 to provision port f3b4e2e2-591e-4c2c-96d8-7ae28acf61f0
2026-07-02 11:19:32.379 9 INFO neutron.plugins.ml2.plugin [None req-71609e2e-5e0a-4c0a-8deb-db3095a7d80b - - - - - -] Attempt 1 to provision port f3b4e2e2-591e-4c2c-96d8-7ae28acf61f0
2026-07-02 11:19:32.678 9 INFO neutron.plugins.ml2.plugin [None req-71609e2e-5e0a-4c0a-8deb-db3095a7d80b - - - - - -] Attempt 1 to provision port 59fc941a-00d0-4e9d-a003-e8b400257d19
2026-07-02 11:19:32.926 10 INFO neutron.plugins.ml2.plugin [None req-97f1ac8c-dd8f-49c0-8a5b-253402d7e673 - - - - - -] Attempt 1 to provision port 787af8ca-8520-4554-be0c-873e9128a2f5
2026-07-02 11:19:33.200 9 INFO neutron.plugins.ml2.plugin [None req-38996dca-c0a7-4c5b-9b90-aabb728f88e7 - - - - - -] Attempt 1 to provision port 37225f04-47ca-471d-ad2d-6a4adf4cc34c
2026-07-02 11:19:33.859 10 INFO neutron.plugins.ml2.plugin [None req-b13b26b9-d832-483e-9ef7-4aef4be142b8 - - - - - -] Attempt 1 to provision port 9cddf26a-668d-4756-9706-9647d0fb141f
2026-07-02 11:19:34.610 9 INFO neutron.plugins.ml2.plugin [None req-2e65fa1e-8ed7-4d1d-a9fb-259097eaa1ad - - - - - -] Attempt 1 to provision port 9cddf26a-668d-4756-9706-9647d0fb141f
2026-07-02 11:19:36.462 9 INFO neutron.plugins.ml2.plugin [None req-71609e2e-5e0a-4c0a-8deb-db3095a7d80b - - - - - -] Attempt 1 to provision port 37225f04-47ca-471d-ad2d-6a4adf4cc34c
2026-07-02 11:19:36.635 9 INFO neutron.notifiers.nova [-] Nova event matching ['req-e478e61c-0aac-487d-9d32-734d236dba3f'] response: {'server_uuid': '4d608d77-ce34-4e9f-b54e-8715984b12c4', 'name': 'network-vif-plugged', 'status': 'completed', 'tag': '37225f04-47ca-471d-ad2d-6a4adf4cc34c', 'code': 200}
2026-07-02 11:19:38.499 9 INFO neutron.plugins.ml2.plugin [None req-71609e2e-5e0a-4c0a-8deb-db3095a7d80b - - - - - -] Attempt 1 to provision port 37225f04-47ca-471d-ad2d-6a4adf4cc34c
2026-07-02 11:19:42.935 9 INFO neutron.plugins.ml2.plugin [None req-51d60d1c-75d6-40ce-a04a-c92dc65bcedc - - - - - -] Attempt 1 to provision port b17c0449-49b1-4498-babc-eb88be2aa38d
2026-07-02 11:19:44.380 10 INFO neutron.plugins.ml2.plugin [None req-71609e2e-5e0a-4c0a-8deb-db3095a7d80b - - - - - -] Attempt 1 to provision port 03a49007-86ab-4fbb-91a3-a474d02e29dd
2026-07-02 11:19:44.918 10 INFO neutron.plugins.ml2.plugin [None req-492c0604-be70-469d-9b00-236a341360fe - - - - - -] Attempt 1 to provision port 03a49007-86ab-4fbb-91a3-a474d02e29dd
2026-07-02 11:19:45.206 9 INFO neutron.plugins.ml2.plugin [None req-83ef1687-f421-45d5-aa3b-038c2dac645d - - - - - -] Attempt 1 to provision port 171670e8-cfd0-493f-9e25-78d8ed510801
2026-07-02 11:19:45.278 9 INFO neutron.plugins.ml2.plugin [None req-83ef1687-f421-45d5-aa3b-038c2dac645d - - - - - -] Attempt 1 to provision port 03a49007-86ab-4fbb-91a3-a474d02e29dd
2026-07-02 11:19:45.465 10 INFO neutron.plugins.ml2.plugin [None req-e343557e-8fb4-4fe1-afd9-c05d74f2819a - - - - - -] Attempt 1 to provision port 171670e8-cfd0-493f-9e25-78d8ed510801
2026-07-02 11:19:45.913 10 INFO neutron.plugins.ml2.plugin [None req-589f7ee4-9987-421d-9f09-fdff0d85a8db - - - - - -] Attempt 1 to provision port 171670e8-cfd0-493f-9e25-78d8ed510801
2026-07-02 11:19:46.349 9 INFO neutron.plugins.ml2.plugin [None req-71609e2e-5e0a-4c0a-8deb-db3095a7d80b - - - - - -] Attempt 1 to provision port 03a49007-86ab-4fbb-91a3-a474d02e29dd
2026-07-02 11:19:50.606 10 INFO neutron.plugins.ml2.plugin [None req-71609e2e-5e0a-4c0a-8deb-db3095a7d80b - - - - - -] Attempt 1 to provision port 284ff909-972c-4c4a-9eed-0c299b0aef1a
2026-07-02 11:19:50.639 10 INFO neutron.plugins.ml2.db [None req-71609e2e-5e0a-4c0a-8deb-db3095a7d80b - - - - - -] No ports have port_id starting with 284ff909-972c-4c4a-9eed-0c299b0aef1a
2026-07-02 11:19:54.390 9 INFO neutron.plugins.ml2.plugin [None req-71609e2e-5e0a-4c0a-8deb-db3095a7d80b - - - - - -] Attempt 1 to provision port 09061c5b-98b3-4e22-908d-bb3528ae3b2d
2026-07-02 11:19:54.891 9 INFO neutron.plugins.ml2.plugin [None req-71609e2e-5e0a-4c0a-8deb-db3095a7d80b - - - - - -] Attempt 1 to provision port 295ca5c8-48f7-4472-ba31-8fca6978a624
2026-07-02 11:19:55.078 9 INFO neutron.plugins.ml2.plugin [None req-c4b91af1-58cf-418e-addf-c60e604c3748 - - - - - -] Attempt 1 to provision port 09061c5b-98b3-4e22-908d-bb3528ae3b2d
2026-07-02 11:19:55.418 10 INFO neutron.plugins.ml2.plugin [None req-48ec2564-5434-4430-bd02-339ec2a31432 - - - - - -] Attempt 1 to provision port 09061c5b-98b3-4e22-908d-bb3528ae3b2d
2026-07-02 11:19:55.718 9 INFO neutron.plugins.ml2.plugin [None req-176c85f2-505a-4b46-9b27-3b01d96e402e - - - - - -] Attempt 1 to provision port 295ca5c8-48f7-4472-ba31-8fca6978a624
2026-07-02 11:19:56.002 10 INFO neutron.plugins.ml2.plugin [None req-f9dec78f-6242-41ac-8112-1e3a06ed1598 - - - - - -] Attempt 1 to provision port a973c540-9ec3-4302-8c19-eec427837672
2026-07-02 11:19:56.051 10 INFO neutron.plugins.ml2.plugin [None req-f9dec78f-6242-41ac-8112-1e3a06ed1598 - - - - - -] Attempt 1 to provision port 295ca5c8-48f7-4472-ba31-8fca6978a624
2026-07-02 11:19:56.340 9 INFO neutron.plugins.ml2.plugin [None req-f7fa8efa-8d6e-4efa-a3fa-94e48f1c30e6 - - - - - -] Attempt 1 to provision port a973c540-9ec3-4302-8c19-eec427837672
2026-07-02 11:19:56.416 10 INFO neutron.plugins.ml2.plugin [None req-71609e2e-5e0a-4c0a-8deb-db3095a7d80b - - - - - -] Attempt 1 to provision port 09061c5b-98b3-4e22-908d-bb3528ae3b2d
2026-07-02 11:19:56.712 10 INFO neutron.plugins.ml2.plugin [None req-71609e2e-5e0a-4c0a-8deb-db3095a7d80b - - - - - -] Attempt 1 to provision port 295ca5c8-48f7-4472-ba31-8fca6978a624
2026-07-02 11:19:56.901 9 INFO neutron.plugins.ml2.plugin [None req-9a1ef923-d222-45ad-925e-e2cd8665deca - - - - - -] Attempt 1 to provision port a973c540-9ec3-4302-8c19-eec427837672
2026-07-02 11:19:57.326 10 INFO neutron.notifiers.nova [-] Nova event matching ['req-1563d6c5-953b-484d-91f8-b9dc4c728dc7'] response: {'server_uuid': 'f77929d4-0c38-44e5-ab31-00fa345b0dca', 'name': 'network-vif-unplugged', 'status': 'completed', 'tag': '3f4c5708-2682-4a04-bf8c-3c27ee3c8f23', 'code': 200}
2026-07-02 11:20:04.026 9 INFO neutron.plugins.ml2.plugin [None req-a60dc190-9629-4244-876f-3486171cb433 - - - - - -] Attempt 1 to provision port 1d263e0b-cb3f-4da6-a932-efc17a5cad57
2026-07-02 11:20:10.471 9 INFO neutron.plugins.ml2.plugin [None req-71609e2e-5e0a-4c0a-8deb-db3095a7d80b - - - - - -] Attempt 1 to provision port 80ad8c4d-8e24-4211-8f16-d6d6aafb324f
2026-07-02 11:20:10.953 10 INFO neutron.plugins.ml2.plugin [None req-43db4c2e-9810-438b-9637-cd163c06e0b5 - - - - - -] Attempt 1 to provision port e863e232-e00a-42de-8338-92da8a301594
2026-07-02 11:20:12.208 10 INFO neutron.plugins.ml2.plugin [None req-86f56e61-68c6-42d5-bd71-8e65cad4193f - - - - - -] Attempt 1 to provision port 80ad8c4d-8e24-4211-8f16-d6d6aafb324f
2026-07-02 11:20:12.568 9 INFO neutron.plugins.ml2.plugin [None req-71609e2e-5e0a-4c0a-8deb-db3095a7d80b - - - - - -] Attempt 1 to provision port 80ad8c4d-8e24-4211-8f16-d6d6aafb324f
2026-07-02 11:20:12.606 10 INFO neutron.plugins.ml2.plugin [None req-1a225b5d-9073-406c-b4c4-487f143c9d3c - - - - - -] Attempt 1 to provision port 80ad8c4d-8e24-4211-8f16-d6d6aafb324f
2026-07-02 11:20:13.630 9 INFO neutron.plugins.ml2.plugin [None req-2fb213c0-aca1-4187-92ad-c89577d8e84b - - - - - -] Attempt 1 to provision port c9a3c165-7124-4e91-83b1-03c3cff7cacb
2026-07-02 11:20:14.176 9 INFO neutron.plugins.ml2.plugin [None req-1a08e224-b27a-4b01-8f63-235d579666b0 - - - - - -] Attempt 1 to provision port c9a3c165-7124-4e91-83b1-03c3cff7cacb
2026-07-02 11:20:14.428 9 INFO neutron.plugins.ml2.plugin [None req-71609e2e-5e0a-4c0a-8deb-db3095a7d80b - - - - - -] Attempt 1 to provision port a29d6688-f519-4020-885e-2ce3cf2c4bd7
2026-07-02 11:20:16.834 9 INFO neutron.plugins.ml2.plugin [None req-71609e2e-5e0a-4c0a-8deb-db3095a7d80b - - - - - -] Attempt 1 to provision port 10349ddf-1a75-4707-abcb-efde8e9b1e00
2026-07-02 11:20:17.408 9 INFO neutron.plugins.ml2.plugin [None req-71609e2e-5e0a-4c0a-8deb-db3095a7d80b - - - - - -] Attempt 1 to provision port a29d6688-f519-4020-885e-2ce3cf2c4bd7
2026-07-02 11:20:18.666 9 INFO neutron.plugins.ml2.plugin [None req-540525f1-e702-47fc-a38d-98a06526695a - - - - - -] Attempt 1 to provision port db3e479e-19e7-414f-b807-ee26bf5e8b44
2026-07-02 11:20:18.789 9 INFO neutron.plugins.ml2.plugin [None req-71609e2e-5e0a-4c0a-8deb-db3095a7d80b - - - - - -] Attempt 1 to provision port cc99b278-2c92-44b5-a5aa-8f05ddbbd858
2026-07-02 11:20:19.293 10 INFO neutron.plugins.ml2.plugin [None req-8a241689-8aaa-48e1-b248-21f2573f345d - - - - - -] Attempt 1 to provision port cc99b278-2c92-44b5-a5aa-8f05ddbbd858
2026-07-02 11:20:19.693 10 INFO neutron.plugins.ml2.plugin [None req-65af3995-7df5-42da-b388-49a3e99c7a71 - - - - - -] Attempt 1 to provision port cc99b278-2c92-44b5-a5aa-8f05ddbbd858
2026-07-02 11:20:20.442 9 INFO neutron.plugins.ml2.plugin [None req-71609e2e-5e0a-4c0a-8deb-db3095a7d80b - - - - - -] Attempt 1 to provision port cc99b278-2c92-44b5-a5aa-8f05ddbbd858
2026-07-02 11:20:21.300 10 INFO neutron.plugins.ml2.plugin [None req-e9d76a66-d01f-4b38-bc9c-1f886478b528 - - - - - -] Attempt 1 to provision port e076256c-935b-462d-b061-48875de2b70c
2026-07-02 11:20:21.988 10 INFO neutron.plugins.ml2.plugin [None req-88d938e3-cc65-4aac-be08-33b2c98182cf - - - - - -] Attempt 1 to provision port e076256c-935b-462d-b061-48875de2b70c
2026-07-02 11:20:22.396 9 INFO neutron.plugins.ml2.plugin [None req-71609e2e-5e0a-4c0a-8deb-db3095a7d80b - - - - - -] Attempt 1 to provision port f43d84d0-4597-4ceb-9797-b1f57ac52aae
2026-07-02 11:20:24.435 10 INFO neutron.plugins.ml2.plugin [None req-71609e2e-5e0a-4c0a-8deb-db3095a7d80b - - - - - -] Attempt 1 to provision port f43d84d0-4597-4ceb-9797-b1f57ac52aae
2026-07-02 11:20:28.709 10 INFO neutron.plugins.ml2.plugin [None req-71609e2e-5e0a-4c0a-8deb-db3095a7d80b - - - - - -] Attempt 1 to provision port 66e31da7-dd02-4080-ae64-9a472d646836
2026-07-02 11:20:29.478 10 INFO neutron.plugins.ml2.plugin [None req-71609e2e-5e0a-4c0a-8deb-db3095a7d80b - - - - - -] Attempt 1 to provision port 0596efe6-3800-4a31-888d-ce31a8ce798b
2026-07-02 11:20:30.579 9 INFO neutron.plugins.ml2.plugin [None req-41717843-b2f6-41f7-8f2e-5ad6b4d11185 - - - - - -] Attempt 1 to provision port 0596efe6-3800-4a31-888d-ce31a8ce798b
2026-07-02 11:20:30.826 10 INFO neutron.plugins.ml2.plugin [None req-71609e2e-5e0a-4c0a-8deb-db3095a7d80b - - - - - -] Attempt 1 to provision port 808db44e-5596-484f-bc23-0b79fa051439
2026-07-02 11:20:31.033 10 INFO neutron.plugins.ml2.plugin [None req-ade2f089-5714-4dc8-99e4-e84f50b477b4 - - - - - -] Attempt 1 to provision port 808db44e-5596-484f-bc23-0b79fa051439
2026-07-02 11:20:31.700 10 INFO neutron.plugins.ml2.plugin [None req-71609e2e-5e0a-4c0a-8deb-db3095a7d80b - - - - - -] Attempt 1 to provision port 0596efe6-3800-4a31-888d-ce31a8ce798b
2026-07-02 11:20:31.870 9 INFO neutron.plugins.ml2.plugin [None req-504a11ab-83d1-488d-b1b3-a9287bc4426b - - - - - -] Attempt 1 to provision port 903f748a-c476-4209-98c2-670327fa7482
2026-07-02 11:20:32.000 10 INFO neutron.plugins.ml2.plugin [None req-71609e2e-5e0a-4c0a-8deb-db3095a7d80b - - - - - -] Attempt 1 to provision port 903f748a-c476-4209-98c2-670327fa7482
2026-07-02 11:20:32.178 9 INFO neutron.plugins.ml2.plugin [None req-504a11ab-83d1-488d-b1b3-a9287bc4426b - - - - - -] Attempt 1 to provision port 0596efe6-3800-4a31-888d-ce31a8ce798b
2026-07-02 11:20:32.272 9 INFO neutron.plugins.ml2.plugin [None req-504a11ab-83d1-488d-b1b3-a9287bc4426b - - - - - -] Attempt 1 to provision port 808db44e-5596-484f-bc23-0b79fa051439
2026-07-02 11:20:32.507 10 INFO neutron.plugins.ml2.plugin [None req-8832ba32-8c19-471d-a5a6-ce466f3c2abc - - - - - -] Attempt 1 to provision port 903f748a-c476-4209-98c2-670327fa7482
2026-07-02 11:20:32.772 9 INFO neutron.plugins.ml2.plugin [None req-71609e2e-5e0a-4c0a-8deb-db3095a7d80b - - - - - -] Attempt 1 to provision port c9a3c165-7124-4e91-83b1-03c3cff7cacb
2026-07-02 11:20:33.160 9 INFO neutron.plugins.ml2.plugin [None req-71609e2e-5e0a-4c0a-8deb-db3095a7d80b - - - - - -] Attempt 1 to provision port 903f748a-c476-4209-98c2-670327fa7482
2026-07-02 11:20:33.553 9 INFO neutron.plugins.ml2.plugin [None req-71609e2e-5e0a-4c0a-8deb-db3095a7d80b - - - - - -] Attempt 1 to provision port 4f5e9ac4-4a8f-4980-9ffe-54f06ed03003
2026-07-02 11:20:33.629 10 INFO neutron.plugins.ml2.plugin [None req-81d4cc3d-1fa9-48fc-94a3-7941ca81a3b0 - - - - - -] Attempt 1 to provision port 5912f912-cd80-46e7-886a-209a70a23f88
2026-07-02 11:20:33.796 9 INFO neutron.notifiers.nova [-] Nova event matching ['req-b1b9b58a-054a-4b8c-bb0c-330354c13bb8'] response: {'server_uuid': 'a795d16a-d079-4da2-bd8c-b75c3149872e', 'name': 'network-vif-plugged', 'status': 'completed', 'tag': '4f5e9ac4-4a8f-4980-9ffe-54f06ed03003', 'code': 200}
2026-07-02 11:20:34.098 10 INFO neutron.plugins.ml2.plugin [None req-840e13d8-258c-4fda-becb-765b8b98399f - - - - - -] Attempt 1 to provision port 5912f912-cd80-46e7-886a-209a70a23f88
2026-07-02 11:20:34.448 10 INFO neutron.plugins.ml2.plugin [None req-8c1bdfb2-c554-47ce-8adf-dba828a9a107 - - - - - -] Attempt 1 to provision port a4ad8316-320f-4712-b51e-e02832b0e1b2
2026-07-02 11:20:34.711 9 INFO neutron.plugins.ml2.plugin [None req-71609e2e-5e0a-4c0a-8deb-db3095a7d80b - - - - - -] Attempt 1 to provision port e863e232-e00a-42de-8338-92da8a301594
2026-07-02 11:20:34.878 9 INFO neutron.plugins.ml2.plugin [None req-ba5e4787-3f0e-47ee-beb3-cc2135567ad7 - - - - - -] Attempt 1 to provision port a4ad8316-320f-4712-b51e-e02832b0e1b2
2026-07-02 11:20:35.199 9 INFO neutron.plugins.ml2.plugin [None req-71609e2e-5e0a-4c0a-8deb-db3095a7d80b - - - - - -] Attempt 1 to provision port a4ad8316-320f-4712-b51e-e02832b0e1b2
2026-07-02 11:20:35.772 10 INFO neutron.plugins.ml2.plugin [None req-71609e2e-5e0a-4c0a-8deb-db3095a7d80b - - - - - -] Attempt 1 to provision port 4f5e9ac4-4a8f-4980-9ffe-54f06ed03003
2026-07-02 11:20:36.249 10 INFO neutron.plugins.ml2.plugin [None req-71609e2e-5e0a-4c0a-8deb-db3095a7d80b - - - - - -] Attempt 1 to provision port c9a3c165-7124-4e91-83b1-03c3cff7cacb
2026-07-02 11:20:36.802 10 INFO neutron.plugins.ml2.plugin [None req-71609e2e-5e0a-4c0a-8deb-db3095a7d80b - - - - - -] Attempt 1 to provision port e863e232-e00a-42de-8338-92da8a301594
2026-07-02 11:20:39.673 10 INFO neutron.plugins.ml2.plugin [None req-71609e2e-5e0a-4c0a-8deb-db3095a7d80b - - - - - -] Attempt 1 to provision port e076256c-935b-462d-b061-48875de2b70c
2026-07-02 11:20:40.002 10 INFO neutron.plugins.ml2.plugin [None req-71609e2e-5e0a-4c0a-8deb-db3095a7d80b - - - - - -] Attempt 1 to provision port db3e479e-19e7-414f-b807-ee26bf5e8b44
2026-07-02 11:20:41.684 9 INFO neutron.plugins.ml2.plugin [None req-71609e2e-5e0a-4c0a-8deb-db3095a7d80b - - - - - -] Attempt 1 to provision port e076256c-935b-462d-b061-48875de2b70c
