+ COMMAND=start + start + exec neutron-rpc-server --config-file /etc/neutron/neutron.conf --config-file /etc/neutron/plugins/ml2/ml2_conf.ini /var/lib/openstack/lib/python3.10/site-packages/munch/__init__.py:24: UserWarning: pkg_resources is deprecated as an API. See https://setuptools.pypa.io/en/latest/pkg_resources.html. The pkg_resources package is slated for removal as early as 2025-11-30. Refrain from using this package or pin to Setuptools<81. import pkg_resources
2026-07-02 10:41:43.607 1 INFO neutron.common.config [-] Logging enabled!
2026-07-02 10:41:43.607 1 INFO neutron.common.config [-] /var/lib/openstack/bin/neutron-rpc-server version 21.2.2.dev24
2026-07-02 10:41:43.607 1 INFO neutron.server.rpc_eventlet [-] Eventlet based AMQP RPC server starting...
2026-07-02 10:41:43.608 1 INFO neutron.manager [-] Loading core plugin: ml2
2026-07-02 10:41:44.486 1 INFO neutron.plugins.ml2.managers [-] Configured type driver names: ['flat', 'gre', 'vlan', 'vxlan']
2026-07-02 10:41:44.490 1 INFO neutron.plugins.ml2.drivers.type_flat [-] Arbitrary flat physical_network names allowed
2026-07-02 10:41:44.493 1 INFO neutron.plugins.ml2.drivers.type_vlan [-] Network VLAN ranges: OrderedDict([('external', [(1, 4094)])])
2026-07-02 10:41:44.494 1 INFO neutron.plugins.ml2.managers [-] Loaded type driver names: ['flat', 'gre', 'vlan', 'vxlan']
2026-07-02 10:41:44.494 1 INFO neutron.plugins.ml2.managers [-] Registered types: dict_keys(['flat', 'gre', 'vlan', 'vxlan'])
2026-07-02 10:41:44.494 1 INFO neutron.plugins.ml2.managers [-] Tenant network_types: ['vxlan']
2026-07-02 10:41:44.495 1 INFO neutron.plugins.ml2.managers [-] Configured extension driver names: ['dns_domain_ports', 'port_security', 'qos']
2026-07-02 10:41:44.500 1 INFO neutron.plugins.ml2.managers [-] Loaded extension driver names: ['dns_domain_ports', 'port_security', 'qos']
2026-07-02 10:41:44.500 1 INFO neutron.plugins.ml2.managers [-] Registered extension drivers: ['dns_domain_ports', 'port_security', 'qos']
2026-07-02 10:41:44.500 1 INFO neutron.plugins.ml2.managers [-] Configured mechanism driver names: ['openvswitch', 'l2population']
2026-07-02 10:41:44.517 1 INFO neutron.plugins.ml2.drivers.mech_agent [-] Open vSwitch agent's supported_vnic_types: ['normal', 'direct', 'smart-nic', 'vdpa']
2026-07-02 10:41:44.518 1 INFO neutron.plugins.ml2.managers [-] Loaded mechanism driver names: ['openvswitch', 'l2population']
2026-07-02 10:41:44.518 1 INFO neutron.plugins.ml2.managers [-] Registered mechanism drivers: ['openvswitch', 'l2population']
2026-07-02 10:41:44.552 1 INFO neutron.plugins.ml2.managers [-] Initializing driver for type 'flat'
2026-07-02 10:41:44.552 1 INFO neutron.plugins.ml2.drivers.type_flat [-] ML2 FlatTypeDriver initialization complete
2026-07-02 10:41:44.552 1 INFO neutron.plugins.ml2.managers [-] Initializing driver for type 'gre'
2026-07-02 10:41:44.552 1 INFO neutron.plugins.ml2.drivers.type_tunnel [-] gre ID ranges: [(1, 1000)]
2026-07-02 10:41:44.829 1 INFO neutron.plugins.ml2.managers [None req-05ed7113-cbc7-4662-b45c-c608d41a6a3c - - - - - -] Initializing driver for type 'vlan'
2026-07-02 10:41:45.122 1 INFO neutron.plugins.ml2.drivers.type_vlan [None req-05ed7113-cbc7-4662-b45c-c608d41a6a3c - - - - - -] VlanTypeDriver initialization complete
2026-07-02 10:41:45.122 1 INFO neutron.plugins.ml2.managers [None req-05ed7113-cbc7-4662-b45c-c608d41a6a3c - - - - - -] Initializing driver for type 'vxlan'
2026-07-02 10:41:45.122 1 INFO neutron.plugins.ml2.drivers.type_tunnel [None req-05ed7113-cbc7-4662-b45c-c608d41a6a3c - - - - - -] vxlan ID ranges: [(1, 1000)]
2026-07-02 10:41:45.169 1 INFO neutron.plugins.ml2.managers [None req-05ed7113-cbc7-4662-b45c-c608d41a6a3c - - - - - -] Initializing extension driver 'dns_domain_ports'
2026-07-02 10:41:45.169 1 INFO neutron.plugins.ml2.extensions.dns_integration [None req-05ed7113-cbc7-4662-b45c-c608d41a6a3c - - - - - -] DNSDomainPortsExtensionDriver initialization complete
2026-07-02 10:41:45.170 1 INFO neutron.plugins.ml2.managers [None req-05ed7113-cbc7-4662-b45c-c608d41a6a3c - - - - - -] Initializing extension driver 'port_security'
2026-07-02 10:41:45.170 1 INFO neutron.plugins.ml2.extensions.port_security [None req-05ed7113-cbc7-4662-b45c-c608d41a6a3c - - - - - -] PortSecurityExtensionDriver initialization complete
2026-07-02 10:41:45.170 1 INFO neutron.plugins.ml2.managers [None req-05ed7113-cbc7-4662-b45c-c608d41a6a3c - - - - - -] Initializing extension driver 'qos'
2026-07-02 10:41:45.171 1 INFO neutron.plugins.ml2.managers [None req-05ed7113-cbc7-4662-b45c-c608d41a6a3c - - - - - -] Initializing mechanism driver 'openvswitch'
2026-07-02 10:41:45.171 1 INFO neutron.plugins.ml2.managers [None req-05ed7113-cbc7-4662-b45c-c608d41a6a3c - - - - - -] Initializing mechanism driver 'l2population'
2026-07-02 10:41:45.187 1 INFO neutron.quota [None req-32a8dad7-2410-4b6b-aa9a-5ca1d5cc332b - - - - - -] Loaded quota_driver: .
2026-07-02 10:41:45.188 1 INFO neutron.plugins.ml2.plugin [None req-32a8dad7-2410-4b6b-aa9a-5ca1d5cc332b - - - - - -] Modular L2 Plugin initialization complete
2026-07-02 10:41:45.188 1 INFO neutron.plugins.ml2.managers [None req-32a8dad7-2410-4b6b-aa9a-5ca1d5cc332b - - - - - -] Got dns-integration extension from driver 'dns_domain_ports'
2026-07-02 10:41:45.188 1 INFO neutron.plugins.ml2.managers [None req-32a8dad7-2410-4b6b-aa9a-5ca1d5cc332b - - - - - -] Got dns-domain-ports extension from driver 'dns_domain_ports'
2026-07-02 10:41:45.188 1 INFO neutron.plugins.ml2.managers [None req-32a8dad7-2410-4b6b-aa9a-5ca1d5cc332b - - - - - -] Got port-security extension from driver 'port_security'
2026-07-02 10:41:45.189 1 INFO neutron.extensions.vlantransparent [None req-32a8dad7-2410-4b6b-aa9a-5ca1d5cc332b - - - - - -] Disabled vlantransparent extension.
2026-07-02 10:41:45.189 1 INFO neutron.manager [None req-32a8dad7-2410-4b6b-aa9a-5ca1d5cc332b - - - - - -] Loading Plugin: qos
2026-07-02 10:41:45.201 1 INFO neutron.manager [None req-32a8dad7-2410-4b6b-aa9a-5ca1d5cc332b - - - - - -] Loading Plugin: router
2026-07-02 10:41:45.234 1 INFO neutron.services.service_base [None req-32a8dad7-2410-4b6b-aa9a-5ca1d5cc332b - - - - - -] Default provider is not specified for service type L3_ROUTER_NAT
2026-07-02 10:41:45.235 1 INFO neutron.manager [None req-32a8dad7-2410-4b6b-aa9a-5ca1d5cc332b - - - - - -] Loading Plugin: segments
2026-07-02 10:41:45.309 1 INFO neutron.manager [None req-32a8dad7-2410-4b6b-aa9a-5ca1d5cc332b - - - - - -] Loading Plugin: trunk
2026-07-02 10:41:45.368 1 INFO neutron.manager [None req-32a8dad7-2410-4b6b-aa9a-5ca1d5cc332b - - - - - -] Loading Plugin: vpnaas
2026-07-02 10:41:45.404 1 WARNING stevedore.named [None req-32a8dad7-2410-4b6b-aa9a-5ca1d5cc332b - - - - - -] Could not load neutron_vpnaas.services.vpn.service_drivers.ipsec.IPsecVPNDriver
2026-07-02 10:41:45.466 1 INFO neutron_vpnaas.services.vpn.plugin [None req-32a8dad7-2410-4b6b-aa9a-5ca1d5cc332b - - - - - -] VPN plugin using service drivers: dict_keys(['strongswan']), default: strongswan
2026-07-02 10:41:45.466 1 INFO neutron.common.utils [None req-32a8dad7-2410-4b6b-aa9a-5ca1d5cc332b - - - - - -] Disable filter validation extension by service plugin VPNDriverPlugin.
2026-07-02 10:41:45.466 1 INFO neutron.manager [None req-32a8dad7-2410-4b6b-aa9a-5ca1d5cc332b - - - - - -] Loading Plugin: auto_allocate
2026-07-02 10:41:45.471 1 INFO neutron.manager [None req-32a8dad7-2410-4b6b-aa9a-5ca1d5cc332b - - - - - -] Loading Plugin: tag
2026-07-02 10:41:45.476 1 INFO neutron.manager [None req-32a8dad7-2410-4b6b-aa9a-5ca1d5cc332b - - - - - -] Loading Plugin: timestamp
2026-07-02 10:41:45.479 1 INFO neutron.manager [None req-32a8dad7-2410-4b6b-aa9a-5ca1d5cc332b - - - - - -] Loading Plugin: network_ip_availability
2026-07-02 10:41:45.483 1 INFO neutron.manager [None req-32a8dad7-2410-4b6b-aa9a-5ca1d5cc332b - - - - - -] Loading Plugin: flavors
2026-07-02 10:41:45.486 1 INFO neutron.manager [None req-32a8dad7-2410-4b6b-aa9a-5ca1d5cc332b - - - - - -] Loading Plugin: revisions
2026-07-02 10:41:45.489 1 INFO neutron.api.extensions [None req-32a8dad7-2410-4b6b-aa9a-5ca1d5cc332b - - - - - -] Initializing extension manager.
2026-07-02 10:41:45.490 1 INFO neutron.api.extensions [None req-32a8dad7-2410-4b6b-aa9a-5ca1d5cc332b - - - - - -] Loaded extension: address-group
2026-07-02 10:41:45.490 1 INFO neutron.api.extensions [None req-32a8dad7-2410-4b6b-aa9a-5ca1d5cc332b - - - - - -] Loaded extension: address-scope
2026-07-02 10:41:45.491 1 INFO neutron.api.extensions [None req-32a8dad7-2410-4b6b-aa9a-5ca1d5cc332b - - - - - -] Loaded extension: router-admin-state-down-before-update
2026-07-02 10:41:45.492 1 INFO neutron.api.extensions [None req-32a8dad7-2410-4b6b-aa9a-5ca1d5cc332b - - - - - -] Loaded extension: agent
2026-07-02 10:41:45.492 1 INFO neutron.api.extensions [None req-32a8dad7-2410-4b6b-aa9a-5ca1d5cc332b - - - - - -] Loaded extension: agent-resources-synced
2026-07-02 10:41:45.493 1 INFO neutron.api.extensions [None req-32a8dad7-2410-4b6b-aa9a-5ca1d5cc332b - - - - - -] Loaded extension: allowed-address-pairs
2026-07-02 10:41:45.494 1 INFO neutron.api.extensions [None req-32a8dad7-2410-4b6b-aa9a-5ca1d5cc332b - - - - - -] Loaded extension: auto-allocated-topology
2026-07-02 10:41:45.494 1 INFO neutron.api.extensions [None req-32a8dad7-2410-4b6b-aa9a-5ca1d5cc332b - - - - - -] Loaded extension: availability_zone
2026-07-02 10:41:45.495 1 INFO neutron.api.extensions [None req-32a8dad7-2410-4b6b-aa9a-5ca1d5cc332b - - - - - -] Loaded extension: availability_zone_filter
2026-07-02 10:41:45.495 1 INFO neutron.api.extensions [None req-32a8dad7-2410-4b6b-aa9a-5ca1d5cc332b - - - - - -] Extension data-plane-status not supported by any of loaded plugins
2026-07-02 10:41:45.496 1 INFO neutron.api.extensions [None req-32a8dad7-2410-4b6b-aa9a-5ca1d5cc332b - - - - - -] Loaded extension: default-subnetpools
2026-07-02 10:41:45.497 1 INFO neutron.api.extensions [None req-32a8dad7-2410-4b6b-aa9a-5ca1d5cc332b - - - - - -] Loaded extension: dhcp_agent_scheduler
2026-07-02 10:41:45.497 1 INFO neutron.api.extensions [None req-32a8dad7-2410-4b6b-aa9a-5ca1d5cc332b - - - - - -] Loaded extension: dns-integration
2026-07-02 10:41:45.498 1 INFO neutron.api.extensions [None req-32a8dad7-2410-4b6b-aa9a-5ca1d5cc332b - - - - - -] Loaded extension: dns-domain-ports
2026-07-02 10:41:45.498 1 INFO neutron.api.extensions [None req-32a8dad7-2410-4b6b-aa9a-5ca1d5cc332b - - - - - -] Extension dns-integration-domain-keywords not supported by any of loaded plugins
2026-07-02 10:41:45.499 1 INFO neutron.api.extensions [None req-32a8dad7-2410-4b6b-aa9a-5ca1d5cc332b - - - - - -] Loaded extension: dvr
2026-07-02 10:41:45.499 1 INFO neutron.api.extensions [None req-32a8dad7-2410-4b6b-aa9a-5ca1d5cc332b - - - - - -] Extension ecmp_routes not supported by any of loaded plugins
2026-07-02 10:41:45.500 1 INFO neutron.api.extensions [None req-32a8dad7-2410-4b6b-aa9a-5ca1d5cc332b - - - - - -] Loaded extension: empty-string-filtering
2026-07-02 10:41:45.500 1 INFO neutron.api.extensions [None req-32a8dad7-2410-4b6b-aa9a-5ca1d5cc332b - - - - - -] Extension expose-l3-conntrack-helper not supported by any of loaded plugins
2026-07-02 10:41:45.501 1 INFO neutron.api.extensions [None req-32a8dad7-2410-4b6b-aa9a-5ca1d5cc332b - - - - - -] Extension expose-port-forwarding-in-fip not supported by any of loaded plugins
2026-07-02 10:41:45.501 1 INFO neutron.api.extensions [None req-32a8dad7-2410-4b6b-aa9a-5ca1d5cc332b - - - - - -] Loaded extension: external-net
2026-07-02 10:41:45.502 1 INFO neutron.api.extensions [None req-32a8dad7-2410-4b6b-aa9a-5ca1d5cc332b - - - - - -] Loaded extension: extra_dhcp_opt
2026-07-02 10:41:45.502 1 INFO neutron.api.extensions [None req-32a8dad7-2410-4b6b-aa9a-5ca1d5cc332b - - - - - -] Loaded extension: extraroute
2026-07-02 10:41:45.503 1 INFO neutron.api.extensions [None req-32a8dad7-2410-4b6b-aa9a-5ca1d5cc332b - - - - - -] Loaded extension: extraroute-atomic
2026-07-02 10:41:45.503 1 INFO neutron.api.extensions [None req-32a8dad7-2410-4b6b-aa9a-5ca1d5cc332b - - - - - -] Extension filter-validation not supported by any of loaded plugins
2026-07-02 10:41:45.504 1 INFO neutron.api.extensions [None req-32a8dad7-2410-4b6b-aa9a-5ca1d5cc332b - - - - - -] Extension floating-ip-port-forwarding-description not supported by any of loaded plugins
2026-07-02 10:41:45.504 1 INFO neutron.api.extensions [None req-32a8dad7-2410-4b6b-aa9a-5ca1d5cc332b - - - - - -] Loaded extension: floating-ip-port-forwarding-detail
2026-07-02 10:41:45.505 1 INFO neutron.api.extensions [None req-32a8dad7-2410-4b6b-aa9a-5ca1d5cc332b - - - - - -] Extension floating-ip-port-forwarding-port-ranges not supported by any of loaded plugins
2026-07-02 10:41:45.505 1 INFO neutron.api.extensions [None req-32a8dad7-2410-4b6b-aa9a-5ca1d5cc332b - - - - - -] Loaded extension: fip-port-details
2026-07-02 10:41:45.506 1 INFO neutron.api.extensions [None req-32a8dad7-2410-4b6b-aa9a-5ca1d5cc332b - - - - - -] Loaded extension: flavors
2026-07-02 10:41:45.507 1 INFO neutron.api.extensions [None req-32a8dad7-2410-4b6b-aa9a-5ca1d5cc332b - - - - - -] Extension floating-ip-port-forwarding not supported by any of loaded plugins
2026-07-02 10:41:45.507 1 INFO neutron.api.extensions [None req-32a8dad7-2410-4b6b-aa9a-5ca1d5cc332b - - - - - -] Loaded extension: floatingip-pools
2026-07-02 10:41:45.508 1 INFO neutron.api.extensions [None req-32a8dad7-2410-4b6b-aa9a-5ca1d5cc332b - - - - - -] Loaded extension: ip_allocation
2026-07-02 10:41:45.508 1 INFO neutron.api.extensions [None req-32a8dad7-2410-4b6b-aa9a-5ca1d5cc332b - - - - - -] Loaded extension: ip-substring-filtering
2026-07-02 10:41:45.509 1 INFO neutron.api.extensions [None req-32a8dad7-2410-4b6b-aa9a-5ca1d5cc332b - - - - - -] Loaded extension: l2_adjacency
2026-07-02 10:41:45.510 1 INFO neutron.api.extensions [None req-32a8dad7-2410-4b6b-aa9a-5ca1d5cc332b - - - - - -] Loaded extension: router
2026-07-02 10:41:45.511 1 INFO neutron.api.extensions [None req-32a8dad7-2410-4b6b-aa9a-5ca1d5cc332b - - - - - -] Extension l3-conntrack-helper not supported by any of loaded plugins
2026-07-02 10:41:45.512 1 INFO neutron.api.extensions [None req-32a8dad7-2410-4b6b-aa9a-5ca1d5cc332b - - - - - -] Loaded extension: ext-gw-mode
2026-07-02 10:41:45.512 1 INFO neutron.api.extensions [None req-32a8dad7-2410-4b6b-aa9a-5ca1d5cc332b - - - - - -] Loaded extension: l3-ha
2026-07-02 10:41:45.512 1 INFO neutron.api.extensions [None req-32a8dad7-2410-4b6b-aa9a-5ca1d5cc332b - - - - - -] Extension l3-ext-ndp-proxy not supported by any of loaded plugins
2026-07-02 10:41:45.513 1 INFO neutron.api.extensions [None req-32a8dad7-2410-4b6b-aa9a-5ca1d5cc332b - - - - - -] Loaded extension: l3-flavors
2026-07-02 10:41:45.514 1 INFO neutron.api.extensions [None req-32a8dad7-2410-4b6b-aa9a-5ca1d5cc332b - - - - - -] Extension l3-ndp-proxy not supported by any of loaded plugins
2026-07-02 10:41:45.514 1 INFO neutron.api.extensions [None req-32a8dad7-2410-4b6b-aa9a-5ca1d5cc332b - - - - - -] Loaded extension: l3-port-ip-change-not-allowed
2026-07-02 10:41:45.516 1 INFO neutron.api.extensions [None req-32a8dad7-2410-4b6b-aa9a-5ca1d5cc332b - - - - - -] Loaded extension: l3_agent_scheduler
2026-07-02 10:41:45.516 1 INFO neutron.api.extensions [None req-32a8dad7-2410-4b6b-aa9a-5ca1d5cc332b - - - - - -] Extension local_ip not supported by any of loaded plugins
2026-07-02 10:41:45.519 1 INFO neutron.api.extensions [None req-32a8dad7-2410-4b6b-aa9a-5ca1d5cc332b - - - - - -] Extension logging not supported by any of loaded plugins
2026-07-02 10:41:45.520 1 INFO neutron.api.extensions [None req-32a8dad7-2410-4b6b-aa9a-5ca1d5cc332b - - - - - -] Extension metering not supported by any of loaded plugins
2026-07-02 10:41:45.521 1 INFO neutron.api.extensions [None req-32a8dad7-2410-4b6b-aa9a-5ca1d5cc332b - - - - - -] Extension metering_source_and_destination_fields not supported by any of loaded plugins
2026-07-02 10:41:45.521 1 INFO neutron.api.extensions [None req-32a8dad7-2410-4b6b-aa9a-5ca1d5cc332b - - - - - -] Loaded extension: multi-provider
2026-07-02 10:41:45.522 1 INFO neutron.api.extensions [None req-32a8dad7-2410-4b6b-aa9a-5ca1d5cc332b - - - - - -] Loaded extension: net-mtu
2026-07-02 10:41:45.522 1 INFO neutron.api.extensions [None req-32a8dad7-2410-4b6b-aa9a-5ca1d5cc332b - - - - - -] Loaded extension: net-mtu-writable
2026-07-02 10:41:45.523 1 INFO neutron.api.extensions [None req-32a8dad7-2410-4b6b-aa9a-5ca1d5cc332b - - - - - -] Loaded extension: network_availability_zone
2026-07-02 10:41:45.523 1 INFO neutron.api.extensions [None req-32a8dad7-2410-4b6b-aa9a-5ca1d5cc332b - - - - - -] Loaded extension: network-ip-availability
2026-07-02 10:41:45.524 1 INFO neutron.api.extensions [None req-32a8dad7-2410-4b6b-aa9a-5ca1d5cc332b - - - - - -] Extension network-segment-range not supported by any of loaded plugins
2026-07-02 10:41:45.525 1 INFO neutron.api.extensions [None req-32a8dad7-2410-4b6b-aa9a-5ca1d5cc332b - - - - - -] Loaded extension: pagination
2026-07-02 10:41:45.525 1 INFO neutron.api.extensions [None req-32a8dad7-2410-4b6b-aa9a-5ca1d5cc332b - - - - - -] Loaded extension: port-device-profile
2026-07-02 10:41:45.526 1 INFO neutron.api.extensions [None req-32a8dad7-2410-4b6b-aa9a-5ca1d5cc332b - - - - - -] Loaded extension: port-mac-override
2026-07-02 10:41:45.526 1 INFO neutron.api.extensions [None req-32a8dad7-2410-4b6b-aa9a-5ca1d5cc332b - - - - - -] Loaded extension: port-mac-address-regenerate
2026-07-02 10:41:45.527 1 INFO neutron.api.extensions [None req-32a8dad7-2410-4b6b-aa9a-5ca1d5cc332b - - - - - -] Loaded extension: port-numa-affinity-policy
2026-07-02 10:41:45.527 1 INFO neutron.api.extensions [None req-32a8dad7-2410-4b6b-aa9a-5ca1d5cc332b - - - - - -] Loaded extension: port-resource-request
2026-07-02 10:41:45.528 1 INFO neutron.api.extensions [None req-32a8dad7-2410-4b6b-aa9a-5ca1d5cc332b - - - - - -] Loaded extension: port-resource-request-groups
2026-07-02 10:41:45.528 1 INFO neutron.api.extensions [None req-32a8dad7-2410-4b6b-aa9a-5ca1d5cc332b - - - - - -] Loaded extension: binding
2026-07-02 10:41:45.529 1 INFO neutron.api.extensions [None req-32a8dad7-2410-4b6b-aa9a-5ca1d5cc332b - - - - - -] Loaded extension: binding-extended
2026-07-02 10:41:45.530 1 INFO neutron.api.extensions [None req-32a8dad7-2410-4b6b-aa9a-5ca1d5cc332b - - - - - -] Loaded extension: port-security
2026-07-02 10:41:45.530 1 INFO neutron.api.extensions [None req-32a8dad7-2410-4b6b-aa9a-5ca1d5cc332b - - - - - -] Loaded extension: project-id
2026-07-02 10:41:45.531 1 INFO neutron.api.extensions [None req-32a8dad7-2410-4b6b-aa9a-5ca1d5cc332b - - - - - -] Loaded extension: provider
2026-07-02 10:41:45.532 1 INFO neutron.api.extensions [None req-32a8dad7-2410-4b6b-aa9a-5ca1d5cc332b - - - - - -] Loaded extension: qos
2026-07-02 10:41:45.533 1 INFO neutron.api.extensions [None req-32a8dad7-2410-4b6b-aa9a-5ca1d5cc332b - - - - - -] Loaded extension: qos-bw-limit-direction
2026-07-02 10:41:45.534 1 INFO neutron.api.extensions [None req-32a8dad7-2410-4b6b-aa9a-5ca1d5cc332b - - - - - -] Loaded extension: qos-bw-minimum-ingress
2026-07-02 10:41:45.534 1 INFO neutron.api.extensions [None req-32a8dad7-2410-4b6b-aa9a-5ca1d5cc332b - - - - - -] Loaded extension: qos-default
2026-07-02 10:41:45.534 1 INFO neutron.api.extensions [None req-32a8dad7-2410-4b6b-aa9a-5ca1d5cc332b - - - - - -] Loaded extension: qos-fip
2026-07-02 10:41:45.535 1 INFO neutron.api.extensions [None req-32a8dad7-2410-4b6b-aa9a-5ca1d5cc332b - - - - - -] Extension qos-fip-network-policy not supported by any of loaded plugins
2026-07-02 10:41:45.536 1 INFO neutron.api.extensions [None req-32a8dad7-2410-4b6b-aa9a-5ca1d5cc332b - - - - - -] Loaded extension: qos-gateway-ip
2026-07-02 10:41:45.536 1 INFO neutron.api.extensions [None req-32a8dad7-2410-4b6b-aa9a-5ca1d5cc332b - - - - - -] Loaded extension: qos-port-network-policy
2026-07-02 10:41:45.537 1 INFO neutron.api.extensions [None req-32a8dad7-2410-4b6b-aa9a-5ca1d5cc332b - - - - - -] Loaded extension: qos-pps-minimum
2026-07-02 10:41:45.537 1 INFO neutron.api.extensions [None req-32a8dad7-2410-4b6b-aa9a-5ca1d5cc332b - - - - - -] Loaded extension: qos-pps-minimum-rule-alias
2026-07-02 10:41:45.538 1 INFO neutron.api.extensions [None req-32a8dad7-2410-4b6b-aa9a-5ca1d5cc332b - - - - - -] Loaded extension: qos-pps
2026-07-02 10:41:45.538 1 INFO neutron.api.extensions [None req-32a8dad7-2410-4b6b-aa9a-5ca1d5cc332b - - - - - -] Loaded extension: qos-rule-type-details
2026-07-02 10:41:45.539 1 INFO neutron.api.extensions [None req-32a8dad7-2410-4b6b-aa9a-5ca1d5cc332b - - - - - -] Loaded extension: qos-rule-type-filter
2026-07-02 10:41:45.540 1 INFO neutron.api.extensions [None req-32a8dad7-2410-4b6b-aa9a-5ca1d5cc332b - - - - - -] Loaded extension: qos-rules-alias
2026-07-02 10:41:45.540 1 INFO neutron.api.extensions [None req-32a8dad7-2410-4b6b-aa9a-5ca1d5cc332b - - - - - -] Loaded extension: quota-check-limit
2026-07-02 10:41:45.542 1 INFO neutron.api.extensions [None req-32a8dad7-2410-4b6b-aa9a-5ca1d5cc332b - - - - - -] Loaded extension: quotas
2026-07-02 10:41:45.544 1 INFO neutron.api.extensions [None req-32a8dad7-2410-4b6b-aa9a-5ca1d5cc332b - - - - - -] Loaded extension: quota_details
2026-07-02 10:41:45.545 1 INFO neutron.api.extensions [None req-32a8dad7-2410-4b6b-aa9a-5ca1d5cc332b - - - - - -] Loaded extension: rbac-policies
2026-07-02 10:41:45.546 1 INFO neutron.api.extensions [None req-32a8dad7-2410-4b6b-aa9a-5ca1d5cc332b - - - - - -] Loaded extension: rbac-address-group
2026-07-02 10:41:45.546 1 INFO neutron.api.extensions [None req-32a8dad7-2410-4b6b-aa9a-5ca1d5cc332b - - - - - -] Loaded extension: rbac-address-scope
2026-07-02 10:41:45.547 1 INFO neutron.api.extensions [None req-32a8dad7-2410-4b6b-aa9a-5ca1d5cc332b - - - - - -] Loaded extension: rbac-security-groups
2026-07-02 10:41:45.547 1 INFO neutron.api.extensions [None req-32a8dad7-2410-4b6b-aa9a-5ca1d5cc332b - - - - - -] Loaded extension: rbac-subnetpool
2026-07-02 10:41:45.548 1 INFO neutron.api.extensions [None req-32a8dad7-2410-4b6b-aa9a-5ca1d5cc332b - - - - - -] Loaded extension: revision-if-match
2026-07-02 10:41:45.548 1 INFO neutron.api.extensions [None req-32a8dad7-2410-4b6b-aa9a-5ca1d5cc332b - - - - - -] Loaded extension: standard-attr-revisions
2026-07-02 10:41:45.549 1 INFO neutron.api.extensions [None req-32a8dad7-2410-4b6b-aa9a-5ca1d5cc332b - - - - - -] Loaded extension: router_availability_zone
2026-07-02 10:41:45.549 1 INFO neutron.api.extensions [None req-32a8dad7-2410-4b6b-aa9a-5ca1d5cc332b - - - - - -] Extension router-service-type not supported by any of loaded plugins
2026-07-02 10:41:45.550 1 INFO neutron.api.extensions [None req-32a8dad7-2410-4b6b-aa9a-5ca1d5cc332b - - - - - -] Loaded extension: security-groups-normalized-cidr
2026-07-02 10:41:45.550 1 INFO neutron.api.extensions [None req-32a8dad7-2410-4b6b-aa9a-5ca1d5cc332b - - - - - -] Loaded extension: port-security-groups-filtering
2026-07-02 10:41:45.551 1 INFO neutron.api.extensions [None req-32a8dad7-2410-4b6b-aa9a-5ca1d5cc332b - - - - - -] Loaded extension: security-groups-remote-address-group
2026-07-02 10:41:45.551 1 INFO neutron.api.extensions [None req-32a8dad7-2410-4b6b-aa9a-5ca1d5cc332b - - - - - -] Loaded extension: security-groups-shared-filtering
2026-07-02 10:41:45.558 1 INFO neutron.api.extensions [None req-32a8dad7-2410-4b6b-aa9a-5ca1d5cc332b - - - - - -] Loaded extension: security-group
2026-07-02 10:41:45.559 1 INFO neutron.api.extensions [None req-32a8dad7-2410-4b6b-aa9a-5ca1d5cc332b - - - - - -] Loaded extension: segment
2026-07-02 10:41:45.560 1 INFO neutron.api.extensions [None req-32a8dad7-2410-4b6b-aa9a-5ca1d5cc332b - - - - - -] Loaded extension: segments-peer-subnet-host-routes
2026-07-02 10:41:45.560 1 INFO neutron.api.extensions [None req-32a8dad7-2410-4b6b-aa9a-5ca1d5cc332b - - - - - -] Loaded extension: service-type
2026-07-02 10:41:45.561 1 INFO neutron.api.extensions [None req-32a8dad7-2410-4b6b-aa9a-5ca1d5cc332b - - - - - -] Loaded extension: sorting
2026-07-02 10:41:45.561 1 INFO neutron.api.extensions [None req-32a8dad7-2410-4b6b-aa9a-5ca1d5cc332b - - - - - -] Loaded extension: standard-attr-segment
2026-07-02 10:41:45.562 1 INFO neutron.api.extensions [None req-32a8dad7-2410-4b6b-aa9a-5ca1d5cc332b - - - - - -] Loaded extension: standard-attr-description
2026-07-02 10:41:45.562 1 INFO neutron.api.extensions [None req-32a8dad7-2410-4b6b-aa9a-5ca1d5cc332b - - - - - -] Loaded extension: stateful-security-group
2026-07-02 10:41:45.563 1 WARNING neutron.api.extensions [None req-32a8dad7-2410-4b6b-aa9a-5ca1d5cc332b - - - - - -] Did not find expected name "Stdattrs_common" in /var/lib/openstack/lib/python3.10/site-packages/neutron/extensions/stdattrs_common.py
2026-07-02 10:41:45.563 1 INFO neutron.api.extensions [None req-32a8dad7-2410-4b6b-aa9a-5ca1d5cc332b - - - - - -] Extension subnet-dns-publish-fixed-ip not supported by any of loaded plugins
2026-07-02 10:41:45.564 1 INFO neutron.api.extensions [None req-32a8dad7-2410-4b6b-aa9a-5ca1d5cc332b - - - - - -] Loaded extension: subnet_onboard
2026-07-02 10:41:45.564 1 INFO neutron.api.extensions [None req-32a8dad7-2410-4b6b-aa9a-5ca1d5cc332b - - - - - -] Loaded extension: subnet-segmentid-writable
2026-07-02 10:41:45.565 1 INFO neutron.api.extensions [None req-32a8dad7-2410-4b6b-aa9a-5ca1d5cc332b - - - - - -] Loaded extension: subnet-service-types
2026-07-02 10:41:45.565 1 INFO neutron.api.extensions [None req-32a8dad7-2410-4b6b-aa9a-5ca1d5cc332b - - - - - -] Loaded extension: subnet_allocation
2026-07-02 10:41:45.566 1 INFO neutron.api.extensions [None req-32a8dad7-2410-4b6b-aa9a-5ca1d5cc332b - - - - - -] Loaded extension: subnetpool-prefix-ops
2026-07-02 10:41:45.567 1 INFO neutron.api.extensions [None req-32a8dad7-2410-4b6b-aa9a-5ca1d5cc332b - - - - - -] Extension tag-ports-during-bulk-creation not supported by any of loaded plugins
2026-07-02 10:41:45.569 1 INFO neutron.api.extensions [None req-32a8dad7-2410-4b6b-aa9a-5ca1d5cc332b - - - - - -] Loaded extension: standard-attr-tag
2026-07-02 10:41:45.570 1 INFO neutron.api.extensions [None req-32a8dad7-2410-4b6b-aa9a-5ca1d5cc332b - - - - - -] Loaded extension: standard-attr-timestamp
2026-07-02 10:41:45.572 1 INFO neutron.api.extensions [None req-32a8dad7-2410-4b6b-aa9a-5ca1d5cc332b - - - - - -] Loaded extension: trunk
2026-07-02 10:41:45.572 1 INFO neutron.api.extensions [None req-32a8dad7-2410-4b6b-aa9a-5ca1d5cc332b - - - - - -] Loaded extension: trunk-details
2026-07-02 10:41:45.572 1 INFO neutron.api.extensions [None req-32a8dad7-2410-4b6b-aa9a-5ca1d5cc332b - - - - - -] Extension uplink-status-propagation not supported by any of loaded plugins
2026-07-02 10:41:45.573 1 INFO neutron.api.extensions [None req-32a8dad7-2410-4b6b-aa9a-5ca1d5cc332b - - - - - -] Extension vlan-transparent not supported by any of loaded plugins
2026-07-02 10:41:45.574 1 INFO neutron.api.extensions [None req-32a8dad7-2410-4b6b-aa9a-5ca1d5cc332b - - - - - -] Loaded extension: vpn-endpoint-groups
2026-07-02 10:41:45.574 1 INFO neutron.api.extensions [None req-32a8dad7-2410-4b6b-aa9a-5ca1d5cc332b - - - - - -] Loaded extension: vpn-flavors
2026-07-02 10:41:45.576 1 INFO neutron.api.extensions [None req-32a8dad7-2410-4b6b-aa9a-5ca1d5cc332b - - - - - -] Loaded extension: vpnaas
2026-07-02 10:41:45.579 1 INFO oslo_service.service [None req-32a8dad7-2410-4b6b-aa9a-5ca1d5cc332b - - - - - -] Starting 2 workers
2026-07-02 10:41:45.583 1 INFO oslo_service.service [None req-32a8dad7-2410-4b6b-aa9a-5ca1d5cc332b - - - - - -] Starting 1 workers
2026-07-02 10:42:22.375 10 INFO neutron.db.l3_hamode_db [None req-89972949-ce93-4578-850a-395a9a2d8d15 - - - - - -] Number of active agents lower than max_l3_agents_per_router. L3 agents available: 1
2026-07-02 10:42:32.323 9 INFO neutron.plugins.ml2.plugin [None req-71609e2e-5e0a-4c0a-8deb-db3095a7d80b - - - - - -] Attempt 1 to provision port 3279ce82-0326-4402-94cf-9b5c6a8b8151
2026-07-02 10:42:32.732 9 INFO neutron.plugins.ml2.plugin [None req-09b13473-ceb7-4e4f-874a-d859548f9bb5 - - - - - -] Attempt 1 to provision port 3279ce82-0326-4402-94cf-9b5c6a8b8151
2026-07-02 10:42:33.018 10 INFO neutron.plugins.ml2.plugin [None req-8165675a-365d-4b9b-9500-2f1f8f9c9912 - - - - - -] Attempt 1 to provision port 3279ce82-0326-4402-94cf-9b5c6a8b8151
2026-07-02 10:42:34.059 9 INFO neutron.plugins.ml2.plugin [None req-71609e2e-5e0a-4c0a-8deb-db3095a7d80b - - - - - -] Attempt 1 to provision port 3279ce82-0326-4402-94cf-9b5c6a8b8151
2026-07-02 10:49:02.582 10 INFO neutron.plugins.ml2.plugin [None req-71609e2e-5e0a-4c0a-8deb-db3095a7d80b - - - - - -] Attempt 1 to provision port 47e5b6a6-32b7-4475-9f97-ebdddfff601b
2026-07-02 10:49:04.178 10 INFO neutron.plugins.ml2.plugin [None req-d2d2a74a-8137-4376-b75b-069e2c1f85d6 - - - - - -] Attempt 1 to provision port 47e5b6a6-32b7-4475-9f97-ebdddfff601b
2026-07-02 10:49:04.316 9 INFO neutron.plugins.ml2.plugin [None req-71609e2e-5e0a-4c0a-8deb-db3095a7d80b - - - - - -] Attempt 1 to provision port 47e5b6a6-32b7-4475-9f97-ebdddfff601b
2026-07-02 10:49:04.455 10 INFO neutron.plugins.ml2.plugin [None req-134704b0-67ba-4754-a692-a5ea1fedc2f7 - - - - - -] Attempt 1 to provision port 47e5b6a6-32b7-4475-9f97-ebdddfff601b
2026-07-02 10:49:10.366 9 INFO neutron.plugins.ml2.plugin [None req-7b4a0faf-c2ea-4f54-8194-5529802377cc - - - - - -] Attempt 1 to provision port 570bedda-9b7f-4d3f-aaac-87809cd389e0
2026-07-02 10:52:28.566 9 INFO neutron.plugins.ml2.plugin [None req-71609e2e-5e0a-4c0a-8deb-db3095a7d80b - - - - - -] Attempt 1 to provision port 570bedda-9b7f-4d3f-aaac-87809cd389e0
2026-07-02 10:52:30.463 10 INFO neutron.plugins.ml2.plugin [None req-71609e2e-5e0a-4c0a-8deb-db3095a7d80b - - - - - -] Attempt 1 to provision port 570bedda-9b7f-4d3f-aaac-87809cd389e0
2026-07-02 11:00:48.788 9 INFO neutron.plugins.ml2.plugin [None req-71609e2e-5e0a-4c0a-8deb-db3095a7d80b - - - - - -] Attempt 1 to provision port 38de68d3-7efd-4f27-9de7-b1351bc1b0cc
2026-07-02 11:00:50.785 10 INFO neutron.plugins.ml2.plugin [None req-71609e2e-5e0a-4c0a-8deb-db3095a7d80b - - - - - -] Attempt 1 to provision port 38de68d3-7efd-4f27-9de7-b1351bc1b0cc
2026-07-02 11:17:09.405 10 INFO neutron.plugins.ml2.plugin [None req-922d3908-9aad-45a8-b13a-6bc5d079348d - - - - - -] Attempt 1 to provision port 7fe55ee9-af9e-4f56-b864-ea0a116eb5c5
2026-07-02 11:17:09.480 9 INFO neutron.plugins.ml2.plugin [None req-71609e2e-5e0a-4c0a-8deb-db3095a7d80b - - - - - -] Attempt 1 to provision port 4401278e-bddd-4d61-8e9e-b3f32bba70d8
2026-07-02 11:17:09.931 9 INFO neutron.plugins.ml2.plugin [None req-71609e2e-5e0a-4c0a-8deb-db3095a7d80b - - - - - -] Attempt 1 to provision port 909551d9-f939-4188-bb2a-bb99ca5e208b
2026-07-02 11:17:10.058 10 INFO neutron.plugins.ml2.plugin [None req-c7813004-a48c-413a-affc-83d72973caa7 - - - - - -] Attempt 1 to provision port 0d352673-7124-49b5-9ddc-b30f9fb9279e
2026-07-02 11:17:10.451 9 INFO neutron.plugins.ml2.plugin [None req-71609e2e-5e0a-4c0a-8deb-db3095a7d80b - - - - - -] Attempt 1 to provision port f5b4205a-a0ce-48f9-a2b0-1a77cbc7188d
2026-07-02 11:17:10.506 10 INFO neutron.plugins.ml2.plugin [None req-dc6ee513-7489-44fa-a1c2-4ba4a684215f - - - - - -] Attempt 1 to provision port 909551d9-f939-4188-bb2a-bb99ca5e208b
2026-07-02 11:17:10.800 9 INFO neutron.plugins.ml2.plugin [None req-13f0fc30-fcbd-452c-ac70-a6547942f8c3 - - - - - -] Attempt 1 to provision port 909551d9-f939-4188-bb2a-bb99ca5e208b
2026-07-02 11:17:10.983 9 INFO neutron.plugins.ml2.plugin [None req-41dc866a-42af-4491-8465-1ec8ff0bee12 - - - - - -] Attempt 1 to provision port f5b4205a-a0ce-48f9-a2b0-1a77cbc7188d
2026-07-02 11:17:11.325 9 INFO neutron.plugins.ml2.plugin [None req-0f45bb75-9ad4-4bbb-ba77-a3bda65359fa - - - - - -] Attempt 1 to provision port f5b4205a-a0ce-48f9-a2b0-1a77cbc7188d
2026-07-02 11:17:11.418 10 INFO neutron.plugins.ml2.plugin [None req-71609e2e-5e0a-4c0a-8deb-db3095a7d80b - - - - - -] Attempt 1 to provision port 4401278e-bddd-4d61-8e9e-b3f32bba70d8
2026-07-02 11:17:11.849 10 INFO neutron.plugins.ml2.plugin [None req-718835b2-e41f-455b-a6ef-8179c321313c - - - - - -] Attempt 1 to provision port 4401278e-bddd-4d61-8e9e-b3f32bba70d8
2026-07-02 11:17:12.154 10 INFO neutron.plugins.ml2.plugin [None req-eef2c08b-9ed2-433b-a9ef-7867ee9174d4 - - - - - -] Attempt 1 to provision port 4401278e-bddd-4d61-8e9e-b3f32bba70d8
2026-07-02 11:17:12.169 10 INFO neutron.plugins.ml2.plugin [None req-71609e2e-5e0a-4c0a-8deb-db3095a7d80b - - - - - -] Attempt 1 to provision port 909551d9-f939-4188-bb2a-bb99ca5e208b
2026-07-02 11:17:12.476 9 INFO neutron.plugins.ml2.plugin [None req-348cb6dc-da6e-47aa-8445-038b38ea5a96 - - - - - -] Attempt 1 to provision port c9ca5588-b8d5-4fe1-9e77-6be5d81d91c8
2026-07-02 11:17:12.734 10 INFO neutron.plugins.ml2.plugin [None req-73a38530-52d8-4be5-9b36-ebf9609bacdb - - - - - -] Attempt 1 to provision port f233845c-1bee-4e50-a6e8-bfc8a8910a70
2026-07-02 11:17:12.770 10 INFO neutron.plugins.ml2.plugin [None req-71609e2e-5e0a-4c0a-8deb-db3095a7d80b - - - - - -] Attempt 1 to provision port f5b4205a-a0ce-48f9-a2b0-1a77cbc7188d
2026-07-02 11:17:13.420 9 INFO neutron.plugins.ml2.plugin [None req-b6815bf7-00af-41eb-bd7a-8e75c73290f4 - - - - - -] Attempt 1 to provision port f233845c-1bee-4e50-a6e8-bfc8a8910a70
2026-07-02 11:17:14.484 10 INFO neutron.plugins.ml2.plugin [None req-33f38112-a5b8-4a65-b6c7-36b9700ee10b - - - - - -] Attempt 1 to provision port f9a42605-9db5-4c75-9efc-b2d8c2dc43f6
2026-07-02 11:17:14.939 10 INFO neutron.plugins.ml2.plugin [None req-5366c15e-51c0-4662-8806-405f50e1da2e - - - - - -] Attempt 1 to provision port f9a42605-9db5-4c75-9efc-b2d8c2dc43f6
2026-07-02 11:17:15.893 10 INFO neutron.plugins.ml2.plugin [None req-6b12a852-09e3-4b5f-9334-14f6d0696a05 - - - - - -] Attempt 1 to provision port 7219970c-8a0c-405c-9509-e8298121af15
2026-07-02 11:17:16.454 9 INFO neutron.plugins.ml2.plugin [None req-1e246c4e-14e5-4c04-af6c-2cc84c3e63d2 - - - - - -] Attempt 1 to provision port b8827de9-d497-4eec-9a99-13abae20a4c1
2026-07-02 11:17:16.699 10 INFO neutron.plugins.ml2.plugin [None req-bb0d4fa1-5c2e-4f1e-b2fd-cc5f696eb71f - - - - - -] Attempt 1 to provision port 7219970c-8a0c-405c-9509-e8298121af15
2026-07-02 11:17:17.401 9 INFO neutron.plugins.ml2.plugin [None req-71609e2e-5e0a-4c0a-8deb-db3095a7d80b - - - - - -] Attempt 1 to provision port 876d5ef7-eef6-429c-8a7f-60cbbbdcd678
2026-07-02 11:17:18.151 9 INFO neutron.plugins.ml2.plugin [None req-dd626452-be66-4bb6-afda-a539372dc494 - - - - - -] Attempt 1 to provision port 876d5ef7-eef6-429c-8a7f-60cbbbdcd678
2026-07-02 11:17:18.446 10 INFO neutron.plugins.ml2.plugin [None req-5efec4f5-7470-4232-bb0d-ec397e284536 - - - - - -] Attempt 1 to provision port 876d5ef7-eef6-429c-8a7f-60cbbbdcd678
2026-07-02 11:17:19.148 9 INFO neutron.plugins.ml2.plugin [None req-f8e8dc86-4ac2-4af0-b54e-8ace25dbb29a - - - - - -] Attempt 1 to provision port 82201d82-f8ef-4f25-a9c8-f1942bf3d39f
2026-07-02 11:17:19.761 10 INFO neutron.plugins.ml2.plugin [None req-71609e2e-5e0a-4c0a-8deb-db3095a7d80b - - - - - -] Attempt 1 to provision port 4e0893e3-ca27-4a5b-9e27-62d78dd852c4
2026-07-02 11:17:19.835 9 INFO neutron.plugins.ml2.plugin [None req-62324696-fe8f-4c4b-87ec-d0622a6e642b - - - - - -] Attempt 1 to provision port 82201d82-f8ef-4f25-a9c8-f1942bf3d39f
2026-07-02 11:17:20.310 10 INFO neutron.plugins.ml2.plugin [None req-71609e2e-5e0a-4c0a-8deb-db3095a7d80b - - - - - -] Attempt 1 to provision port 876d5ef7-eef6-429c-8a7f-60cbbbdcd678
2026-07-02 11:17:21.508 9 INFO neutron.plugins.ml2.plugin [None req-71609e2e-5e0a-4c0a-8deb-db3095a7d80b - - - - - -] Attempt 1 to provision port 8b44213c-057e-4f13-9330-610a802954c4
2026-07-02 11:17:22.091 9 INFO neutron.plugins.ml2.plugin [None req-71609e2e-5e0a-4c0a-8deb-db3095a7d80b - - - - - -] Attempt 1 to provision port 4e0893e3-ca27-4a5b-9e27-62d78dd852c4
2026-07-02 11:17:22.416 9 INFO neutron.plugins.ml2.plugin [None req-71609e2e-5e0a-4c0a-8deb-db3095a7d80b - - - - - -] Attempt 1 to provision port 40d90d85-79a0-4ad9-bd56-3909a1d76d55
2026-07-02 11:17:22.952 9 INFO neutron.plugins.ml2.plugin [None req-71609e2e-5e0a-4c0a-8deb-db3095a7d80b - - - - - -] Attempt 1 to provision port 7e886dc4-e6de-48a8-84de-1a9bbc470b57
2026-07-02 11:17:23.696 10 INFO neutron.plugins.ml2.plugin [None req-71609e2e-5e0a-4c0a-8deb-db3095a7d80b - - - - - -] Attempt 1 to provision port 8b44213c-057e-4f13-9330-610a802954c4
2026-07-02 11:17:24.066 10 INFO neutron.plugins.ml2.plugin [None req-71609e2e-5e0a-4c0a-8deb-db3095a7d80b - - - - - -] Attempt 1 to provision port 40d90d85-79a0-4ad9-bd56-3909a1d76d55
2026-07-02 11:17:24.395 10 INFO neutron.plugins.ml2.plugin [None req-71609e2e-5e0a-4c0a-8deb-db3095a7d80b - - - - - -] Attempt 1 to provision port 7e886dc4-e6de-48a8-84de-1a9bbc470b57 /var/lib/openstack/lib/python3.10/site-packages/oslo_db/sqlalchemy/enginefacade.py:676: SAWarning: DELETE statement on table 'portsecuritybindings' expected to delete 1 row(s); 0 were matched. Please set confirm_deleted_rows=False within the mapper configuration to prevent this warning. self.session.flush() /var/lib/openstack/lib/python3.10/site-packages/oslo_db/sqlalchemy/enginefacade.py:676: SAWarning: DELETE statement on table 'ml2_port_bindings' expected to delete 1 row(s); 0 were matched. Please set confirm_deleted_rows=False within the mapper configuration to prevent this warning. self.session.flush() /var/lib/openstack/lib/python3.10/site-packages/oslo_db/sqlalchemy/enginefacade.py:676: SAWarning: DELETE statement on table 'ml2_port_binding_levels' expected to delete 1 row(s); 0 were matched. Please set confirm_deleted_rows=False within the mapper configuration to prevent this warning. self.session.flush() /var/lib/openstack/lib/python3.10/site-packages/oslo_db/sqlalchemy/enginefacade.py:676: SAWarning: DELETE statement on table 'ports' expected to delete 1 row(s); 0 were matched. Please set confirm_deleted_rows=False within the mapper configuration to prevent this warning. self.session.flush()
2026-07-02 11:17:25.832 10 INFO neutron.plugins.ml2.plugin [None req-368555ea-4c83-485b-9c75-03203339166a - - - - - -] Attempt 1 to provision port f4f9f464-380e-495c-b829-c28ebee49207 /var/lib/openstack/lib/python3.10/site-packages/oslo_db/sqlalchemy/enginefacade.py:676: SAWarning: DELETE statement on table 'portsecuritybindings' expected to delete 1 row(s); 0 were matched. Please set confirm_deleted_rows=False within the mapper configuration to prevent this warning. self.session.flush() /var/lib/openstack/lib/python3.10/site-packages/oslo_db/sqlalchemy/enginefacade.py:676: SAWarning: DELETE statement on table 'ml2_port_bindings' expected to delete 1 row(s); 0 were matched. Please set confirm_deleted_rows=False within the mapper configuration to prevent this warning. self.session.flush() /var/lib/openstack/lib/python3.10/site-packages/oslo_db/sqlalchemy/enginefacade.py:676: SAWarning: DELETE statement on table 'ml2_port_binding_levels' expected to delete 1 row(s); 0 were matched. Please set confirm_deleted_rows=False within the mapper configuration to prevent this warning. self.session.flush() /var/lib/openstack/lib/python3.10/site-packages/oslo_db/sqlalchemy/enginefacade.py:676: SAWarning: DELETE statement on table 'ports' expected to delete 1 row(s); 0 were matched. Please set confirm_deleted_rows=False within the mapper configuration to prevent this warning. self.session.flush()
2026-07-02 11:17:29.207 9 INFO neutron.plugins.ml2.plugin [None req-7ba144a1-9dd1-4676-bffa-3d0f02d500e2 - - - - - -] Attempt 1 to provision port ded8179b-b46e-4d83-b4a9-b1229bb62ba2
2026-07-02 11:17:30.890 10 INFO neutron.plugins.ml2.plugin [None req-e75a1271-a878-4d6e-994f-aa047d62d8f0 - - - - - -] Attempt 1 to provision port 732924ab-dad9-43bd-aac4-481594ed329c
2026-07-02 11:17:31.888 9 INFO neutron.plugins.ml2.plugin [None req-71609e2e-5e0a-4c0a-8deb-db3095a7d80b - - - - - -] Attempt 1 to provision port 1ed1454a-b4c6-40b3-857c-b09054063b1c
2026-07-02 11:17:32.275 10 INFO neutron.plugins.ml2.plugin [None req-0fad70e1-5800-48f7-8b67-e59a9e3f0dae - - - - - -] Attempt 1 to provision port d832c774-a181-4f07-bfb0-b143a0f233fd
2026-07-02 11:17:32.486 10 INFO neutron.plugins.ml2.plugin [None req-60d3f08a-5587-44ab-be32-2bc0e3b49d52 - - - - - -] Attempt 1 to provision port 1ed1454a-b4c6-40b3-857c-b09054063b1c
2026-07-02 11:17:32.501 9 INFO neutron.plugins.ml2.plugin [None req-71609e2e-5e0a-4c0a-8deb-db3095a7d80b - - - - - -] Attempt 1 to provision port f4f9f464-380e-495c-b829-c28ebee49207
2026-07-02 11:17:32.734 9 INFO neutron.plugins.ml2.plugin [None req-685a39c5-1ba4-467d-a70b-1d93e4e7d656 - - - - - -] Attempt 1 to provision port 1ed1454a-b4c6-40b3-857c-b09054063b1c
2026-07-02 11:17:33.094 9 INFO neutron.plugins.ml2.plugin [None req-71609e2e-5e0a-4c0a-8deb-db3095a7d80b - - - - - -] Attempt 1 to provision port 48636b2b-58b2-4067-b10c-d6b93493498d
2026-07-02 11:17:33.133 9 INFO neutron.plugins.ml2.plugin [None req-5d9a59fb-e706-4701-a9a4-d4ac03fffa4e - - - - - -] Attempt 1 to provision port 48636b2b-58b2-4067-b10c-d6b93493498d
2026-07-02 11:17:33.184 9 INFO neutron.notifiers.nova [-] Nova event matching ['req-be1441d6-aaf7-461f-ab92-f882160e7f0a'] response: {'server_uuid': '8884ef35-869d-4a5d-9ba0-b5f512502294', 'name': 'network-vif-plugged', 'status': 'completed', 'tag': 'f4f9f464-380e-495c-b829-c28ebee49207', 'code': 200}
2026-07-02 11:17:33.916 10 INFO neutron.plugins.ml2.plugin [None req-71609e2e-5e0a-4c0a-8deb-db3095a7d80b - - - - - -] Attempt 1 to provision port f4f9f464-380e-495c-b829-c28ebee49207
2026-07-02 11:17:34.011 9 INFO neutron.plugins.ml2.plugin [None req-9f459de7-d281-4568-b779-6e1587000528 - - - - - -] Attempt 1 to provision port 48636b2b-58b2-4067-b10c-d6b93493498d
2026-07-02 11:17:34.107 9 INFO neutron.plugins.ml2.plugin [None req-9f459de7-d281-4568-b779-6e1587000528 - - - - - -] Attempt 1 to provision port f977ec14-a80e-4a56-be27-75e505134fce
2026-07-02 11:17:34.305 10 INFO neutron.plugins.ml2.plugin [None req-ecc40a3e-788b-4cc6-b33d-c0cd1d27f707 - - - - - -] Attempt 1 to provision port f977ec14-a80e-4a56-be27-75e505134fce
2026-07-02 11:17:34.457 10 INFO neutron.plugins.ml2.plugin [None req-71609e2e-5e0a-4c0a-8deb-db3095a7d80b - - - - - -] Attempt 1 to provision port 1ed1454a-b4c6-40b3-857c-b09054063b1c
2026-07-02 11:17:34.964 10 INFO neutron.plugins.ml2.plugin [None req-71609e2e-5e0a-4c0a-8deb-db3095a7d80b - - - - - -] Attempt 1 to provision port 48636b2b-58b2-4067-b10c-d6b93493498d
2026-07-02 11:17:35.426 9 INFO neutron.plugins.ml2.plugin [None req-7d288f5a-382e-4f94-8fe1-9b44e8dd2082 - - - - - -] Attempt 1 to provision port bf4b2b9c-e989-4ca2-9598-1a5732fe6de3
2026-07-02 11:17:36.131 9 INFO neutron.plugins.ml2.plugin [None req-71609e2e-5e0a-4c0a-8deb-db3095a7d80b - - - - - -] Attempt 1 to provision port 78443fac-38fe-4dc2-a60c-640a49e2e904
2026-07-02 11:17:36.175 10 INFO neutron.plugins.ml2.plugin [None req-37b30b25-0069-46fe-baa8-d51b704dcd69 - - - - - -] Attempt 1 to provision port bf4b2b9c-e989-4ca2-9598-1a5732fe6de3
2026-07-02 11:17:36.752 9 INFO neutron.plugins.ml2.plugin [None req-71609e2e-5e0a-4c0a-8deb-db3095a7d80b - - - - - -] Attempt 1 to provision port ded8179b-b46e-4d83-b4a9-b1229bb62ba2
2026-07-02 11:17:36.905 9 INFO neutron.notifiers.nova [-] Nova event matching ['req-b321c8d3-0a63-4517-b8b7-399788d680d9'] response: {'server_uuid': '259e6a10-0ddf-4c6b-a1b7-2fdd1392932e', 'name': 'network-vif-plugged', 'status': 'completed', 'tag': 'ded8179b-b46e-4d83-b4a9-b1229bb62ba2', 'code': 200}
2026-07-02 11:17:38.005 9 INFO neutron.plugins.ml2.plugin [None req-71609e2e-5e0a-4c0a-8deb-db3095a7d80b - - - - - -] Attempt 1 to provision port 78443fac-38fe-4dc2-a60c-640a49e2e904
2026-07-02 11:17:38.499 9 INFO neutron.plugins.ml2.plugin [None req-71609e2e-5e0a-4c0a-8deb-db3095a7d80b - - - - - -] Attempt 1 to provision port ded8179b-b46e-4d83-b4a9-b1229bb62ba2
2026-07-02 11:17:38.801 9 INFO neutron.plugins.ml2.plugin [None req-71609e2e-5e0a-4c0a-8deb-db3095a7d80b - - - - - -] Attempt 1 to provision port 57171a19-96cd-4237-8350-00e508bd245a
2026-07-02 11:17:40.007 10 INFO neutron.plugins.ml2.plugin [None req-bc5ab5d8-d127-4e9b-ba63-a53c34bffb37 - - - - - -] Attempt 1 to provision port 8b93b3e7-b8fb-497e-83f9-96cd7754f99d
2026-07-02 11:17:40.036 9 INFO neutron.plugins.ml2.plugin [None req-71609e2e-5e0a-4c0a-8deb-db3095a7d80b - - - - - -] Attempt 1 to provision port 57171a19-96cd-4237-8350-00e508bd245a
2026-07-02 11:17:41.058 10 INFO neutron.plugins.ml2.plugin [None req-121a419d-25a8-4add-938c-f2488be580ec - - - - - -] Attempt 1 to provision port f3cebe76-2e8d-4dec-bbc3-be1f6c96e162
2026-07-02 11:17:44.263 9 INFO neutron.plugins.ml2.plugin [None req-71609e2e-5e0a-4c0a-8deb-db3095a7d80b - - - - - -] Attempt 1 to provision port 8b93b3e7-b8fb-497e-83f9-96cd7754f99d
2026-07-02 11:17:44.432 9 INFO neutron.notifiers.nova [-] Nova event matching ['req-8a8162e3-36ac-4fb9-8455-5d2c52a1040d'] response: {'server_uuid': 'c87406a7-4a36-49b6-8ed2-fe78d262db1b', 'name': 'network-vif-plugged', 'status': 'completed', 'tag': '8b93b3e7-b8fb-497e-83f9-96cd7754f99d', 'code': 200}
2026-07-02 11:17:45.040 9 INFO neutron.plugins.ml2.plugin [None req-71609e2e-5e0a-4c0a-8deb-db3095a7d80b - - - - - -] Attempt 1 to provision port f3cebe76-2e8d-4dec-bbc3-be1f6c96e162
2026-07-02 11:17:45.961 10 INFO neutron.plugins.ml2.plugin [None req-71609e2e-5e0a-4c0a-8deb-db3095a7d80b - - - - - -] Attempt 1 to provision port 8b93b3e7-b8fb-497e-83f9-96cd7754f99d
2026-07-02 11:17:46.322 10 INFO neutron.plugins.ml2.plugin [None req-71609e2e-5e0a-4c0a-8deb-db3095a7d80b - - - - - -] Attempt 1 to provision port f3cebe76-2e8d-4dec-bbc3-be1f6c96e162
2026-07-02 11:17:46.480 9 INFO neutron.notifiers.nova [-] Nova event matching ['req-df9e2e25-d42b-46a8-9908-95ed11775704'] response: {'server_uuid': 'a203f8ef-928c-44e3-bb2e-ffab35983218', 'name': 'network-vif-plugged', 'status': 'completed', 'tag': 'f3cebe76-2e8d-4dec-bbc3-be1f6c96e162', 'code': 200} /var/lib/openstack/lib/python3.10/site-packages/oslo_db/sqlalchemy/enginefacade.py:676: SAWarning: DELETE statement on table 'portsecuritybindings' expected to delete 1 row(s); 0 were matched. Please set confirm_deleted_rows=False within the mapper configuration to prevent this warning. self.session.flush() /var/lib/openstack/lib/python3.10/site-packages/oslo_db/sqlalchemy/enginefacade.py:676: SAWarning: DELETE statement on table 'ml2_port_bindings' expected to delete 1 row(s); 0 were matched. Please set confirm_deleted_rows=False within the mapper configuration to prevent this warning. self.session.flush() /var/lib/openstack/lib/python3.10/site-packages/oslo_db/sqlalchemy/enginefacade.py:676: SAWarning: DELETE statement on table 'ml2_port_binding_levels' expected to delete 1 row(s); 0 were matched. Please set confirm_deleted_rows=False within the mapper configuration to prevent this warning. self.session.flush() /var/lib/openstack/lib/python3.10/site-packages/oslo_db/sqlalchemy/enginefacade.py:676: SAWarning: DELETE statement on table 'ports' expected to delete 1 row(s); 0 were matched. Please set confirm_deleted_rows=False within the mapper configuration to prevent this warning. self.session.flush()
2026-07-02 11:17:54.008 10 INFO neutron.plugins.ml2.plugin [None req-71609e2e-5e0a-4c0a-8deb-db3095a7d80b - - - - - -] Attempt 1 to provision port 732924ab-dad9-43bd-aac4-481594ed329c
2026-07-02 11:17:56.036 10 INFO neutron.plugins.ml2.plugin [None req-71609e2e-5e0a-4c0a-8deb-db3095a7d80b - - - - - -] Attempt 1 to provision port 7219970c-8a0c-405c-9509-e8298121af15
2026-07-02 11:17:56.492 10 INFO neutron.plugins.ml2.plugin [None req-71609e2e-5e0a-4c0a-8deb-db3095a7d80b - - - - - -] Attempt 1 to provision port c9ca5588-b8d5-4fe1-9e77-6be5d81d91c8 /var/lib/openstack/lib/python3.10/site-packages/oslo_db/sqlalchemy/enginefacade.py:676: SAWarning: DELETE statement on table 'portsecuritybindings' expected to delete 1 row(s); 0 were matched. Please set confirm_deleted_rows=False within the mapper configuration to prevent this warning. self.session.flush() /var/lib/openstack/lib/python3.10/site-packages/oslo_db/sqlalchemy/enginefacade.py:676: SAWarning: DELETE statement on table 'ml2_port_bindings' expected to delete 1 row(s); 0 were matched. Please set confirm_deleted_rows=False within the mapper configuration to prevent this warning. self.session.flush() /var/lib/openstack/lib/python3.10/site-packages/oslo_db/sqlalchemy/enginefacade.py:676: SAWarning: DELETE statement on table 'ml2_port_binding_levels' expected to delete 1 row(s); 0 were matched. Please set confirm_deleted_rows=False within the mapper configuration to prevent this warning. self.session.flush() /var/lib/openstack/lib/python3.10/site-packages/oslo_db/sqlalchemy/enginefacade.py:676: SAWarning: DELETE statement on table 'ports' expected to delete 1 row(s); 0 were matched. Please set confirm_deleted_rows=False within the mapper configuration to prevent this warning. self.session.flush()
2026-07-02 11:17:57.998 10 INFO neutron.plugins.ml2.plugin [None req-d3d9ad6e-4481-4dde-8ffe-aa53f3c58f35 - - - - - -] Attempt 1 to provision port f4f9f464-380e-495c-b829-c28ebee49207
2026-07-02 11:17:58.157 9 INFO neutron.plugins.ml2.plugin [None req-71609e2e-5e0a-4c0a-8deb-db3095a7d80b - - - - - -] Attempt 1 to provision port 7219970c-8a0c-405c-9509-e8298121af15
2026-07-02 11:17:58.452 9 INFO neutron.plugins.ml2.plugin [None req-71609e2e-5e0a-4c0a-8deb-db3095a7d80b - - - - - -] Attempt 1 to provision port c9ca5588-b8d5-4fe1-9e77-6be5d81d91c8
2026-07-02 11:18:00.025 9 INFO neutron.plugins.ml2.plugin [None req-48688fe2-91a8-444a-bdc3-470cedb65944 - - - - - -] Attempt 1 to provision port f4f9f464-380e-495c-b829-c28ebee49207
2026-07-02 11:18:01.937 10 INFO neutron.plugins.ml2.plugin [None req-71609e2e-5e0a-4c0a-8deb-db3095a7d80b - - - - - -] Attempt 1 to provision port 09ce5da7-0ac7-4f83-8cce-da601bcd5ebc
2026-07-02 11:18:02.098 9 INFO neutron.plugins.ml2.plugin [None req-f3c138eb-069b-4600-89d6-82a803388699 - - - - - -] Attempt 1 to provision port 088282a4-ca48-4ab5-aac8-b77d6437c17a
