2026-02-26 04:15:22.912 9 INFO neutron.api.wsgi [None req-bb205dce-ebee-4687-90e8-55a396e20891 35c0f9e5704a48ca863933e111a4a002 8dc4f4fc38a94ff0bcb4e288e509f534 - - default default] 10.0.0.64 "PUT /v2.0/routers/41109853-abb3-48e8-ac86-bd373ecf2061/add_router_interface HTTP/1.1" status: 200 len: 503 time: 1.0786822
2026-02-26 04:15:22.941 9 INFO neutron.api.wsgi [None req-6c409b1a-dd94-4f59-894e-0f5a7d392f05 35c0f9e5704a48ca863933e111a4a002 8dc4f4fc38a94ff0bcb4e288e509f534 - - default default] 10.0.0.64 "GET /v2.0/ports/4409f586-07d5-4080-beec-50798e58f92c HTTP/1.1" status: 200 len: 1139 time: 0.0243831
2026-02-26 04:15:22.975 9 INFO neutron.api.wsgi [None req-95eb919e-db7e-40be-817a-be52c07e025a 35c0f9e5704a48ca863933e111a4a002 8dc4f4fc38a94ff0bcb4e288e509f534 - - default default] 10.0.0.64 "GET /v2.0/ports/4409f586-07d5-4080-beec-50798e58f92c HTTP/1.1" status: 200 len: 1139 time: 0.0285747
2026-02-26 04:15:23.573 9 INFO neutron.api.wsgi [None req-e5ad4b10-4550-4732-9636-51cec28d48ab a1817da654864e749dd8e9427f667f39 5fc76775754647dd93314d7ec890b912 - - default default] 10.0.0.64 "GET /v2.0/ports/048e3962-ec40-4059-867a-39bf08558ce6 HTTP/1.1" status: 200 len: 1135 time: 0.0350668
2026-02-26 04:15:23.732 10 WARNING neutron.plugins.ml2.drivers.ovn.mech_driver.ovsdb.ovn_client [None req-7d884bee-5e70-43e3-a552-52e7c68635ba - - - - - -] No hosting information found for port 0d5d27a7-00f8-4c10-ba81-3c3b4e8db4e6: RuntimeError: No hosting information found for port 0d5d27a7-00f8-4c10-ba81-3c3b4e8db4e6
2026-02-26 04:15:23.803 10 INFO neutron.db.ovn_revision_numbers_db [None req-7d884bee-5e70-43e3-a552-52e7c68635ba - - - - - -] Successfully bumped revision number for resource 0d5d27a7-00f8-4c10-ba81-3c3b4e8db4e6 (type: router_ports) to 2
2026-02-26 04:15:23.804 10 INFO neutron.plugins.ml2.drivers.ovn.mech_driver.mech_driver [None req-7d884bee-5e70-43e3-a552-52e7c68635ba - - - - - -] OVN reports status up for port: 048e3962-ec40-4059-867a-39bf08558ce6
2026-02-26 04:15:23.810 10 INFO neutron.plugins.ml2.plugin [None req-7d884bee-5e70-43e3-a552-52e7c68635ba - - - - - -] Attempt 1 to provision port 048e3962-ec40-4059-867a-39bf08558ce6
2026-02-26 04:15:24.039 10 INFO neutron.api.wsgi [None req-09693a04-2046-463f-ae0c-c29da3e193d8 35c0f9e5704a48ca863933e111a4a002 8dc4f4fc38a94ff0bcb4e288e509f534 - - default default] 10.0.0.64 "GET /v2.0/ports/4409f586-07d5-4080-beec-50798e58f92c HTTP/1.1" status: 200 len: 1139 time: 0.0593936
2026-02-26 04:15:24.146 9 WARNING neutron.plugins.ml2.drivers.ovn.mech_driver.ovsdb.ovn_client [None req-8c4563e5-1beb-4968-9e21-b95685f8dc6c - - - - - -] No hosting information found for port 238a76bc-76c8-4c55-9d8c-43c51398d9fd: RuntimeError: No hosting information found for port 238a76bc-76c8-4c55-9d8c-43c51398d9fd
2026-02-26 04:15:24.151 10 INFO neutron.db.ovn_revision_numbers_db [None req-7d884bee-5e70-43e3-a552-52e7c68635ba - - - - - -] Successfully bumped revision number for resource 048e3962-ec40-4059-867a-39bf08558ce6 (type: ports) to 2
2026-02-26 04:15:24.214 9 INFO neutron.db.ovn_revision_numbers_db [None req-8c4563e5-1beb-4968-9e21-b95685f8dc6c - - - - - -] Successfully bumped revision number for resource 238a76bc-76c8-4c55-9d8c-43c51398d9fd (type: router_ports) to 2
2026-02-26 04:15:24.270 9 INFO neutron.plugins.ml2.drivers.ovn.mech_driver.mech_driver [None req-8c4563e5-1beb-4968-9e21-b95685f8dc6c - - - - - -] OVN reports status up for port: 4409f586-07d5-4080-beec-50798e58f92c
2026-02-26 04:15:24.277 9 INFO neutron.plugins.ml2.plugin [None req-8c4563e5-1beb-4968-9e21-b95685f8dc6c - - - - - -] Attempt 1 to provision port 4409f586-07d5-4080-beec-50798e58f92c
2026-02-26 04:15:24.563 9 INFO neutron.db.ovn_revision_numbers_db [None req-8c4563e5-1beb-4968-9e21-b95685f8dc6c - - - - - -] Successfully bumped revision number for resource 4409f586-07d5-4080-beec-50798e58f92c (type: ports) to 2
2026-02-26 04:15:24.648 10 INFO neutron.api.wsgi [None req-358566dc-d3a7-422a-b6ce-75337ece75d3 a1817da654864e749dd8e9427f667f39 5fc76775754647dd93314d7ec890b912 - - default default] 10.0.0.64 "GET /v2.0/ports/048e3962-ec40-4059-867a-39bf08558ce6 HTTP/1.1" status: 200 len: 1137 time: 0.0697720 /var/lib/openstack/lib/python3.12/site-packages/pycadf/identifier.py:71: UserWarning: Invalid uuid: neutron. To ensure interoperability, identifiers should be a valid uuid. warnings.warn(('Invalid uuid: %s. To ensure interoperability, '
2026-02-26 04:15:25.076 9 INFO neutron.api.wsgi [None req-cfc9a96f-55aa-4f56-8325-352be7e86c0b 35c0f9e5704a48ca863933e111a4a002 8dc4f4fc38a94ff0bcb4e288e509f534 - - default default] 10.0.0.64 "GET /v2.0/ports/4409f586-07d5-4080-beec-50798e58f92c HTTP/1.1" status: 200 len: 1141 time: 0.0313926
2026-02-26 04:15:25.093 10 INFO neutron.api.wsgi [req-ea913973-2da3-466d-ab08-6d615438663c req-35a60a50-00c9-4bca-8af9-5b5dc1108037 b25ee06207904d799a2277775f95b45d 0278168f2f6440cc8b13aef03a6115f2 - - default default] 10.0.0.43 "GET /v2.0/security-groups?name=tempest-securitygroup--999452737&fields=id&tenant_id=0278168f2f6440cc8b13aef03a6115f2 HTTP/1.1" status: 200 len: 267 time: 0.0386786
2026-02-26 04:15:25.169 10 INFO neutron.api.wsgi [req-ea913973-2da3-466d-ab08-6d615438663c req-92db0cc8-5258-48a3-aa14-a41b05f89963 b25ee06207904d799a2277775f95b45d 0278168f2f6440cc8b13aef03a6115f2 - - default default] 10.0.0.43 "GET /v2.0/networks?id=9c896b55-f079-4692-bb48-b3abf3a12204 HTTP/1.1" status: 200 len: 879 time: 0.0667629
2026-02-26 04:15:25.182 10 INFO neutron.api.wsgi [req-ea913973-2da3-466d-ab08-6d615438663c req-df4d5980-9bb1-49d8-808b-c7cf1469e25e b25ee06207904d799a2277775f95b45d 0278168f2f6440cc8b13aef03a6115f2 - - default default] 10.0.0.43 "GET /v2.0/quotas/0278168f2f6440cc8b13aef03a6115f2 HTTP/1.1" status: 200 len: 491 time: 0.0081069 /var/lib/openstack/lib/python3.12/site-packages/pycadf/identifier.py:71: UserWarning: Invalid uuid: neutron. To ensure interoperability, identifiers should be a valid uuid. warnings.warn(('Invalid uuid: %s. To ensure interoperability, '
2026-02-26 04:15:25.247 10 INFO neutron.api.wsgi [None req-8d5aaee8-1542-4f6a-86d5-ce2cc7d9bb7d a1817da654864e749dd8e9427f667f39 5fc76775754647dd93314d7ec890b912 - - default default] 10.0.0.64 "PUT /v2.0/routers/19ca64d0-8736-4b87-89f8-ccc038efc702/remove_router_interface HTTP/1.1" status: 200 len: 503 time: 0.5930696
2026-02-26 04:15:25.291 10 INFO neutron.api.wsgi [req-ea913973-2da3-466d-ab08-6d615438663c req-77808647-2bb0-4557-b552-424049e221e5 b25ee06207904d799a2277775f95b45d 0278168f2f6440cc8b13aef03a6115f2 - - default default] 10.0.0.43 "GET /v2.0/ports?tenant_id=0278168f2f6440cc8b13aef03a6115f2&fields=id HTTP/1.1" status: 200 len: 302 time: 0.0878823
2026-02-26 04:15:25.322 9 INFO neutron.api.wsgi [None req-595d981d-ccf6-4ffd-961e-c34443f7eecb a1817da654864e749dd8e9427f667f39 5fc76775754647dd93314d7ec890b912 - - default default] 10.0.0.64 "GET /v2.0/ports/0d5d27a7-00f8-4c10-ba81-3c3b4e8db4e6 HTTP/1.1" status: 200 len: 1137 time: 0.0699027
2026-02-26 04:15:25.346 10 INFO neutron.api.wsgi [req-ea913973-2da3-466d-ab08-6d615438663c req-9e77354a-688d-437c-af71-0df987e9a783 ed81b0baa6dc41ecab55bde9293e1c65 0997eb8867154e38ac002d84ce07617f - - eac6e0f04e8d43b8b30ebcfee323c3e3 eac6e0f04e8d43b8b30ebcfee323c3e3] 10.0.0.43 "GET /v2.0/networks/9c896b55-f079-4692-bb48-b3abf3a12204?fields=segments HTTP/1.1" status: 200 len: 212 time: 0.0425088
2026-02-26 04:15:25.392 10 INFO neutron.api.wsgi [req-ea913973-2da3-466d-ab08-6d615438663c req-2b1e1315-f4af-4259-92c3-add1e8cefa76 ed81b0baa6dc41ecab55bde9293e1c65 0997eb8867154e38ac002d84ce07617f - - eac6e0f04e8d43b8b30ebcfee323c3e3 eac6e0f04e8d43b8b30ebcfee323c3e3] 10.0.0.43 "GET /v2.0/networks/9c896b55-f079-4692-bb48-b3abf3a12204?fields=provider%3Aphysical_network&fields=provider%3Anetwork_type HTTP/1.1" status: 200 len: 277 time: 0.0392516
2026-02-26 04:15:25.606 9 INFO neutron.api.wsgi [None req-bdb1ef7b-d4f1-4c65-96fc-ac412c6b51b3 35c0f9e5704a48ca863933e111a4a002 8dc4f4fc38a94ff0bcb4e288e509f534 - - default default] 10.0.0.64 "PUT /v2.0/routers/41109853-abb3-48e8-ac86-bd373ecf2061/remove_router_interface HTTP/1.1" status: 200 len: 503 time: 0.5256577 /var/lib/openstack/lib/python3.12/site-packages/pycadf/identifier.py:71: UserWarning: Invalid uuid: neutron. To ensure interoperability, identifiers should be a valid uuid. warnings.warn(('Invalid uuid: %s. To ensure interoperability, '
2026-02-26 04:15:25.629 10 INFO neutron.api.wsgi [None req-8a144c33-fde6-47f7-b122-1f56c737d671 35c0f9e5704a48ca863933e111a4a002 8dc4f4fc38a94ff0bcb4e288e509f534 - - default default] 10.0.0.64 "GET /v2.0/ports?device_id=41109853-abb3-48e8-ac86-bd373ecf2061 HTTP/1.1" status: 200 len: 205 time: 0.0185785
2026-02-26 04:15:25.633 9 INFO neutron.api.wsgi [req-db643348-61dd-41d5-b15d-9aab92ae0857 req-c1b89b22-f275-4987-9769-649359dbfb2c b25ee06207904d799a2277775f95b45d 0278168f2f6440cc8b13aef03a6115f2 - - default default] 10.0.0.43 "GET /v2.0/ports?device_id=f4eed707-b1d3-465d-b4dc-7b6ce1063726 HTTP/1.1" status: 200 len: 210 time: 0.0185244
2026-02-26 04:15:25.800 10 INFO neutron.api.wsgi [None req-52055045-58b9-4e87-a396-3fdc030b9797 35c0f9e5704a48ca863933e111a4a002 8dc4f4fc38a94ff0bcb4e288e509f534 - - default default] 10.0.0.64 "DELETE /v2.0/routers/41109853-abb3-48e8-ac86-bd373ecf2061 HTTP/1.1" status: 204 len: 168 time: 0.1668293
2026-02-26 04:15:25.935 9 INFO neutron.api.wsgi [None req-cd48f608-3b10-4354-a64b-b4430a4b3d48 a1817da654864e749dd8e9427f667f39 5fc76775754647dd93314d7ec890b912 - - default default] 10.0.0.64 "PUT /v2.0/routers/19ca64d0-8736-4b87-89f8-ccc038efc702/remove_router_interface HTTP/1.1" status: 200 len: 503 time: 0.6080911
2026-02-26 04:15:25.955 10 INFO neutron.api.wsgi [None req-857012ce-fe7f-4b3e-8156-79b960ba7c80 a1817da654864e749dd8e9427f667f39 5fc76775754647dd93314d7ec890b912 - - default default] 10.0.0.64 "GET /v2.0/ports?device_id=19ca64d0-8736-4b87-89f8-ccc038efc702 HTTP/1.1" status: 200 len: 205 time: 0.0152104
2026-02-26 04:15:25.958 10 INFO neutron.api.wsgi [None req-6ade8a8e-28af-4ca6-9c44-d88f38df7ea1 35c0f9e5704a48ca863933e111a4a002 8dc4f4fc38a94ff0bcb4e288e509f534 - - default default] 10.0.0.64 "DELETE /v2.0/subnets/1ca21201-b8cf-471e-ad13-709c15fad2d7 HTTP/1.1" status: 204 len: 168 time: 0.1529243 /var/lib/openstack/lib/python3.12/site-packages/pycadf/identifier.py:71: UserWarning: Invalid uuid: neutron. To ensure interoperability, identifiers should be a valid uuid. warnings.warn(('Invalid uuid: %s. To ensure interoperability, '
2026-02-26 04:15:26.113 9 INFO neutron.api.wsgi [None req-8430919d-dffc-41f4-b95b-2afccf483db3 a1817da654864e749dd8e9427f667f39 5fc76775754647dd93314d7ec890b912 - - default default] 10.0.0.64 "DELETE /v2.0/routers/19ca64d0-8736-4b87-89f8-ccc038efc702 HTTP/1.1" status: 204 len: 168 time: 0.1541281
2026-02-26 04:15:26.207 10 INFO neutron.services.segments.plugin [-] Segment b3ece41b-87cf-4aba-b16c-f5004cc8c232 resource provider aggregate not found
2026-02-26 04:15:26.211 10 INFO neutron.services.segments.plugin [-] Segment b3ece41b-87cf-4aba-b16c-f5004cc8c232 resource provider aggregate not found
2026-02-26 04:15:26.222 10 INFO neutron.services.segments.plugin [-] Segment b3ece41b-87cf-4aba-b16c-f5004cc8c232 resource provider not found; error: Placement Client Error (4xx): {"errors": [{"status": 404, "title": "Not Found", "detail": "The resource could not be found.\n\n No resource provider with uuid b3ece41b-87cf-4aba-b16c-f5004cc8c232 found for delete ", "request_id": "req-42f74708-7de9-471a-a288-20aae3e679a2"}]}
2026-02-26 04:15:26.224 10 INFO neutron.services.segments.plugin [-] Segment b3ece41b-87cf-4aba-b16c-f5004cc8c232 resource provider not found; error: Placement Client Error (4xx): {"errors": [{"status": 404, "title": "Not Found", "detail": "The resource could not be found.\n\n No resource provider with uuid b3ece41b-87cf-4aba-b16c-f5004cc8c232 found for delete ", "request_id": "req-7ae41032-04ec-47c5-b87f-eebbf2bfe9c8"}]}
2026-02-26 04:15:26.236 10 INFO neutron.api.wsgi [None req-5a3392bf-c926-4a6a-b03b-b3375368d8c1 35c0f9e5704a48ca863933e111a4a002 8dc4f4fc38a94ff0bcb4e288e509f534 - - default default] 10.0.0.64 "DELETE /v2.0/networks/0f28c0c4-4115-4a23-afdd-8b3ded7ce6bb HTTP/1.1" status: 204 len: 168 time: 0.2752039
2026-02-26 04:15:26.246 10 WARNING neutron_lib.context [None req-3333e90d-ebcc-433e-8eb4-fe136b3d17a2 35c0f9e5704a48ca863933e111a4a002 8dc4f4fc38a94ff0bcb4e288e509f534 - - default default] Method 'is_advsvc' is deprecated since 2023.2 release (neutron-lib 3.8.0) and will be removed once support for the old RBAC API policies will be removed from Neutron. Please use method 'is_service_role' instead.
2026-02-26 04:15:26.269 9 INFO neutron.api.wsgi [None req-ef68a8ce-3b25-4f90-8c92-80c7f70b7c04 a1817da654864e749dd8e9427f667f39 5fc76775754647dd93314d7ec890b912 - - default default] 10.0.0.64 "DELETE /v2.0/subnets/93a1301c-978b-424b-982b-cfab9d3b50e5 HTTP/1.1" status: 204 len: 168 time: 0.1494844
2026-02-26 04:15:26.410 9 INFO neutron.api.wsgi [None req-cab1c0f1-777e-4f76-a3b4-d8db306d227c a1817da654864e749dd8e9427f667f39 5fc76775754647dd93314d7ec890b912 - - default default] 10.0.0.64 "DELETE /v2.0/subnets/c2dc2fb7-f637-4b99-a6d1-75bcafdb8151 HTTP/1.1" status: 204 len: 168 time: 0.1371651
2026-02-26 04:15:26.599 10 WARNING neutron.scheduler.dhcp_agent_scheduler [None req-3333e90d-ebcc-433e-8eb4-fe136b3d17a2 35c0f9e5704a48ca863933e111a4a002 8dc4f4fc38a94ff0bcb4e288e509f534 - - default default] No more DHCP agents
2026-02-26 04:15:26.600 10 WARNING neutron.api.rpc.agentnotifiers.dhcp_rpc_agent_api [None req-3333e90d-ebcc-433e-8eb4-fe136b3d17a2 35c0f9e5704a48ca863933e111a4a002 8dc4f4fc38a94ff0bcb4e288e509f534 - - default default] Unable to schedule network a31a661a-6bd2-4f70-ab6b-eeea83f275be: no agents available; will retry on subsequent port and subnet creation events.
2026-02-26 04:15:26.684 9 INFO neutron.services.segments.plugin [-] Segment b4d88857-4c73-4ab0-ab2d-2a02d3355ec5 resource provider aggregate not found
2026-02-26 04:15:26.688 9 INFO neutron.services.segments.plugin [-] Segment b4d88857-4c73-4ab0-ab2d-2a02d3355ec5 resource provider aggregate not found
2026-02-26 04:15:26.701 9 INFO neutron.services.segments.plugin [-] Segment b4d88857-4c73-4ab0-ab2d-2a02d3355ec5 resource provider not found; error: Placement Client Error (4xx): {"errors": [{"status": 404, "title": "Not Found", "detail": "The resource could not be found.\n\n No resource provider with uuid b4d88857-4c73-4ab0-ab2d-2a02d3355ec5 found for delete ", "request_id": "req-7bf015c7-5267-4f62-9c0f-894cafd06c1e"}]}
2026-02-26 04:15:26.701 9 INFO neutron.services.segments.plugin [-] Segment b4d88857-4c73-4ab0-ab2d-2a02d3355ec5 resource provider not found; error: Placement Client Error (4xx): {"errors": [{"status": 404, "title": "Not Found", "detail": "The resource could not be found.\n\n No resource provider with uuid b4d88857-4c73-4ab0-ab2d-2a02d3355ec5 found for delete ", "request_id": "req-87d205e4-de31-4fa2-9c2d-115761d41e36"}]}
2026-02-26 04:15:26.710 10 INFO neutron.api.wsgi [req-19fe1bfd-ccd8-4a3e-b7e3-35ac5d576022 req-5261a8a7-6c59-4588-952b-39f57316f070 b25ee06207904d799a2277775f95b45d 0278168f2f6440cc8b13aef03a6115f2 - - default default] 10.0.0.43 "GET /v2.0/ports?device_id=f4eed707-b1d3-465d-b4dc-7b6ce1063726 HTTP/1.1" status: 200 len: 210 time: 0.0222549
2026-02-26 04:15:26.725 10 INFO neutron.db.ovn_revision_numbers_db [None req-3333e90d-ebcc-433e-8eb4-fe136b3d17a2 35c0f9e5704a48ca863933e111a4a002 8dc4f4fc38a94ff0bcb4e288e509f534 - - default default] Successfully bumped revision number for resource 852fb95b-3018-4a3c-90b6-5ff9d8e8b08d (type: ports) to 1
2026-02-26 04:15:26.725 9 INFO neutron.api.wsgi [None req-b24966ee-59c3-44d9-978f-f4c12dc3c49d a1817da654864e749dd8e9427f667f39 5fc76775754647dd93314d7ec890b912 - - default default] 10.0.0.64 "DELETE /v2.0/networks/1565bbec-d51c-451c-9360-159c1f94c6ed HTTP/1.1" status: 204 len: 168 time: 0.3095253
2026-02-26 04:15:27.054 9 INFO neutron.api.wsgi [None req-d592bb68-d133-4549-a431-99cb667d6e7b a1817da654864e749dd8e9427f667f39 5fc76775754647dd93314d7ec890b912 - - default default] 10.0.0.64 "DELETE /v2.0/networks/22dfadf3-80a3-41f7-afe0-4dcaa2446a67 HTTP/1.1" status: 204 len: 168 time: 0.3242953
2026-02-26 04:15:27.067 10 WARNING neutron_lib.context [None req-83a05e1b-2901-4919-a868-5f27a21a659c a1817da654864e749dd8e9427f667f39 5fc76775754647dd93314d7ec890b912 - - default default] Method 'is_advsvc' is deprecated since 2023.2 release (neutron-lib 3.8.0) and will be removed once support for the old RBAC API policies will be removed from Neutron. Please use method 'is_service_role' instead.
2026-02-26 04:15:27.167 10 INFO neutron.db.segments_db [None req-83a05e1b-2901-4919-a868-5f27a21a659c a1817da654864e749dd8e9427f667f39 5fc76775754647dd93314d7ec890b912 - - default default] Added segment 7e120790-fd0d-4932-b3f9-608846a3d04d of type geneve for network 4b1ab142-b63e-4242-ba71-96f58a0470b5
2026-02-26 04:15:27.312 10 INFO neutron.db.ovn_revision_numbers_db [None req-83a05e1b-2901-4919-a868-5f27a21a659c a1817da654864e749dd8e9427f667f39 5fc76775754647dd93314d7ec890b912 - - default default] Successfully bumped revision number for resource 4b1ab142-b63e-4242-ba71-96f58a0470b5 (type: networks) to 1
2026-02-26 04:15:27.374 10 INFO neutron.plugins.ml2.drivers.ovn.mech_driver.ovsdb.commands [None req-7539300a-2bd8-4195-b578-3b0cd1b5ef6b - - - - - -] Schedule LRP lrp-852fb95b-3018-4a3c-90b6-5ff9d8e8b08d on gateway 7abd64c0-c0bf-4bed-8d74-2dc51ed45c07 with priority 1
2026-02-26 04:15:27.413 10 INFO neutron.db.ovn_revision_numbers_db [None req-3333e90d-ebcc-433e-8eb4-fe136b3d17a2 35c0f9e5704a48ca863933e111a4a002 8dc4f4fc38a94ff0bcb4e288e509f534 - - default default] Successfully bumped revision number for resource 852fb95b-3018-4a3c-90b6-5ff9d8e8b08d (type: router_ports) to 1
2026-02-26 04:15:27.479 10 INFO neutron.db.ovn_revision_numbers_db [None req-3333e90d-ebcc-433e-8eb4-fe136b3d17a2 35c0f9e5704a48ca863933e111a4a002 8dc4f4fc38a94ff0bcb4e288e509f534 - - default default] Successfully bumped revision number for resource 31a9e483-1a72-46fa-89b3-74cf87b00296 (type: routers) to 2
2026-02-26 04:15:27.493 10 INFO neutron.api.wsgi [None req-3333e90d-ebcc-433e-8eb4-fe136b3d17a2 35c0f9e5704a48ca863933e111a4a002 8dc4f4fc38a94ff0bcb4e288e509f534 - - default default] 10.0.0.64 "POST /v2.0/routers HTTP/1.1" status: 201 len: 1150 time: 1.2505798
2026-02-26 04:15:27.496 10 WARNING neutron.scheduler.dhcp_agent_scheduler [None req-83a05e1b-2901-4919-a868-5f27a21a659c a1817da654864e749dd8e9427f667f39 5fc76775754647dd93314d7ec890b912 - - default default] No more DHCP agents
2026-02-26 04:15:27.497 10 WARNING neutron.api.rpc.agentnotifiers.dhcp_rpc_agent_api [None req-83a05e1b-2901-4919-a868-5f27a21a659c a1817da654864e749dd8e9427f667f39 5fc76775754647dd93314d7ec890b912 - - default default] Unable to schedule network 4b1ab142-b63e-4242-ba71-96f58a0470b5: no agents available; will retry on subsequent port and subnet creation events.
2026-02-26 04:15:27.559 9 INFO neutron.api.wsgi [None req-6163c4df-5328-4ef5-bd43-c1b6d9109187 35c0f9e5704a48ca863933e111a4a002 8dc4f4fc38a94ff0bcb4e288e509f534 - - default default] 10.0.0.64 "GET /v2.0/routers/31a9e483-1a72-46fa-89b3-74cf87b00296 HTTP/1.1" status: 200 len: 1151 time: 0.0606716
2026-02-26 04:15:27.560 10 INFO neutron.db.ovn_revision_numbers_db [None req-83a05e1b-2901-4919-a868-5f27a21a659c a1817da654864e749dd8e9427f667f39 5fc76775754647dd93314d7ec890b912 - - default default] Successfully bumped revision number for resource ab9e73dd-1374-4a0f-b7da-519803e06971 (type: ports) to 1
2026-02-26 04:15:27.619 10 INFO neutron.api.wsgi [None req-83a05e1b-2901-4919-a868-5f27a21a659c a1817da654864e749dd8e9427f667f39 5fc76775754647dd93314d7ec890b912 - - default default] 10.0.0.64 "POST /v2.0/networks HTTP/1.1" status: 201 len: 829 time: 0.5576417
2026-02-26 04:15:27.630 9 WARNING neutron_lib.context [None req-a684dafa-8ed2-4d5d-8cc3-d91b07995cc7 a1817da654864e749dd8e9427f667f39 5fc76775754647dd93314d7ec890b912 - - default default] Method 'is_advsvc' is deprecated since 2023.2 release (neutron-lib 3.8.0) and will be removed once support for the old RBAC API policies will be removed from Neutron. Please use method 'is_service_role' instead.
2026-02-26 04:15:27.652 10 INFO neutron.api.wsgi [None req-88df02f3-b6b7-43fc-99e5-48456f893801 35c0f9e5704a48ca863933e111a4a002 8dc4f4fc38a94ff0bcb4e288e509f534 - - default default] 10.0.0.64 "GET /v2.0/routers HTTP/1.1" status: 200 len: 1154 time: 0.0885117
2026-02-26 04:15:27.791 9 INFO neutron.api.wsgi [req-d89c7353-b5ca-4424-924e-b7ecb96429b6 req-ba5a3ef5-7cba-4932-a1c6-abb67ec2954a b25ee06207904d799a2277775f95b45d 0278168f2f6440cc8b13aef03a6115f2 - - default default] 10.0.0.43 "GET /v2.0/ports?device_id=f4eed707-b1d3-465d-b4dc-7b6ce1063726 HTTP/1.1" status: 200 len: 210 time: 0.0219455
2026-02-26 04:15:27.876 9 WARNING neutron.scheduler.dhcp_agent_scheduler [None req-a684dafa-8ed2-4d5d-8cc3-d91b07995cc7 a1817da654864e749dd8e9427f667f39 5fc76775754647dd93314d7ec890b912 - - default default] No more DHCP agents
2026-02-26 04:15:27.877 9 WARNING neutron.api.rpc.agentnotifiers.dhcp_rpc_agent_api [None req-a684dafa-8ed2-4d5d-8cc3-d91b07995cc7 a1817da654864e749dd8e9427f667f39 5fc76775754647dd93314d7ec890b912 - - default default] Unable to schedule network 4b1ab142-b63e-4242-ba71-96f58a0470b5: no agents available; will retry on subsequent port and subnet creation events.
2026-02-26 04:15:28.095 9 INFO neutron.db.ovn_revision_numbers_db [None req-cc6fef46-c2cb-405b-afd0-d82460e938e5 35c0f9e5704a48ca863933e111a4a002 8dc4f4fc38a94ff0bcb4e288e509f534 - - default default] Successfully bumped revision number for resource 31a9e483-1a72-46fa-89b3-74cf87b00296 (type: routers) to 3
2026-02-26 04:15:28.101 9 INFO neutron.api.wsgi [None req-cc6fef46-c2cb-405b-afd0-d82460e938e5 35c0f9e5704a48ca863933e111a4a002 8dc4f4fc38a94ff0bcb4e288e509f534 - - default default] 10.0.0.64 "PUT /v2.0/routers/31a9e483-1a72-46fa-89b3-74cf87b00296 HTTP/1.1" status: 200 len: 1158 time: 0.4452512
2026-02-26 04:15:28.167 10 INFO neutron.api.wsgi [None req-e1514d26-db94-4ef2-8e10-8b3e15ff304f 35c0f9e5704a48ca863933e111a4a002 8dc4f4fc38a94ff0bcb4e288e509f534 - - default default] 10.0.0.64 "GET /v2.0/routers/31a9e483-1a72-46fa-89b3-74cf87b00296 HTTP/1.1" status: 200 len: 1158 time: 0.0604537
2026-02-26 04:15:28.184 10 INFO neutron.api.wsgi [None req-86cece4b-507d-4a7c-9bcf-40116f461fce 35c0f9e5704a48ca863933e111a4a002 8dc4f4fc38a94ff0bcb4e288e509f534 - - default default] 10.0.0.64 "GET /v2.0/ports?device_id=31a9e483-1a72-46fa-89b3-74cf87b00296 HTTP/1.1" status: 200 len: 205 time: 0.0132682
2026-02-26 04:15:28.313 9 INFO neutron.db.ovn_revision_numbers_db [None req-44cf3942-c2ed-409a-95f5-dd3763ccd40d - - - - - -] Successfully bumped revision number for resource ab9e73dd-1374-4a0f-b7da-519803e06971 (type: ports) to 2
2026-02-26 04:15:28.341 9 INFO neutron.db.ovn_revision_numbers_db [None req-44cf3942-c2ed-409a-95f5-dd3763ccd40d - - - - - -] Successfully bumped revision number for resource 8bd9365b-0e9a-4243-9479-cc1055940df4 (type: subnets) to 0
2026-02-26 04:15:28.366 9 INFO neutron.api.wsgi [None req-a684dafa-8ed2-4d5d-8cc3-d91b07995cc7 a1817da654864e749dd8e9427f667f39 5fc76775754647dd93314d7ec890b912 - - default default] 10.0.0.64 "POST /v2.0/subnets HTTP/1.1" status: 201 len: 825 time: 0.7417893
2026-02-26 04:15:28.377 9 WARNING neutron_lib.context [None req-ddc7c214-9de0-44ac-bbd6-05d1c5273284 a1817da654864e749dd8e9427f667f39 5fc76775754647dd93314d7ec890b912 - - default default] Method 'is_advsvc' is deprecated since 2023.2 release (neutron-lib 3.8.0) and will be removed once support for the old RBAC API policies will be removed from Neutron. Please use method 'is_service_role' instead.
2026-02-26 04:15:28.471 9 INFO neutron.db.ovn_revision_numbers_db [None req-ddc7c214-9de0-44ac-bbd6-05d1c5273284 a1817da654864e749dd8e9427f667f39 5fc76775754647dd93314d7ec890b912 - - default default] Successfully bumped revision number for resource 46455ebe-1618-4786-b3b2-fa2d7526db81 (type: routers) to 1
2026-02-26 04:15:28.486 9 INFO neutron.api.wsgi [None req-ddc7c214-9de0-44ac-bbd6-05d1c5273284 a1817da654864e749dd8e9427f667f39 5fc76775754647dd93314d7ec890b912 - - default default] 10.0.0.64 "POST /v2.0/routers HTTP/1.1" status: 201 len: 802 time: 0.1122043
2026-02-26 04:15:28.495 9 WARNING neutron_lib.context [None req-11199803-fcd6-4c18-ae66-739c0db6a5c7 a1817da654864e749dd8e9427f667f39 5fc76775754647dd93314d7ec890b912 - - default default] Method 'is_advsvc' is deprecated since 2023.2 release (neutron-lib 3.8.0) and will be removed once support for the old RBAC API policies will be removed from Neutron. Please use method 'is_service_role' instead.
2026-02-26 04:15:28.725 9 INFO neutron.services.segments.plugin [-] Segment 52cad4cb-bac7-40d5-aeab-84d325c22523 resource provider aggregate not found
2026-02-26 04:15:28.729 9 INFO neutron.services.segments.plugin [-] Segment 52cad4cb-bac7-40d5-aeab-84d325c22523 resource provider aggregate not found
2026-02-26 04:15:28.746 9 INFO neutron.services.segments.plugin [-] Segment 52cad4cb-bac7-40d5-aeab-84d325c22523 resource provider not found; error: Placement Client Error (4xx): {"errors": [{"status": 404, "title": "Not Found", "detail": "The resource could not be found.\n\n No resource provider with uuid 52cad4cb-bac7-40d5-aeab-84d325c22523 found for delete ", "request_id": "req-afdfd39d-a883-4862-8852-4823e26c9e3d"}]}
2026-02-26 04:15:28.748 9 INFO neutron.services.segments.plugin [-] Segment 52cad4cb-bac7-40d5-aeab-84d325c22523 resource provider not found; error: Placement Client Error (4xx): {"errors": [{"status": 404, "title": "Not Found", "detail": "The resource could not be found.\n\n No resource provider with uuid 52cad4cb-bac7-40d5-aeab-84d325c22523 found for delete ", "request_id": "req-7e48f491-b9aa-41d1-9b0f-ba893e68b3ec"}]}
2026-02-26 04:15:28.768 9 WARNING neutron.scheduler.dhcp_agent_scheduler [None req-11199803-fcd6-4c18-ae66-739c0db6a5c7 a1817da654864e749dd8e9427f667f39 5fc76775754647dd93314d7ec890b912 - - default default] No more DHCP agents
2026-02-26 04:15:28.769 9 WARNING neutron.api.rpc.agentnotifiers.dhcp_rpc_agent_api [None req-11199803-fcd6-4c18-ae66-739c0db6a5c7 a1817da654864e749dd8e9427f667f39 5fc76775754647dd93314d7ec890b912 - - default default] Unable to schedule network 4b1ab142-b63e-4242-ba71-96f58a0470b5: no agents available; will retry on subsequent port and subnet creation events.
2026-02-26 04:15:28.801 10 INFO neutron.api.wsgi [None req-6c07bb9e-6b90-4a27-ac00-8d9c4ea82921 35c0f9e5704a48ca863933e111a4a002 8dc4f4fc38a94ff0bcb4e288e509f534 - - default default] 10.0.0.64 "DELETE /v2.0/routers/31a9e483-1a72-46fa-89b3-74cf87b00296 HTTP/1.1" status: 204 len: 168 time: 0.6107914
2026-02-26 04:15:28.833 10 INFO neutron.api.wsgi [None req-8059326a-811d-447a-96c7-3fd4e1a607cf 35c0f9e5704a48ca863933e111a4a002 8dc4f4fc38a94ff0bcb4e288e509f534 - - default default] 10.0.0.64 "GET /v2.0/ports?device_id=31a9e483-1a72-46fa-89b3-74cf87b00296 HTTP/1.1" status: 200 len: 205 time: 0.0226970 /var/lib/openstack/lib/python3.12/site-packages/pycadf/identifier.py:71: UserWarning: Invalid uuid: neutron. To ensure interoperability, identifiers should be a valid uuid. warnings.warn(('Invalid uuid: %s. To ensure interoperability, '
2026-02-26 04:15:28.851 10 INFO neutron.api.v2.resource [None req-df9f7d46-101b-4b99-b378-32d131265f8e 35c0f9e5704a48ca863933e111a4a002 8dc4f4fc38a94ff0bcb4e288e509f534 - - default default] delete failed (client error): The resource could not be found.
2026-02-26 04:15:28.852 10 INFO neutron.api.wsgi [None req-df9f7d46-101b-4b99-b378-32d131265f8e 35c0f9e5704a48ca863933e111a4a002 8dc4f4fc38a94ff0bcb4e288e509f534 - - default default] 10.0.0.64 "DELETE /v2.0/routers/31a9e483-1a72-46fa-89b3-74cf87b00296 HTTP/1.1" status: 404 len: 336 time: 0.0149262
2026-02-26 04:15:28.880 10 INFO neutron.api.wsgi [None req-609c13b9-f139-4bed-bda5-355abead3c48 35c0f9e5704a48ca863933e111a4a002 8dc4f4fc38a94ff0bcb4e288e509f534 - - default default] 10.0.0.64 "GET /v2.0/ports?device_id=41109853-abb3-48e8-ac86-bd373ecf2061 HTTP/1.1" status: 200 len: 205 time: 0.0243955
2026-02-26 04:15:28.882 10 INFO neutron.api.wsgi [req-fa8d98a2-4db7-4d7b-a962-e1853ec319a9 req-13722cc9-fe31-4013-981a-fe3ec2984d8b b25ee06207904d799a2277775f95b45d 0278168f2f6440cc8b13aef03a6115f2 - - default default] 10.0.0.43 "GET /v2.0/ports?device_id=f4eed707-b1d3-465d-b4dc-7b6ce1063726 HTTP/1.1" status: 200 len: 210 time: 0.0298629
2026-02-26 04:15:28.886 9 INFO neutron.api.wsgi [req-872d48b1-e545-4a40-bdfd-0665f5b864ec req-71cc6ce4-a45f-402f-aa2d-4fa91557a4d2 ed81b0baa6dc41ecab55bde9293e1c65 0997eb8867154e38ac002d84ce07617f - - eac6e0f04e8d43b8b30ebcfee323c3e3 eac6e0f04e8d43b8b30ebcfee323c3e3] 10.0.0.188 "GET /v2.0/ports?device_id=f2977d3a-8370-42ea-b474-ae9d2a43af50 HTTP/1.1" status: 200 len: 1413 time: 0.1149423
2026-02-26 04:15:28.901 10 INFO neutron.api.v2.resource [None req-e2549783-7080-4db4-91e8-49e60e5c8678 35c0f9e5704a48ca863933e111a4a002 8dc4f4fc38a94ff0bcb4e288e509f534 - - default default] delete failed (client error): The resource could not be found.
2026-02-26 04:15:28.902 10 INFO neutron.api.wsgi [None req-e2549783-7080-4db4-91e8-49e60e5c8678 35c0f9e5704a48ca863933e111a4a002 8dc4f4fc38a94ff0bcb4e288e509f534 - - default default] 10.0.0.64 "DELETE /v2.0/routers/41109853-abb3-48e8-ac86-bd373ecf2061 HTTP/1.1" status: 404 len: 336 time: 0.0139461
2026-02-26 04:15:28.915 10 INFO neutron.pecan_wsgi.hooks.translation [None req-6eb2342a-6f04-4ed5-8b85-64fdfcfcf064 35c0f9e5704a48ca863933e111a4a002 8dc4f4fc38a94ff0bcb4e288e509f534 - - default default] DELETE failed (client error): The resource could not be found.
2026-02-26 04:15:28.917 10 INFO neutron.api.wsgi [None req-6eb2342a-6f04-4ed5-8b85-64fdfcfcf064 35c0f9e5704a48ca863933e111a4a002 8dc4f4fc38a94ff0bcb4e288e509f534 - - default default] 10.0.0.64 "DELETE /v2.0/subnets/1ca21201-b8cf-471e-ad13-709c15fad2d7 HTTP/1.1" status: 404 len: 337 time: 0.0107868
2026-02-26 04:15:28.927 9 INFO neutron.db.ovn_revision_numbers_db [None req-11199803-fcd6-4c18-ae66-739c0db6a5c7 a1817da654864e749dd8e9427f667f39 5fc76775754647dd93314d7ec890b912 - - default default] Successfully bumped revision number for resource c662035b-a3de-496a-bafe-60d6c5948b40 (type: ports) to 1
2026-02-26 04:15:28.932 9 INFO neutron.api.wsgi [req-872d48b1-e545-4a40-bdfd-0665f5b864ec req-0e1d7751-248b-4bfb-a82b-d39dce18df1f ed81b0baa6dc41ecab55bde9293e1c65 0997eb8867154e38ac002d84ce07617f - - eac6e0f04e8d43b8b30ebcfee323c3e3 eac6e0f04e8d43b8b30ebcfee323c3e3] 10.0.0.188 "GET /v2.0/security-groups?id=5962614c-6af3-4466-86dc-b6c5363e84bc&fields=id&fields=name HTTP/1.1" status: 200 len: 313 time: 0.0394003
2026-02-26 04:15:28.938 10 INFO neutron.api.wsgi [None req-fd9c0e81-4fd2-45da-80b4-1a17336dc22c 35c0f9e5704a48ca863933e111a4a002 8dc4f4fc38a94ff0bcb4e288e509f534 - - default default] 10.0.0.64 "GET /v2.0/ports?device_id=0383a917-cd95-4474-8d28-350b0f049ff7 HTTP/1.1" status: 200 len: 205 time: 0.0167010
2026-02-26 04:15:28.948 9 INFO neutron.api.wsgi [None req-11199803-fcd6-4c18-ae66-739c0db6a5c7 a1817da654864e749dd8e9427f667f39 5fc76775754647dd93314d7ec890b912 - - default default] 10.0.0.64 "POST /v2.0/ports HTTP/1.1" status: 201 len: 1150 time: 0.4575655
2026-02-26 04:15:28.959 10 INFO neutron.api.v2.resource [None req-0b355cbc-ea53-4b3c-925b-fe487f6b69ca 35c0f9e5704a48ca863933e111a4a002 8dc4f4fc38a94ff0bcb4e288e509f534 - - default default] delete failed (client error): The resource could not be found.
2026-02-26 04:15:28.960 10 INFO neutron.api.wsgi [None req-0b355cbc-ea53-4b3c-925b-fe487f6b69ca 35c0f9e5704a48ca863933e111a4a002 8dc4f4fc38a94ff0bcb4e288e509f534 - - default default] 10.0.0.64 "DELETE /v2.0/routers/0383a917-cd95-4474-8d28-350b0f049ff7 HTTP/1.1" status: 404 len: 336 time: 0.0175462
2026-02-26 04:15:28.979 10 INFO neutron.pecan_wsgi.hooks.translation [None req-66992991-5466-4081-80f2-c9fe88c9d954 35c0f9e5704a48ca863933e111a4a002 8dc4f4fc38a94ff0bcb4e288e509f534 - - default default] DELETE failed (client error): The resource could not be found.
2026-02-26 04:15:28.982 10 INFO neutron.api.wsgi [None req-66992991-5466-4081-80f2-c9fe88c9d954 35c0f9e5704a48ca863933e111a4a002 8dc4f4fc38a94ff0bcb4e288e509f534 - - default default] 10.0.0.64 "DELETE /v2.0/subnets/48af8026-9070-4b7e-867d-1bd9460ba2e2 HTTP/1.1" status: 404 len: 337 time: 0.0173357
2026-02-26 04:15:29.002 10 INFO neutron.api.wsgi [None req-605a3012-6d77-4182-b0ca-19df42f926e6 35c0f9e5704a48ca863933e111a4a002 8dc4f4fc38a94ff0bcb4e288e509f534 - - default default] 10.0.0.64 "GET /v2.0/ports?device_id=a7ec1ee1-748d-471c-81c4-058d0023de9c HTTP/1.1" status: 200 len: 205 time: 0.0159330
2026-02-26 04:15:29.024 9 INFO neutron.api.v2.resource [None req-06fff4d3-ca4d-4c90-857e-da0512b2b6fe 35c0f9e5704a48ca863933e111a4a002 8dc4f4fc38a94ff0bcb4e288e509f534 - - default default] delete failed (client error): The resource could not be found.
2026-02-26 04:15:29.025 9 INFO neutron.api.wsgi [None req-06fff4d3-ca4d-4c90-857e-da0512b2b6fe 35c0f9e5704a48ca863933e111a4a002 8dc4f4fc38a94ff0bcb4e288e509f534 - - default default] 10.0.0.64 "DELETE /v2.0/routers/a7ec1ee1-748d-471c-81c4-058d0023de9c HTTP/1.1" status: 404 len: 336 time: 0.0172906
2026-02-26 04:15:29.043 9 INFO neutron.pecan_wsgi.hooks.translation [None req-99f5337a-e668-403f-9a2e-a1f2c975a578 35c0f9e5704a48ca863933e111a4a002 8dc4f4fc38a94ff0bcb4e288e509f534 - - default default] DELETE failed (client error): The resource could not be found.
2026-02-26 04:15:29.045 9 INFO neutron.api.wsgi [None req-99f5337a-e668-403f-9a2e-a1f2c975a578 35c0f9e5704a48ca863933e111a4a002 8dc4f4fc38a94ff0bcb4e288e509f534 - - default default] 10.0.0.64 "DELETE /v2.0/subnets/f4c1ed30-9d8c-4987-9a96-8c7e7555963d HTTP/1.1" status: 404 len: 337 time: 0.0122032
2026-02-26 04:15:29.057 9 INFO neutron.pecan_wsgi.hooks.translation [None req-6320ad7b-dc84-4cb7-a392-560b53f00554 35c0f9e5704a48ca863933e111a4a002 8dc4f4fc38a94ff0bcb4e288e509f534 - - default default] DELETE failed (client error): The resource could not be found.
2026-02-26 04:15:29.059 9 INFO neutron.api.wsgi [None req-6320ad7b-dc84-4cb7-a392-560b53f00554 35c0f9e5704a48ca863933e111a4a002 8dc4f4fc38a94ff0bcb4e288e509f534 - - default default] 10.0.0.64 "DELETE /v2.0/subnets/383772f4-a050-40a1-97bf-8928bdc47d7e HTTP/1.1" status: 404 len: 337 time: 0.0103505
2026-02-26 04:15:29.141 10 WARNING neutron.plugins.ml2.drivers.ovn.mech_driver.ovsdb.ovn_client [None req-f9c04111-1556-46ab-8b85-ad0de69803a4 - - - - - -] No port found with ID 048e3962-ec40-4059-867a-39bf08558ce6: RuntimeError: No port found with ID 048e3962-ec40-4059-867a-39bf08558ce6
2026-02-26 04:15:29.147 10 INFO neutron.plugins.ml2.drivers.ovn.mech_driver.mech_driver [None req-f9c04111-1556-46ab-8b85-ad0de69803a4 - - - - - -] OVN reports status up for port: ca2495d0-d743-4eb9-8f3f-bf1ba79c5610
2026-02-26 04:15:29.208 10 INFO neutron.plugins.ml2.drivers.ovn.mech_driver.mech_driver [None req-f9c04111-1556-46ab-8b85-ad0de69803a4 - - - - - -] OVN reports status up for port: 852fb95b-3018-4a3c-90b6-5ff9d8e8b08d
2026-02-26 04:15:29.408 9 INFO neutron.db.ovn_revision_numbers_db [None req-03c44440-acd0-42e8-86dc-1b876bb6207f a1817da654864e749dd8e9427f667f39 5fc76775754647dd93314d7ec890b912 - - default default] Successfully bumped revision number for resource c662035b-a3de-496a-bafe-60d6c5948b40 (type: ports) to 2 /var/lib/openstack/lib/python3.12/site-packages/pycadf/identifier.py:71: UserWarning: Invalid uuid: neutron. To ensure interoperability, identifiers should be a valid uuid. warnings.warn(('Invalid uuid: %s. To ensure interoperability, '
2026-02-26 04:15:29.621 9 INFO neutron.api.wsgi [None req-2798b379-17c8-401d-8a04-3a4911640a89 e8c829ecf86546d9959658d74a1c61dd 75112619e90547f0a1d9cb77802a2d29 - - default default] 10.0.0.64 "GET /v2.0/security-groups?tenant_id=8dc4f4fc38a94ff0bcb4e288e509f534&name=default HTTP/1.1" status: 200 len: 3120 time: 0.1257451
2026-02-26 04:15:29.788 9 WARNING neutron.plugins.ml2.drivers.ovn.mech_driver.ovsdb.ovn_client [None req-c8ec58b5-05a0-44b9-a620-f9a6aeb76010 - - - - - -] No port found with ID 4409f586-07d5-4080-beec-50798e58f92c: RuntimeError: No port found with ID 4409f586-07d5-4080-beec-50798e58f92c
2026-02-26 04:15:29.803 9 INFO neutron.plugins.ml2.drivers.ovn.mech_driver.mech_driver [None req-c8ec58b5-05a0-44b9-a620-f9a6aeb76010 - - - - - -] OVN reports status up for port: c662035b-a3de-496a-bafe-60d6c5948b40
2026-02-26 04:15:29.813 9 INFO neutron.plugins.ml2.plugin [None req-c8ec58b5-05a0-44b9-a620-f9a6aeb76010 - - - - - -] Attempt 1 to provision port c662035b-a3de-496a-bafe-60d6c5948b40
2026-02-26 04:15:29.831 10 INFO neutron.api.wsgi [None req-4ed757ab-bc10-4a2f-be57-278e08bff7e4 e8c829ecf86546d9959658d74a1c61dd 75112619e90547f0a1d9cb77802a2d29 - - default default] 10.0.0.64 "DELETE /v2.0/security-groups/ef8e0c2b-55c9-4949-a97c-2205408fd203 HTTP/1.1" status: 204 len: 168 time: 0.2037468
2026-02-26 04:15:29.877 9 INFO neutron.db.ovn_revision_numbers_db [None req-03c44440-acd0-42e8-86dc-1b876bb6207f a1817da654864e749dd8e9427f667f39 5fc76775754647dd93314d7ec890b912 - - default default] Successfully bumped revision number for resource c662035b-a3de-496a-bafe-60d6c5948b40 (type: ports) to 2 /var/lib/openstack/lib/python3.12/site-packages/pycadf/identifier.py:71: UserWarning: Invalid uuid: neutron. To ensure interoperability, identifiers should be a valid uuid. warnings.warn(('Invalid uuid: %s. To ensure interoperability, '
2026-02-26 04:15:29.955 9 WARNING neutron.scheduler.dhcp_agent_scheduler [None req-03c44440-acd0-42e8-86dc-1b876bb6207f a1817da654864e749dd8e9427f667f39 5fc76775754647dd93314d7ec890b912 - - default default] No more DHCP agents
2026-02-26 04:15:29.960 9 WARNING neutron.api.rpc.agentnotifiers.dhcp_rpc_agent_api [None req-03c44440-acd0-42e8-86dc-1b876bb6207f a1817da654864e749dd8e9427f667f39 5fc76775754647dd93314d7ec890b912 - - default default] Unable to schedule network 4b1ab142-b63e-4242-ba71-96f58a0470b5: no agents available; will retry on subsequent port and subnet creation events.
2026-02-26 04:15:29.964 9 INFO neutron.api.wsgi [req-07a85d8c-0860-4b10-810e-eb07bddcffae req-e7f76d98-b7c7-4da7-8896-93f198ab9fe4 b25ee06207904d799a2277775f95b45d 0278168f2f6440cc8b13aef03a6115f2 - - default default] 10.0.0.43 "GET /v2.0/ports?device_id=f4eed707-b1d3-465d-b4dc-7b6ce1063726 HTTP/1.1" status: 200 len: 210 time: 0.0207975
2026-02-26 04:15:29.973 9 INFO neutron.api.wsgi [req-ea913973-2da3-466d-ab08-6d615438663c req-27e34913-514a-499c-9382-6e9ec3e2e0aa b25ee06207904d799a2277775f95b45d 0278168f2f6440cc8b13aef03a6115f2 - - default default] 162.253.55.43 "GET /v2.0/networks?id=9c896b55-f079-4692-bb48-b3abf3a12204 HTTP/1.1" status: 200 len: 879 time: 0.0745020
2026-02-26 04:15:30.038 9 INFO neutron.api.wsgi [req-ea913973-2da3-466d-ab08-6d615438663c req-bea6682e-fd77-4f9c-bdc2-7d2a6b1c67f3 b25ee06207904d799a2277775f95b45d 0278168f2f6440cc8b13aef03a6115f2 - - default default] 162.253.55.43 "GET /v2.0/security-groups?fields=id&fields=name&tenant_id=0278168f2f6440cc8b13aef03a6115f2 HTTP/1.1" status: 200 len: 379 time: 0.0588753
2026-02-26 04:15:30.051 9 WARNING neutron_lib.context [req-ea913973-2da3-466d-ab08-6d615438663c req-984ac20c-c91e-49d9-a421-c1bf515bd7ad b25ee06207904d799a2277775f95b45d 0278168f2f6440cc8b13aef03a6115f2 - - default default] Method 'is_advsvc' is deprecated since 2023.2 release (neutron-lib 3.8.0) and will be removed once support for the old RBAC API policies will be removed from Neutron. Please use method 'is_service_role' instead.
2026-02-26 04:15:30.456 9 INFO neutron.db.ovn_revision_numbers_db [None req-03c44440-acd0-42e8-86dc-1b876bb6207f a1817da654864e749dd8e9427f667f39 5fc76775754647dd93314d7ec890b912 - - default default] Successfully bumped revision number for resource c662035b-a3de-496a-bafe-60d6c5948b40 (type: router_ports) to 2
2026-02-26 04:15:30.461 9 INFO neutron.api.wsgi [None req-03c44440-acd0-42e8-86dc-1b876bb6207f a1817da654864e749dd8e9427f667f39 5fc76775754647dd93314d7ec890b912 - - default default] 10.0.0.64 "PUT /v2.0/routers/46455ebe-1618-4786-b3b2-fa2d7526db81/add_router_interface HTTP/1.1" status: 200 len: 503 time: 1.5076880
2026-02-26 04:15:30.499 9 INFO neutron.db.ovn_revision_numbers_db [None req-c8ec58b5-05a0-44b9-a620-f9a6aeb76010 - - - - - -] Successfully bumped revision number for resource c662035b-a3de-496a-bafe-60d6c5948b40 (type: ports) to 3
2026-02-26 04:15:30.538 10 INFO neutron.api.wsgi [None req-d32bad99-e6e3-4b84-828f-48162e09503e a1817da654864e749dd8e9427f667f39 5fc76775754647dd93314d7ec890b912 - - default default] 10.0.0.64 "GET /v2.0/ports/c662035b-a3de-496a-bafe-60d6c5948b40 HTTP/1.1" status: 200 len: 1208 time: 0.0721536
2026-02-26 04:15:30.616 9 WARNING neutron.scheduler.dhcp_agent_scheduler [req-ea913973-2da3-466d-ab08-6d615438663c req-984ac20c-c91e-49d9-a421-c1bf515bd7ad b25ee06207904d799a2277775f95b45d 0278168f2f6440cc8b13aef03a6115f2 - - default default] No more DHCP agents
2026-02-26 04:15:30.617 9 WARNING neutron.api.rpc.agentnotifiers.dhcp_rpc_agent_api [req-ea913973-2da3-466d-ab08-6d615438663c req-984ac20c-c91e-49d9-a421-c1bf515bd7ad b25ee06207904d799a2277775f95b45d 0278168f2f6440cc8b13aef03a6115f2 - - default default] Unable to schedule network 9c896b55-f079-4692-bb48-b3abf3a12204: no agents available; will retry on subsequent port and subnet creation events.
2026-02-26 04:15:30.737 9 INFO neutron.db.ovn_revision_numbers_db [req-ea913973-2da3-466d-ab08-6d615438663c req-984ac20c-c91e-49d9-a421-c1bf515bd7ad b25ee06207904d799a2277775f95b45d 0278168f2f6440cc8b13aef03a6115f2 - - default default] Successfully bumped revision number for resource 8b12c047-8cd7-47ae-b44f-863f3574c418 (type: ports) to 1
2026-02-26 04:15:30.758 9 INFO neutron.api.wsgi [req-ea913973-2da3-466d-ab08-6d615438663c req-984ac20c-c91e-49d9-a421-c1bf515bd7ad b25ee06207904d799a2277775f95b45d 0278168f2f6440cc8b13aef03a6115f2 - - default default] 162.253.55.43 "POST /v2.0/ports HTTP/1.1" status: 201 len: 1162 time: 0.7124138 /var/lib/openstack/lib/python3.12/site-packages/pycadf/identifier.py:71: UserWarning: Invalid uuid: neutron. To ensure interoperability, identifiers should be a valid uuid. warnings.warn(('Invalid uuid: %s. To ensure interoperability, ' /var/lib/openstack/lib/python3.12/site-packages/pycadf/identifier.py:71: UserWarning: Invalid uuid: neutron. To ensure interoperability, identifiers should be a valid uuid. warnings.warn(('Invalid uuid: %s. To ensure interoperability, '
2026-02-26 04:15:31.075 10 INFO neutron.api.wsgi [None req-d584d135-068e-4d3a-a966-26c1966b0add a1817da654864e749dd8e9427f667f39 5fc76775754647dd93314d7ec890b912 - - default default] 10.0.0.64 "PUT /v2.0/routers/46455ebe-1618-4786-b3b2-fa2d7526db81/remove_router_interface HTTP/1.1" status: 200 len: 503 time: 0.5298657 /var/lib/openstack/lib/python3.12/site-packages/pycadf/identifier.py:71: UserWarning: Invalid uuid: neutron. To ensure interoperability, identifiers should be a valid uuid. warnings.warn(('Invalid uuid: %s. To ensure interoperability, '
2026-02-26 04:15:31.111 9 INFO neutron.db.ovn_revision_numbers_db [req-ea913973-2da3-466d-ab08-6d615438663c req-0e3ed69a-e901-4b2f-905b-8912382d81bb ed81b0baa6dc41ecab55bde9293e1c65 0997eb8867154e38ac002d84ce07617f - - eac6e0f04e8d43b8b30ebcfee323c3e3 eac6e0f04e8d43b8b30ebcfee323c3e3] Successfully bumped revision number for resource 8b12c047-8cd7-47ae-b44f-863f3574c418 (type: ports) to 2
2026-02-26 04:15:31.127 10 INFO neutron.api.wsgi [req-8713b266-73eb-4bc9-b5ce-958ff773a9ed req-5a8958b5-9971-4e25-ba8d-1af71d95bed3 b25ee06207904d799a2277775f95b45d 0278168f2f6440cc8b13aef03a6115f2 - - default default] 10.0.0.43 "GET /v2.0/ports?device_id=f4eed707-b1d3-465d-b4dc-7b6ce1063726 HTTP/1.1" status: 200 len: 1172 time: 0.0904474
2026-02-26 04:15:31.141 9 INFO neutron.api.v2.resource [None req-bb86e09c-cbee-42d6-a346-3376b1610bae a1817da654864e749dd8e9427f667f39 5fc76775754647dd93314d7ec890b912 - - default default] remove_router_interface failed (client error): The resource could not be found.
2026-02-26 04:15:31.142 9 INFO neutron.api.wsgi [None req-bb86e09c-cbee-42d6-a346-3376b1610bae a1817da654864e749dd8e9427f667f39 5fc76775754647dd93314d7ec890b912 - - default default] 10.0.0.64 "PUT /v2.0/routers/46455ebe-1618-4786-b3b2-fa2d7526db81/remove_router_interface HTTP/1.1" status: 404 len: 398 time: 0.0611126
2026-02-26 04:15:31.164 10 INFO neutron.api.wsgi [None req-9d64a8e0-7829-4ff0-b284-daa3ea052822 a1817da654864e749dd8e9427f667f39 5fc76775754647dd93314d7ec890b912 - - default default] 10.0.0.64 "GET /v2.0/ports?device_id=46455ebe-1618-4786-b3b2-fa2d7526db81 HTTP/1.1" status: 200 len: 205 time: 0.0167468
2026-02-26 04:15:31.201 10 INFO neutron.api.wsgi [req-8713b266-73eb-4bc9-b5ce-958ff773a9ed req-bd4ff465-29b5-4fbf-9387-2b2fbaba395a b25ee06207904d799a2277775f95b45d 0278168f2f6440cc8b13aef03a6115f2 - - default default] 10.0.0.43 "GET /v2.0/security-groups?id=3a13c354-4fde-4500-91bc-5e54734bfdf0&fields=id&fields=name HTTP/1.1" status: 200 len: 312 time: 0.0671885
2026-02-26 04:15:31.342 10 INFO neutron.api.wsgi [None req-6f8ead7a-dfa4-430d-9009-a8e18133c225 a1817da654864e749dd8e9427f667f39 5fc76775754647dd93314d7ec890b912 - - default default] 10.0.0.64 "DELETE /v2.0/routers/46455ebe-1618-4786-b3b2-fa2d7526db81 HTTP/1.1" status: 204 len: 168 time: 0.1707876
2026-02-26 04:15:31.352 9 INFO neutron.db.ovn_revision_numbers_db [req-ea913973-2da3-466d-ab08-6d615438663c req-0e3ed69a-e901-4b2f-905b-8912382d81bb ed81b0baa6dc41ecab55bde9293e1c65 0997eb8867154e38ac002d84ce07617f - - eac6e0f04e8d43b8b30ebcfee323c3e3 eac6e0f04e8d43b8b30ebcfee323c3e3] Successfully bumped revision number for resource 8b12c047-8cd7-47ae-b44f-863f3574c418 (type: ports) to 4
2026-02-26 04:15:31.371 9 INFO neutron.api.wsgi [req-ea913973-2da3-466d-ab08-6d615438663c req-0e3ed69a-e901-4b2f-905b-8912382d81bb ed81b0baa6dc41ecab55bde9293e1c65 0997eb8867154e38ac002d84ce07617f - - eac6e0f04e8d43b8b30ebcfee323c3e3 eac6e0f04e8d43b8b30ebcfee323c3e3] 162.253.55.43 "PUT /v2.0/ports/8b12c047-8cd7-47ae-b44f-863f3574c418 HTTP/1.1" status: 200 len: 1408 time: 0.6083879
2026-02-26 04:15:31.402 9 INFO neutron.notifiers.nova [-] Nova event matching ['req-9a7ed781-93fc-4092-9af8-57370e9a7fab'] response: {'name': 'network-changed', 'server_uuid': 'f4eed707-b1d3-465d-b4dc-7b6ce1063726', 'tag': '8b12c047-8cd7-47ae-b44f-863f3574c418', 'status': 'completed', 'code': 200}
2026-02-26 04:15:31.494 10 INFO neutron.api.wsgi [None req-c10ffc74-403c-4d97-a6ff-b84ad7cf3f66 a1817da654864e749dd8e9427f667f39 5fc76775754647dd93314d7ec890b912 - - default default] 10.0.0.64 "DELETE /v2.0/subnets/8bd9365b-0e9a-4243-9479-cc1055940df4 HTTP/1.1" status: 204 len: 168 time: 0.1475599 /var/lib/openstack/lib/python3.12/site-packages/pycadf/identifier.py:71: UserWarning: Invalid uuid: neutron. To ensure interoperability, identifiers should be a valid uuid. warnings.warn(('Invalid uuid: %s. To ensure interoperability, '
2026-02-26 04:15:31.587 9 WARNING neutron_lib.context [None req-6d5df69d-22ff-4b3b-ad3d-3b5fa665428d 2debe46d1c7243d88f1534b78753e8a7 51b65421b2f541cab81b4ba9ac8850a1 - - default default] Method 'is_advsvc' is deprecated since 2023.2 release (neutron-lib 3.8.0) and will be removed once support for the old RBAC API policies will be removed from Neutron. Please use method 'is_service_role' instead.
2026-02-26 04:15:31.704 9 INFO neutron.db.ovn_revision_numbers_db [None req-6d5df69d-22ff-4b3b-ad3d-3b5fa665428d 2debe46d1c7243d88f1534b78753e8a7 51b65421b2f541cab81b4ba9ac8850a1 - - default default] Successfully bumped revision number for resource 3741de65-08dc-4631-ace7-1a08b1c66e92 (type: security_groups) to 1
2026-02-26 04:15:31.717 9 INFO neutron.db.ovn_revision_numbers_db [None req-6d5df69d-22ff-4b3b-ad3d-3b5fa665428d 2debe46d1c7243d88f1534b78753e8a7 51b65421b2f541cab81b4ba9ac8850a1 - - default default] Successfully bumped revision number for resource 1414a472-f494-45b5-86f9-dd5ee81efbb8 (type: security_group_rules) to 0
2026-02-26 04:15:31.728 9 INFO neutron.db.ovn_revision_numbers_db [None req-6d5df69d-22ff-4b3b-ad3d-3b5fa665428d 2debe46d1c7243d88f1534b78753e8a7 51b65421b2f541cab81b4ba9ac8850a1 - - default default] Successfully bumped revision number for resource 14d5a1c4-59f3-44ef-ad07-59d8a53965a6 (type: security_group_rules) to 0
2026-02-26 04:15:31.742 9 INFO neutron.db.ovn_revision_numbers_db [None req-6d5df69d-22ff-4b3b-ad3d-3b5fa665428d 2debe46d1c7243d88f1534b78753e8a7 51b65421b2f541cab81b4ba9ac8850a1 - - default default] Successfully bumped revision number for resource 85090073-40bb-4965-a1c4-69d1e82a2741 (type: security_group_rules) to 0
2026-02-26 04:15:31.759 10 INFO neutron.services.segments.plugin [-] Segment 7e120790-fd0d-4932-b3f9-608846a3d04d resource provider aggregate not found
2026-02-26 04:15:31.761 9 INFO neutron.db.ovn_revision_numbers_db [None req-6d5df69d-22ff-4b3b-ad3d-3b5fa665428d 2debe46d1c7243d88f1534b78753e8a7 51b65421b2f541cab81b4ba9ac8850a1 - - default default] Successfully bumped revision number for resource 9c02fdb1-e280-4b0a-82c2-a7782b439d65 (type: security_group_rules) to 0
2026-02-26 04:15:31.763 10 INFO neutron.services.segments.plugin [-] Segment 7e120790-fd0d-4932-b3f9-608846a3d04d resource provider aggregate not found
2026-02-26 04:15:31.782 10 INFO neutron.services.segments.plugin [-] Segment 7e120790-fd0d-4932-b3f9-608846a3d04d resource provider not found; error: Placement Client Error (4xx): {"errors": [{"status": 404, "title": "Not Found", "detail": "The resource could not be found.\n\n No resource provider with uuid 7e120790-fd0d-4932-b3f9-608846a3d04d found for delete ", "request_id": "req-9021f34c-4a53-46c3-9f69-5abc92cb76c3"}]}
