2026-02-26 04:17:18.518 9 INFO neutron.api.wsgi [req-239f9fd0-640c-463e-a3e2-a9a464fbb5ad req-1bf472f0-d91f-4093-836d-2cb577003a45 ed81b0baa6dc41ecab55bde9293e1c65 0997eb8867154e38ac002d84ce07617f - - eac6e0f04e8d43b8b30ebcfee323c3e3 eac6e0f04e8d43b8b30ebcfee323c3e3] 10.0.0.43 "GET /v2.0/networks/0c6136b0-8444-421b-8fcb-b67d160619a0?fields=provider%3Aphysical_network&fields=provider%3Anetwork_type HTTP/1.1" status: 200 len: 277 time: 0.0305612
2026-02-26 04:17:18.519 10 WARNING neutron_lib.context [None req-1b6be532-2e23-4737-b210-25d7f7cce64f 782117815c564ad88bc61ce60df47e37 eeec19e84175472581a1659248fdbc08 - - default default] Method 'is_advsvc' is deprecated since 2023.2 release (neutron-lib 3.8.0) and will be removed once support for the old RBAC API policies will be removed from Neutron. Please use method 'is_service_role' instead.
2026-02-26 04:17:18.546 10 INFO neutron.db.securitygroups_db [None req-1b6be532-2e23-4737-b210-25d7f7cce64f 782117815c564ad88bc61ce60df47e37 eeec19e84175472581a1659248fdbc08 - - default default] Project eeec19e84175472581a1659248fdbc08 added a security group rule with legacy IPv6 ICMP protocol name icmp, ipv6-icmp should be used instead. It was automatically converted.
2026-02-26 04:17:18.632 10 INFO neutron.api.wsgi [req-ecc43c60-0e50-4e03-8557-8f1fbed6cd1c req-7f3bb5c7-a0b8-4f73-89f9-9826815542a7 24d6bd7bf0624fc29609ecc7c2900581 23ea44f377e24e83b361cad956f98f08 - - default default] 10.0.0.43 "GET /v2.0/ports?device_id=7384f6c9-8b65-4594-aff7-ca05bd83c815 HTTP/1.1" status: 200 len: 210 time: 0.0223916
2026-02-26 04:17:18.660 10 INFO neutron.db.ovn_revision_numbers_db [None req-1b6be532-2e23-4737-b210-25d7f7cce64f 782117815c564ad88bc61ce60df47e37 eeec19e84175472581a1659248fdbc08 - - default default] Successfully bumped revision number for resource 51c902de-d914-4c1d-85ed-6124a9058039 (type: security_group_rules) to 0
2026-02-26 04:17:18.690 10 INFO neutron.api.wsgi [None req-1b6be532-2e23-4737-b210-25d7f7cce64f 782117815c564ad88bc61ce60df47e37 eeec19e84175472581a1659248fdbc08 - - default default] 10.0.0.64 "POST /v2.0/security-group-rules HTTP/1.1" status: 201 len: 805 time: 0.1746323
2026-02-26 04:17:18.718 9 INFO neutron.api.wsgi [-] 10.0.0.95 "GET / HTTP/1.1" status: 200 len: 247 time: 0.0021276
2026-02-26 04:17:18.718 10 INFO neutron.api.wsgi [-] 10.0.0.95 "GET / HTTP/1.1" status: 200 len: 247 time: 0.0024707
2026-02-26 04:17:19.220 10 INFO neutron.api.wsgi [None req-2837b115-1940-401a-9676-749359a60c35 782117815c564ad88bc61ce60df47e37 eeec19e84175472581a1659248fdbc08 - - default default] 10.0.0.64 "GET /v2.0/networks HTTP/1.1" status: 200 len: 1493 time: 0.1917925
2026-02-26 04:17:19.308 9 INFO neutron.api.wsgi [req-bd07d3b3-a7f4-46f8-a0fe-1972667ac818 req-a91c0d47-111a-4665-879d-edc05fde5d0d 782117815c564ad88bc61ce60df47e37 eeec19e84175472581a1659248fdbc08 - - default default] 10.0.0.43 "GET /v2.0/security-groups?name=tempest-secgroup-smoke-151579849&fields=id&tenant_id=eeec19e84175472581a1659248fdbc08 HTTP/1.1" status: 200 len: 267 time: 0.0334902
2026-02-26 04:17:19.355 9 INFO neutron.api.wsgi [req-bd07d3b3-a7f4-46f8-a0fe-1972667ac818 req-0f4f866a-efe4-456f-beee-91f21464dc4f 782117815c564ad88bc61ce60df47e37 eeec19e84175472581a1659248fdbc08 - - default default] 10.0.0.43 "GET /v2.0/networks?id=63771f97-abce-4d87-8e03-f62fa959c4df HTTP/1.1" status: 200 len: 860 time: 0.0393813
2026-02-26 04:17:19.368 9 INFO neutron.api.wsgi [req-bd07d3b3-a7f4-46f8-a0fe-1972667ac818 req-999cd6c5-1fdb-4ae0-8436-9b7183fec5e5 782117815c564ad88bc61ce60df47e37 eeec19e84175472581a1659248fdbc08 - - default default] 10.0.0.43 "GET /v2.0/quotas/eeec19e84175472581a1659248fdbc08 HTTP/1.1" status: 200 len: 491 time: 0.0071256
2026-02-26 04:17:19.402 9 INFO neutron.api.wsgi [req-bd07d3b3-a7f4-46f8-a0fe-1972667ac818 req-676cb9a9-a038-4a5a-b7aa-b310bfdd7438 782117815c564ad88bc61ce60df47e37 eeec19e84175472581a1659248fdbc08 - - default default] 10.0.0.43 "GET /v2.0/ports?tenant_id=eeec19e84175472581a1659248fdbc08&fields=id HTTP/1.1" status: 200 len: 302 time: 0.0291955
2026-02-26 04:17:19.452 9 INFO neutron.api.wsgi [req-bd07d3b3-a7f4-46f8-a0fe-1972667ac818 req-2eab884c-312a-471d-b304-a578d6525a4f ed81b0baa6dc41ecab55bde9293e1c65 0997eb8867154e38ac002d84ce07617f - - eac6e0f04e8d43b8b30ebcfee323c3e3 eac6e0f04e8d43b8b30ebcfee323c3e3] 10.0.0.43 "GET /v2.0/networks/63771f97-abce-4d87-8e03-f62fa959c4df?fields=segments HTTP/1.1" status: 200 len: 212 time: 0.0379705
2026-02-26 04:17:19.491 9 INFO neutron.api.wsgi [req-bd07d3b3-a7f4-46f8-a0fe-1972667ac818 req-71e24e9d-08f2-4c67-865f-c2c57765efeb ed81b0baa6dc41ecab55bde9293e1c65 0997eb8867154e38ac002d84ce07617f - - eac6e0f04e8d43b8b30ebcfee323c3e3 eac6e0f04e8d43b8b30ebcfee323c3e3] 10.0.0.43 "GET /v2.0/networks/63771f97-abce-4d87-8e03-f62fa959c4df?fields=provider%3Aphysical_network&fields=provider%3Anetwork_type HTTP/1.1" status: 200 len: 277 time: 0.0358989
2026-02-26 04:17:19.618 10 INFO neutron.api.wsgi [req-6d383a53-605c-4f0f-b103-b0aa521c2825 req-2a8cb8bd-4c8d-43ce-92b8-53b890e49624 782117815c564ad88bc61ce60df47e37 eeec19e84175472581a1659248fdbc08 - - default default] 10.0.0.43 "GET /v2.0/ports?device_id=a8ee4fb4-dcc0-45c2-97d7-03bfaeb69696 HTTP/1.1" status: 200 len: 210 time: 0.0236256
2026-02-26 04:17:19.717 9 INFO neutron.api.wsgi [req-9e97f522-cc58-4df5-be14-e5f965cfcdd7 req-c1b47bc6-ce3e-4149-9a27-4d52fb48d6e8 24d6bd7bf0624fc29609ecc7c2900581 23ea44f377e24e83b361cad956f98f08 - - default default] 10.0.0.43 "GET /v2.0/ports?device_id=7384f6c9-8b65-4594-aff7-ca05bd83c815 HTTP/1.1" status: 200 len: 210 time: 0.0218873
2026-02-26 04:17:20.609 10 WARNING neutron_lib.context [None req-435485db-caa3-4d66-a868-89a427e15988 d82b3a77a3a6427883d0c07e911432ed bbb19453f1fa47bcad383e5d95e5c18e - - default default] Method 'is_advsvc' is deprecated since 2023.2 release (neutron-lib 3.8.0) and will be removed once support for the old RBAC API policies will be removed from Neutron. Please use method 'is_service_role' instead.
2026-02-26 04:17:20.704 10 INFO neutron.api.wsgi [req-e3d6eb6c-aea7-4aac-86e1-f2b791abcdaf req-7cd4cf93-77cd-4977-9d1a-182136c7ca90 782117815c564ad88bc61ce60df47e37 eeec19e84175472581a1659248fdbc08 - - default default] 10.0.0.43 "GET /v2.0/ports?device_id=a8ee4fb4-dcc0-45c2-97d7-03bfaeb69696 HTTP/1.1" status: 200 len: 210 time: 0.0352252
2026-02-26 04:17:20.725 10 INFO neutron.db.ovn_revision_numbers_db [None req-435485db-caa3-4d66-a868-89a427e15988 d82b3a77a3a6427883d0c07e911432ed bbb19453f1fa47bcad383e5d95e5c18e - - default default] Successfully bumped revision number for resource 9c965099-d253-4f60-81a7-36ef08bbb50b (type: routers) to 1
2026-02-26 04:17:20.743 10 INFO neutron.api.wsgi [None req-435485db-caa3-4d66-a868-89a427e15988 d82b3a77a3a6427883d0c07e911432ed bbb19453f1fa47bcad383e5d95e5c18e - - default default] 10.0.0.64 "POST /v2.0/routers HTTP/1.1" status: 201 len: 769 time: 0.2533019
2026-02-26 04:17:20.754 10 WARNING neutron_lib.context [None req-581aec09-ede9-42a6-b683-1da8b12f9508 d82b3a77a3a6427883d0c07e911432ed bbb19453f1fa47bcad383e5d95e5c18e - - default default] Method 'is_advsvc' is deprecated since 2023.2 release (neutron-lib 3.8.0) and will be removed once support for the old RBAC API policies will be removed from Neutron. Please use method 'is_service_role' instead.
2026-02-26 04:17:20.795 9 INFO neutron.api.wsgi [req-fcb6d9a0-b000-4f43-9ad8-e7a834436249 req-4e192a49-7c71-40db-b075-319c508b5366 24d6bd7bf0624fc29609ecc7c2900581 23ea44f377e24e83b361cad956f98f08 - - default default] 10.0.0.43 "GET /v2.0/ports?device_id=7384f6c9-8b65-4594-aff7-ca05bd83c815 HTTP/1.1" status: 200 len: 210 time: 0.0199058
2026-02-26 04:17:20.852 10 INFO neutron.db.ovn_revision_numbers_db [None req-581aec09-ede9-42a6-b683-1da8b12f9508 d82b3a77a3a6427883d0c07e911432ed bbb19453f1fa47bcad383e5d95e5c18e - - default default] Successfully bumped revision number for resource f9bfd0a9-e721-4c00-a3b2-2c8609b8b9cc (type: routers) to 1
2026-02-26 04:17:20.865 10 INFO neutron.api.wsgi [None req-581aec09-ede9-42a6-b683-1da8b12f9508 d82b3a77a3a6427883d0c07e911432ed bbb19453f1fa47bcad383e5d95e5c18e - - default default] 10.0.0.64 "POST /v2.0/routers HTTP/1.1" status: 201 len: 769 time: 0.1173713
2026-02-26 04:17:20.875 10 WARNING neutron_lib.context [None req-9cd05bba-4325-42e9-81b8-eb4cfb341675 d82b3a77a3a6427883d0c07e911432ed bbb19453f1fa47bcad383e5d95e5c18e - - default default] Method 'is_advsvc' is deprecated since 2023.2 release (neutron-lib 3.8.0) and will be removed once support for the old RBAC API policies will be removed from Neutron. Please use method 'is_service_role' instead.
2026-02-26 04:17:20.959 10 INFO neutron.db.ovn_revision_numbers_db [None req-9cd05bba-4325-42e9-81b8-eb4cfb341675 d82b3a77a3a6427883d0c07e911432ed bbb19453f1fa47bcad383e5d95e5c18e - - default default] Successfully bumped revision number for resource f9d80c6e-99d2-4123-ad6e-56005c107a73 (type: routers) to 1
2026-02-26 04:17:20.972 10 INFO neutron.api.wsgi [None req-9cd05bba-4325-42e9-81b8-eb4cfb341675 d82b3a77a3a6427883d0c07e911432ed bbb19453f1fa47bcad383e5d95e5c18e - - default default] 10.0.0.64 "POST /v2.0/routers HTTP/1.1" status: 201 len: 769 time: 0.1018770
2026-02-26 04:17:20.982 10 WARNING neutron_lib.context [None req-ee449b02-ce28-4828-95e0-c4c3cb17649b d82b3a77a3a6427883d0c07e911432ed bbb19453f1fa47bcad383e5d95e5c18e - - default default] Method 'is_advsvc' is deprecated since 2023.2 release (neutron-lib 3.8.0) and will be removed once support for the old RBAC API policies will be removed from Neutron. Please use method 'is_service_role' instead.
2026-02-26 04:17:21.074 10 INFO neutron.db.ovn_revision_numbers_db [None req-ee449b02-ce28-4828-95e0-c4c3cb17649b d82b3a77a3a6427883d0c07e911432ed bbb19453f1fa47bcad383e5d95e5c18e - - default default] Successfully bumped revision number for resource c8775598-5698-4ea3-af90-241bfc4b48a0 (type: routers) to 1
2026-02-26 04:17:21.088 10 INFO neutron.api.wsgi [None req-ee449b02-ce28-4828-95e0-c4c3cb17649b d82b3a77a3a6427883d0c07e911432ed bbb19453f1fa47bcad383e5d95e5c18e - - default default] 10.0.0.64 "POST /v2.0/routers HTTP/1.1" status: 201 len: 769 time: 0.1093075
2026-02-26 04:17:21.097 10 WARNING neutron_lib.context [None req-cf5d5621-5cdc-4fca-b963-8b75f7f064aa d82b3a77a3a6427883d0c07e911432ed bbb19453f1fa47bcad383e5d95e5c18e - - default default] Method 'is_advsvc' is deprecated since 2023.2 release (neutron-lib 3.8.0) and will be removed once support for the old RBAC API policies will be removed from Neutron. Please use method 'is_service_role' instead.
2026-02-26 04:17:21.180 10 INFO neutron.db.ovn_revision_numbers_db [None req-cf5d5621-5cdc-4fca-b963-8b75f7f064aa d82b3a77a3a6427883d0c07e911432ed bbb19453f1fa47bcad383e5d95e5c18e - - default default] Successfully bumped revision number for resource e0a9c9f6-b5c0-44e8-9844-a2af5be30a08 (type: routers) to 1
2026-02-26 04:17:21.193 10 INFO neutron.api.wsgi [None req-cf5d5621-5cdc-4fca-b963-8b75f7f064aa d82b3a77a3a6427883d0c07e911432ed bbb19453f1fa47bcad383e5d95e5c18e - - default default] 10.0.0.64 "POST /v2.0/routers HTTP/1.1" status: 201 len: 769 time: 0.1002274
2026-02-26 04:17:21.238 10 INFO neutron.api.wsgi [None req-265f69bf-d1fc-4838-941d-ad2c111b65b4 d82b3a77a3a6427883d0c07e911432ed bbb19453f1fa47bcad383e5d95e5c18e - - default default] 10.0.0.64 "PUT /v2.0/routers/9c965099-d253-4f60-81a7-36ef08bbb50b/tags HTTP/1.1" status: 200 len: 210 time: 0.0401814
2026-02-26 04:17:21.281 10 INFO neutron.api.wsgi [None req-52f3e61b-722d-4e4a-be37-e6635013a10b d82b3a77a3a6427883d0c07e911432ed bbb19453f1fa47bcad383e5d95e5c18e - - default default] 10.0.0.64 "PUT /v2.0/routers/f9bfd0a9-e721-4c00-a3b2-2c8609b8b9cc/tags HTTP/1.1" status: 200 len: 218 time: 0.0381975
2026-02-26 04:17:21.330 10 INFO neutron.api.wsgi [None req-0a962f3c-70d6-42ab-84d6-6841786ef74d d82b3a77a3a6427883d0c07e911432ed bbb19453f1fa47bcad383e5d95e5c18e - - default default] 10.0.0.64 "PUT /v2.0/routers/f9d80c6e-99d2-4123-ad6e-56005c107a73/tags HTTP/1.1" status: 200 len: 227 time: 0.0443106
2026-02-26 04:17:21.377 10 INFO neutron.api.wsgi [None req-843276ac-79ec-4d82-b270-0c2855745bb2 d82b3a77a3a6427883d0c07e911432ed bbb19453f1fa47bcad383e5d95e5c18e - - default default] 10.0.0.64 "PUT /v2.0/routers/c8775598-5698-4ea3-af90-241bfc4b48a0/tags HTTP/1.1" status: 200 len: 212 time: 0.0416758
2026-02-26 04:17:21.432 10 INFO neutron.api.wsgi [None req-e98318b7-ae6a-4bbc-be62-fd545533ed27 d82b3a77a3a6427883d0c07e911432ed bbb19453f1fa47bcad383e5d95e5c18e - - default default] 10.0.0.64 "GET /v2.0/routers?tags=red HTTP/1.1" status: 200 len: 1946 time: 0.0506732
2026-02-26 04:17:21.487 10 INFO neutron.api.wsgi [None req-23a5d92e-2454-461f-a136-d16daa780e70 d82b3a77a3a6427883d0c07e911432ed bbb19453f1fa47bcad383e5d95e5c18e - - default default] 10.0.0.64 "GET /v2.0/routers?tags=red%2Cblue HTTP/1.1" status: 200 len: 1375 time: 0.0507922
2026-02-26 04:17:21.540 10 INFO neutron.api.wsgi [None req-33354d3c-01a6-40cf-a051-2ab71bd04298 d82b3a77a3a6427883d0c07e911432ed bbb19453f1fa47bcad383e5d95e5c18e - - default default] 10.0.0.64 "GET /v2.0/routers?tags-any=blue HTTP/1.1" status: 200 len: 1375 time: 0.0488322
2026-02-26 04:17:21.578 10 INFO neutron.api.wsgi [None req-6bf021c8-504b-47f9-b42c-8d86d567a82a d82b3a77a3a6427883d0c07e911432ed bbb19453f1fa47bcad383e5d95e5c18e - - default default] 10.0.0.64 "GET /v2.0/routers?tags-any=red%2Cblue HTTP/1.1" status: 200 len: 1946 time: 0.0333238
2026-02-26 04:17:21.634 10 INFO neutron.api.wsgi [None req-223b9192-31ea-439e-8ee5-68f5a01c2296 d82b3a77a3a6427883d0c07e911432ed bbb19453f1fa47bcad383e5d95e5c18e - - default default] 10.0.0.64 "GET /v2.0/routers?not-tags=red HTTP/1.1" status: 200 len: 1347 time: 0.0521379
2026-02-26 04:17:21.635 9 WARNING neutron.plugins.ml2.drivers.ovn.mech_driver.ovsdb.ovn_client [None req-2ace5018-a146-4fa5-94bc-fb4c0ddb6ba7 - - - - - -] No hosting information found for port 3c8d24b2-32db-4b8d-a4a8-466f8185fcd2: RuntimeError: No hosting information found for port 3c8d24b2-32db-4b8d-a4a8-466f8185fcd2
2026-02-26 04:17:21.691 9 INFO neutron.api.wsgi [None req-3b3f79ac-27a7-4d11-a119-3655ec264bbb d82b3a77a3a6427883d0c07e911432ed bbb19453f1fa47bcad383e5d95e5c18e - - default default] 10.0.0.64 "GET /v2.0/routers?not-tags=red%2Cblue HTTP/1.1" status: 200 len: 1918 time: 0.0522029
2026-02-26 04:17:21.736 9 INFO neutron.db.ovn_revision_numbers_db [None req-2ace5018-a146-4fa5-94bc-fb4c0ddb6ba7 - - - - - -] Successfully bumped revision number for resource 3c8d24b2-32db-4b8d-a4a8-466f8185fcd2 (type: router_ports) to 2
2026-02-26 04:17:21.759 10 INFO neutron.api.wsgi [None req-171610c5-c50b-4add-9ec4-8cb340e2bbbf d82b3a77a3a6427883d0c07e911432ed bbb19453f1fa47bcad383e5d95e5c18e - - default default] 10.0.0.64 "GET /v2.0/routers?not-tags-any=blue HTTP/1.1" status: 200 len: 1918 time: 0.0633130
2026-02-26 04:17:21.784 10 INFO neutron.api.wsgi [req-8738a5ff-9b7a-4479-b822-a7e345a9da1b req-0cb918d6-451c-49b0-b97b-dcbefc7fe262 782117815c564ad88bc61ce60df47e37 eeec19e84175472581a1659248fdbc08 - - default default] 10.0.0.43 "GET /v2.0/ports?device_id=a8ee4fb4-dcc0-45c2-97d7-03bfaeb69696 HTTP/1.1" status: 200 len: 210 time: 0.0223322
2026-02-26 04:17:21.807 9 INFO neutron.plugins.ml2.drivers.ovn.mech_driver.mech_driver [None req-2ace5018-a146-4fa5-94bc-fb4c0ddb6ba7 - - - - - -] OVN reports status up for port: f157479e-1456-4691-9e16-3af679d89ead
2026-02-26 04:17:21.815 9 INFO neutron.plugins.ml2.plugin [None req-2ace5018-a146-4fa5-94bc-fb4c0ddb6ba7 - - - - - -] Attempt 1 to provision port f157479e-1456-4691-9e16-3af679d89ead
2026-02-26 04:17:21.821 9 INFO neutron.api.wsgi [None req-835067bd-7374-47c8-93a4-c7ca7b7ba0d9 d82b3a77a3a6427883d0c07e911432ed bbb19453f1fa47bcad383e5d95e5c18e - - default default] 10.0.0.64 "GET /v2.0/routers?not-tags-any=red%2Cblue HTTP/1.1" status: 200 len: 1347 time: 0.0569894
2026-02-26 04:17:21.878 10 INFO neutron.api.wsgi [None req-f38cea61-8ebb-41be-9965-64375bb3b2c7 d82b3a77a3a6427883d0c07e911432ed bbb19453f1fa47bcad383e5d95e5c18e - - default default] 10.0.0.64 "GET /v2.0/routers/9c965099-d253-4f60-81a7-36ef08bbb50b HTTP/1.1" status: 200 len: 775 time: 0.0408747
2026-02-26 04:17:21.889 9 INFO neutron.api.wsgi [req-97fcd0e8-dd8c-4a30-b6cb-66c92b6576fe req-78df4ae4-0482-4ca1-92f3-1a4805da6b88 24d6bd7bf0624fc29609ecc7c2900581 23ea44f377e24e83b361cad956f98f08 - - default default] 10.0.0.43 "GET /v2.0/ports?device_id=7384f6c9-8b65-4594-aff7-ca05bd83c815 HTTP/1.1" status: 200 len: 210 time: 0.0178185
2026-02-26 04:17:22.221 9 INFO neutron.db.ovn_revision_numbers_db [None req-2ace5018-a146-4fa5-94bc-fb4c0ddb6ba7 - - - - - -] Successfully bumped revision number for resource f157479e-1456-4691-9e16-3af679d89ead (type: ports) to 2
2026-02-26 04:17:22.438 10 INFO neutron.db.ovn_revision_numbers_db [None req-6a580319-7f83-48b5-b93b-b654dc42e101 d82b3a77a3a6427883d0c07e911432ed bbb19453f1fa47bcad383e5d95e5c18e - - default default] Successfully bumped revision number for resource 9c965099-d253-4f60-81a7-36ef08bbb50b (type: routers) to 2
2026-02-26 04:17:22.443 10 INFO neutron.api.wsgi [None req-6a580319-7f83-48b5-b93b-b654dc42e101 d82b3a77a3a6427883d0c07e911432ed bbb19453f1fa47bcad383e5d95e5c18e - - default default] 10.0.0.64 "PUT /v2.0/routers/9c965099-d253-4f60-81a7-36ef08bbb50b HTTP/1.1" status: 200 len: 775 time: 0.5580702
2026-02-26 04:17:22.466 10 INFO neutron.api.wsgi [None req-266139ce-5828-4eee-9a6b-d72a0a8b2b2d d82b3a77a3a6427883d0c07e911432ed bbb19453f1fa47bcad383e5d95e5c18e - - default default] 10.0.0.64 "GET /v2.0/ports?device_id=9c965099-d253-4f60-81a7-36ef08bbb50b HTTP/1.1" status: 200 len: 205 time: 0.0163171
2026-02-26 04:17:22.615 10 INFO neutron.api.wsgi [None req-beef7198-bc6a-4f37-a982-617dff43d4ec d82b3a77a3a6427883d0c07e911432ed bbb19453f1fa47bcad383e5d95e5c18e - - default default] 10.0.0.64 "DELETE /v2.0/routers/9c965099-d253-4f60-81a7-36ef08bbb50b HTTP/1.1" status: 204 len: 168 time: 0.1455343
2026-02-26 04:17:22.649 10 INFO neutron.api.wsgi [None req-335d8c95-42ac-4f4f-b93c-3f33747ad9e7 d82b3a77a3a6427883d0c07e911432ed bbb19453f1fa47bcad383e5d95e5c18e - - default default] 10.0.0.64 "GET /v2.0/routers/f9bfd0a9-e721-4c00-a3b2-2c8609b8b9cc HTTP/1.1" status: 200 len: 783 time: 0.0282917
2026-02-26 04:17:22.886 10 INFO neutron.api.wsgi [req-18793bc9-90b0-4493-ac95-54b8c590831a req-2162eb81-faf0-46dc-b4e8-4927db79aaf9 782117815c564ad88bc61ce60df47e37 eeec19e84175472581a1659248fdbc08 - - default default] 10.0.0.43 "GET /v2.0/ports?device_id=a8ee4fb4-dcc0-45c2-97d7-03bfaeb69696 HTTP/1.1" status: 200 len: 210 time: 0.0180676
2026-02-26 04:17:22.915 10 INFO neutron.db.ovn_revision_numbers_db [None req-b843823b-b432-4f56-9709-ba2799a7df5c d82b3a77a3a6427883d0c07e911432ed bbb19453f1fa47bcad383e5d95e5c18e - - default default] Successfully bumped revision number for resource f9bfd0a9-e721-4c00-a3b2-2c8609b8b9cc (type: routers) to 2
2026-02-26 04:17:22.920 10 INFO neutron.api.wsgi [None req-b843823b-b432-4f56-9709-ba2799a7df5c d82b3a77a3a6427883d0c07e911432ed bbb19453f1fa47bcad383e5d95e5c18e - - default default] 10.0.0.64 "PUT /v2.0/routers/f9bfd0a9-e721-4c00-a3b2-2c8609b8b9cc HTTP/1.1" status: 200 len: 783 time: 0.2654865
2026-02-26 04:17:22.930 9 INFO neutron.api.wsgi [req-239f9fd0-640c-463e-a3e2-a9a464fbb5ad req-f974b6ea-798b-43c6-94e0-036a3c53a4b3 24d6bd7bf0624fc29609ecc7c2900581 23ea44f377e24e83b361cad956f98f08 - - default default] 162.253.55.43 "GET /v2.0/networks?id=0c6136b0-8444-421b-8fcb-b67d160619a0 HTTP/1.1" status: 200 len: 871 time: 0.0584023
2026-02-26 04:17:22.938 9 WARNING neutron_lib.context [req-239f9fd0-640c-463e-a3e2-a9a464fbb5ad req-0f562183-26ef-49fe-9146-3e668cc9d198 24d6bd7bf0624fc29609ecc7c2900581 23ea44f377e24e83b361cad956f98f08 - - default default] Method 'is_advsvc' is deprecated since 2023.2 release (neutron-lib 3.8.0) and will be removed once support for the old RBAC API policies will be removed from Neutron. Please use method 'is_service_role' instead.
2026-02-26 04:17:22.942 10 INFO neutron.api.wsgi [None req-a86a9722-3f27-4fbe-85a0-aaff068a5e4b d82b3a77a3a6427883d0c07e911432ed bbb19453f1fa47bcad383e5d95e5c18e - - default default] 10.0.0.64 "GET /v2.0/ports?device_id=f9bfd0a9-e721-4c00-a3b2-2c8609b8b9cc HTTP/1.1" status: 200 len: 205 time: 0.0157847
2026-02-26 04:17:22.968 9 INFO neutron.api.wsgi [req-737fc8e5-6b6d-4f49-b69c-4c4c550ae363 req-04db74a5-23e9-4bb6-8c77-922ea8fb201a 24d6bd7bf0624fc29609ecc7c2900581 23ea44f377e24e83b361cad956f98f08 - - default default] 10.0.0.43 "GET /v2.0/ports?device_id=7384f6c9-8b65-4594-aff7-ca05bd83c815 HTTP/1.1" status: 200 len: 210 time: 0.0152071
2026-02-26 04:17:23.147 10 INFO neutron.api.wsgi [None req-4eb29343-0b43-4e01-b994-f701cd87757b d82b3a77a3a6427883d0c07e911432ed bbb19453f1fa47bcad383e5d95e5c18e - - default default] 10.0.0.64 "DELETE /v2.0/routers/f9bfd0a9-e721-4c00-a3b2-2c8609b8b9cc HTTP/1.1" status: 204 len: 168 time: 0.1987858
2026-02-26 04:17:23.183 10 INFO neutron.api.wsgi [None req-b5d7ce4d-bfa2-425f-8f90-a082c8dd2f5b d82b3a77a3a6427883d0c07e911432ed bbb19453f1fa47bcad383e5d95e5c18e - - default default] 10.0.0.64 "GET /v2.0/routers/f9d80c6e-99d2-4123-ad6e-56005c107a73 HTTP/1.1" status: 200 len: 792 time: 0.0295331
2026-02-26 04:17:23.235 9 WARNING neutron.scheduler.dhcp_agent_scheduler [req-239f9fd0-640c-463e-a3e2-a9a464fbb5ad req-0f562183-26ef-49fe-9146-3e668cc9d198 24d6bd7bf0624fc29609ecc7c2900581 23ea44f377e24e83b361cad956f98f08 - - default default] No more DHCP agents
2026-02-26 04:17:23.237 9 WARNING neutron.api.rpc.agentnotifiers.dhcp_rpc_agent_api [req-239f9fd0-640c-463e-a3e2-a9a464fbb5ad req-0f562183-26ef-49fe-9146-3e668cc9d198 24d6bd7bf0624fc29609ecc7c2900581 23ea44f377e24e83b361cad956f98f08 - - default default] Unable to schedule network 0c6136b0-8444-421b-8fcb-b67d160619a0: no agents available; will retry on subsequent port and subnet creation events.
2026-02-26 04:17:23.351 9 INFO neutron.db.ovn_revision_numbers_db [req-239f9fd0-640c-463e-a3e2-a9a464fbb5ad req-0f562183-26ef-49fe-9146-3e668cc9d198 24d6bd7bf0624fc29609ecc7c2900581 23ea44f377e24e83b361cad956f98f08 - - default default] Successfully bumped revision number for resource a0232246-173d-4765-a044-e12978821f4b (type: ports) to 1
2026-02-26 04:17:23.372 9 INFO neutron.api.wsgi [req-239f9fd0-640c-463e-a3e2-a9a464fbb5ad req-0f562183-26ef-49fe-9146-3e668cc9d198 24d6bd7bf0624fc29609ecc7c2900581 23ea44f377e24e83b361cad956f98f08 - - default default] 162.253.55.43 "POST /v2.0/ports HTTP/1.1" status: 201 len: 1158 time: 0.4366012 /var/lib/openstack/lib/python3.12/site-packages/pycadf/identifier.py:71: UserWarning: Invalid uuid: neutron. To ensure interoperability, identifiers should be a valid uuid. warnings.warn(('Invalid uuid: %s. To ensure interoperability, '
2026-02-26 04:17:23.461 10 INFO neutron.db.ovn_revision_numbers_db [None req-11f3f2da-7785-4107-a44b-aa1e9594d3aa d82b3a77a3a6427883d0c07e911432ed bbb19453f1fa47bcad383e5d95e5c18e - - default default] Successfully bumped revision number for resource f9d80c6e-99d2-4123-ad6e-56005c107a73 (type: routers) to 2
2026-02-26 04:17:23.467 10 INFO neutron.api.wsgi [None req-11f3f2da-7785-4107-a44b-aa1e9594d3aa d82b3a77a3a6427883d0c07e911432ed bbb19453f1fa47bcad383e5d95e5c18e - - default default] 10.0.0.64 "PUT /v2.0/routers/f9d80c6e-99d2-4123-ad6e-56005c107a73 HTTP/1.1" status: 200 len: 792 time: 0.2792728
2026-02-26 04:17:23.488 10 INFO neutron.api.wsgi [None req-65422a47-287b-4158-a98b-c757bd80ab64 d82b3a77a3a6427883d0c07e911432ed bbb19453f1fa47bcad383e5d95e5c18e - - default default] 10.0.0.64 "GET /v2.0/ports?device_id=f9d80c6e-99d2-4123-ad6e-56005c107a73 HTTP/1.1" status: 200 len: 205 time: 0.0159662
2026-02-26 04:17:23.662 10 INFO neutron.api.wsgi [None req-560af0c6-8e0b-4cdb-9f68-b804612ed2ee d82b3a77a3a6427883d0c07e911432ed bbb19453f1fa47bcad383e5d95e5c18e - - default default] 10.0.0.64 "DELETE /v2.0/routers/f9d80c6e-99d2-4123-ad6e-56005c107a73 HTTP/1.1" status: 204 len: 168 time: 0.1701443
2026-02-26 04:17:23.665 9 INFO neutron.db.ovn_revision_numbers_db [req-239f9fd0-640c-463e-a3e2-a9a464fbb5ad req-4d2a8dc6-499d-4285-b868-978afd9bcf71 ed81b0baa6dc41ecab55bde9293e1c65 0997eb8867154e38ac002d84ce07617f - - eac6e0f04e8d43b8b30ebcfee323c3e3 eac6e0f04e8d43b8b30ebcfee323c3e3] Successfully bumped revision number for resource a0232246-173d-4765-a044-e12978821f4b (type: ports) to 2
2026-02-26 04:17:23.702 10 INFO neutron.api.wsgi [None req-81586235-40b0-4ce4-8d1a-086f0acd9d24 d82b3a77a3a6427883d0c07e911432ed bbb19453f1fa47bcad383e5d95e5c18e - - default default] 10.0.0.64 "GET /v2.0/routers/c8775598-5698-4ea3-af90-241bfc4b48a0 HTTP/1.1" status: 200 len: 777 time: 0.0340185
2026-02-26 04:17:23.852 9 INFO neutron.db.ovn_revision_numbers_db [req-239f9fd0-640c-463e-a3e2-a9a464fbb5ad req-4d2a8dc6-499d-4285-b868-978afd9bcf71 ed81b0baa6dc41ecab55bde9293e1c65 0997eb8867154e38ac002d84ce07617f - - eac6e0f04e8d43b8b30ebcfee323c3e3 eac6e0f04e8d43b8b30ebcfee323c3e3] Successfully bumped revision number for resource a0232246-173d-4765-a044-e12978821f4b (type: ports) to 4
2026-02-26 04:17:23.868 9 INFO neutron.api.wsgi [req-239f9fd0-640c-463e-a3e2-a9a464fbb5ad req-4d2a8dc6-499d-4285-b868-978afd9bcf71 ed81b0baa6dc41ecab55bde9293e1c65 0997eb8867154e38ac002d84ce07617f - - eac6e0f04e8d43b8b30ebcfee323c3e3 eac6e0f04e8d43b8b30ebcfee323c3e3] 162.253.55.43 "PUT /v2.0/ports/a0232246-173d-4765-a044-e12978821f4b HTTP/1.1" status: 200 len: 1404 time: 0.4840946
2026-02-26 04:17:23.908 9 INFO neutron.notifiers.nova [-] Nova event matching ['req-779e2be5-c955-443c-a2ea-c428a14b8797'] response: {'name': 'network-changed', 'server_uuid': '7384f6c9-8b65-4594-aff7-ca05bd83c815', 'tag': 'a0232246-173d-4765-a044-e12978821f4b', 'status': 'completed', 'code': 200} /var/lib/openstack/lib/python3.12/site-packages/pycadf/identifier.py:71: UserWarning: Invalid uuid: neutron. To ensure interoperability, identifiers should be a valid uuid. warnings.warn(('Invalid uuid: %s. To ensure interoperability, '
2026-02-26 04:17:23.955 9 INFO neutron.api.wsgi [req-1e9e234b-d234-432c-b5f8-e610457cd9d4 req-5a81306c-e497-4ca2-ad6c-7260f82c8eb6 782117815c564ad88bc61ce60df47e37 eeec19e84175472581a1659248fdbc08 - - default default] 10.0.0.43 "GET /v2.0/ports?device_id=a8ee4fb4-dcc0-45c2-97d7-03bfaeb69696 HTTP/1.1" status: 200 len: 210 time: 0.0187349
2026-02-26 04:17:23.976 10 INFO neutron.db.ovn_revision_numbers_db [None req-8530f0d2-d126-4082-8ac5-90f160c7e90a d82b3a77a3a6427883d0c07e911432ed bbb19453f1fa47bcad383e5d95e5c18e - - default default] Successfully bumped revision number for resource c8775598-5698-4ea3-af90-241bfc4b48a0 (type: routers) to 2
2026-02-26 04:17:23.983 10 INFO neutron.api.wsgi [None req-8530f0d2-d126-4082-8ac5-90f160c7e90a d82b3a77a3a6427883d0c07e911432ed bbb19453f1fa47bcad383e5d95e5c18e - - default default] 10.0.0.64 "PUT /v2.0/routers/c8775598-5698-4ea3-af90-241bfc4b48a0 HTTP/1.1" status: 200 len: 777 time: 0.2769516
2026-02-26 04:17:24.009 10 INFO neutron.api.wsgi [None req-bb50e5c7-3686-4f09-be7a-5b332169c68d d82b3a77a3a6427883d0c07e911432ed bbb19453f1fa47bcad383e5d95e5c18e - - default default] 10.0.0.64 "GET /v2.0/ports?device_id=c8775598-5698-4ea3-af90-241bfc4b48a0 HTTP/1.1" status: 200 len: 205 time: 0.0202188
2026-02-26 04:17:24.147 10 INFO neutron.api.wsgi [req-e4c79f2f-96a2-4f24-875d-a582358d9438 req-0fd1c9c0-8c85-4b5f-97af-db2676a32c87 24d6bd7bf0624fc29609ecc7c2900581 23ea44f377e24e83b361cad956f98f08 - - default default] 10.0.0.43 "GET /v2.0/ports?device_id=7384f6c9-8b65-4594-aff7-ca05bd83c815 HTTP/1.1" status: 200 len: 1168 time: 0.1190050
2026-02-26 04:17:24.194 10 INFO neutron.api.wsgi [None req-ab4dc97b-5246-41ff-b7d7-43bd2769b841 d82b3a77a3a6427883d0c07e911432ed bbb19453f1fa47bcad383e5d95e5c18e - - default default] 10.0.0.64 "DELETE /v2.0/routers/c8775598-5698-4ea3-af90-241bfc4b48a0 HTTP/1.1" status: 204 len: 168 time: 0.1802354
2026-02-26 04:17:24.197 10 INFO neutron.api.wsgi [req-e4c79f2f-96a2-4f24-875d-a582358d9438 req-4b7bbf53-bb26-492f-976a-0da702e8ae5f 24d6bd7bf0624fc29609ecc7c2900581 23ea44f377e24e83b361cad956f98f08 - - default default] 10.0.0.43 "GET /v2.0/security-groups?id=675671bf-3883-45cd-bab1-8965817af9b4&fields=id&fields=name HTTP/1.1" status: 200 len: 286 time: 0.0403621
2026-02-26 04:17:24.227 10 INFO neutron.api.wsgi [None req-91dec6c9-66eb-4fae-ae26-675f9cf99c46 d82b3a77a3a6427883d0c07e911432ed bbb19453f1fa47bcad383e5d95e5c18e - - default default] 10.0.0.64 "GET /v2.0/routers/e0a9c9f6-b5c0-44e8-9844-a2af5be30a08 HTTP/1.1" status: 200 len: 770 time: 0.0278339
2026-02-26 04:17:24.454 9 INFO neutron.api.wsgi [req-94cd1331-0d66-4781-b944-dbdcd4a52e78 req-856a1256-eba5-4110-8511-fc0d1af465c5 ed81b0baa6dc41ecab55bde9293e1c65 0997eb8867154e38ac002d84ce07617f - - eac6e0f04e8d43b8b30ebcfee323c3e3 eac6e0f04e8d43b8b30ebcfee323c3e3] 162.253.55.43 "GET /v2.0/ports?tenant_id=23ea44f377e24e83b361cad956f98f08&device_id=7384f6c9-8b65-4594-aff7-ca05bd83c815 HTTP/1.1" status: 200 len: 1407 time: 0.0354846
2026-02-26 04:17:24.460 10 INFO neutron.api.wsgi [None req-9c35b0c6-e380-405b-8c98-32856004e463 d82b3a77a3a6427883d0c07e911432ed bbb19453f1fa47bcad383e5d95e5c18e - - default default] 10.0.0.64 "PUT /v2.0/routers/e0a9c9f6-b5c0-44e8-9844-a2af5be30a08 HTTP/1.1" status: 200 len: 770 time: 0.2272904
2026-02-26 04:17:24.490 10 INFO neutron.api.wsgi [None req-6cec8087-af44-4206-a474-b11745444a10 d82b3a77a3a6427883d0c07e911432ed bbb19453f1fa47bcad383e5d95e5c18e - - default default] 10.0.0.64 "GET /v2.0/ports?device_id=e0a9c9f6-b5c0-44e8-9844-a2af5be30a08 HTTP/1.1" status: 200 len: 205 time: 0.0196648
2026-02-26 04:17:24.504 9 INFO neutron.api.wsgi [req-94cd1331-0d66-4781-b944-dbdcd4a52e78 req-7dda27d7-cd6f-4960-b2d9-febfbfc1efbd ed81b0baa6dc41ecab55bde9293e1c65 0997eb8867154e38ac002d84ce07617f - - eac6e0f04e8d43b8b30ebcfee323c3e3 eac6e0f04e8d43b8b30ebcfee323c3e3] 162.253.55.43 "GET /v2.0/networks?tenant_id=23ea44f377e24e83b361cad956f98f08&shared=False HTTP/1.1" status: 200 len: 970 time: 0.0445859
2026-02-26 04:17:24.540 9 INFO neutron.api.wsgi [req-94cd1331-0d66-4781-b944-dbdcd4a52e78 req-f46801eb-07c1-4ab9-aaed-bc06de38b4e1 ed81b0baa6dc41ecab55bde9293e1c65 0997eb8867154e38ac002d84ce07617f - - eac6e0f04e8d43b8b30ebcfee323c3e3 eac6e0f04e8d43b8b30ebcfee323c3e3] 162.253.55.43 "GET /v2.0/networks?shared=True HTTP/1.1" status: 200 len: 952 time: 0.0323863
2026-02-26 04:17:24.654 10 INFO neutron.api.wsgi [None req-7c8bd452-e117-4c16-b567-37ceaa1a0aba d82b3a77a3a6427883d0c07e911432ed bbb19453f1fa47bcad383e5d95e5c18e - - default default] 10.0.0.64 "DELETE /v2.0/routers/e0a9c9f6-b5c0-44e8-9844-a2af5be30a08 HTTP/1.1" status: 204 len: 168 time: 0.1599021
2026-02-26 04:17:25.022 9 INFO neutron.api.wsgi [req-bd07d3b3-a7f4-46f8-a0fe-1972667ac818 req-efe70e8e-ba53-4437-8dc8-c11984eb0c5d 782117815c564ad88bc61ce60df47e37 eeec19e84175472581a1659248fdbc08 - - default default] 162.253.55.43 "GET /v2.0/networks?id=63771f97-abce-4d87-8e03-f62fa959c4df HTTP/1.1" status: 200 len: 860 time: 0.0407398
2026-02-26 04:17:25.028 9 INFO neutron.api.wsgi [req-78737bae-3305-4e17-9bb5-33f3af3a3840 req-49ba6f34-71d2-4a33-b15b-c77b6da6ba93 782117815c564ad88bc61ce60df47e37 eeec19e84175472581a1659248fdbc08 - - default default] 10.0.0.43 "GET /v2.0/ports?device_id=a8ee4fb4-dcc0-45c2-97d7-03bfaeb69696 HTTP/1.1" status: 200 len: 210 time: 0.0139947
2026-02-26 04:17:25.059 9 INFO neutron.api.wsgi [req-bd07d3b3-a7f4-46f8-a0fe-1972667ac818 req-a79b365f-a3fc-4f0a-b2bc-3678a3575533 782117815c564ad88bc61ce60df47e37 eeec19e84175472581a1659248fdbc08 - - default default] 162.253.55.43 "GET /v2.0/security-groups?fields=id&fields=name&tenant_id=eeec19e84175472581a1659248fdbc08 HTTP/1.1" status: 200 len: 379 time: 0.0279069
2026-02-26 04:17:25.072 9 WARNING neutron_lib.context [req-bd07d3b3-a7f4-46f8-a0fe-1972667ac818 req-d1d93d16-e17c-43af-b95d-a10e9f6948bd 782117815c564ad88bc61ce60df47e37 eeec19e84175472581a1659248fdbc08 - - default default] Method 'is_advsvc' is deprecated since 2023.2 release (neutron-lib 3.8.0) and will be removed once support for the old RBAC API policies will be removed from Neutron. Please use method 'is_service_role' instead.
2026-02-26 04:17:25.287 10 INFO neutron.api.wsgi [req-ad16b0a8-7654-45c7-89b4-c3dc739dd5b5 req-c350f36f-0ff9-41c4-8291-0b8e00cc5713 24d6bd7bf0624fc29609ecc7c2900581 23ea44f377e24e83b361cad956f98f08 - - default default] 10.0.0.43 "GET /v2.0/ports?device_id=7384f6c9-8b65-4594-aff7-ca05bd83c815 HTTP/1.1" status: 200 len: 1168 time: 0.0281420
2026-02-26 04:17:25.302 9 WARNING neutron.scheduler.dhcp_agent_scheduler [req-bd07d3b3-a7f4-46f8-a0fe-1972667ac818 req-d1d93d16-e17c-43af-b95d-a10e9f6948bd 782117815c564ad88bc61ce60df47e37 eeec19e84175472581a1659248fdbc08 - - default default] No more DHCP agents
2026-02-26 04:17:25.303 9 WARNING neutron.api.rpc.agentnotifiers.dhcp_rpc_agent_api [req-bd07d3b3-a7f4-46f8-a0fe-1972667ac818 req-d1d93d16-e17c-43af-b95d-a10e9f6948bd 782117815c564ad88bc61ce60df47e37 eeec19e84175472581a1659248fdbc08 - - default default] Unable to schedule network 63771f97-abce-4d87-8e03-f62fa959c4df: no agents available; will retry on subsequent port and subnet creation events.
2026-02-26 04:17:25.326 10 INFO neutron.api.wsgi [req-ad16b0a8-7654-45c7-89b4-c3dc739dd5b5 req-24ce4d19-f4d0-4732-9f0d-dd21eed94c63 24d6bd7bf0624fc29609ecc7c2900581 23ea44f377e24e83b361cad956f98f08 - - default default] 10.0.0.43 "GET /v2.0/security-groups?id=675671bf-3883-45cd-bab1-8965817af9b4&fields=id&fields=name HTTP/1.1" status: 200 len: 286 time: 0.0292380
2026-02-26 04:17:25.395 9 INFO neutron.db.ovn_revision_numbers_db [req-bd07d3b3-a7f4-46f8-a0fe-1972667ac818 req-d1d93d16-e17c-43af-b95d-a10e9f6948bd 782117815c564ad88bc61ce60df47e37 eeec19e84175472581a1659248fdbc08 - - default default] Successfully bumped revision number for resource c9073ad6-7c97-4720-9b54-8d62c47dd833 (type: ports) to 1
2026-02-26 04:17:25.411 9 INFO neutron.api.wsgi [req-bd07d3b3-a7f4-46f8-a0fe-1972667ac818 req-d1d93d16-e17c-43af-b95d-a10e9f6948bd 782117815c564ad88bc61ce60df47e37 eeec19e84175472581a1659248fdbc08 - - default default] 162.253.55.43 "POST /v2.0/ports HTTP/1.1" status: 201 len: 1158 time: 0.3435206 /var/lib/openstack/lib/python3.12/site-packages/pycadf/identifier.py:71: UserWarning: Invalid uuid: neutron. To ensure interoperability, identifiers should be a valid uuid. warnings.warn(('Invalid uuid: %s. To ensure interoperability, '
2026-02-26 04:17:25.593 10 INFO neutron.db.ovn_revision_numbers_db [None req-7e6de3eb-bd44-4bc5-a68d-b48f224dfca8 e8c829ecf86546d9959658d74a1c61dd 75112619e90547f0a1d9cb77802a2d29 - - default default] Successfully bumped revision number for resource bfa8ce2b-9e50-40f1-95e4-709867f86b80 (type: security_groups) to 1
2026-02-26 04:17:25.606 10 INFO neutron.api.wsgi [req-239f9fd0-640c-463e-a3e2-a9a464fbb5ad req-66018966-d53d-44a7-98ab-840cef0d3ab9 ed81b0baa6dc41ecab55bde9293e1c65 0997eb8867154e38ac002d84ce07617f - - eac6e0f04e8d43b8b30ebcfee323c3e3 eac6e0f04e8d43b8b30ebcfee323c3e3] 162.253.55.43 "GET /v2.0/ports?tenant_id=23ea44f377e24e83b361cad956f98f08&device_id=7384f6c9-8b65-4594-aff7-ca05bd83c815 HTTP/1.1" status: 200 len: 1407 time: 0.0316622
2026-02-26 04:17:25.609 10 INFO neutron.db.ovn_revision_numbers_db [None req-7e6de3eb-bd44-4bc5-a68d-b48f224dfca8 e8c829ecf86546d9959658d74a1c61dd 75112619e90547f0a1d9cb77802a2d29 - - default default] Successfully bumped revision number for resource 4a122e5a-3636-4260-aaa6-bbdf71f3aab3 (type: security_group_rules) to 0
2026-02-26 04:17:25.632 10 INFO neutron.api.wsgi [req-239f9fd0-640c-463e-a3e2-a9a464fbb5ad req-83594c64-b76d-4445-9add-2680f57e883f ed81b0baa6dc41ecab55bde9293e1c65 0997eb8867154e38ac002d84ce07617f - - eac6e0f04e8d43b8b30ebcfee323c3e3 eac6e0f04e8d43b8b30ebcfee323c3e3] 162.253.55.43 "GET /v2.0/floatingips?fixed_ip_address=10.100.0.6&port_id=a0232246-173d-4765-a044-e12978821f4b HTTP/1.1" status: 200 len: 217 time: 0.0191145
2026-02-26 04:17:25.634 10 INFO neutron.db.ovn_revision_numbers_db [None req-7e6de3eb-bd44-4bc5-a68d-b48f224dfca8 e8c829ecf86546d9959658d74a1c61dd 75112619e90547f0a1d9cb77802a2d29 - - default default] Successfully bumped revision number for resource a0f751df-907c-4ce6-91cd-087b908893be (type: security_group_rules) to 0
2026-02-26 04:17:25.652 10 INFO neutron.db.ovn_revision_numbers_db [None req-7e6de3eb-bd44-4bc5-a68d-b48f224dfca8 e8c829ecf86546d9959658d74a1c61dd 75112619e90547f0a1d9cb77802a2d29 - - default default] Successfully bumped revision number for resource b8318676-93af-4d57-a56a-d8ff52573495 (type: security_group_rules) to 0
2026-02-26 04:17:25.657 10 INFO neutron.api.wsgi [req-239f9fd0-640c-463e-a3e2-a9a464fbb5ad req-a6386cea-576d-465b-b3a4-52b96c8db958 ed81b0baa6dc41ecab55bde9293e1c65 0997eb8867154e38ac002d84ce07617f - - eac6e0f04e8d43b8b30ebcfee323c3e3 eac6e0f04e8d43b8b30ebcfee323c3e3] 162.253.55.43 "GET /v2.0/subnets?id=3e7ae9e2-0583-4d87-95b0-aef7ebc215b6 HTTP/1.1" status: 200 len: 889 time: 0.0217242
2026-02-26 04:17:25.686 10 INFO neutron.api.wsgi [req-239f9fd0-640c-463e-a3e2-a9a464fbb5ad req-0a9fe2dc-9620-4da4-9694-a4e0915d8280 ed81b0baa6dc41ecab55bde9293e1c65 0997eb8867154e38ac002d84ce07617f - - eac6e0f04e8d43b8b30ebcfee323c3e3 eac6e0f04e8d43b8b30ebcfee323c3e3] 162.253.55.43 "GET /v2.0/ports?network_id=0c6136b0-8444-421b-8fcb-b67d160619a0&device_owner=network%3Adhcp HTTP/1.1" status: 200 len: 210 time: 0.0234854
2026-02-26 04:17:25.687 10 INFO neutron.db.ovn_revision_numbers_db [None req-7e6de3eb-bd44-4bc5-a68d-b48f224dfca8 e8c829ecf86546d9959658d74a1c61dd 75112619e90547f0a1d9cb77802a2d29 - - default default] Successfully bumped revision number for resource e8c4471f-378f-4aee-8410-d1a63904f18c (type: security_group_rules) to 0
2026-02-26 04:17:25.689 9 INFO neutron.db.ovn_revision_numbers_db [req-bd07d3b3-a7f4-46f8-a0fe-1972667ac818 req-c3cd7ff5-8f96-4f36-97fc-9261cfc2eaf8 ed81b0baa6dc41ecab55bde9293e1c65 0997eb8867154e38ac002d84ce07617f - - eac6e0f04e8d43b8b30ebcfee323c3e3 eac6e0f04e8d43b8b30ebcfee323c3e3] Successfully bumped revision number for resource c9073ad6-7c97-4720-9b54-8d62c47dd833 (type: ports) to 2
2026-02-26 04:17:25.723 10 INFO neutron.api.wsgi [None req-7e6de3eb-bd44-4bc5-a68d-b48f224dfca8 e8c829ecf86546d9959658d74a1c61dd 75112619e90547f0a1d9cb77802a2d29 - - default default] 10.0.0.64 "GET /v2.0/security-groups?tenant_id=5d28f45cb9604368a4a01ff0bd7396c1&name=default HTTP/1.1" status: 200 len: 3120 time: 0.3600717
2026-02-26 04:17:25.730 10 INFO neutron.api.wsgi [req-239f9fd0-640c-463e-a3e2-a9a464fbb5ad req-6f00ccc5-5479-4b1d-a000-f754aaa6f5ff ed81b0baa6dc41ecab55bde9293e1c65 0997eb8867154e38ac002d84ce07617f - - eac6e0f04e8d43b8b30ebcfee323c3e3 eac6e0f04e8d43b8b30ebcfee323c3e3] 162.253.55.43 "GET /v2.0/networks/0c6136b0-8444-421b-8fcb-b67d160619a0?fields=segments HTTP/1.1" status: 200 len: 212 time: 0.0376742 /var/lib/openstack/lib/python3.12/site-packages/pycadf/identifier.py:71: UserWarning: Invalid uuid: neutron. To ensure interoperability, identifiers should be a valid uuid. warnings.warn(('Invalid uuid: %s. To ensure interoperability, '
2026-02-26 04:17:25.771 10 INFO neutron.api.wsgi [req-239f9fd0-640c-463e-a3e2-a9a464fbb5ad req-ccf644a1-9c97-4725-87e2-cc2fb3f68267 ed81b0baa6dc41ecab55bde9293e1c65 0997eb8867154e38ac002d84ce07617f - - eac6e0f04e8d43b8b30ebcfee323c3e3 eac6e0f04e8d43b8b30ebcfee323c3e3] 162.253.55.43 "GET /v2.0/networks/0c6136b0-8444-421b-8fcb-b67d160619a0?fields=provider%3Aphysical_network&fields=provider%3Anetwork_type HTTP/1.1" status: 200 len: 277 time: 0.0361867
2026-02-26 04:17:25.900 9 INFO neutron.db.ovn_revision_numbers_db [req-bd07d3b3-a7f4-46f8-a0fe-1972667ac818 req-c3cd7ff5-8f96-4f36-97fc-9261cfc2eaf8 ed81b0baa6dc41ecab55bde9293e1c65 0997eb8867154e38ac002d84ce07617f - - eac6e0f04e8d43b8b30ebcfee323c3e3 eac6e0f04e8d43b8b30ebcfee323c3e3] Successfully bumped revision number for resource c9073ad6-7c97-4720-9b54-8d62c47dd833 (type: ports) to 4
2026-02-26 04:17:25.912 9 INFO neutron.api.wsgi [req-bd07d3b3-a7f4-46f8-a0fe-1972667ac818 req-c3cd7ff5-8f96-4f36-97fc-9261cfc2eaf8 ed81b0baa6dc41ecab55bde9293e1c65 0997eb8867154e38ac002d84ce07617f - - eac6e0f04e8d43b8b30ebcfee323c3e3 eac6e0f04e8d43b8b30ebcfee323c3e3] 162.253.55.43 "PUT /v2.0/ports/c9073ad6-7c97-4720-9b54-8d62c47dd833 HTTP/1.1" status: 200 len: 1404 time: 0.4939003
2026-02-26 04:17:25.934 9 INFO neutron.api.wsgi [None req-6cb8d010-9de4-49fc-9e04-95334740ecb7 e8c829ecf86546d9959658d74a1c61dd 75112619e90547f0a1d9cb77802a2d29 - - default default] 10.0.0.64 "DELETE /v2.0/security-groups/bfa8ce2b-9e50-40f1-95e4-709867f86b80 HTTP/1.1" status: 204 len: 168 time: 0.2040424
2026-02-26 04:17:25.941 9 INFO neutron.notifiers.nova [-] Nova event matching ['req-9ab9a3b4-60c0-4f45-93a9-b212c050c239'] response: {'name': 'network-changed', 'server_uuid': 'a8ee4fb4-dcc0-45c2-97d7-03bfaeb69696', 'tag': 'c9073ad6-7c97-4720-9b54-8d62c47dd833', 'status': 'completed', 'code': 200} /var/lib/openstack/lib/python3.12/site-packages/pycadf/identifier.py:71: UserWarning: Invalid uuid: neutron. To ensure interoperability, identifiers should be a valid uuid. warnings.warn(('Invalid uuid: %s. To ensure interoperability, '
2026-02-26 04:17:26.086 9 INFO neutron.db.ovn_revision_numbers_db [None req-e41a3ca1-ea05-4af8-bf98-21cdc90cbf18 e8c829ecf86546d9959658d74a1c61dd 75112619e90547f0a1d9cb77802a2d29 - - default default] Successfully bumped revision number for resource b7c29e64-df12-465e-960b-862cb376220e (type: security_groups) to 1
2026-02-26 04:17:26.096 9 INFO neutron.db.ovn_revision_numbers_db [None req-e41a3ca1-ea05-4af8-bf98-21cdc90cbf18 e8c829ecf86546d9959658d74a1c61dd 75112619e90547f0a1d9cb77802a2d29 - - default default] Successfully bumped revision number for resource 20b142e2-64ef-4ca4-b896-5c2055146172 (type: security_group_rules) to 0
2026-02-26 04:17:26.105 9 INFO neutron.db.ovn_revision_numbers_db [None req-e41a3ca1-ea05-4af8-bf98-21cdc90cbf18 e8c829ecf86546d9959658d74a1c61dd 75112619e90547f0a1d9cb77802a2d29 - - default default] Successfully bumped revision number for resource a1915240-4075-401d-89b8-e6d5a28f1236 (type: security_group_rules) to 0
2026-02-26 04:17:26.114 9 INFO neutron.db.ovn_revision_numbers_db [None req-e41a3ca1-ea05-4af8-bf98-21cdc90cbf18 e8c829ecf86546d9959658d74a1c61dd 75112619e90547f0a1d9cb77802a2d29 - - default default] Successfully bumped revision number for resource c7a48675-3ae0-438b-9def-818ff6703598 (type: security_group_rules) to 0
2026-02-26 04:17:26.129 9 INFO neutron.db.ovn_revision_numbers_db [None req-e41a3ca1-ea05-4af8-bf98-21cdc90cbf18 e8c829ecf86546d9959658d74a1c61dd 75112619e90547f0a1d9cb77802a2d29 - - default default] Successfully bumped revision number for resource e0cdfd9a-5543-403c-aef3-3f3ac30b0402 (type: security_group_rules) to 0
2026-02-26 04:17:26.155 10 INFO neutron.api.wsgi [req-6eef6104-a1cb-4da4-8b70-23e9ae11f1c1 req-0b7f9d9f-ef7a-49e5-9f79-de45de27362d 782117815c564ad88bc61ce60df47e37 eeec19e84175472581a1659248fdbc08 - - default default] 10.0.0.43 "GET /v2.0/ports?device_id=a8ee4fb4-dcc0-45c2-97d7-03bfaeb69696 HTTP/1.1" status: 200 len: 1168 time: 0.0717964
2026-02-26 04:17:26.165 9 INFO neutron.api.wsgi [None req-e41a3ca1-ea05-4af8-bf98-21cdc90cbf18 e8c829ecf86546d9959658d74a1c61dd 75112619e90547f0a1d9cb77802a2d29 - - default default] 10.0.0.64 "GET /v2.0/security-groups?tenant_id=bbb19453f1fa47bcad383e5d95e5c18e&name=default HTTP/1.1" status: 200 len: 3120 time: 0.1585865
2026-02-26 04:17:26.196 10 INFO neutron.api.wsgi [req-6eef6104-a1cb-4da4-8b70-23e9ae11f1c1 req-b0677858-cfbe-4ee5-bbd9-6835aad155c8 782117815c564ad88bc61ce60df47e37 eeec19e84175472581a1659248fdbc08 - - default default] 10.0.0.43 "GET /v2.0/security-groups?id=787b4c64-6721-475f-9726-374b49ae53c3&fields=id&fields=name HTTP/1.1" status: 200 len: 312 time: 0.0343432
2026-02-26 04:17:26.361 9 INFO neutron.api.wsgi [None req-dec7e776-cb69-42d2-9427-af10c6257fce e8c829ecf86546d9959658d74a1c61dd 75112619e90547f0a1d9cb77802a2d29 - - default default] 10.0.0.64 "DELETE /v2.0/security-groups/b7c29e64-df12-465e-960b-862cb376220e HTTP/1.1" status: 204 len: 168 time: 0.1915276
2026-02-26 04:17:26.441 9 INFO neutron.api.wsgi [req-cfe8e682-f0b2-4050-80d4-90c7875c40f1 req-e5e1de0a-e9e1-4996-8e41-50caf9d92cf2 24d6bd7bf0624fc29609ecc7c2900581 23ea44f377e24e83b361cad956f98f08 - - default default] 10.0.0.43 "GET /v2.0/ports?device_id=7384f6c9-8b65-4594-aff7-ca05bd83c815 HTTP/1.1" status: 200 len: 1168 time: 0.0595224
2026-02-26 04:17:26.484 9 INFO neutron.api.wsgi [req-1154b66a-bc9b-4a03-9989-c64454a42183 req-e99ee908-f0d0-43e1-a6e6-89b34323ad24 ed81b0baa6dc41ecab55bde9293e1c65 0997eb8867154e38ac002d84ce07617f - - eac6e0f04e8d43b8b30ebcfee323c3e3 eac6e0f04e8d43b8b30ebcfee323c3e3] 162.253.55.43 "GET /v2.0/ports?tenant_id=eeec19e84175472581a1659248fdbc08&device_id=a8ee4fb4-dcc0-45c2-97d7-03bfaeb69696 HTTP/1.1" status: 200 len: 1407 time: 0.0312796
2026-02-26 04:17:26.487 9 INFO neutron.api.wsgi [req-cfe8e682-f0b2-4050-80d4-90c7875c40f1 req-57e002d0-6d9e-4d13-b0b2-ea8e84f658e8 24d6bd7bf0624fc29609ecc7c2900581 23ea44f377e24e83b361cad956f98f08 - - default default] 10.0.0.43 "GET /v2.0/security-groups?id=675671bf-3883-45cd-bab1-8965817af9b4&fields=id&fields=name HTTP/1.1" status: 200 len: 286 time: 0.0389054
2026-02-26 04:17:26.528 9 INFO neutron.api.wsgi [req-1154b66a-bc9b-4a03-9989-c64454a42183 req-2a401d80-4a5c-4a8b-8384-a47bcac0e476 ed81b0baa6dc41ecab55bde9293e1c65 0997eb8867154e38ac002d84ce07617f - - eac6e0f04e8d43b8b30ebcfee323c3e3 eac6e0f04e8d43b8b30ebcfee323c3e3] 162.253.55.43 "GET /v2.0/networks?tenant_id=eeec19e84175472581a1659248fdbc08&shared=False HTTP/1.1" status: 200 len: 959 time: 0.0386417
2026-02-26 04:17:26.574 9 INFO neutron.api.wsgi [req-1154b66a-bc9b-4a03-9989-c64454a42183 req-f6f5df4f-b5d3-40fa-a4dd-b030c89d7450 ed81b0baa6dc41ecab55bde9293e1c65 0997eb8867154e38ac002d84ce07617f - - eac6e0f04e8d43b8b30ebcfee323c3e3 eac6e0f04e8d43b8b30ebcfee323c3e3] 162.253.55.43 "GET /v2.0/networks?shared=True HTTP/1.1" status: 200 len: 952 time: 0.0410371
2026-02-26 04:17:26.588 10 INFO neutron.db.ovn_revision_numbers_db [None req-536281a8-ac98-477b-8960-b38aeafffe85 e8c829ecf86546d9959658d74a1c61dd 75112619e90547f0a1d9cb77802a2d29 - - default default] Successfully bumped revision number for resource fe09418f-19a6-4ce5-b53d-b5057246be71 (type: security_groups) to 1
2026-02-26 04:17:26.599 10 INFO neutron.db.ovn_revision_numbers_db [None req-536281a8-ac98-477b-8960-b38aeafffe85 e8c829ecf86546d9959658d74a1c61dd 75112619e90547f0a1d9cb77802a2d29 - - default default] Successfully bumped revision number for resource 31502f5c-02e0-4a75-92b3-6c0ca35b3821 (type: security_group_rules) to 0
2026-02-26 04:17:26.610 10 INFO neutron.db.ovn_revision_numbers_db [None req-536281a8-ac98-477b-8960-b38aeafffe85 e8c829ecf86546d9959658d74a1c61dd 75112619e90547f0a1d9cb77802a2d29 - - default default] Successfully bumped revision number for resource 4ec7f112-f813-459a-a58a-0c898ea4b3c1 (type: security_group_rules) to 0
2026-02-26 04:17:26.622 10 INFO neutron.db.ovn_revision_numbers_db [None req-536281a8-ac98-477b-8960-b38aeafffe85 e8c829ecf86546d9959658d74a1c61dd 75112619e90547f0a1d9cb77802a2d29 - - default default] Successfully bumped revision number for resource 5fcd1ddd-9da2-42f7-8ebe-33d9297014ce (type: security_group_rules) to 0
2026-02-26 04:17:26.633 10 INFO neutron.db.ovn_revision_numbers_db [None req-536281a8-ac98-477b-8960-b38aeafffe85 e8c829ecf86546d9959658d74a1c61dd 75112619e90547f0a1d9cb77802a2d29 - - default default] Successfully bumped revision number for resource d4852e9d-bfb4-425c-9a8b-f1fb8957c13a (type: security_group_rules) to 0
2026-02-26 04:17:26.662 10 INFO neutron.api.wsgi [None req-536281a8-ac98-477b-8960-b38aeafffe85 e8c829ecf86546d9959658d74a1c61dd 75112619e90547f0a1d9cb77802a2d29 - - default default] 10.0.0.64 "GET /v2.0/security-groups?tenant_id=c67f664fba64447fafedabfdbdb57f96&name=default HTTP/1.1" status: 200 len: 3120 time: 0.1677761
2026-02-26 04:17:26.856 10 INFO neutron.api.wsgi [None req-116f9b80-1f8a-4ba4-84d4-e294b18c6654 e8c829ecf86546d9959658d74a1c61dd 75112619e90547f0a1d9cb77802a2d29 - - default default] 10.0.0.64 "DELETE /v2.0/security-groups/fe09418f-19a6-4ce5-b53d-b5057246be71 HTTP/1.1" status: 204 len: 168 time: 0.1887977
2026-02-26 04:17:27.229 9 WARNING neutron.plugins.ml2.drivers.ovn.mech_driver.ovsdb.ovn_client [None req-9d70a9ee-203b-47a2-b78c-f041b99b4db4 - - - - - -] No hosting information found for port f157479e-1456-4691-9e16-3af679d89ead: RuntimeError: No hosting information found for port f157479e-1456-4691-9e16-3af679d89ead
2026-02-26 04:17:27.285 10 INFO neutron.api.wsgi [req-750d2400-b446-4681-8f1e-45ef23da9904 req-7afb6ed0-382d-4f1e-b8ff-52f27ab74c96 782117815c564ad88bc61ce60df47e37 eeec19e84175472581a1659248fdbc08 - - default default] 10.0.0.43 "GET /v2.0/ports?device_id=a8ee4fb4-dcc0-45c2-97d7-03bfaeb69696 HTTP/1.1" status: 200 len: 1168 time: 0.0335267
2026-02-26 04:17:27.306 9 INFO neutron.db.ovn_revision_numbers_db [None req-9d70a9ee-203b-47a2-b78c-f041b99b4db4 - - - - - -] Successfully bumped revision number for resource f157479e-1456-4691-9e16-3af679d89ead (type: router_ports) to 2
2026-02-26 04:17:27.324 10 INFO neutron.api.wsgi [req-750d2400-b446-4681-8f1e-45ef23da9904 req-5a261e31-4dc8-4e1e-8c31-153bab7e482c 782117815c564ad88bc61ce60df47e37 eeec19e84175472581a1659248fdbc08 - - default default] 10.0.0.43 "GET /v2.0/security-groups?id=787b4c64-6721-475f-9726-374b49ae53c3&fields=id&fields=name HTTP/1.1" status: 200 len: 312 time: 0.0317383
2026-02-26 04:17:27.605 9 INFO neutron.api.wsgi [req-1c76911d-6bb0-4c46-a748-6cad7ea22fae req-600f9b13-c109-4fb5-86ee-c9083b7c32d1 24d6bd7bf0624fc29609ecc7c2900581 23ea44f377e24e83b361cad956f98f08 - - default default] 10.0.0.43 "GET /v2.0/ports?device_id=7384f6c9-8b65-4594-aff7-ca05bd83c815 HTTP/1.1" status: 200 len: 1168 time: 0.0515649
