2026-02-26 04:18:03.095 9 INFO neutron.notifiers.nova [-] Nova event matching ['req-68c524db-8b25-426b-b66b-8a17df276bcf'] response: {'server_uuid': '0877a54e-1342-4d7f-806d-0a8721c27404', 'name': 'network-vif-plugged', 'status': 'completed', 'tag': '7cd7f4d0-1d0c-4e2c-8dab-5402698d767e', 'code': 200}
2026-02-26 04:18:03.181 9 INFO neutron.db.ovn_revision_numbers_db [None req-a234a339-0db3-4a06-84ef-5a8fc8db48be - - - - - -] Successfully bumped revision number for resource 7cd7f4d0-1d0c-4e2c-8dab-5402698d767e (type: ports) to 5
2026-02-26 04:18:03.209 10 INFO neutron.api.wsgi [req-ac6418d3-2496-4df6-a449-d3754e2dec37 req-34d51833-25f1-4301-87d0-7122c6065ee4 8cc942be91ec44618dbd84a6897c4be1 9dadd51c8d7146d6a3a825d82c01b021 - - default default] 10.0.0.43 "GET /v2.0/security-groups?name=tempest-lb_member_SG-455872083&fields=id&tenant_id=9dadd51c8d7146d6a3a825d82c01b021 HTTP/1.1" status: 200 len: 267 time: 0.0390263
2026-02-26 04:18:03.258 10 INFO neutron.api.wsgi [req-ac6418d3-2496-4df6-a449-d3754e2dec37 req-3054b990-f49a-4b32-8594-2b8024839a12 8cc942be91ec44618dbd84a6897c4be1 9dadd51c8d7146d6a3a825d82c01b021 - - default default] 10.0.0.43 "GET /v2.0/networks?id=493e7efb-3ac5-425a-ae35-9b914fa9482b HTTP/1.1" status: 200 len: 903 time: 0.0426812 /var/lib/openstack/lib/python3.12/site-packages/pycadf/identifier.py:71: UserWarning: Invalid uuid: neutron. To ensure interoperability, identifiers should be a valid uuid. warnings.warn(('Invalid uuid: %s. To ensure interoperability, '
2026-02-26 04:18:03.276 10 INFO neutron.api.wsgi [req-ac6418d3-2496-4df6-a449-d3754e2dec37 req-75edbf93-af7e-46f8-961c-f7c68be1d5b1 8cc942be91ec44618dbd84a6897c4be1 9dadd51c8d7146d6a3a825d82c01b021 - - default default] 10.0.0.43 "GET /v2.0/quotas/9dadd51c8d7146d6a3a825d82c01b021 HTTP/1.1" status: 200 len: 491 time: 0.0115461
2026-02-26 04:18:03.282 9 INFO neutron.api.wsgi [req-a8841407-2000-43b9-9e2b-9fe95cae7204 req-9d3384ab-d4d6-4136-bdaa-e1da34f41820 782117815c564ad88bc61ce60df47e37 eeec19e84175472581a1659248fdbc08 - - default default] 10.0.0.43 "GET /v2.0/ports?device_id=0877a54e-1342-4d7f-806d-0a8721c27404 HTTP/1.1" status: 200 len: 1174 time: 0.0281804
2026-02-26 04:18:03.321 9 INFO neutron.api.wsgi [req-a8841407-2000-43b9-9e2b-9fe95cae7204 req-dae5972a-8138-4c9f-aa7e-923a6537198d 782117815c564ad88bc61ce60df47e37 eeec19e84175472581a1659248fdbc08 - - default default] 10.0.0.43 "GET /v2.0/security-groups?id=3170ce32-36ea-44a4-89e6-b2f18f60997d&fields=id&fields=name HTTP/1.1" status: 200 len: 313 time: 0.0328827
2026-02-26 04:18:03.426 10 INFO neutron.api.wsgi [req-ac6418d3-2496-4df6-a449-d3754e2dec37 req-9616c700-c2b4-4438-a096-646ca617bb92 8cc942be91ec44618dbd84a6897c4be1 9dadd51c8d7146d6a3a825d82c01b021 - - default default] 10.0.0.43 "GET /v2.0/ports?tenant_id=9dadd51c8d7146d6a3a825d82c01b021&fields=id HTTP/1.1" status: 200 len: 486 time: 0.1431377
2026-02-26 04:18:03.484 10 INFO neutron.api.wsgi [req-ac6418d3-2496-4df6-a449-d3754e2dec37 req-df84e6d0-0187-4bd3-ba24-9531a49de5b1 ed81b0baa6dc41ecab55bde9293e1c65 0997eb8867154e38ac002d84ce07617f - - eac6e0f04e8d43b8b30ebcfee323c3e3 eac6e0f04e8d43b8b30ebcfee323c3e3] 10.0.0.43 "GET /v2.0/networks/493e7efb-3ac5-425a-ae35-9b914fa9482b?fields=segments HTTP/1.1" status: 200 len: 212 time: 0.0462236
2026-02-26 04:18:03.535 10 INFO neutron.api.wsgi [req-ac6418d3-2496-4df6-a449-d3754e2dec37 req-5a182324-9b5e-4d29-af1d-fd8120d169ed ed81b0baa6dc41ecab55bde9293e1c65 0997eb8867154e38ac002d84ce07617f - - eac6e0f04e8d43b8b30ebcfee323c3e3 eac6e0f04e8d43b8b30ebcfee323c3e3] 10.0.0.43 "GET /v2.0/networks/493e7efb-3ac5-425a-ae35-9b914fa9482b?fields=provider%3Aphysical_network&fields=provider%3Anetwork_type HTTP/1.1" status: 200 len: 277 time: 0.0442870
2026-02-26 04:18:03.669 9 INFO neutron.api.wsgi [req-7660e91d-13a5-422d-9287-4d99414ac495 req-29fc2e4d-096e-4639-b6f9-a23cff0aa93a 8cc942be91ec44618dbd84a6897c4be1 9dadd51c8d7146d6a3a825d82c01b021 - - default default] 10.0.0.43 "GET /v2.0/ports?device_id=a840cb4e-8e77-4eb1-85f1-49106d1a3bfa HTTP/1.1" status: 200 len: 210 time: 0.0234594
2026-02-26 04:18:03.719 9 INFO neutron.api.wsgi [-] 10.0.0.95 "GET / HTTP/1.1" status: 200 len: 247 time: 0.0023942
2026-02-26 04:18:03.719 10 INFO neutron.api.wsgi [-] 10.0.0.95 "GET / HTTP/1.1" status: 200 len: 247 time: 0.0025115
2026-02-26 04:18:04.339 10 WARNING neutron.plugins.ml2.drivers.ovn.mech_driver.ovsdb.ovn_client [None req-56b17bc8-5537-44b9-bd03-3731d53f210d - - - - - -] No hosting information found for port 5b951f14-a5a2-4991-b05f-1037a1317e9b: RuntimeError: No hosting information found for port 5b951f14-a5a2-4991-b05f-1037a1317e9b
2026-02-26 04:18:04.416 10 INFO neutron.api.wsgi [req-d41e8267-27b9-4525-96e7-40e3e88d5b9e req-37fce1b2-7fd2-4a35-acec-e68830f477b7 782117815c564ad88bc61ce60df47e37 eeec19e84175472581a1659248fdbc08 - - default default] 10.0.0.43 "GET /v2.0/ports?device_id=0877a54e-1342-4d7f-806d-0a8721c27404 HTTP/1.1" status: 200 len: 1174 time: 0.0384097
2026-02-26 04:18:04.425 10 INFO neutron.db.ovn_revision_numbers_db [None req-56b17bc8-5537-44b9-bd03-3731d53f210d - - - - - -] Successfully bumped revision number for resource 5b951f14-a5a2-4991-b05f-1037a1317e9b (type: router_ports) to 2
2026-02-26 04:18:04.425 10 INFO neutron.plugins.ml2.drivers.ovn.mech_driver.mech_driver [None req-56b17bc8-5537-44b9-bd03-3731d53f210d - - - - - -] OVN reports status up for port: 9ffcf0cb-27ea-45ec-a37e-1de9c29454a8
2026-02-26 04:18:04.433 10 INFO neutron.plugins.ml2.plugin [None req-56b17bc8-5537-44b9-bd03-3731d53f210d - - - - - -] Attempt 1 to provision port 9ffcf0cb-27ea-45ec-a37e-1de9c29454a8
2026-02-26 04:18:04.450 10 INFO neutron.api.wsgi [req-d41e8267-27b9-4525-96e7-40e3e88d5b9e req-e50764b3-6418-4810-9633-36650671d00e 782117815c564ad88bc61ce60df47e37 eeec19e84175472581a1659248fdbc08 - - default default] 10.0.0.43 "GET /v2.0/security-groups?id=3170ce32-36ea-44a4-89e6-b2f18f60997d&fields=id&fields=name HTTP/1.1" status: 200 len: 313 time: 0.0297389
2026-02-26 04:18:04.570 9 INFO neutron.api.wsgi [req-786513ed-c5fc-4643-8606-0207c53945df req-44aca813-d2cf-4e88-85eb-06f2c952f2a3 782117815c564ad88bc61ce60df47e37 eeec19e84175472581a1659248fdbc08 - - default default] 10.0.0.43 "GET /v2.0/ports?device_id=0877a54e-1342-4d7f-806d-0a8721c27404 HTTP/1.1" status: 200 len: 1174 time: 0.0616186
2026-02-26 04:18:04.601 9 INFO neutron.api.wsgi [req-786513ed-c5fc-4643-8606-0207c53945df req-4260fa2b-bc0b-4049-8406-3de3fdbb7b92 782117815c564ad88bc61ce60df47e37 eeec19e84175472581a1659248fdbc08 - - default default] 10.0.0.43 "GET /v2.0/security-groups?id=3170ce32-36ea-44a4-89e6-b2f18f60997d&fields=id&fields=name HTTP/1.1" status: 200 len: 313 time: 0.0280838
2026-02-26 04:18:04.654 10 INFO neutron.api.wsgi [None req-60aee084-1e3f-4689-8309-c458aa87064d c9b797f4e3d44668ad47a21e0a154748 cebc087405c8457f883c7189b4f63a33 - - default default] 10.0.0.64 "GET /v2.0/ports?device_id=0877a54e-1342-4d7f-806d-0a8721c27404 HTTP/1.1" status: 200 len: 1408 time: 0.0318768
2026-02-26 04:18:04.791 10 INFO neutron.db.ovn_revision_numbers_db [None req-56b17bc8-5537-44b9-bd03-3731d53f210d - - - - - -] Successfully bumped revision number for resource 9ffcf0cb-27ea-45ec-a37e-1de9c29454a8 (type: ports) to 2
2026-02-26 04:18:05.121 9 INFO neutron.db.ovn_revision_numbers_db [None req-74af20ae-2820-46f2-9ef2-76139faa295f 782117815c564ad88bc61ce60df47e37 eeec19e84175472581a1659248fdbc08 - - default default] Successfully bumped revision number for resource 2053c6ed-3769-4460-a1a8-89ffca36a14f (type: floatingips) to 4
2026-02-26 04:18:05.138 9 INFO neutron.notifiers.nova [-] Nova event matching ['req-d8f1584f-3a34-4ad7-b670-305b874b2087'] response: {'server_uuid': '0877a54e-1342-4d7f-806d-0a8721c27404', 'name': 'network-vif-plugged', 'status': 'completed', 'tag': '7cd7f4d0-1d0c-4e2c-8dab-5402698d767e', 'code': 200}
2026-02-26 04:18:05.225 9 INFO neutron.db.ovn_revision_numbers_db [None req-74af20ae-2820-46f2-9ef2-76139faa295f 782117815c564ad88bc61ce60df47e37 eeec19e84175472581a1659248fdbc08 - - default default] Successfully bumped revision number for resource 2053c6ed-3769-4460-a1a8-89ffca36a14f (type: floatingips) to 5
2026-02-26 04:18:05.226 9 INFO neutron.db.l3_db [None req-74af20ae-2820-46f2-9ef2-76139faa295f 782117815c564ad88bc61ce60df47e37 eeec19e84175472581a1659248fdbc08 - - default default] Floating IP 2053c6ed-3769-4460-a1a8-89ffca36a14f associated. External IP: 10.96.250.216, port: 7cd7f4d0-1d0c-4e2c-8dab-5402698d767e.
2026-02-26 04:18:05.252 9 INFO neutron.api.wsgi [None req-74af20ae-2820-46f2-9ef2-76139faa295f 782117815c564ad88bc61ce60df47e37 eeec19e84175472581a1659248fdbc08 - - default default] 10.0.0.64 "PUT /v2.0/floatingips/2053c6ed-3769-4460-a1a8-89ffca36a14f HTTP/1.1" status: 200 len: 1050 time: 0.5888660 /var/lib/openstack/lib/python3.12/site-packages/pycadf/identifier.py:71: UserWarning: Invalid uuid: neutron. To ensure interoperability, identifiers should be a valid uuid. warnings.warn(('Invalid uuid: %s. To ensure interoperability, '
2026-02-26 04:18:05.287 9 INFO neutron.api.wsgi [None req-6ae6dbcc-b73a-401a-ae9c-71054df676d6 782117815c564ad88bc61ce60df47e37 eeec19e84175472581a1659248fdbc08 - - default default] 10.0.0.64 "GET /v2.0/floatingips/2053c6ed-3769-4460-a1a8-89ffca36a14f HTTP/1.1" status: 200 len: 1052 time: 0.0286615
2026-02-26 04:18:07.170 9 INFO neutron.notifiers.nova [-] Nova event matching ['req-208bedf4-d700-4f09-b883-73aff66da84d'] response: {'name': 'network-changed', 'server_uuid': '0877a54e-1342-4d7f-806d-0a8721c27404', 'tag': '7cd7f4d0-1d0c-4e2c-8dab-5402698d767e', 'status': 'completed', 'code': 200}
2026-02-26 04:18:07.717 9 INFO neutron.api.wsgi [req-0f9967d6-26b5-48fa-96a9-5fcdf5ffa33b req-073a96b2-2dba-4329-9184-c29de0c8691c ed81b0baa6dc41ecab55bde9293e1c65 0997eb8867154e38ac002d84ce07617f - - eac6e0f04e8d43b8b30ebcfee323c3e3 eac6e0f04e8d43b8b30ebcfee323c3e3] 162.253.55.43 "GET /v2.0/ports?tenant_id=eeec19e84175472581a1659248fdbc08&device_id=0877a54e-1342-4d7f-806d-0a8721c27404 HTTP/1.1" status: 200 len: 1413 time: 0.0363898
2026-02-26 04:18:07.761 9 INFO neutron.api.wsgi [req-0f9967d6-26b5-48fa-96a9-5fcdf5ffa33b req-e61542f4-62a7-4d3f-a523-cbde6b86ef5a ed81b0baa6dc41ecab55bde9293e1c65 0997eb8867154e38ac002d84ce07617f - - eac6e0f04e8d43b8b30ebcfee323c3e3 eac6e0f04e8d43b8b30ebcfee323c3e3] 162.253.55.43 "GET /v2.0/networks?id=63771f97-abce-4d87-8e03-f62fa959c4df HTTP/1.1" status: 200 len: 959 time: 0.0386271
2026-02-26 04:18:07.798 9 INFO neutron.api.wsgi [req-0f9967d6-26b5-48fa-96a9-5fcdf5ffa33b req-b625a573-2a61-4dbe-bc31-82624fe86437 ed81b0baa6dc41ecab55bde9293e1c65 0997eb8867154e38ac002d84ce07617f - - eac6e0f04e8d43b8b30ebcfee323c3e3 eac6e0f04e8d43b8b30ebcfee323c3e3] 162.253.55.43 "GET /v2.0/floatingips?fixed_ip_address=10.100.0.10&port_id=7cd7f4d0-1d0c-4e2c-8dab-5402698d767e HTTP/1.1" status: 200 len: 1060 time: 0.0318685
2026-02-26 04:18:07.825 9 INFO neutron.api.wsgi [req-0f9967d6-26b5-48fa-96a9-5fcdf5ffa33b req-ad686289-5370-43fe-bdee-b1db64650464 ed81b0baa6dc41ecab55bde9293e1c65 0997eb8867154e38ac002d84ce07617f - - eac6e0f04e8d43b8b30ebcfee323c3e3 eac6e0f04e8d43b8b30ebcfee323c3e3] 162.253.55.43 "GET /v2.0/subnets?id=f835c171-19ac-4df5-a920-4dca7497f70d HTTP/1.1" status: 200 len: 876 time: 0.0212266
2026-02-26 04:18:07.845 9 INFO neutron.api.wsgi [req-0f9967d6-26b5-48fa-96a9-5fcdf5ffa33b req-e68502b5-b1e4-40e2-9ba0-99caa1ecf010 ed81b0baa6dc41ecab55bde9293e1c65 0997eb8867154e38ac002d84ce07617f - - eac6e0f04e8d43b8b30ebcfee323c3e3 eac6e0f04e8d43b8b30ebcfee323c3e3] 162.253.55.43 "GET /v2.0/ports?network_id=63771f97-abce-4d87-8e03-f62fa959c4df&device_owner=network%3Adhcp HTTP/1.1" status: 200 len: 210 time: 0.0142334
2026-02-26 04:18:07.887 9 INFO neutron.api.wsgi [req-0f9967d6-26b5-48fa-96a9-5fcdf5ffa33b req-26b3db47-4f76-4cb6-af8a-ac8981cbb842 ed81b0baa6dc41ecab55bde9293e1c65 0997eb8867154e38ac002d84ce07617f - - eac6e0f04e8d43b8b30ebcfee323c3e3 eac6e0f04e8d43b8b30ebcfee323c3e3] 162.253.55.43 "GET /v2.0/networks/63771f97-abce-4d87-8e03-f62fa959c4df?fields=segments HTTP/1.1" status: 200 len: 212 time: 0.0374954
2026-02-26 04:18:07.931 9 INFO neutron.api.wsgi [req-0f9967d6-26b5-48fa-96a9-5fcdf5ffa33b req-f0bf0203-2455-4fc5-95c8-68b59b6788b7 ed81b0baa6dc41ecab55bde9293e1c65 0997eb8867154e38ac002d84ce07617f - - eac6e0f04e8d43b8b30ebcfee323c3e3 eac6e0f04e8d43b8b30ebcfee323c3e3] 162.253.55.43 "GET /v2.0/networks/63771f97-abce-4d87-8e03-f62fa959c4df?fields=provider%3Aphysical_network&fields=provider%3Anetwork_type HTTP/1.1" status: 200 len: 277 time: 0.0375750
2026-02-26 04:18:07.981 9 INFO neutron.api.wsgi [req-ac6418d3-2496-4df6-a449-d3754e2dec37 req-1489373d-946f-4fd3-bce5-aa2d4aac6018 8cc942be91ec44618dbd84a6897c4be1 9dadd51c8d7146d6a3a825d82c01b021 - - default default] 162.253.55.43 "GET /v2.0/networks?id=493e7efb-3ac5-425a-ae35-9b914fa9482b HTTP/1.1" status: 200 len: 903 time: 0.0401909
2026-02-26 04:18:08.017 9 INFO neutron.api.wsgi [req-ac6418d3-2496-4df6-a449-d3754e2dec37 req-b1b75ec5-a3ee-46c2-b5ce-854f0d65c9ed 8cc942be91ec44618dbd84a6897c4be1 9dadd51c8d7146d6a3a825d82c01b021 - - default default] 162.253.55.43 "GET /v2.0/security-groups?fields=id&fields=name&tenant_id=9dadd51c8d7146d6a3a825d82c01b021 HTTP/1.1" status: 200 len: 377 time: 0.0333421
2026-02-26 04:18:08.022 9 WARNING neutron_lib.context [req-ac6418d3-2496-4df6-a449-d3754e2dec37 req-5a9f1255-3d5b-4a60-9cfb-6c6e361138ab 8cc942be91ec44618dbd84a6897c4be1 9dadd51c8d7146d6a3a825d82c01b021 - - default default] Method 'is_advsvc' is deprecated since 2023.2 release (neutron-lib 3.8.0) and will be removed once support for the old RBAC API policies will be removed from Neutron. Please use method 'is_service_role' instead.
2026-02-26 04:18:08.304 9 WARNING neutron.scheduler.dhcp_agent_scheduler [req-ac6418d3-2496-4df6-a449-d3754e2dec37 req-5a9f1255-3d5b-4a60-9cfb-6c6e361138ab 8cc942be91ec44618dbd84a6897c4be1 9dadd51c8d7146d6a3a825d82c01b021 - - default default] No more DHCP agents
2026-02-26 04:18:08.305 9 WARNING neutron.api.rpc.agentnotifiers.dhcp_rpc_agent_api [req-ac6418d3-2496-4df6-a449-d3754e2dec37 req-5a9f1255-3d5b-4a60-9cfb-6c6e361138ab 8cc942be91ec44618dbd84a6897c4be1 9dadd51c8d7146d6a3a825d82c01b021 - - default default] Unable to schedule network 493e7efb-3ac5-425a-ae35-9b914fa9482b: no agents available; will retry on subsequent port and subnet creation events.
2026-02-26 04:18:08.433 9 INFO neutron.db.ovn_revision_numbers_db [req-ac6418d3-2496-4df6-a449-d3754e2dec37 req-5a9f1255-3d5b-4a60-9cfb-6c6e361138ab 8cc942be91ec44618dbd84a6897c4be1 9dadd51c8d7146d6a3a825d82c01b021 - - default default] Successfully bumped revision number for resource 7808b050-f5c7-452d-91b5-ac4c8527bbce (type: ports) to 1
2026-02-26 04:18:08.454 9 INFO neutron.api.wsgi [req-ac6418d3-2496-4df6-a449-d3754e2dec37 req-5a9f1255-3d5b-4a60-9cfb-6c6e361138ab 8cc942be91ec44618dbd84a6897c4be1 9dadd51c8d7146d6a3a825d82c01b021 - - default default] 162.253.55.43 "POST /v2.0/ports HTTP/1.1" status: 201 len: 1384 time: 0.4357457 /var/lib/openstack/lib/python3.12/site-packages/pycadf/identifier.py:71: UserWarning: Invalid uuid: neutron. To ensure interoperability, identifiers should be a valid uuid. warnings.warn(('Invalid uuid: %s. To ensure interoperability, '
2026-02-26 04:18:08.808 10 INFO neutron.api.wsgi [req-b94b7e2b-ea41-4b44-a1b6-b69d06942555 req-937184ba-ee76-4f2d-bc00-0f4c8dd2fc23 8cc942be91ec44618dbd84a6897c4be1 9dadd51c8d7146d6a3a825d82c01b021 - - default default] 10.0.0.43 "GET /v2.0/ports?device_id=a840cb4e-8e77-4eb1-85f1-49106d1a3bfa HTTP/1.1" status: 200 len: 1394 time: 0.0802629
2026-02-26 04:18:08.815 9 INFO neutron.db.ovn_revision_numbers_db [req-ac6418d3-2496-4df6-a449-d3754e2dec37 req-13da6816-eb48-4126-8b34-eade40693018 ed81b0baa6dc41ecab55bde9293e1c65 0997eb8867154e38ac002d84ce07617f - - eac6e0f04e8d43b8b30ebcfee323c3e3 eac6e0f04e8d43b8b30ebcfee323c3e3] Successfully bumped revision number for resource 7808b050-f5c7-452d-91b5-ac4c8527bbce (type: ports) to 2
2026-02-26 04:18:08.852 10 INFO neutron.api.wsgi [req-b94b7e2b-ea41-4b44-a1b6-b69d06942555 req-b1b3e241-09fc-41ae-af24-96c34fc0301e 8cc942be91ec44618dbd84a6897c4be1 9dadd51c8d7146d6a3a825d82c01b021 - - default default] 10.0.0.43 "GET /v2.0/security-groups?id=34f6bb25-361e-465e-8879-a2e452fa408c&fields=id&fields=name HTTP/1.1" status: 200 len: 310 time: 0.0354834
2026-02-26 04:18:09.028 9 INFO neutron.db.ovn_revision_numbers_db [req-ac6418d3-2496-4df6-a449-d3754e2dec37 req-13da6816-eb48-4126-8b34-eade40693018 ed81b0baa6dc41ecab55bde9293e1c65 0997eb8867154e38ac002d84ce07617f - - eac6e0f04e8d43b8b30ebcfee323c3e3 eac6e0f04e8d43b8b30ebcfee323c3e3] Successfully bumped revision number for resource 7808b050-f5c7-452d-91b5-ac4c8527bbce (type: ports) to 4
2026-02-26 04:18:09.041 9 INFO neutron.api.wsgi [req-ac6418d3-2496-4df6-a449-d3754e2dec37 req-13da6816-eb48-4126-8b34-eade40693018 ed81b0baa6dc41ecab55bde9293e1c65 0997eb8867154e38ac002d84ce07617f - - eac6e0f04e8d43b8b30ebcfee323c3e3 eac6e0f04e8d43b8b30ebcfee323c3e3] 162.253.55.43 "PUT /v2.0/ports/7808b050-f5c7-452d-91b5-ac4c8527bbce HTTP/1.1" status: 200 len: 1629 time: 0.5822022
2026-02-26 04:18:09.154 10 WARNING neutron.plugins.ml2.drivers.ovn.mech_driver.ovsdb.ovn_client [None req-860b6de8-4860-4de8-bd83-7a707c0e2f1a - - - - - -] No hosting information found for port 9ffcf0cb-27ea-45ec-a37e-1de9c29454a8: RuntimeError: No hosting information found for port 9ffcf0cb-27ea-45ec-a37e-1de9c29454a8
2026-02-26 04:18:09.216 9 INFO neutron.notifiers.nova [-] Nova event matching ['req-01d367b5-4416-4b80-9504-01e22308cadd'] response: {'name': 'network-changed', 'server_uuid': 'a840cb4e-8e77-4eb1-85f1-49106d1a3bfa', 'tag': '7808b050-f5c7-452d-91b5-ac4c8527bbce', 'status': 'completed', 'code': 200}
2026-02-26 04:18:09.248 10 INFO neutron.db.ovn_revision_numbers_db [None req-860b6de8-4860-4de8-bd83-7a707c0e2f1a - - - - - -] Successfully bumped revision number for resource 9ffcf0cb-27ea-45ec-a37e-1de9c29454a8 (type: router_ports) to 2 /var/lib/openstack/lib/python3.12/site-packages/pycadf/identifier.py:71: UserWarning: Invalid uuid: neutron. To ensure interoperability, identifiers should be a valid uuid. warnings.warn(('Invalid uuid: %s. To ensure interoperability, '
2026-02-26 04:18:09.764 9 INFO neutron.api.wsgi [req-9d911ad2-5fbf-4111-aa13-58db5e993f1d req-25dbfc4e-6942-41ae-9329-de92e94de57a ed81b0baa6dc41ecab55bde9293e1c65 0997eb8867154e38ac002d84ce07617f - - eac6e0f04e8d43b8b30ebcfee323c3e3 eac6e0f04e8d43b8b30ebcfee323c3e3] 162.253.55.43 "GET /v2.0/ports?tenant_id=9dadd51c8d7146d6a3a825d82c01b021&device_id=a840cb4e-8e77-4eb1-85f1-49106d1a3bfa HTTP/1.1" status: 200 len: 1632 time: 0.0328481
2026-02-26 04:18:09.822 9 INFO neutron.api.wsgi [req-9d911ad2-5fbf-4111-aa13-58db5e993f1d req-cebca549-598c-429d-89e3-99b551f2f9b2 ed81b0baa6dc41ecab55bde9293e1c65 0997eb8867154e38ac002d84ce07617f - - eac6e0f04e8d43b8b30ebcfee323c3e3 eac6e0f04e8d43b8b30ebcfee323c3e3] 162.253.55.43 "GET /v2.0/networks?tenant_id=9dadd51c8d7146d6a3a825d82c01b021&shared=False HTTP/1.1" status: 200 len: 2582 time: 0.0530810
2026-02-26 04:18:09.873 9 INFO neutron.api.wsgi [req-9d911ad2-5fbf-4111-aa13-58db5e993f1d req-7f20e801-34cc-401f-bcbd-383e45b2b2b2 ed81b0baa6dc41ecab55bde9293e1c65 0997eb8867154e38ac002d84ce07617f - - eac6e0f04e8d43b8b30ebcfee323c3e3 eac6e0f04e8d43b8b30ebcfee323c3e3] 162.253.55.43 "GET /v2.0/networks?shared=True HTTP/1.1" status: 200 len: 952 time: 0.0461779
2026-02-26 04:18:10.916 9 INFO neutron.api.wsgi [req-ac6418d3-2496-4df6-a449-d3754e2dec37 req-60b8257d-5e11-4ee8-96be-a4b91de23828 ed81b0baa6dc41ecab55bde9293e1c65 0997eb8867154e38ac002d84ce07617f - - eac6e0f04e8d43b8b30ebcfee323c3e3 eac6e0f04e8d43b8b30ebcfee323c3e3] 162.253.55.43 "GET /v2.0/ports?tenant_id=9dadd51c8d7146d6a3a825d82c01b021&device_id=a840cb4e-8e77-4eb1-85f1-49106d1a3bfa HTTP/1.1" status: 200 len: 1632 time: 0.0291440
2026-02-26 04:18:10.933 9 INFO neutron.api.wsgi [req-ac6418d3-2496-4df6-a449-d3754e2dec37 req-682eeae1-b369-46d6-bc47-2a321dff9ca5 ed81b0baa6dc41ecab55bde9293e1c65 0997eb8867154e38ac002d84ce07617f - - eac6e0f04e8d43b8b30ebcfee323c3e3 eac6e0f04e8d43b8b30ebcfee323c3e3] 162.253.55.43 "GET /v2.0/floatingips?fixed_ip_address=10.2.1.39&port_id=7808b050-f5c7-452d-91b5-ac4c8527bbce HTTP/1.1" status: 200 len: 217 time: 0.0113430
2026-02-26 04:18:10.950 9 INFO neutron.api.wsgi [req-ac6418d3-2496-4df6-a449-d3754e2dec37 req-fcfef083-0e19-49d3-bfb0-431f0a1b57a3 ed81b0baa6dc41ecab55bde9293e1c65 0997eb8867154e38ac002d84ce07617f - - eac6e0f04e8d43b8b30ebcfee323c3e3 eac6e0f04e8d43b8b30ebcfee323c3e3] 162.253.55.43 "GET /v2.0/floatingips?fixed_ip_address=fd7b%3Af9f7%3Afff%3A4eca%3A%3A366&port_id=7808b050-f5c7-452d-91b5-ac4c8527bbce HTTP/1.1" status: 200 len: 217 time: 0.0109098
2026-02-26 04:18:10.974 9 INFO neutron.api.wsgi [req-ac6418d3-2496-4df6-a449-d3754e2dec37 req-42796eb7-68b8-4e3f-9dbb-a4a1d01cc111 ed81b0baa6dc41ecab55bde9293e1c65 0997eb8867154e38ac002d84ce07617f - - eac6e0f04e8d43b8b30ebcfee323c3e3 eac6e0f04e8d43b8b30ebcfee323c3e3] 162.253.55.43 "GET /v2.0/subnets?id=8724267a-7be3-4122-bbb9-3d86c66d99cf&id=b9c25157-97b1-483c-96b5-dce70ecc1794 HTTP/1.1" status: 200 len: 1610 time: 0.0189939
2026-02-26 04:18:10.992 9 INFO neutron.api.wsgi [req-ac6418d3-2496-4df6-a449-d3754e2dec37 req-aa09d8e0-34fb-4491-9e6a-0e9090b7d820 ed81b0baa6dc41ecab55bde9293e1c65 0997eb8867154e38ac002d84ce07617f - - eac6e0f04e8d43b8b30ebcfee323c3e3 eac6e0f04e8d43b8b30ebcfee323c3e3] 162.253.55.43 "GET /v2.0/ports?network_id=493e7efb-3ac5-425a-ae35-9b914fa9482b&device_owner=network%3Adhcp HTTP/1.1" status: 200 len: 210 time: 0.0120564
2026-02-26 04:18:11.010 9 INFO neutron.api.wsgi [req-ac6418d3-2496-4df6-a449-d3754e2dec37 req-f6501fb5-3250-4220-bb1d-1ea4cac4f0c4 ed81b0baa6dc41ecab55bde9293e1c65 0997eb8867154e38ac002d84ce07617f - - eac6e0f04e8d43b8b30ebcfee323c3e3 eac6e0f04e8d43b8b30ebcfee323c3e3] 162.253.55.43 "GET /v2.0/ports?network_id=493e7efb-3ac5-425a-ae35-9b914fa9482b&device_owner=network%3Adhcp HTTP/1.1" status: 200 len: 210 time: 0.0128586
2026-02-26 04:18:11.046 9 INFO neutron.api.wsgi [req-ac6418d3-2496-4df6-a449-d3754e2dec37 req-c2f4b3a8-3c60-4b8b-b3d2-40f47482bc40 ed81b0baa6dc41ecab55bde9293e1c65 0997eb8867154e38ac002d84ce07617f - - eac6e0f04e8d43b8b30ebcfee323c3e3 eac6e0f04e8d43b8b30ebcfee323c3e3] 162.253.55.43 "GET /v2.0/networks/493e7efb-3ac5-425a-ae35-9b914fa9482b?fields=segments HTTP/1.1" status: 200 len: 212 time: 0.0308495
2026-02-26 04:18:11.095 9 INFO neutron.api.wsgi [req-ac6418d3-2496-4df6-a449-d3754e2dec37 req-f58cb9cd-2c98-4a78-a31e-73034823bad3 ed81b0baa6dc41ecab55bde9293e1c65 0997eb8867154e38ac002d84ce07617f - - eac6e0f04e8d43b8b30ebcfee323c3e3 eac6e0f04e8d43b8b30ebcfee323c3e3] 162.253.55.43 "GET /v2.0/networks/493e7efb-3ac5-425a-ae35-9b914fa9482b?fields=provider%3Aphysical_network&fields=provider%3Anetwork_type HTTP/1.1" status: 200 len: 277 time: 0.0436101
2026-02-26 04:18:13.311 9 INFO neutron.plugins.ml2.drivers.ovn.mech_driver.mech_driver [None req-eabaf226-241b-4344-8725-86884301d90a - - - - - -] OVN reports status up for port: 7808b050-f5c7-452d-91b5-ac4c8527bbce
2026-02-26 04:18:13.322 9 INFO neutron.plugins.ml2.plugin [None req-eabaf226-241b-4344-8725-86884301d90a - - - - - -] Attempt 1 to provision port 7808b050-f5c7-452d-91b5-ac4c8527bbce
2026-02-26 04:18:13.431 9 INFO neutron.notifiers.nova [-] Nova event matching ['req-4b11b4b7-b513-40ad-8af5-85f57ae84b59'] response: {'server_uuid': 'a840cb4e-8e77-4eb1-85f1-49106d1a3bfa', 'name': 'network-vif-plugged', 'status': 'completed', 'tag': '7808b050-f5c7-452d-91b5-ac4c8527bbce', 'code': 200}
2026-02-26 04:18:13.525 9 INFO neutron.db.ovn_revision_numbers_db [None req-eabaf226-241b-4344-8725-86884301d90a - - - - - -] Successfully bumped revision number for resource 7808b050-f5c7-452d-91b5-ac4c8527bbce (type: ports) to 5
2026-02-26 04:18:14.004 10 INFO neutron.api.wsgi [req-5db5b549-be08-4d7a-b55f-74da6f3d8b6d req-57d7e929-d15e-4d5f-a2b5-6f8bf123cd70 8cc942be91ec44618dbd84a6897c4be1 9dadd51c8d7146d6a3a825d82c01b021 - - default default] 10.0.0.43 "GET /v2.0/ports?device_id=a840cb4e-8e77-4eb1-85f1-49106d1a3bfa HTTP/1.1" status: 200 len: 1396 time: 0.0910726
2026-02-26 04:18:14.050 10 INFO neutron.api.wsgi [req-5db5b549-be08-4d7a-b55f-74da6f3d8b6d req-0b584d53-9e31-4352-9f4e-2735227e9bf6 8cc942be91ec44618dbd84a6897c4be1 9dadd51c8d7146d6a3a825d82c01b021 - - default default] 10.0.0.43 "GET /v2.0/security-groups?id=34f6bb25-361e-465e-8879-a2e452fa408c&fields=id&fields=name HTTP/1.1" status: 200 len: 310 time: 0.0403900 /var/lib/openstack/lib/python3.12/site-packages/pycadf/identifier.py:71: UserWarning: Invalid uuid: neutron. To ensure interoperability, identifiers should be a valid uuid. warnings.warn(('Invalid uuid: %s. To ensure interoperability, '
2026-02-26 04:18:15.236 10 INFO neutron.api.wsgi [req-789a7c45-9b93-4765-8d9b-f4a41edc063e req-0c469aa0-3fa2-4666-9d63-317bfdf46b06 ed81b0baa6dc41ecab55bde9293e1c65 0997eb8867154e38ac002d84ce07617f - - eac6e0f04e8d43b8b30ebcfee323c3e3 eac6e0f04e8d43b8b30ebcfee323c3e3] 10.0.0.188 "GET /v2.0/ports?device_id=0877a54e-1342-4d7f-806d-0a8721c27404 HTTP/1.1" status: 200 len: 1413 time: 0.0409009
2026-02-26 04:18:15.264 9 INFO neutron.api.wsgi [None req-7e4b7a39-5922-421b-b8f0-5554b4fc244a e8c829ecf86546d9959658d74a1c61dd 75112619e90547f0a1d9cb77802a2d29 - - default default] 10.0.0.170 "GET /v2.0/routers HTTP/1.1" status: 200 len: 2103 time: 0.1411140
2026-02-26 04:18:15.283 9 INFO neutron.api.wsgi [None req-21769113-457a-48d7-acfe-9a580a606a76 e8c829ecf86546d9959658d74a1c61dd 75112619e90547f0a1d9cb77802a2d29 - - default default] 10.0.0.170 "GET /v2.0/agents?binary=ovn-controller HTTP/1.1" status: 200 len: 591 time: 0.0182409
2026-02-26 04:18:15.284 10 INFO neutron.api.wsgi [req-789a7c45-9b93-4765-8d9b-f4a41edc063e req-eb2a0ac1-1d64-4eb4-b324-54ecbf5ee9ae ed81b0baa6dc41ecab55bde9293e1c65 0997eb8867154e38ac002d84ce07617f - - eac6e0f04e8d43b8b30ebcfee323c3e3 eac6e0f04e8d43b8b30ebcfee323c3e3] 10.0.0.188 "GET /v2.0/security-groups?id=3170ce32-36ea-44a4-89e6-b2f18f60997d&fields=id&fields=name HTTP/1.1" status: 200 len: 313 time: 0.0437796
2026-02-26 04:18:15.293 9 INFO neutron.api.wsgi [None req-d94f53f7-b5f8-4774-a4b3-ed087b0463e0 e8c829ecf86546d9959658d74a1c61dd 75112619e90547f0a1d9cb77802a2d29 - - default default] 10.0.0.170 "GET /v2.0/agents HTTP/1.1" status: 200 len: 1390 time: 0.0097070
2026-02-26 04:18:15.371 9 INFO neutron.api.wsgi [None req-35c6d15c-ca01-4836-bf20-804f6989a298 e8c829ecf86546d9959658d74a1c61dd 75112619e90547f0a1d9cb77802a2d29 - - default default] 10.0.0.170 "GET /v2.0/ports HTTP/1.1" status: 200 len: 20783 time: 0.0770271
2026-02-26 04:18:15.423 9 INFO neutron.api.wsgi [None req-387587d1-b5e9-4cec-b225-7e9b7aec7398 e8c829ecf86546d9959658d74a1c61dd 75112619e90547f0a1d9cb77802a2d29 - - default default] 10.0.0.170 "GET /v2.0/subnets HTTP/1.1" status: 200 len: 6350 time: 0.0391395
2026-02-26 04:18:15.462 9 INFO neutron.api.wsgi [None req-09dc178c-54bd-4144-9466-94562cfa01c0 e8c829ecf86546d9959658d74a1c61dd 75112619e90547f0a1d9cb77802a2d29 - - default default] 10.0.0.170 "GET /v2.0/subnets HTTP/1.1" status: 200 len: 6350 time: 0.0377347
2026-02-26 04:18:15.463 9 INFO neutron.notifiers.nova [-] Nova event matching ['req-48d1bf50-1f23-4a13-8e11-6681298cf9ab'] response: {'server_uuid': 'a840cb4e-8e77-4eb1-85f1-49106d1a3bfa', 'name': 'network-vif-plugged', 'status': 'completed', 'tag': '7808b050-f5c7-452d-91b5-ac4c8527bbce', 'code': 200}
2026-02-26 04:18:15.469 9 INFO neutron.api.wsgi [None req-e7a49140-e5ea-424e-a557-f27aabe78b41 e8c829ecf86546d9959658d74a1c61dd 75112619e90547f0a1d9cb77802a2d29 - - default default] 10.0.0.170 "GET /v2.0/subnetpools HTTP/1.1" status: 200 len: 193 time: 0.0055070
2026-02-26 04:18:15.512 9 INFO neutron.api.wsgi [None req-e306c249-7c50-4d1b-99f1-29b4c44ad672 e8c829ecf86546d9959658d74a1c61dd 75112619e90547f0a1d9cb77802a2d29 - - default default] 10.0.0.170 "GET /v2.0/floatingips HTTP/1.1" status: 200 len: 1036 time: 0.0424316
2026-02-26 04:18:15.567 9 INFO neutron.api.wsgi [None req-b793ab44-725e-4d02-99a8-d0a76919c9e2 e8c829ecf86546d9959658d74a1c61dd 75112619e90547f0a1d9cb77802a2d29 - - default default] 10.0.0.170 "GET /v2.0/networks HTTP/1.1" status: 200 len: 5464 time: 0.0535600
2026-02-26 04:18:15.612 9 INFO neutron.api.wsgi [None req-d85a0e56-fe68-4b96-a9d3-fa4e5035d678 e8c829ecf86546d9959658d74a1c61dd 75112619e90547f0a1d9cb77802a2d29 - - default default] 10.0.0.170 "GET /v2.0/security-groups HTTP/1.1" status: 200 len: 42402 time: 0.0426307
2026-02-26 04:18:15.647 9 INFO neutron.api.wsgi [None req-9f1b640b-d0a2-4ae3-bda9-f36d2db9a962 e8c829ecf86546d9959658d74a1c61dd 75112619e90547f0a1d9cb77802a2d29 - - default default] 10.0.0.170 "GET /v2.0/network-ip-availabilities HTTP/1.1" status: 200 len: 3806 time: 0.0223048
2026-02-26 04:18:15.739 9 INFO neutron.api.wsgi [req-717064c2-ffd5-431c-b555-dae39b110b57 req-d52a9cba-fdc8-4672-af61-398527a77d2c e8c829ecf86546d9959658d74a1c61dd 75112619e90547f0a1d9cb77802a2d29 - - default default] 10.0.0.43 "GET /v2.0/ports?device_id=a840cb4e-8e77-4eb1-85f1-49106d1a3bfa&device_id=0877a54e-1342-4d7f-806d-0a8721c27404&device_id=a8ee4fb4-dcc0-45c2-97d7-03bfaeb69696 HTTP/1.1" status: 200 len: 4034 time: 0.0632317
2026-02-26 04:18:15.782 9 INFO neutron.api.wsgi [req-717064c2-ffd5-431c-b555-dae39b110b57 req-c21a0f9d-e00c-4e64-bda7-0b0364148efd e8c829ecf86546d9959658d74a1c61dd 75112619e90547f0a1d9cb77802a2d29 - - default default] 10.0.0.43 "GET /v2.0/security-groups?id=787b4c64-6721-475f-9726-374b49ae53c3&id=34f6bb25-361e-465e-8879-a2e452fa408c&id=3170ce32-36ea-44a4-89e6-b2f18f60997d&fields=id&fields=name HTTP/1.1" status: 200 len: 495 time: 0.0390675
2026-02-26 04:18:16.661 10 INFO neutron.api.wsgi [req-f9c1c6a1-e1af-4825-a7e2-ae4fcd5d97a2 req-9c430de0-a9c5-468c-bf65-75a816ab395b 782117815c564ad88bc61ce60df47e37 eeec19e84175472581a1659248fdbc08 - - default default] 10.0.0.43 "GET /v2.0/ports?device_id=0877a54e-1342-4d7f-806d-0a8721c27404 HTTP/1.1" status: 200 len: 1174 time: 0.0783403
2026-02-26 04:18:16.699 10 INFO neutron.api.wsgi [req-f9c1c6a1-e1af-4825-a7e2-ae4fcd5d97a2 req-cbc0f9f7-ac3e-498b-b1cc-e66cfe26cbe1 782117815c564ad88bc61ce60df47e37 eeec19e84175472581a1659248fdbc08 - - default default] 10.0.0.43 "GET /v2.0/security-groups?id=3170ce32-36ea-44a4-89e6-b2f18f60997d&fields=id&fields=name HTTP/1.1" status: 200 len: 313 time: 0.0322878
2026-02-26 04:18:17.171 9 INFO neutron.plugins.ml2.drivers.ovn.mech_driver.mech_driver [None req-4be1daa8-8d57-4cc3-b276-3ae896e514d3 - - - - - -] OVN reports status down for port: 7cd7f4d0-1d0c-4e2c-8dab-5402698d767e
2026-02-26 04:18:17.397 9 INFO neutron.db.ovn_revision_numbers_db [None req-4be1daa8-8d57-4cc3-b276-3ae896e514d3 - - - - - -] Successfully bumped revision number for resource 7cd7f4d0-1d0c-4e2c-8dab-5402698d767e (type: ports) to 6
2026-02-26 04:18:17.501 9 INFO neutron.notifiers.nova [-] Nova event matching ['req-63a87196-de3c-4f10-a416-91b320dcbe86'] response: {'server_uuid': '0877a54e-1342-4d7f-806d-0a8721c27404', 'name': 'network-vif-unplugged', 'status': 'completed', 'tag': '7cd7f4d0-1d0c-4e2c-8dab-5402698d767e', 'code': 200}
2026-02-26 04:18:17.502 9 INFO neutron.notifiers.nova [-] Nova event matching ['req-63a87196-de3c-4f10-a416-91b320dcbe86'] response: {'server_uuid': '0877a54e-1342-4d7f-806d-0a8721c27404', 'name': 'network-vif-unplugged', 'status': 'completed', 'tag': '7cd7f4d0-1d0c-4e2c-8dab-5402698d767e', 'code': 200}
2026-02-26 04:18:17.793 10 INFO neutron.api.wsgi [req-6b3ad2fe-1c88-4f77-8bdb-8023032bbeb5 req-74628895-ea4e-4073-af16-3c6e00de5b1b 782117815c564ad88bc61ce60df47e37 eeec19e84175472581a1659248fdbc08 - - default default] 10.0.0.43 "GET /v2.0/ports?device_id=0877a54e-1342-4d7f-806d-0a8721c27404 HTTP/1.1" status: 200 len: 1172 time: 0.0388443
2026-02-26 04:18:17.827 10 INFO neutron.api.wsgi [req-6b3ad2fe-1c88-4f77-8bdb-8023032bbeb5 req-069d9268-6611-44c9-b25c-c2685efb3c07 782117815c564ad88bc61ce60df47e37 eeec19e84175472581a1659248fdbc08 - - default default] 10.0.0.43 "GET /v2.0/security-groups?id=3170ce32-36ea-44a4-89e6-b2f18f60997d&fields=id&fields=name HTTP/1.1" status: 200 len: 313 time: 0.0276270 /var/lib/openstack/lib/python3.12/site-packages/pycadf/identifier.py:71: UserWarning: Invalid uuid: neutron. To ensure interoperability, identifiers should be a valid uuid. warnings.warn(('Invalid uuid: %s. To ensure interoperability, '
2026-02-26 04:18:18.392 9 INFO neutron.api.wsgi [req-beb8af4e-3e3b-440d-bb34-0248844e54f4 req-d0237eec-b480-4a6d-a469-a00f3ad306a3 782117815c564ad88bc61ce60df47e37 eeec19e84175472581a1659248fdbc08 - - default default] 162.253.55.43 "GET /v2.0/ports?device_id=0877a54e-1342-4d7f-806d-0a8721c27404 HTTP/1.1" status: 200 len: 1172 time: 0.0717206
2026-02-26 04:18:18.701 9 INFO neutron.db.l3_db [req-beb8af4e-3e3b-440d-bb34-0248844e54f4 req-328fb322-7806-4740-a153-6218482fb279 782117815c564ad88bc61ce60df47e37 eeec19e84175472581a1659248fdbc08 - - default default] Floating IP 2053c6ed-3769-4460-a1a8-89ffca36a14f disassociated. External IP: 10.96.250.216, port: 7cd7f4d0-1d0c-4e2c-8dab-5402698d767e.
2026-02-26 04:18:18.719 10 INFO neutron.api.wsgi [-] 10.0.0.95 "GET / HTTP/1.1" status: 200 len: 247 time: 0.0024197
2026-02-26 04:18:18.724 10 INFO neutron.api.wsgi [-] 10.0.0.95 "GET / HTTP/1.1" status: 200 len: 247 time: 0.0045094
2026-02-26 04:18:18.811 9 INFO neutron.api.wsgi [req-beb8af4e-3e3b-440d-bb34-0248844e54f4 req-328fb322-7806-4740-a153-6218482fb279 782117815c564ad88bc61ce60df47e37 eeec19e84175472581a1659248fdbc08 - - default default] 162.253.55.43 "DELETE /v2.0/ports/7cd7f4d0-1d0c-4e2c-8dab-5402698d767e HTTP/1.1" status: 204 len: 173 time: 0.4165165 /var/lib/openstack/lib/python3.12/site-packages/pycadf/identifier.py:71: UserWarning: Invalid uuid: neutron. To ensure interoperability, identifiers should be a valid uuid. warnings.warn(('Invalid uuid: %s. To ensure interoperability, '
2026-02-26 04:18:18.911 9 INFO neutron.api.wsgi [req-f6a43b3e-e457-46f8-bae7-b93f4cc94b83 req-b4e63e62-d98c-4a5e-bd50-25442241114e 782117815c564ad88bc61ce60df47e37 eeec19e84175472581a1659248fdbc08 - - default default] 10.0.0.43 "GET /v2.0/ports?device_id=0877a54e-1342-4d7f-806d-0a8721c27404 HTTP/1.1" status: 200 len: 210 time: 0.0144670
2026-02-26 04:18:19.180 10 INFO neutron.api.wsgi [req-69997807-e4db-4b61-aa2e-17b75ea2ad4f req-9f7d5312-e146-4bd8-a03a-512f8e7d93b6 8cc942be91ec44618dbd84a6897c4be1 9dadd51c8d7146d6a3a825d82c01b021 - - default default] 10.0.0.43 "GET /v2.0/ports?device_id=a840cb4e-8e77-4eb1-85f1-49106d1a3bfa HTTP/1.1" status: 200 len: 1396 time: 0.0673311
2026-02-26 04:18:19.221 10 INFO neutron.api.wsgi [req-69997807-e4db-4b61-aa2e-17b75ea2ad4f req-8322aed4-15a9-430c-a50d-55f72d7a184c 8cc942be91ec44618dbd84a6897c4be1 9dadd51c8d7146d6a3a825d82c01b021 - - default default] 10.0.0.43 "GET /v2.0/security-groups?id=34f6bb25-361e-465e-8879-a2e452fa408c&fields=id&fields=name HTTP/1.1" status: 200 len: 310 time: 0.0368052
2026-02-26 04:18:19.355 9 INFO neutron.api.wsgi [None req-fe2d9e57-dea0-4cd6-935e-cb600299040d 8cc942be91ec44618dbd84a6897c4be1 9dadd51c8d7146d6a3a825d82c01b021 - - default default] 10.0.0.64 "GET /v2.0/ports?network_id=493e7efb-3ac5-425a-ae35-9b914fa9482b&mac_address=fa%3A16%3A3e%3A63%3A07%3A23 HTTP/1.1" status: 200 len: 1391 time: 0.1028860
2026-02-26 04:18:19.366 9 WARNING neutron_lib.context [None req-17f8ec08-8961-434b-b02c-6d625a628a26 8cc942be91ec44618dbd84a6897c4be1 9dadd51c8d7146d6a3a825d82c01b021 - - default default] Method 'is_advsvc' is deprecated since 2023.2 release (neutron-lib 3.8.0) and will be removed once support for the old RBAC API policies will be removed from Neutron. Please use method 'is_service_role' instead.
2026-02-26 04:18:19.541 9 INFO neutron.notifiers.nova [-] Nova event matching ['req-e2c9bf12-2b5e-47e5-8aa7-c67fe9190914'] response: {'server_uuid': '0877a54e-1342-4d7f-806d-0a8721c27404', 'name': 'network-vif-deleted', 'tag': '7cd7f4d0-1d0c-4e2c-8dab-5402698d767e', 'status': 'completed', 'code': 200}
2026-02-26 04:18:19.579 9 WARNING neutron.scheduler.dhcp_agent_scheduler [None req-17f8ec08-8961-434b-b02c-6d625a628a26 8cc942be91ec44618dbd84a6897c4be1 9dadd51c8d7146d6a3a825d82c01b021 - - default default] No more DHCP agents
2026-02-26 04:18:19.580 9 WARNING neutron.api.rpc.agentnotifiers.dhcp_rpc_agent_api [None req-17f8ec08-8961-434b-b02c-6d625a628a26 8cc942be91ec44618dbd84a6897c4be1 9dadd51c8d7146d6a3a825d82c01b021 - - default default] Unable to schedule network a31a661a-6bd2-4f70-ab6b-eeea83f275be: no agents available; will retry on subsequent port and subnet creation events.
2026-02-26 04:18:19.999 10 INFO neutron.api.wsgi [req-1b40cab8-a7bb-44bd-a274-80304ce5313d req-97ee566b-246c-4b72-ba8b-ca1adfcbcf25 782117815c564ad88bc61ce60df47e37 eeec19e84175472581a1659248fdbc08 - - default default] 10.0.0.43 "GET /v2.0/ports?device_id=0877a54e-1342-4d7f-806d-0a8721c27404 HTTP/1.1" status: 200 len: 210 time: 0.0168562
2026-02-26 04:18:20.197 9 INFO neutron.db.ovn_revision_numbers_db [None req-17f8ec08-8961-434b-b02c-6d625a628a26 8cc942be91ec44618dbd84a6897c4be1 9dadd51c8d7146d6a3a825d82c01b021 - - default default] Successfully bumped revision number for resource dfcd1c85-49bf-4163-a40d-916f75049d8b (type: floatingips) to -1
2026-02-26 04:18:20.292 9 INFO neutron.db.ovn_revision_numbers_db [None req-17f8ec08-8961-434b-b02c-6d625a628a26 8cc942be91ec44618dbd84a6897c4be1 9dadd51c8d7146d6a3a825d82c01b021 - - default default] Successfully bumped revision number for resource dfcd1c85-49bf-4163-a40d-916f75049d8b (type: floatingips) to 1
2026-02-26 04:18:20.293 9 INFO neutron.db.l3_db [None req-17f8ec08-8961-434b-b02c-6d625a628a26 8cc942be91ec44618dbd84a6897c4be1 9dadd51c8d7146d6a3a825d82c01b021 - - default default] Floating IP dfcd1c85-49bf-4163-a40d-916f75049d8b associated. External IP: 10.96.250.207, port: 7808b050-f5c7-452d-91b5-ac4c8527bbce.
2026-02-26 04:18:20.331 9 INFO neutron.api.wsgi [None req-17f8ec08-8961-434b-b02c-6d625a628a26 8cc942be91ec44618dbd84a6897c4be1 9dadd51c8d7146d6a3a825d82c01b021 - - default default] 10.0.0.64 "POST /v2.0/floatingips HTTP/1.1" status: 201 len: 1053 time: 0.9687099 /var/lib/openstack/lib/python3.12/site-packages/pycadf/identifier.py:71: UserWarning: Invalid uuid: neutron. To ensure interoperability, identifiers should be a valid uuid. warnings.warn(('Invalid uuid: %s. To ensure interoperability, '
2026-02-26 04:18:20.437 9 INFO neutron.api.wsgi [req-0ff00c95-cf54-4870-ac39-8fb639d1a177 req-49601ea9-056d-4cff-be3b-07db42c80760 8cc942be91ec44618dbd84a6897c4be1 9dadd51c8d7146d6a3a825d82c01b021 - - default default] 10.0.0.43 "GET /v2.0/security-groups?name=tempest-lb_member_SG-455872083&fields=id&tenant_id=9dadd51c8d7146d6a3a825d82c01b021 HTTP/1.1" status: 200 len: 267 time: 0.0375011
2026-02-26 04:18:20.486 9 INFO neutron.api.wsgi [req-0ff00c95-cf54-4870-ac39-8fb639d1a177 req-5aa1ed2b-44f5-4359-9098-5948ae37ebda 8cc942be91ec44618dbd84a6897c4be1 9dadd51c8d7146d6a3a825d82c01b021 - - default default] 10.0.0.43 "GET /v2.0/networks?id=06f973d6-26da-4347-be6e-702259f9518d HTTP/1.1" status: 200 len: 903 time: 0.0422471
2026-02-26 04:18:20.501 9 INFO neutron.api.wsgi [req-0ff00c95-cf54-4870-ac39-8fb639d1a177 req-52c581a4-00f1-4554-bd51-6780edb20b06 8cc942be91ec44618dbd84a6897c4be1 9dadd51c8d7146d6a3a825d82c01b021 - - default default] 10.0.0.43 "GET /v2.0/quotas/9dadd51c8d7146d6a3a825d82c01b021 HTTP/1.1" status: 200 len: 491 time: 0.0078061
2026-02-26 04:18:20.602 9 INFO neutron.api.wsgi [req-0ff00c95-cf54-4870-ac39-8fb639d1a177 req-2656bb77-73d9-42c3-a193-33566559d383 8cc942be91ec44618dbd84a6897c4be1 9dadd51c8d7146d6a3a825d82c01b021 - - default default] 10.0.0.43 "GET /v2.0/ports?tenant_id=9dadd51c8d7146d6a3a825d82c01b021&fields=id HTTP/1.1" status: 200 len: 532 time: 0.0972939
2026-02-26 04:18:20.652 9 INFO neutron.api.wsgi [req-0ff00c95-cf54-4870-ac39-8fb639d1a177 req-909de6b1-6703-4ebe-8b5d-1f623c1ffa44 ed81b0baa6dc41ecab55bde9293e1c65 0997eb8867154e38ac002d84ce07617f - - eac6e0f04e8d43b8b30ebcfee323c3e3 eac6e0f04e8d43b8b30ebcfee323c3e3] 10.0.0.43 "GET /v2.0/networks/06f973d6-26da-4347-be6e-702259f9518d?fields=segments HTTP/1.1" status: 200 len: 212 time: 0.0370052
2026-02-26 04:18:20.689 9 INFO neutron.api.wsgi [req-0ff00c95-cf54-4870-ac39-8fb639d1a177 req-e3f2dc09-626a-4b6c-b695-1d99c88a8ef0 ed81b0baa6dc41ecab55bde9293e1c65 0997eb8867154e38ac002d84ce07617f - - eac6e0f04e8d43b8b30ebcfee323c3e3 eac6e0f04e8d43b8b30ebcfee323c3e3] 10.0.0.43 "GET /v2.0/networks/06f973d6-26da-4347-be6e-702259f9518d?fields=provider%3Aphysical_network&fields=provider%3Anetwork_type HTTP/1.1" status: 200 len: 277 time: 0.0339878
2026-02-26 04:18:20.787 10 INFO neutron.api.wsgi [req-2df0ecba-3df0-4eeb-883c-a589b02380fd req-426584e5-d46c-42ff-a77a-023a96888ac6 8cc942be91ec44618dbd84a6897c4be1 9dadd51c8d7146d6a3a825d82c01b021 - - default default] 10.0.0.43 "GET /v2.0/ports?device_id=8ed59068-9c7c-4999-9eef-b9d04c1675fd HTTP/1.1" status: 200 len: 210 time: 0.0163240
2026-02-26 04:18:21.079 9 INFO neutron.api.wsgi [req-ed9f7a8b-f680-48b7-bbf3-6967bc682645 req-b9899ccc-b13f-4868-8b58-b5e3768bfb6f 782117815c564ad88bc61ce60df47e37 eeec19e84175472581a1659248fdbc08 - - default default] 10.0.0.43 "GET /v2.0/ports?device_id=0877a54e-1342-4d7f-806d-0a8721c27404 HTTP/1.1" status: 200 len: 210 time: 0.0187252
2026-02-26 04:18:21.577 9 INFO neutron.notifiers.nova [-] Nova event matching ['req-d04ea394-fc3a-438a-848a-2619446c40d5'] response: {'name': 'network-changed', 'server_uuid': 'a840cb4e-8e77-4eb1-85f1-49106d1a3bfa', 'tag': '7808b050-f5c7-452d-91b5-ac4c8527bbce', 'status': 'completed', 'code': 200}
2026-02-26 04:18:22.120 9 INFO neutron.api.wsgi [req-d55ae1d4-03e0-4be4-943f-5bad6b35081b req-6794d857-69f9-49e0-a991-4c909620da83 ed81b0baa6dc41ecab55bde9293e1c65 0997eb8867154e38ac002d84ce07617f - - eac6e0f04e8d43b8b30ebcfee323c3e3 eac6e0f04e8d43b8b30ebcfee323c3e3] 162.253.55.43 "GET /v2.0/ports?tenant_id=9dadd51c8d7146d6a3a825d82c01b021&device_id=a840cb4e-8e77-4eb1-85f1-49106d1a3bfa HTTP/1.1" status: 200 len: 1634 time: 0.0336006
2026-02-26 04:18:22.161 9 INFO neutron.api.wsgi [req-d55ae1d4-03e0-4be4-943f-5bad6b35081b req-1a4734f7-e48c-41b1-b2a3-0463676edf23 ed81b0baa6dc41ecab55bde9293e1c65 0997eb8867154e38ac002d84ce07617f - - eac6e0f04e8d43b8b30ebcfee323c3e3 eac6e0f04e8d43b8b30ebcfee323c3e3] 162.253.55.43 "GET /v2.0/networks?id=493e7efb-3ac5-425a-ae35-9b914fa9482b HTTP/1.1" status: 200 len: 1002 time: 0.0357764
2026-02-26 04:18:22.201 9 INFO neutron.api.wsgi [req-d55ae1d4-03e0-4be4-943f-5bad6b35081b req-42351a54-abf5-48c4-a69b-1c0672c846a1 ed81b0baa6dc41ecab55bde9293e1c65 0997eb8867154e38ac002d84ce07617f - - eac6e0f04e8d43b8b30ebcfee323c3e3 eac6e0f04e8d43b8b30ebcfee323c3e3] 162.253.55.43 "GET /v2.0/floatingips?fixed_ip_address=10.2.1.39&port_id=7808b050-f5c7-452d-91b5-ac4c8527bbce HTTP/1.1" status: 200 len: 1058 time: 0.0354092
2026-02-26 04:18:22.222 9 INFO neutron.api.wsgi [req-d55ae1d4-03e0-4be4-943f-5bad6b35081b req-f1b85cc9-172d-4bdf-b9c8-920ec0b04cab ed81b0baa6dc41ecab55bde9293e1c65 0997eb8867154e38ac002d84ce07617f - - eac6e0f04e8d43b8b30ebcfee323c3e3 eac6e0f04e8d43b8b30ebcfee323c3e3] 162.253.55.43 "GET /v2.0/floatingips?fixed_ip_address=fd7b%3Af9f7%3Afff%3A4eca%3A%3A366&port_id=7808b050-f5c7-452d-91b5-ac4c8527bbce HTTP/1.1" status: 200 len: 217 time: 0.0159135
2026-02-26 04:18:22.250 9 INFO neutron.api.wsgi [req-d55ae1d4-03e0-4be4-943f-5bad6b35081b req-1b3cd0ac-9e66-4ddf-a7f6-6a025aa6f1c7 ed81b0baa6dc41ecab55bde9293e1c65 0997eb8867154e38ac002d84ce07617f - - eac6e0f04e8d43b8b30ebcfee323c3e3 eac6e0f04e8d43b8b30ebcfee323c3e3] 162.253.55.43 "GET /v2.0/subnets?id=8724267a-7be3-4122-bbb9-3d86c66d99cf&id=b9c25157-97b1-483c-96b5-dce70ecc1794 HTTP/1.1" status: 200 len: 1610 time: 0.0229359
2026-02-26 04:18:22.276 10 INFO neutron.api.wsgi [None req-eb7a45fe-76ad-4256-bb04-1c572e3e7a70 782117815c564ad88bc61ce60df47e37 eeec19e84175472581a1659248fdbc08 - - default default] 10.0.0.64 "DELETE /v2.0/security-groups/3170ce32-36ea-44a4-89e6-b2f18f60997d HTTP/1.1" status: 204 len: 168 time: 0.1478329
2026-02-26 04:18:22.278 9 INFO neutron.api.wsgi [req-d55ae1d4-03e0-4be4-943f-5bad6b35081b req-4cef78b1-95b7-4da7-9799-18e17f22f003 ed81b0baa6dc41ecab55bde9293e1c65 0997eb8867154e38ac002d84ce07617f - - eac6e0f04e8d43b8b30ebcfee323c3e3 eac6e0f04e8d43b8b30ebcfee323c3e3] 162.253.55.43 "GET /v2.0/ports?network_id=493e7efb-3ac5-425a-ae35-9b914fa9482b&device_owner=network%3Adhcp HTTP/1.1" status: 200 len: 210 time: 0.0227590
2026-02-26 04:18:22.298 9 INFO neutron.api.wsgi [req-d55ae1d4-03e0-4be4-943f-5bad6b35081b req-5e6eff26-7616-45dc-a885-3205a6555e1d ed81b0baa6dc41ecab55bde9293e1c65 0997eb8867154e38ac002d84ce07617f - - eac6e0f04e8d43b8b30ebcfee323c3e3 eac6e0f04e8d43b8b30ebcfee323c3e3] 162.253.55.43 "GET /v2.0/ports?network_id=493e7efb-3ac5-425a-ae35-9b914fa9482b&device_owner=network%3Adhcp HTTP/1.1" status: 200 len: 210 time: 0.0149083
2026-02-26 04:18:22.346 9 INFO neutron.api.wsgi [req-d55ae1d4-03e0-4be4-943f-5bad6b35081b req-a6f8c20e-06d1-4d60-9a9b-d6e44281df16 ed81b0baa6dc41ecab55bde9293e1c65 0997eb8867154e38ac002d84ce07617f - - eac6e0f04e8d43b8b30ebcfee323c3e3 eac6e0f04e8d43b8b30ebcfee323c3e3] 162.253.55.43 "GET /v2.0/networks/493e7efb-3ac5-425a-ae35-9b914fa9482b?fields=segments HTTP/1.1" status: 200 len: 212 time: 0.0420501
2026-02-26 04:18:22.398 9 INFO neutron.api.wsgi [req-d55ae1d4-03e0-4be4-943f-5bad6b35081b req-c09e9aeb-f013-4eec-9c1b-1d9ff0730148 ed81b0baa6dc41ecab55bde9293e1c65 0997eb8867154e38ac002d84ce07617f - - eac6e0f04e8d43b8b30ebcfee323c3e3 eac6e0f04e8d43b8b30ebcfee323c3e3] 162.253.55.43 "GET /v2.0/networks/493e7efb-3ac5-425a-ae35-9b914fa9482b?fields=provider%3Aphysical_network&fields=provider%3Anetwork_type HTTP/1.1" status: 200 len: 277 time: 0.0467463
2026-02-26 04:18:22.568 10 INFO neutron.api.wsgi [None req-6eb7a115-44f6-4b1d-a677-27e90a23d50f 782117815c564ad88bc61ce60df47e37 eeec19e84175472581a1659248fdbc08 - - default default] 10.0.0.64 "DELETE /v2.0/floatingips/2053c6ed-3769-4460-a1a8-89ffca36a14f HTTP/1.1" status: 204 len: 168 time: 0.2633767
2026-02-26 04:18:22.764 10 INFO neutron.api.wsgi [req-e6566865-615d-4223-bf77-b5eeb3cbda92 req-c3beffa4-2566-442c-8f2f-f975541348c2 782117815c564ad88bc61ce60df47e37 eeec19e84175472581a1659248fdbc08 - - default default] 10.0.0.43 "GET /v2.0/ports?device_id=a8ee4fb4-dcc0-45c2-97d7-03bfaeb69696 HTTP/1.1" status: 200 len: 1170 time: 0.0742350
2026-02-26 04:18:22.798 10 INFO neutron.api.wsgi [req-e6566865-615d-4223-bf77-b5eeb3cbda92 req-fb3d4ce1-e914-4b86-8a99-6e17d8f7b387 782117815c564ad88bc61ce60df47e37 eeec19e84175472581a1659248fdbc08 - - default default] 10.0.0.43 "GET /v2.0/security-groups?id=787b4c64-6721-475f-9726-374b49ae53c3&fields=id&fields=name HTTP/1.1" status: 200 len: 312 time: 0.0280495
2026-02-26 04:18:23.279 10 INFO neutron.plugins.ml2.drivers.ovn.mech_driver.mech_driver [None req-860b6de8-4860-4de8-bd83-7a707c0e2f1a - - - - - -] OVN reports status down for port: c9073ad6-7c97-4720-9b54-8d62c47dd833
2026-02-26 04:18:23.406 10 INFO neutron.notifiers.nova [-] Nova event matching ['req-adb6f504-57ca-4a10-9300-2c8b8132b434'] response: {'server_uuid': 'a8ee4fb4-dcc0-45c2-97d7-03bfaeb69696', 'name': 'network-vif-unplugged', 'status': 'completed', 'tag': 'c9073ad6-7c97-4720-9b54-8d62c47dd833', 'code': 200}
2026-02-26 04:18:23.495 10 INFO neutron.db.ovn_revision_numbers_db [None req-860b6de8-4860-4de8-bd83-7a707c0e2f1a - - - - - -] Successfully bumped revision number for resource c9073ad6-7c97-4720-9b54-8d62c47dd833 (type: ports) to 6 /var/lib/openstack/lib/python3.12/site-packages/pycadf/identifier.py:71: UserWarning: Invalid uuid: neutron. To ensure interoperability, identifiers should be a valid uuid. warnings.warn(('Invalid uuid: %s. To ensure interoperability, '
2026-02-26 04:18:23.887 10 INFO neutron.api.wsgi [req-16e3a504-6da2-4835-8274-aaeeae8ffe1a req-3eef233b-8756-4017-8b78-e7fc2ce8418f 782117815c564ad88bc61ce60df47e37 eeec19e84175472581a1659248fdbc08 - - default default] 10.0.0.43 "GET /v2.0/ports?device_id=a8ee4fb4-dcc0-45c2-97d7-03bfaeb69696 HTTP/1.1" status: 200 len: 1168 time: 0.0321774
2026-02-26 04:18:23.934 10 INFO neutron.api.wsgi [req-16e3a504-6da2-4835-8274-aaeeae8ffe1a req-6c750855-5f3d-4995-abb0-6260b227c0da 782117815c564ad88bc61ce60df47e37 eeec19e84175472581a1659248fdbc08 - - default default] 10.0.0.43 "GET /v2.0/security-groups?id=787b4c64-6721-475f-9726-374b49ae53c3&fields=id&fields=name HTTP/1.1" status: 200 len: 312 time: 0.0402455
2026-02-26 04:18:24.513 9 INFO neutron.api.wsgi [req-c8935961-cd13-4e4d-9f4b-cd4d978a682a req-a98a62d6-1bb0-458c-baaa-03617fb67da9 782117815c564ad88bc61ce60df47e37 eeec19e84175472581a1659248fdbc08 - - default default] 162.253.55.43 "GET /v2.0/ports?device_id=a8ee4fb4-dcc0-45c2-97d7-03bfaeb69696 HTTP/1.1" status: 200 len: 1168 time: 0.0668943
2026-02-26 04:18:24.737 9 INFO neutron.api.wsgi [req-c8935961-cd13-4e4d-9f4b-cd4d978a682a req-5d7757c4-63fc-434c-b736-b6e0f15ed504 782117815c564ad88bc61ce60df47e37 eeec19e84175472581a1659248fdbc08 - - default default] 162.253.55.43 "DELETE /v2.0/ports/c9073ad6-7c97-4720-9b54-8d62c47dd833 HTTP/1.1" status: 204 len: 173 time: 0.2204597
2026-02-26 04:18:24.769 9 INFO neutron.notifiers.nova [-] Nova event matching ['req-47f2f653-f16b-4d41-ada5-1922d18c5462'] response: {'server_uuid': 'a8ee4fb4-dcc0-45c2-97d7-03bfaeb69696', 'name': 'network-vif-deleted', 'tag': 'c9073ad6-7c97-4720-9b54-8d62c47dd833', 'status': 'completed', 'code': 200}
2026-02-26 04:18:25.007 10 INFO neutron.api.wsgi [req-c4a00f5a-ffd6-4b3b-8584-e809b949f243 req-867da135-e36c-4715-9002-1bb6941a38ac 782117815c564ad88bc61ce60df47e37 eeec19e84175472581a1659248fdbc08 - - default default] 10.0.0.43 "GET /v2.0/ports?device_id=a8ee4fb4-dcc0-45c2-97d7-03bfaeb69696 HTTP/1.1" status: 200 len: 210 time: 0.0197432
2026-02-26 04:18:25.057 9 INFO neutron.api.wsgi [req-0ff00c95-cf54-4870-ac39-8fb639d1a177 req-55178cce-bff7-4a20-b54a-241538ad9b52 8cc942be91ec44618dbd84a6897c4be1 9dadd51c8d7146d6a3a825d82c01b021 - - default default] 162.253.55.43 "GET /v2.0/networks?id=06f973d6-26da-4347-be6e-702259f9518d HTTP/1.1" status: 200 len: 903 time: 0.0437889
