2026-02-26 04:17:27.627 9 INFO neutron.api.wsgi [req-bd07d3b3-a7f4-46f8-a0fe-1972667ac818 req-1b2efbfc-04ca-42e0-8474-61c214061105 ed81b0baa6dc41ecab55bde9293e1c65 0997eb8867154e38ac002d84ce07617f - - eac6e0f04e8d43b8b30ebcfee323c3e3 eac6e0f04e8d43b8b30ebcfee323c3e3] 162.253.55.43 "GET /v2.0/ports?tenant_id=eeec19e84175472581a1659248fdbc08&device_id=a8ee4fb4-dcc0-45c2-97d7-03bfaeb69696 HTTP/1.1" status: 200 len: 1407 time: 0.0361946
2026-02-26 04:17:27.647 9 INFO neutron.api.wsgi [req-bd07d3b3-a7f4-46f8-a0fe-1972667ac818 req-cdd196de-ab69-49a9-b2da-5b0016759d1b ed81b0baa6dc41ecab55bde9293e1c65 0997eb8867154e38ac002d84ce07617f - - eac6e0f04e8d43b8b30ebcfee323c3e3 eac6e0f04e8d43b8b30ebcfee323c3e3] 162.253.55.43 "GET /v2.0/floatingips?fixed_ip_address=10.100.0.6&port_id=c9073ad6-7c97-4720-9b54-8d62c47dd833 HTTP/1.1" status: 200 len: 217 time: 0.0120490
2026-02-26 04:17:27.648 9 INFO neutron.api.wsgi [req-1c76911d-6bb0-4c46-a748-6cad7ea22fae req-3e0c91f9-49e8-44ca-a7eb-b0a42a506802 24d6bd7bf0624fc29609ecc7c2900581 23ea44f377e24e83b361cad956f98f08 - - default default] 10.0.0.43 "GET /v2.0/security-groups?id=675671bf-3883-45cd-bab1-8965817af9b4&fields=id&fields=name HTTP/1.1" status: 200 len: 286 time: 0.0374458
2026-02-26 04:17:27.672 9 INFO neutron.api.wsgi [req-bd07d3b3-a7f4-46f8-a0fe-1972667ac818 req-15339bf9-8d40-4b4a-b464-05d1a8a60d8a ed81b0baa6dc41ecab55bde9293e1c65 0997eb8867154e38ac002d84ce07617f - - eac6e0f04e8d43b8b30ebcfee323c3e3 eac6e0f04e8d43b8b30ebcfee323c3e3] 162.253.55.43 "GET /v2.0/subnets?id=f835c171-19ac-4df5-a920-4dca7497f70d HTTP/1.1" status: 200 len: 876 time: 0.0202656
2026-02-26 04:17:27.692 9 INFO neutron.api.wsgi [req-bd07d3b3-a7f4-46f8-a0fe-1972667ac818 req-0f0b6e60-2a01-4aa9-b710-9eea9bf8a88d ed81b0baa6dc41ecab55bde9293e1c65 0997eb8867154e38ac002d84ce07617f - - eac6e0f04e8d43b8b30ebcfee323c3e3 eac6e0f04e8d43b8b30ebcfee323c3e3] 162.253.55.43 "GET /v2.0/ports?network_id=63771f97-abce-4d87-8e03-f62fa959c4df&device_owner=network%3Adhcp HTTP/1.1" status: 200 len: 210 time: 0.0161157
2026-02-26 04:17:27.733 9 INFO neutron.api.wsgi [req-bd07d3b3-a7f4-46f8-a0fe-1972667ac818 req-fb32e9e3-9632-4f57-9bef-0613c35943f9 ed81b0baa6dc41ecab55bde9293e1c65 0997eb8867154e38ac002d84ce07617f - - eac6e0f04e8d43b8b30ebcfee323c3e3 eac6e0f04e8d43b8b30ebcfee323c3e3] 162.253.55.43 "GET /v2.0/networks/63771f97-abce-4d87-8e03-f62fa959c4df?fields=segments HTTP/1.1" status: 200 len: 212 time: 0.0347805
2026-02-26 04:17:27.778 9 INFO neutron.api.wsgi [req-bd07d3b3-a7f4-46f8-a0fe-1972667ac818 req-ab117c87-6d47-4f6c-aec5-4ca0feb0708b ed81b0baa6dc41ecab55bde9293e1c65 0997eb8867154e38ac002d84ce07617f - - eac6e0f04e8d43b8b30ebcfee323c3e3 eac6e0f04e8d43b8b30ebcfee323c3e3] 162.253.55.43 "GET /v2.0/networks/63771f97-abce-4d87-8e03-f62fa959c4df?fields=provider%3Aphysical_network&fields=provider%3Anetwork_type HTTP/1.1" status: 200 len: 277 time: 0.0398297
2026-02-26 04:17:27.927 10 INFO neutron.plugins.ml2.drivers.ovn.mech_driver.mech_driver [None req-c7ccb5e7-2f43-4112-bdc4-84d11cc3dc72 - - - - - -] OVN reports status up for port: a0232246-173d-4765-a044-e12978821f4b
2026-02-26 04:17:27.942 10 INFO neutron.plugins.ml2.plugin [None req-c7ccb5e7-2f43-4112-bdc4-84d11cc3dc72 - - - - - -] Attempt 1 to provision port a0232246-173d-4765-a044-e12978821f4b
2026-02-26 04:17:28.061 10 INFO neutron.notifiers.nova [-] Nova event matching ['req-d3f411ad-1ef1-4f2a-a1ca-99eb56d78492'] response: {'server_uuid': '7384f6c9-8b65-4594-aff7-ca05bd83c815', 'name': 'network-vif-plugged', 'status': 'completed', 'tag': 'a0232246-173d-4765-a044-e12978821f4b', 'code': 200}
2026-02-26 04:17:28.144 10 INFO neutron.db.ovn_revision_numbers_db [None req-c7ccb5e7-2f43-4112-bdc4-84d11cc3dc72 - - - - - -] Successfully bumped revision number for resource a0232246-173d-4765-a044-e12978821f4b (type: ports) to 5
2026-02-26 04:17:28.451 9 INFO neutron.api.wsgi [req-3d165030-cc24-46dd-ac78-6997e0a8bca3 req-80f3051c-5522-40da-b1cf-ea373fe041d9 782117815c564ad88bc61ce60df47e37 eeec19e84175472581a1659248fdbc08 - - default default] 10.0.0.43 "GET /v2.0/ports?device_id=a8ee4fb4-dcc0-45c2-97d7-03bfaeb69696 HTTP/1.1" status: 200 len: 1168 time: 0.0623190
2026-02-26 04:17:28.489 9 INFO neutron.api.wsgi [req-3d165030-cc24-46dd-ac78-6997e0a8bca3 req-cd042d5f-dd13-48be-8827-8e54c76eaede 782117815c564ad88bc61ce60df47e37 eeec19e84175472581a1659248fdbc08 - - default default] 10.0.0.43 "GET /v2.0/security-groups?id=787b4c64-6721-475f-9726-374b49ae53c3&fields=id&fields=name HTTP/1.1" status: 200 len: 312 time: 0.0304537 /var/lib/openstack/lib/python3.12/site-packages/pycadf/identifier.py:71: UserWarning: Invalid uuid: neutron. To ensure interoperability, identifiers should be a valid uuid. warnings.warn(('Invalid uuid: %s. To ensure interoperability, '
2026-02-26 04:17:28.738 10 INFO neutron.api.wsgi [req-60c44008-956b-4bb5-82ba-420ac3e3c327 req-e0b8d3d5-df52-4ba6-a1e9-6645b1efd537 24d6bd7bf0624fc29609ecc7c2900581 23ea44f377e24e83b361cad956f98f08 - - default default] 10.0.0.43 "GET /v2.0/ports?device_id=7384f6c9-8b65-4594-aff7-ca05bd83c815 HTTP/1.1" status: 200 len: 1170 time: 0.0260515
2026-02-26 04:17:28.778 10 INFO neutron.api.wsgi [req-60c44008-956b-4bb5-82ba-420ac3e3c327 req-5277269e-1cdf-4de1-b9e5-ecf1d3d20f44 24d6bd7bf0624fc29609ecc7c2900581 23ea44f377e24e83b361cad956f98f08 - - default default] 10.0.0.43 "GET /v2.0/security-groups?id=675671bf-3883-45cd-bab1-8965817af9b4&fields=id&fields=name HTTP/1.1" status: 200 len: 286 time: 0.0339458
2026-02-26 04:17:29.587 9 INFO neutron.api.wsgi [req-70be9338-183a-43ab-b70a-aa0b5ddb8bd3 req-46f7c195-f602-46e8-a795-50730f86eec5 782117815c564ad88bc61ce60df47e37 eeec19e84175472581a1659248fdbc08 - - default default] 10.0.0.43 "GET /v2.0/ports?device_id=a8ee4fb4-dcc0-45c2-97d7-03bfaeb69696 HTTP/1.1" status: 200 len: 1168 time: 0.0352044
2026-02-26 04:17:29.626 9 INFO neutron.api.wsgi [req-70be9338-183a-43ab-b70a-aa0b5ddb8bd3 req-a88dec3c-2a12-4d65-a2c5-a40368cafb57 782117815c564ad88bc61ce60df47e37 eeec19e84175472581a1659248fdbc08 - - default default] 10.0.0.43 "GET /v2.0/security-groups?id=787b4c64-6721-475f-9726-374b49ae53c3&fields=id&fields=name HTTP/1.1" status: 200 len: 312 time: 0.0340567
2026-02-26 04:17:29.931 10 INFO neutron.plugins.ml2.drivers.ovn.mech_driver.mech_driver [None req-17c3faf1-76a2-4540-ab6a-c8794068af35 - - - - - -] OVN reports status up for port: c9073ad6-7c97-4720-9b54-8d62c47dd833
2026-02-26 04:17:29.944 10 INFO neutron.plugins.ml2.plugin [None req-17c3faf1-76a2-4540-ab6a-c8794068af35 - - - - - -] Attempt 1 to provision port c9073ad6-7c97-4720-9b54-8d62c47dd833
2026-02-26 04:17:29.949 10 INFO neutron.api.wsgi [req-b9b95192-46c0-415f-8b1c-b5c5f810bada req-8b936049-1aec-40f3-bd60-4bbcc83c80a1 24d6bd7bf0624fc29609ecc7c2900581 23ea44f377e24e83b361cad956f98f08 - - default default] 10.0.0.43 "GET /v2.0/ports?device_id=7384f6c9-8b65-4594-aff7-ca05bd83c815 HTTP/1.1" status: 200 len: 1170 time: 0.1022239
2026-02-26 04:17:29.990 10 INFO neutron.api.wsgi [req-b9b95192-46c0-415f-8b1c-b5c5f810bada req-4d24bc99-af12-4b03-acc1-af3a87244870 24d6bd7bf0624fc29609ecc7c2900581 23ea44f377e24e83b361cad956f98f08 - - default default] 10.0.0.43 "GET /v2.0/security-groups?id=675671bf-3883-45cd-bab1-8965817af9b4&fields=id&fields=name HTTP/1.1" status: 200 len: 286 time: 0.0350497
2026-02-26 04:17:30.113 10 INFO neutron.notifiers.nova [-] Nova event matching ['req-9a1b8dd5-bde8-4a2d-81e0-793c297956b0'] response: {'server_uuid': '7384f6c9-8b65-4594-aff7-ca05bd83c815', 'name': 'network-vif-plugged', 'status': 'completed', 'tag': 'a0232246-173d-4765-a044-e12978821f4b', 'code': 200}
2026-02-26 04:17:30.229 10 INFO neutron.db.ovn_revision_numbers_db [None req-17c3faf1-76a2-4540-ab6a-c8794068af35 - - - - - -] Successfully bumped revision number for resource c9073ad6-7c97-4720-9b54-8d62c47dd833 (type: ports) to 5 /var/lib/openstack/lib/python3.12/site-packages/pycadf/identifier.py:71: UserWarning: Invalid uuid: neutron. To ensure interoperability, identifiers should be a valid uuid. warnings.warn(('Invalid uuid: %s. To ensure interoperability, '
2026-02-26 04:17:30.716 10 INFO neutron.api.wsgi [req-2c776185-3ea0-474c-8bd2-979e94f09401 req-9e1610f6-76d2-43fd-af1f-6fc88d5d36e5 782117815c564ad88bc61ce60df47e37 eeec19e84175472581a1659248fdbc08 - - default default] 10.0.0.43 "GET /v2.0/ports?device_id=a8ee4fb4-dcc0-45c2-97d7-03bfaeb69696 HTTP/1.1" status: 200 len: 1170 time: 0.0328929
2026-02-26 04:17:30.749 10 INFO neutron.api.wsgi [req-2c776185-3ea0-474c-8bd2-979e94f09401 req-4ef999ad-5c56-45ed-835a-0e6f2a872cb5 782117815c564ad88bc61ce60df47e37 eeec19e84175472581a1659248fdbc08 - - default default] 10.0.0.43 "GET /v2.0/security-groups?id=787b4c64-6721-475f-9726-374b49ae53c3&fields=id&fields=name HTTP/1.1" status: 200 len: 312 time: 0.0264704
2026-02-26 04:17:30.977 10 WARNING neutron_lib.context [None req-ab86894f-ec7d-4776-98d9-a7e75498a1a2 f73f0af0498144fda6cbf2cadf01398f 6417785b77ce4735aa676d9839fae9f3 - - default default] Method 'is_advsvc' is deprecated since 2023.2 release (neutron-lib 3.8.0) and will be removed once support for the old RBAC API policies will be removed from Neutron. Please use method 'is_service_role' instead.
2026-02-26 04:17:31.098 10 INFO neutron.db.ovn_revision_numbers_db [None req-ab86894f-ec7d-4776-98d9-a7e75498a1a2 f73f0af0498144fda6cbf2cadf01398f 6417785b77ce4735aa676d9839fae9f3 - - default default] Successfully bumped revision number for resource a613cd26-065e-4dd9-8fd1-e58a02f0a325 (type: security_groups) to 1
2026-02-26 04:17:31.109 10 INFO neutron.db.ovn_revision_numbers_db [None req-ab86894f-ec7d-4776-98d9-a7e75498a1a2 f73f0af0498144fda6cbf2cadf01398f 6417785b77ce4735aa676d9839fae9f3 - - default default] Successfully bumped revision number for resource 0a5940b0-ff21-4ba3-9308-86e142c85a3a (type: security_group_rules) to 0
2026-02-26 04:17:31.122 10 INFO neutron.db.ovn_revision_numbers_db [None req-ab86894f-ec7d-4776-98d9-a7e75498a1a2 f73f0af0498144fda6cbf2cadf01398f 6417785b77ce4735aa676d9839fae9f3 - - default default] Successfully bumped revision number for resource 6a87a30b-83a0-408e-a2bc-d08b0215f02e (type: security_group_rules) to 0
2026-02-26 04:17:31.133 10 INFO neutron.db.ovn_revision_numbers_db [None req-ab86894f-ec7d-4776-98d9-a7e75498a1a2 f73f0af0498144fda6cbf2cadf01398f 6417785b77ce4735aa676d9839fae9f3 - - default default] Successfully bumped revision number for resource 723c259b-bc55-4070-bcf1-2c1f57b2cd5a (type: security_group_rules) to 0
2026-02-26 04:17:31.144 10 INFO neutron.db.ovn_revision_numbers_db [None req-ab86894f-ec7d-4776-98d9-a7e75498a1a2 f73f0af0498144fda6cbf2cadf01398f 6417785b77ce4735aa676d9839fae9f3 - - default default] Successfully bumped revision number for resource bd2364a0-0c43-4017-af2e-9651241d5e44 (type: security_group_rules) to 0
2026-02-26 04:17:31.313 10 INFO neutron.db.ovn_revision_numbers_db [None req-ab86894f-ec7d-4776-98d9-a7e75498a1a2 f73f0af0498144fda6cbf2cadf01398f 6417785b77ce4735aa676d9839fae9f3 - - default default] Successfully bumped revision number for resource c7fb29a4-3397-45da-a6c2-18f39685611f (type: security_groups) to 1
2026-02-26 04:17:31.339 10 INFO neutron.db.ovn_revision_numbers_db [None req-ab86894f-ec7d-4776-98d9-a7e75498a1a2 f73f0af0498144fda6cbf2cadf01398f 6417785b77ce4735aa676d9839fae9f3 - - default default] Successfully bumped revision number for resource 284bff56-539d-4ec8-8327-0bc85f2c90f4 (type: security_group_rules) to 0
2026-02-26 04:17:31.365 10 INFO neutron.db.ovn_revision_numbers_db [None req-ab86894f-ec7d-4776-98d9-a7e75498a1a2 f73f0af0498144fda6cbf2cadf01398f 6417785b77ce4735aa676d9839fae9f3 - - default default] Successfully bumped revision number for resource 4b951a4b-9d74-4e59-8078-93afa1da8479 (type: security_group_rules) to 0
2026-02-26 04:17:31.391 10 INFO neutron.api.wsgi [None req-ab86894f-ec7d-4776-98d9-a7e75498a1a2 f73f0af0498144fda6cbf2cadf01398f 6417785b77ce4735aa676d9839fae9f3 - - default default] 10.0.0.64 "POST /v2.0/security-groups HTTP/1.1" status: 201 len: 1801 time: 0.5611365
2026-02-26 04:17:31.408 10 WARNING neutron_lib.context [None req-6cf6616f-75a9-462e-a223-fe30842f81ba f73f0af0498144fda6cbf2cadf01398f 6417785b77ce4735aa676d9839fae9f3 - - default default] Method 'is_advsvc' is deprecated since 2023.2 release (neutron-lib 3.8.0) and will be removed once support for the old RBAC API policies will be removed from Neutron. Please use method 'is_service_role' instead.
2026-02-26 04:17:31.426 10 INFO neutron.api.wsgi [req-2c7873a2-59f7-408e-9efa-109c437bb764 req-46856465-38e7-495c-ab10-d2fb3a3952cf 24d6bd7bf0624fc29609ecc7c2900581 23ea44f377e24e83b361cad956f98f08 - - default default] 10.0.0.43 "GET /v2.0/ports?device_id=7384f6c9-8b65-4594-aff7-ca05bd83c815 HTTP/1.1" status: 200 len: 1170 time: 0.0377355
2026-02-26 04:17:31.474 10 INFO neutron.api.wsgi [req-2c7873a2-59f7-408e-9efa-109c437bb764 req-71b12021-bc3f-447c-bbe0-2e34d767b633 24d6bd7bf0624fc29609ecc7c2900581 23ea44f377e24e83b361cad956f98f08 - - default default] 10.0.0.43 "GET /v2.0/security-groups?id=675671bf-3883-45cd-bab1-8965817af9b4&fields=id&fields=name HTTP/1.1" status: 200 len: 286 time: 0.0415385
2026-02-26 04:17:31.525 10 INFO neutron.db.ovn_revision_numbers_db [None req-6cf6616f-75a9-462e-a223-fe30842f81ba f73f0af0498144fda6cbf2cadf01398f 6417785b77ce4735aa676d9839fae9f3 - - default default] Successfully bumped revision number for resource 83360c3a-284a-46e4-92b2-e300cfd94349 (type: security_groups) to 1
2026-02-26 04:17:31.537 10 INFO neutron.db.ovn_revision_numbers_db [None req-6cf6616f-75a9-462e-a223-fe30842f81ba f73f0af0498144fda6cbf2cadf01398f 6417785b77ce4735aa676d9839fae9f3 - - default default] Successfully bumped revision number for resource b2247850-4eee-435d-b710-7c45d0e0286e (type: security_group_rules) to 0
2026-02-26 04:17:31.548 10 INFO neutron.db.ovn_revision_numbers_db [None req-6cf6616f-75a9-462e-a223-fe30842f81ba f73f0af0498144fda6cbf2cadf01398f 6417785b77ce4735aa676d9839fae9f3 - - default default] Successfully bumped revision number for resource d999c890-f51c-4582-9677-c2a180fbfebd (type: security_group_rules) to 0
2026-02-26 04:17:31.578 10 INFO neutron.api.wsgi [None req-6cf6616f-75a9-462e-a223-fe30842f81ba f73f0af0498144fda6cbf2cadf01398f 6417785b77ce4735aa676d9839fae9f3 - - default default] 10.0.0.64 "POST /v2.0/security-groups HTTP/1.1" status: 201 len: 1801 time: 0.1775711
2026-02-26 04:17:31.587 10 WARNING neutron_lib.context [None req-78542003-82c5-4e3b-a89c-7f792673951b f73f0af0498144fda6cbf2cadf01398f 6417785b77ce4735aa676d9839fae9f3 - - default default] Method 'is_advsvc' is deprecated since 2023.2 release (neutron-lib 3.8.0) and will be removed once support for the old RBAC API policies will be removed from Neutron. Please use method 'is_service_role' instead.
2026-02-26 04:17:31.695 10 INFO neutron.db.ovn_revision_numbers_db [None req-78542003-82c5-4e3b-a89c-7f792673951b f73f0af0498144fda6cbf2cadf01398f 6417785b77ce4735aa676d9839fae9f3 - - default default] Successfully bumped revision number for resource 136d4fa8-65d7-470a-91a7-a0b9bde91d04 (type: security_groups) to 1
2026-02-26 04:17:31.709 10 INFO neutron.db.ovn_revision_numbers_db [None req-78542003-82c5-4e3b-a89c-7f792673951b f73f0af0498144fda6cbf2cadf01398f 6417785b77ce4735aa676d9839fae9f3 - - default default] Successfully bumped revision number for resource d133997e-81f6-40fd-863a-fc62479df3b8 (type: security_group_rules) to 0
2026-02-26 04:17:31.721 10 INFO neutron.db.ovn_revision_numbers_db [None req-78542003-82c5-4e3b-a89c-7f792673951b f73f0af0498144fda6cbf2cadf01398f 6417785b77ce4735aa676d9839fae9f3 - - default default] Successfully bumped revision number for resource fff17449-4d40-40f8-9933-0ab2fe0e3fa7 (type: security_group_rules) to 0
2026-02-26 04:17:31.752 10 INFO neutron.api.wsgi [None req-78542003-82c5-4e3b-a89c-7f792673951b f73f0af0498144fda6cbf2cadf01398f 6417785b77ce4735aa676d9839fae9f3 - - default default] 10.0.0.64 "POST /v2.0/security-groups HTTP/1.1" status: 201 len: 1801 time: 0.1685970
2026-02-26 04:17:31.762 10 WARNING neutron_lib.context [None req-06e1c071-4857-4dd7-a5cc-4f7fcfd10753 f73f0af0498144fda6cbf2cadf01398f 6417785b77ce4735aa676d9839fae9f3 - - default default] Method 'is_advsvc' is deprecated since 2023.2 release (neutron-lib 3.8.0) and will be removed once support for the old RBAC API policies will be removed from Neutron. Please use method 'is_service_role' instead.
2026-02-26 04:17:31.858 9 INFO neutron.api.wsgi [req-f5b29b4d-6339-405c-91fc-630bd6b0099c req-cc0d2758-6842-4d50-a674-75b790942938 782117815c564ad88bc61ce60df47e37 eeec19e84175472581a1659248fdbc08 - - default default] 10.0.0.43 "GET /v2.0/ports?device_id=a8ee4fb4-dcc0-45c2-97d7-03bfaeb69696 HTTP/1.1" status: 200 len: 1170 time: 0.0475502
2026-02-26 04:17:31.865 10 INFO neutron.db.ovn_revision_numbers_db [None req-06e1c071-4857-4dd7-a5cc-4f7fcfd10753 f73f0af0498144fda6cbf2cadf01398f 6417785b77ce4735aa676d9839fae9f3 - - default default] Successfully bumped revision number for resource 69c11fe3-29c6-44cd-8ae5-4d931db4f1ec (type: security_groups) to 1
2026-02-26 04:17:31.877 10 INFO neutron.db.ovn_revision_numbers_db [None req-06e1c071-4857-4dd7-a5cc-4f7fcfd10753 f73f0af0498144fda6cbf2cadf01398f 6417785b77ce4735aa676d9839fae9f3 - - default default] Successfully bumped revision number for resource 139eb181-53fc-4386-8d08-e9ae68aa9102 (type: security_group_rules) to 0
2026-02-26 04:17:31.890 9 INFO neutron.api.wsgi [req-f5b29b4d-6339-405c-91fc-630bd6b0099c req-8b57fadf-c68d-4670-aec3-c9d8ec4d048b 782117815c564ad88bc61ce60df47e37 eeec19e84175472581a1659248fdbc08 - - default default] 10.0.0.43 "GET /v2.0/security-groups?id=787b4c64-6721-475f-9726-374b49ae53c3&fields=id&fields=name HTTP/1.1" status: 200 len: 312 time: 0.0270188
2026-02-26 04:17:31.891 10 INFO neutron.db.ovn_revision_numbers_db [None req-06e1c071-4857-4dd7-a5cc-4f7fcfd10753 f73f0af0498144fda6cbf2cadf01398f 6417785b77ce4735aa676d9839fae9f3 - - default default] Successfully bumped revision number for resource 7faf3a69-eae2-42f2-a292-ec86511f9615 (type: security_group_rules) to 0
2026-02-26 04:17:31.941 10 INFO neutron.api.wsgi [None req-06e1c071-4857-4dd7-a5cc-4f7fcfd10753 f73f0af0498144fda6cbf2cadf01398f 6417785b77ce4735aa676d9839fae9f3 - - default default] 10.0.0.64 "POST /v2.0/security-groups HTTP/1.1" status: 201 len: 1801 time: 0.1837468
2026-02-26 04:17:31.948 10 WARNING neutron_lib.context [None req-62e0dc29-67f8-43f1-aa50-bb68ea54d275 f73f0af0498144fda6cbf2cadf01398f 6417785b77ce4735aa676d9839fae9f3 - - default default] Method 'is_advsvc' is deprecated since 2023.2 release (neutron-lib 3.8.0) and will be removed once support for the old RBAC API policies will be removed from Neutron. Please use method 'is_service_role' instead.
2026-02-26 04:17:31.959 10 INFO neutron.plugins.ml2.drivers.ovn.mech_driver.mech_driver [None req-2084fb3b-bf50-4b02-8f45-e55be9eb69d0 - - - - - -] OVN reports status down for port: a0232246-173d-4765-a044-e12978821f4b
2026-02-26 04:17:32.081 10 INFO neutron.db.ovn_revision_numbers_db [None req-62e0dc29-67f8-43f1-aa50-bb68ea54d275 f73f0af0498144fda6cbf2cadf01398f 6417785b77ce4735aa676d9839fae9f3 - - default default] Successfully bumped revision number for resource 2d8d5a0a-7f58-4305-97d7-a19ace410636 (type: security_groups) to 1
2026-02-26 04:17:32.098 10 INFO neutron.db.ovn_revision_numbers_db [None req-62e0dc29-67f8-43f1-aa50-bb68ea54d275 f73f0af0498144fda6cbf2cadf01398f 6417785b77ce4735aa676d9839fae9f3 - - default default] Successfully bumped revision number for resource 319a75f5-5809-4e02-a6be-dd428c5fefcb (type: security_group_rules) to 0
2026-02-26 04:17:32.110 10 INFO neutron.db.ovn_revision_numbers_db [None req-62e0dc29-67f8-43f1-aa50-bb68ea54d275 f73f0af0498144fda6cbf2cadf01398f 6417785b77ce4735aa676d9839fae9f3 - - default default] Successfully bumped revision number for resource 88537ca5-fb4a-46dc-9285-f8835da2482b (type: security_group_rules) to 0
2026-02-26 04:17:32.140 10 INFO neutron.api.wsgi [None req-62e0dc29-67f8-43f1-aa50-bb68ea54d275 f73f0af0498144fda6cbf2cadf01398f 6417785b77ce4735aa676d9839fae9f3 - - default default] 10.0.0.64 "POST /v2.0/security-groups HTTP/1.1" status: 201 len: 1801 time: 0.1949108
2026-02-26 04:17:32.145 10 INFO neutron.notifiers.nova [-] Nova event matching ['req-f945e686-f14e-40e6-8f19-3e2104e7754d'] response: {'server_uuid': 'a8ee4fb4-dcc0-45c2-97d7-03bfaeb69696', 'name': 'network-vif-plugged', 'status': 'completed', 'tag': 'c9073ad6-7c97-4720-9b54-8d62c47dd833', 'code': 200}
2026-02-26 04:17:32.145 10 INFO neutron.notifiers.nova [-] Nova event matching ['req-f945e686-f14e-40e6-8f19-3e2104e7754d'] response: {'server_uuid': 'a8ee4fb4-dcc0-45c2-97d7-03bfaeb69696', 'name': 'network-vif-plugged', 'status': 'completed', 'tag': 'c9073ad6-7c97-4720-9b54-8d62c47dd833', 'code': 200}
2026-02-26 04:17:32.145 10 INFO neutron.notifiers.nova [-] Nova event matching ['req-f945e686-f14e-40e6-8f19-3e2104e7754d'] response: {'server_uuid': '7384f6c9-8b65-4594-aff7-ca05bd83c815', 'name': 'network-vif-unplugged', 'status': 'completed', 'tag': 'a0232246-173d-4765-a044-e12978821f4b', 'code': 200}
2026-02-26 04:17:32.189 9 INFO neutron.api.wsgi [None req-1e5b6793-02d6-4352-a0bc-88e253c5c5fe f73f0af0498144fda6cbf2cadf01398f 6417785b77ce4735aa676d9839fae9f3 - - default default] 10.0.0.64 "PUT /v2.0/security-groups/c7fb29a4-3397-45da-a6c2-18f39685611f/tags HTTP/1.1" status: 200 len: 210 time: 0.0424902
2026-02-26 04:17:32.231 10 INFO neutron.api.wsgi [None req-73f7c6b8-1776-462a-82c6-6a3389198c8f f73f0af0498144fda6cbf2cadf01398f 6417785b77ce4735aa676d9839fae9f3 - - default default] 10.0.0.64 "PUT /v2.0/security-groups/83360c3a-284a-46e4-92b2-e300cfd94349/tags HTTP/1.1" status: 200 len: 218 time: 0.0358171
2026-02-26 04:17:32.239 10 INFO neutron.db.ovn_revision_numbers_db [None req-2084fb3b-bf50-4b02-8f45-e55be9eb69d0 - - - - - -] Successfully bumped revision number for resource a0232246-173d-4765-a044-e12978821f4b (type: ports) to 6
2026-02-26 04:17:32.262 10 INFO neutron.api.wsgi [None req-2ce64c9a-abc8-4a94-b64f-861ab602bbbf f73f0af0498144fda6cbf2cadf01398f 6417785b77ce4735aa676d9839fae9f3 - - default default] 10.0.0.64 "PUT /v2.0/security-groups/136d4fa8-65d7-470a-91a7-a0b9bde91d04/tags HTTP/1.1" status: 200 len: 227 time: 0.0267978
2026-02-26 04:17:32.294 10 INFO neutron.api.wsgi [None req-893e2487-5ac9-43a8-80ef-b989fbcb987d f73f0af0498144fda6cbf2cadf01398f 6417785b77ce4735aa676d9839fae9f3 - - default default] 10.0.0.64 "PUT /v2.0/security-groups/69c11fe3-29c6-44cd-8ae5-4d931db4f1ec/tags HTTP/1.1" status: 200 len: 212 time: 0.0272880 /var/lib/openstack/lib/python3.12/site-packages/pycadf/identifier.py:71: UserWarning: Invalid uuid: neutron. To ensure interoperability, identifiers should be a valid uuid. warnings.warn(('Invalid uuid: %s. To ensure interoperability, '
2026-02-26 04:17:32.388 10 INFO neutron.api.wsgi [None req-8dcd8e62-ca3e-4bb5-9252-0315098d45e0 f73f0af0498144fda6cbf2cadf01398f 6417785b77ce4735aa676d9839fae9f3 - - default default] 10.0.0.64 "GET /v2.0/security-groups?tags=red HTTP/1.1" status: 200 len: 4999 time: 0.0865717
2026-02-26 04:17:32.424 10 INFO neutron.api.wsgi [None req-2f603e25-8932-45a6-b83d-8a1a12d6d2d3 f73f0af0498144fda6cbf2cadf01398f 6417785b77ce4735aa676d9839fae9f3 - - default default] 10.0.0.64 "GET /v2.0/security-groups?tags=red%2Cblue HTTP/1.1" status: 200 len: 3413 time: 0.0314994
2026-02-26 04:17:32.471 10 INFO neutron.api.wsgi [None req-af717fd7-468f-4eb0-bca0-9992e7f70aa5 f73f0af0498144fda6cbf2cadf01398f 6417785b77ce4735aa676d9839fae9f3 - - default default] 10.0.0.64 "GET /v2.0/security-groups?tags-any=blue HTTP/1.1" status: 200 len: 3413 time: 0.0397298
2026-02-26 04:17:32.506 10 INFO neutron.api.wsgi [None req-c691b653-8286-4efe-a336-14331a03c77f f73f0af0498144fda6cbf2cadf01398f 6417785b77ce4735aa676d9839fae9f3 - - default default] 10.0.0.64 "GET /v2.0/security-groups?tags-any=red%2Cblue HTTP/1.1" status: 200 len: 4999 time: 0.0305789
2026-02-26 04:17:32.569 10 INFO neutron.api.wsgi [None req-d481b6ec-3e2f-49ff-8a3b-07a22424a818 f73f0af0498144fda6cbf2cadf01398f 6417785b77ce4735aa676d9839fae9f3 - - default default] 10.0.0.64 "GET /v2.0/security-groups?not-tags=red HTTP/1.1" status: 200 len: 6289 time: 0.0479186
2026-02-26 04:17:32.617 10 INFO neutron.api.wsgi [None req-f88a336b-9d41-4d41-bd95-aa1cd483d3fe f73f0af0498144fda6cbf2cadf01398f 6417785b77ce4735aa676d9839fae9f3 - - default default] 10.0.0.64 "GET /v2.0/security-groups?not-tags=red%2Cblue HTTP/1.1" status: 200 len: 7875 time: 0.0432043
2026-02-26 04:17:32.666 10 INFO neutron.api.wsgi [None req-cdfbdb25-86a1-44c5-b1e3-e51dff23f378 f73f0af0498144fda6cbf2cadf01398f 6417785b77ce4735aa676d9839fae9f3 - - default default] 10.0.0.64 "GET /v2.0/security-groups?not-tags-any=blue HTTP/1.1" status: 200 len: 7875 time: 0.0393603
2026-02-26 04:17:32.685 9 INFO neutron.api.wsgi [req-bd5a893a-69e7-4e14-a9ed-3b6bd2db5890 req-70039782-cccd-48f3-94e6-29d66e6ebd0f 24d6bd7bf0624fc29609ecc7c2900581 23ea44f377e24e83b361cad956f98f08 - - default default] 10.0.0.43 "GET /v2.0/ports?device_id=7384f6c9-8b65-4594-aff7-ca05bd83c815 HTTP/1.1" status: 200 len: 1168 time: 0.0860219
2026-02-26 04:17:32.703 10 INFO neutron.api.wsgi [None req-9950d61b-b0bb-4a32-b439-4855d5c34fb6 f73f0af0498144fda6cbf2cadf01398f 6417785b77ce4735aa676d9839fae9f3 - - default default] 10.0.0.64 "GET /v2.0/security-groups?not-tags-any=red%2Cblue HTTP/1.1" status: 200 len: 6289 time: 0.0308912
2026-02-26 04:17:32.723 9 INFO neutron.api.wsgi [req-bd5a893a-69e7-4e14-a9ed-3b6bd2db5890 req-80b170d1-a161-4b21-aa10-0c39e4189181 24d6bd7bf0624fc29609ecc7c2900581 23ea44f377e24e83b361cad956f98f08 - - default default] 10.0.0.43 "GET /v2.0/security-groups?id=675671bf-3883-45cd-bab1-8965817af9b4&fields=id&fields=name HTTP/1.1" status: 200 len: 286 time: 0.0320110
2026-02-26 04:17:32.831 10 INFO neutron.api.wsgi [None req-c065c197-34d6-4fa7-bd44-af480e457165 f73f0af0498144fda6cbf2cadf01398f 6417785b77ce4735aa676d9839fae9f3 - - default default] 10.0.0.64 "DELETE /v2.0/security-groups/c7fb29a4-3397-45da-a6c2-18f39685611f HTTP/1.1" status: 204 len: 168 time: 0.1201675
2026-02-26 04:17:32.931 10 INFO neutron.api.wsgi [None req-ff43531b-8802-4ebc-a4a3-85e0e7a814cf f73f0af0498144fda6cbf2cadf01398f 6417785b77ce4735aa676d9839fae9f3 - - default default] 10.0.0.64 "DELETE /v2.0/security-groups/83360c3a-284a-46e4-92b2-e300cfd94349 HTTP/1.1" status: 204 len: 168 time: 0.0943801
2026-02-26 04:17:33.039 10 INFO neutron.api.wsgi [req-977e1634-c4cd-465a-b53e-3e119dfa71e2 req-e6357093-18b8-474e-8ff0-d42fafda82aa 782117815c564ad88bc61ce60df47e37 eeec19e84175472581a1659248fdbc08 - - default default] 10.0.0.43 "GET /v2.0/ports?device_id=a8ee4fb4-dcc0-45c2-97d7-03bfaeb69696 HTTP/1.1" status: 200 len: 1170 time: 0.0756559
2026-02-26 04:17:33.061 10 INFO neutron.api.wsgi [None req-9311ebf9-9742-4b41-82e0-ce3c78077561 f73f0af0498144fda6cbf2cadf01398f 6417785b77ce4735aa676d9839fae9f3 - - default default] 10.0.0.64 "DELETE /v2.0/security-groups/136d4fa8-65d7-470a-91a7-a0b9bde91d04 HTTP/1.1" status: 204 len: 168 time: 0.1248810
2026-02-26 04:17:33.081 10 INFO neutron.api.wsgi [req-977e1634-c4cd-465a-b53e-3e119dfa71e2 req-a8e0a09e-dcde-4ff3-9ccf-d4260766fb29 782117815c564ad88bc61ce60df47e37 eeec19e84175472581a1659248fdbc08 - - default default] 10.0.0.43 "GET /v2.0/security-groups?id=787b4c64-6721-475f-9726-374b49ae53c3&fields=id&fields=name HTTP/1.1" status: 200 len: 312 time: 0.0375617
2026-02-26 04:17:33.158 9 INFO neutron.api.wsgi [req-e7a47deb-810b-4f4d-9408-ce8eabd18911 req-57e59936-41d8-427f-8a37-fad55cf1727d 24d6bd7bf0624fc29609ecc7c2900581 23ea44f377e24e83b361cad956f98f08 - - default default] 162.253.55.43 "GET /v2.0/ports?device_id=7384f6c9-8b65-4594-aff7-ca05bd83c815 HTTP/1.1" status: 200 len: 1168 time: 0.0350885
2026-02-26 04:17:33.182 9 INFO neutron.api.wsgi [None req-5bc04c5a-43cd-4888-a70f-d0b9ea2f38dc f73f0af0498144fda6cbf2cadf01398f 6417785b77ce4735aa676d9839fae9f3 - - default default] 10.0.0.64 "DELETE /v2.0/security-groups/69c11fe3-29c6-44cd-8ae5-4d931db4f1ec HTTP/1.1" status: 204 len: 168 time: 0.1159785
2026-02-26 04:17:33.341 9 INFO neutron.api.wsgi [None req-b1e935f0-e7e8-4744-8c6e-75b0f91c0d7e f73f0af0498144fda6cbf2cadf01398f 6417785b77ce4735aa676d9839fae9f3 - - default default] 10.0.0.64 "DELETE /v2.0/security-groups/2d8d5a0a-7f58-4305-97d7-a19ace410636 HTTP/1.1" status: 204 len: 168 time: 0.1547396
2026-02-26 04:17:33.448 9 INFO neutron.api.wsgi [req-e7a47deb-810b-4f4d-9408-ce8eabd18911 req-9109e8e1-e040-4c55-a59c-16488170c7e4 24d6bd7bf0624fc29609ecc7c2900581 23ea44f377e24e83b361cad956f98f08 - - default default] 162.253.55.43 "DELETE /v2.0/ports/a0232246-173d-4765-a044-e12978821f4b HTTP/1.1" status: 204 len: 173 time: 0.2851865
2026-02-26 04:17:33.479 9 INFO neutron.notifiers.nova [-] Nova event matching ['req-3c877241-f18c-41e9-86c3-c6dd8f705663'] response: {'server_uuid': '7384f6c9-8b65-4594-aff7-ca05bd83c815', 'name': 'network-vif-deleted', 'tag': 'a0232246-173d-4765-a044-e12978821f4b', 'status': 'completed', 'code': 200}
2026-02-26 04:17:33.717 10 INFO neutron.api.wsgi [-] 10.0.0.95 "GET / HTTP/1.1" status: 200 len: 247 time: 0.0019667
2026-02-26 04:17:33.719 10 INFO neutron.api.wsgi [-] 10.0.0.95 "GET / HTTP/1.1" status: 200 len: 247 time: 0.0013838
2026-02-26 04:17:33.812 10 INFO neutron.api.wsgi [req-37266e20-d805-4d63-a5c9-cd0c34f3775d req-3269d3a8-2d77-4ae9-853e-f50ed2f0074f 24d6bd7bf0624fc29609ecc7c2900581 23ea44f377e24e83b361cad956f98f08 - - default default] 10.0.0.43 "GET /v2.0/ports?device_id=7384f6c9-8b65-4594-aff7-ca05bd83c815 HTTP/1.1" status: 200 len: 210 time: 0.0173140
2026-02-26 04:17:34.184 10 INFO neutron.notifiers.nova [-] Nova event matching ['req-34f90738-2568-4767-ae49-4c916b3631b7'] response: {'server_uuid': '7384f6c9-8b65-4594-aff7-ca05bd83c815', 'name': 'network-vif-unplugged', 'status': 'completed', 'tag': 'a0232246-173d-4765-a044-e12978821f4b', 'code': 200}
2026-02-26 04:17:34.248 9 INFO neutron.api.wsgi [req-ce8a9433-fc12-4ff5-9ded-8a66cc60bff4 req-c30c7369-fed2-4fe2-a3bf-99bf5ed3a0ea 782117815c564ad88bc61ce60df47e37 eeec19e84175472581a1659248fdbc08 - - default default] 10.0.0.43 "GET /v2.0/ports?device_id=a8ee4fb4-dcc0-45c2-97d7-03bfaeb69696 HTTP/1.1" status: 200 len: 1170 time: 0.1047173
2026-02-26 04:17:34.289 9 INFO neutron.api.wsgi [req-ce8a9433-fc12-4ff5-9ded-8a66cc60bff4 req-3a2e1f1a-5f51-4918-822d-cd1ac7476b90 782117815c564ad88bc61ce60df47e37 eeec19e84175472581a1659248fdbc08 - - default default] 10.0.0.43 "GET /v2.0/security-groups?id=787b4c64-6721-475f-9726-374b49ae53c3&fields=id&fields=name HTTP/1.1" status: 200 len: 312 time: 0.0377893
2026-02-26 04:17:34.378 10 INFO neutron.db.ovn_revision_numbers_db [None req-aecd0853-671b-4792-a3da-81fecd53d24a e8c829ecf86546d9959658d74a1c61dd 75112619e90547f0a1d9cb77802a2d29 - - default default] Successfully bumped revision number for resource 22caa89a-2b8d-4cb8-b043-61da1507cb66 (type: security_groups) to 1
2026-02-26 04:17:34.383 10 INFO neutron.api.wsgi [req-3aa1dcb5-b145-4ee5-b7fe-89cdf2f27795 req-ef54a043-4b4a-494d-ac4d-58dcadda8ce2 782117815c564ad88bc61ce60df47e37 eeec19e84175472581a1659248fdbc08 - - default default] 10.0.0.43 "GET /v2.0/ports?device_id=a8ee4fb4-dcc0-45c2-97d7-03bfaeb69696 HTTP/1.1" status: 200 len: 1170 time: 0.0342174
2026-02-26 04:17:34.393 10 INFO neutron.db.ovn_revision_numbers_db [None req-aecd0853-671b-4792-a3da-81fecd53d24a e8c829ecf86546d9959658d74a1c61dd 75112619e90547f0a1d9cb77802a2d29 - - default default] Successfully bumped revision number for resource 170c8f76-c959-4b44-b0b3-1832dbd2ffd5 (type: security_group_rules) to 0
2026-02-26 04:17:34.408 10 INFO neutron.db.ovn_revision_numbers_db [None req-aecd0853-671b-4792-a3da-81fecd53d24a e8c829ecf86546d9959658d74a1c61dd 75112619e90547f0a1d9cb77802a2d29 - - default default] Successfully bumped revision number for resource ad73572d-ff3f-4a53-8804-ebdd6ae02dd7 (type: security_group_rules) to 0
2026-02-26 04:17:34.422 10 INFO neutron.api.wsgi [req-3aa1dcb5-b145-4ee5-b7fe-89cdf2f27795 req-c5294b62-c15b-499b-855f-8a03f40fcb13 782117815c564ad88bc61ce60df47e37 eeec19e84175472581a1659248fdbc08 - - default default] 10.0.0.43 "GET /v2.0/security-groups?id=787b4c64-6721-475f-9726-374b49ae53c3&fields=id&fields=name HTTP/1.1" status: 200 len: 312 time: 0.0327492
2026-02-26 04:17:34.425 10 INFO neutron.db.ovn_revision_numbers_db [None req-aecd0853-671b-4792-a3da-81fecd53d24a e8c829ecf86546d9959658d74a1c61dd 75112619e90547f0a1d9cb77802a2d29 - - default default] Successfully bumped revision number for resource b4d244d2-3bc0-4db0-a316-6b1df4f58363 (type: security_group_rules) to 0
2026-02-26 04:17:34.434 10 INFO neutron.db.ovn_revision_numbers_db [None req-aecd0853-671b-4792-a3da-81fecd53d24a e8c829ecf86546d9959658d74a1c61dd 75112619e90547f0a1d9cb77802a2d29 - - default default] Successfully bumped revision number for resource cd353890-a390-4340-b70d-8ad506231bc2 (type: security_group_rules) to 0
2026-02-26 04:17:34.478 10 INFO neutron.api.wsgi [None req-aecd0853-671b-4792-a3da-81fecd53d24a e8c829ecf86546d9959658d74a1c61dd 75112619e90547f0a1d9cb77802a2d29 - - default default] 10.0.0.64 "GET /v2.0/security-groups?tenant_id=d297aa3fbd634bc480bc537ce23e871e&name=default HTTP/1.1" status: 200 len: 3120 time: 0.3812718
2026-02-26 04:17:34.491 10 INFO neutron.api.wsgi [None req-97ad0c15-5eb6-45a3-9ece-baf48549d8b7 c9b797f4e3d44668ad47a21e0a154748 cebc087405c8457f883c7189b4f63a33 - - default default] 10.0.0.64 "GET /v2.0/ports?device_id=a8ee4fb4-dcc0-45c2-97d7-03bfaeb69696 HTTP/1.1" status: 200 len: 1404 time: 0.0413682
2026-02-26 04:17:34.500 10 WARNING neutron_lib.context [None req-a7045ae8-37b0-4aff-99a5-c62c3032a5ee 782117815c564ad88bc61ce60df47e37 eeec19e84175472581a1659248fdbc08 - - default default] Method 'is_advsvc' is deprecated since 2023.2 release (neutron-lib 3.8.0) and will be removed once support for the old RBAC API policies will be removed from Neutron. Please use method 'is_service_role' instead.
2026-02-26 04:17:34.907 9 INFO neutron.api.wsgi [req-8fa02fce-401b-4254-9068-4ca09e1c68c3 req-87646985-43b6-46b0-ad7a-dd9b797de49c 24d6bd7bf0624fc29609ecc7c2900581 23ea44f377e24e83b361cad956f98f08 - - default default] 10.0.0.43 "GET /v2.0/ports?device_id=7384f6c9-8b65-4594-aff7-ca05bd83c815 HTTP/1.1" status: 200 len: 210 time: 0.0170965
2026-02-26 04:17:34.983 10 INFO neutron.api.wsgi [None req-fc87fd95-2a77-42e3-b37c-eb2f0a0bf93d e8c829ecf86546d9959658d74a1c61dd 75112619e90547f0a1d9cb77802a2d29 - - default default] 10.0.0.64 "DELETE /v2.0/security-groups/22caa89a-2b8d-4cb8-b043-61da1507cb66 HTTP/1.1" status: 204 len: 168 time: 0.5001135
2026-02-26 04:17:35.004 10 WARNING neutron.scheduler.dhcp_agent_scheduler [None req-a7045ae8-37b0-4aff-99a5-c62c3032a5ee 782117815c564ad88bc61ce60df47e37 eeec19e84175472581a1659248fdbc08 - - default default] No more DHCP agents
2026-02-26 04:17:35.005 10 WARNING neutron.api.rpc.agentnotifiers.dhcp_rpc_agent_api [None req-a7045ae8-37b0-4aff-99a5-c62c3032a5ee 782117815c564ad88bc61ce60df47e37 eeec19e84175472581a1659248fdbc08 - - default default] Unable to schedule network a31a661a-6bd2-4f70-ab6b-eeea83f275be: no agents available; will retry on subsequent port and subnet creation events.
2026-02-26 04:17:35.109 9 INFO neutron.api.wsgi [None req-aa5e51c8-9052-4b48-a9f4-07140fcf64e0 e8c829ecf86546d9959658d74a1c61dd 75112619e90547f0a1d9cb77802a2d29 - - default default] 10.0.0.64 "GET /v2.0/security-groups?tenant_id=6417785b77ce4735aa676d9839fae9f3&name=default HTTP/1.1" status: 200 len: 3120 time: 0.0284522
2026-02-26 04:17:35.308 9 INFO neutron.api.wsgi [None req-524f463b-667f-448a-91cb-a376056053a4 e8c829ecf86546d9959658d74a1c61dd 75112619e90547f0a1d9cb77802a2d29 - - default default] 10.0.0.64 "DELETE /v2.0/security-groups/a613cd26-065e-4dd9-8fd1-e58a02f0a325 HTTP/1.1" status: 204 len: 168 time: 0.1940210
2026-02-26 04:17:35.571 10 INFO neutron.db.ovn_revision_numbers_db [None req-0c01f5c4-e622-45d7-9702-972a40cdc6e6 e8c829ecf86546d9959658d74a1c61dd 75112619e90547f0a1d9cb77802a2d29 - - default default] Successfully bumped revision number for resource 818d32a7-c3b3-491c-b45e-1eed2a2fca70 (type: security_groups) to 1
2026-02-26 04:17:35.579 10 INFO neutron.db.ovn_revision_numbers_db [None req-a7045ae8-37b0-4aff-99a5-c62c3032a5ee 782117815c564ad88bc61ce60df47e37 eeec19e84175472581a1659248fdbc08 - - default default] Successfully bumped revision number for resource 2053c6ed-3769-4460-a1a8-89ffca36a14f (type: floatingips) to -1
2026-02-26 04:17:35.593 10 INFO neutron.db.ovn_revision_numbers_db [None req-0c01f5c4-e622-45d7-9702-972a40cdc6e6 e8c829ecf86546d9959658d74a1c61dd 75112619e90547f0a1d9cb77802a2d29 - - default default] Successfully bumped revision number for resource 4790659c-7298-4300-8f83-8abaa072345b (type: security_group_rules) to 0
2026-02-26 04:17:35.610 10 INFO neutron.db.ovn_revision_numbers_db [None req-0c01f5c4-e622-45d7-9702-972a40cdc6e6 e8c829ecf86546d9959658d74a1c61dd 75112619e90547f0a1d9cb77802a2d29 - - default default] Successfully bumped revision number for resource 63387ad3-5253-49ed-821c-5657105572ef (type: security_group_rules) to 0
2026-02-26 04:17:35.624 10 INFO neutron.db.ovn_revision_numbers_db [None req-0c01f5c4-e622-45d7-9702-972a40cdc6e6 e8c829ecf86546d9959658d74a1c61dd 75112619e90547f0a1d9cb77802a2d29 - - default default] Successfully bumped revision number for resource a4548a1d-1acd-4324-87e1-31338967990e (type: security_group_rules) to 0
2026-02-26 04:17:35.648 10 INFO neutron.db.ovn_revision_numbers_db [None req-0c01f5c4-e622-45d7-9702-972a40cdc6e6 e8c829ecf86546d9959658d74a1c61dd 75112619e90547f0a1d9cb77802a2d29 - - default default] Successfully bumped revision number for resource f790d669-1ca2-4544-b5ee-d4916088c383 (type: security_group_rules) to 0
2026-02-26 04:17:35.675 10 INFO neutron.db.ovn_revision_numbers_db [None req-a7045ae8-37b0-4aff-99a5-c62c3032a5ee 782117815c564ad88bc61ce60df47e37 eeec19e84175472581a1659248fdbc08 - - default default] Successfully bumped revision number for resource 2053c6ed-3769-4460-a1a8-89ffca36a14f (type: floatingips) to 1
2026-02-26 04:17:35.675 10 INFO neutron.db.l3_db [None req-a7045ae8-37b0-4aff-99a5-c62c3032a5ee 782117815c564ad88bc61ce60df47e37 eeec19e84175472581a1659248fdbc08 - - default default] Floating IP 2053c6ed-3769-4460-a1a8-89ffca36a14f associated. External IP: 10.96.250.216, port: c9073ad6-7c97-4720-9b54-8d62c47dd833.
2026-02-26 04:17:35.683 10 INFO neutron.api.wsgi [None req-0c01f5c4-e622-45d7-9702-972a40cdc6e6 e8c829ecf86546d9959658d74a1c61dd 75112619e90547f0a1d9cb77802a2d29 - - default default] 10.0.0.64 "GET /v2.0/security-groups?tenant_id=811ec63a9000430ebcac5da559d25c31&name=default HTTP/1.1" status: 200 len: 3120 time: 0.2543271
2026-02-26 04:17:35.726 10 INFO neutron.api.wsgi [None req-a7045ae8-37b0-4aff-99a5-c62c3032a5ee 782117815c564ad88bc61ce60df47e37 eeec19e84175472581a1659248fdbc08 - - default default] 10.0.0.64 "POST /v2.0/floatingips HTTP/1.1" status: 201 len: 1054 time: 1.2294154 /var/lib/openstack/lib/python3.12/site-packages/pycadf/identifier.py:71: UserWarning: Invalid uuid: neutron. To ensure interoperability, identifiers should be a valid uuid. warnings.warn(('Invalid uuid: %s. To ensure interoperability, '
2026-02-26 04:17:35.770 9 INFO neutron.api.wsgi [None req-85fa1346-bd17-41d1-99b6-443cb126181f 782117815c564ad88bc61ce60df47e37 eeec19e84175472581a1659248fdbc08 - - default default] 10.0.0.64 "GET /v2.0/floatingips/2053c6ed-3769-4460-a1a8-89ffca36a14f HTTP/1.1" status: 200 len: 1051 time: 0.0382462
2026-02-26 04:17:35.909 10 INFO neutron.api.wsgi [None req-63f008ef-3f2b-48c6-bdad-b6bd7124440f e8c829ecf86546d9959658d74a1c61dd 75112619e90547f0a1d9cb77802a2d29 - - default default] 10.0.0.64 "DELETE /v2.0/security-groups/818d32a7-c3b3-491c-b45e-1eed2a2fca70 HTTP/1.1" status: 204 len: 168 time: 0.2204676
2026-02-26 04:17:35.992 10 INFO neutron.api.wsgi [req-c55289c5-c697-4e03-8efa-8392761ffcfe req-3b5391bb-90d2-4305-83bf-ab8f59392e18 24d6bd7bf0624fc29609ecc7c2900581 23ea44f377e24e83b361cad956f98f08 - - default default] 10.0.0.43 "GET /v2.0/ports?device_id=7384f6c9-8b65-4594-aff7-ca05bd83c815 HTTP/1.1" status: 200 len: 210 time: 0.0159574
2026-02-26 04:17:36.217 10 INFO neutron.notifiers.nova [-] Nova event matching ['req-97dde618-f5ac-4332-b612-6a7ea8a7b7b2'] response: {'name': 'network-changed', 'server_uuid': 'a8ee4fb4-dcc0-45c2-97d7-03bfaeb69696', 'tag': 'c9073ad6-7c97-4720-9b54-8d62c47dd833', 'status': 'completed', 'code': 200}
2026-02-26 04:17:36.762 9 INFO neutron.api.wsgi [req-d8b64533-062a-4528-bde3-c5ee48d0d52b req-c92e7e95-5454-44d6-9203-38948dd8c3a6 ed81b0baa6dc41ecab55bde9293e1c65 0997eb8867154e38ac002d84ce07617f - - eac6e0f04e8d43b8b30ebcfee323c3e3 eac6e0f04e8d43b8b30ebcfee323c3e3] 162.253.55.43 "GET /v2.0/ports?tenant_id=eeec19e84175472581a1659248fdbc08&device_id=a8ee4fb4-dcc0-45c2-97d7-03bfaeb69696 HTTP/1.1" status: 200 len: 1409 time: 0.0360293
2026-02-26 04:17:36.807 9 INFO neutron.api.wsgi [req-d8b64533-062a-4528-bde3-c5ee48d0d52b req-90ca9ac3-9445-42af-b5ae-7ccf6e745f2a ed81b0baa6dc41ecab55bde9293e1c65 0997eb8867154e38ac002d84ce07617f - - eac6e0f04e8d43b8b30ebcfee323c3e3 eac6e0f04e8d43b8b30ebcfee323c3e3] 162.253.55.43 "GET /v2.0/networks?id=63771f97-abce-4d87-8e03-f62fa959c4df HTTP/1.1" status: 200 len: 959 time: 0.0394888
2026-02-26 04:17:36.844 9 INFO neutron.api.wsgi [req-d8b64533-062a-4528-bde3-c5ee48d0d52b req-b6a8959c-20d1-4b99-aa4c-dcec1e0ee5a9 ed81b0baa6dc41ecab55bde9293e1c65 0997eb8867154e38ac002d84ce07617f - - eac6e0f04e8d43b8b30ebcfee323c3e3 eac6e0f04e8d43b8b30ebcfee323c3e3] 162.253.55.43 "GET /v2.0/floatingips?fixed_ip_address=10.100.0.6&port_id=c9073ad6-7c97-4720-9b54-8d62c47dd833 HTTP/1.1" status: 200 len: 1059 time: 0.0318019
2026-02-26 04:17:36.873 9 INFO neutron.api.wsgi [req-d8b64533-062a-4528-bde3-c5ee48d0d52b req-27ef43d5-775d-4251-a0eb-629b6209606b ed81b0baa6dc41ecab55bde9293e1c65 0997eb8867154e38ac002d84ce07617f - - eac6e0f04e8d43b8b30ebcfee323c3e3 eac6e0f04e8d43b8b30ebcfee323c3e3] 162.253.55.43 "GET /v2.0/subnets?id=f835c171-19ac-4df5-a920-4dca7497f70d HTTP/1.1" status: 200 len: 876 time: 0.0236793
2026-02-26 04:17:36.891 9 INFO neutron.api.wsgi [req-d8b64533-062a-4528-bde3-c5ee48d0d52b req-8780bdc4-a835-438a-82cb-d9b49d8ebe15 ed81b0baa6dc41ecab55bde9293e1c65 0997eb8867154e38ac002d84ce07617f - - eac6e0f04e8d43b8b30ebcfee323c3e3 eac6e0f04e8d43b8b30ebcfee323c3e3] 162.253.55.43 "GET /v2.0/ports?network_id=63771f97-abce-4d87-8e03-f62fa959c4df&device_owner=network%3Adhcp HTTP/1.1" status: 200 len: 210 time: 0.0140560
2026-02-26 04:17:36.941 9 INFO neutron.api.wsgi [req-d8b64533-062a-4528-bde3-c5ee48d0d52b req-5449aac0-5169-45e1-8dd6-58ecdb696952 ed81b0baa6dc41ecab55bde9293e1c65 0997eb8867154e38ac002d84ce07617f - - eac6e0f04e8d43b8b30ebcfee323c3e3 eac6e0f04e8d43b8b30ebcfee323c3e3] 162.253.55.43 "GET /v2.0/networks/63771f97-abce-4d87-8e03-f62fa959c4df?fields=segments HTTP/1.1" status: 200 len: 212 time: 0.0446162
2026-02-26 04:17:36.987 9 INFO neutron.api.wsgi [req-d8b64533-062a-4528-bde3-c5ee48d0d52b req-ad24bd99-929b-4827-9893-92562902697d ed81b0baa6dc41ecab55bde9293e1c65 0997eb8867154e38ac002d84ce07617f - - eac6e0f04e8d43b8b30ebcfee323c3e3 eac6e0f04e8d43b8b30ebcfee323c3e3] 162.253.55.43 "GET /v2.0/networks/63771f97-abce-4d87-8e03-f62fa959c4df?fields=provider%3Aphysical_network&fields=provider%3Anetwork_type HTTP/1.1" status: 200 len: 277 time: 0.0417781
2026-02-26 04:17:39.167 9 WARNING neutron_lib.context [None req-5c33b1f9-4aff-46d9-9840-71ba5699e8c7 57935f74759a4e45bb18e8a8e6d45829 d6241dabf60e4fd9b30543a4ddc9a94b - - default default] Method 'is_advsvc' is deprecated since 2023.2 release (neutron-lib 3.8.0) and will be removed once support for the old RBAC API policies will be removed from Neutron. Please use method 'is_service_role' instead.
2026-02-26 04:17:39.332 9 INFO neutron.db.ovn_revision_numbers_db [None req-5c33b1f9-4aff-46d9-9840-71ba5699e8c7 57935f74759a4e45bb18e8a8e6d45829 d6241dabf60e4fd9b30543a4ddc9a94b - - default default] Successfully bumped revision number for resource a67a7fe5-99d7-4ff9-a4b4-27904d23498c (type: security_groups) to 1
2026-02-26 04:17:39.347 9 INFO neutron.api.wsgi [None req-cd72bbf7-3a44-4712-a534-d69a9808da2d e8c829ecf86546d9959658d74a1c61dd 75112619e90547f0a1d9cb77802a2d29 - - default default] 10.0.0.64 "PUT /v2.0/routers/40c48739-404b-46c5-b0ae-d90f6578ccfc/remove_router_interface HTTP/1.1" status: 200 len: 503 time: 1.1676552 /var/lib/openstack/lib/python3.12/site-packages/pycadf/identifier.py:71: UserWarning: Invalid uuid: neutron. To ensure interoperability, identifiers should be a valid uuid. warnings.warn(('Invalid uuid: %s. To ensure interoperability, '
2026-02-26 04:17:39.361 9 INFO neutron.db.ovn_revision_numbers_db [None req-5c33b1f9-4aff-46d9-9840-71ba5699e8c7 57935f74759a4e45bb18e8a8e6d45829 d6241dabf60e4fd9b30543a4ddc9a94b - - default default] Successfully bumped revision number for resource 2d70732b-66b8-419b-82cd-4db824355772 (type: security_group_rules) to 0
2026-02-26 04:17:39.401 9 INFO neutron.db.ovn_revision_numbers_db [None req-5c33b1f9-4aff-46d9-9840-71ba5699e8c7 57935f74759a4e45bb18e8a8e6d45829 d6241dabf60e4fd9b30543a4ddc9a94b - - default default] Successfully bumped revision number for resource 46302c69-843c-4b95-be0c-d756367d392c (type: security_group_rules) to 0
2026-02-26 04:17:39.415 9 INFO neutron.db.ovn_revision_numbers_db [None req-5c33b1f9-4aff-46d9-9840-71ba5699e8c7 57935f74759a4e45bb18e8a8e6d45829 d6241dabf60e4fd9b30543a4ddc9a94b - - default default] Successfully bumped revision number for resource 58966942-7e46-47d9-96ee-bcada1b0c131 (type: security_group_rules) to 0
2026-02-26 04:17:39.443 9 INFO neutron.db.ovn_revision_numbers_db [None req-5c33b1f9-4aff-46d9-9840-71ba5699e8c7 57935f74759a4e45bb18e8a8e6d45829 d6241dabf60e4fd9b30543a4ddc9a94b - - default default] Successfully bumped revision number for resource 970cf5ad-b06a-401c-a0fd-224aef16f8f5 (type: security_group_rules) to 0
2026-02-26 04:17:39.521 9 INFO neutron.db.segments_db [None req-5c33b1f9-4aff-46d9-9840-71ba5699e8c7 57935f74759a4e45bb18e8a8e6d45829 d6241dabf60e4fd9b30543a4ddc9a94b - - default default] Added segment bdcf38f9-c373-4f2b-8851-8dd02d1f810a of type geneve for network 57395799-3547-4626-9105-8bab37d228d9
2026-02-26 04:17:39.639 9 INFO neutron.db.ovn_revision_numbers_db [None req-5c33b1f9-4aff-46d9-9840-71ba5699e8c7 57935f74759a4e45bb18e8a8e6d45829 d6241dabf60e4fd9b30543a4ddc9a94b - - default default] Successfully bumped revision number for resource 57395799-3547-4626-9105-8bab37d228d9 (type: networks) to 1
2026-02-26 04:17:39.803 9 WARNING neutron.scheduler.dhcp_agent_scheduler [None req-5c33b1f9-4aff-46d9-9840-71ba5699e8c7 57935f74759a4e45bb18e8a8e6d45829 d6241dabf60e4fd9b30543a4ddc9a94b - - default default] No more DHCP agents
2026-02-26 04:17:39.804 9 WARNING neutron.api.rpc.agentnotifiers.dhcp_rpc_agent_api [None req-5c33b1f9-4aff-46d9-9840-71ba5699e8c7 57935f74759a4e45bb18e8a8e6d45829 d6241dabf60e4fd9b30543a4ddc9a94b - - default default] Unable to schedule network 57395799-3547-4626-9105-8bab37d228d9: no agents available; will retry on subsequent port and subnet creation events.
2026-02-26 04:17:39.877 9 INFO neutron.db.ovn_revision_numbers_db [None req-5c33b1f9-4aff-46d9-9840-71ba5699e8c7 57935f74759a4e45bb18e8a8e6d45829 d6241dabf60e4fd9b30543a4ddc9a94b - - default default] Successfully bumped revision number for resource 94150ac2-a78a-4a5c-b9e8-2a8cb1c9feb6 (type: ports) to 1
2026-02-26 04:17:39.915 9 INFO neutron.api.wsgi [None req-5c33b1f9-4aff-46d9-9840-71ba5699e8c7 57935f74759a4e45bb18e8a8e6d45829 d6241dabf60e4fd9b30543a4ddc9a94b - - default default] 10.0.0.64 "POST /v2.0/networks HTTP/1.1" status: 201 len: 830 time: 1.1100466
2026-02-26 04:17:39.967 9 INFO neutron.api.wsgi [None req-2d99896d-6cfc-43bc-8590-c73c63862eac 57935f74759a4e45bb18e8a8e6d45829 d6241dabf60e4fd9b30543a4ddc9a94b - - default default] 10.0.0.64 "PUT /v2.0/networks/57395799-3547-4626-9105-8bab37d228d9/tags HTTP/1.1" status: 200 len: 218 time: 0.0449479
2026-02-26 04:17:40.002 10 INFO neutron.api.wsgi [None req-d06e88db-2865-470f-a6a0-71afd2eb84cc 57935f74759a4e45bb18e8a8e6d45829 d6241dabf60e4fd9b30543a4ddc9a94b - - default default] 10.0.0.64 "GET /v2.0/networks/57395799-3547-4626-9105-8bab37d228d9/tags HTTP/1.1" status: 200 len: 218 time: 0.0293620
2026-02-26 04:17:40.037 9 INFO neutron.api.wsgi [None req-ce469514-ed8f-40f4-9c7a-7c95a094c6bb e8c829ecf86546d9959658d74a1c61dd 75112619e90547f0a1d9cb77802a2d29 - - default default] 10.0.0.64 "DELETE /v2.0/routers/40c48739-404b-46c5-b0ae-d90f6578ccfc HTTP/1.1" status: 204 len: 168 time: 0.6843340
2026-02-26 04:17:40.047 10 INFO neutron.api.wsgi [None req-902e5e2f-dc88-4fa6-9466-42136be7d42f 57935f74759a4e45bb18e8a8e6d45829 d6241dabf60e4fd9b30543a4ddc9a94b - - default default] 10.0.0.64 "PUT /v2.0/networks/57395799-3547-4626-9105-8bab37d228d9/tags/green HTTP/1.1" status: 201 len: 201 time: 0.0390308
2026-02-26 04:17:40.079 9 INFO neutron.api.wsgi [None req-6acb6b73-aea8-4342-a0f9-60238e988cbc 57935f74759a4e45bb18e8a8e6d45829 d6241dabf60e4fd9b30543a4ddc9a94b - - default default] 10.0.0.64 "GET /v2.0/networks/57395799-3547-4626-9105-8bab37d228d9/tags HTTP/1.1" status: 200 len: 227 time: 0.0271788
2026-02-26 04:17:40.108 9 INFO neutron.api.wsgi [None req-b0c7757a-cd36-4cf0-9e90-0a152b2db791 57935f74759a4e45bb18e8a8e6d45829 d6241dabf60e4fd9b30543a4ddc9a94b - - default default] 10.0.0.64 "PUT /v2.0/networks/57395799-3547-4626-9105-8bab37d228d9/tags/red HTTP/1.1" status: 201 len: 201 time: 0.0238190
2026-02-26 04:17:40.134 9 INFO neutron.api.wsgi [None req-e77706c8-7139-405b-aa84-b0600fdac03f 57935f74759a4e45bb18e8a8e6d45829 d6241dabf60e4fd9b30543a4ddc9a94b - - default default] 10.0.0.64 "GET /v2.0/networks/57395799-3547-4626-9105-8bab37d228d9/tags HTTP/1.1" status: 200 len: 227 time: 0.0221508
