2026-02-26 04:18:56.653 10 INFO neutron.api.wsgi [None req-5f061620-b0e7-4d56-944b-eb567a778a81 e8c829ecf86546d9959658d74a1c61dd 75112619e90547f0a1d9cb77802a2d29 - - default default] 10.0.0.64 "DELETE /v2.0/security-groups/3cd3c2d4-e8e3-4052-b5c5-339e0d8b375d HTTP/1.1" status: 204 len: 168 time: 0.1977117
2026-02-26 04:18:56.816 9 INFO neutron.api.wsgi [None req-67f34a72-79ea-4654-8d36-86323559ae31 e8c829ecf86546d9959658d74a1c61dd 75112619e90547f0a1d9cb77802a2d29 - - default default] 10.0.0.64 "GET /v2.0/security-groups?tenant_id=2c6727be8040461c84dbad5fa87184cf&name=default HTTP/1.1" status: 200 len: 3120 time: 0.0281439
2026-02-26 04:18:57.035 9 INFO neutron.api.wsgi [None req-f0dbd428-f51f-40d5-811e-1344cec81b45 e8c829ecf86546d9959658d74a1c61dd 75112619e90547f0a1d9cb77802a2d29 - - default default] 10.0.0.64 "DELETE /v2.0/security-groups/5b322453-efea-44ca-b8ae-fabcba8fb280 HTTP/1.1" status: 204 len: 168 time: 0.2139065
2026-02-26 04:18:59.571 10 INFO neutron.api.wsgi [req-1ac59c2a-0017-400f-842c-51764b5e0499 req-f8dee060-4628-4956-80cb-9d6957759405 e8c829ecf86546d9959658d74a1c61dd 75112619e90547f0a1d9cb77802a2d29 - - default default] 10.0.0.43 "GET /v2.0/security-groups?id=3bf21cc8-8f27-4e02-9b21-c5217e8a9675&fields=id HTTP/1.1" status: 200 len: 267 time: 0.0282259
2026-02-26 04:18:59.611 10 INFO neutron.api.wsgi [req-1ac59c2a-0017-400f-842c-51764b5e0499 req-3b4e680d-020b-4ebc-980a-825451e2ae7d e8c829ecf86546d9959658d74a1c61dd 75112619e90547f0a1d9cb77802a2d29 - - default default] 10.0.0.43 "GET /v2.0/networks?id=55bad806-a738-406d-a094-0442bbd12667 HTTP/1.1" status: 200 len: 937 time: 0.0345478
2026-02-26 04:18:59.626 10 INFO neutron.api.wsgi [req-1ac59c2a-0017-400f-842c-51764b5e0499 req-bbdf4b27-c31b-4ff4-b87a-f396ced2c9b2 e8c829ecf86546d9959658d74a1c61dd 75112619e90547f0a1d9cb77802a2d29 - - default default] 10.0.0.43 "GET /v2.0/quotas/75112619e90547f0a1d9cb77802a2d29 HTTP/1.1" status: 200 len: 490 time: 0.0082290
2026-02-26 04:18:59.679 10 INFO neutron.api.wsgi [req-1ac59c2a-0017-400f-842c-51764b5e0499 req-8e8ed2e2-c333-43b8-9b0f-d7e52a2d7b52 e8c829ecf86546d9959658d74a1c61dd 75112619e90547f0a1d9cb77802a2d29 - - default default] 10.0.0.43 "GET /v2.0/ports?tenant_id=75112619e90547f0a1d9cb77802a2d29&fields=id HTTP/1.1" status: 200 len: 348 time: 0.0464826
2026-02-26 04:18:59.732 10 INFO neutron.api.wsgi [req-1ac59c2a-0017-400f-842c-51764b5e0499 req-7185268e-7ddd-4600-9799-564e991f8912 ed81b0baa6dc41ecab55bde9293e1c65 0997eb8867154e38ac002d84ce07617f - - eac6e0f04e8d43b8b30ebcfee323c3e3 eac6e0f04e8d43b8b30ebcfee323c3e3] 10.0.0.43 "GET /v2.0/networks/55bad806-a738-406d-a094-0442bbd12667?fields=segments HTTP/1.1" status: 200 len: 212 time: 0.0422451
2026-02-26 04:18:59.785 10 INFO neutron.api.wsgi [req-1ac59c2a-0017-400f-842c-51764b5e0499 req-d27e6ff9-6715-4fc3-a5c3-090da19bbfbf ed81b0baa6dc41ecab55bde9293e1c65 0997eb8867154e38ac002d84ce07617f - - eac6e0f04e8d43b8b30ebcfee323c3e3 eac6e0f04e8d43b8b30ebcfee323c3e3] 10.0.0.43 "GET /v2.0/networks/55bad806-a738-406d-a094-0442bbd12667?fields=provider%3Aphysical_network&fields=provider%3Anetwork_type HTTP/1.1" status: 200 len: 277 time: 0.0461135
2026-02-26 04:18:59.975 9 WARNING neutron_lib.context [None req-77b60e43-b69a-40ab-8407-2e0b841aa434 2c98653e299941758dd352e32dd247e7 c0df4b391bd64807a8f8c5b0d49b2aab - - default default] Method 'is_advsvc' is deprecated since 2023.2 release (neutron-lib 3.8.0) and will be removed once support for the old RBAC API policies will be removed from Neutron. Please use method 'is_service_role' instead.
2026-02-26 04:19:00.208 9 WARNING neutron.scheduler.dhcp_agent_scheduler [None req-77b60e43-b69a-40ab-8407-2e0b841aa434 2c98653e299941758dd352e32dd247e7 c0df4b391bd64807a8f8c5b0d49b2aab - - default default] No more DHCP agents
2026-02-26 04:19:00.209 9 WARNING neutron.api.rpc.agentnotifiers.dhcp_rpc_agent_api [None req-77b60e43-b69a-40ab-8407-2e0b841aa434 2c98653e299941758dd352e32dd247e7 c0df4b391bd64807a8f8c5b0d49b2aab - - default default] Unable to schedule network a31a661a-6bd2-4f70-ab6b-eeea83f275be: no agents available; will retry on subsequent port and subnet creation events.
2026-02-26 04:19:00.377 9 INFO neutron.api.wsgi [req-cb7de62f-0bc2-4156-b383-2ee0846011b8 req-125a9f0c-48b7-4779-ab65-6da06b59e6e9 e8c829ecf86546d9959658d74a1c61dd 75112619e90547f0a1d9cb77802a2d29 - - default default] 10.0.0.43 "GET /v2.0/ports?device_id=f032a8ec-478e-4494-81df-515a4729f362 HTTP/1.1" status: 200 len: 210 time: 0.0231564
2026-02-26 04:19:00.439 10 INFO neutron.api.wsgi [req-74878fb5-b11a-457e-beed-5948e0ca221f req-c3d2d198-d5b2-475a-ae2b-94c72442b270 e8c829ecf86546d9959658d74a1c61dd 75112619e90547f0a1d9cb77802a2d29 - - default default] 10.0.0.43 "GET /v2.0/ports?device_id=f032a8ec-478e-4494-81df-515a4729f362 HTTP/1.1" status: 200 len: 210 time: 0.0205970
2026-02-26 04:19:00.535 9 INFO neutron.api.wsgi [None req-77b60e43-b69a-40ab-8407-2e0b841aa434 2c98653e299941758dd352e32dd247e7 c0df4b391bd64807a8f8c5b0d49b2aab - - default default] 10.0.0.64 "POST /v2.0/floatingips HTTP/1.1" status: 201 len: 751 time: 0.6365964
2026-02-26 04:19:00.593 9 INFO neutron.api.wsgi [None req-092cad03-5c93-4d87-b07a-df274c31f742 2c98653e299941758dd352e32dd247e7 c0df4b391bd64807a8f8c5b0d49b2aab - - default default] 10.0.0.64 "PUT /v2.0/floatingips/1bd47e64-b3ba-49a4-887f-23b8782543db/tags HTTP/1.1" status: 200 len: 218 time: 0.0508354
2026-02-26 04:19:00.619 9 INFO neutron.api.wsgi [None req-5f59ac78-e04f-49e8-acf5-1ac4c0983cf6 2c98653e299941758dd352e32dd247e7 c0df4b391bd64807a8f8c5b0d49b2aab - - default default] 10.0.0.64 "GET /v2.0/floatingips/1bd47e64-b3ba-49a4-887f-23b8782543db/tags HTTP/1.1" status: 200 len: 218 time: 0.0210624
2026-02-26 04:19:00.664 9 INFO neutron.api.wsgi [None req-cca8c4cb-9dab-43c1-91c4-9cd397d6bfd8 2c98653e299941758dd352e32dd247e7 c0df4b391bd64807a8f8c5b0d49b2aab - - default default] 10.0.0.64 "PUT /v2.0/floatingips/1bd47e64-b3ba-49a4-887f-23b8782543db/tags/green HTTP/1.1" status: 201 len: 201 time: 0.0406625
2026-02-26 04:19:00.694 10 INFO neutron.api.wsgi [None req-2ec79ca1-553c-4001-bc46-14f3b3c47421 2c98653e299941758dd352e32dd247e7 c0df4b391bd64807a8f8c5b0d49b2aab - - default default] 10.0.0.64 "GET /v2.0/floatingips/1bd47e64-b3ba-49a4-887f-23b8782543db/tags HTTP/1.1" status: 200 len: 227 time: 0.0248592
2026-02-26 04:19:00.731 10 INFO neutron.api.wsgi [None req-6ce8ddf0-1ccf-4ca9-bdf3-920ff1be2800 2c98653e299941758dd352e32dd247e7 c0df4b391bd64807a8f8c5b0d49b2aab - - default default] 10.0.0.64 "PUT /v2.0/floatingips/1bd47e64-b3ba-49a4-887f-23b8782543db/tags/red HTTP/1.1" status: 201 len: 201 time: 0.0326624
2026-02-26 04:19:00.765 10 INFO neutron.api.wsgi [None req-02a9238a-4b34-495a-b583-70b21fb40b95 2c98653e299941758dd352e32dd247e7 c0df4b391bd64807a8f8c5b0d49b2aab - - default default] 10.0.0.64 "GET /v2.0/floatingips/1bd47e64-b3ba-49a4-887f-23b8782543db/tags HTTP/1.1" status: 200 len: 227 time: 0.0289807
2026-02-26 04:19:00.815 9 INFO neutron.api.wsgi [None req-b286fd43-9eeb-4c75-876d-e81e6670ea1a 2c98653e299941758dd352e32dd247e7 c0df4b391bd64807a8f8c5b0d49b2aab - - default default] 10.0.0.64 "PUT /v2.0/floatingips/1bd47e64-b3ba-49a4-887f-23b8782543db/tags/black.or.white HTTP/1.1" status: 201 len: 201 time: 0.0446224
2026-02-26 04:19:00.842 9 INFO neutron.api.wsgi [None req-6c696ce6-3239-44a1-a682-e12dc4296244 2c98653e299941758dd352e32dd247e7 c0df4b391bd64807a8f8c5b0d49b2aab - - default default] 10.0.0.64 "GET /v2.0/floatingips/1bd47e64-b3ba-49a4-887f-23b8782543db/tags HTTP/1.1" status: 200 len: 245 time: 0.0221388
2026-02-26 04:19:00.883 9 INFO neutron.api.wsgi [None req-80f2e33a-7962-4086-b097-4c50ec12a67e 2c98653e299941758dd352e32dd247e7 c0df4b391bd64807a8f8c5b0d49b2aab - - default default] 10.0.0.64 "PUT /v2.0/floatingips/1bd47e64-b3ba-49a4-887f-23b8782543db/tags HTTP/1.1" status: 200 len: 230 time: 0.0367107
2026-02-26 04:19:00.908 9 INFO neutron.api.wsgi [None req-b01e2b5d-f773-4311-9642-35538764c18a 2c98653e299941758dd352e32dd247e7 c0df4b391bd64807a8f8c5b0d49b2aab - - default default] 10.0.0.64 "GET /v2.0/floatingips/1bd47e64-b3ba-49a4-887f-23b8782543db/tags HTTP/1.1" status: 200 len: 230 time: 0.0209656
2026-02-26 04:19:00.933 9 INFO neutron.api.wsgi [None req-ecf117c0-ede0-4397-b71c-09995c8a1b13 2c98653e299941758dd352e32dd247e7 c0df4b391bd64807a8f8c5b0d49b2aab - - default default] 10.0.0.64 "GET /v2.0/floatingips/1bd47e64-b3ba-49a4-887f-23b8782543db/tags/red HTTP/1.1" status: 204 len: 168 time: 0.0210209
2026-02-26 04:19:00.956 9 INFO neutron.api.v2.resource [None req-b6ed7892-58a6-4312-9fb3-e35b1d397ae0 2c98653e299941758dd352e32dd247e7 c0df4b391bd64807a8f8c5b0d49b2aab - - default default] show failed (client error): The resource could not be found.
2026-02-26 04:19:00.956 9 INFO neutron.api.wsgi [None req-b6ed7892-58a6-4312-9fb3-e35b1d397ae0 2c98653e299941758dd352e32dd247e7 c0df4b391bd64807a8f8c5b0d49b2aab - - default default] 10.0.0.64 "GET /v2.0/floatingips/1bd47e64-b3ba-49a4-887f-23b8782543db/tags/green HTTP/1.1" status: 404 len: 299 time: 0.0190101
2026-02-26 04:19:00.990 9 INFO neutron.api.wsgi [None req-ce446c7e-cc89-41e6-b08f-d287f2a0df63 2c98653e299941758dd352e32dd247e7 c0df4b391bd64807a8f8c5b0d49b2aab - - default default] 10.0.0.64 "DELETE /v2.0/floatingips/1bd47e64-b3ba-49a4-887f-23b8782543db/tags/red HTTP/1.1" status: 204 len: 168 time: 0.0298920
2026-02-26 04:19:01.017 9 INFO neutron.api.wsgi [None req-d5cd636d-443d-43a0-9e72-7d52679262bf 2c98653e299941758dd352e32dd247e7 c0df4b391bd64807a8f8c5b0d49b2aab - - default default] 10.0.0.64 "GET /v2.0/floatingips/1bd47e64-b3ba-49a4-887f-23b8782543db/tags HTTP/1.1" status: 200 len: 223 time: 0.0223119
2026-02-26 04:19:01.046 9 INFO neutron.api.v2.resource [None req-d3e373ff-790c-4a6b-92b1-8e115edede8d 2c98653e299941758dd352e32dd247e7 c0df4b391bd64807a8f8c5b0d49b2aab - - default default] delete failed (client error): The resource could not be found.
2026-02-26 04:19:01.047 9 INFO neutron.api.wsgi [None req-d3e373ff-790c-4a6b-92b1-8e115edede8d 2c98653e299941758dd352e32dd247e7 c0df4b391bd64807a8f8c5b0d49b2aab - - default default] 10.0.0.64 "DELETE /v2.0/floatingips/1bd47e64-b3ba-49a4-887f-23b8782543db/tags/green HTTP/1.1" status: 404 len: 299 time: 0.0260165
2026-02-26 04:19:01.083 9 INFO neutron.api.wsgi [None req-4382cb96-14b1-4189-beb4-aa8e31240cff 2c98653e299941758dd352e32dd247e7 c0df4b391bd64807a8f8c5b0d49b2aab - - default default] 10.0.0.64 "DELETE /v2.0/floatingips/1bd47e64-b3ba-49a4-887f-23b8782543db/tags HTTP/1.1" status: 204 len: 168 time: 0.0321314
2026-02-26 04:19:01.106 9 INFO neutron.api.wsgi [None req-03cdeb5d-3987-4e1c-bddc-27b017b40e6b 2c98653e299941758dd352e32dd247e7 c0df4b391bd64807a8f8c5b0d49b2aab - - default default] 10.0.0.64 "GET /v2.0/floatingips/1bd47e64-b3ba-49a4-887f-23b8782543db/tags HTTP/1.1" status: 200 len: 205 time: 0.0191345
2026-02-26 04:19:01.366 9 INFO neutron.api.wsgi [None req-04fac64d-b8ee-4014-abea-6a9257cfcb7a 2c98653e299941758dd352e32dd247e7 c0df4b391bd64807a8f8c5b0d49b2aab - - default default] 10.0.0.64 "DELETE /v2.0/floatingips/1bd47e64-b3ba-49a4-887f-23b8782543db HTTP/1.1" status: 204 len: 168 time: 0.2523661
2026-02-26 04:19:02.112 10 INFO neutron.db.ovn_revision_numbers_db [None req-dbe5e94e-61d1-4a17-8345-99445a67432a e8c829ecf86546d9959658d74a1c61dd 75112619e90547f0a1d9cb77802a2d29 - - default default] Successfully bumped revision number for resource b8447fbf-d76f-4da7-893f-3a87e930e259 (type: security_groups) to 1
2026-02-26 04:19:02.127 10 INFO neutron.db.ovn_revision_numbers_db [None req-dbe5e94e-61d1-4a17-8345-99445a67432a e8c829ecf86546d9959658d74a1c61dd 75112619e90547f0a1d9cb77802a2d29 - - default default] Successfully bumped revision number for resource 38eb6423-5d6f-4f27-94e5-da4482bfa269 (type: security_group_rules) to 0
2026-02-26 04:19:02.139 10 INFO neutron.db.ovn_revision_numbers_db [None req-dbe5e94e-61d1-4a17-8345-99445a67432a e8c829ecf86546d9959658d74a1c61dd 75112619e90547f0a1d9cb77802a2d29 - - default default] Successfully bumped revision number for resource 69071fff-d589-41c4-9b8f-b6cff86aceba (type: security_group_rules) to 0
2026-02-26 04:19:02.151 10 INFO neutron.db.ovn_revision_numbers_db [None req-dbe5e94e-61d1-4a17-8345-99445a67432a e8c829ecf86546d9959658d74a1c61dd 75112619e90547f0a1d9cb77802a2d29 - - default default] Successfully bumped revision number for resource b4a46bb9-142e-4100-81ec-03fa1082244f (type: security_group_rules) to 0
2026-02-26 04:19:02.163 10 INFO neutron.db.ovn_revision_numbers_db [None req-dbe5e94e-61d1-4a17-8345-99445a67432a e8c829ecf86546d9959658d74a1c61dd 75112619e90547f0a1d9cb77802a2d29 - - default default] Successfully bumped revision number for resource d5912eba-ae55-45a8-909a-3405109d8dcc (type: security_group_rules) to 0
2026-02-26 04:19:02.178 9 INFO neutron.api.wsgi [req-2cb2f3b0-d947-450d-bdcf-b7318fdf4f0f req-631515db-6cc6-4654-bef9-d098f5dc0de2 ed81b0baa6dc41ecab55bde9293e1c65 0997eb8867154e38ac002d84ce07617f - - eac6e0f04e8d43b8b30ebcfee323c3e3 eac6e0f04e8d43b8b30ebcfee323c3e3] 162.253.55.43 "GET /v2.0/ports?device_id=a840cb4e-8e77-4eb1-85f1-49106d1a3bfa&fields=binding%3Ahost_id&fields=binding%3Avif_type HTTP/1.1" status: 200 len: 265 time: 0.0302396
2026-02-26 04:19:02.199 10 INFO neutron.api.wsgi [None req-dbe5e94e-61d1-4a17-8345-99445a67432a e8c829ecf86546d9959658d74a1c61dd 75112619e90547f0a1d9cb77802a2d29 - - default default] 10.0.0.64 "GET /v2.0/security-groups?tenant_id=c0df4b391bd64807a8f8c5b0d49b2aab&name=default HTTP/1.1" status: 200 len: 3124 time: 0.2967095
2026-02-26 04:19:02.419 9 INFO neutron.api.wsgi [None req-7e850ea2-0a4d-412d-9080-25a5fa042db7 e8c829ecf86546d9959658d74a1c61dd 75112619e90547f0a1d9cb77802a2d29 - - default default] 10.0.0.64 "DELETE /v2.0/security-groups/b8447fbf-d76f-4da7-893f-3a87e930e259 HTTP/1.1" status: 204 len: 168 time: 0.2143402
2026-02-26 04:19:02.600 10 INFO neutron.db.ovn_revision_numbers_db [None req-160736c9-8db4-48bc-8aa9-b6dcdc598aae e8c829ecf86546d9959658d74a1c61dd 75112619e90547f0a1d9cb77802a2d29 - - default default] Successfully bumped revision number for resource 3c578f69-a7be-489e-a4d2-88bd3b96102b (type: security_groups) to 1
2026-02-26 04:19:02.611 10 INFO neutron.db.ovn_revision_numbers_db [None req-160736c9-8db4-48bc-8aa9-b6dcdc598aae e8c829ecf86546d9959658d74a1c61dd 75112619e90547f0a1d9cb77802a2d29 - - default default] Successfully bumped revision number for resource 1c2318a7-2fff-40b0-b64a-e7d199de7bb3 (type: security_group_rules) to 0
2026-02-26 04:19:02.620 10 INFO neutron.db.ovn_revision_numbers_db [None req-160736c9-8db4-48bc-8aa9-b6dcdc598aae e8c829ecf86546d9959658d74a1c61dd 75112619e90547f0a1d9cb77802a2d29 - - default default] Successfully bumped revision number for resource 1d0d693b-f8f0-420e-a113-fef3254cf5dd (type: security_group_rules) to 0
2026-02-26 04:19:02.636 10 INFO neutron.db.ovn_revision_numbers_db [None req-160736c9-8db4-48bc-8aa9-b6dcdc598aae e8c829ecf86546d9959658d74a1c61dd 75112619e90547f0a1d9cb77802a2d29 - - default default] Successfully bumped revision number for resource 7119e64b-d12c-4a56-ab12-a5c13853ff3a (type: security_group_rules) to 0
2026-02-26 04:19:02.646 10 INFO neutron.db.ovn_revision_numbers_db [None req-160736c9-8db4-48bc-8aa9-b6dcdc598aae e8c829ecf86546d9959658d74a1c61dd 75112619e90547f0a1d9cb77802a2d29 - - default default] Successfully bumped revision number for resource e3cebe56-17ea-446d-b847-6982812e960a (type: security_group_rules) to 0
2026-02-26 04:19:02.676 10 INFO neutron.api.wsgi [None req-160736c9-8db4-48bc-8aa9-b6dcdc598aae e8c829ecf86546d9959658d74a1c61dd 75112619e90547f0a1d9cb77802a2d29 - - default default] 10.0.0.64 "GET /v2.0/security-groups?tenant_id=5c2b43f336294f8d9353ac976e44b783&name=default HTTP/1.1" status: 200 len: 3124 time: 0.1688483
2026-02-26 04:19:02.863 10 INFO neutron.api.wsgi [None req-0722ab4a-edbb-4f45-8bcf-b46f628b4e3e e8c829ecf86546d9959658d74a1c61dd 75112619e90547f0a1d9cb77802a2d29 - - default default] 10.0.0.64 "DELETE /v2.0/security-groups/3c578f69-a7be-489e-a4d2-88bd3b96102b HTTP/1.1" status: 204 len: 168 time: 0.1825483
2026-02-26 04:19:03.059 9 INFO neutron.api.wsgi [req-f83f7418-f838-4803-bd84-52106f14c910 req-a70ed60a-c44a-459d-b63b-e07a0f0c1efe e8c829ecf86546d9959658d74a1c61dd 75112619e90547f0a1d9cb77802a2d29 - - default default] 10.0.0.43 "GET /v2.0/ports?device_id=f032a8ec-478e-4494-81df-515a4729f362 HTTP/1.1" status: 200 len: 210 time: 0.0194883
2026-02-26 04:19:03.145 10 INFO neutron.api.wsgi [req-dc57b913-45ca-4ad4-93d5-2627833795c3 req-8305eb12-7390-4145-8745-1e1eafc66e01 e8c829ecf86546d9959658d74a1c61dd 75112619e90547f0a1d9cb77802a2d29 - - default default] 10.0.0.43 "GET /v2.0/ports?device_id=f032a8ec-478e-4494-81df-515a4729f362 HTTP/1.1" status: 200 len: 210 time: 0.0325625
2026-02-26 04:19:03.224 9 INFO neutron.api.wsgi [req-2cb2f3b0-d947-450d-bdcf-b7318fdf4f0f req-c7572a8a-f13f-472e-b31e-2f93a856bd28 ed81b0baa6dc41ecab55bde9293e1c65 0997eb8867154e38ac002d84ce07617f - - eac6e0f04e8d43b8b30ebcfee323c3e3 eac6e0f04e8d43b8b30ebcfee323c3e3] 162.253.55.43 "GET /v2.0/ports?tenant_id=9dadd51c8d7146d6a3a825d82c01b021&device_id=a840cb4e-8e77-4eb1-85f1-49106d1a3bfa HTTP/1.1" status: 200 len: 1634 time: 0.0308199
2026-02-26 04:19:03.718 10 INFO neutron.api.wsgi [-] 10.0.0.95 "GET / HTTP/1.1" status: 200 len: 247 time: 0.0025251
2026-02-26 04:19:03.718 9 INFO neutron.api.wsgi [-] 10.0.0.95 "GET / HTTP/1.1" status: 200 len: 247 time: 0.0027268
2026-02-26 04:19:03.773 9 INFO neutron.api.wsgi [req-2cb2f3b0-d947-450d-bdcf-b7318fdf4f0f req-97f92ed6-e7f0-4b67-8dd6-b860892a5039 ed81b0baa6dc41ecab55bde9293e1c65 0997eb8867154e38ac002d84ce07617f - - eac6e0f04e8d43b8b30ebcfee323c3e3 eac6e0f04e8d43b8b30ebcfee323c3e3] 162.253.55.43 "GET /v2.0/networks?id=493e7efb-3ac5-425a-ae35-9b914fa9482b HTTP/1.1" status: 200 len: 1002 time: 0.0405393
2026-02-26 04:19:03.816 9 INFO neutron.api.wsgi [req-2cb2f3b0-d947-450d-bdcf-b7318fdf4f0f req-ba50d166-d4d7-46ea-9ae1-27868bea07c6 ed81b0baa6dc41ecab55bde9293e1c65 0997eb8867154e38ac002d84ce07617f - - eac6e0f04e8d43b8b30ebcfee323c3e3 eac6e0f04e8d43b8b30ebcfee323c3e3] 162.253.55.43 "GET /v2.0/floatingips?fixed_ip_address=10.2.1.39&port_id=7808b050-f5c7-452d-91b5-ac4c8527bbce HTTP/1.1" status: 200 len: 1058 time: 0.0376773
2026-02-26 04:19:03.835 9 INFO neutron.api.wsgi [req-2cb2f3b0-d947-450d-bdcf-b7318fdf4f0f req-2a717831-a1f9-4b00-aa6b-299a28ec8f3e ed81b0baa6dc41ecab55bde9293e1c65 0997eb8867154e38ac002d84ce07617f - - eac6e0f04e8d43b8b30ebcfee323c3e3 eac6e0f04e8d43b8b30ebcfee323c3e3] 162.253.55.43 "GET /v2.0/floatingips?fixed_ip_address=fd7b%3Af9f7%3Afff%3A4eca%3A%3A366&port_id=7808b050-f5c7-452d-91b5-ac4c8527bbce HTTP/1.1" status: 200 len: 217 time: 0.0147073
2026-02-26 04:19:03.864 9 INFO neutron.api.wsgi [req-2cb2f3b0-d947-450d-bdcf-b7318fdf4f0f req-ec5353ad-86e8-43bf-8e32-be8d1b3b62cd ed81b0baa6dc41ecab55bde9293e1c65 0997eb8867154e38ac002d84ce07617f - - eac6e0f04e8d43b8b30ebcfee323c3e3 eac6e0f04e8d43b8b30ebcfee323c3e3] 162.253.55.43 "GET /v2.0/subnets?id=8724267a-7be3-4122-bbb9-3d86c66d99cf&id=b9c25157-97b1-483c-96b5-dce70ecc1794 HTTP/1.1" status: 200 len: 1610 time: 0.0238366
2026-02-26 04:19:03.883 9 INFO neutron.api.wsgi [req-2cb2f3b0-d947-450d-bdcf-b7318fdf4f0f req-2430fddd-c8ac-402f-a038-3218a53f3d7d ed81b0baa6dc41ecab55bde9293e1c65 0997eb8867154e38ac002d84ce07617f - - eac6e0f04e8d43b8b30ebcfee323c3e3 eac6e0f04e8d43b8b30ebcfee323c3e3] 162.253.55.43 "GET /v2.0/ports?network_id=493e7efb-3ac5-425a-ae35-9b914fa9482b&device_owner=network%3Adhcp HTTP/1.1" status: 200 len: 210 time: 0.0138497
2026-02-26 04:19:03.904 9 INFO neutron.api.wsgi [req-2cb2f3b0-d947-450d-bdcf-b7318fdf4f0f req-20bfe3a4-60c5-43e2-8212-eca893da50a5 ed81b0baa6dc41ecab55bde9293e1c65 0997eb8867154e38ac002d84ce07617f - - eac6e0f04e8d43b8b30ebcfee323c3e3 eac6e0f04e8d43b8b30ebcfee323c3e3] 162.253.55.43 "GET /v2.0/ports?network_id=493e7efb-3ac5-425a-ae35-9b914fa9482b&device_owner=network%3Adhcp HTTP/1.1" status: 200 len: 210 time: 0.0155606
2026-02-26 04:19:03.948 9 INFO neutron.api.wsgi [req-2cb2f3b0-d947-450d-bdcf-b7318fdf4f0f req-3f704ce9-76d8-4c6f-9232-dd86599cf1fc ed81b0baa6dc41ecab55bde9293e1c65 0997eb8867154e38ac002d84ce07617f - - eac6e0f04e8d43b8b30ebcfee323c3e3 eac6e0f04e8d43b8b30ebcfee323c3e3] 162.253.55.43 "GET /v2.0/networks/493e7efb-3ac5-425a-ae35-9b914fa9482b?fields=segments HTTP/1.1" status: 200 len: 212 time: 0.0392637
2026-02-26 04:19:03.993 9 INFO neutron.api.wsgi [req-2cb2f3b0-d947-450d-bdcf-b7318fdf4f0f req-1477b73c-9eeb-4afc-8016-e843ac7af901 ed81b0baa6dc41ecab55bde9293e1c65 0997eb8867154e38ac002d84ce07617f - - eac6e0f04e8d43b8b30ebcfee323c3e3 eac6e0f04e8d43b8b30ebcfee323c3e3] 162.253.55.43 "GET /v2.0/networks/493e7efb-3ac5-425a-ae35-9b914fa9482b?fields=provider%3Aphysical_network&fields=provider%3Anetwork_type HTTP/1.1" status: 200 len: 277 time: 0.0395057
2026-02-26 04:19:04.341 9 INFO neutron.api.wsgi [req-1ac59c2a-0017-400f-842c-51764b5e0499 req-99390502-3da4-4798-9ef5-50758555d0cf e8c829ecf86546d9959658d74a1c61dd 75112619e90547f0a1d9cb77802a2d29 - - default default] 162.253.55.43 "GET /v2.0/networks?id=55bad806-a738-406d-a094-0442bbd12667 HTTP/1.1" status: 200 len: 937 time: 0.0469341
2026-02-26 04:19:04.388 9 INFO neutron.api.wsgi [req-1ac59c2a-0017-400f-842c-51764b5e0499 req-992f3e56-a3b9-4006-a8d3-3d6b34e4fe57 e8c829ecf86546d9959658d74a1c61dd 75112619e90547f0a1d9cb77802a2d29 - - default default] 162.253.55.43 "GET /v2.0/security-groups?fields=id&fields=name&tenant_id=75112619e90547f0a1d9cb77802a2d29 HTTP/1.1" status: 200 len: 542 time: 0.0417092
2026-02-26 04:19:04.606 9 WARNING neutron.scheduler.dhcp_agent_scheduler [req-1ac59c2a-0017-400f-842c-51764b5e0499 req-244d4769-48d7-46ea-862d-0fe2b9da5ecc e8c829ecf86546d9959658d74a1c61dd 75112619e90547f0a1d9cb77802a2d29 - - default default] No more DHCP agents
2026-02-26 04:19:04.607 9 WARNING neutron.api.rpc.agentnotifiers.dhcp_rpc_agent_api [req-1ac59c2a-0017-400f-842c-51764b5e0499 req-244d4769-48d7-46ea-862d-0fe2b9da5ecc e8c829ecf86546d9959658d74a1c61dd 75112619e90547f0a1d9cb77802a2d29 - - default default] Unable to schedule network 55bad806-a738-406d-a094-0442bbd12667: no agents available; will retry on subsequent port and subnet creation events.
2026-02-26 04:19:04.720 9 INFO neutron.db.ovn_revision_numbers_db [req-1ac59c2a-0017-400f-842c-51764b5e0499 req-244d4769-48d7-46ea-862d-0fe2b9da5ecc e8c829ecf86546d9959658d74a1c61dd 75112619e90547f0a1d9cb77802a2d29 - - default default] Successfully bumped revision number for resource 5ffa9a03-a908-4dc2-b05e-aec68be69c15 (type: ports) to 1
2026-02-26 04:19:04.739 9 INFO neutron.api.wsgi [req-1ac59c2a-0017-400f-842c-51764b5e0499 req-244d4769-48d7-46ea-862d-0fe2b9da5ecc e8c829ecf86546d9959658d74a1c61dd 75112619e90547f0a1d9cb77802a2d29 - - default default] 162.253.55.43 "POST /v2.0/ports HTTP/1.1" status: 201 len: 1283 time: 0.3462341 /var/lib/openstack/lib/python3.12/site-packages/pycadf/identifier.py:71: UserWarning: Invalid uuid: neutron. To ensure interoperability, identifiers should be a valid uuid. warnings.warn(('Invalid uuid: %s. To ensure interoperability, '
2026-02-26 04:19:05.056 9 INFO neutron.db.ovn_revision_numbers_db [req-1ac59c2a-0017-400f-842c-51764b5e0499 req-ea76215f-e5fc-4933-adc5-5e3fd0893167 ed81b0baa6dc41ecab55bde9293e1c65 0997eb8867154e38ac002d84ce07617f - - eac6e0f04e8d43b8b30ebcfee323c3e3 eac6e0f04e8d43b8b30ebcfee323c3e3] Successfully bumped revision number for resource 5ffa9a03-a908-4dc2-b05e-aec68be69c15 (type: ports) to 2
2026-02-26 04:19:05.313 9 INFO neutron.db.ovn_revision_numbers_db [req-1ac59c2a-0017-400f-842c-51764b5e0499 req-ea76215f-e5fc-4933-adc5-5e3fd0893167 ed81b0baa6dc41ecab55bde9293e1c65 0997eb8867154e38ac002d84ce07617f - - eac6e0f04e8d43b8b30ebcfee323c3e3 eac6e0f04e8d43b8b30ebcfee323c3e3] Successfully bumped revision number for resource 5ffa9a03-a908-4dc2-b05e-aec68be69c15 (type: ports) to 4
2026-02-26 04:19:05.349 9 INFO neutron.api.wsgi [req-1ac59c2a-0017-400f-842c-51764b5e0499 req-ea76215f-e5fc-4933-adc5-5e3fd0893167 ed81b0baa6dc41ecab55bde9293e1c65 0997eb8867154e38ac002d84ce07617f - - eac6e0f04e8d43b8b30ebcfee323c3e3 eac6e0f04e8d43b8b30ebcfee323c3e3] 162.253.55.43 "PUT /v2.0/ports/5ffa9a03-a908-4dc2-b05e-aec68be69c15 HTTP/1.1" status: 200 len: 1408 time: 0.6035011
2026-02-26 04:19:05.396 9 INFO neutron.notifiers.nova [-] Nova event matching ['req-ba660c29-f53e-4014-95a4-eeb2b183692f'] response: {'name': 'network-changed', 'server_uuid': 'f032a8ec-478e-4494-81df-515a4729f362', 'tag': '5ffa9a03-a908-4dc2-b05e-aec68be69c15', 'status': 'completed', 'code': 200} /var/lib/openstack/lib/python3.12/site-packages/pycadf/identifier.py:71: UserWarning: Invalid uuid: neutron. To ensure interoperability, identifiers should be a valid uuid. warnings.warn(('Invalid uuid: %s. To ensure interoperability, '
2026-02-26 04:19:05.940 9 INFO neutron.api.wsgi [req-9af2dd36-c2b4-4aa1-b5da-88d26cf5fcb8 req-2eebaa76-4a8c-40de-8dec-4dd1c2889c04 ed81b0baa6dc41ecab55bde9293e1c65 0997eb8867154e38ac002d84ce07617f - - eac6e0f04e8d43b8b30ebcfee323c3e3 eac6e0f04e8d43b8b30ebcfee323c3e3] 162.253.55.43 "GET /v2.0/ports?tenant_id=75112619e90547f0a1d9cb77802a2d29&device_id=f032a8ec-478e-4494-81df-515a4729f362 HTTP/1.1" status: 200 len: 1411 time: 0.0352397
2026-02-26 04:19:05.941 10 WARNING neutron_lib.context [None req-5c75dd08-1f3c-4788-ae70-88add5f1f8f3 a4fb6191694c45bb899d0cc4ba306b85 e823f89a550e47bda8ddf5575e02cc2a - - default default] Method 'is_advsvc' is deprecated since 2023.2 release (neutron-lib 3.8.0) and will be removed once support for the old RBAC API policies will be removed from Neutron. Please use method 'is_service_role' instead.
2026-02-26 04:19:05.989 9 INFO neutron.api.wsgi [req-9af2dd36-c2b4-4aa1-b5da-88d26cf5fcb8 req-42ce34b4-e65b-4d4e-b866-fa64ffd94784 ed81b0baa6dc41ecab55bde9293e1c65 0997eb8867154e38ac002d84ce07617f - - eac6e0f04e8d43b8b30ebcfee323c3e3 eac6e0f04e8d43b8b30ebcfee323c3e3] 162.253.55.43 "GET /v2.0/networks?tenant_id=75112619e90547f0a1d9cb77802a2d29&shared=False HTTP/1.1" status: 200 len: 937 time: 0.0426333
2026-02-26 04:19:06.032 9 INFO neutron.api.wsgi [req-9af2dd36-c2b4-4aa1-b5da-88d26cf5fcb8 req-cca4f73a-887d-42d6-80d8-95722df81997 ed81b0baa6dc41ecab55bde9293e1c65 0997eb8867154e38ac002d84ce07617f - - eac6e0f04e8d43b8b30ebcfee323c3e3 eac6e0f04e8d43b8b30ebcfee323c3e3] 162.253.55.43 "GET /v2.0/networks?shared=True HTTP/1.1" status: 200 len: 952 time: 0.0396721
2026-02-26 04:19:06.067 10 INFO neutron.db.ovn_revision_numbers_db [None req-5c75dd08-1f3c-4788-ae70-88add5f1f8f3 a4fb6191694c45bb899d0cc4ba306b85 e823f89a550e47bda8ddf5575e02cc2a - - default default] Successfully bumped revision number for resource df54c129-f330-4d71-a39c-2ee27fbaed03 (type: security_groups) to 1
2026-02-26 04:19:06.081 10 INFO neutron.db.ovn_revision_numbers_db [None req-5c75dd08-1f3c-4788-ae70-88add5f1f8f3 a4fb6191694c45bb899d0cc4ba306b85 e823f89a550e47bda8ddf5575e02cc2a - - default default] Successfully bumped revision number for resource 32153daa-f06a-4207-86a2-0fe6211e7877 (type: security_group_rules) to 0
2026-02-26 04:19:06.084 9 INFO neutron.api.wsgi [req-51fc5c97-c5f1-41ce-a1ab-a84e980ac1ea req-088d3935-b83f-4e52-bb68-76aa53e24346 e8c829ecf86546d9959658d74a1c61dd 75112619e90547f0a1d9cb77802a2d29 - - default default] 10.0.0.43 "GET /v2.0/ports?device_id=f032a8ec-478e-4494-81df-515a4729f362 HTTP/1.1" status: 200 len: 1411 time: 0.0269029
2026-02-26 04:19:06.093 10 INFO neutron.db.ovn_revision_numbers_db [None req-5c75dd08-1f3c-4788-ae70-88add5f1f8f3 a4fb6191694c45bb899d0cc4ba306b85 e823f89a550e47bda8ddf5575e02cc2a - - default default] Successfully bumped revision number for resource 5d1b84e2-14a7-4752-a5bb-7a1b7379b9ce (type: security_group_rules) to 0
2026-02-26 04:19:06.105 10 INFO neutron.db.ovn_revision_numbers_db [None req-5c75dd08-1f3c-4788-ae70-88add5f1f8f3 a4fb6191694c45bb899d0cc4ba306b85 e823f89a550e47bda8ddf5575e02cc2a - - default default] Successfully bumped revision number for resource c7057533-a32e-4987-a47b-3240d526e22c (type: security_group_rules) to 0
2026-02-26 04:19:06.117 10 INFO neutron.db.ovn_revision_numbers_db [None req-5c75dd08-1f3c-4788-ae70-88add5f1f8f3 a4fb6191694c45bb899d0cc4ba306b85 e823f89a550e47bda8ddf5575e02cc2a - - default default] Successfully bumped revision number for resource c8e03253-4b9b-45ab-9ebe-9c828aa3fff1 (type: security_group_rules) to 0
2026-02-26 04:19:06.117 9 INFO neutron.api.wsgi [req-51fc5c97-c5f1-41ce-a1ab-a84e980ac1ea req-64380f55-240f-4523-9153-5d2901309eba e8c829ecf86546d9959658d74a1c61dd 75112619e90547f0a1d9cb77802a2d29 - - default default] 10.0.0.43 "GET /v2.0/security-groups?id=3bf21cc8-8f27-4e02-9b21-c5217e8a9675&fields=id&fields=name HTTP/1.1" status: 200 len: 294 time: 0.0265954
2026-02-26 04:19:06.190 10 INFO neutron.db.segments_db [None req-5c75dd08-1f3c-4788-ae70-88add5f1f8f3 a4fb6191694c45bb899d0cc4ba306b85 e823f89a550e47bda8ddf5575e02cc2a - - default default] Added segment 7e19b99a-387b-4469-88bf-b6541dea26d6 of type geneve for network e0311235-07ce-4948-9e68-6e0dad2e5707
2026-02-26 04:19:06.198 10 INFO neutron.api.wsgi [req-f156d9e1-4b12-4ca9-8a59-8a530d9f1c45 req-45ce7303-b871-4352-84da-f33d905707ef e8c829ecf86546d9959658d74a1c61dd 75112619e90547f0a1d9cb77802a2d29 - - default default] 10.0.0.43 "GET /v2.0/ports?device_id=f032a8ec-478e-4494-81df-515a4729f362 HTTP/1.1" status: 200 len: 1411 time: 0.0348594
2026-02-26 04:19:06.300 10 INFO neutron.db.ovn_revision_numbers_db [None req-5c75dd08-1f3c-4788-ae70-88add5f1f8f3 a4fb6191694c45bb899d0cc4ba306b85 e823f89a550e47bda8ddf5575e02cc2a - - default default] Successfully bumped revision number for resource e0311235-07ce-4948-9e68-6e0dad2e5707 (type: networks) to 1
2026-02-26 04:19:06.427 10 WARNING neutron.scheduler.dhcp_agent_scheduler [None req-5c75dd08-1f3c-4788-ae70-88add5f1f8f3 a4fb6191694c45bb899d0cc4ba306b85 e823f89a550e47bda8ddf5575e02cc2a - - default default] No more DHCP agents
2026-02-26 04:19:06.428 10 WARNING neutron.api.rpc.agentnotifiers.dhcp_rpc_agent_api [None req-5c75dd08-1f3c-4788-ae70-88add5f1f8f3 a4fb6191694c45bb899d0cc4ba306b85 e823f89a550e47bda8ddf5575e02cc2a - - default default] Unable to schedule network e0311235-07ce-4948-9e68-6e0dad2e5707: no agents available; will retry on subsequent port and subnet creation events.
2026-02-26 04:19:06.483 10 INFO neutron.db.ovn_revision_numbers_db [None req-5c75dd08-1f3c-4788-ae70-88add5f1f8f3 a4fb6191694c45bb899d0cc4ba306b85 e823f89a550e47bda8ddf5575e02cc2a - - default default] Successfully bumped revision number for resource 0277c0b9-0ab8-4260-a3f1-81f87c4f12b3 (type: ports) to 1
2026-02-26 04:19:06.504 10 INFO neutron.api.wsgi [None req-5c75dd08-1f3c-4788-ae70-88add5f1f8f3 a4fb6191694c45bb899d0cc4ba306b85 e823f89a550e47bda8ddf5575e02cc2a - - default default] 10.0.0.64 "POST /v2.0/networks HTTP/1.1" status: 201 len: 829 time: 0.7009385
2026-02-26 04:19:06.517 10 WARNING neutron_lib.context [None req-f265e05b-b9e0-4670-8cd1-edccee5847e7 a4fb6191694c45bb899d0cc4ba306b85 e823f89a550e47bda8ddf5575e02cc2a - - default default] Method 'is_advsvc' is deprecated since 2023.2 release (neutron-lib 3.8.0) and will be removed once support for the old RBAC API policies will be removed from Neutron. Please use method 'is_service_role' instead.
2026-02-26 04:19:06.727 10 WARNING neutron.scheduler.dhcp_agent_scheduler [None req-f265e05b-b9e0-4670-8cd1-edccee5847e7 a4fb6191694c45bb899d0cc4ba306b85 e823f89a550e47bda8ddf5575e02cc2a - - default default] No more DHCP agents
2026-02-26 04:19:06.728 10 WARNING neutron.api.rpc.agentnotifiers.dhcp_rpc_agent_api [None req-f265e05b-b9e0-4670-8cd1-edccee5847e7 a4fb6191694c45bb899d0cc4ba306b85 e823f89a550e47bda8ddf5575e02cc2a - - default default] Unable to schedule network e0311235-07ce-4948-9e68-6e0dad2e5707: no agents available; will retry on subsequent port and subnet creation events.
2026-02-26 04:19:06.784 10 INFO neutron.db.ovn_revision_numbers_db [None req-f265e05b-b9e0-4670-8cd1-edccee5847e7 a4fb6191694c45bb899d0cc4ba306b85 e823f89a550e47bda8ddf5575e02cc2a - - default default] Successfully bumped revision number for resource 77c359e9-9869-4055-af9c-1cec56d73de9 (type: ports) to 1
2026-02-26 04:19:06.803 10 INFO neutron.api.wsgi [None req-f265e05b-b9e0-4670-8cd1-edccee5847e7 a4fb6191694c45bb899d0cc4ba306b85 e823f89a550e47bda8ddf5575e02cc2a - - default default] 10.0.0.64 "POST /v2.0/ports HTTP/1.1" status: 201 len: 942 time: 0.2919822 /var/lib/openstack/lib/python3.12/site-packages/pycadf/identifier.py:71: UserWarning: Invalid uuid: neutron. To ensure interoperability, identifiers should be a valid uuid. warnings.warn(('Invalid uuid: %s. To ensure interoperability, '
2026-02-26 04:19:06.844 10 INFO neutron.api.wsgi [None req-4ca7f5e2-8273-4c9c-bb43-9385456676f1 a4fb6191694c45bb899d0cc4ba306b85 e823f89a550e47bda8ddf5575e02cc2a - - default default] 10.0.0.64 "PUT /v2.0/ports/77c359e9-9869-4055-af9c-1cec56d73de9/tags HTTP/1.1" status: 200 len: 218 time: 0.0349591
2026-02-26 04:19:06.875 10 INFO neutron.api.wsgi [None req-c246b05f-d7f2-4503-a199-740a8defe3e2 a4fb6191694c45bb899d0cc4ba306b85 e823f89a550e47bda8ddf5575e02cc2a - - default default] 10.0.0.64 "GET /v2.0/ports/77c359e9-9869-4055-af9c-1cec56d73de9/tags HTTP/1.1" status: 200 len: 218 time: 0.0257792
2026-02-26 04:19:06.915 10 INFO neutron.api.wsgi [None req-22185351-e64e-4e5d-9add-9eda469c13b4 a4fb6191694c45bb899d0cc4ba306b85 e823f89a550e47bda8ddf5575e02cc2a - - default default] 10.0.0.64 "PUT /v2.0/ports/77c359e9-9869-4055-af9c-1cec56d73de9/tags/green HTTP/1.1" status: 201 len: 201 time: 0.0368178
2026-02-26 04:19:06.943 10 INFO neutron.api.wsgi [None req-44f3cacf-5afb-4256-b22f-78232d85f7c7 a4fb6191694c45bb899d0cc4ba306b85 e823f89a550e47bda8ddf5575e02cc2a - - default default] 10.0.0.64 "GET /v2.0/ports/77c359e9-9869-4055-af9c-1cec56d73de9/tags HTTP/1.1" status: 200 len: 227 time: 0.0238147
2026-02-26 04:19:06.976 10 INFO neutron.api.wsgi [None req-51983e7b-46b2-412d-a587-7f8a00875b68 a4fb6191694c45bb899d0cc4ba306b85 e823f89a550e47bda8ddf5575e02cc2a - - default default] 10.0.0.64 "PUT /v2.0/ports/77c359e9-9869-4055-af9c-1cec56d73de9/tags/red HTTP/1.1" status: 201 len: 201 time: 0.0297391
2026-02-26 04:19:07.011 10 INFO neutron.api.wsgi [None req-5b82f29e-c1c4-4601-be76-f174570b235c a4fb6191694c45bb899d0cc4ba306b85 e823f89a550e47bda8ddf5575e02cc2a - - default default] 10.0.0.64 "GET /v2.0/ports/77c359e9-9869-4055-af9c-1cec56d73de9/tags HTTP/1.1" status: 200 len: 227 time: 0.0303237
2026-02-26 04:19:07.054 10 INFO neutron.api.wsgi [None req-70548ae7-6b62-4ab2-86c8-947e5fd227ae a4fb6191694c45bb899d0cc4ba306b85 e823f89a550e47bda8ddf5575e02cc2a - - default default] 10.0.0.64 "PUT /v2.0/ports/77c359e9-9869-4055-af9c-1cec56d73de9/tags/black.or.white HTTP/1.1" status: 201 len: 201 time: 0.0380719
2026-02-26 04:19:07.078 9 INFO neutron.api.wsgi [req-1ac59c2a-0017-400f-842c-51764b5e0499 req-34f50dd1-a00a-4b9e-beda-52904f0b7bc5 ed81b0baa6dc41ecab55bde9293e1c65 0997eb8867154e38ac002d84ce07617f - - eac6e0f04e8d43b8b30ebcfee323c3e3 eac6e0f04e8d43b8b30ebcfee323c3e3] 162.253.55.43 "GET /v2.0/ports?tenant_id=75112619e90547f0a1d9cb77802a2d29&device_id=f032a8ec-478e-4494-81df-515a4729f362 HTTP/1.1" status: 200 len: 1411 time: 0.0335007
2026-02-26 04:19:07.085 10 INFO neutron.api.wsgi [None req-b7828944-263e-4458-9c07-f9aa7a8744a4 a4fb6191694c45bb899d0cc4ba306b85 e823f89a550e47bda8ddf5575e02cc2a - - default default] 10.0.0.64 "GET /v2.0/ports/77c359e9-9869-4055-af9c-1cec56d73de9/tags HTTP/1.1" status: 200 len: 245 time: 0.0262082
2026-02-26 04:19:07.099 9 INFO neutron.api.wsgi [req-1ac59c2a-0017-400f-842c-51764b5e0499 req-a06ddef8-840d-4f55-8e12-9822bd777019 ed81b0baa6dc41ecab55bde9293e1c65 0997eb8867154e38ac002d84ce07617f - - eac6e0f04e8d43b8b30ebcfee323c3e3 eac6e0f04e8d43b8b30ebcfee323c3e3] 162.253.55.43 "GET /v2.0/floatingips?fixed_ip_address=172.24.2.65&port_id=5ffa9a03-a908-4dc2-b05e-aec68be69c15 HTTP/1.1" status: 200 len: 217 time: 0.0162892
2026-02-26 04:19:07.124 9 INFO neutron.api.wsgi [req-1ac59c2a-0017-400f-842c-51764b5e0499 req-65ca15b5-952e-4f8b-83a5-7f368df2d3b6 ed81b0baa6dc41ecab55bde9293e1c65 0997eb8867154e38ac002d84ce07617f - - eac6e0f04e8d43b8b30ebcfee323c3e3 eac6e0f04e8d43b8b30ebcfee323c3e3] 162.253.55.43 "GET /v2.0/subnets?id=ddb71ba4-426c-445a-b9c0-b83dbaac1b5e HTTP/1.1" status: 200 len: 853 time: 0.0188715
2026-02-26 04:19:07.127 10 INFO neutron.api.wsgi [None req-9e6b634b-5c44-4abe-ab2d-b9692b25a4fd a4fb6191694c45bb899d0cc4ba306b85 e823f89a550e47bda8ddf5575e02cc2a - - default default] 10.0.0.64 "PUT /v2.0/ports/77c359e9-9869-4055-af9c-1cec56d73de9/tags HTTP/1.1" status: 200 len: 230 time: 0.0372043
2026-02-26 04:19:07.145 9 INFO neutron.api.wsgi [req-1ac59c2a-0017-400f-842c-51764b5e0499 req-b5c499f9-911e-447e-b933-8ae9e7e99834 ed81b0baa6dc41ecab55bde9293e1c65 0997eb8867154e38ac002d84ce07617f - - eac6e0f04e8d43b8b30ebcfee323c3e3 eac6e0f04e8d43b8b30ebcfee323c3e3] 162.253.55.43 "GET /v2.0/ports?network_id=55bad806-a738-406d-a094-0442bbd12667&device_owner=network%3Adhcp HTTP/1.1" status: 200 len: 210 time: 0.0147309
2026-02-26 04:19:07.158 10 INFO neutron.api.wsgi [None req-778747ae-2625-45f0-8b68-e78a003d14a9 a4fb6191694c45bb899d0cc4ba306b85 e823f89a550e47bda8ddf5575e02cc2a - - default default] 10.0.0.64 "GET /v2.0/ports/77c359e9-9869-4055-af9c-1cec56d73de9/tags HTTP/1.1" status: 200 len: 230 time: 0.0253792
2026-02-26 04:19:07.199 9 INFO neutron.api.wsgi [req-1ac59c2a-0017-400f-842c-51764b5e0499 req-145b9436-bf3d-4eba-96d9-157520a0f9b8 ed81b0baa6dc41ecab55bde9293e1c65 0997eb8867154e38ac002d84ce07617f - - eac6e0f04e8d43b8b30ebcfee323c3e3 eac6e0f04e8d43b8b30ebcfee323c3e3] 162.253.55.43 "GET /v2.0/networks/55bad806-a738-406d-a094-0442bbd12667?fields=segments HTTP/1.1" status: 200 len: 212 time: 0.0478551
2026-02-26 04:19:07.199 10 INFO neutron.api.wsgi [None req-f9158002-dc1b-4d6a-ba1c-e8de5de9af09 a4fb6191694c45bb899d0cc4ba306b85 e823f89a550e47bda8ddf5575e02cc2a - - default default] 10.0.0.64 "GET /v2.0/ports/77c359e9-9869-4055-af9c-1cec56d73de9/tags/red HTTP/1.1" status: 204 len: 168 time: 0.0373259
2026-02-26 04:19:07.231 10 INFO neutron.api.v2.resource [None req-a7eadffc-768d-4383-8b3c-0dbc525b459a a4fb6191694c45bb899d0cc4ba306b85 e823f89a550e47bda8ddf5575e02cc2a - - default default] show failed (client error): The resource could not be found.
2026-02-26 04:19:07.233 10 INFO neutron.api.wsgi [None req-a7eadffc-768d-4383-8b3c-0dbc525b459a a4fb6191694c45bb899d0cc4ba306b85 e823f89a550e47bda8ddf5575e02cc2a - - default default] 10.0.0.64 "GET /v2.0/ports/77c359e9-9869-4055-af9c-1cec56d73de9/tags/green HTTP/1.1" status: 404 len: 299 time: 0.0269742
2026-02-26 04:19:07.237 9 INFO neutron.api.wsgi [req-1ac59c2a-0017-400f-842c-51764b5e0499 req-3dc2a381-7509-4e58-807b-4c409eb1efe0 ed81b0baa6dc41ecab55bde9293e1c65 0997eb8867154e38ac002d84ce07617f - - eac6e0f04e8d43b8b30ebcfee323c3e3 eac6e0f04e8d43b8b30ebcfee323c3e3] 162.253.55.43 "GET /v2.0/networks/55bad806-a738-406d-a094-0442bbd12667?fields=provider%3Aphysical_network&fields=provider%3Anetwork_type HTTP/1.1" status: 200 len: 277 time: 0.0357766
2026-02-26 04:19:07.271 10 INFO neutron.api.wsgi [None req-a0b43fcb-3630-41f2-a49b-92cc911745be a4fb6191694c45bb899d0cc4ba306b85 e823f89a550e47bda8ddf5575e02cc2a - - default default] 10.0.0.64 "DELETE /v2.0/ports/77c359e9-9869-4055-af9c-1cec56d73de9/tags/red HTTP/1.1" status: 204 len: 168 time: 0.0348849
2026-02-26 04:19:07.303 10 INFO neutron.api.wsgi [None req-320d5380-413e-4677-bcea-7f0fd6a98a7b a4fb6191694c45bb899d0cc4ba306b85 e823f89a550e47bda8ddf5575e02cc2a - - default default] 10.0.0.64 "GET /v2.0/ports/77c359e9-9869-4055-af9c-1cec56d73de9/tags HTTP/1.1" status: 200 len: 223 time: 0.0277388
2026-02-26 04:19:07.333 10 INFO neutron.api.v2.resource [None req-70b6e920-170c-47cf-b8dd-24761024137c a4fb6191694c45bb899d0cc4ba306b85 e823f89a550e47bda8ddf5575e02cc2a - - default default] delete failed (client error): The resource could not be found.
2026-02-26 04:19:07.335 10 INFO neutron.api.wsgi [None req-70b6e920-170c-47cf-b8dd-24761024137c a4fb6191694c45bb899d0cc4ba306b85 e823f89a550e47bda8ddf5575e02cc2a - - default default] 10.0.0.64 "DELETE /v2.0/ports/77c359e9-9869-4055-af9c-1cec56d73de9/tags/green HTTP/1.1" status: 404 len: 299 time: 0.0276659
2026-02-26 04:19:07.376 10 INFO neutron.api.wsgi [None req-6820a175-d0f1-4e76-a8fc-0183c9e9b010 a4fb6191694c45bb899d0cc4ba306b85 e823f89a550e47bda8ddf5575e02cc2a - - default default] 10.0.0.64 "DELETE /v2.0/ports/77c359e9-9869-4055-af9c-1cec56d73de9/tags HTTP/1.1" status: 204 len: 168 time: 0.0380027
2026-02-26 04:19:07.406 10 INFO neutron.api.wsgi [None req-ca937cf7-200a-4ceb-97f8-6c7f56926820 a4fb6191694c45bb899d0cc4ba306b85 e823f89a550e47bda8ddf5575e02cc2a - - default default] 10.0.0.64 "GET /v2.0/ports/77c359e9-9869-4055-af9c-1cec56d73de9/tags HTTP/1.1" status: 200 len: 205 time: 0.0247514
2026-02-26 04:19:07.649 10 INFO neutron.api.wsgi [None req-992f5c80-e3fc-4c22-896e-d751b36bd71e a4fb6191694c45bb899d0cc4ba306b85 e823f89a550e47bda8ddf5575e02cc2a - - default default] 10.0.0.64 "DELETE /v2.0/ports/77c359e9-9869-4055-af9c-1cec56d73de9 HTTP/1.1" status: 204 len: 168 time: 0.2358518
2026-02-26 04:19:07.929 10 INFO neutron.services.segments.plugin [-] Segment 7e19b99a-387b-4469-88bf-b6541dea26d6 resource provider aggregate not found
2026-02-26 04:19:07.935 10 INFO neutron.services.segments.plugin [-] Segment 7e19b99a-387b-4469-88bf-b6541dea26d6 resource provider aggregate not found
2026-02-26 04:19:07.946 10 INFO neutron.services.segments.plugin [-] Segment 7e19b99a-387b-4469-88bf-b6541dea26d6 resource provider not found; error: Placement Client Error (4xx): {"errors": [{"status": 404, "title": "Not Found", "detail": "The resource could not be found.\n\n No resource provider with uuid 7e19b99a-387b-4469-88bf-b6541dea26d6 found for delete ", "request_id": "req-97a8c652-6b28-4ded-ab29-46ee9af6ba0c"}]}
2026-02-26 04:19:07.950 10 INFO neutron.services.segments.plugin [-] Segment 7e19b99a-387b-4469-88bf-b6541dea26d6 resource provider not found; error: Placement Client Error (4xx): {"errors": [{"status": 404, "title": "Not Found", "detail": "The resource could not be found.\n\n No resource provider with uuid 7e19b99a-387b-4469-88bf-b6541dea26d6 found for delete ", "request_id": "req-991e46a2-91be-413a-b954-d98d935f9c92"}]}
2026-02-26 04:19:07.958 10 INFO neutron.api.wsgi [None req-184634e1-205d-4c3b-ae9a-eed38560a9a5 a4fb6191694c45bb899d0cc4ba306b85 e823f89a550e47bda8ddf5575e02cc2a - - default default] 10.0.0.64 "DELETE /v2.0/networks/e0311235-07ce-4948-9e68-6e0dad2e5707 HTTP/1.1" status: 204 len: 168 time: 0.3036647
2026-02-26 04:19:08.680 10 INFO neutron.api.wsgi [None req-a6590b71-44e7-437d-9c3d-baf2a77a215b e8c829ecf86546d9959658d74a1c61dd 75112619e90547f0a1d9cb77802a2d29 - - default default] 10.0.0.64 "GET /v2.0/security-groups?tenant_id=e823f89a550e47bda8ddf5575e02cc2a&name=default HTTP/1.1" status: 200 len: 3124 time: 0.1072786
2026-02-26 04:19:08.777 10 INFO neutron.api.wsgi [req-2ac56007-7eec-4d21-927b-0e6e40634bb7 req-3b8a75c0-5b58-46d2-8eeb-e1b7d8cc69b1 e8c829ecf86546d9959658d74a1c61dd 75112619e90547f0a1d9cb77802a2d29 - - default default] 10.0.0.43 "GET /v2.0/ports?device_id=f032a8ec-478e-4494-81df-515a4729f362 HTTP/1.1" status: 200 len: 1411 time: 0.0319655
2026-02-26 04:19:08.818 10 INFO neutron.api.wsgi [req-2ac56007-7eec-4d21-927b-0e6e40634bb7 req-a17ba151-9965-4ef2-a9ee-451c15a08b22 e8c829ecf86546d9959658d74a1c61dd 75112619e90547f0a1d9cb77802a2d29 - - default default] 10.0.0.43 "GET /v2.0/security-groups?id=3bf21cc8-8f27-4e02-9b21-c5217e8a9675&fields=id&fields=name HTTP/1.1" status: 200 len: 294 time: 0.0356603
2026-02-26 04:19:08.881 10 INFO neutron.api.wsgi [None req-05140fbb-8c6f-418c-85e6-a7ebec31ae5d e8c829ecf86546d9959658d74a1c61dd 75112619e90547f0a1d9cb77802a2d29 - - default default] 10.0.0.64 "DELETE /v2.0/security-groups/df54c129-f330-4d71-a39c-2ee27fbaed03 HTTP/1.1" status: 204 len: 168 time: 0.1957519
2026-02-26 04:19:08.891 9 INFO neutron.api.wsgi [req-8f5c94a3-9001-4e29-ba2c-56f17e94b178 req-43fe120c-705c-4603-8d27-327074965684 e8c829ecf86546d9959658d74a1c61dd 75112619e90547f0a1d9cb77802a2d29 - - default default] 10.0.0.43 "GET /v2.0/ports?device_id=f032a8ec-478e-4494-81df-515a4729f362 HTTP/1.1" status: 200 len: 1411 time: 0.0311496
2026-02-26 04:19:09.057 9 INFO neutron.db.ovn_revision_numbers_db [None req-e87f8d1b-8f98-4f24-b9b8-a78739077c11 e8c829ecf86546d9959658d74a1c61dd 75112619e90547f0a1d9cb77802a2d29 - - default default] Successfully bumped revision number for resource 2ae09cc6-1035-4a1a-b004-d57ee92c524e (type: security_groups) to 1
2026-02-26 04:19:09.070 9 INFO neutron.db.ovn_revision_numbers_db [None req-e87f8d1b-8f98-4f24-b9b8-a78739077c11 e8c829ecf86546d9959658d74a1c61dd 75112619e90547f0a1d9cb77802a2d29 - - default default] Successfully bumped revision number for resource 1244d43b-9dfd-44f2-8764-60e1d3915191 (type: security_group_rules) to 0
2026-02-26 04:19:09.084 9 INFO neutron.db.ovn_revision_numbers_db [None req-e87f8d1b-8f98-4f24-b9b8-a78739077c11 e8c829ecf86546d9959658d74a1c61dd 75112619e90547f0a1d9cb77802a2d29 - - default default] Successfully bumped revision number for resource a312ee66-9f76-49e4-9a32-dd707e62c0bd (type: security_group_rules) to 0
2026-02-26 04:19:09.097 9 INFO neutron.db.ovn_revision_numbers_db [None req-e87f8d1b-8f98-4f24-b9b8-a78739077c11 e8c829ecf86546d9959658d74a1c61dd 75112619e90547f0a1d9cb77802a2d29 - - default default] Successfully bumped revision number for resource a5afeede-e887-4c49-9cbf-c26cd010b098 (type: security_group_rules) to 0
2026-02-26 04:19:09.112 9 INFO neutron.db.ovn_revision_numbers_db [None req-e87f8d1b-8f98-4f24-b9b8-a78739077c11 e8c829ecf86546d9959658d74a1c61dd 75112619e90547f0a1d9cb77802a2d29 - - default default] Successfully bumped revision number for resource f2b14c23-02e3-4962-907c-c01485b8ed89 (type: security_group_rules) to 0
2026-02-26 04:19:09.150 9 INFO neutron.api.wsgi [None req-e87f8d1b-8f98-4f24-b9b8-a78739077c11 e8c829ecf86546d9959658d74a1c61dd 75112619e90547f0a1d9cb77802a2d29 - - default default] 10.0.0.64 "GET /v2.0/security-groups?tenant_id=0d3de8503a734438aa3acdbedc786038&name=default HTTP/1.1" status: 200 len: 3124 time: 0.1984937
2026-02-26 04:19:09.345 9 INFO neutron.api.wsgi [None req-de4559fa-119c-4b2f-99fa-6204054e9203 e8c829ecf86546d9959658d74a1c61dd 75112619e90547f0a1d9cb77802a2d29 - - default default] 10.0.0.64 "DELETE /v2.0/security-groups/2ae09cc6-1035-4a1a-b004-d57ee92c524e HTTP/1.1" status: 204 len: 168 time: 0.1894743
2026-02-26 04:19:10.380 9 INFO neutron.api.wsgi [req-a4684a86-3eee-41c9-872d-0605011fb40b req-5a89c947-dea5-4154-9554-74a4f83b47c9 ed81b0baa6dc41ecab55bde9293e1c65 0997eb8867154e38ac002d84ce07617f - - eac6e0f04e8d43b8b30ebcfee323c3e3 eac6e0f04e8d43b8b30ebcfee323c3e3] 162.253.55.43 "GET /v2.0/ports?device_id=f032a8ec-478e-4494-81df-515a4729f362 HTTP/1.1" status: 200 len: 1411 time: 0.0388203
2026-02-26 04:19:10.412 9 INFO neutron.api.wsgi [req-a4684a86-3eee-41c9-872d-0605011fb40b req-6562c109-e841-4cf5-9221-a6b68e75d306 ed81b0baa6dc41ecab55bde9293e1c65 0997eb8867154e38ac002d84ce07617f - - eac6e0f04e8d43b8b30ebcfee323c3e3 eac6e0f04e8d43b8b30ebcfee323c3e3] 162.253.55.43 "GET /v2.0/security-groups?id=3bf21cc8-8f27-4e02-9b21-c5217e8a9675&fields=id&fields=name HTTP/1.1" status: 200 len: 294 time: 0.0256097
2026-02-26 04:19:10.519 10 INFO neutron.plugins.ml2.drivers.ovn.mech_driver.mech_driver [None req-f85d432d-ac4b-41ec-b62e-080918daae2b - - - - - -] OVN reports status up for port: 5ffa9a03-a908-4dc2-b05e-aec68be69c15
2026-02-26 04:19:10.532 10 INFO neutron.plugins.ml2.plugin [None req-f85d432d-ac4b-41ec-b62e-080918daae2b - - - - - -] Attempt 1 to provision port 5ffa9a03-a908-4dc2-b05e-aec68be69c15
2026-02-26 04:19:10.653 10 INFO neutron.notifiers.nova [-] Nova event matching ['req-8d6630a8-a48e-4be7-a47e-0a10bbdbdd1e'] response: {'server_uuid': 'f032a8ec-478e-4494-81df-515a4729f362', 'name': 'network-vif-plugged', 'status': 'completed', 'tag': '5ffa9a03-a908-4dc2-b05e-aec68be69c15', 'code': 200}
2026-02-26 04:19:10.730 10 INFO neutron.db.ovn_revision_numbers_db [None req-f85d432d-ac4b-41ec-b62e-080918daae2b - - - - - -] Successfully bumped revision number for resource 5ffa9a03-a908-4dc2-b05e-aec68be69c15 (type: ports) to 5 /var/lib/openstack/lib/python3.12/site-packages/pycadf/identifier.py:71: UserWarning: Invalid uuid: neutron. To ensure interoperability, identifiers should be a valid uuid. warnings.warn(('Invalid uuid: %s. To ensure interoperability, '
2026-02-26 04:19:11.787 10 INFO neutron.api.wsgi [req-cfabd94d-d7b4-496d-9c9b-32678d32b4a6 req-b32a100b-1b27-4c1f-bc43-acf6d55f47c8 e8c829ecf86546d9959658d74a1c61dd 75112619e90547f0a1d9cb77802a2d29 - - default default] 10.0.0.43 "GET /v2.0/ports?device_id=f032a8ec-478e-4494-81df-515a4729f362 HTTP/1.1" status: 200 len: 1413 time: 0.0404708
2026-02-26 04:19:11.816 10 INFO neutron.api.wsgi [req-cfabd94d-d7b4-496d-9c9b-32678d32b4a6 req-81145bb7-bfff-4a45-9d33-6cea3aaa0135 e8c829ecf86546d9959658d74a1c61dd 75112619e90547f0a1d9cb77802a2d29 - - default default] 10.0.0.43 "GET /v2.0/security-groups?id=3bf21cc8-8f27-4e02-9b21-c5217e8a9675&fields=id&fields=name HTTP/1.1" status: 200 len: 294 time: 0.0251729
2026-02-26 04:19:11.898 9 INFO neutron.api.wsgi [req-570ddfe2-00be-4782-9142-5c25cd226f7a req-3e6f6a69-5296-4c0d-a38c-89733d1ce5cb e8c829ecf86546d9959658d74a1c61dd 75112619e90547f0a1d9cb77802a2d29 - - default default] 10.0.0.43 "GET /v2.0/ports?device_id=f032a8ec-478e-4494-81df-515a4729f362 HTTP/1.1" status: 200 len: 1413 time: 0.0350389
2026-02-26 04:19:12.442 10 WARNING neutron_lib.context [None req-6ceeee1d-446c-4f5f-8c0e-f06155f13cb9 781a076fd46b4a8ebeaa799059b568db fb5724c377e74cb98ff4435dd5d044e1 - - default default] Method 'is_advsvc' is deprecated since 2023.2 release (neutron-lib 3.8.0) and will be removed once support for the old RBAC API policies will be removed from Neutron. Please use method 'is_service_role' instead.
