2026-02-26 04:14:54.168 10 INFO neutron.api.wsgi [None req-3904547a-02ab-4b4a-9fe2-c2e063283430 2a6199fc1a9444a481434470ed83ce83 b3b477ba9ec24893bcd22c87b74dfc88 - - default default] 10.0.0.64 "GET /v2.0/extensions/extra_dhcp_opt HTTP/1.1" status: 200 len: 498 time: 0.0025988
2026-02-26 04:14:54.173 10 INFO neutron.api.wsgi [None req-369b99a5-e92e-4be1-ac01-06d49d5457b9 2a6199fc1a9444a481434470ed83ce83 b3b477ba9ec24893bcd22c87b74dfc88 - - default default] 10.0.0.64 "GET /v2.0/extensions/extraroute HTTP/1.1" status: 200 len: 375 time: 0.0025289
2026-02-26 04:14:54.180 10 INFO neutron.api.wsgi [None req-33afee37-9d94-4f18-8336-2fd992adf29f 2a6199fc1a9444a481434470ed83ce83 b3b477ba9ec24893bcd22c87b74dfc88 - - default default] 10.0.0.64 "GET /v2.0/extensions/floating-ip-port-forwarding-detail HTTP/1.1" status: 200 len: 465 time: 0.0042331
2026-02-26 04:14:54.188 10 INFO neutron.api.wsgi [None req-f600d70a-bd29-4bef-bc64-14301519ef20 2a6199fc1a9444a481434470ed83ce83 b3b477ba9ec24893bcd22c87b74dfc88 - - default default] 10.0.0.64 "GET /v2.0/extensions/fip-port-details HTTP/1.1" status: 200 len: 406 time: 0.0035708
2026-02-26 04:14:54.195 10 INFO neutron.api.wsgi [None req-0c3ca5f7-e951-48b0-9244-56d1b53752fc 2a6199fc1a9444a481434470ed83ce83 b3b477ba9ec24893bcd22c87b74dfc88 - - default default] 10.0.0.64 "GET /v2.0/extensions/flavors HTTP/1.1" status: 200 len: 387 time: 0.0033672
2026-02-26 04:14:54.203 10 INFO neutron.api.wsgi [None req-bab1d47b-a15c-4c0c-bd9d-df45c0c7d21a 2a6199fc1a9444a481434470ed83ce83 b3b477ba9ec24893bcd22c87b74dfc88 - - default default] 10.0.0.64 "GET /v2.0/extensions/floatingip-pools HTTP/1.1" status: 200 len: 382 time: 0.0043726
2026-02-26 04:14:54.211 9 INFO neutron.api.wsgi [None req-2a138277-50e4-41f0-abb1-c0e0064f747b 2a6199fc1a9444a481434470ed83ce83 b3b477ba9ec24893bcd22c87b74dfc88 - - default default] 10.0.0.64 "GET /v2.0/extensions/ip_allocation HTTP/1.1" status: 200 len: 356 time: 0.0043828
2026-02-26 04:14:54.218 10 INFO neutron.api.wsgi [None req-33f9f9c6-a974-4e54-907f-3042acdf295d 2a6199fc1a9444a481434470ed83ce83 b3b477ba9ec24893bcd22c87b74dfc88 - - default default] 10.0.0.64 "GET /v2.0/extensions/l2_adjacency HTTP/1.1" status: 200 len: 372 time: 0.0037024
2026-02-26 04:14:54.224 10 INFO neutron.db.ovn_revision_numbers_db [None req-f14e136a-3caa-4189-a2fa-7ff3193f2127 5193520f49064bbfae0e40e584e17309 268fb60b632e4165bcda91a9361e9355 - - default default] Successfully bumped revision number for resource f950b282-148d-413b-95fb-5d400a86f0e5 (type: networks) to 1
2026-02-26 04:14:54.229 9 INFO neutron.api.wsgi [None req-a1ffd919-6089-45e4-b494-cd86071b41b6 2a6199fc1a9444a481434470ed83ce83 b3b477ba9ec24893bcd22c87b74dfc88 - - default default] 10.0.0.64 "GET /v2.0/extensions/router HTTP/1.1" status: 200 len: 450 time: 0.0055404
2026-02-26 04:14:54.239 9 INFO neutron.api.wsgi [None req-5e226c47-a252-4f1c-a892-75059ae8ce89 2a6199fc1a9444a481434470ed83ce83 b3b477ba9ec24893bcd22c87b74dfc88 - - default default] 10.0.0.64 "GET /v2.0/extensions/enable-default-route-bfd HTTP/1.1" status: 200 len: 406 time: 0.0062561
2026-02-26 04:14:54.244 9 INFO neutron.api.wsgi [None req-ce250927-ceb4-4bd1-8810-d2b8391b5778 2a6199fc1a9444a481434470ed83ce83 b3b477ba9ec24893bcd22c87b74dfc88 - - default default] 10.0.0.64 "GET /v2.0/extensions/enable-default-route-ecmp HTTP/1.1" status: 200 len: 409 time: 0.0026050
2026-02-26 04:14:54.250 9 INFO neutron.api.wsgi [None req-eda26772-675f-4a46-80ad-4a216af275f4 2a6199fc1a9444a481434470ed83ce83 b3b477ba9ec24893bcd22c87b74dfc88 - - default default] 10.0.0.64 "GET /v2.0/extensions/ext-gw-mode HTTP/1.1" status: 200 len: 462 time: 0.0028918
2026-02-26 04:14:54.257 9 INFO neutron.api.wsgi [None req-5e833d8d-dadd-442a-8a24-3ad83bdd792b 2a6199fc1a9444a481434470ed83ce83 b3b477ba9ec24893bcd22c87b74dfc88 - - default default] 10.0.0.64 "GET /v2.0/extensions/l3-ha HTTP/1.1" status: 200 len: 360 time: 0.0037234
2026-02-26 04:14:54.265 9 INFO neutron.api.wsgi [None req-48d028ad-f535-4812-86cd-8b3baecc5141 2a6199fc1a9444a481434470ed83ce83 b3b477ba9ec24893bcd22c87b74dfc88 - - default default] 10.0.0.64 "GET /v2.0/extensions/external-gateway-multihoming HTTP/1.1" status: 200 len: 421 time: 0.0042391
2026-02-26 04:14:54.274 9 INFO neutron.api.wsgi [None req-eb0e2e84-875f-4723-8c0f-dcfbe7382c56 2a6199fc1a9444a481434470ed83ce83 b3b477ba9ec24893bcd22c87b74dfc88 - - default default] 10.0.0.64 "GET /v2.0/extensions/l3-flavors HTTP/1.1" status: 200 len: 366 time: 0.0042160
2026-02-26 04:14:54.282 9 INFO neutron.api.wsgi [None req-5b158e80-c2ce-40dc-9c23-415f6b7a9bfd 2a6199fc1a9444a481434470ed83ce83 b3b477ba9ec24893bcd22c87b74dfc88 - - default default] 10.0.0.64 "GET /v2.0/extensions/logging HTTP/1.1" status: 200 len: 407 time: 0.0037103
2026-02-26 04:14:54.288 9 INFO neutron.api.wsgi [None req-98499b60-90dc-43fe-bc8b-c9ec4b647fd7 2a6199fc1a9444a481434470ed83ce83 b3b477ba9ec24893bcd22c87b74dfc88 - - default default] 10.0.0.64 "GET /v2.0/extensions/multi-provider HTTP/1.1" status: 200 len: 406 time: 0.0037074
2026-02-26 04:14:54.295 9 INFO neutron.api.wsgi [None req-2e839d68-b31d-4b76-bad4-b813987b12b1 2a6199fc1a9444a481434470ed83ce83 b3b477ba9ec24893bcd22c87b74dfc88 - - default default] 10.0.0.64 "GET /v2.0/extensions/net-mtu HTTP/1.1" status: 200 len: 370 time: 0.0040751
2026-02-26 04:14:54.303 9 INFO neutron.api.wsgi [None req-7bd4f1a1-ddd6-49ff-8573-8222372ff6d0 2a6199fc1a9444a481434470ed83ce83 b3b477ba9ec24893bcd22c87b74dfc88 - - default default] 10.0.0.64 "GET /v2.0/extensions/net-mtu-writable HTTP/1.1" status: 200 len: 401 time: 0.0035655
2026-02-26 04:14:54.309 9 INFO neutron.api.wsgi [None req-4643378b-a964-4b8a-81b1-3cce67f2b6e4 2a6199fc1a9444a481434470ed83ce83 b3b477ba9ec24893bcd22c87b74dfc88 - - default default] 10.0.0.64 "GET /v2.0/extensions/network_availability_zone HTTP/1.1" status: 200 len: 394 time: 0.0036800
2026-02-26 04:14:54.316 9 INFO neutron.api.wsgi [None req-4a7b6bf7-a68d-4d09-baa9-e5f055635bf3 2a6199fc1a9444a481434470ed83ce83 b3b477ba9ec24893bcd22c87b74dfc88 - - default default] 10.0.0.64 "GET /v2.0/extensions/network-ip-availability HTTP/1.1" status: 200 len: 410 time: 0.0036650
2026-02-26 04:14:54.323 9 INFO neutron.api.wsgi [None req-1e03016c-6e1f-4557-a6c6-c0c880cb7d7c 2a6199fc1a9444a481434470ed83ce83 b3b477ba9ec24893bcd22c87b74dfc88 - - default default] 10.0.0.64 "GET /v2.0/extensions/pagination HTTP/1.1" status: 200 len: 386 time: 0.0041432
2026-02-26 04:14:54.330 9 INFO neutron.api.wsgi [None req-78f630f4-16e4-43ad-a37f-16831db20e46 2a6199fc1a9444a481434470ed83ce83 b3b477ba9ec24893bcd22c87b74dfc88 - - default default] 10.0.0.64 "GET /v2.0/extensions/port-device-profile HTTP/1.1" status: 200 len: 383 time: 0.0037594
2026-02-26 04:14:54.338 9 INFO neutron.api.wsgi [None req-7481427c-78c0-4440-b3d4-b5a4babe8033 2a6199fc1a9444a481434470ed83ce83 b3b477ba9ec24893bcd22c87b74dfc88 - - default default] 10.0.0.64 "GET /v2.0/extensions/port-mac-address-regenerate HTTP/1.1" status: 200 len: 403 time: 0.0037749
2026-02-26 04:14:54.344 10 INFO neutron.api.wsgi [None req-86a7a9b2-72df-4b1e-b586-da21798e46d6 2a6199fc1a9444a481434470ed83ce83 b3b477ba9ec24893bcd22c87b74dfc88 - - default default] 10.0.0.64 "GET /v2.0/extensions/port-numa-affinity-policy HTTP/1.1" status: 200 len: 392 time: 0.0032368
2026-02-26 04:14:54.354 9 INFO neutron.api.wsgi [None req-4ad7ecf0-c565-418b-b384-2a2b84749a77 2a6199fc1a9444a481434470ed83ce83 b3b477ba9ec24893bcd22c87b74dfc88 - - default default] 10.0.0.64 "GET /v2.0/extensions/port-numa-affinity-policy-socket HTTP/1.1" status: 200 len: 434 time: 0.0065489
2026-02-26 04:14:54.361 9 INFO neutron.api.wsgi [None req-f32d4680-9d8c-40fc-9dbc-671a53c40b86 2a6199fc1a9444a481434470ed83ce83 b3b477ba9ec24893bcd22c87b74dfc88 - - default default] 10.0.0.64 "GET /v2.0/extensions/port-resource-request HTTP/1.1" status: 200 len: 379 time: 0.0030818
2026-02-26 04:14:54.367 9 INFO neutron.api.wsgi [None req-62bd12a4-715d-4e7f-8b7d-c0deb2b4bca5 2a6199fc1a9444a481434470ed83ce83 b3b477ba9ec24893bcd22c87b74dfc88 - - default default] 10.0.0.64 "GET /v2.0/extensions/port-resource-request-groups HTTP/1.1" status: 200 len: 465 time: 0.0031648
2026-02-26 04:14:54.373 9 INFO neutron.api.wsgi [None req-429314b1-e21a-41c0-8797-4ac1439aa9be 2a6199fc1a9444a481434470ed83ce83 b3b477ba9ec24893bcd22c87b74dfc88 - - default default] 10.0.0.64 "GET /v2.0/extensions/binding HTTP/1.1" status: 200 len: 387 time: 0.0037048
2026-02-26 04:14:54.374 10 INFO neutron.db.ovn_revision_numbers_db [None req-9d8b3b64-945a-4f21-9f06-8d1ff62e8744 e8c829ecf86546d9959658d74a1c61dd 75112619e90547f0a1d9cb77802a2d29 - - default default] Successfully bumped revision number for resource e9700716-bede-4b31-b143-7afe832127e6 (type: security_groups) to 1
2026-02-26 04:14:54.381 10 INFO neutron.api.wsgi [None req-1544e458-f650-4697-9adc-cf1dc6870c90 2a6199fc1a9444a481434470ed83ce83 b3b477ba9ec24893bcd22c87b74dfc88 - - default default] 10.0.0.64 "GET /v2.0/extensions/binding-extended HTTP/1.1" status: 200 len: 406 time: 0.0047693
2026-02-26 04:14:54.387 10 WARNING neutron.scheduler.dhcp_agent_scheduler [None req-f14e136a-3caa-4189-a2fa-7ff3193f2127 5193520f49064bbfae0e40e584e17309 268fb60b632e4165bcda91a9361e9355 - - default default] No more DHCP agents
2026-02-26 04:14:54.388 10 WARNING neutron.api.rpc.agentnotifiers.dhcp_rpc_agent_api [None req-f14e136a-3caa-4189-a2fa-7ff3193f2127 5193520f49064bbfae0e40e584e17309 268fb60b632e4165bcda91a9361e9355 - - default default] Unable to schedule network f950b282-148d-413b-95fb-5d400a86f0e5: no agents available; will retry on subsequent port and subnet creation events.
2026-02-26 04:14:54.389 9 INFO neutron.api.wsgi [None req-7f77dde3-3d48-40f3-8171-c0a629770c53 2a6199fc1a9444a481434470ed83ce83 b3b477ba9ec24893bcd22c87b74dfc88 - - default default] 10.0.0.64 "GET /v2.0/extensions/port-security HTTP/1.1" status: 200 len: 354 time: 0.0053134
2026-02-26 04:14:54.389 10 INFO neutron.db.ovn_revision_numbers_db [None req-9d8b3b64-945a-4f21-9f06-8d1ff62e8744 e8c829ecf86546d9959658d74a1c61dd 75112619e90547f0a1d9cb77802a2d29 - - default default] Successfully bumped revision number for resource 188e53d8-0bad-43af-b7d8-e68db165b86d (type: security_group_rules) to 0
2026-02-26 04:14:54.397 9 INFO neutron.api.wsgi [None req-b8a8f223-04a5-49c4-9ee7-6d230fdee6fa 2a6199fc1a9444a481434470ed83ce83 b3b477ba9ec24893bcd22c87b74dfc88 - - default default] 10.0.0.64 "GET /v2.0/extensions/project-id HTTP/1.1" status: 200 len: 398 time: 0.0039618
2026-02-26 04:14:54.402 10 INFO neutron.db.ovn_revision_numbers_db [None req-9d8b3b64-945a-4f21-9f06-8d1ff62e8744 e8c829ecf86546d9959658d74a1c61dd 75112619e90547f0a1d9cb77802a2d29 - - default default] Successfully bumped revision number for resource 4cd51594-dd60-4f2d-b994-b6fef7caf996 (type: security_group_rules) to 0
2026-02-26 04:14:54.404 9 INFO neutron.api.wsgi [None req-1f3772dc-c8e7-42f4-9985-5699cb9e563f 2a6199fc1a9444a481434470ed83ce83 b3b477ba9ec24893bcd22c87b74dfc88 - - default default] 10.0.0.64 "GET /v2.0/extensions/provider HTTP/1.1" status: 200 len: 385 time: 0.0035040
2026-02-26 04:14:54.410 9 INFO neutron.api.wsgi [None req-7b1a2510-5475-4f96-b2ce-d2d8c60389e3 2a6199fc1a9444a481434470ed83ce83 b3b477ba9ec24893bcd22c87b74dfc88 - - default default] 10.0.0.64 "GET /v2.0/extensions/qos HTTP/1.1" status: 200 len: 360 time: 0.0035548
2026-02-26 04:14:54.416 10 INFO neutron.db.ovn_revision_numbers_db [None req-9d8b3b64-945a-4f21-9f06-8d1ff62e8744 e8c829ecf86546d9959658d74a1c61dd 75112619e90547f0a1d9cb77802a2d29 - - default default] Successfully bumped revision number for resource 692bf858-b267-433c-bf28-173bdcf199ed (type: security_group_rules) to 0
2026-02-26 04:14:54.418 9 INFO neutron.api.wsgi [None req-71100b4e-6cb8-40c7-aa4b-65e60f6e12c3 2a6199fc1a9444a481434470ed83ce83 b3b477ba9ec24893bcd22c87b74dfc88 - - default default] 10.0.0.64 "GET /v2.0/extensions/qos-bw-limit-direction HTTP/1.1" status: 200 len: 452 time: 0.0046506
2026-02-26 04:14:54.424 9 INFO neutron.api.wsgi [None req-c7c59d0c-9074-4135-86b8-af159c413efe 2a6199fc1a9444a481434470ed83ce83 b3b477ba9ec24893bcd22c87b74dfc88 - - default default] 10.0.0.64 "GET /v2.0/extensions/qos-bw-minimum-ingress HTTP/1.1" status: 200 len: 445 time: 0.0027006
2026-02-26 04:14:54.429 9 INFO neutron.api.wsgi [None req-9509a88b-7d70-42c9-afc4-b2b70c2237be 2a6199fc1a9444a481434470ed83ce83 b3b477ba9ec24893bcd22c87b74dfc88 - - default default] 10.0.0.64 "GET /v2.0/extensions/qos-default HTTP/1.1" status: 200 len: 377 time: 0.0025790
2026-02-26 04:14:54.436 10 INFO neutron.api.wsgi [None req-bf492e41-fa70-415b-8513-f0cea0bbe2c4 2a6199fc1a9444a481434470ed83ce83 b3b477ba9ec24893bcd22c87b74dfc88 - - default default] 10.0.0.64 "GET /v2.0/extensions/qos-fip HTTP/1.1" status: 200 len: 372 time: 0.0036931
2026-02-26 04:14:54.437 10 INFO neutron.db.ovn_revision_numbers_db [None req-9d8b3b64-945a-4f21-9f06-8d1ff62e8744 e8c829ecf86546d9959658d74a1c61dd 75112619e90547f0a1d9cb77802a2d29 - - default default] Successfully bumped revision number for resource 6b49a575-c5d2-4f0c-875e-02bf4bfae555 (type: security_group_rules) to 0
2026-02-26 04:14:54.442 9 INFO neutron.api.wsgi [None req-109a1f78-9c5c-4fc8-8f0e-88960798c10f 2a6199fc1a9444a481434470ed83ce83 b3b477ba9ec24893bcd22c87b74dfc88 - - default default] 10.0.0.64 "GET /v2.0/extensions/qos-gateway-ip HTTP/1.1" status: 200 len: 391 time: 0.0037246
2026-02-26 04:14:54.448 10 INFO neutron.db.ovn_revision_numbers_db [None req-f14e136a-3caa-4189-a2fa-7ff3193f2127 5193520f49064bbfae0e40e584e17309 268fb60b632e4165bcda91a9361e9355 - - default default] Successfully bumped revision number for resource f5dd3c4c-d923-4e27-9930-c830c2dc40e2 (type: ports) to 1
2026-02-26 04:14:54.449 9 INFO neutron.api.wsgi [None req-231bdbcb-0625-4e36-9e85-7430f148f1c6 2a6199fc1a9444a481434470ed83ce83 b3b477ba9ec24893bcd22c87b74dfc88 - - default default] 10.0.0.64 "GET /v2.0/extensions/qos-port-network-policy HTTP/1.1" status: 200 len: 403 time: 0.0034723
2026-02-26 04:14:54.458 9 INFO neutron.api.wsgi [None req-d07a6a18-1f77-437a-b737-c71be16bc84d 2a6199fc1a9444a481434470ed83ce83 b3b477ba9ec24893bcd22c87b74dfc88 - - default default] 10.0.0.64 "GET /v2.0/extensions/qos-pps-minimum HTTP/1.1" status: 200 len: 397 time: 0.0039163
2026-02-26 04:14:54.470 10 INFO neutron.api.wsgi [None req-f14e136a-3caa-4189-a2fa-7ff3193f2127 5193520f49064bbfae0e40e584e17309 268fb60b632e4165bcda91a9361e9355 - - default default] 10.0.0.64 "POST /v2.0/networks HTTP/1.1" status: 201 len: 848 time: 0.4921920
2026-02-26 04:14:54.473 9 INFO neutron.api.wsgi [None req-1e14bbb9-8d43-439e-919a-5a0d70382887 2a6199fc1a9444a481434470ed83ce83 b3b477ba9ec24893bcd22c87b74dfc88 - - default default] 10.0.0.64 "GET /v2.0/extensions/qos-pps-minimum-rule-alias HTTP/1.1" status: 200 len: 471 time: 0.0086288
2026-02-26 04:14:54.480 10 INFO neutron.api.wsgi [None req-fb55cfb7-1145-4703-9bbd-399ecce10426 2a6199fc1a9444a481434470ed83ce83 b3b477ba9ec24893bcd22c87b74dfc88 - - default default] 10.0.0.64 "GET /v2.0/extensions/qos-pps HTTP/1.1" status: 200 len: 389 time: 0.0039327
2026-02-26 04:14:54.481 9 WARNING neutron_lib.context [None req-5745a0bf-a7b2-4756-abf8-965845b814f8 5193520f49064bbfae0e40e584e17309 268fb60b632e4165bcda91a9361e9355 - - default default] Method 'is_advsvc' is deprecated since 2023.2 release (neutron-lib 3.8.0) and will be removed once support for the old RBAC API policies will be removed from Neutron. Please use method 'is_service_role' instead.
2026-02-26 04:14:54.486 10 INFO neutron.api.wsgi [None req-46e064d3-1b12-402e-b302-54ea8ea7fec9 2a6199fc1a9444a481434470ed83ce83 b3b477ba9ec24893bcd22c87b74dfc88 - - default default] 10.0.0.64 "GET /v2.0/extensions/qos-rule-type-details HTTP/1.1" status: 200 len: 423 time: 0.0033801
2026-02-26 04:14:54.503 10 INFO neutron.db.segments_db [None req-9d8b3b64-945a-4f21-9f06-8d1ff62e8744 e8c829ecf86546d9959658d74a1c61dd 75112619e90547f0a1d9cb77802a2d29 - - default default] Added segment 93b0eadb-49a1-4e58-a3b5-4955a4e46dc8 of type geneve for network 2893fd99-aef5-4cc6-b2ef-e89e4281431a
2026-02-26 04:14:54.503 9 INFO neutron.api.wsgi [None req-c8a01c58-e309-4386-acc1-f727efe72058 2a6199fc1a9444a481434470ed83ce83 b3b477ba9ec24893bcd22c87b74dfc88 - - default default] 10.0.0.64 "GET /v2.0/extensions/qos-rule-type-filter HTTP/1.1" status: 200 len: 567 time: 0.0055113
2026-02-26 04:14:54.511 10 INFO neutron.api.wsgi [None req-6e38f2da-5cad-4fb9-8015-89750c0935a1 2a6199fc1a9444a481434470ed83ce83 b3b477ba9ec24893bcd22c87b74dfc88 - - default default] 10.0.0.64 "GET /v2.0/extensions/qos-rules-alias HTTP/1.1" status: 200 len: 448 time: 0.0048251
2026-02-26 04:14:54.518 10 INFO neutron.api.wsgi [None req-34984787-7f84-4222-8101-4d71a9e47112 2a6199fc1a9444a481434470ed83ce83 b3b477ba9ec24893bcd22c87b74dfc88 - - default default] 10.0.0.64 "GET /v2.0/extensions/quota-check-limit HTTP/1.1" status: 200 len: 420 time: 0.0034366
2026-02-26 04:14:54.526 10 INFO neutron.api.wsgi [None req-31542721-3ebe-4753-a738-a41af5549ee2 2a6199fc1a9444a481434470ed83ce83 b3b477ba9ec24893bcd22c87b74dfc88 - - default default] 10.0.0.64 "GET /v2.0/extensions/quotas HTTP/1.1" status: 200 len: 386 time: 0.0051386
2026-02-26 04:14:54.533 10 INFO neutron.api.wsgi [None req-06d2a5c9-aa07-45c6-9751-0f7086357233 2a6199fc1a9444a481434470ed83ce83 b3b477ba9ec24893bcd22c87b74dfc88 - - default default] 10.0.0.64 "GET /v2.0/extensions/quota_details HTTP/1.1" status: 200 len: 407 time: 0.0028751
2026-02-26 04:14:54.542 10 INFO neutron.api.wsgi [None req-f5a9c6c9-e235-49b8-bf36-32e7c6165f2a 2a6199fc1a9444a481434470ed83ce83 b3b477ba9ec24893bcd22c87b74dfc88 - - default default] 10.0.0.64 "GET /v2.0/extensions/rbac-policies HTTP/1.1" status: 200 len: 417 time: 0.0053017
2026-02-26 04:14:54.553 9 INFO neutron.api.wsgi [None req-2c1411c6-64e1-4820-8d27-7a09a95905eb 2a6199fc1a9444a481434470ed83ce83 b3b477ba9ec24893bcd22c87b74dfc88 - - default default] 10.0.0.64 "GET /v2.0/extensions/rbac-address-scope HTTP/1.1" status: 200 len: 384 time: 0.0062206
2026-02-26 04:14:54.560 10 INFO neutron.api.wsgi [None req-c18e0b87-2472-4536-9e8d-2c3717dc9719 2a6199fc1a9444a481434470ed83ce83 b3b477ba9ec24893bcd22c87b74dfc88 - - default default] 10.0.0.64 "GET /v2.0/extensions/rbac-security-groups HTTP/1.1" status: 200 len: 404 time: 0.0036237
2026-02-26 04:14:54.562 9 INFO neutron.api.wsgi [req-4b076537-e060-42c5-b8a2-0a2ed99958bd req-12687c1f-af7e-4d69-9dec-0e860bcf156a d62bec30d0be444994a784026bb10de6 a1744b49dd2649519927500662539237 - - default default] 162.253.55.43 "GET /v2.0/subnets?network_id=74793cb0-48d8-4636-ac1c-c46c73955906 HTTP/1.1" status: 200 len: 882 time: 0.0583043
2026-02-26 04:14:54.563 9 WARNING neutron_lib.context [None req-5745a0bf-a7b2-4756-abf8-965845b814f8 5193520f49064bbfae0e40e584e17309 268fb60b632e4165bcda91a9361e9355 - - default default] Method 'is_advsvc' is deprecated since 2023.2 release (neutron-lib 3.8.0) and will be removed once support for the old RBAC API policies will be removed from Neutron. Please use method 'is_service_role' instead.
2026-02-26 04:14:54.566 10 INFO neutron.api.wsgi [None req-07075075-d922-4af6-943c-033f44847ca8 2a6199fc1a9444a481434470ed83ce83 b3b477ba9ec24893bcd22c87b74dfc88 - - default default] 10.0.0.64 "GET /v2.0/extensions/revision-if-match HTTP/1.1" status: 200 len: 441 time: 0.0035031
2026-02-26 04:14:54.572 10 INFO neutron.api.wsgi [None req-229d1dde-6215-4126-8376-6afe43d9beeb 2a6199fc1a9444a481434470ed83ce83 b3b477ba9ec24893bcd22c87b74dfc88 - - default default] 10.0.0.64 "GET /v2.0/extensions/standard-attr-revisions HTTP/1.1" status: 200 len: 423 time: 0.0034168
2026-02-26 04:14:54.578 10 INFO neutron.api.wsgi [None req-9187e345-728c-46fe-a54c-803b499d468b 2a6199fc1a9444a481434470ed83ce83 b3b477ba9ec24893bcd22c87b74dfc88 - - default default] 10.0.0.64 "GET /v2.0/extensions/router_availability_zone HTTP/1.1" status: 200 len: 391 time: 0.0029492
2026-02-26 04:14:54.585 10 INFO neutron.api.wsgi [None req-4c46e4d8-4fa3-42b8-8f26-52d6a1814456 2a6199fc1a9444a481434470ed83ce83 b3b477ba9ec24893bcd22c87b74dfc88 - - default default] 10.0.0.64 "GET /v2.0/extensions/security-groups-default-rules HTTP/1.1" status: 200 len: 456 time: 0.0034642
2026-02-26 04:14:54.592 10 INFO neutron.api.wsgi [None req-13c41d4e-e5c7-42b6-8da7-540a4bdc11ac 2a6199fc1a9444a481434470ed83ce83 b3b477ba9ec24893bcd22c87b74dfc88 - - default default] 10.0.0.64 "GET /v2.0/extensions/security-groups-normalized-cidr HTTP/1.1" status: 200 len: 445 time: 0.0036426
2026-02-26 04:14:54.598 10 INFO neutron.api.wsgi [None req-f6cb7f37-9738-4977-9316-562b7bc9fedd 2a6199fc1a9444a481434470ed83ce83 b3b477ba9ec24893bcd22c87b74dfc88 - - default default] 10.0.0.64 "GET /v2.0/extensions/security-groups-remote-address-group HTTP/1.1" status: 200 len: 448 time: 0.0033786
2026-02-26 04:14:54.605 10 INFO neutron.api.wsgi [None req-868cc1bd-bb8d-4a51-8b66-2d2883e3a729 2a6199fc1a9444a481434470ed83ce83 b3b477ba9ec24893bcd22c87b74dfc88 - - default default] 10.0.0.64 "GET /v2.0/extensions/security-groups-rules-belongs-to-default-sg HTTP/1.1" status: 200 len: 508 time: 0.0028863
2026-02-26 04:14:54.611 10 INFO neutron.api.wsgi [None req-25562651-3e8f-47be-b543-eff89ae3e3e1 2a6199fc1a9444a481434470ed83ce83 b3b477ba9ec24893bcd22c87b74dfc88 - - default default] 10.0.0.64 "GET /v2.0/extensions/security-groups-shared-filtering HTTP/1.1" status: 200 len: 435 time: 0.0035048
2026-02-26 04:14:54.617 10 INFO neutron.api.wsgi [None req-fd38a22a-a75c-4c80-aa5d-c0e6b8abe630 2a6199fc1a9444a481434470ed83ce83 b3b477ba9ec24893bcd22c87b74dfc88 - - default default] 10.0.0.64 "GET /v2.0/extensions/security-group HTTP/1.1" status: 200 len: 364 time: 0.0030994
2026-02-26 04:14:54.624 10 INFO neutron.api.wsgi [None req-189da2a3-7a50-44e7-81b3-7d1778f2860a 2a6199fc1a9444a481434470ed83ce83 b3b477ba9ec24893bcd22c87b74dfc88 - - default default] 10.0.0.64 "GET /v2.0/extensions/segment HTTP/1.1" status: 200 len: 339 time: 0.0043166
2026-02-26 04:14:54.633 10 INFO neutron.api.wsgi [None req-030fa9b0-cc08-4159-a5af-0113f60e2df5 2a6199fc1a9444a481434470ed83ce83 b3b477ba9ec24893bcd22c87b74dfc88 - - default default] 10.0.0.64 "GET /v2.0/extensions/segments-peer-subnet-host-routes HTTP/1.1" status: 200 len: 427 time: 0.0045633
2026-02-26 04:14:54.641 10 INFO neutron.api.wsgi [None req-da64a567-1e75-4c3e-9a13-defc2c8c3edf 2a6199fc1a9444a481434470ed83ce83 b3b477ba9ec24893bcd22c87b74dfc88 - - default default] 10.0.0.64 "GET /v2.0/extensions/service-type HTTP/1.1" status: 200 len: 415 time: 0.0026860
2026-02-26 04:14:54.648 10 INFO neutron.api.wsgi [None req-4ccb952e-2033-4093-b2ec-3ca492dce498 2a6199fc1a9444a481434470ed83ce83 b3b477ba9ec24893bcd22c87b74dfc88 - - default default] 10.0.0.64 "GET /v2.0/extensions/sorting HTTP/1.1" status: 200 len: 377 time: 0.0042908
2026-02-26 04:14:54.656 10 INFO neutron.api.wsgi [None req-4649433d-f72e-48f5-aa7e-2c812eb3ad9f 2a6199fc1a9444a481434470ed83ce83 b3b477ba9ec24893bcd22c87b74dfc88 - - default default] 10.0.0.64 "GET /v2.0/extensions/standard-attr-segment HTTP/1.1" status: 200 len: 406 time: 0.0043294
2026-02-26 04:14:54.657 10 INFO neutron.db.ovn_revision_numbers_db [None req-9d8b3b64-945a-4f21-9f06-8d1ff62e8744 e8c829ecf86546d9959658d74a1c61dd 75112619e90547f0a1d9cb77802a2d29 - - default default] Successfully bumped revision number for resource 2893fd99-aef5-4cc6-b2ef-e89e4281431a (type: networks) to 1
2026-02-26 04:14:54.668 10 INFO neutron.api.wsgi [None req-94181bcd-3d5d-446c-895f-7a97ce869b5a 2a6199fc1a9444a481434470ed83ce83 b3b477ba9ec24893bcd22c87b74dfc88 - - default default] 10.0.0.64 "GET /v2.0/extensions/standard-attr-description HTTP/1.1" status: 200 len: 408 time: 0.0027945
2026-02-26 04:14:54.674 10 INFO neutron.api.wsgi [None req-43cf8a4d-11da-4233-9053-81389c4cfc08 2a6199fc1a9444a481434470ed83ce83 b3b477ba9ec24893bcd22c87b74dfc88 - - default default] 10.0.0.64 "GET /v2.0/extensions/stateful-security-group HTTP/1.1" status: 200 len: 402 time: 0.0025735
2026-02-26 04:14:54.682 10 INFO neutron.api.wsgi [None req-ea4760e6-a7c4-4b65-94a9-c3dac04bae6f 2a6199fc1a9444a481434470ed83ce83 b3b477ba9ec24893bcd22c87b74dfc88 - - default default] 10.0.0.64 "GET /v2.0/extensions/subnet-dns-publish-fixed-ip HTTP/1.1" status: 200 len: 421 time: 0.0035610
2026-02-26 04:14:54.690 10 INFO neutron.api.wsgi [None req-f842675b-06f8-4d90-bb1f-067c944d8119 2a6199fc1a9444a481434470ed83ce83 b3b477ba9ec24893bcd22c87b74dfc88 - - default default] 10.0.0.64 "GET /v2.0/extensions/subnet-external-network HTTP/1.1" status: 200 len: 418 time: 0.0033817
2026-02-26 04:14:54.696 10 INFO neutron.api.wsgi [None req-f044ccc0-a577-4f0b-b8ea-26edd0067beb 2a6199fc1a9444a481434470ed83ce83 b3b477ba9ec24893bcd22c87b74dfc88 - - default default] 10.0.0.64 "GET /v2.0/extensions/subnet-segmentid-writable HTTP/1.1" status: 200 len: 421 time: 0.0033002
2026-02-26 04:14:54.702 10 INFO neutron.api.wsgi [None req-f273f3de-52cb-4e2d-9447-c9f40eddd1dc 2a6199fc1a9444a481434470ed83ce83 b3b477ba9ec24893bcd22c87b74dfc88 - - default default] 10.0.0.64 "GET /v2.0/extensions/subnet-service-types HTTP/1.1" status: 200 len: 400 time: 0.0025935
2026-02-26 04:14:54.710 10 INFO neutron.api.wsgi [None req-4b967c79-9a86-4770-8a9a-3597fb3d6ed9 2a6199fc1a9444a481434470ed83ce83 b3b477ba9ec24893bcd22c87b74dfc88 - - default default] 10.0.0.64 "GET /v2.0/extensions/subnet_allocation HTTP/1.1" status: 200 len: 388 time: 0.0034213
2026-02-26 04:14:54.719 10 INFO neutron.api.wsgi [None req-7fe647fe-1bd7-4c47-9d78-9b9fe99300fa 2a6199fc1a9444a481434470ed83ce83 b3b477ba9ec24893bcd22c87b74dfc88 - - default default] 10.0.0.64 "GET /v2.0/extensions/subnetpool-prefix-ops HTTP/1.1" status: 200 len: 418 time: 0.0043886
2026-02-26 04:14:54.727 10 INFO neutron.api.wsgi [None req-f830747b-e0a0-47a9-94f0-537705e429c3 2a6199fc1a9444a481434470ed83ce83 b3b477ba9ec24893bcd22c87b74dfc88 - - default default] 10.0.0.64 "GET /v2.0/extensions/tag-creation HTTP/1.1" status: 200 len: 384 time: 0.0035884
2026-02-26 04:14:54.735 10 INFO neutron.api.wsgi [None req-9af4a150-3843-435c-838b-a84946e2b99b 2a6199fc1a9444a481434470ed83ce83 b3b477ba9ec24893bcd22c87b74dfc88 - - default default] 10.0.0.64 "GET /v2.0/extensions/standard-attr-tag HTTP/1.1" status: 200 len: 537 time: 0.0035875
2026-02-26 04:14:54.743 10 INFO neutron.api.wsgi [None req-7842e121-8d51-4dd1-b826-20a056cde6e1 2a6199fc1a9444a481434470ed83ce83 b3b477ba9ec24893bcd22c87b74dfc88 - - default default] 10.0.0.64 "GET /v2.0/extensions/standard-attr-timestamp HTTP/1.1" status: 200 len: 449 time: 0.0037043
2026-02-26 04:14:54.751 10 INFO neutron.api.wsgi [None req-43d13403-6a9f-46d4-9912-00b8915e48d3 2a6199fc1a9444a481434470ed83ce83 b3b477ba9ec24893bcd22c87b74dfc88 - - default default] 10.0.0.64 "GET /v2.0/extensions/trunk HTTP/1.1" status: 200 len: 358 time: 0.0034542
2026-02-26 04:14:54.759 10 INFO neutron.api.wsgi [None req-a3c6ad3a-04a2-4e5c-9ff7-388972cf7de2 2a6199fc1a9444a481434470ed83ce83 b3b477ba9ec24893bcd22c87b74dfc88 - - default default] 10.0.0.64 "GET /v2.0/extensions/trunk-details HTTP/1.1" status: 200 len: 362 time: 0.0037234
2026-02-26 04:14:54.767 10 INFO neutron.api.wsgi [None req-a6dd9bb7-3532-49af-800d-4e9d61016fc2 2a6199fc1a9444a481434470ed83ce83 b3b477ba9ec24893bcd22c87b74dfc88 - - default default] 10.0.0.64 "GET /v2.0/extensions/vpn-agent-scheduler HTTP/1.1" status: 200 len: 393 time: 0.0041957
2026-02-26 04:14:54.774 10 INFO neutron.api.wsgi [None req-844e06d1-ac62-4837-897d-78829b2faef2 2a6199fc1a9444a481434470ed83ce83 b3b477ba9ec24893bcd22c87b74dfc88 - - default default] 10.0.0.64 "GET /v2.0/extensions/vpn-endpoint-groups HTTP/1.1" status: 200 len: 371 time: 0.0032582
2026-02-26 04:14:54.780 10 INFO neutron.api.wsgi [None req-4d50d1b3-88a2-43d0-8e31-8f8e2b5e9704 2a6199fc1a9444a481434470ed83ce83 b3b477ba9ec24893bcd22c87b74dfc88 - - default default] 10.0.0.64 "GET /v2.0/extensions/vpn-flavors HTTP/1.1" status: 200 len: 376 time: 0.0032983
2026-02-26 04:14:54.788 10 INFO neutron.api.wsgi [None req-4f01b5c6-a691-444f-a2fd-29fd3378c3cf 2a6199fc1a9444a481434470ed83ce83 b3b477ba9ec24893bcd22c87b74dfc88 - - default default] 10.0.0.64 "GET /v2.0/extensions/vpnaas HTTP/1.1" status: 200 len: 348 time: 0.0034041
2026-02-26 04:14:54.823 10 WARNING neutron.scheduler.dhcp_agent_scheduler [None req-9d8b3b64-945a-4f21-9f06-8d1ff62e8744 e8c829ecf86546d9959658d74a1c61dd 75112619e90547f0a1d9cb77802a2d29 - - default default] No more DHCP agents
2026-02-26 04:14:54.824 10 WARNING neutron.api.rpc.agentnotifiers.dhcp_rpc_agent_api [None req-9d8b3b64-945a-4f21-9f06-8d1ff62e8744 e8c829ecf86546d9959658d74a1c61dd 75112619e90547f0a1d9cb77802a2d29 - - default default] Unable to schedule network 2893fd99-aef5-4cc6-b2ef-e89e4281431a: no agents available; will retry on subsequent port and subnet creation events.
2026-02-26 04:14:54.871 10 INFO neutron.db.ovn_revision_numbers_db [None req-9d8b3b64-945a-4f21-9f06-8d1ff62e8744 e8c829ecf86546d9959658d74a1c61dd 75112619e90547f0a1d9cb77802a2d29 - - default default] Successfully bumped revision number for resource 3bb54ccb-956b-45ad-9bc7-94e4ccf674bd (type: ports) to 1
2026-02-26 04:14:54.889 10 INFO neutron.api.wsgi [None req-9d8b3b64-945a-4f21-9f06-8d1ff62e8744 e8c829ecf86546d9959658d74a1c61dd 75112619e90547f0a1d9cb77802a2d29 - - default default] 10.0.0.64 "POST /v2.0/networks HTTP/1.1" status: 201 len: 945 time: 0.7039876
2026-02-26 04:14:54.899 9 INFO neutron.api.wsgi [req-4b076537-e060-42c5-b8a2-0a2ed99958bd req-90a6c7ee-c9c4-4416-bd91-21b051bc9ddc d62bec30d0be444994a784026bb10de6 a1744b49dd2649519927500662539237 - - default default] 162.253.55.43 "GET /v2.0/ports?device_id=62983baa-4a85-4b86-af2c-86f4374a154e&device_owner=compute%3Anova&network_id=74793cb0-48d8-4636-ac1c-c46c73955906 HTTP/1.1" status: 200 len: 1174 time: 0.3321807
2026-02-26 04:14:55.011 10 WARNING neutron.scheduler.dhcp_agent_scheduler [None req-1eee1fa0-ae77-4338-b327-126d299ba054 e8c829ecf86546d9959658d74a1c61dd 75112619e90547f0a1d9cb77802a2d29 - - default default] No more DHCP agents
2026-02-26 04:14:55.013 10 WARNING neutron.api.rpc.agentnotifiers.dhcp_rpc_agent_api [None req-1eee1fa0-ae77-4338-b327-126d299ba054 e8c829ecf86546d9959658d74a1c61dd 75112619e90547f0a1d9cb77802a2d29 - - default default] Unable to schedule network 2893fd99-aef5-4cc6-b2ef-e89e4281431a: no agents available; will retry on subsequent port and subnet creation events.
2026-02-26 04:14:55.160 10 INFO neutron.services.segments.plugin [-] Segment 354bdbda-459e-498e-9e68-8e20b20aa4b3 resource provider aggregate not found
2026-02-26 04:14:55.166 10 INFO neutron.services.segments.plugin [-] Segment 354bdbda-459e-498e-9e68-8e20b20aa4b3 resource provider aggregate not found
2026-02-26 04:14:55.171 10 INFO neutron.services.segments.plugin [-] Segment 354bdbda-459e-498e-9e68-8e20b20aa4b3 resource provider not found; error: Placement Client Error (4xx): {"errors": [{"status": 404, "title": "Not Found", "detail": "The resource could not be found.\n\n No resource provider with uuid 354bdbda-459e-498e-9e68-8e20b20aa4b3 found for delete ", "request_id": "req-820b99ab-633e-40c9-8e05-721c67a5e223"}]}
2026-02-26 04:14:55.175 10 INFO neutron.services.segments.plugin [-] Segment 354bdbda-459e-498e-9e68-8e20b20aa4b3 resource provider not found; error: Placement Client Error (4xx): {"errors": [{"status": 404, "title": "Not Found", "detail": "The resource could not be found.\n\n No resource provider with uuid 354bdbda-459e-498e-9e68-8e20b20aa4b3 found for delete ", "request_id": "req-a75f6ea2-2886-43a7-8135-3a6626c8eee8"}]}
2026-02-26 04:14:55.363 9 WARNING neutron.scheduler.dhcp_agent_scheduler [None req-5745a0bf-a7b2-4756-abf8-965845b814f8 5193520f49064bbfae0e40e584e17309 268fb60b632e4165bcda91a9361e9355 - - default default] No more DHCP agents
2026-02-26 04:14:55.365 9 WARNING neutron.api.rpc.agentnotifiers.dhcp_rpc_agent_api [None req-5745a0bf-a7b2-4756-abf8-965845b814f8 5193520f49064bbfae0e40e584e17309 268fb60b632e4165bcda91a9361e9355 - - default default] Unable to schedule network b3171233-5d40-45cd-8560-425f370b6adc: no agents available; will retry on subsequent port and subnet creation events.
2026-02-26 04:14:55.440 9 INFO neutron.db.ovn_revision_numbers_db [None req-5745a0bf-a7b2-4756-abf8-965845b814f8 5193520f49064bbfae0e40e584e17309 268fb60b632e4165bcda91a9361e9355 - - default default] Successfully bumped revision number for resource c197932c-7ae9-4758-b8dc-9b982ffc401d (type: ports) to 1
2026-02-26 04:14:55.441 10 INFO neutron.db.ovn_revision_numbers_db [None req-8c6a075a-96b8-4fc2-b3af-878ace49f153 - - - - - -] Successfully bumped revision number for resource 3bb54ccb-956b-45ad-9bc7-94e4ccf674bd (type: ports) to 2
2026-02-26 04:14:55.452 10 INFO neutron.db.ovn_revision_numbers_db [None req-76a10822-cfd3-491e-b015-50b04598dda2 e8c829ecf86546d9959658d74a1c61dd 75112619e90547f0a1d9cb77802a2d29 - - default default] Successfully bumped revision number for resource 86addab9-3bfe-41c5-9eb3-415a3bd2873b (type: security_groups) to 1
2026-02-26 04:14:55.466 10 INFO neutron.db.ovn_revision_numbers_db [None req-76a10822-cfd3-491e-b015-50b04598dda2 e8c829ecf86546d9959658d74a1c61dd 75112619e90547f0a1d9cb77802a2d29 - - default default] Successfully bumped revision number for resource 0fe6fde9-0458-49e2-bb1c-f8cf34f6d81c (type: security_group_rules) to 0
2026-02-26 04:14:55.470 10 INFO neutron.db.ovn_revision_numbers_db [None req-8c6a075a-96b8-4fc2-b3af-878ace49f153 - - - - - -] Successfully bumped revision number for resource 9500b4a5-69ef-44b1-ae57-7c0144482d6e (type: subnets) to 0
2026-02-26 04:14:55.485 10 INFO neutron.db.ovn_revision_numbers_db [None req-76a10822-cfd3-491e-b015-50b04598dda2 e8c829ecf86546d9959658d74a1c61dd 75112619e90547f0a1d9cb77802a2d29 - - default default] Successfully bumped revision number for resource 89b06ef8-b9d0-4e8d-aee5-c872330c548d (type: security_group_rules) to 0
2026-02-26 04:14:55.486 9 WARNING neutron.scheduler.dhcp_agent_scheduler [None req-5745a0bf-a7b2-4756-abf8-965845b814f8 5193520f49064bbfae0e40e584e17309 268fb60b632e4165bcda91a9361e9355 - - default default] No more DHCP agents
2026-02-26 04:14:55.492 9 WARNING neutron.api.rpc.agentnotifiers.dhcp_rpc_agent_api [None req-5745a0bf-a7b2-4756-abf8-965845b814f8 5193520f49064bbfae0e40e584e17309 268fb60b632e4165bcda91a9361e9355 - - default default] Unable to schedule network f950b282-148d-413b-95fb-5d400a86f0e5: no agents available; will retry on subsequent port and subnet creation events.
2026-02-26 04:14:55.492 10 INFO neutron.api.wsgi [None req-1eee1fa0-ae77-4338-b327-126d299ba054 e8c829ecf86546d9959658d74a1c61dd 75112619e90547f0a1d9cb77802a2d29 - - default default] 10.0.0.64 "POST /v2.0/subnets HTTP/1.1" status: 201 len: 889 time: 0.5983014 /var/lib/openstack/lib/python3.12/site-packages/pycadf/identifier.py:71: UserWarning: Invalid uuid: neutron. To ensure interoperability, identifiers should be a valid uuid. warnings.warn(('Invalid uuid: %s. To ensure interoperability, '
2026-02-26 04:14:55.501 10 INFO neutron.db.ovn_revision_numbers_db [None req-76a10822-cfd3-491e-b015-50b04598dda2 e8c829ecf86546d9959658d74a1c61dd 75112619e90547f0a1d9cb77802a2d29 - - default default] Successfully bumped revision number for resource a7993148-3d42-4df8-98b5-2153443a4117 (type: security_group_rules) to 0
2026-02-26 04:14:55.513 10 INFO neutron.db.ovn_revision_numbers_db [None req-76a10822-cfd3-491e-b015-50b04598dda2 e8c829ecf86546d9959658d74a1c61dd 75112619e90547f0a1d9cb77802a2d29 - - default default] Successfully bumped revision number for resource b78c7e86-0647-4f08-a4bc-6a5a6ec9cd4e (type: security_group_rules) to 0
2026-02-26 04:14:55.524 9 INFO neutron.db.ovn_revision_numbers_db [req-4b076537-e060-42c5-b8a2-0a2ed99958bd req-5f6fd667-8df3-4aa7-81d5-6d9635c43147 d62bec30d0be444994a784026bb10de6 a1744b49dd2649519927500662539237 - - default default] Successfully bumped revision number for resource 8171f1d0-606a-421d-ab5d-47527aa64f1a (type: ports) to 6
2026-02-26 04:14:55.540 9 INFO neutron.api.wsgi [req-4b076537-e060-42c5-b8a2-0a2ed99958bd req-5f6fd667-8df3-4aa7-81d5-6d9635c43147 d62bec30d0be444994a784026bb10de6 a1744b49dd2649519927500662539237 - - default default] 162.253.55.43 "PUT /v2.0/ports/8171f1d0-606a-421d-ab5d-47527aa64f1a HTTP/1.1" status: 200 len: 1349 time: 0.6356511
2026-02-26 04:14:55.552 10 INFO neutron.api.wsgi [None req-76a10822-cfd3-491e-b015-50b04598dda2 e8c829ecf86546d9959658d74a1c61dd 75112619e90547f0a1d9cb77802a2d29 - - default default] 10.0.0.64 "GET /v2.0/security-groups?tenant_id=b3b477ba9ec24893bcd22c87b74dfc88&name=default HTTP/1.1" status: 200 len: 3120 time: 0.3265944
2026-02-26 04:14:55.565 9 INFO neutron.notifiers.nova [-] Nova event matching ['req-bc24fda2-73e4-4f43-a1c2-0e1317415c46'] response: {'name': 'network-changed', 'server_uuid': '62983baa-4a85-4b86-af2c-86f4374a154e', 'tag': '8171f1d0-606a-421d-ab5d-47527aa64f1a', 'status': 'completed', 'code': 200}
2026-02-26 04:14:55.592 9 INFO neutron.db.ovn_revision_numbers_db [None req-5745a0bf-a7b2-4756-abf8-965845b814f8 5193520f49064bbfae0e40e584e17309 268fb60b632e4165bcda91a9361e9355 - - default default] Successfully bumped revision number for resource 745a7099-70b4-430a-8ccb-bfea596f79f0 (type: ports) to 1
2026-02-26 04:14:55.627 9 INFO neutron.api.wsgi [None req-5745a0bf-a7b2-4756-abf8-965845b814f8 5193520f49064bbfae0e40e584e17309 268fb60b632e4165bcda91a9361e9355 - - default default] 10.0.0.64 "POST /v2.0/ports HTTP/1.1" status: 201 len: 1706 time: 1.1509106
2026-02-26 04:14:55.748 10 INFO neutron.api.wsgi [None req-f6c1bc55-9c44-4d76-9604-6793f5ffcde4 5193520f49064bbfae0e40e584e17309 268fb60b632e4165bcda91a9361e9355 - - default default] 10.0.0.64 "GET /v2.0/ports HTTP/1.1" status: 200 len: 3213 time: 0.1147704
2026-02-26 04:14:55.793 10 INFO neutron.api.wsgi [None req-817edb0a-a47c-4e56-879c-057b4a41091e e8c829ecf86546d9959658d74a1c61dd 75112619e90547f0a1d9cb77802a2d29 - - default default] 10.0.0.64 "DELETE /v2.0/security-groups/86addab9-3bfe-41c5-9eb3-415a3bd2873b HTTP/1.1" status: 204 len: 168 time: 0.2374351
2026-02-26 04:14:55.892 9 WARNING neutron.scheduler.dhcp_agent_scheduler [None req-56a34155-e9fe-4c92-9774-17c952b58dc7 e8c829ecf86546d9959658d74a1c61dd 75112619e90547f0a1d9cb77802a2d29 - - default default] No more DHCP agents
2026-02-26 04:14:55.893 9 WARNING neutron.api.rpc.agentnotifiers.dhcp_rpc_agent_api [None req-56a34155-e9fe-4c92-9774-17c952b58dc7 e8c829ecf86546d9959658d74a1c61dd 75112619e90547f0a1d9cb77802a2d29 - - default default] Unable to schedule network a31a661a-6bd2-4f70-ab6b-eeea83f275be: no agents available; will retry on subsequent port and subnet creation events.
2026-02-26 04:14:55.967 10 INFO neutron.api.wsgi [None req-730f4304-ed66-4406-abaa-2cb6c27984c8 5193520f49064bbfae0e40e584e17309 268fb60b632e4165bcda91a9361e9355 - - default default] 10.0.0.64 "DELETE /v2.0/ports/c197932c-7ae9-4758-b8dc-9b982ffc401d HTTP/1.1" status: 204 len: 168 time: 0.2148111
2026-02-26 04:14:56.001 9 INFO neutron.db.ovn_revision_numbers_db [None req-56a34155-e9fe-4c92-9774-17c952b58dc7 e8c829ecf86546d9959658d74a1c61dd 75112619e90547f0a1d9cb77802a2d29 - - default default] Successfully bumped revision number for resource 4293a079-78a4-4ebf-ac03-8a4ccd2ceedb (type: ports) to 1
2026-02-26 04:14:56.091 9 INFO neutron.api.wsgi [req-4b076537-e060-42c5-b8a2-0a2ed99958bd req-04fca43a-6f7c-476f-9a73-68672cd9496c ed81b0baa6dc41ecab55bde9293e1c65 0997eb8867154e38ac002d84ce07617f - - eac6e0f04e8d43b8b30ebcfee323c3e3 eac6e0f04e8d43b8b30ebcfee323c3e3] 162.253.55.43 "GET /v2.0/ports?tenant_id=a1744b49dd2649519927500662539237&device_id=62983baa-4a85-4b86-af2c-86f4374a154e HTTP/1.1" status: 200 len: 1590 time: 0.0421226
2026-02-26 04:14:56.133 9 INFO neutron.api.wsgi [req-4b076537-e060-42c5-b8a2-0a2ed99958bd req-8ebe40db-9d95-483d-9ee9-08490f15b2f8 ed81b0baa6dc41ecab55bde9293e1c65 0997eb8867154e38ac002d84ce07617f - - eac6e0f04e8d43b8b30ebcfee323c3e3 eac6e0f04e8d43b8b30ebcfee323c3e3] 162.253.55.43 "GET /v2.0/networks?id=74793cb0-48d8-4636-ac1c-c46c73955906 HTTP/1.1" status: 200 len: 981 time: 0.0375862
2026-02-26 04:14:56.161 10 INFO neutron.api.wsgi [None req-d46836f8-2803-4465-97d7-c2b5376bc859 5193520f49064bbfae0e40e584e17309 268fb60b632e4165bcda91a9361e9355 - - default default] 10.0.0.64 "DELETE /v2.0/ports/745a7099-70b4-430a-8ccb-bfea596f79f0 HTTP/1.1" status: 204 len: 168 time: 0.1865788
2026-02-26 04:14:56.183 9 INFO neutron.api.wsgi [req-4b076537-e060-42c5-b8a2-0a2ed99958bd req-70d1cdf7-3f41-4523-a99d-f69e78de9c79 ed81b0baa6dc41ecab55bde9293e1c65 0997eb8867154e38ac002d84ce07617f - - eac6e0f04e8d43b8b30ebcfee323c3e3 eac6e0f04e8d43b8b30ebcfee323c3e3] 162.253.55.43 "GET /v2.0/floatingips?fixed_ip_address=10.100.0.10&port_id=8171f1d0-606a-421d-ab5d-47527aa64f1a HTTP/1.1" status: 200 len: 1060 time: 0.0463252
2026-02-26 04:14:56.200 10 INFO neutron.api.wsgi [None req-ac218c27-cc91-42c0-9021-0e0a98273490 5193520f49064bbfae0e40e584e17309 268fb60b632e4165bcda91a9361e9355 - - default default] 10.0.0.64 "GET /v2.0/ports HTTP/1.1" status: 200 len: 1718 time: 0.0345354
2026-02-26 04:14:56.208 9 INFO neutron.api.wsgi [req-4b076537-e060-42c5-b8a2-0a2ed99958bd req-ffa4ad60-eff3-43da-baac-24c0dd58f689 ed81b0baa6dc41ecab55bde9293e1c65 0997eb8867154e38ac002d84ce07617f - - eac6e0f04e8d43b8b30ebcfee323c3e3 eac6e0f04e8d43b8b30ebcfee323c3e3] 162.253.55.43 "GET /v2.0/floatingips?fixed_ip_address=10.100.0.3&port_id=8171f1d0-606a-421d-ab5d-47527aa64f1a HTTP/1.1" status: 200 len: 217 time: 0.0175176
2026-02-26 04:14:56.211 10 WARNING neutron_lib.context [None req-7173c2e1-84ac-4368-b4c5-712ff6cd6227 5193520f49064bbfae0e40e584e17309 268fb60b632e4165bcda91a9361e9355 - - default default] Method 'is_advsvc' is deprecated since 2023.2 release (neutron-lib 3.8.0) and will be removed once support for the old RBAC API policies will be removed from Neutron. Please use method 'is_service_role' instead.
2026-02-26 04:14:56.257 9 INFO neutron.api.wsgi [req-4b076537-e060-42c5-b8a2-0a2ed99958bd req-cf5a61c1-987d-405a-b6fb-8c7f70af8049 ed81b0baa6dc41ecab55bde9293e1c65 0997eb8867154e38ac002d84ce07617f - - eac6e0f04e8d43b8b30ebcfee323c3e3 eac6e0f04e8d43b8b30ebcfee323c3e3] 162.253.55.43 "GET /v2.0/subnets?id=11e46880-c948-4c4a-a39b-6cdadc732f56 HTTP/1.1" status: 200 len: 900 time: 0.0392497
2026-02-26 04:14:56.281 9 INFO neutron.api.wsgi [req-4b076537-e060-42c5-b8a2-0a2ed99958bd req-2ee1c45e-e334-4b56-8416-10c0c5f6c8e3 ed81b0baa6dc41ecab55bde9293e1c65 0997eb8867154e38ac002d84ce07617f - - eac6e0f04e8d43b8b30ebcfee323c3e3 eac6e0f04e8d43b8b30ebcfee323c3e3] 162.253.55.43 "GET /v2.0/ports?network_id=74793cb0-48d8-4636-ac1c-c46c73955906&device_owner=network%3Adhcp HTTP/1.1" status: 200 len: 210 time: 0.0160213
2026-02-26 04:14:56.285 10 INFO neutron.db.segments_db [None req-7173c2e1-84ac-4368-b4c5-712ff6cd6227 5193520f49064bbfae0e40e584e17309 268fb60b632e4165bcda91a9361e9355 - - default default] Added segment 0b7a2c78-d18f-4d38-ac0a-c491da0e62e1 of type geneve for network 5aa0b798-059b-4995-9f57-e15cae4c8987
2026-02-26 04:14:56.330 9 INFO neutron.api.wsgi [req-4b076537-e060-42c5-b8a2-0a2ed99958bd req-9705cc28-de31-4f64-b576-053004722bf3 ed81b0baa6dc41ecab55bde9293e1c65 0997eb8867154e38ac002d84ce07617f - - eac6e0f04e8d43b8b30ebcfee323c3e3 eac6e0f04e8d43b8b30ebcfee323c3e3] 162.253.55.43 "GET /v2.0/networks/74793cb0-48d8-4636-ac1c-c46c73955906?fields=segments HTTP/1.1" status: 200 len: 212 time: 0.0432310
2026-02-26 04:14:56.384 9 INFO neutron.api.wsgi [req-4b076537-e060-42c5-b8a2-0a2ed99958bd req-ecadb282-ba78-4839-bed3-5725e5058034 ed81b0baa6dc41ecab55bde9293e1c65 0997eb8867154e38ac002d84ce07617f - - eac6e0f04e8d43b8b30ebcfee323c3e3 eac6e0f04e8d43b8b30ebcfee323c3e3] 162.253.55.43 "GET /v2.0/networks/74793cb0-48d8-4636-ac1c-c46c73955906?fields=provider%3Aphysical_network&fields=provider%3Anetwork_type HTTP/1.1" status: 200 len: 277 time: 0.0466492
2026-02-26 04:14:56.388 10 INFO neutron.db.ovn_revision_numbers_db [None req-7173c2e1-84ac-4368-b4c5-712ff6cd6227 5193520f49064bbfae0e40e584e17309 268fb60b632e4165bcda91a9361e9355 - - default default] Successfully bumped revision number for resource 5aa0b798-059b-4995-9f57-e15cae4c8987 (type: networks) to 1
2026-02-26 04:14:56.527 10 WARNING neutron.scheduler.dhcp_agent_scheduler [None req-7173c2e1-84ac-4368-b4c5-712ff6cd6227 5193520f49064bbfae0e40e584e17309 268fb60b632e4165bcda91a9361e9355 - - default default] No more DHCP agents
2026-02-26 04:14:56.528 10 WARNING neutron.api.rpc.agentnotifiers.dhcp_rpc_agent_api [None req-7173c2e1-84ac-4368-b4c5-712ff6cd6227 5193520f49064bbfae0e40e584e17309 268fb60b632e4165bcda91a9361e9355 - - default default] Unable to schedule network 5aa0b798-059b-4995-9f57-e15cae4c8987: no agents available; will retry on subsequent port and subnet creation events.
2026-02-26 04:14:56.579 10 INFO neutron.db.ovn_revision_numbers_db [None req-7173c2e1-84ac-4368-b4c5-712ff6cd6227 5193520f49064bbfae0e40e584e17309 268fb60b632e4165bcda91a9361e9355 - - default default] Successfully bumped revision number for resource 6c67d869-e502-4dc6-ad60-2d6b471e634a (type: ports) to 1
2026-02-26 04:14:56.589 9 INFO neutron.plugins.ml2.drivers.ovn.mech_driver.ovsdb.commands [None req-81b8b451-400f-4197-a757-f8e5640950ab - - - - - -] Schedule LRP lrp-4293a079-78a4-4ebf-ac03-8a4ccd2ceedb on gateway 7abd64c0-c0bf-4bed-8d74-2dc51ed45c07 with priority 1
2026-02-26 04:14:56.595 9 INFO neutron.plugins.ml2.drivers.ovn.mech_driver.mech_driver [None req-53db41e7-aaf6-4292-a01a-2240db78241e - - - - - -] OVN reports status up for port: 4293a079-78a4-4ebf-ac03-8a4ccd2ceedb
2026-02-26 04:14:56.604 10 INFO neutron.api.wsgi [None req-7173c2e1-84ac-4368-b4c5-712ff6cd6227 5193520f49064bbfae0e40e584e17309 268fb60b632e4165bcda91a9361e9355 - - default default] 10.0.0.64 "POST /v2.0/networks HTTP/1.1" status: 201 len: 849 time: 0.3972983
2026-02-26 04:14:56.613 9 INFO neutron.plugins.ml2.plugin [None req-53db41e7-aaf6-4292-a01a-2240db78241e - - - - - -] Attempt 1 to provision port 4293a079-78a4-4ebf-ac03-8a4ccd2ceedb
2026-02-26 04:14:56.615 9 INFO neutron.plugins.ml2.drivers.ovn.mech_driver.ovsdb.ovsdb_monitor [None req-8fe9e01f-4cc8-4515-b3c1-25ce95848529 - - - - - -] Router d78fab0a-bca6-4bbe-8339-f3cb7b9dc6f4 is bound to host instance
2026-02-26 04:14:56.615 10 WARNING neutron_lib.context [None req-93dcf552-6d03-47cc-a363-94ab19b62dcd 5193520f49064bbfae0e40e584e17309 268fb60b632e4165bcda91a9361e9355 - - default default] Method 'is_advsvc' is deprecated since 2023.2 release (neutron-lib 3.8.0) and will be removed once support for the old RBAC API policies will be removed from Neutron. Please use method 'is_service_role' instead.
2026-02-26 04:14:56.646 9 INFO neutron.db.ovn_revision_numbers_db [None req-56a34155-e9fe-4c92-9774-17c952b58dc7 e8c829ecf86546d9959658d74a1c61dd 75112619e90547f0a1d9cb77802a2d29 - - default default] Successfully bumped revision number for resource 4293a079-78a4-4ebf-ac03-8a4ccd2ceedb (type: router_ports) to 1
2026-02-26 04:14:56.725 10 INFO neutron.db.segments_db [None req-93dcf552-6d03-47cc-a363-94ab19b62dcd 5193520f49064bbfae0e40e584e17309 268fb60b632e4165bcda91a9361e9355 - - default default] Added segment c2a3c234-0dee-4806-ad9c-bc475eaf1c96 of type geneve for network 854eb170-2c6b-408b-af9b-b006142e4d64
2026-02-26 04:14:56.744 9 INFO neutron.db.ovn_revision_numbers_db [None req-56a34155-e9fe-4c92-9774-17c952b58dc7 e8c829ecf86546d9959658d74a1c61dd 75112619e90547f0a1d9cb77802a2d29 - - default default] Successfully bumped revision number for resource d78fab0a-bca6-4bbe-8339-f3cb7b9dc6f4 (type: routers) to 2
2026-02-26 04:14:56.776 9 INFO neutron.api.wsgi [None req-56a34155-e9fe-4c92-9774-17c952b58dc7 e8c829ecf86546d9959658d74a1c61dd 75112619e90547f0a1d9cb77802a2d29 - - default default] 10.0.0.64 "POST /v2.0/routers HTTP/1.1" status: 201 len: 1167 time: 1.2788918
2026-02-26 04:14:57.002 10 INFO neutron.db.ovn_revision_numbers_db [None req-93dcf552-6d03-47cc-a363-94ab19b62dcd 5193520f49064bbfae0e40e584e17309 268fb60b632e4165bcda91a9361e9355 - - default default] Successfully bumped revision number for resource 854eb170-2c6b-408b-af9b-b006142e4d64 (type: networks) to 1
2026-02-26 04:14:57.123 9 INFO neutron.db.ovn_revision_numbers_db [None req-b12f2dd8-bb59-430b-b869-751be9c3e68c - - - - - -] Successfully bumped revision number for resource 4293a079-78a4-4ebf-ac03-8a4ccd2ceedb (type: ports) to 1
2026-02-26 04:14:57.172 10 WARNING neutron.scheduler.dhcp_agent_scheduler [None req-93dcf552-6d03-47cc-a363-94ab19b62dcd 5193520f49064bbfae0e40e584e17309 268fb60b632e4165bcda91a9361e9355 - - default default] No more DHCP agents
2026-02-26 04:14:57.173 10 WARNING neutron.api.rpc.agentnotifiers.dhcp_rpc_agent_api [None req-93dcf552-6d03-47cc-a363-94ab19b62dcd 5193520f49064bbfae0e40e584e17309 268fb60b632e4165bcda91a9361e9355 - - default default] Unable to schedule network 854eb170-2c6b-408b-af9b-b006142e4d64: no agents available; will retry on subsequent port and subnet creation events.
2026-02-26 04:14:57.249 10 INFO neutron.db.ovn_revision_numbers_db [None req-93dcf552-6d03-47cc-a363-94ab19b62dcd 5193520f49064bbfae0e40e584e17309 268fb60b632e4165bcda91a9361e9355 - - default default] Successfully bumped revision number for resource 1cb44d1a-2c1e-4981-94b6-2bac6c151e47 (type: ports) to 1
2026-02-26 04:14:57.270 9 WARNING neutron.scheduler.dhcp_agent_scheduler [None req-5bf76da3-aefc-4dc4-b29a-d4e7e255c992 e8c829ecf86546d9959658d74a1c61dd 75112619e90547f0a1d9cb77802a2d29 - - default default] No more DHCP agents
2026-02-26 04:14:57.271 9 WARNING neutron.api.rpc.agentnotifiers.dhcp_rpc_agent_api [None req-5bf76da3-aefc-4dc4-b29a-d4e7e255c992 e8c829ecf86546d9959658d74a1c61dd 75112619e90547f0a1d9cb77802a2d29 - - default default] Unable to schedule network 2893fd99-aef5-4cc6-b2ef-e89e4281431a: no agents available; will retry on subsequent port and subnet creation events.
2026-02-26 04:14:57.278 10 INFO neutron.api.wsgi [None req-93dcf552-6d03-47cc-a363-94ab19b62dcd 5193520f49064bbfae0e40e584e17309 268fb60b632e4165bcda91a9361e9355 - - default default] 10.0.0.64 "POST /v2.0/networks HTTP/1.1" status: 201 len: 849 time: 0.6680763
