2026-02-26 04:14:09.651 10 INFO neutron.db.ovn_revision_numbers_db [None req-ee9ccf17-9268-44b8-8f7d-206030335b7b e8c829ecf86546d9959658d74a1c61dd 75112619e90547f0a1d9cb77802a2d29 - - default default] Successfully bumped revision number for resource 2d5a475e-c02e-4c02-b98b-a872b7c98466 (type: security_group_rules) to 0
2026-02-26 04:14:09.659 10 INFO neutron.db.ovn_revision_numbers_db [None req-ec2e1767-bf18-47bc-a4c5-1216aa3866ff e8c829ecf86546d9959658d74a1c61dd 75112619e90547f0a1d9cb77802a2d29 - - default default] Successfully bumped revision number for resource cd85f8a8-9bb3-4a0c-90af-77fb1122b720 (type: security_group_rules) to 0
2026-02-26 04:14:09.665 10 INFO neutron.db.ovn_revision_numbers_db [None req-ee9ccf17-9268-44b8-8f7d-206030335b7b e8c829ecf86546d9959658d74a1c61dd 75112619e90547f0a1d9cb77802a2d29 - - default default] Successfully bumped revision number for resource 7792fdb4-2d5f-4463-88f6-aabfee7bf5f5 (type: security_group_rules) to 0
2026-02-26 04:14:09.675 10 INFO neutron.db.ovn_revision_numbers_db [None req-ec2e1767-bf18-47bc-a4c5-1216aa3866ff e8c829ecf86546d9959658d74a1c61dd 75112619e90547f0a1d9cb77802a2d29 - - default default] Successfully bumped revision number for resource fc54bace-b4a6-4fe9-964c-7800706cddf9 (type: security_group_rules) to 0
2026-02-26 04:14:09.679 10 INFO neutron.db.ovn_revision_numbers_db [None req-ee9ccf17-9268-44b8-8f7d-206030335b7b e8c829ecf86546d9959658d74a1c61dd 75112619e90547f0a1d9cb77802a2d29 - - default default] Successfully bumped revision number for resource 889e48ac-9825-4745-94c7-dcdd258bb72b (type: security_group_rules) to 0
2026-02-26 04:14:09.690 9 INFO neutron.db.ovn_revision_numbers_db [None req-68ab419b-857f-4af2-b428-ce6d156d0785 e8c829ecf86546d9959658d74a1c61dd 75112619e90547f0a1d9cb77802a2d29 - - default default] Successfully bumped revision number for resource 2eb022df-fcb4-43b5-ae6d-1c5b5f59b0ef (type: security_groups) to 1
2026-02-26 04:14:09.701 9 INFO neutron.db.ovn_revision_numbers_db [None req-68ab419b-857f-4af2-b428-ce6d156d0785 e8c829ecf86546d9959658d74a1c61dd 75112619e90547f0a1d9cb77802a2d29 - - default default] Successfully bumped revision number for resource 23930084-a909-424f-a97a-f492e8e03460 (type: security_group_rules) to 0
2026-02-26 04:14:09.723 9 INFO neutron.db.ovn_revision_numbers_db [None req-68ab419b-857f-4af2-b428-ce6d156d0785 e8c829ecf86546d9959658d74a1c61dd 75112619e90547f0a1d9cb77802a2d29 - - default default] Successfully bumped revision number for resource 29588af8-7a00-4161-996c-c59aa11a2780 (type: security_group_rules) to 0
2026-02-26 04:14:09.734 9 INFO neutron.db.ovn_revision_numbers_db [None req-68ab419b-857f-4af2-b428-ce6d156d0785 e8c829ecf86546d9959658d74a1c61dd 75112619e90547f0a1d9cb77802a2d29 - - default default] Successfully bumped revision number for resource 629a2708-5bcb-4afb-ac2d-e3d8ff2a9cb4 (type: security_group_rules) to 0
2026-02-26 04:14:09.747 9 INFO neutron.db.ovn_revision_numbers_db [None req-68ab419b-857f-4af2-b428-ce6d156d0785 e8c829ecf86546d9959658d74a1c61dd 75112619e90547f0a1d9cb77802a2d29 - - default default] Successfully bumped revision number for resource a95d6082-bf92-41d7-b06e-f7b57460c8ea (type: security_group_rules) to 0
2026-02-26 04:14:09.770 10 INFO neutron.db.segments_db [None req-ec2e1767-bf18-47bc-a4c5-1216aa3866ff e8c829ecf86546d9959658d74a1c61dd 75112619e90547f0a1d9cb77802a2d29 - - default default] Added segment 0a42344c-a4d5-4476-bba5-160d84728fa8 of type geneve for network 2261ec11-225c-449b-997e-cde8ea1fa827
2026-02-26 04:14:09.771 10 INFO neutron.db.segments_db [None req-ee9ccf17-9268-44b8-8f7d-206030335b7b e8c829ecf86546d9959658d74a1c61dd 75112619e90547f0a1d9cb77802a2d29 - - default default] Added segment c8ffc228-8c40-49ed-80da-24c000039369 of type geneve for network 74793cb0-48d8-4636-ac1c-c46c73955906
2026-02-26 04:14:09.826 9 INFO neutron.db.segments_db [None req-68ab419b-857f-4af2-b428-ce6d156d0785 e8c829ecf86546d9959658d74a1c61dd 75112619e90547f0a1d9cb77802a2d29 - - default default] Added segment 3dec3869-7768-41e1-bd39-a9f49c70ebc2 of type geneve for network 6d774306-5824-44a8-8ea3-5829b1661348
2026-02-26 04:14:09.884 10 INFO neutron.db.ovn_revision_numbers_db [None req-ec2e1767-bf18-47bc-a4c5-1216aa3866ff e8c829ecf86546d9959658d74a1c61dd 75112619e90547f0a1d9cb77802a2d29 - - default default] Successfully bumped revision number for resource 2261ec11-225c-449b-997e-cde8ea1fa827 (type: networks) to 1
2026-02-26 04:14:09.890 10 INFO neutron.db.ovn_revision_numbers_db [None req-ee9ccf17-9268-44b8-8f7d-206030335b7b e8c829ecf86546d9959658d74a1c61dd 75112619e90547f0a1d9cb77802a2d29 - - default default] Successfully bumped revision number for resource 74793cb0-48d8-4636-ac1c-c46c73955906 (type: networks) to 1
2026-02-26 04:14:09.939 9 INFO neutron.db.ovn_revision_numbers_db [None req-68ab419b-857f-4af2-b428-ce6d156d0785 e8c829ecf86546d9959658d74a1c61dd 75112619e90547f0a1d9cb77802a2d29 - - default default] Successfully bumped revision number for resource 6d774306-5824-44a8-8ea3-5829b1661348 (type: networks) to 1
2026-02-26 04:14:10.037 10 WARNING neutron.scheduler.dhcp_agent_scheduler [None req-ee9ccf17-9268-44b8-8f7d-206030335b7b e8c829ecf86546d9959658d74a1c61dd 75112619e90547f0a1d9cb77802a2d29 - - default default] No more DHCP agents
2026-02-26 04:14:10.038 10 WARNING neutron.api.rpc.agentnotifiers.dhcp_rpc_agent_api [None req-ee9ccf17-9268-44b8-8f7d-206030335b7b e8c829ecf86546d9959658d74a1c61dd 75112619e90547f0a1d9cb77802a2d29 - - default default] Unable to schedule network 74793cb0-48d8-4636-ac1c-c46c73955906: no agents available; will retry on subsequent port and subnet creation events.
2026-02-26 04:14:10.054 10 WARNING neutron.scheduler.dhcp_agent_scheduler [None req-ec2e1767-bf18-47bc-a4c5-1216aa3866ff e8c829ecf86546d9959658d74a1c61dd 75112619e90547f0a1d9cb77802a2d29 - - default default] No more DHCP agents
2026-02-26 04:14:10.057 10 WARNING neutron.api.rpc.agentnotifiers.dhcp_rpc_agent_api [None req-ec2e1767-bf18-47bc-a4c5-1216aa3866ff e8c829ecf86546d9959658d74a1c61dd 75112619e90547f0a1d9cb77802a2d29 - - default default] Unable to schedule network 2261ec11-225c-449b-997e-cde8ea1fa827: no agents available; will retry on subsequent port and subnet creation events.
2026-02-26 04:14:10.082 9 WARNING neutron.scheduler.dhcp_agent_scheduler [None req-68ab419b-857f-4af2-b428-ce6d156d0785 e8c829ecf86546d9959658d74a1c61dd 75112619e90547f0a1d9cb77802a2d29 - - default default] No more DHCP agents
2026-02-26 04:14:10.082 9 WARNING neutron.api.rpc.agentnotifiers.dhcp_rpc_agent_api [None req-68ab419b-857f-4af2-b428-ce6d156d0785 e8c829ecf86546d9959658d74a1c61dd 75112619e90547f0a1d9cb77802a2d29 - - default default] Unable to schedule network 6d774306-5824-44a8-8ea3-5829b1661348: no agents available; will retry on subsequent port and subnet creation events.
2026-02-26 04:14:10.098 10 INFO neutron.db.ovn_revision_numbers_db [None req-ee9ccf17-9268-44b8-8f7d-206030335b7b e8c829ecf86546d9959658d74a1c61dd 75112619e90547f0a1d9cb77802a2d29 - - default default] Successfully bumped revision number for resource 991bf842-3bfb-4c86-bfb8-3ecdb4a32ec7 (type: ports) to 1
2026-02-26 04:14:10.122 10 INFO neutron.api.wsgi [None req-ee9ccf17-9268-44b8-8f7d-206030335b7b e8c829ecf86546d9959658d74a1c61dd 75112619e90547f0a1d9cb77802a2d29 - - default default] 10.0.0.64 "POST /v2.0/networks HTTP/1.1" status: 201 len: 953 time: 0.7589912
2026-02-26 04:14:10.123 10 INFO neutron.db.ovn_revision_numbers_db [None req-ec2e1767-bf18-47bc-a4c5-1216aa3866ff e8c829ecf86546d9959658d74a1c61dd 75112619e90547f0a1d9cb77802a2d29 - - default default] Successfully bumped revision number for resource 9a622749-551b-4cc6-abee-946a3eebfabb (type: ports) to 1
2026-02-26 04:14:10.144 10 INFO neutron.api.wsgi [None req-ec2e1767-bf18-47bc-a4c5-1216aa3866ff e8c829ecf86546d9959658d74a1c61dd 75112619e90547f0a1d9cb77802a2d29 - - default default] 10.0.0.64 "POST /v2.0/networks HTTP/1.1" status: 201 len: 950 time: 0.7612214
2026-02-26 04:14:10.219 9 INFO neutron.db.ovn_revision_numbers_db [None req-68ab419b-857f-4af2-b428-ce6d156d0785 e8c829ecf86546d9959658d74a1c61dd 75112619e90547f0a1d9cb77802a2d29 - - default default] Successfully bumped revision number for resource 463e7bad-a10c-4d83-9de1-816eab55a443 (type: ports) to 1
2026-02-26 04:14:10.236 9 INFO neutron.api.wsgi [None req-68ab419b-857f-4af2-b428-ce6d156d0785 e8c829ecf86546d9959658d74a1c61dd 75112619e90547f0a1d9cb77802a2d29 - - default default] 10.0.0.64 "POST /v2.0/networks HTTP/1.1" status: 201 len: 946 time: 0.7251902
2026-02-26 04:14:10.290 10 WARNING neutron.scheduler.dhcp_agent_scheduler [None req-89ac68f2-b578-4ffa-b4ff-303bd171e104 e8c829ecf86546d9959658d74a1c61dd 75112619e90547f0a1d9cb77802a2d29 - - default default] No more DHCP agents
2026-02-26 04:14:10.291 10 WARNING neutron.api.rpc.agentnotifiers.dhcp_rpc_agent_api [None req-89ac68f2-b578-4ffa-b4ff-303bd171e104 e8c829ecf86546d9959658d74a1c61dd 75112619e90547f0a1d9cb77802a2d29 - - default default] Unable to schedule network 74793cb0-48d8-4636-ac1c-c46c73955906: no agents available; will retry on subsequent port and subnet creation events.
2026-02-26 04:14:10.310 10 WARNING neutron.scheduler.dhcp_agent_scheduler [None req-650860a1-a63a-47f7-b214-0a7a94381259 e8c829ecf86546d9959658d74a1c61dd 75112619e90547f0a1d9cb77802a2d29 - - default default] No more DHCP agents
2026-02-26 04:14:10.312 10 WARNING neutron.api.rpc.agentnotifiers.dhcp_rpc_agent_api [None req-650860a1-a63a-47f7-b214-0a7a94381259 e8c829ecf86546d9959658d74a1c61dd 75112619e90547f0a1d9cb77802a2d29 - - default default] Unable to schedule network 2261ec11-225c-449b-997e-cde8ea1fa827: no agents available; will retry on subsequent port and subnet creation events.
2026-02-26 04:14:10.362 9 WARNING neutron.scheduler.dhcp_agent_scheduler [None req-c5a957a3-0c50-4ba4-bebf-94618be3eaa7 e8c829ecf86546d9959658d74a1c61dd 75112619e90547f0a1d9cb77802a2d29 - - default default] No more DHCP agents
2026-02-26 04:14:10.363 9 WARNING neutron.api.rpc.agentnotifiers.dhcp_rpc_agent_api [None req-c5a957a3-0c50-4ba4-bebf-94618be3eaa7 e8c829ecf86546d9959658d74a1c61dd 75112619e90547f0a1d9cb77802a2d29 - - default default] Unable to schedule network 6d774306-5824-44a8-8ea3-5829b1661348: no agents available; will retry on subsequent port and subnet creation events.
2026-02-26 04:14:10.541 9 INFO neutron.db.ovn_revision_numbers_db [None req-1099d19c-18ce-42fe-b286-4d2d93647b46 e8c829ecf86546d9959658d74a1c61dd 75112619e90547f0a1d9cb77802a2d29 - - default default] Successfully bumped revision number for resource 7a6bf7bc-54ca-4f14-8523-72e365c407b0 (type: security_groups) to 1
2026-02-26 04:14:10.556 9 INFO neutron.db.ovn_revision_numbers_db [None req-1099d19c-18ce-42fe-b286-4d2d93647b46 e8c829ecf86546d9959658d74a1c61dd 75112619e90547f0a1d9cb77802a2d29 - - default default] Successfully bumped revision number for resource 233a1d57-2ff3-46bc-9405-f9a0590d090c (type: security_group_rules) to 0
2026-02-26 04:14:10.568 9 INFO neutron.db.ovn_revision_numbers_db [None req-1099d19c-18ce-42fe-b286-4d2d93647b46 e8c829ecf86546d9959658d74a1c61dd 75112619e90547f0a1d9cb77802a2d29 - - default default] Successfully bumped revision number for resource 2c20a763-6750-4093-b2f7-d37db8ffa517 (type: security_group_rules) to 0
2026-02-26 04:14:10.582 9 INFO neutron.db.ovn_revision_numbers_db [None req-1099d19c-18ce-42fe-b286-4d2d93647b46 e8c829ecf86546d9959658d74a1c61dd 75112619e90547f0a1d9cb77802a2d29 - - default default] Successfully bumped revision number for resource 4012d96b-fd67-42f7-a541-85b481910ff8 (type: security_group_rules) to 0
2026-02-26 04:14:10.599 9 INFO neutron.db.ovn_revision_numbers_db [None req-1099d19c-18ce-42fe-b286-4d2d93647b46 e8c829ecf86546d9959658d74a1c61dd 75112619e90547f0a1d9cb77802a2d29 - - default default] Successfully bumped revision number for resource b6568244-7230-4ca6-82a2-b7966116dd05 (type: security_group_rules) to 0
2026-02-26 04:14:10.640 9 INFO neutron.api.wsgi [None req-1099d19c-18ce-42fe-b286-4d2d93647b46 e8c829ecf86546d9959658d74a1c61dd 75112619e90547f0a1d9cb77802a2d29 - - default default] 10.0.0.64 "GET /v2.0/security-groups?tenant_id=93b88e561fd84cb4a4e50d06bf6f43e3&name=default HTTP/1.1" status: 200 len: 3116 time: 0.3265357
2026-02-26 04:14:10.785 10 INFO neutron.db.ovn_revision_numbers_db [None req-cb21b359-9f40-47a3-a46d-9b54f6ca7f60 - - - - - -] Successfully bumped revision number for resource 991bf842-3bfb-4c86-bfb8-3ecdb4a32ec7 (type: ports) to 2
2026-02-26 04:14:10.795 9 INFO neutron.db.ovn_revision_numbers_db [None req-b057493d-e70b-4c07-bbb3-9f8dc8900c9a - - - - - -] Successfully bumped revision number for resource 463e7bad-a10c-4d83-9de1-816eab55a443 (type: ports) to 2
2026-02-26 04:14:10.828 10 INFO neutron.db.ovn_revision_numbers_db [None req-cb21b359-9f40-47a3-a46d-9b54f6ca7f60 - - - - - -] Successfully bumped revision number for resource 11e46880-c948-4c4a-a39b-6cdadc732f56 (type: subnets) to 0
2026-02-26 04:14:10.831 9 INFO neutron.db.ovn_revision_numbers_db [None req-b057493d-e70b-4c07-bbb3-9f8dc8900c9a - - - - - -] Successfully bumped revision number for resource e657b37a-81ec-468e-8f79-27a2039daa21 (type: subnets) to 0
2026-02-26 04:14:10.832 10 INFO neutron.db.ovn_revision_numbers_db [None req-f0d9ff8e-b8b0-49f9-ad1d-10dc79f20754 - - - - - -] Successfully bumped revision number for resource 9a622749-551b-4cc6-abee-946a3eebfabb (type: ports) to 2
2026-02-26 04:14:10.847 10 INFO neutron.api.wsgi [None req-89ac68f2-b578-4ffa-b4ff-303bd171e104 e8c829ecf86546d9959658d74a1c61dd 75112619e90547f0a1d9cb77802a2d29 - - default default] 10.0.0.64 "POST /v2.0/subnets HTTP/1.1" status: 201 len: 897 time: 0.7172923
2026-02-26 04:14:10.850 9 INFO neutron.api.wsgi [None req-c5a957a3-0c50-4ba4-bebf-94618be3eaa7 e8c829ecf86546d9959658d74a1c61dd 75112619e90547f0a1d9cb77802a2d29 - - default default] 10.0.0.64 "POST /v2.0/subnets HTTP/1.1" status: 201 len: 890 time: 0.6070833
2026-02-26 04:14:10.875 10 INFO neutron.db.ovn_revision_numbers_db [None req-f0d9ff8e-b8b0-49f9-ad1d-10dc79f20754 - - - - - -] Successfully bumped revision number for resource 60d368f4-4ddb-41c4-a6c3-9995a98a13d8 (type: subnets) to 0
2026-02-26 04:14:10.898 10 INFO neutron.api.wsgi [None req-650860a1-a63a-47f7-b214-0a7a94381259 e8c829ecf86546d9959658d74a1c61dd 75112619e90547f0a1d9cb77802a2d29 - - default default] 10.0.0.64 "POST /v2.0/subnets HTTP/1.1" status: 201 len: 894 time: 0.7475798
2026-02-26 04:14:10.957 9 INFO neutron.api.wsgi [None req-79d1eea3-217f-4d0e-ac6c-17513ffd9b16 e8c829ecf86546d9959658d74a1c61dd 75112619e90547f0a1d9cb77802a2d29 - - default default] 10.0.0.64 "DELETE /v2.0/security-groups/7a6bf7bc-54ca-4f14-8523-72e365c407b0 HTTP/1.1" status: 204 len: 168 time: 0.3123341
2026-02-26 04:14:11.313 10 WARNING neutron.scheduler.dhcp_agent_scheduler [None req-f8a7ff32-2134-40d8-bb96-bb4751ac3482 e8c829ecf86546d9959658d74a1c61dd 75112619e90547f0a1d9cb77802a2d29 - - default default] No more DHCP agents
2026-02-26 04:14:11.314 10 WARNING neutron.api.rpc.agentnotifiers.dhcp_rpc_agent_api [None req-f8a7ff32-2134-40d8-bb96-bb4751ac3482 e8c829ecf86546d9959658d74a1c61dd 75112619e90547f0a1d9cb77802a2d29 - - default default] Unable to schedule network a31a661a-6bd2-4f70-ab6b-eeea83f275be: no agents available; will retry on subsequent port and subnet creation events.
2026-02-26 04:14:11.399 10 INFO neutron.db.ovn_revision_numbers_db [None req-f8a7ff32-2134-40d8-bb96-bb4751ac3482 e8c829ecf86546d9959658d74a1c61dd 75112619e90547f0a1d9cb77802a2d29 - - default default] Successfully bumped revision number for resource 2a01957e-7129-43b9-bf14-c634514d24fd (type: ports) to 1
2026-02-26 04:14:11.422 9 WARNING neutron.scheduler.dhcp_agent_scheduler [None req-5aeeb11f-0ae8-4476-8697-6b81a61d8802 e8c829ecf86546d9959658d74a1c61dd 75112619e90547f0a1d9cb77802a2d29 - - default default] No more DHCP agents
2026-02-26 04:14:11.423 9 WARNING neutron.api.rpc.agentnotifiers.dhcp_rpc_agent_api [None req-5aeeb11f-0ae8-4476-8697-6b81a61d8802 e8c829ecf86546d9959658d74a1c61dd 75112619e90547f0a1d9cb77802a2d29 - - default default] Unable to schedule network a31a661a-6bd2-4f70-ab6b-eeea83f275be: no agents available; will retry on subsequent port and subnet creation events.
2026-02-26 04:14:11.441 9 WARNING neutron.scheduler.dhcp_agent_scheduler [None req-059dbc7b-9cf3-4cbe-9d0a-202277831c39 e8c829ecf86546d9959658d74a1c61dd 75112619e90547f0a1d9cb77802a2d29 - - default default] No more DHCP agents
2026-02-26 04:14:11.442 9 WARNING neutron.api.rpc.agentnotifiers.dhcp_rpc_agent_api [None req-059dbc7b-9cf3-4cbe-9d0a-202277831c39 e8c829ecf86546d9959658d74a1c61dd 75112619e90547f0a1d9cb77802a2d29 - - default default] Unable to schedule network a31a661a-6bd2-4f70-ab6b-eeea83f275be: no agents available; will retry on subsequent port and subnet creation events.
2026-02-26 04:14:11.520 9 INFO neutron.db.ovn_revision_numbers_db [None req-5aeeb11f-0ae8-4476-8697-6b81a61d8802 e8c829ecf86546d9959658d74a1c61dd 75112619e90547f0a1d9cb77802a2d29 - - default default] Successfully bumped revision number for resource 1eaea21a-ef48-4f2b-9ae8-a70cb2e7cc64 (type: ports) to 1
2026-02-26 04:14:11.624 9 INFO neutron.db.ovn_revision_numbers_db [None req-059dbc7b-9cf3-4cbe-9d0a-202277831c39 e8c829ecf86546d9959658d74a1c61dd 75112619e90547f0a1d9cb77802a2d29 - - default default] Successfully bumped revision number for resource c0f289de-3d4b-41ce-9f30-2ac88ce7792d (type: ports) to 1
2026-02-26 04:14:11.650 10 INFO neutron.plugins.ml2.drivers.ovn.mech_driver.ovsdb.extensions.qos [None req-f8a7ff32-2134-40d8-bb96-bb4751ac3482 e8c829ecf86546d9959658d74a1c61dd 75112619e90547f0a1d9cb77802a2d29 - - default default] Starting OVNClientQosExtension
2026-02-26 04:14:11.945 9 INFO neutron.plugins.ml2.drivers.ovn.mech_driver.ovsdb.extensions.qos [None req-059dbc7b-9cf3-4cbe-9d0a-202277831c39 e8c829ecf86546d9959658d74a1c61dd 75112619e90547f0a1d9cb77802a2d29 - - default default] Starting OVNClientQosExtension
2026-02-26 04:14:12.054 10 INFO neutron.plugins.ml2.drivers.ovn.mech_driver.ovsdb.commands [None req-7539300a-2bd8-4195-b578-3b0cd1b5ef6b - - - - - -] Schedule LRP lrp-2a01957e-7129-43b9-bf14-c634514d24fd on gateway 7abd64c0-c0bf-4bed-8d74-2dc51ed45c07 with priority 1
2026-02-26 04:14:12.061 10 INFO neutron.plugins.ml2.drivers.ovn.mech_driver.mech_driver [None req-1f89bf53-ae9a-4b0a-b2fe-074245eefa65 - - - - - -] OVN reports status up for port: 2a01957e-7129-43b9-bf14-c634514d24fd
2026-02-26 04:14:12.065 10 INFO neutron.plugins.ml2.plugin [None req-1f89bf53-ae9a-4b0a-b2fe-074245eefa65 - - - - - -] Attempt 1 to provision port 2a01957e-7129-43b9-bf14-c634514d24fd
2026-02-26 04:14:12.081 9 INFO neutron.plugins.ml2.drivers.ovn.mech_driver.ovsdb.ovsdb_monitor [-] Router 37fdb56a-2ba7-4ceb-b54a-7d8b7024c095 is bound to host instance
2026-02-26 04:14:12.106 10 INFO neutron.db.ovn_revision_numbers_db [None req-f8a7ff32-2134-40d8-bb96-bb4751ac3482 e8c829ecf86546d9959658d74a1c61dd 75112619e90547f0a1d9cb77802a2d29 - - default default] Successfully bumped revision number for resource 2a01957e-7129-43b9-bf14-c634514d24fd (type: router_ports) to 1
2026-02-26 04:14:12.177 10 INFO neutron.db.ovn_revision_numbers_db [None req-f8a7ff32-2134-40d8-bb96-bb4751ac3482 e8c829ecf86546d9959658d74a1c61dd 75112619e90547f0a1d9cb77802a2d29 - - default default] Successfully bumped revision number for resource 37fdb56a-2ba7-4ceb-b54a-7d8b7024c095 (type: routers) to 2
2026-02-26 04:14:12.192 10 INFO neutron.api.wsgi [None req-f8a7ff32-2134-40d8-bb96-bb4751ac3482 e8c829ecf86546d9959658d74a1c61dd 75112619e90547f0a1d9cb77802a2d29 - - default default] 10.0.0.64 "POST /v2.0/routers HTTP/1.1" status: 201 len: 1175 time: 1.3406847
2026-02-26 04:14:12.413 9 INFO neutron.plugins.ml2.drivers.ovn.mech_driver.ovsdb.commands [None req-81b8b451-400f-4197-a757-f8e5640950ab - - - - - -] Schedule LRP lrp-c0f289de-3d4b-41ce-9f30-2ac88ce7792d on gateway 7abd64c0-c0bf-4bed-8d74-2dc51ed45c07 with priority 1
2026-02-26 04:14:12.420 9 INFO neutron.plugins.ml2.drivers.ovn.mech_driver.mech_driver [None req-21ec742f-8d73-4dfc-9cfa-a633c422d1eb - - - - - -] OVN reports status up for port: c0f289de-3d4b-41ce-9f30-2ac88ce7792d
2026-02-26 04:14:12.437 10 INFO neutron.plugins.ml2.drivers.ovn.mech_driver.ovsdb.ovsdb_monitor [-] Router bc26e085-33fe-4deb-9de6-e742d19ec07b is bound to host instance
2026-02-26 04:14:12.459 9 INFO neutron.plugins.ml2.plugin [None req-21ec742f-8d73-4dfc-9cfa-a633c422d1eb - - - - - -] Attempt 1 to provision port c0f289de-3d4b-41ce-9f30-2ac88ce7792d
2026-02-26 04:14:12.586 9 INFO neutron.db.ovn_revision_numbers_db [None req-059dbc7b-9cf3-4cbe-9d0a-202277831c39 e8c829ecf86546d9959658d74a1c61dd 75112619e90547f0a1d9cb77802a2d29 - - default default] Successfully bumped revision number for resource c0f289de-3d4b-41ce-9f30-2ac88ce7792d (type: router_ports) to 1
2026-02-26 04:14:12.608 9 INFO neutron.plugins.ml2.drivers.ovn.mech_driver.ovsdb.commands [None req-81b8b451-400f-4197-a757-f8e5640950ab - - - - - -] Schedule LRP lrp-1eaea21a-ef48-4f2b-9ae8-a70cb2e7cc64 on gateway 7abd64c0-c0bf-4bed-8d74-2dc51ed45c07 with priority 1
2026-02-26 04:14:12.679 9 INFO neutron.db.ovn_revision_numbers_db [None req-5aeeb11f-0ae8-4476-8697-6b81a61d8802 e8c829ecf86546d9959658d74a1c61dd 75112619e90547f0a1d9cb77802a2d29 - - default default] Successfully bumped revision number for resource 1eaea21a-ef48-4f2b-9ae8-a70cb2e7cc64 (type: router_ports) to 1
2026-02-26 04:14:12.709 9 INFO neutron.db.ovn_revision_numbers_db [None req-059dbc7b-9cf3-4cbe-9d0a-202277831c39 e8c829ecf86546d9959658d74a1c61dd 75112619e90547f0a1d9cb77802a2d29 - - default default] Successfully bumped revision number for resource bc26e085-33fe-4deb-9de6-e742d19ec07b (type: routers) to 2
2026-02-26 04:14:12.718 10 WARNING neutron.scheduler.dhcp_agent_scheduler [None req-6cd61640-8664-4bd0-91a4-2a658061af77 e8c829ecf86546d9959658d74a1c61dd 75112619e90547f0a1d9cb77802a2d29 - - default default] No more DHCP agents
2026-02-26 04:14:12.727 10 WARNING neutron.api.rpc.agentnotifiers.dhcp_rpc_agent_api [None req-6cd61640-8664-4bd0-91a4-2a658061af77 e8c829ecf86546d9959658d74a1c61dd 75112619e90547f0a1d9cb77802a2d29 - - default default] Unable to schedule network 74793cb0-48d8-4636-ac1c-c46c73955906: no agents available; will retry on subsequent port and subnet creation events.
2026-02-26 04:14:12.727 9 INFO neutron.api.wsgi [None req-059dbc7b-9cf3-4cbe-9d0a-202277831c39 e8c829ecf86546d9959658d74a1c61dd 75112619e90547f0a1d9cb77802a2d29 - - default default] 10.0.0.64 "POST /v2.0/routers HTTP/1.1" status: 201 len: 1172 time: 1.8204241
2026-02-26 04:14:12.775 9 INFO neutron.db.ovn_revision_numbers_db [None req-5aeeb11f-0ae8-4476-8697-6b81a61d8802 e8c829ecf86546d9959658d74a1c61dd 75112619e90547f0a1d9cb77802a2d29 - - default default] Successfully bumped revision number for resource b1807eec-f95c-4094-9ff0-41a48d427819 (type: routers) to 2
2026-02-26 04:14:12.803 9 INFO neutron.api.wsgi [None req-5aeeb11f-0ae8-4476-8697-6b81a61d8802 e8c829ecf86546d9959658d74a1c61dd 75112619e90547f0a1d9cb77802a2d29 - - default default] 10.0.0.64 "POST /v2.0/routers HTTP/1.1" status: 201 len: 1168 time: 1.9488425
2026-02-26 04:14:12.843 10 INFO neutron.db.ovn_revision_numbers_db [None req-e61bee8e-3e8d-412c-a180-8bad80703956 e8c829ecf86546d9959658d74a1c61dd 75112619e90547f0a1d9cb77802a2d29 - - default default] Successfully bumped revision number for resource fb78b20d-3390-416d-aa92-b87547bd7c54 (type: security_groups) to 1
2026-02-26 04:14:12.865 9 INFO neutron.db.ovn_revision_numbers_db [None req-713e18a3-a053-41a9-8560-6396d19abe78 - - - - - -] Successfully bumped revision number for resource 2a01957e-7129-43b9-bf14-c634514d24fd (type: ports) to 1
2026-02-26 04:14:12.885 10 INFO neutron.db.ovn_revision_numbers_db [None req-e61bee8e-3e8d-412c-a180-8bad80703956 e8c829ecf86546d9959658d74a1c61dd 75112619e90547f0a1d9cb77802a2d29 - - default default] Successfully bumped revision number for resource 195acdaa-0f3a-4302-a125-11953c6d850f (type: security_group_rules) to 0
2026-02-26 04:14:12.911 10 INFO neutron.db.ovn_revision_numbers_db [None req-e61bee8e-3e8d-412c-a180-8bad80703956 e8c829ecf86546d9959658d74a1c61dd 75112619e90547f0a1d9cb77802a2d29 - - default default] Successfully bumped revision number for resource 261a2c10-fb03-4b2a-9bad-865a09ad8e13 (type: security_group_rules) to 0
2026-02-26 04:14:12.923 10 INFO neutron.db.ovn_revision_numbers_db [None req-6cd61640-8664-4bd0-91a4-2a658061af77 e8c829ecf86546d9959658d74a1c61dd 75112619e90547f0a1d9cb77802a2d29 - - default default] Successfully bumped revision number for resource 5af72d3e-30a0-4cdb-8d2f-f2cd2b2a16dc (type: ports) to 1
2026-02-26 04:14:12.935 10 INFO neutron.db.ovn_revision_numbers_db [None req-e61bee8e-3e8d-412c-a180-8bad80703956 e8c829ecf86546d9959658d74a1c61dd 75112619e90547f0a1d9cb77802a2d29 - - default default] Successfully bumped revision number for resource 77f05579-fa0a-4dc1-84b8-40abb38eff64 (type: security_group_rules) to 0
2026-02-26 04:14:13.002 10 INFO neutron.db.ovn_revision_numbers_db [None req-e61bee8e-3e8d-412c-a180-8bad80703956 e8c829ecf86546d9959658d74a1c61dd 75112619e90547f0a1d9cb77802a2d29 - - default default] Successfully bumped revision number for resource fffe64c2-4a1d-42c0-a3ff-bc0166df3b42 (type: security_group_rules) to 0
2026-02-26 04:14:13.171 9 INFO neutron.db.ovn_revision_numbers_db [None req-713e18a3-a053-41a9-8560-6396d19abe78 - - - - - -] Successfully bumped revision number for resource 2a01957e-7129-43b9-bf14-c634514d24fd (type: ports) to 4
2026-02-26 04:14:13.174 9 WARNING neutron.scheduler.dhcp_agent_scheduler [None req-9493d851-8e5d-41c7-ac91-ea2324a0e10a e8c829ecf86546d9959658d74a1c61dd 75112619e90547f0a1d9cb77802a2d29 - - default default] No more DHCP agents
2026-02-26 04:14:13.175 9 WARNING neutron.api.rpc.agentnotifiers.dhcp_rpc_agent_api [None req-9493d851-8e5d-41c7-ac91-ea2324a0e10a e8c829ecf86546d9959658d74a1c61dd 75112619e90547f0a1d9cb77802a2d29 - - default default] Unable to schedule network 2261ec11-225c-449b-997e-cde8ea1fa827: no agents available; will retry on subsequent port and subnet creation events.
2026-02-26 04:14:13.225 10 INFO neutron.db.segments_db [None req-e61bee8e-3e8d-412c-a180-8bad80703956 e8c829ecf86546d9959658d74a1c61dd 75112619e90547f0a1d9cb77802a2d29 - - default default] Added segment 21bb445e-cb51-4a5c-98e1-4733267a1f99 of type geneve for network 73260b9a-ad43-4ad1-be03-e03c057154dc
2026-02-26 04:14:13.308 9 INFO neutron.db.ovn_revision_numbers_db [None req-9493d851-8e5d-41c7-ac91-ea2324a0e10a e8c829ecf86546d9959658d74a1c61dd 75112619e90547f0a1d9cb77802a2d29 - - default default] Successfully bumped revision number for resource 29473f90-4b53-438b-be13-25378cc4ff06 (type: ports) to 1
2026-02-26 04:14:13.352 10 INFO neutron.db.ovn_revision_numbers_db [None req-2ff02056-6ac3-4dd7-8d61-f40f9444d6b7 - - - - - -] Successfully bumped revision number for resource c0f289de-3d4b-41ce-9f30-2ac88ce7792d (type: ports) to 1
2026-02-26 04:14:13.471 10 INFO neutron.db.ovn_revision_numbers_db [None req-e61bee8e-3e8d-412c-a180-8bad80703956 e8c829ecf86546d9959658d74a1c61dd 75112619e90547f0a1d9cb77802a2d29 - - default default] Successfully bumped revision number for resource 73260b9a-ad43-4ad1-be03-e03c057154dc (type: networks) to 1
2026-02-26 04:14:13.546 9 INFO neutron.db.ovn_revision_numbers_db [None req-713e18a3-a053-41a9-8560-6396d19abe78 - - - - - -] Successfully bumped revision number for resource 2a01957e-7129-43b9-bf14-c634514d24fd (type: ports) to 5
2026-02-26 04:14:13.620 9 INFO neutron.plugins.ml2.drivers.ovn.mech_driver.ovsdb.ovsdb_monitor [None req-713e18a3-a053-41a9-8560-6396d19abe78 - - - - - -] Router b1807eec-f95c-4094-9ff0-41a48d427819 is bound to host instance
2026-02-26 04:14:13.832 10 WARNING neutron.scheduler.dhcp_agent_scheduler [None req-e61bee8e-3e8d-412c-a180-8bad80703956 e8c829ecf86546d9959658d74a1c61dd 75112619e90547f0a1d9cb77802a2d29 - - default default] No more DHCP agents
2026-02-26 04:14:13.837 10 WARNING neutron.api.rpc.agentnotifiers.dhcp_rpc_agent_api [None req-e61bee8e-3e8d-412c-a180-8bad80703956 e8c829ecf86546d9959658d74a1c61dd 75112619e90547f0a1d9cb77802a2d29 - - default default] Unable to schedule network 73260b9a-ad43-4ad1-be03-e03c057154dc: no agents available; will retry on subsequent port and subnet creation events.
2026-02-26 04:14:13.883 10 WARNING neutron.scheduler.dhcp_agent_scheduler [None req-bfb751c1-206c-4731-848e-164288ffaf40 e8c829ecf86546d9959658d74a1c61dd 75112619e90547f0a1d9cb77802a2d29 - - default default] No more DHCP agents
2026-02-26 04:14:13.906 10 WARNING neutron.api.rpc.agentnotifiers.dhcp_rpc_agent_api [None req-bfb751c1-206c-4731-848e-164288ffaf40 e8c829ecf86546d9959658d74a1c61dd 75112619e90547f0a1d9cb77802a2d29 - - default default] Unable to schedule network 6d774306-5824-44a8-8ea3-5829b1661348: no agents available; will retry on subsequent port and subnet creation events.
2026-02-26 04:14:13.993 10 INFO neutron.db.ovn_revision_numbers_db [None req-e61bee8e-3e8d-412c-a180-8bad80703956 e8c829ecf86546d9959658d74a1c61dd 75112619e90547f0a1d9cb77802a2d29 - - default default] Successfully bumped revision number for resource 2380af75-acf5-4acd-9ccd-9ce923f8987c (type: ports) to 1
2026-02-26 04:14:14.042 10 INFO neutron.api.wsgi [None req-e61bee8e-3e8d-412c-a180-8bad80703956 e8c829ecf86546d9959658d74a1c61dd 75112619e90547f0a1d9cb77802a2d29 - - default default] 10.0.0.64 "POST /v2.0/networks HTTP/1.1" status: 201 len: 946 time: 1.5251713
2026-02-26 04:14:14.068 10 INFO neutron.db.ovn_revision_numbers_db [None req-2ff02056-6ac3-4dd7-8d61-f40f9444d6b7 - - - - - -] Successfully bumped revision number for resource c0f289de-3d4b-41ce-9f30-2ac88ce7792d (type: ports) to 4
2026-02-26 04:14:14.086 9 INFO neutron.db.ovn_revision_numbers_db [None req-9493d851-8e5d-41c7-ac91-ea2324a0e10a e8c829ecf86546d9959658d74a1c61dd 75112619e90547f0a1d9cb77802a2d29 - - default default] Successfully bumped revision number for resource 29473f90-4b53-438b-be13-25378cc4ff06 (type: ports) to 1
2026-02-26 04:14:14.114 10 INFO neutron.db.ovn_revision_numbers_db [None req-bfb751c1-206c-4731-848e-164288ffaf40 e8c829ecf86546d9959658d74a1c61dd 75112619e90547f0a1d9cb77802a2d29 - - default default] Successfully bumped revision number for resource 2cb8a42a-7849-4b98-bf88-c6db266425c7 (type: ports) to 1
2026-02-26 04:14:14.172 10 INFO neutron.db.ovn_revision_numbers_db [None req-6cd61640-8664-4bd0-91a4-2a658061af77 e8c829ecf86546d9959658d74a1c61dd 75112619e90547f0a1d9cb77802a2d29 - - default default] Successfully bumped revision number for resource 5af72d3e-30a0-4cdb-8d2f-f2cd2b2a16dc (type: ports) to 1
2026-02-26 04:14:14.182 9 WARNING neutron.scheduler.dhcp_agent_scheduler [None req-9493d851-8e5d-41c7-ac91-ea2324a0e10a e8c829ecf86546d9959658d74a1c61dd 75112619e90547f0a1d9cb77802a2d29 - - default default] No more DHCP agents
2026-02-26 04:14:14.185 9 WARNING neutron.api.rpc.agentnotifiers.dhcp_rpc_agent_api [None req-9493d851-8e5d-41c7-ac91-ea2324a0e10a e8c829ecf86546d9959658d74a1c61dd 75112619e90547f0a1d9cb77802a2d29 - - default default] Unable to schedule network 2261ec11-225c-449b-997e-cde8ea1fa827: no agents available; will retry on subsequent port and subnet creation events.
2026-02-26 04:14:14.258 10 WARNING neutron.scheduler.dhcp_agent_scheduler [None req-6cd61640-8664-4bd0-91a4-2a658061af77 e8c829ecf86546d9959658d74a1c61dd 75112619e90547f0a1d9cb77802a2d29 - - default default] No more DHCP agents
2026-02-26 04:14:14.260 10 WARNING neutron.api.rpc.agentnotifiers.dhcp_rpc_agent_api [None req-6cd61640-8664-4bd0-91a4-2a658061af77 e8c829ecf86546d9959658d74a1c61dd 75112619e90547f0a1d9cb77802a2d29 - - default default] Unable to schedule network 74793cb0-48d8-4636-ac1c-c46c73955906: no agents available; will retry on subsequent port and subnet creation events.
2026-02-26 04:14:14.297 9 WARNING neutron.scheduler.dhcp_agent_scheduler [None req-b1ee9ce8-bf32-4b3d-80a2-88b6fdfc83bd e8c829ecf86546d9959658d74a1c61dd 75112619e90547f0a1d9cb77802a2d29 - - default default] No more DHCP agents
2026-02-26 04:14:14.302 9 WARNING neutron.api.rpc.agentnotifiers.dhcp_rpc_agent_api [None req-b1ee9ce8-bf32-4b3d-80a2-88b6fdfc83bd e8c829ecf86546d9959658d74a1c61dd 75112619e90547f0a1d9cb77802a2d29 - - default default] Unable to schedule network 73260b9a-ad43-4ad1-be03-e03c057154dc: no agents available; will retry on subsequent port and subnet creation events.
2026-02-26 04:14:14.345 9 INFO neutron.db.ovn_revision_numbers_db [None req-655d7bc2-197c-43b7-83c4-758587274c9f - - - - - -] Successfully bumped revision number for resource 1eaea21a-ef48-4f2b-9ae8-a70cb2e7cc64 (type: ports) to 1
2026-02-26 04:14:14.467 10 INFO neutron.plugins.ml2.drivers.ovn.mech_driver.mech_driver [None req-1f89bf53-ae9a-4b0a-b2fe-074245eefa65 - - - - - -] OVN reports status up for port: 29473f90-4b53-438b-be13-25378cc4ff06
2026-02-26 04:14:14.490 10 INFO neutron.plugins.ml2.plugin [None req-1f89bf53-ae9a-4b0a-b2fe-074245eefa65 - - - - - -] Attempt 1 to provision port 29473f90-4b53-438b-be13-25378cc4ff06
2026-02-26 04:14:14.626 10 INFO neutron.db.ovn_revision_numbers_db [None req-2ff02056-6ac3-4dd7-8d61-f40f9444d6b7 - - - - - -] Successfully bumped revision number for resource c0f289de-3d4b-41ce-9f30-2ac88ce7792d (type: ports) to 5
2026-02-26 04:14:14.790 9 INFO neutron.db.ovn_revision_numbers_db [None req-655d7bc2-197c-43b7-83c4-758587274c9f - - - - - -] Successfully bumped revision number for resource 1eaea21a-ef48-4f2b-9ae8-a70cb2e7cc64 (type: ports) to 4
2026-02-26 04:14:14.879 9 INFO neutron.db.ovn_revision_numbers_db [None req-89a65cb3-de46-4a09-9b01-ef75d92f3d65 - - - - - -] Successfully bumped revision number for resource 2380af75-acf5-4acd-9ccd-9ce923f8987c (type: ports) to 2
2026-02-26 04:14:14.923 9 INFO neutron.db.ovn_revision_numbers_db [None req-89a65cb3-de46-4a09-9b01-ef75d92f3d65 - - - - - -] Successfully bumped revision number for resource de94219c-2b8d-4437-bd03-26593999d64d (type: subnets) to 0
2026-02-26 04:14:14.941 9 INFO neutron.api.wsgi [None req-b1ee9ce8-bf32-4b3d-80a2-88b6fdfc83bd e8c829ecf86546d9959658d74a1c61dd 75112619e90547f0a1d9cb77802a2d29 - - default default] 10.0.0.64 "POST /v2.0/subnets HTTP/1.1" status: 201 len: 890 time: 0.8871908
2026-02-26 04:14:15.096 10 INFO neutron.db.ovn_revision_numbers_db [None req-bfb751c1-206c-4731-848e-164288ffaf40 e8c829ecf86546d9959658d74a1c61dd 75112619e90547f0a1d9cb77802a2d29 - - default default] Successfully bumped revision number for resource 2cb8a42a-7849-4b98-bf88-c6db266425c7 (type: ports) to 1
2026-02-26 04:14:15.109 9 INFO neutron.plugins.ml2.drivers.ovn.mech_driver.mech_driver [None req-21ec742f-8d73-4dfc-9cfa-a633c422d1eb - - - - - -] OVN reports status up for port: 1eaea21a-ef48-4f2b-9ae8-a70cb2e7cc64
2026-02-26 04:14:15.139 9 INFO neutron.db.ovn_revision_numbers_db [None req-9493d851-8e5d-41c7-ac91-ea2324a0e10a e8c829ecf86546d9959658d74a1c61dd 75112619e90547f0a1d9cb77802a2d29 - - default default] Successfully bumped revision number for resource 29473f90-4b53-438b-be13-25378cc4ff06 (type: router_ports) to 1
2026-02-26 04:14:15.148 9 INFO neutron.api.wsgi [None req-372bc024-dde7-4ef5-8846-0f96dc4be810 e8c829ecf86546d9959658d74a1c61dd 75112619e90547f0a1d9cb77802a2d29 - - default default] 10.0.0.170 "GET /v2.0/subnets HTTP/1.1" status: 200 len: 4219 time: 0.0927551
2026-02-26 04:14:15.151 9 INFO neutron.api.wsgi [None req-9493d851-8e5d-41c7-ac91-ea2324a0e10a e8c829ecf86546d9959658d74a1c61dd 75112619e90547f0a1d9cb77802a2d29 - - default default] 10.0.0.64 "PUT /v2.0/routers/bc26e085-33fe-4deb-9de6-e742d19ec07b/add_router_interface HTTP/1.1" status: 200 len: 503 time: 2.4180620
2026-02-26 04:14:15.171 9 INFO neutron.api.wsgi [None req-ff0b1d61-2f96-4419-b774-82cee99f8e21 e8c829ecf86546d9959658d74a1c61dd 75112619e90547f0a1d9cb77802a2d29 - - default default] 10.0.0.170 "GET /v2.0/network-ip-availabilities HTTP/1.1" status: 200 len: 3214 time: 0.0168924
2026-02-26 04:14:15.171 9 INFO neutron.plugins.ml2.plugin [None req-21ec742f-8d73-4dfc-9cfa-a633c422d1eb - - - - - -] Attempt 1 to provision port 1eaea21a-ef48-4f2b-9ae8-a70cb2e7cc64
2026-02-26 04:14:15.237 10 WARNING neutron.scheduler.dhcp_agent_scheduler [None req-bfb751c1-206c-4731-848e-164288ffaf40 e8c829ecf86546d9959658d74a1c61dd 75112619e90547f0a1d9cb77802a2d29 - - default default] No more DHCP agents
2026-02-26 04:14:15.238 10 WARNING neutron.api.rpc.agentnotifiers.dhcp_rpc_agent_api [None req-bfb751c1-206c-4731-848e-164288ffaf40 e8c829ecf86546d9959658d74a1c61dd 75112619e90547f0a1d9cb77802a2d29 - - default default] Unable to schedule network 6d774306-5824-44a8-8ea3-5829b1661348: no agents available; will retry on subsequent port and subnet creation events.
2026-02-26 04:14:15.248 10 INFO neutron.db.ovn_revision_numbers_db [None req-1f89bf53-ae9a-4b0a-b2fe-074245eefa65 - - - - - -] Successfully bumped revision number for resource 29473f90-4b53-438b-be13-25378cc4ff06 (type: ports) to 2
2026-02-26 04:14:15.378 9 INFO neutron.api.wsgi [None req-54b9f48a-945e-460c-8d51-60a7a57bcd50 e8c829ecf86546d9959658d74a1c61dd 75112619e90547f0a1d9cb77802a2d29 - - default default] 10.0.0.170 "GET /v2.0/ports HTTP/1.1" status: 200 len: 16074 time: 0.0880775
2026-02-26 04:14:15.427 10 INFO neutron.db.ovn_revision_numbers_db [None req-6cd61640-8664-4bd0-91a4-2a658061af77 e8c829ecf86546d9959658d74a1c61dd 75112619e90547f0a1d9cb77802a2d29 - - default default] Successfully bumped revision number for resource 5af72d3e-30a0-4cdb-8d2f-f2cd2b2a16dc (type: router_ports) to 1
2026-02-26 04:14:15.431 10 INFO neutron.api.wsgi [None req-6cd61640-8664-4bd0-91a4-2a658061af77 e8c829ecf86546d9959658d74a1c61dd 75112619e90547f0a1d9cb77802a2d29 - - default default] 10.0.0.64 "PUT /v2.0/routers/37fdb56a-2ba7-4ceb-b54a-7d8b7024c095/add_router_interface HTTP/1.1" status: 200 len: 503 time: 3.2344921
2026-02-26 04:14:15.469 9 INFO neutron.db.ovn_revision_numbers_db [None req-655d7bc2-197c-43b7-83c4-758587274c9f - - - - - -] Successfully bumped revision number for resource 1eaea21a-ef48-4f2b-9ae8-a70cb2e7cc64 (type: ports) to 5
2026-02-26 04:14:15.485 9 INFO neutron.api.wsgi [None req-3a696c6e-1e99-452d-9807-5dd2b27ffac7 e8c829ecf86546d9959658d74a1c61dd 75112619e90547f0a1d9cb77802a2d29 - - default default] 10.0.0.170 "GET /v2.0/routers HTTP/1.1" status: 200 len: 3709 time: 0.0949135
2026-02-26 04:14:15.488 9 INFO neutron.plugins.ml2.drivers.ovn.mech_driver.mech_driver [None req-21ec742f-8d73-4dfc-9cfa-a633c422d1eb - - - - - -] OVN reports status up for port: 2cb8a42a-7849-4b98-bf88-c6db266425c7
2026-02-26 04:14:15.504 9 INFO neutron.api.wsgi [None req-e21a7d28-b132-4a08-8038-a37f5f4ce3a1 e8c829ecf86546d9959658d74a1c61dd 75112619e90547f0a1d9cb77802a2d29 - - default default] 10.0.0.170 "GET /v2.0/agents?binary=ovn-controller HTTP/1.1" status: 200 len: 591 time: 0.0159831
2026-02-26 04:14:15.510 9 INFO neutron.plugins.ml2.plugin [None req-21ec742f-8d73-4dfc-9cfa-a633c422d1eb - - - - - -] Attempt 1 to provision port 2cb8a42a-7849-4b98-bf88-c6db266425c7
2026-02-26 04:14:15.536 9 INFO neutron.api.wsgi [None req-2f75e3c4-aa9f-4a05-8328-1b082bdd660f e8c829ecf86546d9959658d74a1c61dd 75112619e90547f0a1d9cb77802a2d29 - - default default] 10.0.0.170 "GET /v2.0/floatingips HTTP/1.1" status: 200 len: 193 time: 0.0286973
2026-02-26 04:14:15.618 9 INFO neutron.api.wsgi [None req-7833be1d-647a-4857-b853-939e35662f51 e8c829ecf86546d9959658d74a1c61dd 75112619e90547f0a1d9cb77802a2d29 - - default default] 10.0.0.170 "GET /v2.0/networks HTTP/1.1" status: 200 len: 5405 time: 0.0779033
2026-02-26 04:14:15.633 9 INFO neutron.api.wsgi [None req-3c32bc6a-13a7-4cf7-b215-e8c682a9a401 e8c829ecf86546d9959658d74a1c61dd 75112619e90547f0a1d9cb77802a2d29 - - default default] 10.0.0.170 "GET /v2.0/agents HTTP/1.1" status: 200 len: 1390 time: 0.0111349
2026-02-26 04:14:15.683 9 INFO neutron.api.wsgi [None req-b7f9a6dc-d007-411c-9459-2e92e8d686d0 e8c829ecf86546d9959658d74a1c61dd 75112619e90547f0a1d9cb77802a2d29 - - default default] 10.0.0.170 "GET /v2.0/subnets HTTP/1.1" status: 200 len: 4219 time: 0.0454280
2026-02-26 04:14:15.700 9 INFO neutron.api.wsgi [None req-b8cb578a-49f4-4af8-bc61-f68194d33f98 e8c829ecf86546d9959658d74a1c61dd 75112619e90547f0a1d9cb77802a2d29 - - default default] 10.0.0.170 "GET /v2.0/subnetpools HTTP/1.1" status: 200 len: 193 time: 0.0148456
2026-02-26 04:14:15.748 9 WARNING neutron.scheduler.dhcp_agent_scheduler [None req-fab23f5f-8a6b-44b1-9771-30b4c6b261bc e8c829ecf86546d9959658d74a1c61dd 75112619e90547f0a1d9cb77802a2d29 - - default default] No more DHCP agents
2026-02-26 04:14:15.749 9 WARNING neutron.api.rpc.agentnotifiers.dhcp_rpc_agent_api [None req-fab23f5f-8a6b-44b1-9771-30b4c6b261bc e8c829ecf86546d9959658d74a1c61dd 75112619e90547f0a1d9cb77802a2d29 - - default default] Unable to schedule network a31a661a-6bd2-4f70-ab6b-eeea83f275be: no agents available; will retry on subsequent port and subnet creation events.
2026-02-26 04:14:15.758 9 INFO neutron.api.wsgi [None req-b65392f3-1458-4816-b26d-d35ed17da9dd e8c829ecf86546d9959658d74a1c61dd 75112619e90547f0a1d9cb77802a2d29 - - default default] 10.0.0.170 "GET /v2.0/security-groups HTTP/1.1" status: 200 len: 29178 time: 0.0564275
2026-02-26 04:14:15.856 9 INFO neutron.db.ovn_revision_numbers_db [None req-fab23f5f-8a6b-44b1-9771-30b4c6b261bc e8c829ecf86546d9959658d74a1c61dd 75112619e90547f0a1d9cb77802a2d29 - - default default] Successfully bumped revision number for resource 2a366523-1988-4934-b01e-b3dda6b5a502 (type: ports) to 1
2026-02-26 04:14:15.918 10 WARNING neutron_lib.context [None req-f76eec21-f81c-4ecc-832e-553b8f0a02f9 d62bec30d0be444994a784026bb10de6 a1744b49dd2649519927500662539237 - - default default] Method 'is_advsvc' is deprecated since 2023.2 release (neutron-lib 3.8.0) and will be removed once support for the old RBAC API policies will be removed from Neutron. Please use method 'is_service_role' instead.
2026-02-26 04:14:15.930 10 INFO neutron.db.ovn_revision_numbers_db [None req-bfb751c1-206c-4731-848e-164288ffaf40 e8c829ecf86546d9959658d74a1c61dd 75112619e90547f0a1d9cb77802a2d29 - - default default] Successfully bumped revision number for resource 2cb8a42a-7849-4b98-bf88-c6db266425c7 (type: router_ports) to 1
2026-02-26 04:14:15.937 10 INFO neutron.api.wsgi [None req-bfb751c1-206c-4731-848e-164288ffaf40 e8c829ecf86546d9959658d74a1c61dd 75112619e90547f0a1d9cb77802a2d29 - - default default] 10.0.0.64 "PUT /v2.0/routers/b1807eec-f95c-4094-9ff0-41a48d427819/add_router_interface HTTP/1.1" status: 200 len: 503 time: 3.1264684
2026-02-26 04:14:16.009 9 WARNING neutron_lib.context [req-b665d449-6d09-4a2b-a3fe-fadc1280ce33 req-a45dd804-50ad-4dbc-9152-36b525ae4387 2c8f0c783a034fe883bfb341317483ae 33d87f4e52f24308913b47a65c2f3313 - - default default] Method 'is_advsvc' is deprecated since 2023.2 release (neutron-lib 3.8.0) and will be removed once support for the old RBAC API policies will be removed from Neutron. Please use method 'is_service_role' instead.
2026-02-26 04:14:16.039 10 INFO neutron.db.ovn_revision_numbers_db [None req-f76eec21-f81c-4ecc-832e-553b8f0a02f9 d62bec30d0be444994a784026bb10de6 a1744b49dd2649519927500662539237 - - default default] Successfully bumped revision number for resource 801387bb-e8c6-4190-8fad-adab35c09bfe (type: security_groups) to 1
2026-02-26 04:14:16.063 10 INFO neutron.db.ovn_revision_numbers_db [None req-f76eec21-f81c-4ecc-832e-553b8f0a02f9 d62bec30d0be444994a784026bb10de6 a1744b49dd2649519927500662539237 - - default default] Successfully bumped revision number for resource 4b8b2b95-ff36-44c6-818d-e97843a270f1 (type: security_group_rules) to 0
2026-02-26 04:14:16.078 10 INFO neutron.db.ovn_revision_numbers_db [None req-f76eec21-f81c-4ecc-832e-553b8f0a02f9 d62bec30d0be444994a784026bb10de6 a1744b49dd2649519927500662539237 - - default default] Successfully bumped revision number for resource 6a06b868-d8dd-4203-8510-e39b869fba43 (type: security_group_rules) to 0
2026-02-26 04:14:16.117 10 INFO neutron.api.wsgi [None req-f76eec21-f81c-4ecc-832e-553b8f0a02f9 d62bec30d0be444994a784026bb10de6 a1744b49dd2649519927500662539237 - - default default] 10.0.0.64 "POST /v2.0/security-groups HTTP/1.1" status: 201 len: 1860 time: 0.2065802
2026-02-26 04:14:16.127 10 WARNING neutron_lib.context [None req-70f86866-94be-4fbf-b270-ca8488e4013b d62bec30d0be444994a784026bb10de6 a1744b49dd2649519927500662539237 - - default default] Method 'is_advsvc' is deprecated since 2023.2 release (neutron-lib 3.8.0) and will be removed once support for the old RBAC API policies will be removed from Neutron. Please use method 'is_service_role' instead.
2026-02-26 04:14:16.192 9 INFO neutron.db.ovn_revision_numbers_db [req-b665d449-6d09-4a2b-a3fe-fadc1280ce33 req-a45dd804-50ad-4dbc-9152-36b525ae4387 2c8f0c783a034fe883bfb341317483ae 33d87f4e52f24308913b47a65c2f3313 - - default default] Successfully bumped revision number for resource 80075c6c-4382-4739-a201-8ca09bd8fa1f (type: security_groups) to 1
2026-02-26 04:14:16.201 9 INFO neutron.db.ovn_revision_numbers_db [None req-21ec742f-8d73-4dfc-9cfa-a633c422d1eb - - - - - -] Successfully bumped revision number for resource 2cb8a42a-7849-4b98-bf88-c6db266425c7 (type: ports) to 2
2026-02-26 04:14:16.210 9 INFO neutron.db.ovn_revision_numbers_db [req-b665d449-6d09-4a2b-a3fe-fadc1280ce33 req-a45dd804-50ad-4dbc-9152-36b525ae4387 2c8f0c783a034fe883bfb341317483ae 33d87f4e52f24308913b47a65c2f3313 - - default default] Successfully bumped revision number for resource 9b8750fe-faeb-472b-9fd9-244e69788d1c (type: security_group_rules) to 0
2026-02-26 04:14:16.229 9 INFO neutron.db.ovn_revision_numbers_db [req-b665d449-6d09-4a2b-a3fe-fadc1280ce33 req-a45dd804-50ad-4dbc-9152-36b525ae4387 2c8f0c783a034fe883bfb341317483ae 33d87f4e52f24308913b47a65c2f3313 - - default default] Successfully bumped revision number for resource b713687b-2827-411e-ac9f-6901553ed803 (type: security_group_rules) to 0
2026-02-26 04:14:16.240 10 INFO neutron.db.ovn_revision_numbers_db [None req-70f86866-94be-4fbf-b270-ca8488e4013b d62bec30d0be444994a784026bb10de6 a1744b49dd2649519927500662539237 - - default default] Successfully bumped revision number for resource 75d0fd85-5980-4a79-9dd8-db2bfac31c23 (type: security_group_rules) to 0
2026-02-26 04:14:16.273 10 INFO neutron.api.wsgi [None req-70f86866-94be-4fbf-b270-ca8488e4013b d62bec30d0be444994a784026bb10de6 a1744b49dd2649519927500662539237 - - default default] 10.0.0.64 "POST /v2.0/security-group-rules HTTP/1.1" status: 201 len: 796 time: 0.1491985
2026-02-26 04:14:16.275 9 INFO neutron.api.wsgi [req-b665d449-6d09-4a2b-a3fe-fadc1280ce33 req-a45dd804-50ad-4dbc-9152-36b525ae4387 2c8f0c783a034fe883bfb341317483ae 33d87f4e52f24308913b47a65c2f3313 - - default default] 10.0.0.43 "POST /v2.0/security-groups HTTP/1.1" status: 201 len: 1889 time: 0.3015370
2026-02-26 04:14:16.286 10 WARNING neutron_lib.context [None req-4534839e-53e6-4af3-aaff-201ec09e28e5 d62bec30d0be444994a784026bb10de6 a1744b49dd2649519927500662539237 - - default default] Method 'is_advsvc' is deprecated since 2023.2 release (neutron-lib 3.8.0) and will be removed once support for the old RBAC API policies will be removed from Neutron. Please use method 'is_service_role' instead.
2026-02-26 04:14:16.360 9 WARNING neutron_lib.context [req-23fd6642-26df-4092-a983-463318422005 req-833173b4-892c-4eaa-8c76-ac36e6ff0b84 b1845590124b44fda16d0497fe88a768 9c343ef56b504d97b97304b9993ba3d3 - - default default] Method 'is_advsvc' is deprecated since 2023.2 release (neutron-lib 3.8.0) and will be removed once support for the old RBAC API policies will be removed from Neutron. Please use method 'is_service_role' instead.
2026-02-26 04:14:16.388 10 INFO neutron.db.ovn_revision_numbers_db [None req-4534839e-53e6-4af3-aaff-201ec09e28e5 d62bec30d0be444994a784026bb10de6 a1744b49dd2649519927500662539237 - - default default] Successfully bumped revision number for resource e26ac2da-cac0-4747-8395-bfe2bb5fab23 (type: security_group_rules) to 0
2026-02-26 04:14:16.415 10 INFO neutron.api.wsgi [None req-4534839e-53e6-4af3-aaff-201ec09e28e5 d62bec30d0be444994a784026bb10de6 a1744b49dd2649519927500662539237 - - default default] 10.0.0.64 "POST /v2.0/security-group-rules HTTP/1.1" status: 201 len: 801 time: 0.1332107
2026-02-26 04:14:16.424 10 WARNING neutron_lib.context [None req-dd42786a-e76b-49dc-9a25-7cb30c17f68e d62bec30d0be444994a784026bb10de6 a1744b49dd2649519927500662539237 - - default default] Method 'is_advsvc' is deprecated since 2023.2 release (neutron-lib 3.8.0) and will be removed once support for the old RBAC API policies will be removed from Neutron. Please use method 'is_service_role' instead.
2026-02-26 04:14:16.492 9 INFO neutron.db.ovn_revision_numbers_db [req-23fd6642-26df-4092-a983-463318422005 req-833173b4-892c-4eaa-8c76-ac36e6ff0b84 b1845590124b44fda16d0497fe88a768 9c343ef56b504d97b97304b9993ba3d3 - - default default] Successfully bumped revision number for resource 079eeadc-afa1-4dc4-a348-0a92444b4d80 (type: security_groups) to 1
2026-02-26 04:14:16.510 9 INFO neutron.db.ovn_revision_numbers_db [req-23fd6642-26df-4092-a983-463318422005 req-833173b4-892c-4eaa-8c76-ac36e6ff0b84 b1845590124b44fda16d0497fe88a768 9c343ef56b504d97b97304b9993ba3d3 - - default default] Successfully bumped revision number for resource 23fce2ae-1d97-4b6a-b6ed-67141af5530f (type: security_group_rules) to 0
2026-02-26 04:14:16.522 9 INFO neutron.db.ovn_revision_numbers_db [req-23fd6642-26df-4092-a983-463318422005 req-833173b4-892c-4eaa-8c76-ac36e6ff0b84 b1845590124b44fda16d0497fe88a768 9c343ef56b504d97b97304b9993ba3d3 - - default default] Successfully bumped revision number for resource 6bb5e4ea-6e3b-4986-b710-37bc4f4ecf90 (type: security_group_rules) to 0
2026-02-26 04:14:16.554 9 INFO neutron.api.wsgi [req-23fd6642-26df-4092-a983-463318422005 req-833173b4-892c-4eaa-8c76-ac36e6ff0b84 b1845590124b44fda16d0497fe88a768 9c343ef56b504d97b97304b9993ba3d3 - - default default] 10.0.0.43 "POST /v2.0/security-groups HTTP/1.1" status: 201 len: 1886 time: 0.1996734
