2026-02-26 04:20:50.101 9 INFO neutron.api.wsgi [req-312fec87-f722-4fbc-9944-07160632d868 req-ba2f1957-cf87-4c1f-816f-a9d4e537f1b6 ed81b0baa6dc41ecab55bde9293e1c65 0997eb8867154e38ac002d84ce07617f - - eac6e0f04e8d43b8b30ebcfee323c3e3 eac6e0f04e8d43b8b30ebcfee323c3e3] 162.253.55.43 "GET /v2.0/floatingips?fixed_ip_address=10.2.2.213&port_id=3b653591-6f19-4516-bc30-1d73e9073717 HTTP/1.1" status: 200 len: 217 time: 0.0161831
2026-02-26 04:20:50.126 9 INFO neutron.api.wsgi [req-312fec87-f722-4fbc-9944-07160632d868 req-f6ec434c-98f3-4b5b-a29c-b9798e739079 ed81b0baa6dc41ecab55bde9293e1c65 0997eb8867154e38ac002d84ce07617f - - eac6e0f04e8d43b8b30ebcfee323c3e3 eac6e0f04e8d43b8b30ebcfee323c3e3] 162.253.55.43 "GET /v2.0/subnets?id=9b953929-de53-4559-9916-5b8efd0af650 HTTP/1.1" status: 200 len: 876 time: 0.0198052
2026-02-26 04:20:50.147 9 INFO neutron.api.wsgi [req-312fec87-f722-4fbc-9944-07160632d868 req-686a846e-72bd-448e-951f-9623813b2512 ed81b0baa6dc41ecab55bde9293e1c65 0997eb8867154e38ac002d84ce07617f - - eac6e0f04e8d43b8b30ebcfee323c3e3 eac6e0f04e8d43b8b30ebcfee323c3e3] 162.253.55.43 "GET /v2.0/ports?network_id=06f973d6-26da-4347-be6e-702259f9518d&device_owner=network%3Adhcp HTTP/1.1" status: 200 len: 210 time: 0.0148685
2026-02-26 04:20:50.191 9 INFO neutron.api.wsgi [req-312fec87-f722-4fbc-9944-07160632d868 req-fdc02d70-a0c4-4565-8e58-67be4045f8c3 ed81b0baa6dc41ecab55bde9293e1c65 0997eb8867154e38ac002d84ce07617f - - eac6e0f04e8d43b8b30ebcfee323c3e3 eac6e0f04e8d43b8b30ebcfee323c3e3] 162.253.55.43 "GET /v2.0/networks/06f973d6-26da-4347-be6e-702259f9518d?fields=segments HTTP/1.1" status: 200 len: 212 time: 0.0398042
2026-02-26 04:20:50.235 9 INFO neutron.api.wsgi [req-312fec87-f722-4fbc-9944-07160632d868 req-bd76a5c0-a61e-4059-afcd-3a2a9acda4b6 ed81b0baa6dc41ecab55bde9293e1c65 0997eb8867154e38ac002d84ce07617f - - eac6e0f04e8d43b8b30ebcfee323c3e3 eac6e0f04e8d43b8b30ebcfee323c3e3] 162.253.55.43 "GET /v2.0/networks/06f973d6-26da-4347-be6e-702259f9518d?fields=provider%3Aphysical_network&fields=provider%3Anetwork_type HTTP/1.1" status: 200 len: 277 time: 0.0393419
2026-02-26 04:20:57.941 10 INFO neutron.api.wsgi [None req-d6b434ea-7f82-4ac6-9231-266d0de042cd e8c829ecf86546d9959658d74a1c61dd 75112619e90547f0a1d9cb77802a2d29 - - default default] 162.253.55.43 "GET /v2.0/extensions/security-group HTTP/1.1" status: 200 len: 369 time: 0.0070148
2026-02-26 04:20:57.947 10 INFO neutron.api.wsgi [None req-ee33a7d5-40af-4653-a48d-6173f72151b7 e8c829ecf86546d9959658d74a1c61dd 75112619e90547f0a1d9cb77802a2d29 - - default default] 162.253.55.43 "GET /v2.0/extensions/dns-integration HTTP/1.1" status: 200 len: 371 time: 0.0026176
2026-02-26 04:20:57.953 10 INFO neutron.api.wsgi [None req-7cf24f25-9cfd-4e3c-8f34-b6c5572545f7 e8c829ecf86546d9959658d74a1c61dd 75112619e90547f0a1d9cb77802a2d29 - - default default] 162.253.55.43 "GET /v2.0/extensions/qos HTTP/1.1" status: 200 len: 365 time: 0.0038593
2026-02-26 04:20:57.963 10 INFO neutron.api.wsgi [None req-dc209c57-d084-4f1e-b4c6-f06375a4947c e8c829ecf86546d9959658d74a1c61dd 75112619e90547f0a1d9cb77802a2d29 - - default default] 162.253.55.43 "GET /v2.0/extensions/allowed-address-pairs HTTP/1.1" status: 200 len: 383 time: 0.0035377
2026-02-26 04:20:57.990 10 INFO neutron.api.wsgi [None req-eb1011a2-9e25-4f0a-b8e0-2e2963f82786 e8c829ecf86546d9959658d74a1c61dd 75112619e90547f0a1d9cb77802a2d29 - - default default] 162.253.55.43 "GET /v2.0/subnets/b9c25157-97b1-483c-96b5-dce70ecc1794 HTTP/1.1" status: 200 len: 873 time: 0.0229156
2026-02-26 04:20:58.029 10 INFO neutron.api.wsgi [None req-a797917a-4da9-48fb-aa93-55854783f09a e8c829ecf86546d9959658d74a1c61dd 75112619e90547f0a1d9cb77802a2d29 - - default default] 162.253.55.43 "GET /v2.0/ports?device_id=f032a8ec-478e-4494-81df-515a4729f362 HTTP/1.1" status: 200 len: 5119 time: 0.0369427
2026-02-26 04:20:58.179 10 INFO neutron.api.wsgi [None req-16009de2-d3d7-41eb-a095-a89e9e947a65 e8c829ecf86546d9959658d74a1c61dd 75112619e90547f0a1d9cb77802a2d29 - - default default] 162.253.55.43 "GET /v2.0/extensions/security-group HTTP/1.1" status: 200 len: 369 time: 0.0064240
2026-02-26 04:20:58.186 10 INFO neutron.api.wsgi [None req-be13058b-2fde-491d-a6ce-516552ad90af e8c829ecf86546d9959658d74a1c61dd 75112619e90547f0a1d9cb77802a2d29 - - default default] 162.253.55.43 "GET /v2.0/extensions/dns-integration HTTP/1.1" status: 200 len: 371 time: 0.0035725
2026-02-26 04:20:58.195 10 INFO neutron.api.wsgi [None req-0f89555e-59d5-472d-be9d-232a3cfb9808 e8c829ecf86546d9959658d74a1c61dd 75112619e90547f0a1d9cb77802a2d29 - - default default] 162.253.55.43 "GET /v2.0/extensions/qos HTTP/1.1" status: 200 len: 365 time: 0.0036757
2026-02-26 04:20:58.204 10 INFO neutron.api.wsgi [None req-355ea68d-8223-4fe5-89ba-e763e57722b8 e8c829ecf86546d9959658d74a1c61dd 75112619e90547f0a1d9cb77802a2d29 - - default default] 162.253.55.43 "GET /v2.0/extensions/allowed-address-pairs HTTP/1.1" status: 200 len: 383 time: 0.0035384
2026-02-26 04:20:58.237 10 INFO neutron.api.wsgi [None req-57e405a5-1427-4f8b-8da6-43ebe0d38dcb e8c829ecf86546d9959658d74a1c61dd 75112619e90547f0a1d9cb77802a2d29 - - default default] 162.253.55.43 "GET /v2.0/ports/3b653591-6f19-4516-bc30-1d73e9073717 HTTP/1.1" status: 200 len: 1406 time: 0.0288770
2026-02-26 04:20:58.606 10 INFO neutron.db.ovn_revision_numbers_db [None req-a94728d5-ea7c-45a8-a52a-63fe30d70de8 e8c829ecf86546d9959658d74a1c61dd 75112619e90547f0a1d9cb77802a2d29 - - default default] Successfully bumped revision number for resource 3b653591-6f19-4516-bc30-1d73e9073717 (type: ports) to 7
2026-02-26 04:20:58.617 10 INFO neutron.api.wsgi [None req-a94728d5-ea7c-45a8-a52a-63fe30d70de8 e8c829ecf86546d9959658d74a1c61dd 75112619e90547f0a1d9cb77802a2d29 - - default default] 162.253.55.43 "PUT /v2.0/ports/3b653591-6f19-4516-bc30-1d73e9073717 HTTP/1.1" status: 200 len: 1203 time: 0.3710828 /var/lib/openstack/lib/python3.12/site-packages/pycadf/identifier.py:71: UserWarning: Invalid uuid: neutron. To ensure interoperability, identifiers should be a valid uuid. warnings.warn(('Invalid uuid: %s. To ensure interoperability, '
2026-02-26 04:20:58.663 10 INFO neutron.api.wsgi [None req-0718456c-8322-4d44-8b75-9e0707ffd39e e8c829ecf86546d9959658d74a1c61dd 75112619e90547f0a1d9cb77802a2d29 - - default default] 162.253.55.43 "GET /v2.0/networks/06f973d6-26da-4347-be6e-702259f9518d HTTP/1.1" status: 200 len: 999 time: 0.0366669
2026-02-26 04:20:58.665 10 INFO neutron.notifiers.nova [-] Nova event matching ['req-47690fd5-274b-48c4-91dd-d65f26574f1c'] response: {'name': 'network-changed', 'server_uuid': 'f032a8ec-478e-4494-81df-515a4729f362', 'tag': '3b653591-6f19-4516-bc30-1d73e9073717', 'status': 'completed', 'code': 200}
2026-02-26 04:20:58.710 10 INFO neutron.api.wsgi [None req-65714e3d-d5ac-498c-bc71-03cce883325e e8c829ecf86546d9959658d74a1c61dd 75112619e90547f0a1d9cb77802a2d29 - - default default] 162.253.55.43 "GET /v2.0/ports?device_id=f032a8ec-478e-4494-81df-515a4729f362 HTTP/1.1" status: 200 len: 4944 time: 0.0428751
2026-02-26 04:20:58.827 10 INFO neutron.api.wsgi [None req-4d9e258f-6e15-40ef-83ce-0b799cc452a5 e8c829ecf86546d9959658d74a1c61dd 75112619e90547f0a1d9cb77802a2d29 - - default default] 162.253.55.43 "GET /v2.0/ports?device_id=f032a8ec-478e-4494-81df-515a4729f362 HTTP/1.1" status: 200 len: 4944 time: 0.0412734
2026-02-26 04:20:59.219 9 INFO neutron.api.wsgi [req-36b72050-56ef-47d7-8e89-076ff94177f5 req-f6e06437-b360-45da-811e-df8d962cbf11 ed81b0baa6dc41ecab55bde9293e1c65 0997eb8867154e38ac002d84ce07617f - - eac6e0f04e8d43b8b30ebcfee323c3e3 eac6e0f04e8d43b8b30ebcfee323c3e3] 162.253.55.43 "GET /v2.0/ports?tenant_id=75112619e90547f0a1d9cb77802a2d29&device_id=f032a8ec-478e-4494-81df-515a4729f362 HTTP/1.1" status: 200 len: 4944 time: 0.0506563
2026-02-26 04:20:59.268 9 INFO neutron.api.wsgi [req-36b72050-56ef-47d7-8e89-076ff94177f5 req-19d58ea8-2883-47fe-a993-8000d5777280 ed81b0baa6dc41ecab55bde9293e1c65 0997eb8867154e38ac002d84ce07617f - - eac6e0f04e8d43b8b30ebcfee323c3e3 eac6e0f04e8d43b8b30ebcfee323c3e3] 162.253.55.43 "GET /v2.0/networks?id=06f973d6-26da-4347-be6e-702259f9518d HTTP/1.1" status: 200 len: 1002 time: 0.0425706
2026-02-26 04:20:59.312 9 INFO neutron.api.wsgi [req-36b72050-56ef-47d7-8e89-076ff94177f5 req-d6e1e75f-faad-4081-9357-2261fa94e3da ed81b0baa6dc41ecab55bde9293e1c65 0997eb8867154e38ac002d84ce07617f - - eac6e0f04e8d43b8b30ebcfee323c3e3 eac6e0f04e8d43b8b30ebcfee323c3e3] 162.253.55.43 "GET /v2.0/networks/06f973d6-26da-4347-be6e-702259f9518d?fields=segments HTTP/1.1" status: 200 len: 212 time: 0.0384288
2026-02-26 04:20:59.360 9 INFO neutron.api.wsgi [req-36b72050-56ef-47d7-8e89-076ff94177f5 req-49ed3536-6158-4e0a-80d2-1892e3eee060 ed81b0baa6dc41ecab55bde9293e1c65 0997eb8867154e38ac002d84ce07617f - - eac6e0f04e8d43b8b30ebcfee323c3e3 eac6e0f04e8d43b8b30ebcfee323c3e3] 162.253.55.43 "GET /v2.0/networks/06f973d6-26da-4347-be6e-702259f9518d?fields=provider%3Aphysical_network&fields=provider%3Anetwork_type HTTP/1.1" status: 200 len: 277 time: 0.0432665
2026-02-26 04:20:59.877 10 INFO neutron.api.wsgi [None req-3d211318-3ed5-404f-bcbe-31a8c15df88b e8c829ecf86546d9959658d74a1c61dd 75112619e90547f0a1d9cb77802a2d29 - - default default] 162.253.55.43 "GET /v2.0/ports?device_id=f032a8ec-478e-4494-81df-515a4729f362 HTTP/1.1" status: 200 len: 4944 time: 0.0387647
2026-02-26 04:21:00.534 9 INFO neutron.plugins.ml2.drivers.ovn.mech_driver.mech_driver [None req-95f73880-2b89-4a45-90f1-333518f21cd5 - - - - - -] OVN reports status down for port: 3b653591-6f19-4516-bc30-1d73e9073717
2026-02-26 04:21:00.652 9 INFO neutron.api.wsgi [req-eb63cf1d-779b-43e1-923e-b7449e68e8f2 req-9da2457b-e1ae-4854-bd3e-472901fd59b5 ed81b0baa6dc41ecab55bde9293e1c65 0997eb8867154e38ac002d84ce07617f - - eac6e0f04e8d43b8b30ebcfee323c3e3 eac6e0f04e8d43b8b30ebcfee323c3e3] 162.253.55.43 "GET /v2.0/ports/3b653591-6f19-4516-bc30-1d73e9073717 HTTP/1.1" status: 200 len: 1231 time: 0.0413287
2026-02-26 04:21:00.672 9 INFO neutron.notifiers.nova [-] Nova event matching ['req-51b05643-68ac-4240-933b-3623fb23016a'] response: {'server_uuid': 'f032a8ec-478e-4494-81df-515a4729f362', 'name': 'network-vif-unplugged', 'status': 'completed', 'tag': '3b653591-6f19-4516-bc30-1d73e9073717', 'code': 200}
2026-02-26 04:21:00.780 9 INFO neutron.db.ovn_revision_numbers_db [None req-95f73880-2b89-4a45-90f1-333518f21cd5 - - - - - -] Successfully bumped revision number for resource 3b653591-6f19-4516-bc30-1d73e9073717 (type: ports) to 8
2026-02-26 04:21:00.887 9 INFO neutron.api.wsgi [req-eb63cf1d-779b-43e1-923e-b7449e68e8f2 req-432ea055-7f50-492f-ae4a-445f01aa489e e8c829ecf86546d9959658d74a1c61dd 75112619e90547f0a1d9cb77802a2d29 - - default default] 162.253.55.43 "DELETE /v2.0/ports/3b653591-6f19-4516-bc30-1d73e9073717 HTTP/1.1" status: 204 len: 173 time: 0.2294934
2026-02-26 04:21:00.931 10 INFO neutron.api.wsgi [None req-18ffe4f1-20d1-41bf-99eb-d5a2b2f8a9b0 e8c829ecf86546d9959658d74a1c61dd 75112619e90547f0a1d9cb77802a2d29 - - default default] 162.253.55.43 "GET /v2.0/ports?device_id=f032a8ec-478e-4494-81df-515a4729f362 HTTP/1.1" status: 200 len: 3921 time: 0.0421479
2026-02-26 04:21:00.962 10 INFO neutron.pecan_wsgi.hooks.translation [None req-21f4df7c-48ba-48a1-9576-0f6351b7c117 e8c829ecf86546d9959658d74a1c61dd 75112619e90547f0a1d9cb77802a2d29 - - default default] DELETE failed (client error): The resource could not be found.
2026-02-26 04:21:00.965 10 INFO neutron.api.wsgi [None req-21f4df7c-48ba-48a1-9576-0f6351b7c117 e8c829ecf86546d9959658d74a1c61dd 75112619e90547f0a1d9cb77802a2d29 - - default default] 162.253.55.43 "DELETE /v2.0/ports/3b653591-6f19-4516-bc30-1d73e9073717 HTTP/1.1" status: 404 len: 338 time: 0.0179834
2026-02-26 04:21:01.049 10 INFO neutron.api.wsgi [None req-42f352bf-c5db-40c5-a694-d4dbb6a171b4 e8c829ecf86546d9959658d74a1c61dd 75112619e90547f0a1d9cb77802a2d29 - - default default] 162.253.55.43 "GET /v2.0/extensions/security-group HTTP/1.1" status: 200 len: 369 time: 0.0069861
2026-02-26 04:21:01.056 10 INFO neutron.api.wsgi [None req-acf91632-558a-4c5c-b4ec-2c5008c768d7 e8c829ecf86546d9959658d74a1c61dd 75112619e90547f0a1d9cb77802a2d29 - - default default] 162.253.55.43 "GET /v2.0/extensions/dns-integration HTTP/1.1" status: 200 len: 371 time: 0.0039825
2026-02-26 04:21:01.063 10 INFO neutron.api.wsgi [None req-d0d1c6fa-374a-4f1c-a5af-cc7ffe75cb8e e8c829ecf86546d9959658d74a1c61dd 75112619e90547f0a1d9cb77802a2d29 - - default default] 162.253.55.43 "GET /v2.0/extensions/qos HTTP/1.1" status: 200 len: 365 time: 0.0040205
2026-02-26 04:21:01.074 10 INFO neutron.api.wsgi [None req-a0cdde61-91df-4bbc-aae2-373395be72dc e8c829ecf86546d9959658d74a1c61dd 75112619e90547f0a1d9cb77802a2d29 - - default default] 162.253.55.43 "GET /v2.0/extensions/allowed-address-pairs HTTP/1.1" status: 200 len: 383 time: 0.0069895
2026-02-26 04:21:01.101 10 INFO neutron.api.wsgi [None req-bb015690-bad2-47aa-a8bc-fc6c512fa267 e8c829ecf86546d9959658d74a1c61dd 75112619e90547f0a1d9cb77802a2d29 - - default default] 162.253.55.43 "GET /v2.0/subnets/2c452882-ebd8-4e06-9d42-add15ce8b6a4 HTTP/1.1" status: 200 len: 874 time: 0.0231183
2026-02-26 04:21:01.141 10 INFO neutron.api.wsgi [None req-9256e0df-3395-4988-ac4b-709ec071962f e8c829ecf86546d9959658d74a1c61dd 75112619e90547f0a1d9cb77802a2d29 - - default default] 162.253.55.43 "GET /v2.0/ports/cfbc9d97-a9e0-489f-9cd6-9f8d3a8f85fb HTTP/1.1" status: 200 len: 1336 time: 0.0339017
2026-02-26 04:21:01.175 10 INFO neutron.api.wsgi [None req-0f992207-2b8b-4bf5-8046-8f3755d2a084 e8c829ecf86546d9959658d74a1c61dd 75112619e90547f0a1d9cb77802a2d29 - - default default] 162.253.55.43 "GET /v2.0/ports/512937a3-e02a-4e7c-8afa-4412d912e13d HTTP/1.1" status: 200 len: 1518 time: 0.0272069
2026-02-26 04:21:01.209 10 INFO neutron.api.wsgi [None req-c1a49bce-032f-42ae-8243-0ad095094190 e8c829ecf86546d9959658d74a1c61dd 75112619e90547f0a1d9cb77802a2d29 - - default default] 162.253.55.43 "GET /v2.0/subnets/2c452882-ebd8-4e06-9d42-add15ce8b6a4 HTTP/1.1" status: 200 len: 874 time: 0.0282056
2026-02-26 04:21:01.254 10 INFO neutron.api.wsgi [None req-2ba8e8af-957d-4fae-ad31-8181423ec962 e8c829ecf86546d9959658d74a1c61dd 75112619e90547f0a1d9cb77802a2d29 - - default default] 162.253.55.43 "GET /v2.0/networks/d8751204-8648-4b00-8da5-c219fdcc877c HTTP/1.1" status: 200 len: 1000 time: 0.0389204
2026-02-26 04:21:01.290 10 INFO neutron.api.wsgi [None req-e65ee14e-97ba-4371-a969-d4a119cb254e e8c829ecf86546d9959658d74a1c61dd 75112619e90547f0a1d9cb77802a2d29 - - default default] 162.253.55.43 "GET /v2.0/ports/cfbc9d97-a9e0-489f-9cd6-9f8d3a8f85fb HTTP/1.1" status: 200 len: 1336 time: 0.0281558
2026-02-26 04:21:01.322 10 INFO neutron.api.wsgi [None req-68de3c67-dda5-4343-b3ef-1380afd97a8c e8c829ecf86546d9959658d74a1c61dd 75112619e90547f0a1d9cb77802a2d29 - - default default] 162.253.55.43 "GET /v2.0/subnets/2c452882-ebd8-4e06-9d42-add15ce8b6a4 HTTP/1.1" status: 200 len: 874 time: 0.0246012 /var/lib/openstack/lib/python3.12/site-packages/pycadf/identifier.py:71: UserWarning: Invalid uuid: neutron. To ensure interoperability, identifiers should be a valid uuid. warnings.warn(('Invalid uuid: %s. To ensure interoperability, '
2026-02-26 04:21:01.696 9 INFO neutron.api.wsgi [req-44707975-4280-43b7-9303-b7d1be8cf18d req-978d30f1-1608-4bfe-b52f-e667839c1ce5 ed81b0baa6dc41ecab55bde9293e1c65 0997eb8867154e38ac002d84ce07617f - - eac6e0f04e8d43b8b30ebcfee323c3e3 eac6e0f04e8d43b8b30ebcfee323c3e3] 162.253.55.43 "GET /v2.0/ports?device_id=a840cb4e-8e77-4eb1-85f1-49106d1a3bfa&fields=binding%3Ahost_id&fields=binding%3Avif_type HTTP/1.1" status: 200 len: 265 time: 0.0470273
2026-02-26 04:21:02.453 9 INFO neutron.api.wsgi [req-eb63cf1d-779b-43e1-923e-b7449e68e8f2 req-9c6ae392-2d3f-454f-96f5-6fa38e8576ce ed81b0baa6dc41ecab55bde9293e1c65 0997eb8867154e38ac002d84ce07617f - - eac6e0f04e8d43b8b30ebcfee323c3e3 eac6e0f04e8d43b8b30ebcfee323c3e3] 162.253.55.43 "GET /v2.0/ports?tenant_id=75112619e90547f0a1d9cb77802a2d29&device_id=f032a8ec-478e-4494-81df-515a4729f362 HTTP/1.1" status: 200 len: 3921 time: 0.0405955
2026-02-26 04:21:02.508 9 INFO neutron.api.wsgi [req-eb63cf1d-779b-43e1-923e-b7449e68e8f2 req-18ffe7c1-cb1a-4cbc-90fa-2b25861bcc7f ed81b0baa6dc41ecab55bde9293e1c65 0997eb8867154e38ac002d84ce07617f - - eac6e0f04e8d43b8b30ebcfee323c3e3 eac6e0f04e8d43b8b30ebcfee323c3e3] 162.253.55.43 "GET /v2.0/networks?id=55bad806-a738-406d-a094-0442bbd12667&id=d8751204-8648-4b00-8da5-c219fdcc877c&id=493e7efb-3ac5-425a-ae35-9b914fa9482b&id=06f973d6-26da-4347-be6e-702259f9518d HTTP/1.1" status: 200 len: 3306 time: 0.0486436
2026-02-26 04:21:02.530 9 INFO neutron.api.wsgi [req-eb63cf1d-779b-43e1-923e-b7449e68e8f2 req-b15367ab-ecf7-4aab-a61d-4219386508ef ed81b0baa6dc41ecab55bde9293e1c65 0997eb8867154e38ac002d84ce07617f - - eac6e0f04e8d43b8b30ebcfee323c3e3 eac6e0f04e8d43b8b30ebcfee323c3e3] 162.253.55.43 "GET /v2.0/floatingips?fixed_ip_address=172.24.2.65&port_id=5ffa9a03-a908-4dc2-b05e-aec68be69c15 HTTP/1.1" status: 200 len: 217 time: 0.0169339
2026-02-26 04:21:02.560 9 INFO neutron.api.wsgi [req-eb63cf1d-779b-43e1-923e-b7449e68e8f2 req-3994ec96-555c-4671-af6f-5dcb49588e48 ed81b0baa6dc41ecab55bde9293e1c65 0997eb8867154e38ac002d84ce07617f - - eac6e0f04e8d43b8b30ebcfee323c3e3 eac6e0f04e8d43b8b30ebcfee323c3e3] 162.253.55.43 "GET /v2.0/subnets?id=ddb71ba4-426c-445a-b9c0-b83dbaac1b5e HTTP/1.1" status: 200 len: 853 time: 0.0248117
2026-02-26 04:21:02.592 9 INFO neutron.api.wsgi [req-eb63cf1d-779b-43e1-923e-b7449e68e8f2 req-bd8d66ee-8d1e-48de-9e6f-745f215c155a ed81b0baa6dc41ecab55bde9293e1c65 0997eb8867154e38ac002d84ce07617f - - eac6e0f04e8d43b8b30ebcfee323c3e3 eac6e0f04e8d43b8b30ebcfee323c3e3] 162.253.55.43 "GET /v2.0/ports?network_id=55bad806-a738-406d-a094-0442bbd12667&device_owner=network%3Adhcp HTTP/1.1" status: 200 len: 210 time: 0.0269744
2026-02-26 04:21:02.637 9 INFO neutron.api.wsgi [req-eb63cf1d-779b-43e1-923e-b7449e68e8f2 req-a161b802-afae-407a-bbfb-bf06c4af1a67 ed81b0baa6dc41ecab55bde9293e1c65 0997eb8867154e38ac002d84ce07617f - - eac6e0f04e8d43b8b30ebcfee323c3e3 eac6e0f04e8d43b8b30ebcfee323c3e3] 162.253.55.43 "GET /v2.0/networks/55bad806-a738-406d-a094-0442bbd12667?fields=segments HTTP/1.1" status: 200 len: 212 time: 0.0399802
2026-02-26 04:21:02.684 9 INFO neutron.api.wsgi [req-eb63cf1d-779b-43e1-923e-b7449e68e8f2 req-54d6eaf2-84ec-4fdd-b67e-d65ebd38720c ed81b0baa6dc41ecab55bde9293e1c65 0997eb8867154e38ac002d84ce07617f - - eac6e0f04e8d43b8b30ebcfee323c3e3 eac6e0f04e8d43b8b30ebcfee323c3e3] 162.253.55.43 "GET /v2.0/networks/55bad806-a738-406d-a094-0442bbd12667?fields=provider%3Aphysical_network&fields=provider%3Anetwork_type HTTP/1.1" status: 200 len: 277 time: 0.0416427
2026-02-26 04:21:02.705 9 INFO neutron.api.wsgi [req-eb63cf1d-779b-43e1-923e-b7449e68e8f2 req-f924fd5c-b6f2-42cd-a981-0018019faa4e ed81b0baa6dc41ecab55bde9293e1c65 0997eb8867154e38ac002d84ce07617f - - eac6e0f04e8d43b8b30ebcfee323c3e3 eac6e0f04e8d43b8b30ebcfee323c3e3] 162.253.55.43 "GET /v2.0/floatingips?fixed_ip_address=10.1.1.190&port_id=512937a3-e02a-4e7c-8afa-4412d912e13d HTTP/1.1" status: 200 len: 217 time: 0.0158432
2026-02-26 04:21:02.706 9 INFO neutron.notifiers.nova [-] Nova event matching ['req-7c2cd365-db3c-4e6c-a56c-aa927f929aab'] response: {'server_uuid': 'f032a8ec-478e-4494-81df-515a4729f362', 'name': 'network-vif-unplugged', 'status': 'completed', 'tag': '3b653591-6f19-4516-bc30-1d73e9073717', 'code': 200}
2026-02-26 04:21:02.706 9 INFO neutron.notifiers.nova [-] Nova event matching ['req-7c2cd365-db3c-4e6c-a56c-aa927f929aab'] response: {'server_uuid': 'f032a8ec-478e-4494-81df-515a4729f362', 'name': 'network-vif-deleted', 'tag': '3b653591-6f19-4516-bc30-1d73e9073717', 'status': 'completed', 'code': 200}
2026-02-26 04:21:02.748 9 INFO neutron.api.wsgi [req-eb63cf1d-779b-43e1-923e-b7449e68e8f2 req-1efd74c2-8c47-4419-ae4d-dc82a4316138 ed81b0baa6dc41ecab55bde9293e1c65 0997eb8867154e38ac002d84ce07617f - - eac6e0f04e8d43b8b30ebcfee323c3e3 eac6e0f04e8d43b8b30ebcfee323c3e3] 162.253.55.43 "GET /v2.0/subnets?id=2c452882-ebd8-4e06-9d42-add15ce8b6a4 HTTP/1.1" status: 200 len: 877 time: 0.0302708
2026-02-26 04:21:02.748 10 INFO neutron.api.wsgi [req-44707975-4280-43b7-9303-b7d1be8cf18d req-cfeb8832-4124-4fc4-b5fe-ff07275aff20 ed81b0baa6dc41ecab55bde9293e1c65 0997eb8867154e38ac002d84ce07617f - - eac6e0f04e8d43b8b30ebcfee323c3e3 eac6e0f04e8d43b8b30ebcfee323c3e3] 162.253.55.43 "GET /v2.0/ports?tenant_id=9dadd51c8d7146d6a3a825d82c01b021&device_id=a840cb4e-8e77-4eb1-85f1-49106d1a3bfa HTTP/1.1" status: 200 len: 1634 time: 0.0296643
2026-02-26 04:21:02.773 9 INFO neutron.api.wsgi [req-eb63cf1d-779b-43e1-923e-b7449e68e8f2 req-99eb84cc-a31f-43c5-b04c-4a1c3b825e19 ed81b0baa6dc41ecab55bde9293e1c65 0997eb8867154e38ac002d84ce07617f - - eac6e0f04e8d43b8b30ebcfee323c3e3 eac6e0f04e8d43b8b30ebcfee323c3e3] 162.253.55.43 "GET /v2.0/ports?network_id=d8751204-8648-4b00-8da5-c219fdcc877c&device_owner=network%3Adhcp HTTP/1.1" status: 200 len: 210 time: 0.0177062
2026-02-26 04:21:02.821 9 INFO neutron.api.wsgi [req-eb63cf1d-779b-43e1-923e-b7449e68e8f2 req-894017de-157b-4f55-abdd-4580563d8510 ed81b0baa6dc41ecab55bde9293e1c65 0997eb8867154e38ac002d84ce07617f - - eac6e0f04e8d43b8b30ebcfee323c3e3 eac6e0f04e8d43b8b30ebcfee323c3e3] 162.253.55.43 "GET /v2.0/networks/d8751204-8648-4b00-8da5-c219fdcc877c?fields=segments HTTP/1.1" status: 200 len: 212 time: 0.0430646
2026-02-26 04:21:02.871 9 INFO neutron.api.wsgi [req-eb63cf1d-779b-43e1-923e-b7449e68e8f2 req-0358a1a5-ab1e-47ce-8dbe-62222436c20e ed81b0baa6dc41ecab55bde9293e1c65 0997eb8867154e38ac002d84ce07617f - - eac6e0f04e8d43b8b30ebcfee323c3e3 eac6e0f04e8d43b8b30ebcfee323c3e3] 162.253.55.43 "GET /v2.0/networks/d8751204-8648-4b00-8da5-c219fdcc877c?fields=provider%3Aphysical_network&fields=provider%3Anetwork_type HTTP/1.1" status: 200 len: 277 time: 0.0442157
2026-02-26 04:21:02.893 9 INFO neutron.api.wsgi [req-eb63cf1d-779b-43e1-923e-b7449e68e8f2 req-5804af46-6ff1-46df-844a-15e424630ddc ed81b0baa6dc41ecab55bde9293e1c65 0997eb8867154e38ac002d84ce07617f - - eac6e0f04e8d43b8b30ebcfee323c3e3 eac6e0f04e8d43b8b30ebcfee323c3e3] 162.253.55.43 "GET /v2.0/floatingips?fixed_ip_address=10.2.1.167&port_id=fcfcaf25-1038-4a62-af38-8f185d3d8241 HTTP/1.1" status: 200 len: 217 time: 0.0156448
2026-02-26 04:21:02.925 9 INFO neutron.api.wsgi [req-eb63cf1d-779b-43e1-923e-b7449e68e8f2 req-4042ede4-dac4-4cd7-b04b-2391a324052b ed81b0baa6dc41ecab55bde9293e1c65 0997eb8867154e38ac002d84ce07617f - - eac6e0f04e8d43b8b30ebcfee323c3e3 eac6e0f04e8d43b8b30ebcfee323c3e3] 162.253.55.43 "GET /v2.0/subnets?id=b9c25157-97b1-483c-96b5-dce70ecc1794 HTTP/1.1" status: 200 len: 876 time: 0.0281732
2026-02-26 04:21:02.953 9 INFO neutron.api.wsgi [req-eb63cf1d-779b-43e1-923e-b7449e68e8f2 req-b55f676b-18f3-4386-a651-c8dee7b6e36c ed81b0baa6dc41ecab55bde9293e1c65 0997eb8867154e38ac002d84ce07617f - - eac6e0f04e8d43b8b30ebcfee323c3e3 eac6e0f04e8d43b8b30ebcfee323c3e3] 162.253.55.43 "GET /v2.0/ports?network_id=493e7efb-3ac5-425a-ae35-9b914fa9482b&device_owner=network%3Adhcp HTTP/1.1" status: 200 len: 210 time: 0.0230181
2026-02-26 04:21:02.995 9 INFO neutron.api.wsgi [req-eb63cf1d-779b-43e1-923e-b7449e68e8f2 req-e09195db-c0b4-40e0-a933-ff382c3baf43 ed81b0baa6dc41ecab55bde9293e1c65 0997eb8867154e38ac002d84ce07617f - - eac6e0f04e8d43b8b30ebcfee323c3e3 eac6e0f04e8d43b8b30ebcfee323c3e3] 162.253.55.43 "GET /v2.0/networks/493e7efb-3ac5-425a-ae35-9b914fa9482b?fields=segments HTTP/1.1" status: 200 len: 212 time: 0.0369182
2026-02-26 04:21:03.056 9 INFO neutron.api.wsgi [req-eb63cf1d-779b-43e1-923e-b7449e68e8f2 req-f8ccf707-835b-487f-a7fa-b60a5f116e6b ed81b0baa6dc41ecab55bde9293e1c65 0997eb8867154e38ac002d84ce07617f - - eac6e0f04e8d43b8b30ebcfee323c3e3 eac6e0f04e8d43b8b30ebcfee323c3e3] 162.253.55.43 "GET /v2.0/networks/493e7efb-3ac5-425a-ae35-9b914fa9482b?fields=provider%3Aphysical_network&fields=provider%3Anetwork_type HTTP/1.1" status: 200 len: 277 time: 0.0568640
2026-02-26 04:21:03.303 9 INFO neutron.api.wsgi [req-44707975-4280-43b7-9303-b7d1be8cf18d req-00976d90-5730-43e7-bbb3-58e356afee27 ed81b0baa6dc41ecab55bde9293e1c65 0997eb8867154e38ac002d84ce07617f - - eac6e0f04e8d43b8b30ebcfee323c3e3 eac6e0f04e8d43b8b30ebcfee323c3e3] 162.253.55.43 "GET /v2.0/networks?id=493e7efb-3ac5-425a-ae35-9b914fa9482b HTTP/1.1" status: 200 len: 1002 time: 0.0411143
2026-02-26 04:21:03.345 9 INFO neutron.api.wsgi [req-44707975-4280-43b7-9303-b7d1be8cf18d req-24cafb11-86b2-4850-a546-e50e28dd1102 ed81b0baa6dc41ecab55bde9293e1c65 0997eb8867154e38ac002d84ce07617f - - eac6e0f04e8d43b8b30ebcfee323c3e3 eac6e0f04e8d43b8b30ebcfee323c3e3] 162.253.55.43 "GET /v2.0/floatingips?fixed_ip_address=10.2.1.39&port_id=7808b050-f5c7-452d-91b5-ac4c8527bbce HTTP/1.1" status: 200 len: 1058 time: 0.0363677
2026-02-26 04:21:03.369 9 INFO neutron.api.wsgi [req-44707975-4280-43b7-9303-b7d1be8cf18d req-0834778e-f0a0-4c0b-8215-5a1d4e25a990 ed81b0baa6dc41ecab55bde9293e1c65 0997eb8867154e38ac002d84ce07617f - - eac6e0f04e8d43b8b30ebcfee323c3e3 eac6e0f04e8d43b8b30ebcfee323c3e3] 162.253.55.43 "GET /v2.0/floatingips?fixed_ip_address=fd7b%3Af9f7%3Afff%3A4eca%3A%3A366&port_id=7808b050-f5c7-452d-91b5-ac4c8527bbce HTTP/1.1" status: 200 len: 217 time: 0.0177505
2026-02-26 04:21:03.403 9 INFO neutron.api.wsgi [req-44707975-4280-43b7-9303-b7d1be8cf18d req-70a2e5e4-80b6-47f2-ac5c-75870377c03e ed81b0baa6dc41ecab55bde9293e1c65 0997eb8867154e38ac002d84ce07617f - - eac6e0f04e8d43b8b30ebcfee323c3e3 eac6e0f04e8d43b8b30ebcfee323c3e3] 162.253.55.43 "GET /v2.0/subnets?id=8724267a-7be3-4122-bbb9-3d86c66d99cf&id=b9c25157-97b1-483c-96b5-dce70ecc1794 HTTP/1.1" status: 200 len: 1610 time: 0.0293620
2026-02-26 04:21:03.423 9 INFO neutron.api.wsgi [req-44707975-4280-43b7-9303-b7d1be8cf18d req-266816da-14e9-4d36-948f-42a29f47697b ed81b0baa6dc41ecab55bde9293e1c65 0997eb8867154e38ac002d84ce07617f - - eac6e0f04e8d43b8b30ebcfee323c3e3 eac6e0f04e8d43b8b30ebcfee323c3e3] 162.253.55.43 "GET /v2.0/ports?network_id=493e7efb-3ac5-425a-ae35-9b914fa9482b&device_owner=network%3Adhcp HTTP/1.1" status: 200 len: 210 time: 0.0145910
2026-02-26 04:21:03.446 9 INFO neutron.api.wsgi [req-44707975-4280-43b7-9303-b7d1be8cf18d req-4a26d1c6-705c-4a37-aa21-d1cfea8e7580 ed81b0baa6dc41ecab55bde9293e1c65 0997eb8867154e38ac002d84ce07617f - - eac6e0f04e8d43b8b30ebcfee323c3e3 eac6e0f04e8d43b8b30ebcfee323c3e3] 162.253.55.43 "GET /v2.0/ports?network_id=493e7efb-3ac5-425a-ae35-9b914fa9482b&device_owner=network%3Adhcp HTTP/1.1" status: 200 len: 210 time: 0.0175352
2026-02-26 04:21:03.490 9 INFO neutron.api.wsgi [req-44707975-4280-43b7-9303-b7d1be8cf18d req-bd2cb081-5392-4fcd-b53d-dfb67aefc13d ed81b0baa6dc41ecab55bde9293e1c65 0997eb8867154e38ac002d84ce07617f - - eac6e0f04e8d43b8b30ebcfee323c3e3 eac6e0f04e8d43b8b30ebcfee323c3e3] 162.253.55.43 "GET /v2.0/networks/493e7efb-3ac5-425a-ae35-9b914fa9482b?fields=segments HTTP/1.1" status: 200 len: 212 time: 0.0379128
2026-02-26 04:21:03.534 9 INFO neutron.api.wsgi [req-44707975-4280-43b7-9303-b7d1be8cf18d req-d0c56da3-05e9-4839-850e-023a3db5d3ec ed81b0baa6dc41ecab55bde9293e1c65 0997eb8867154e38ac002d84ce07617f - - eac6e0f04e8d43b8b30ebcfee323c3e3 eac6e0f04e8d43b8b30ebcfee323c3e3] 162.253.55.43 "GET /v2.0/networks/493e7efb-3ac5-425a-ae35-9b914fa9482b?fields=provider%3Aphysical_network&fields=provider%3Anetwork_type HTTP/1.1" status: 200 len: 277 time: 0.0392063
2026-02-26 04:21:03.718 10 INFO neutron.api.wsgi [-] 10.0.0.95 "GET / HTTP/1.1" status: 200 len: 247 time: 0.0017478
2026-02-26 04:21:03.718 9 INFO neutron.api.wsgi [-] 10.0.0.95 "GET / HTTP/1.1" status: 200 len: 247 time: 0.0022027
2026-02-26 04:21:07.792 10 INFO neutron.api.wsgi [None req-7e04d3e5-3961-4ee0-8820-738de23f0fd8 e8c829ecf86546d9959658d74a1c61dd 75112619e90547f0a1d9cb77802a2d29 - - default default] 162.253.55.43 "GET /v2.0/extensions/security-group HTTP/1.1" status: 200 len: 369 time: 0.0056293
2026-02-26 04:21:07.802 10 INFO neutron.api.wsgi [None req-affb4de9-2453-4121-96cb-a65696f265f5 e8c829ecf86546d9959658d74a1c61dd 75112619e90547f0a1d9cb77802a2d29 - - default default] 162.253.55.43 "GET /v2.0/extensions/dns-integration HTTP/1.1" status: 200 len: 371 time: 0.0043461
2026-02-26 04:21:07.809 10 INFO neutron.api.wsgi [None req-4de552b2-7fd0-49ed-a4cf-2bdbf5deb573 e8c829ecf86546d9959658d74a1c61dd 75112619e90547f0a1d9cb77802a2d29 - - default default] 162.253.55.43 "GET /v2.0/extensions/qos HTTP/1.1" status: 200 len: 365 time: 0.0039179
2026-02-26 04:21:07.817 10 INFO neutron.api.wsgi [None req-0a30cc5a-6ed6-4fd0-993a-0bd5f17ad96b e8c829ecf86546d9959658d74a1c61dd 75112619e90547f0a1d9cb77802a2d29 - - default default] 162.253.55.43 "GET /v2.0/extensions/allowed-address-pairs HTTP/1.1" status: 200 len: 383 time: 0.0046337
2026-02-26 04:21:07.856 10 INFO neutron.api.wsgi [None req-3362a5be-1da9-4a15-9c53-af6d6472dac2 e8c829ecf86546d9959658d74a1c61dd 75112619e90547f0a1d9cb77802a2d29 - - default default] 162.253.55.43 "GET /v2.0/ports?device_id=f032a8ec-478e-4494-81df-515a4729f362 HTTP/1.1" status: 200 len: 3921 time: 0.0368981
2026-02-26 04:21:07.998 10 INFO neutron.api.wsgi [None req-b81b83fa-6cfd-41fb-b0cc-b15e3d751976 e8c829ecf86546d9959658d74a1c61dd 75112619e90547f0a1d9cb77802a2d29 - - default default] 162.253.55.43 "GET /v2.0/extensions/security-group HTTP/1.1" status: 200 len: 369 time: 0.0048394
2026-02-26 04:21:08.007 10 INFO neutron.api.wsgi [None req-6334b0b3-8286-47bf-90be-606928f19bf6 e8c829ecf86546d9959658d74a1c61dd 75112619e90547f0a1d9cb77802a2d29 - - default default] 162.253.55.43 "GET /v2.0/extensions/dns-integration HTTP/1.1" status: 200 len: 371 time: 0.0061445
2026-02-26 04:21:08.016 10 INFO neutron.api.wsgi [None req-7d8cdbd0-6b30-4e62-a0e7-05942844d83d e8c829ecf86546d9959658d74a1c61dd 75112619e90547f0a1d9cb77802a2d29 - - default default] 162.253.55.43 "GET /v2.0/extensions/qos HTTP/1.1" status: 200 len: 365 time: 0.0046923
2026-02-26 04:21:08.028 10 INFO neutron.api.wsgi [None req-3a8ed1e6-b714-4534-8167-3083edbb26f5 e8c829ecf86546d9959658d74a1c61dd 75112619e90547f0a1d9cb77802a2d29 - - default default] 162.253.55.43 "GET /v2.0/extensions/allowed-address-pairs HTTP/1.1" status: 200 len: 383 time: 0.0069888
2026-02-26 04:21:08.075 10 INFO neutron.api.wsgi [None req-665f64ee-f627-4b7d-b7cf-4bc4d676d674 e8c829ecf86546d9959658d74a1c61dd 75112619e90547f0a1d9cb77802a2d29 - - default default] 162.253.55.43 "GET /v2.0/ports/fcfcaf25-1038-4a62-af38-8f185d3d8241 HTTP/1.1" status: 200 len: 1406 time: 0.0393381
2026-02-26 04:21:08.461 10 INFO neutron.db.ovn_revision_numbers_db [None req-94cf8253-e6cd-4fd3-82de-797a8fe745ba e8c829ecf86546d9959658d74a1c61dd 75112619e90547f0a1d9cb77802a2d29 - - default default] Successfully bumped revision number for resource fcfcaf25-1038-4a62-af38-8f185d3d8241 (type: ports) to 7
2026-02-26 04:21:08.477 10 INFO neutron.api.wsgi [None req-94cf8253-e6cd-4fd3-82de-797a8fe745ba e8c829ecf86546d9959658d74a1c61dd 75112619e90547f0a1d9cb77802a2d29 - - default default] 162.253.55.43 "PUT /v2.0/ports/fcfcaf25-1038-4a62-af38-8f185d3d8241 HTTP/1.1" status: 200 len: 1203 time: 0.3924725 /var/lib/openstack/lib/python3.12/site-packages/pycadf/identifier.py:71: UserWarning: Invalid uuid: neutron. To ensure interoperability, identifiers should be a valid uuid. warnings.warn(('Invalid uuid: %s. To ensure interoperability, '
2026-02-26 04:21:08.506 10 INFO neutron.notifiers.nova [-] Nova event matching ['req-f2d906d4-1ebe-4f94-9733-01d79667d7db'] response: {'name': 'network-changed', 'server_uuid': 'f032a8ec-478e-4494-81df-515a4729f362', 'tag': 'fcfcaf25-1038-4a62-af38-8f185d3d8241', 'status': 'completed', 'code': 200}
2026-02-26 04:21:08.526 10 INFO neutron.api.wsgi [None req-f7a9b091-fc4b-40b3-97f8-6376c6e5b4ea e8c829ecf86546d9959658d74a1c61dd 75112619e90547f0a1d9cb77802a2d29 - - default default] 162.253.55.43 "GET /v2.0/networks/493e7efb-3ac5-425a-ae35-9b914fa9482b HTTP/1.1" status: 200 len: 999 time: 0.0426259
2026-02-26 04:21:08.560 10 INFO neutron.api.wsgi [None req-00454c64-0adb-4b65-8d8c-8401b03df0f7 e8c829ecf86546d9959658d74a1c61dd 75112619e90547f0a1d9cb77802a2d29 - - default default] 162.253.55.43 "GET /v2.0/ports?device_id=f032a8ec-478e-4494-81df-515a4729f362 HTTP/1.1" status: 200 len: 3746 time: 0.0288553
2026-02-26 04:21:08.650 10 INFO neutron.api.wsgi [None req-01c87d66-c6cc-4043-952d-2e275fb5077a e8c829ecf86546d9959658d74a1c61dd 75112619e90547f0a1d9cb77802a2d29 - - default default] 162.253.55.43 "GET /v2.0/ports?device_id=f032a8ec-478e-4494-81df-515a4729f362 HTTP/1.1" status: 200 len: 3746 time: 0.0380745
2026-02-26 04:21:09.061 9 INFO neutron.api.wsgi [req-d7425a32-1217-4abc-90b2-dc68ee876f11 req-3d22b589-f4c9-49f6-b085-6eb4a61244a6 ed81b0baa6dc41ecab55bde9293e1c65 0997eb8867154e38ac002d84ce07617f - - eac6e0f04e8d43b8b30ebcfee323c3e3 eac6e0f04e8d43b8b30ebcfee323c3e3] 162.253.55.43 "GET /v2.0/ports?tenant_id=75112619e90547f0a1d9cb77802a2d29&device_id=f032a8ec-478e-4494-81df-515a4729f362 HTTP/1.1" status: 200 len: 3746 time: 0.0462384
2026-02-26 04:21:09.107 9 INFO neutron.api.wsgi [req-d7425a32-1217-4abc-90b2-dc68ee876f11 req-928f8bf1-226c-4052-bcad-759a1aab6c5d ed81b0baa6dc41ecab55bde9293e1c65 0997eb8867154e38ac002d84ce07617f - - eac6e0f04e8d43b8b30ebcfee323c3e3 eac6e0f04e8d43b8b30ebcfee323c3e3] 162.253.55.43 "GET /v2.0/networks?id=493e7efb-3ac5-425a-ae35-9b914fa9482b HTTP/1.1" status: 200 len: 1002 time: 0.0403235
2026-02-26 04:21:09.163 9 INFO neutron.api.wsgi [req-d7425a32-1217-4abc-90b2-dc68ee876f11 req-71558881-ae79-4478-a160-a7e75264dce2 ed81b0baa6dc41ecab55bde9293e1c65 0997eb8867154e38ac002d84ce07617f - - eac6e0f04e8d43b8b30ebcfee323c3e3 eac6e0f04e8d43b8b30ebcfee323c3e3] 162.253.55.43 "GET /v2.0/networks/493e7efb-3ac5-425a-ae35-9b914fa9482b?fields=segments HTTP/1.1" status: 200 len: 212 time: 0.0453050
2026-02-26 04:21:09.213 9 INFO neutron.api.wsgi [req-d7425a32-1217-4abc-90b2-dc68ee876f11 req-c1146e5c-ddfe-4ee0-89f6-60ee003ef8fb ed81b0baa6dc41ecab55bde9293e1c65 0997eb8867154e38ac002d84ce07617f - - eac6e0f04e8d43b8b30ebcfee323c3e3 eac6e0f04e8d43b8b30ebcfee323c3e3] 162.253.55.43 "GET /v2.0/networks/493e7efb-3ac5-425a-ae35-9b914fa9482b?fields=provider%3Aphysical_network&fields=provider%3Anetwork_type HTTP/1.1" status: 200 len: 277 time: 0.0428321
2026-02-26 04:21:09.697 10 INFO neutron.api.wsgi [None req-7a81cb63-dc79-4b02-afba-9ac07a66c476 e8c829ecf86546d9959658d74a1c61dd 75112619e90547f0a1d9cb77802a2d29 - - default default] 162.253.55.43 "GET /v2.0/ports?device_id=f032a8ec-478e-4494-81df-515a4729f362 HTTP/1.1" status: 200 len: 3746 time: 0.0354373
2026-02-26 04:21:10.375 10 INFO neutron.plugins.ml2.drivers.ovn.mech_driver.mech_driver [None req-ce97c70d-470f-4b28-9b17-a7a5c22037f7 - - - - - -] OVN reports status down for port: fcfcaf25-1038-4a62-af38-8f185d3d8241
2026-02-26 04:21:10.444 9 INFO neutron.api.wsgi [req-59a8a796-e502-4425-8cef-8abb1b3f281e req-30463dcd-96c7-4000-8db8-15a5132bb030 ed81b0baa6dc41ecab55bde9293e1c65 0997eb8867154e38ac002d84ce07617f - - eac6e0f04e8d43b8b30ebcfee323c3e3 eac6e0f04e8d43b8b30ebcfee323c3e3] 162.253.55.43 "GET /v2.0/ports/fcfcaf25-1038-4a62-af38-8f185d3d8241 HTTP/1.1" status: 200 len: 1231 time: 0.0351577
2026-02-26 04:21:10.545 10 INFO neutron.notifiers.nova [-] Nova event matching ['req-1f971b0a-7003-4458-b6f3-ac5bcad813bc'] response: {'server_uuid': 'f032a8ec-478e-4494-81df-515a4729f362', 'name': 'network-vif-unplugged', 'status': 'completed', 'tag': 'fcfcaf25-1038-4a62-af38-8f185d3d8241', 'code': 200}
2026-02-26 04:21:10.567 10 INFO neutron.db.ovn_revision_numbers_db [None req-ce97c70d-470f-4b28-9b17-a7a5c22037f7 - - - - - -] Successfully bumped revision number for resource fcfcaf25-1038-4a62-af38-8f185d3d8241 (type: ports) to 8
2026-02-26 04:21:10.656 9 INFO neutron.api.wsgi [req-59a8a796-e502-4425-8cef-8abb1b3f281e req-12695996-b4bf-455b-ade7-e356fb542023 e8c829ecf86546d9959658d74a1c61dd 75112619e90547f0a1d9cb77802a2d29 - - default default] 162.253.55.43 "DELETE /v2.0/ports/fcfcaf25-1038-4a62-af38-8f185d3d8241 HTTP/1.1" status: 204 len: 173 time: 0.2084932
2026-02-26 04:21:10.686 9 INFO neutron.notifiers.nova [-] Nova event matching ['req-51057574-6d33-4f5b-95ce-a8a59e2a1aae'] response: {'server_uuid': 'f032a8ec-478e-4494-81df-515a4729f362', 'name': 'network-vif-deleted', 'tag': 'fcfcaf25-1038-4a62-af38-8f185d3d8241', 'status': 'completed', 'code': 200} /var/lib/openstack/lib/python3.12/site-packages/pycadf/identifier.py:71: UserWarning: Invalid uuid: neutron. To ensure interoperability, identifiers should be a valid uuid. warnings.warn(('Invalid uuid: %s. To ensure interoperability, '
2026-02-26 04:21:10.748 10 INFO neutron.api.wsgi [None req-8999d6b2-b7c5-4bb2-bb96-5d8d6cb918e1 e8c829ecf86546d9959658d74a1c61dd 75112619e90547f0a1d9cb77802a2d29 - - default default] 162.253.55.43 "GET /v2.0/ports?device_id=f032a8ec-478e-4494-81df-515a4729f362 HTTP/1.1" status: 200 len: 2723 time: 0.0431759
2026-02-26 04:21:10.774 10 INFO neutron.pecan_wsgi.hooks.translation [None req-d3fa7612-fa8a-4c85-9f3f-c317a5fc9e0e e8c829ecf86546d9959658d74a1c61dd 75112619e90547f0a1d9cb77802a2d29 - - default default] DELETE failed (client error): The resource could not be found.
2026-02-26 04:21:10.779 10 INFO neutron.api.wsgi [None req-d3fa7612-fa8a-4c85-9f3f-c317a5fc9e0e e8c829ecf86546d9959658d74a1c61dd 75112619e90547f0a1d9cb77802a2d29 - - default default] 162.253.55.43 "DELETE /v2.0/ports/fcfcaf25-1038-4a62-af38-8f185d3d8241 HTTP/1.1" status: 404 len: 338 time: 0.0224285
2026-02-26 04:21:10.872 10 INFO neutron.api.wsgi [None req-4319626d-c7df-40c6-9c56-42f29f46cfa7 e8c829ecf86546d9959658d74a1c61dd 75112619e90547f0a1d9cb77802a2d29 - - default default] 162.253.55.43 "GET /v2.0/extensions/security-group HTTP/1.1" status: 200 len: 369 time: 0.0052831
2026-02-26 04:21:10.880 10 INFO neutron.api.wsgi [None req-c2c287c6-caff-4b39-9a2d-55b6c4b73f1c e8c829ecf86546d9959658d74a1c61dd 75112619e90547f0a1d9cb77802a2d29 - - default default] 162.253.55.43 "GET /v2.0/extensions/dns-integration HTTP/1.1" status: 200 len: 371 time: 0.0045819
2026-02-26 04:21:10.888 10 INFO neutron.api.wsgi [None req-9d048005-be5a-414e-abf7-6f9e933901d4 e8c829ecf86546d9959658d74a1c61dd 75112619e90547f0a1d9cb77802a2d29 - - default default] 162.253.55.43 "GET /v2.0/extensions/qos HTTP/1.1" status: 200 len: 365 time: 0.0034974
2026-02-26 04:21:10.895 10 INFO neutron.api.wsgi [None req-51a8ebd2-c039-43b9-b834-5bfa8a33ad52 e8c829ecf86546d9959658d74a1c61dd 75112619e90547f0a1d9cb77802a2d29 - - default default] 162.253.55.43 "GET /v2.0/extensions/allowed-address-pairs HTTP/1.1" status: 200 len: 383 time: 0.0036311
2026-02-26 04:21:10.921 10 INFO neutron.api.wsgi [None req-5c8ed32c-16a7-408d-ba50-4c572256ac01 e8c829ecf86546d9959658d74a1c61dd 75112619e90547f0a1d9cb77802a2d29 - - default default] 162.253.55.43 "GET /v2.0/subnets/2c452882-ebd8-4e06-9d42-add15ce8b6a4 HTTP/1.1" status: 200 len: 874 time: 0.0222414
2026-02-26 04:21:10.957 10 INFO neutron.api.wsgi [None req-563546b1-d18a-4d74-9df3-fd99597ea4bc e8c829ecf86546d9959658d74a1c61dd 75112619e90547f0a1d9cb77802a2d29 - - default default] 162.253.55.43 "GET /v2.0/ports/cfbc9d97-a9e0-489f-9cd6-9f8d3a8f85fb HTTP/1.1" status: 200 len: 1336 time: 0.0289879
2026-02-26 04:21:10.991 10 INFO neutron.api.wsgi [None req-95d04d5f-ba45-4c24-bd0d-a9823747192c e8c829ecf86546d9959658d74a1c61dd 75112619e90547f0a1d9cb77802a2d29 - - default default] 162.253.55.43 "GET /v2.0/ports/512937a3-e02a-4e7c-8afa-4412d912e13d HTTP/1.1" status: 200 len: 1518 time: 0.0268118
2026-02-26 04:21:11.020 10 INFO neutron.api.wsgi [None req-cc125d45-c3e0-4348-8e2d-6d8a141eb979 e8c829ecf86546d9959658d74a1c61dd 75112619e90547f0a1d9cb77802a2d29 - - default default] 162.253.55.43 "GET /v2.0/subnets/2c452882-ebd8-4e06-9d42-add15ce8b6a4 HTTP/1.1" status: 200 len: 874 time: 0.0217316
2026-02-26 04:21:11.070 10 INFO neutron.api.wsgi [None req-5e1ffc6f-921f-4c4a-a96b-8709f6701ea8 e8c829ecf86546d9959658d74a1c61dd 75112619e90547f0a1d9cb77802a2d29 - - default default] 162.253.55.43 "GET /v2.0/networks/d8751204-8648-4b00-8da5-c219fdcc877c HTTP/1.1" status: 200 len: 1000 time: 0.0396249
2026-02-26 04:21:11.104 10 INFO neutron.api.wsgi [None req-66548f6c-1209-455f-ad7d-ae6d27dc87e4 e8c829ecf86546d9959658d74a1c61dd 75112619e90547f0a1d9cb77802a2d29 - - default default] 162.253.55.43 "GET /v2.0/ports/cfbc9d97-a9e0-489f-9cd6-9f8d3a8f85fb HTTP/1.1" status: 200 len: 1336 time: 0.0269842
2026-02-26 04:21:11.133 10 INFO neutron.api.wsgi [None req-5aa3e5fa-ae61-4ef0-8cfb-57ae3b8afa72 e8c829ecf86546d9959658d74a1c61dd 75112619e90547f0a1d9cb77802a2d29 - - default default] 162.253.55.43 "GET /v2.0/subnets/2c452882-ebd8-4e06-9d42-add15ce8b6a4 HTTP/1.1" status: 200 len: 874 time: 0.0236053
2026-02-26 04:21:12.233 9 INFO neutron.api.wsgi [req-59a8a796-e502-4425-8cef-8abb1b3f281e req-49129252-4336-45d3-b680-26a3fe73f1b7 ed81b0baa6dc41ecab55bde9293e1c65 0997eb8867154e38ac002d84ce07617f - - eac6e0f04e8d43b8b30ebcfee323c3e3 eac6e0f04e8d43b8b30ebcfee323c3e3] 162.253.55.43 "GET /v2.0/ports?tenant_id=75112619e90547f0a1d9cb77802a2d29&device_id=f032a8ec-478e-4494-81df-515a4729f362 HTTP/1.1" status: 200 len: 2723 time: 0.0572939
2026-02-26 04:21:12.288 9 INFO neutron.api.wsgi [req-59a8a796-e502-4425-8cef-8abb1b3f281e req-9391548a-c9d0-4a60-94e5-255ab8c81e93 ed81b0baa6dc41ecab55bde9293e1c65 0997eb8867154e38ac002d84ce07617f - - eac6e0f04e8d43b8b30ebcfee323c3e3 eac6e0f04e8d43b8b30ebcfee323c3e3] 162.253.55.43 "GET /v2.0/networks?id=55bad806-a738-406d-a094-0442bbd12667&id=d8751204-8648-4b00-8da5-c219fdcc877c HTTP/1.1" status: 200 len: 1728 time: 0.0481892
2026-02-26 04:21:12.323 9 INFO neutron.api.wsgi [req-59a8a796-e502-4425-8cef-8abb1b3f281e req-bba9db2c-53f7-4f76-8eea-3b9deb9c701d ed81b0baa6dc41ecab55bde9293e1c65 0997eb8867154e38ac002d84ce07617f - - eac6e0f04e8d43b8b30ebcfee323c3e3 eac6e0f04e8d43b8b30ebcfee323c3e3] 162.253.55.43 "GET /v2.0/floatingips?fixed_ip_address=172.24.2.65&port_id=5ffa9a03-a908-4dc2-b05e-aec68be69c15 HTTP/1.1" status: 200 len: 217 time: 0.0287497
2026-02-26 04:21:12.371 9 INFO neutron.api.wsgi [req-59a8a796-e502-4425-8cef-8abb1b3f281e req-d3668d39-d0cc-4c4b-8b06-497f58529e7c ed81b0baa6dc41ecab55bde9293e1c65 0997eb8867154e38ac002d84ce07617f - - eac6e0f04e8d43b8b30ebcfee323c3e3 eac6e0f04e8d43b8b30ebcfee323c3e3] 162.253.55.43 "GET /v2.0/subnets?id=ddb71ba4-426c-445a-b9c0-b83dbaac1b5e HTTP/1.1" status: 200 len: 853 time: 0.0392261
2026-02-26 04:21:12.396 9 INFO neutron.api.wsgi [req-59a8a796-e502-4425-8cef-8abb1b3f281e req-5da9182a-4885-4682-8ebc-9d03434b77e1 ed81b0baa6dc41ecab55bde9293e1c65 0997eb8867154e38ac002d84ce07617f - - eac6e0f04e8d43b8b30ebcfee323c3e3 eac6e0f04e8d43b8b30ebcfee323c3e3] 162.253.55.43 "GET /v2.0/ports?network_id=55bad806-a738-406d-a094-0442bbd12667&device_owner=network%3Adhcp HTTP/1.1" status: 200 len: 210 time: 0.0184040
2026-02-26 04:21:12.458 9 INFO neutron.api.wsgi [req-59a8a796-e502-4425-8cef-8abb1b3f281e req-e5cc9859-7292-48d0-bc12-cbdc3fce0565 ed81b0baa6dc41ecab55bde9293e1c65 0997eb8867154e38ac002d84ce07617f - - eac6e0f04e8d43b8b30ebcfee323c3e3 eac6e0f04e8d43b8b30ebcfee323c3e3] 162.253.55.43 "GET /v2.0/networks/55bad806-a738-406d-a094-0442bbd12667?fields=segments HTTP/1.1" status: 200 len: 212 time: 0.0542080
2026-02-26 04:21:12.502 9 INFO neutron.api.wsgi [req-59a8a796-e502-4425-8cef-8abb1b3f281e req-85087586-8cea-435d-bc9a-277462fabaae ed81b0baa6dc41ecab55bde9293e1c65 0997eb8867154e38ac002d84ce07617f - - eac6e0f04e8d43b8b30ebcfee323c3e3 eac6e0f04e8d43b8b30ebcfee323c3e3] 162.253.55.43 "GET /v2.0/networks/55bad806-a738-406d-a094-0442bbd12667?fields=provider%3Aphysical_network&fields=provider%3Anetwork_type HTTP/1.1" status: 200 len: 277 time: 0.0362582
2026-02-26 04:21:12.523 9 INFO neutron.api.wsgi [req-59a8a796-e502-4425-8cef-8abb1b3f281e req-cb84e82c-d508-4fc6-bc5c-e0973e5ee9f0 ed81b0baa6dc41ecab55bde9293e1c65 0997eb8867154e38ac002d84ce07617f - - eac6e0f04e8d43b8b30ebcfee323c3e3 eac6e0f04e8d43b8b30ebcfee323c3e3] 162.253.55.43 "GET /v2.0/floatingips?fixed_ip_address=10.1.1.190&port_id=512937a3-e02a-4e7c-8afa-4412d912e13d HTTP/1.1" status: 200 len: 217 time: 0.0162468
2026-02-26 04:21:12.552 9 INFO neutron.api.wsgi [req-59a8a796-e502-4425-8cef-8abb1b3f281e req-f01f6169-7394-4157-b1c2-928885cf680b ed81b0baa6dc41ecab55bde9293e1c65 0997eb8867154e38ac002d84ce07617f - - eac6e0f04e8d43b8b30ebcfee323c3e3 eac6e0f04e8d43b8b30ebcfee323c3e3] 162.253.55.43 "GET /v2.0/subnets?id=2c452882-ebd8-4e06-9d42-add15ce8b6a4 HTTP/1.1" status: 200 len: 877 time: 0.0239792
2026-02-26 04:21:12.586 10 INFO neutron.notifiers.nova [-] Nova event matching ['req-6c6f1c04-53c4-4755-a0df-bed868343b8a'] response: {'server_uuid': 'f032a8ec-478e-4494-81df-515a4729f362', 'name': 'network-vif-unplugged', 'status': 'completed', 'tag': 'fcfcaf25-1038-4a62-af38-8f185d3d8241', 'code': 200}
2026-02-26 04:21:12.588 9 INFO neutron.api.wsgi [req-59a8a796-e502-4425-8cef-8abb1b3f281e req-f66811c5-49ea-4541-b359-d9cf116ac26b ed81b0baa6dc41ecab55bde9293e1c65 0997eb8867154e38ac002d84ce07617f - - eac6e0f04e8d43b8b30ebcfee323c3e3 eac6e0f04e8d43b8b30ebcfee323c3e3] 162.253.55.43 "GET /v2.0/ports?network_id=d8751204-8648-4b00-8da5-c219fdcc877c&device_owner=network%3Adhcp HTTP/1.1" status: 200 len: 210 time: 0.0233638
2026-02-26 04:21:12.640 9 INFO neutron.api.wsgi [req-59a8a796-e502-4425-8cef-8abb1b3f281e req-1aeff84a-c84e-4336-a327-5aa387fe5e0a ed81b0baa6dc41ecab55bde9293e1c65 0997eb8867154e38ac002d84ce07617f - - eac6e0f04e8d43b8b30ebcfee323c3e3 eac6e0f04e8d43b8b30ebcfee323c3e3] 162.253.55.43 "GET /v2.0/networks/d8751204-8648-4b00-8da5-c219fdcc877c?fields=segments HTTP/1.1" status: 200 len: 212 time: 0.0466759
2026-02-26 04:21:12.693 9 INFO neutron.api.wsgi [req-59a8a796-e502-4425-8cef-8abb1b3f281e req-02573fd1-13f7-4573-97cc-1404bb619341 ed81b0baa6dc41ecab55bde9293e1c65 0997eb8867154e38ac002d84ce07617f - - eac6e0f04e8d43b8b30ebcfee323c3e3 eac6e0f04e8d43b8b30ebcfee323c3e3] 162.253.55.43 "GET /v2.0/networks/d8751204-8648-4b00-8da5-c219fdcc877c?fields=provider%3Aphysical_network&fields=provider%3Anetwork_type HTTP/1.1" status: 200 len: 277 time: 0.0494468
2026-02-26 04:21:15.088 9 INFO neutron.api.wsgi [None req-b089fa11-2187-4e8e-b5ff-2889a3779ce3 e8c829ecf86546d9959658d74a1c61dd 75112619e90547f0a1d9cb77802a2d29 - - default default] 10.0.0.170 "GET /v2.0/security-groups HTTP/1.1" status: 200 len: 31658 time: 0.1013560
2026-02-26 04:21:15.161 9 INFO neutron.api.wsgi [None req-cc2e6f8a-26f9-443b-a356-02ce63f34931 e8c829ecf86546d9959658d74a1c61dd 75112619e90547f0a1d9cb77802a2d29 - - default default] 10.0.0.170 "GET /v2.0/routers HTTP/1.1" status: 200 len: 1140 time: 0.0623097
2026-02-26 04:21:15.191 9 INFO neutron.api.wsgi [None req-b7036844-d88d-4503-94f8-8d8ffbb193e1 e8c829ecf86546d9959658d74a1c61dd 75112619e90547f0a1d9cb77802a2d29 - - default default] 10.0.0.170 "GET /v2.0/agents?binary=ovn-controller HTTP/1.1" status: 200 len: 591 time: 0.0285060
2026-02-26 04:21:15.230 9 INFO neutron.api.wsgi [None req-cd6e3978-42f6-4541-aebc-f16a80451afb e8c829ecf86546d9959658d74a1c61dd 75112619e90547f0a1d9cb77802a2d29 - - default default] 10.0.0.170 "GET /v2.0/floatingips HTTP/1.1" status: 200 len: 2764 time: 0.0380175
2026-02-26 04:21:15.267 9 INFO neutron.api.wsgi [None req-c44e6391-9288-41e9-a8b4-5370b1e159f8 e8c829ecf86546d9959658d74a1c61dd 75112619e90547f0a1d9cb77802a2d29 - - default default] 10.0.0.170 "GET /v2.0/subnets HTTP/1.1" status: 200 len: 5686 time: 0.0335321
2026-02-26 04:21:15.280 9 INFO neutron.api.wsgi [None req-a12f9189-ff06-4ad5-90a6-596738af15c6 e8c829ecf86546d9959658d74a1c61dd 75112619e90547f0a1d9cb77802a2d29 - - default default] 10.0.0.170 "GET /v2.0/network-ip-availabilities HTTP/1.1" status: 200 len: 3360 time: 0.0111854
2026-02-26 04:21:15.360 9 INFO neutron.api.wsgi [None req-8b4733e1-bad8-40ff-ac20-471bf68779f3 e8c829ecf86546d9959658d74a1c61dd 75112619e90547f0a1d9cb77802a2d29 - - default default] 10.0.0.170 "GET /v2.0/ports HTTP/1.1" status: 200 len: 22217 time: 0.0798438
2026-02-26 04:21:15.388 9 INFO neutron.api.wsgi [None req-7f443808-5749-42d6-97d8-012fdac83bf4 e8c829ecf86546d9959658d74a1c61dd 75112619e90547f0a1d9cb77802a2d29 - - default default] 10.0.0.170 "GET /v2.0/agents HTTP/1.1" status: 200 len: 1390 time: 0.0129080
2026-02-26 04:21:15.428 9 INFO neutron.api.wsgi [None req-a3c196e7-e097-426a-a8f2-989a9d1f2735 e8c829ecf86546d9959658d74a1c61dd 75112619e90547f0a1d9cb77802a2d29 - - default default] 10.0.0.170 "GET /v2.0/subnets HTTP/1.1" status: 200 len: 5686 time: 0.0383933
2026-02-26 04:21:15.438 9 INFO neutron.api.wsgi [None req-2f4e0a1d-1e9c-40e2-93da-7fcc246834df e8c829ecf86546d9959658d74a1c61dd 75112619e90547f0a1d9cb77802a2d29 - - default default] 10.0.0.170 "GET /v2.0/subnetpools HTTP/1.1" status: 200 len: 193 time: 0.0079575
2026-02-26 04:21:15.489 9 INFO neutron.api.wsgi [None req-40206dbe-efcd-4b4a-85ba-f996ff68cd6c e8c829ecf86546d9959658d74a1c61dd 75112619e90547f0a1d9cb77802a2d29 - - default default] 10.0.0.170 "GET /v2.0/networks HTTP/1.1" status: 200 len: 4718 time: 0.0501623
2026-02-26 04:21:15.606 10 INFO neutron.api.wsgi [req-d842154f-0062-4255-bd4b-3c0cb71cff40 req-472d63f1-3e8c-4ff1-8978-a57e7d8bbb93 e8c829ecf86546d9959658d74a1c61dd 75112619e90547f0a1d9cb77802a2d29 - - default default] 10.0.0.43 "GET /v2.0/ports?device_id=f032a8ec-478e-4494-81df-515a4729f362&device_id=8ed59068-9c7c-4999-9eef-b9d04c1675fd&device_id=a840cb4e-8e77-4eb1-85f1-49106d1a3bfa HTTP/1.1" status: 200 len: 5577 time: 0.0538325
2026-02-26 04:21:15.659 10 INFO neutron.api.wsgi [req-d842154f-0062-4255-bd4b-3c0cb71cff40 req-08cddb09-e7dc-4115-84f9-4b1dad3bd252 e8c829ecf86546d9959658d74a1c61dd 75112619e90547f0a1d9cb77802a2d29 - - default default] 10.0.0.43 "GET /v2.0/security-groups?id=3bf21cc8-8f27-4e02-9b21-c5217e8a9675&id=34f6bb25-361e-465e-8879-a2e452fa408c&id=11e97e01-e947-46bb-9e7c-e58ddd7d2f7f&fields=id&fields=name HTTP/1.1" status: 200 len: 484 time: 0.0447357
2026-02-26 04:21:18.718 9 INFO neutron.api.wsgi [-] 10.0.0.95 "GET / HTTP/1.1" status: 200 len: 247 time: 0.0025640
2026-02-26 04:21:18.718 10 INFO neutron.api.wsgi [-] 10.0.0.95 "GET / HTTP/1.1" status: 200 len: 247 time: 0.0026855
