2026-02-26 04:16:03.357 9 INFO neutron.api.wsgi [req-e3b6e40e-0beb-4dd8-b12a-2ec5d794e209 req-83eca33b-9f9d-4e66-a77a-2a9b4a9672fc 0bc2fd95653e4343951fa1a9ab4b2b04 8ab2b18f6b4442658549eef751694686 - - default default] 10.0.0.43 "GET /v2.0/ports?device_id=f2977d3a-8370-42ea-b474-ae9d2a43af50 HTTP/1.1" status: 200 len: 210 time: 0.0202155 /var/lib/openstack/lib/python3.12/site-packages/pycadf/identifier.py:71: UserWarning: Invalid uuid: neutron. To ensure interoperability, identifiers should be a valid uuid. warnings.warn(('Invalid uuid: %s. To ensure interoperability, '
2026-02-26 04:16:03.405 9 WARNING neutron.scheduler.dhcp_agent_scheduler [None req-e9ffc66e-82c6-4271-bd61-0e81fbd09d9e c3fc5000323f4f99b23f421f5e620624 6f25b4697474408a99505cb1ba5d54dc - - default default] No more DHCP agents
2026-02-26 04:16:03.406 9 WARNING neutron.api.rpc.agentnotifiers.dhcp_rpc_agent_api [None req-e9ffc66e-82c6-4271-bd61-0e81fbd09d9e c3fc5000323f4f99b23f421f5e620624 6f25b4697474408a99505cb1ba5d54dc - - default default] Unable to schedule network 872e8d56-1165-4075-803f-b4b00e3f47b8: no agents available; will retry on subsequent port and subnet creation events.
2026-02-26 04:16:03.410 10 INFO neutron.api.wsgi [req-e8eb26a6-ff36-4815-b09a-f6495abad30e req-5ed58ca7-a39b-4e56-859b-e0885532104c 6c0fa15cc7a34bc492ef2d52f6aab93b f26b250e6c974fa0bbc418fb2e277507 - - default default] 10.0.0.43 "GET /v2.0/ports?device_id=e4e91021-68f1-4bd5-9140-f023131c5db2 HTTP/1.1" status: 200 len: 210 time: 0.0167682
2026-02-26 04:16:03.468 9 INFO neutron.db.ovn_revision_numbers_db [None req-e9ffc66e-82c6-4271-bd61-0e81fbd09d9e c3fc5000323f4f99b23f421f5e620624 6f25b4697474408a99505cb1ba5d54dc - - default default] Successfully bumped revision number for resource 29dfbf16-82d1-481d-bd8e-0b3ca301b3c3 (type: ports) to 1
2026-02-26 04:16:03.490 9 INFO neutron.api.wsgi [None req-e9ffc66e-82c6-4271-bd61-0e81fbd09d9e c3fc5000323f4f99b23f421f5e620624 6f25b4697474408a99505cb1ba5d54dc - - default default] 10.0.0.64 "POST /v2.0/ports HTTP/1.1" status: 201 len: 942 time: 0.3016701 /var/lib/openstack/lib/python3.12/site-packages/pycadf/identifier.py:71: UserWarning: Invalid uuid: neutron. To ensure interoperability, identifiers should be a valid uuid. warnings.warn(('Invalid uuid: %s. To ensure interoperability, '
2026-02-26 04:16:03.499 9 WARNING neutron_lib.context [None req-b7d32870-eb3c-4cf8-9fd3-cd3fefe1917e c3fc5000323f4f99b23f421f5e620624 6f25b4697474408a99505cb1ba5d54dc - - default default] Method 'is_advsvc' is deprecated since 2023.2 release (neutron-lib 3.8.0) and will be removed once support for the old RBAC API policies will be removed from Neutron. Please use method 'is_service_role' instead.
2026-02-26 04:16:03.572 9 INFO neutron.db.segments_db [None req-b7d32870-eb3c-4cf8-9fd3-cd3fefe1917e c3fc5000323f4f99b23f421f5e620624 6f25b4697474408a99505cb1ba5d54dc - - default default] Added segment 8196546c-5042-4025-93b3-1cc731a6ab55 of type geneve for network 3b55431c-23cb-4a4d-ada0-2a52258cc7bf
2026-02-26 04:16:03.655 10 INFO neutron.db.ovn_revision_numbers_db [None req-5d524661-c6c0-41c0-8dcc-41c16b4cd4db e8c829ecf86546d9959658d74a1c61dd 75112619e90547f0a1d9cb77802a2d29 - - default default] Successfully bumped revision number for resource fe1173f6-febe-4ec7-95f3-c56dbcdf36cd (type: security_groups) to 1
2026-02-26 04:16:03.667 10 INFO neutron.db.ovn_revision_numbers_db [None req-5d524661-c6c0-41c0-8dcc-41c16b4cd4db e8c829ecf86546d9959658d74a1c61dd 75112619e90547f0a1d9cb77802a2d29 - - default default] Successfully bumped revision number for resource 16d50f13-5d7c-4cd4-a119-8e81d6e1d5c4 (type: security_group_rules) to 0
2026-02-26 04:16:03.673 9 INFO neutron.db.ovn_revision_numbers_db [None req-b7d32870-eb3c-4cf8-9fd3-cd3fefe1917e c3fc5000323f4f99b23f421f5e620624 6f25b4697474408a99505cb1ba5d54dc - - default default] Successfully bumped revision number for resource 3b55431c-23cb-4a4d-ada0-2a52258cc7bf (type: networks) to 1
2026-02-26 04:16:03.679 10 INFO neutron.db.ovn_revision_numbers_db [None req-5d524661-c6c0-41c0-8dcc-41c16b4cd4db e8c829ecf86546d9959658d74a1c61dd 75112619e90547f0a1d9cb77802a2d29 - - default default] Successfully bumped revision number for resource 2f12e07f-9339-450f-ba5e-e1774c6f2a68 (type: security_group_rules) to 0
2026-02-26 04:16:03.692 10 INFO neutron.db.ovn_revision_numbers_db [None req-5d524661-c6c0-41c0-8dcc-41c16b4cd4db e8c829ecf86546d9959658d74a1c61dd 75112619e90547f0a1d9cb77802a2d29 - - default default] Successfully bumped revision number for resource b02b1638-7ea6-40c5-98bc-866ade50e173 (type: security_group_rules) to 0
2026-02-26 04:16:03.705 10 INFO neutron.db.ovn_revision_numbers_db [None req-5d524661-c6c0-41c0-8dcc-41c16b4cd4db e8c829ecf86546d9959658d74a1c61dd 75112619e90547f0a1d9cb77802a2d29 - - default default] Successfully bumped revision number for resource f778448b-7cc7-4f15-a827-8467215a9d65 (type: security_group_rules) to 0
2026-02-26 04:16:03.716 9 INFO neutron.api.wsgi [-] 10.0.0.95 "GET / HTTP/1.1" status: 200 len: 247 time: 0.0012465
2026-02-26 04:16:03.718 9 INFO neutron.api.wsgi [-] 10.0.0.95 "GET / HTTP/1.1" status: 200 len: 247 time: 0.0011406
2026-02-26 04:16:03.774 10 INFO neutron.db.segments_db [None req-5d524661-c6c0-41c0-8dcc-41c16b4cd4db e8c829ecf86546d9959658d74a1c61dd 75112619e90547f0a1d9cb77802a2d29 - - default default] Added segment c0877e07-8677-42f3-a0ce-8152687ff55d of type geneve for network 14cba445-6363-414f-b76d-13a6c969f659
2026-02-26 04:16:03.818 9 WARNING neutron.scheduler.dhcp_agent_scheduler [None req-b7d32870-eb3c-4cf8-9fd3-cd3fefe1917e c3fc5000323f4f99b23f421f5e620624 6f25b4697474408a99505cb1ba5d54dc - - default default] No more DHCP agents
2026-02-26 04:16:03.819 9 WARNING neutron.api.rpc.agentnotifiers.dhcp_rpc_agent_api [None req-b7d32870-eb3c-4cf8-9fd3-cd3fefe1917e c3fc5000323f4f99b23f421f5e620624 6f25b4697474408a99505cb1ba5d54dc - - default default] Unable to schedule network 3b55431c-23cb-4a4d-ada0-2a52258cc7bf: no agents available; will retry on subsequent port and subnet creation events.
2026-02-26 04:16:03.874 9 INFO neutron.db.ovn_revision_numbers_db [None req-b7d32870-eb3c-4cf8-9fd3-cd3fefe1917e c3fc5000323f4f99b23f421f5e620624 6f25b4697474408a99505cb1ba5d54dc - - default default] Successfully bumped revision number for resource 76d21071-1b08-4a76-bf27-70641a980ed9 (type: ports) to 1
2026-02-26 04:16:03.876 10 INFO neutron.db.ovn_revision_numbers_db [None req-5d524661-c6c0-41c0-8dcc-41c16b4cd4db e8c829ecf86546d9959658d74a1c61dd 75112619e90547f0a1d9cb77802a2d29 - - default default] Successfully bumped revision number for resource 14cba445-6363-414f-b76d-13a6c969f659 (type: networks) to 1
2026-02-26 04:16:03.895 9 INFO neutron.api.wsgi [None req-b7d32870-eb3c-4cf8-9fd3-cd3fefe1917e c3fc5000323f4f99b23f421f5e620624 6f25b4697474408a99505cb1ba5d54dc - - default default] 10.0.0.64 "POST /v2.0/networks HTTP/1.1" status: 201 len: 829 time: 0.4000452
2026-02-26 04:16:03.903 9 WARNING neutron_lib.context [None req-96b6a82c-81a8-4ff5-9d1a-60c9c5905349 c3fc5000323f4f99b23f421f5e620624 6f25b4697474408a99505cb1ba5d54dc - - default default] Method 'is_advsvc' is deprecated since 2023.2 release (neutron-lib 3.8.0) and will be removed once support for the old RBAC API policies will be removed from Neutron. Please use method 'is_service_role' instead.
2026-02-26 04:16:04.014 10 WARNING neutron.scheduler.dhcp_agent_scheduler [None req-5d524661-c6c0-41c0-8dcc-41c16b4cd4db e8c829ecf86546d9959658d74a1c61dd 75112619e90547f0a1d9cb77802a2d29 - - default default] No more DHCP agents
2026-02-26 04:16:04.016 10 WARNING neutron.api.rpc.agentnotifiers.dhcp_rpc_agent_api [None req-5d524661-c6c0-41c0-8dcc-41c16b4cd4db e8c829ecf86546d9959658d74a1c61dd 75112619e90547f0a1d9cb77802a2d29 - - default default] Unable to schedule network 14cba445-6363-414f-b76d-13a6c969f659: no agents available; will retry on subsequent port and subnet creation events.
2026-02-26 04:16:04.066 10 INFO neutron.db.ovn_revision_numbers_db [None req-5d524661-c6c0-41c0-8dcc-41c16b4cd4db e8c829ecf86546d9959658d74a1c61dd 75112619e90547f0a1d9cb77802a2d29 - - default default] Successfully bumped revision number for resource 903aa3a8-5c15-4327-9e62-9303182eb205 (type: ports) to 1
2026-02-26 04:16:04.085 10 INFO neutron.api.wsgi [None req-5d524661-c6c0-41c0-8dcc-41c16b4cd4db e8c829ecf86546d9959658d74a1c61dd 75112619e90547f0a1d9cb77802a2d29 - - default default] 10.0.0.64 "POST /v2.0/networks HTTP/1.1" status: 201 len: 942 time: 0.5484633 /var/lib/openstack/lib/python3.12/site-packages/pycadf/identifier.py:71: UserWarning: Invalid uuid: neutron. To ensure interoperability, identifiers should be a valid uuid. warnings.warn(('Invalid uuid: %s. To ensure interoperability, '
2026-02-26 04:16:04.116 9 WARNING neutron.scheduler.dhcp_agent_scheduler [None req-96b6a82c-81a8-4ff5-9d1a-60c9c5905349 c3fc5000323f4f99b23f421f5e620624 6f25b4697474408a99505cb1ba5d54dc - - default default] No more DHCP agents
2026-02-26 04:16:04.120 9 WARNING neutron.api.rpc.agentnotifiers.dhcp_rpc_agent_api [None req-96b6a82c-81a8-4ff5-9d1a-60c9c5905349 c3fc5000323f4f99b23f421f5e620624 6f25b4697474408a99505cb1ba5d54dc - - default default] Unable to schedule network 3b55431c-23cb-4a4d-ada0-2a52258cc7bf: no agents available; will retry on subsequent port and subnet creation events.
2026-02-26 04:16:04.183 9 INFO neutron.db.ovn_revision_numbers_db [None req-96b6a82c-81a8-4ff5-9d1a-60c9c5905349 c3fc5000323f4f99b23f421f5e620624 6f25b4697474408a99505cb1ba5d54dc - - default default] Successfully bumped revision number for resource 93cb0136-2800-449d-8090-37163753d9eb (type: ports) to 1
2026-02-26 04:16:04.204 9 INFO neutron.api.wsgi [None req-96b6a82c-81a8-4ff5-9d1a-60c9c5905349 c3fc5000323f4f99b23f421f5e620624 6f25b4697474408a99505cb1ba5d54dc - - default default] 10.0.0.64 "POST /v2.0/ports HTTP/1.1" status: 201 len: 942 time: 0.3050630
2026-02-26 04:16:04.216 10 WARNING neutron_lib.context [None req-042380b5-6e82-4c85-8db1-556ff901bd37 c3fc5000323f4f99b23f421f5e620624 6f25b4697474408a99505cb1ba5d54dc - - default default] Method 'is_advsvc' is deprecated since 2023.2 release (neutron-lib 3.8.0) and will be removed once support for the old RBAC API policies will be removed from Neutron. Please use method 'is_service_role' instead.
2026-02-26 04:16:04.233 9 WARNING neutron.scheduler.dhcp_agent_scheduler [None req-416558af-815b-4dfd-8718-6157e3e98c30 e8c829ecf86546d9959658d74a1c61dd 75112619e90547f0a1d9cb77802a2d29 - - default default] No more DHCP agents
2026-02-26 04:16:04.235 9 WARNING neutron.api.rpc.agentnotifiers.dhcp_rpc_agent_api [None req-416558af-815b-4dfd-8718-6157e3e98c30 e8c829ecf86546d9959658d74a1c61dd 75112619e90547f0a1d9cb77802a2d29 - - default default] Unable to schedule network 14cba445-6363-414f-b76d-13a6c969f659: no agents available; will retry on subsequent port and subnet creation events.
2026-02-26 04:16:04.290 10 INFO neutron.db.segments_db [None req-042380b5-6e82-4c85-8db1-556ff901bd37 c3fc5000323f4f99b23f421f5e620624 6f25b4697474408a99505cb1ba5d54dc - - default default] Added segment e40d3dba-cf75-46cd-87ba-5ef55aa759f7 of type geneve for network b8e79a20-6598-473a-9491-53c36c385fa1
2026-02-26 04:16:04.389 10 INFO neutron.db.ovn_revision_numbers_db [None req-042380b5-6e82-4c85-8db1-556ff901bd37 c3fc5000323f4f99b23f421f5e620624 6f25b4697474408a99505cb1ba5d54dc - - default default] Successfully bumped revision number for resource b8e79a20-6598-473a-9491-53c36c385fa1 (type: networks) to 1 /var/lib/openstack/lib/python3.12/site-packages/pycadf/identifier.py:71: UserWarning: Invalid uuid: neutron. To ensure interoperability, identifiers should be a valid uuid. warnings.warn(('Invalid uuid: %s. To ensure interoperability, '
2026-02-26 04:16:04.432 9 INFO neutron.api.wsgi [req-b0e86185-6b4e-4b50-9624-8356564e04f9 req-316fc4d1-09fc-495d-926c-a88843ff28c8 0bc2fd95653e4343951fa1a9ab4b2b04 8ab2b18f6b4442658549eef751694686 - - default default] 10.0.0.43 "GET /v2.0/ports?device_id=f2977d3a-8370-42ea-b474-ae9d2a43af50 HTTP/1.1" status: 200 len: 210 time: 0.0159502
2026-02-26 04:16:04.497 10 INFO neutron.api.wsgi [req-bb4816ff-a1a9-418c-a7c5-0d30233882ae req-085dc9a5-2169-4ba4-9e53-9eaa3feec517 6c0fa15cc7a34bc492ef2d52f6aab93b f26b250e6c974fa0bbc418fb2e277507 - - default default] 10.0.0.43 "GET /v2.0/ports?device_id=e4e91021-68f1-4bd5-9140-f023131c5db2 HTTP/1.1" status: 200 len: 210 time: 0.0206735
2026-02-26 04:16:04.507 10 INFO neutron.api.wsgi [req-152b17e5-4374-4ebc-ab8a-196f07d6674a req-682c21f0-68ec-4b73-8cec-0a17e0b396ab 6c0fa15cc7a34bc492ef2d52f6aab93b f26b250e6c974fa0bbc418fb2e277507 - - default default] 162.253.55.43 "GET /v2.0/networks?id=98049eec-8ff9-46f5-b3ba-b8baa6fd8544 HTTP/1.1" status: 200 len: 876 time: 0.0619900
2026-02-26 04:16:04.528 10 WARNING neutron_lib.context [req-152b17e5-4374-4ebc-ab8a-196f07d6674a req-6b330ca7-067e-4645-9a7c-03bbba78dac1 6c0fa15cc7a34bc492ef2d52f6aab93b f26b250e6c974fa0bbc418fb2e277507 - - default default] Method 'is_advsvc' is deprecated since 2023.2 release (neutron-lib 3.8.0) and will be removed once support for the old RBAC API policies will be removed from Neutron. Please use method 'is_service_role' instead.
2026-02-26 04:16:04.574 10 WARNING neutron.scheduler.dhcp_agent_scheduler [None req-042380b5-6e82-4c85-8db1-556ff901bd37 c3fc5000323f4f99b23f421f5e620624 6f25b4697474408a99505cb1ba5d54dc - - default default] No more DHCP agents
2026-02-26 04:16:04.575 10 WARNING neutron.api.rpc.agentnotifiers.dhcp_rpc_agent_api [None req-042380b5-6e82-4c85-8db1-556ff901bd37 c3fc5000323f4f99b23f421f5e620624 6f25b4697474408a99505cb1ba5d54dc - - default default] Unable to schedule network b8e79a20-6598-473a-9491-53c36c385fa1: no agents available; will retry on subsequent port and subnet creation events.
2026-02-26 04:16:04.608 9 INFO neutron.db.ovn_revision_numbers_db [None req-57952a95-159f-4c0b-925a-7272e61d1ed1 - - - - - -] Successfully bumped revision number for resource 903aa3a8-5c15-4327-9e62-9303182eb205 (type: ports) to 2
2026-02-26 04:16:04.633 9 INFO neutron.db.ovn_revision_numbers_db [None req-57952a95-159f-4c0b-925a-7272e61d1ed1 - - - - - -] Successfully bumped revision number for resource 0e3eca0e-309e-489f-9930-2006da444a1b (type: subnets) to 0
2026-02-26 04:16:04.642 10 INFO neutron.db.ovn_revision_numbers_db [None req-042380b5-6e82-4c85-8db1-556ff901bd37 c3fc5000323f4f99b23f421f5e620624 6f25b4697474408a99505cb1ba5d54dc - - default default] Successfully bumped revision number for resource 6e0b7fad-92ba-489c-ab71-ecc7fdeba53e (type: ports) to 1
2026-02-26 04:16:04.647 9 INFO neutron.api.wsgi [None req-416558af-815b-4dfd-8718-6157e3e98c30 e8c829ecf86546d9959658d74a1c61dd 75112619e90547f0a1d9cb77802a2d29 - - default default] 10.0.0.64 "POST /v2.0/subnets HTTP/1.1" status: 201 len: 887 time: 0.5551269
2026-02-26 04:16:04.671 10 INFO neutron.api.wsgi [None req-042380b5-6e82-4c85-8db1-556ff901bd37 c3fc5000323f4f99b23f421f5e620624 6f25b4697474408a99505cb1ba5d54dc - - default default] 10.0.0.64 "POST /v2.0/networks HTTP/1.1" status: 201 len: 831 time: 0.4615541
2026-02-26 04:16:04.683 10 WARNING neutron_lib.context [None req-6e8b044a-6c6f-4659-b328-163a0974aa69 c3fc5000323f4f99b23f421f5e620624 6f25b4697474408a99505cb1ba5d54dc - - default default] Method 'is_advsvc' is deprecated since 2023.2 release (neutron-lib 3.8.0) and will be removed once support for the old RBAC API policies will be removed from Neutron. Please use method 'is_service_role' instead.
2026-02-26 04:16:04.873 10 WARNING neutron.scheduler.dhcp_agent_scheduler [req-152b17e5-4374-4ebc-ab8a-196f07d6674a req-6b330ca7-067e-4645-9a7c-03bbba78dac1 6c0fa15cc7a34bc492ef2d52f6aab93b f26b250e6c974fa0bbc418fb2e277507 - - default default] No more DHCP agents
2026-02-26 04:16:04.877 10 WARNING neutron.api.rpc.agentnotifiers.dhcp_rpc_agent_api [req-152b17e5-4374-4ebc-ab8a-196f07d6674a req-6b330ca7-067e-4645-9a7c-03bbba78dac1 6c0fa15cc7a34bc492ef2d52f6aab93b f26b250e6c974fa0bbc418fb2e277507 - - default default] Unable to schedule network 98049eec-8ff9-46f5-b3ba-b8baa6fd8544: no agents available; will retry on subsequent port and subnet creation events.
2026-02-26 04:16:04.960 10 WARNING neutron.scheduler.dhcp_agent_scheduler [None req-6e8b044a-6c6f-4659-b328-163a0974aa69 c3fc5000323f4f99b23f421f5e620624 6f25b4697474408a99505cb1ba5d54dc - - default default] No more DHCP agents
2026-02-26 04:16:04.962 10 WARNING neutron.api.rpc.agentnotifiers.dhcp_rpc_agent_api [None req-6e8b044a-6c6f-4659-b328-163a0974aa69 c3fc5000323f4f99b23f421f5e620624 6f25b4697474408a99505cb1ba5d54dc - - default default] Unable to schedule network b8e79a20-6598-473a-9491-53c36c385fa1: no agents available; will retry on subsequent port and subnet creation events.
2026-02-26 04:16:04.974 9 WARNING neutron.scheduler.dhcp_agent_scheduler [None req-acd869b8-c895-421b-b61c-90b4412f76b6 e8c829ecf86546d9959658d74a1c61dd 75112619e90547f0a1d9cb77802a2d29 - - default default] No more DHCP agents
2026-02-26 04:16:04.975 9 WARNING neutron.api.rpc.agentnotifiers.dhcp_rpc_agent_api [None req-acd869b8-c895-421b-b61c-90b4412f76b6 e8c829ecf86546d9959658d74a1c61dd 75112619e90547f0a1d9cb77802a2d29 - - default default] Unable to schedule network a31a661a-6bd2-4f70-ab6b-eeea83f275be: no agents available; will retry on subsequent port and subnet creation events.
2026-02-26 04:16:05.042 10 INFO neutron.db.ovn_revision_numbers_db [req-152b17e5-4374-4ebc-ab8a-196f07d6674a req-6b330ca7-067e-4645-9a7c-03bbba78dac1 6c0fa15cc7a34bc492ef2d52f6aab93b f26b250e6c974fa0bbc418fb2e277507 - - default default] Successfully bumped revision number for resource 05ec7f33-b6e3-4e23-9c96-dae298d5e861 (type: ports) to 1
2026-02-26 04:16:05.045 10 INFO neutron.db.ovn_revision_numbers_db [None req-6e8b044a-6c6f-4659-b328-163a0974aa69 c3fc5000323f4f99b23f421f5e620624 6f25b4697474408a99505cb1ba5d54dc - - default default] Successfully bumped revision number for resource 2ae5123a-47c5-4e91-b71f-f6d36f3a481c (type: ports) to 1
2026-02-26 04:16:05.064 9 INFO neutron.db.ovn_revision_numbers_db [None req-acd869b8-c895-421b-b61c-90b4412f76b6 e8c829ecf86546d9959658d74a1c61dd 75112619e90547f0a1d9cb77802a2d29 - - default default] Successfully bumped revision number for resource ec07ea3c-69fd-4940-985f-ca7e8b61b32f (type: ports) to 1
2026-02-26 04:16:05.078 10 INFO neutron.api.wsgi [None req-6e8b044a-6c6f-4659-b328-163a0974aa69 c3fc5000323f4f99b23f421f5e620624 6f25b4697474408a99505cb1ba5d54dc - - default default] 10.0.0.64 "POST /v2.0/ports HTTP/1.1" status: 201 len: 942 time: 0.4018636
2026-02-26 04:16:05.080 10 INFO neutron.api.wsgi [req-152b17e5-4374-4ebc-ab8a-196f07d6674a req-6b330ca7-067e-4645-9a7c-03bbba78dac1 6c0fa15cc7a34bc492ef2d52f6aab93b f26b250e6c974fa0bbc418fb2e277507 - - default default] 162.253.55.43 "POST /v2.0/ports HTTP/1.1" status: 201 len: 1162 time: 0.5569437 /var/lib/openstack/lib/python3.12/site-packages/pycadf/identifier.py:71: UserWarning: Invalid uuid: neutron. To ensure interoperability, identifiers should be a valid uuid. warnings.warn(('Invalid uuid: %s. To ensure interoperability, '
2026-02-26 04:16:05.141 10 INFO neutron.api.wsgi [None req-b24b6d25-232a-42f2-886d-67d5aa8dc373 c3fc5000323f4f99b23f421f5e620624 6f25b4697474408a99505cb1ba5d54dc - - default default] 10.0.0.64 "PUT /v2.0/ports/fb5d6f44-f6cb-4bc4-b909-c814bd56325f/tags HTTP/1.1" status: 200 len: 210 time: 0.0593023
2026-02-26 04:16:05.191 10 INFO neutron.api.wsgi [None req-3a280c5e-5f62-4dc6-8bab-fa2fb60465d4 c3fc5000323f4f99b23f421f5e620624 6f25b4697474408a99505cb1ba5d54dc - - default default] 10.0.0.64 "PUT /v2.0/ports/5d6376ac-5c9d-46e9-87b7-99a63a71d237/tags HTTP/1.1" status: 200 len: 218 time: 0.0421803
2026-02-26 04:16:05.238 10 INFO neutron.api.wsgi [None req-52b85d7e-be2d-4386-a750-005eeb5af068 c3fc5000323f4f99b23f421f5e620624 6f25b4697474408a99505cb1ba5d54dc - - default default] 10.0.0.64 "PUT /v2.0/ports/29dfbf16-82d1-481d-bd8e-0b3ca301b3c3/tags HTTP/1.1" status: 200 len: 227 time: 0.0434861
2026-02-26 04:16:05.282 10 INFO neutron.api.wsgi [None req-91512c1c-beab-44c8-a804-b764502647bd c3fc5000323f4f99b23f421f5e620624 6f25b4697474408a99505cb1ba5d54dc - - default default] 10.0.0.64 "PUT /v2.0/ports/93cb0136-2800-449d-8090-37163753d9eb/tags HTTP/1.1" status: 200 len: 212 time: 0.0379276
2026-02-26 04:16:05.428 9 INFO neutron.api.wsgi [None req-e3234d77-5728-4359-aecb-6404a75edc6c c3fc5000323f4f99b23f421f5e620624 6f25b4697474408a99505cb1ba5d54dc - - default default] 10.0.0.64 "GET /v2.0/ports?tags=red HTTP/1.1" status: 200 len: 2448 time: 0.1399443
2026-02-26 04:16:05.457 10 INFO neutron.db.ovn_revision_numbers_db [req-152b17e5-4374-4ebc-ab8a-196f07d6674a req-c218a479-bff8-49d4-8cd4-2b4a42e7566c ed81b0baa6dc41ecab55bde9293e1c65 0997eb8867154e38ac002d84ce07617f - - eac6e0f04e8d43b8b30ebcfee323c3e3 eac6e0f04e8d43b8b30ebcfee323c3e3] Successfully bumped revision number for resource 05ec7f33-b6e3-4e23-9c96-dae298d5e861 (type: ports) to 2
2026-02-26 04:16:05.491 9 INFO neutron.api.wsgi [None req-43698643-e3d5-4352-b13f-1d54f3b690dc c3fc5000323f4f99b23f421f5e620624 6f25b4697474408a99505cb1ba5d54dc - - default default] 10.0.0.64 "GET /v2.0/ports?tags=red%2Cblue HTTP/1.1" status: 200 len: 1708 time: 0.0585475 /var/lib/openstack/lib/python3.12/site-packages/pycadf/identifier.py:71: UserWarning: Invalid uuid: neutron. To ensure interoperability, identifiers should be a valid uuid. warnings.warn(('Invalid uuid: %s. To ensure interoperability, '
2026-02-26 04:16:05.510 9 INFO neutron.api.wsgi [req-1c47fc3e-d012-4500-8e2d-e23b2d4ff527 req-10863b87-6ea4-4334-95ce-4ebd47294003 0bc2fd95653e4343951fa1a9ab4b2b04 8ab2b18f6b4442658549eef751694686 - - default default] 10.0.0.43 "GET /v2.0/ports?device_id=f2977d3a-8370-42ea-b474-ae9d2a43af50 HTTP/1.1" status: 200 len: 210 time: 0.0143874
2026-02-26 04:16:05.652 10 INFO neutron.api.wsgi [None req-29e66583-af8a-45e3-9f4f-e295d387c407 c3fc5000323f4f99b23f421f5e620624 6f25b4697474408a99505cb1ba5d54dc - - default default] 10.0.0.64 "GET /v2.0/ports?tags-any=blue HTTP/1.1" status: 200 len: 1708 time: 0.1541681 /var/lib/openstack/lib/python3.12/site-packages/pycadf/identifier.py:71: UserWarning: Invalid uuid: neutron. To ensure interoperability, identifiers should be a valid uuid. warnings.warn(('Invalid uuid: %s. To ensure interoperability, '
2026-02-26 04:16:05.668 10 INFO neutron.api.wsgi [req-6f042993-ad94-4e4b-9c6e-60549ef1e2cf req-d7f197cb-d689-412f-81ae-f93ea72cb398 6c0fa15cc7a34bc492ef2d52f6aab93b f26b250e6c974fa0bbc418fb2e277507 - - default default] 10.0.0.43 "GET /v2.0/ports?device_id=e4e91021-68f1-4bd5-9140-f023131c5db2 HTTP/1.1" status: 200 len: 1172 time: 0.1186373
2026-02-26 04:16:05.739 10 INFO neutron.api.wsgi [req-6f042993-ad94-4e4b-9c6e-60549ef1e2cf req-1ff89a59-162c-4f6a-9d99-18796762fbfb 6c0fa15cc7a34bc492ef2d52f6aab93b f26b250e6c974fa0bbc418fb2e277507 - - default default] 10.0.0.43 "GET /v2.0/security-groups?id=18013e7c-eef2-47a8-898c-f11d54314728&fields=id&fields=name HTTP/1.1" status: 200 len: 286 time: 0.0663400
2026-02-26 04:16:05.748 10 INFO neutron.api.wsgi [None req-3e0a0923-20f4-4448-aec5-82b3ad094bec c3fc5000323f4f99b23f421f5e620624 6f25b4697474408a99505cb1ba5d54dc - - default default] 10.0.0.64 "GET /v2.0/ports?tags-any=red%2Cblue HTTP/1.1" status: 200 len: 2448 time: 0.0912201
2026-02-26 04:16:05.833 10 INFO neutron.db.ovn_revision_numbers_db [req-152b17e5-4374-4ebc-ab8a-196f07d6674a req-c218a479-bff8-49d4-8cd4-2b4a42e7566c ed81b0baa6dc41ecab55bde9293e1c65 0997eb8867154e38ac002d84ce07617f - - eac6e0f04e8d43b8b30ebcfee323c3e3 eac6e0f04e8d43b8b30ebcfee323c3e3] Successfully bumped revision number for resource 05ec7f33-b6e3-4e23-9c96-dae298d5e861 (type: ports) to 4
2026-02-26 04:16:05.864 9 WARNING neutron.plugins.ml2.drivers.ovn.mech_driver.ovsdb.ovn_client [None req-3d19ea88-ac22-467d-ad7f-7b23a4f2f273 - - - - - -] No hosting information found for port 2319f009-ce9a-4255-bd7d-5ab84998307e: RuntimeError: No hosting information found for port 2319f009-ce9a-4255-bd7d-5ab84998307e
2026-02-26 04:16:05.867 10 INFO neutron.api.wsgi [req-152b17e5-4374-4ebc-ab8a-196f07d6674a req-c218a479-bff8-49d4-8cd4-2b4a42e7566c ed81b0baa6dc41ecab55bde9293e1c65 0997eb8867154e38ac002d84ce07617f - - eac6e0f04e8d43b8b30ebcfee323c3e3 eac6e0f04e8d43b8b30ebcfee323c3e3] 162.253.55.43 "PUT /v2.0/ports/05ec7f33-b6e3-4e23-9c96-dae298d5e861 HTTP/1.1" status: 200 len: 1408 time: 0.7812924
2026-02-26 04:16:05.881 10 INFO neutron.api.wsgi [None req-33a47e58-d422-484e-a482-b313de36508f c3fc5000323f4f99b23f421f5e620624 6f25b4697474408a99505cb1ba5d54dc - - default default] 10.0.0.64 "GET /v2.0/ports?not-tags=red HTTP/1.1" status: 200 len: 5463 time: 0.1289537
2026-02-26 04:16:05.910 10 INFO neutron.notifiers.nova [-] Nova event matching ['req-cbc443e3-c07e-4b6d-8516-0b8de4555a1d'] response: {'name': 'network-changed', 'server_uuid': 'e4e91021-68f1-4bd5-9140-f023131c5db2', 'tag': '05ec7f33-b6e3-4e23-9c96-dae298d5e861', 'status': 'completed', 'code': 200}
2026-02-26 04:16:05.938 9 INFO neutron.plugins.ml2.drivers.ovn.mech_driver.ovsdb.commands [None req-81b8b451-400f-4197-a757-f8e5640950ab - - - - - -] Schedule LRP lrp-ec07ea3c-69fd-4940-985f-ca7e8b61b32f on gateway 7abd64c0-c0bf-4bed-8d74-2dc51ed45c07 with priority 1
2026-02-26 04:16:05.951 9 INFO neutron.db.ovn_revision_numbers_db [None req-3d19ea88-ac22-467d-ad7f-7b23a4f2f273 - - - - - -] Successfully bumped revision number for resource 2319f009-ce9a-4255-bd7d-5ab84998307e (type: router_ports) to 2
2026-02-26 04:16:05.951 9 INFO neutron.plugins.ml2.drivers.ovn.mech_driver.mech_driver [None req-3d19ea88-ac22-467d-ad7f-7b23a4f2f273 - - - - - -] OVN reports status down for port: b191f02a-e936-4ccb-a6f3-ceabf0f26f1b
2026-02-26 04:16:05.958 10 INFO neutron.api.wsgi [None req-687c089a-3623-4c69-af67-8414b8917a3f c3fc5000323f4f99b23f421f5e620624 6f25b4697474408a99505cb1ba5d54dc - - default default] 10.0.0.64 "GET /v2.0/ports?not-tags=red%2Cblue HTTP/1.1" status: 200 len: 6203 time: 0.0712769
2026-02-26 04:16:05.964 9 INFO neutron.plugins.ml2.drivers.ovn.mech_driver.ovsdb.ovsdb_monitor [None req-719991aa-555b-448d-91bf-9bd0b5422d41 - - - - - -] Router 59604d6c-b1ae-43ad-a55b-0fadf8190be4 is bound to host instance
2026-02-26 04:16:06.054 9 INFO neutron.db.ovn_revision_numbers_db [None req-acd869b8-c895-421b-b61c-90b4412f76b6 e8c829ecf86546d9959658d74a1c61dd 75112619e90547f0a1d9cb77802a2d29 - - default default] Successfully bumped revision number for resource ec07ea3c-69fd-4940-985f-ca7e8b61b32f (type: router_ports) to 1
2026-02-26 04:16:06.092 9 INFO neutron.plugins.ml2.drivers.ovn.mech_driver.mech_driver [None req-3d19ea88-ac22-467d-ad7f-7b23a4f2f273 - - - - - -] OVN reports status up for port: b23b9e99-b52f-45af-b2f8-029a4ceb4685
2026-02-26 04:16:06.112 9 INFO neutron.plugins.ml2.plugin [None req-3d19ea88-ac22-467d-ad7f-7b23a4f2f273 - - - - - -] Attempt 1 to provision port b23b9e99-b52f-45af-b2f8-029a4ceb4685
2026-02-26 04:16:06.145 9 INFO neutron.api.wsgi [None req-7dc27b02-264e-4111-9f5d-cc64bcc51799 c3fc5000323f4f99b23f421f5e620624 6f25b4697474408a99505cb1ba5d54dc - - default default] 10.0.0.64 "GET /v2.0/ports?not-tags-any=blue HTTP/1.1" status: 200 len: 6203 time: 0.1802192
2026-02-26 04:16:06.179 9 INFO neutron.db.ovn_revision_numbers_db [None req-acd869b8-c895-421b-b61c-90b4412f76b6 e8c829ecf86546d9959658d74a1c61dd 75112619e90547f0a1d9cb77802a2d29 - - default default] Successfully bumped revision number for resource 59604d6c-b1ae-43ad-a55b-0fadf8190be4 (type: routers) to 2
2026-02-26 04:16:06.197 9 INFO neutron.api.wsgi [None req-acd869b8-c895-421b-b61c-90b4412f76b6 e8c829ecf86546d9959658d74a1c61dd 75112619e90547f0a1d9cb77802a2d29 - - default default] 10.0.0.64 "POST /v2.0/routers HTTP/1.1" status: 201 len: 1165 time: 1.5454972
2026-02-26 04:16:06.226 10 INFO neutron.api.wsgi [None req-cf250c59-7592-473e-a529-9e04b0e27d84 c3fc5000323f4f99b23f421f5e620624 6f25b4697474408a99505cb1ba5d54dc - - default default] 10.0.0.64 "GET /v2.0/ports?not-tags-any=red%2Cblue HTTP/1.1" status: 200 len: 5463 time: 0.0747182
2026-02-26 04:16:06.458 10 INFO neutron.api.wsgi [req-473bc957-96fa-4b36-b2e8-299119af9ef3 req-442500be-db72-4da0-9ec8-a2f0f10a5424 ed81b0baa6dc41ecab55bde9293e1c65 0997eb8867154e38ac002d84ce07617f - - eac6e0f04e8d43b8b30ebcfee323c3e3 eac6e0f04e8d43b8b30ebcfee323c3e3] 162.253.55.43 "GET /v2.0/ports?tenant_id=f26b250e6c974fa0bbc418fb2e277507&device_id=e4e91021-68f1-4bd5-9140-f023131c5db2 HTTP/1.1" status: 200 len: 1411 time: 0.0471859
2026-02-26 04:16:06.487 9 INFO neutron.db.ovn_revision_numbers_db [None req-bb03cf18-4373-4c55-ad5b-62e6eb8327d2 - - - - - -] Successfully bumped revision number for resource ec07ea3c-69fd-4940-985f-ca7e8b61b32f (type: ports) to 1
2026-02-26 04:16:06.533 10 INFO neutron.api.wsgi [req-473bc957-96fa-4b36-b2e8-299119af9ef3 req-c99bee74-9fd3-4057-96ba-5dae846b2c07 ed81b0baa6dc41ecab55bde9293e1c65 0997eb8867154e38ac002d84ce07617f - - eac6e0f04e8d43b8b30ebcfee323c3e3 eac6e0f04e8d43b8b30ebcfee323c3e3] 162.253.55.43 "GET /v2.0/networks?tenant_id=f26b250e6c974fa0bbc418fb2e277507&shared=False HTTP/1.1" status: 200 len: 975 time: 0.0671785
2026-02-26 04:16:06.544 10 INFO neutron.api.wsgi [None req-16fa2f75-7a62-4d10-b8d7-cc8b2fae2129 c3fc5000323f4f99b23f421f5e620624 6f25b4697474408a99505cb1ba5d54dc - - default default] 10.0.0.64 "DELETE /v2.0/ports/fb5d6f44-f6cb-4bc4-b909-c814bd56325f HTTP/1.1" status: 204 len: 168 time: 0.3108709 /var/lib/openstack/lib/python3.12/site-packages/pycadf/identifier.py:71: UserWarning: Invalid uuid: neutron. To ensure interoperability, identifiers should be a valid uuid. warnings.warn(('Invalid uuid: %s. To ensure interoperability, '
2026-02-26 04:16:06.651 10 INFO neutron.api.wsgi [req-473bc957-96fa-4b36-b2e8-299119af9ef3 req-6a33ea79-8e03-4de8-a916-ab6e14d5c474 ed81b0baa6dc41ecab55bde9293e1c65 0997eb8867154e38ac002d84ce07617f - - eac6e0f04e8d43b8b30ebcfee323c3e3 eac6e0f04e8d43b8b30ebcfee323c3e3] 162.253.55.43 "GET /v2.0/networks?shared=True HTTP/1.1" status: 200 len: 952 time: 0.0863092
2026-02-26 04:16:06.754 9 INFO neutron.api.wsgi [None req-db98318c-eb65-4fc8-b4e8-ac563aeea33d 0bc2fd95653e4343951fa1a9ab4b2b04 8ab2b18f6b4442658549eef751694686 - - default default] 10.0.0.64 "DELETE /v2.0/security-groups/5962614c-6af3-4466-86dc-b6c5363e84bc HTTP/1.1" status: 204 len: 168 time: 0.1366282
2026-02-26 04:16:06.771 10 INFO neutron.api.v2.resource [None req-a05c2c4a-bbf8-4c03-b833-91f1e4b54793 0bc2fd95653e4343951fa1a9ab4b2b04 8ab2b18f6b4442658549eef751694686 - - default default] show failed (client error): The resource could not be found.
2026-02-26 04:16:06.772 10 INFO neutron.api.wsgi [None req-a05c2c4a-bbf8-4c03-b833-91f1e4b54793 0bc2fd95653e4343951fa1a9ab4b2b04 8ab2b18f6b4442658549eef751694686 - - default default] 10.0.0.64 "GET /v2.0/security-groups/5962614c-6af3-4466-86dc-b6c5363e84bc HTTP/1.1" status: 404 len: 347 time: 0.0124357
2026-02-26 04:16:06.795 9 INFO neutron.db.ovn_revision_numbers_db [None req-bb03cf18-4373-4c55-ad5b-62e6eb8327d2 - - - - - -] Successfully bumped revision number for resource ec07ea3c-69fd-4940-985f-ca7e8b61b32f (type: ports) to 4
2026-02-26 04:16:06.798 10 WARNING neutron.scheduler.dhcp_agent_scheduler [None req-cff57966-a63b-4d5e-9839-98e5affaaca3 e8c829ecf86546d9959658d74a1c61dd 75112619e90547f0a1d9cb77802a2d29 - - default default] No more DHCP agents
2026-02-26 04:16:06.802 10 WARNING neutron.api.rpc.agentnotifiers.dhcp_rpc_agent_api [None req-cff57966-a63b-4d5e-9839-98e5affaaca3 e8c829ecf86546d9959658d74a1c61dd 75112619e90547f0a1d9cb77802a2d29 - - default default] Unable to schedule network 14cba445-6363-414f-b76d-13a6c969f659: no agents available; will retry on subsequent port and subnet creation events.
2026-02-26 04:16:06.858 10 INFO neutron.api.wsgi [req-6dc5f1fb-c423-4fc7-8924-7951d511c97a req-118987c8-0152-4005-bcea-59a13cc70edb 6c0fa15cc7a34bc492ef2d52f6aab93b f26b250e6c974fa0bbc418fb2e277507 - - default default] 10.0.0.43 "GET /v2.0/ports?device_id=e4e91021-68f1-4bd5-9140-f023131c5db2 HTTP/1.1" status: 200 len: 1172 time: 0.0414360
2026-02-26 04:16:06.863 10 INFO neutron.api.wsgi [None req-253855f7-4f19-4288-a4a1-7fd4586af3e0 c3fc5000323f4f99b23f421f5e620624 6f25b4697474408a99505cb1ba5d54dc - - default default] 10.0.0.64 "DELETE /v2.0/ports/5d6376ac-5c9d-46e9-87b7-99a63a71d237 HTTP/1.1" status: 204 len: 168 time: 0.3138723
2026-02-26 04:16:06.910 10 INFO neutron.api.wsgi [req-6dc5f1fb-c423-4fc7-8924-7951d511c97a req-4afb5c05-c634-4a07-99ab-4349794b2077 6c0fa15cc7a34bc492ef2d52f6aab93b f26b250e6c974fa0bbc418fb2e277507 - - default default] 10.0.0.43 "GET /v2.0/security-groups?id=18013e7c-eef2-47a8-898c-f11d54314728&fields=id&fields=name HTTP/1.1" status: 200 len: 286 time: 0.0458398
2026-02-26 04:16:07.003 10 INFO neutron.db.ovn_revision_numbers_db [None req-cff57966-a63b-4d5e-9839-98e5affaaca3 e8c829ecf86546d9959658d74a1c61dd 75112619e90547f0a1d9cb77802a2d29 - - default default] Successfully bumped revision number for resource 45313dfc-e27b-418e-83a6-1c18e01228e7 (type: ports) to 1
2026-02-26 04:16:07.136 9 INFO neutron.db.ovn_revision_numbers_db [None req-bb03cf18-4373-4c55-ad5b-62e6eb8327d2 - - - - - -] Successfully bumped revision number for resource ec07ea3c-69fd-4940-985f-ca7e8b61b32f (type: ports) to 5
2026-02-26 04:16:07.143 10 INFO neutron.api.wsgi [None req-2be3ceed-6d9e-46be-b231-21fc102a1470 0bc2fd95653e4343951fa1a9ab4b2b04 8ab2b18f6b4442658549eef751694686 - - default default] 10.0.0.64 "DELETE /v2.0/floatingips/5c8db8de-8fc5-426f-9d8a-641e1f62412a HTTP/1.1" status: 204 len: 168 time: 0.3665500
2026-02-26 04:16:07.150 9 INFO neutron.api.wsgi [None req-9e9f8da3-f9fd-4e78-bc50-df1da62806c8 c3fc5000323f4f99b23f421f5e620624 6f25b4697474408a99505cb1ba5d54dc - - default default] 10.0.0.64 "DELETE /v2.0/ports/29dfbf16-82d1-481d-bd8e-0b3ca301b3c3 HTTP/1.1" status: 204 len: 168 time: 0.2819395
2026-02-26 04:16:07.361 10 WARNING neutron.plugins.ml2.drivers.ovn.mech_driver.ovsdb.ovn_client [None req-c7ccb5e7-2f43-4112-bdc4-84d11cc3dc72 - - - - - -] No hosting information found for port 7e574c4f-e490-4019-a9fc-ee6eae726772: RuntimeError: No hosting information found for port 7e574c4f-e490-4019-a9fc-ee6eae726772
2026-02-26 04:16:07.365 9 INFO neutron.api.wsgi [None req-0e568e39-3daa-455d-93b6-14868d2463b9 c3fc5000323f4f99b23f421f5e620624 6f25b4697474408a99505cb1ba5d54dc - - default default] 10.0.0.64 "DELETE /v2.0/ports/93cb0136-2800-449d-8090-37163753d9eb HTTP/1.1" status: 204 len: 168 time: 0.2110486
2026-02-26 04:16:07.451 10 INFO neutron.db.ovn_revision_numbers_db [None req-c7ccb5e7-2f43-4112-bdc4-84d11cc3dc72 - - - - - -] Successfully bumped revision number for resource 7e574c4f-e490-4019-a9fc-ee6eae726772 (type: router_ports) to 2
2026-02-26 04:16:07.451 10 INFO neutron.plugins.ml2.drivers.ovn.mech_driver.mech_driver [None req-c7ccb5e7-2f43-4112-bdc4-84d11cc3dc72 - - - - - -] OVN reports status up for port: ec07ea3c-69fd-4940-985f-ca7e8b61b32f
2026-02-26 04:16:07.466 10 INFO neutron.plugins.ml2.plugin [None req-c7ccb5e7-2f43-4112-bdc4-84d11cc3dc72 - - - - - -] Attempt 1 to provision port ec07ea3c-69fd-4940-985f-ca7e8b61b32f
2026-02-26 04:16:07.564 9 INFO neutron.api.wsgi [None req-9edfc084-1ca0-4925-9be1-163e25503aaa c3fc5000323f4f99b23f421f5e620624 6f25b4697474408a99505cb1ba5d54dc - - default default] 10.0.0.64 "DELETE /v2.0/ports/2ae5123a-47c5-4e91-b71f-f6d36f3a481c HTTP/1.1" status: 204 len: 168 time: 0.1950252
2026-02-26 04:16:07.815 10 INFO neutron.api.wsgi [req-152b17e5-4374-4ebc-ab8a-196f07d6674a req-11a833bd-1970-4c76-8abf-26bbaa15a190 ed81b0baa6dc41ecab55bde9293e1c65 0997eb8867154e38ac002d84ce07617f - - eac6e0f04e8d43b8b30ebcfee323c3e3 eac6e0f04e8d43b8b30ebcfee323c3e3] 162.253.55.43 "GET /v2.0/ports?tenant_id=f26b250e6c974fa0bbc418fb2e277507&device_id=e4e91021-68f1-4bd5-9140-f023131c5db2 HTTP/1.1" status: 200 len: 1411 time: 0.0450103
2026-02-26 04:16:07.839 10 INFO neutron.api.wsgi [req-152b17e5-4374-4ebc-ab8a-196f07d6674a req-b171af75-10f6-4f3f-9908-af9b04983978 ed81b0baa6dc41ecab55bde9293e1c65 0997eb8867154e38ac002d84ce07617f - - eac6e0f04e8d43b8b30ebcfee323c3e3 eac6e0f04e8d43b8b30ebcfee323c3e3] 162.253.55.43 "GET /v2.0/floatingips?fixed_ip_address=10.100.0.14&port_id=05ec7f33-b6e3-4e23-9c96-dae298d5e861 HTTP/1.1" status: 200 len: 217 time: 0.0184057
2026-02-26 04:16:07.842 9 INFO neutron.services.segments.plugin [-] Segment 8def8b94-4ee8-4df4-86d6-a9cb379e2865 resource provider aggregate not found
2026-02-26 04:16:07.849 9 INFO neutron.plugins.ml2.drivers.ovn.mech_driver.mech_driver [None req-3d19ea88-ac22-467d-ad7f-7b23a4f2f273 - - - - - -] OVN reports status up for port: 45313dfc-e27b-418e-83a6-1c18e01228e7
2026-02-26 04:16:07.853 9 INFO neutron.services.segments.plugin [-] Segment 8def8b94-4ee8-4df4-86d6-a9cb379e2865 resource provider aggregate not found
2026-02-26 04:16:07.856 9 INFO neutron.services.segments.plugin [-] Segment 8def8b94-4ee8-4df4-86d6-a9cb379e2865 resource provider not found; error: Placement Client Error (4xx): {"errors": [{"status": 404, "title": "Not Found", "detail": "The resource could not be found.\n\n No resource provider with uuid 8def8b94-4ee8-4df4-86d6-a9cb379e2865 found for delete ", "request_id": "req-fbbebc7d-3209-4008-9504-c58d122849bf"}]}
2026-02-26 04:16:07.863 9 INFO neutron.plugins.ml2.plugin [None req-3d19ea88-ac22-467d-ad7f-7b23a4f2f273 - - - - - -] Attempt 1 to provision port 45313dfc-e27b-418e-83a6-1c18e01228e7
2026-02-26 04:16:07.877 9 INFO neutron.services.segments.plugin [-] Segment 8def8b94-4ee8-4df4-86d6-a9cb379e2865 resource provider not found; error: Placement Client Error (4xx): {"errors": [{"status": 404, "title": "Not Found", "detail": "The resource could not be found.\n\n No resource provider with uuid 8def8b94-4ee8-4df4-86d6-a9cb379e2865 found for delete ", "request_id": "req-99318233-4fff-4992-8b40-570ed5a61895"}]}
2026-02-26 04:16:07.878 10 INFO neutron.api.wsgi [req-152b17e5-4374-4ebc-ab8a-196f07d6674a req-7309c921-ecfc-4848-92ed-90cdf96a003f ed81b0baa6dc41ecab55bde9293e1c65 0997eb8867154e38ac002d84ce07617f - - eac6e0f04e8d43b8b30ebcfee323c3e3 eac6e0f04e8d43b8b30ebcfee323c3e3] 162.253.55.43 "GET /v2.0/subnets?id=6517ef14-a8d1-4dfe-afdd-e4686f54bb29 HTTP/1.1" status: 200 len: 894 time: 0.0327499
2026-02-26 04:16:07.882 10 INFO neutron.db.ovn_revision_numbers_db [None req-cff57966-a63b-4d5e-9839-98e5affaaca3 e8c829ecf86546d9959658d74a1c61dd 75112619e90547f0a1d9cb77802a2d29 - - default default] Successfully bumped revision number for resource 45313dfc-e27b-418e-83a6-1c18e01228e7 (type: ports) to 1
2026-02-26 04:16:07.896 9 INFO neutron.api.wsgi [None req-4bc9bafe-2505-4c1d-a843-f835e57263f1 c3fc5000323f4f99b23f421f5e620624 6f25b4697474408a99505cb1ba5d54dc - - default default] 10.0.0.64 "DELETE /v2.0/networks/81e3a2d2-5c7b-42de-8043-4b163fb157d6 HTTP/1.1" status: 204 len: 168 time: 0.3258555
2026-02-26 04:16:07.901 10 INFO neutron.api.wsgi [req-152b17e5-4374-4ebc-ab8a-196f07d6674a req-9c250967-a44c-4d18-9480-30f13e725ce2 ed81b0baa6dc41ecab55bde9293e1c65 0997eb8867154e38ac002d84ce07617f - - eac6e0f04e8d43b8b30ebcfee323c3e3 eac6e0f04e8d43b8b30ebcfee323c3e3] 162.253.55.43 "GET /v2.0/ports?network_id=98049eec-8ff9-46f5-b3ba-b8baa6fd8544&device_owner=network%3Adhcp HTTP/1.1" status: 200 len: 210 time: 0.0150571
2026-02-26 04:16:07.955 10 INFO neutron.api.wsgi [req-152b17e5-4374-4ebc-ab8a-196f07d6674a req-faa29b25-027c-4982-9299-aebefceaf846 ed81b0baa6dc41ecab55bde9293e1c65 0997eb8867154e38ac002d84ce07617f - - eac6e0f04e8d43b8b30ebcfee323c3e3 eac6e0f04e8d43b8b30ebcfee323c3e3] 162.253.55.43 "GET /v2.0/networks/98049eec-8ff9-46f5-b3ba-b8baa6fd8544?fields=segments HTTP/1.1" status: 200 len: 212 time: 0.0491774
2026-02-26 04:16:07.963 10 WARNING neutron.scheduler.dhcp_agent_scheduler [None req-cff57966-a63b-4d5e-9839-98e5affaaca3 e8c829ecf86546d9959658d74a1c61dd 75112619e90547f0a1d9cb77802a2d29 - - default default] No more DHCP agents
2026-02-26 04:16:07.969 10 WARNING neutron.api.rpc.agentnotifiers.dhcp_rpc_agent_api [None req-cff57966-a63b-4d5e-9839-98e5affaaca3 e8c829ecf86546d9959658d74a1c61dd 75112619e90547f0a1d9cb77802a2d29 - - default default] Unable to schedule network 14cba445-6363-414f-b76d-13a6c969f659: no agents available; will retry on subsequent port and subnet creation events.
2026-02-26 04:16:08.045 10 INFO neutron.api.wsgi [req-152b17e5-4374-4ebc-ab8a-196f07d6674a req-f3972098-c98e-4d6b-9f28-d7b72f8edda2 ed81b0baa6dc41ecab55bde9293e1c65 0997eb8867154e38ac002d84ce07617f - - eac6e0f04e8d43b8b30ebcfee323c3e3 eac6e0f04e8d43b8b30ebcfee323c3e3] 162.253.55.43 "GET /v2.0/networks/98049eec-8ff9-46f5-b3ba-b8baa6fd8544?fields=provider%3Aphysical_network&fields=provider%3Anetwork_type HTTP/1.1" status: 200 len: 277 time: 0.0824902
2026-02-26 04:16:08.098 9 INFO neutron.api.wsgi [req-03dd7e59-8ad2-4355-921a-7617c467cc56 req-8d7e11ba-2869-4328-8751-e7c5723bd3c6 6c0fa15cc7a34bc492ef2d52f6aab93b f26b250e6c974fa0bbc418fb2e277507 - - default default] 10.0.0.43 "GET /v2.0/ports?device_id=e4e91021-68f1-4bd5-9140-f023131c5db2 HTTP/1.1" status: 200 len: 1172 time: 0.1260502
2026-02-26 04:16:08.152 9 INFO neutron.api.wsgi [req-03dd7e59-8ad2-4355-921a-7617c467cc56 req-685a538b-81fd-4f0b-8003-014155fb2556 6c0fa15cc7a34bc492ef2d52f6aab93b f26b250e6c974fa0bbc418fb2e277507 - - default default] 10.0.0.43 "GET /v2.0/security-groups?id=18013e7c-eef2-47a8-898c-f11d54314728&fields=id&fields=name HTTP/1.1" status: 200 len: 286 time: 0.0487387
2026-02-26 04:16:08.298 9 INFO neutron.db.ovn_revision_numbers_db [None req-3d19ea88-ac22-467d-ad7f-7b23a4f2f273 - - - - - -] Successfully bumped revision number for resource 45313dfc-e27b-418e-83a6-1c18e01228e7 (type: ports) to 2
2026-02-26 04:16:08.316 9 INFO neutron.api.wsgi [None req-f91c3ce6-59b7-4bd7-bfc0-b9725e3036a4 c3fc5000323f4f99b23f421f5e620624 6f25b4697474408a99505cb1ba5d54dc - - default default] 10.0.0.64 "DELETE /v2.0/networks/ae110e14-6c42-43d4-9f64-5302a18036b9 HTTP/1.1" status: 204 len: 168 time: 0.4159732
2026-02-26 04:16:08.759 10 INFO neutron.services.segments.plugin [-] Segment 39fc510c-475b-4052-9cb3-0a7fd7e62ec9 resource provider aggregate not found
2026-02-26 04:16:08.761 10 INFO neutron.services.segments.plugin [-] Segment 39fc510c-475b-4052-9cb3-0a7fd7e62ec9 resource provider aggregate not found
2026-02-26 04:16:08.773 10 INFO neutron.services.segments.plugin [-] Segment 39fc510c-475b-4052-9cb3-0a7fd7e62ec9 resource provider not found; error: Placement Client Error (4xx): {"errors": [{"status": 404, "title": "Not Found", "detail": "The resource could not be found.\n\n No resource provider with uuid 39fc510c-475b-4052-9cb3-0a7fd7e62ec9 found for delete ", "request_id": "req-0f740a61-f57c-4bbe-a114-4b7dcb8df47f"}]}
2026-02-26 04:16:08.776 10 INFO neutron.services.segments.plugin [-] Segment 39fc510c-475b-4052-9cb3-0a7fd7e62ec9 resource provider not found; error: Placement Client Error (4xx): {"errors": [{"status": 404, "title": "Not Found", "detail": "The resource could not be found.\n\n No resource provider with uuid 39fc510c-475b-4052-9cb3-0a7fd7e62ec9 found for delete ", "request_id": "req-5bd056f8-caa1-4d6e-a093-45bb0f996a1f"}]}
2026-02-26 04:16:08.818 10 INFO neutron.api.wsgi [None req-dd170b11-0bb3-4103-b5be-07fbbfeb39e3 c3fc5000323f4f99b23f421f5e620624 6f25b4697474408a99505cb1ba5d54dc - - default default] 10.0.0.64 "DELETE /v2.0/networks/872e8d56-1165-4075-803f-b4b00e3f47b8 HTTP/1.1" status: 204 len: 168 time: 0.4982762
2026-02-26 04:16:08.888 10 INFO neutron.api.wsgi [None req-6d2bf1a5-40c6-47aa-a194-5a0c9f1a34e7 e8c829ecf86546d9959658d74a1c61dd 75112619e90547f0a1d9cb77802a2d29 - - default default] 10.0.0.64 "PUT /v2.0/routers/d78fab0a-bca6-4bbe-8339-f3cb7b9dc6f4/remove_router_interface HTTP/1.1" status: 200 len: 503 time: 1.7402117
2026-02-26 04:16:08.899 10 INFO neutron.db.ovn_revision_numbers_db [None req-cff57966-a63b-4d5e-9839-98e5affaaca3 e8c829ecf86546d9959658d74a1c61dd 75112619e90547f0a1d9cb77802a2d29 - - default default] Successfully bumped revision number for resource 45313dfc-e27b-418e-83a6-1c18e01228e7 (type: router_ports) to 1
2026-02-26 04:16:08.904 10 INFO neutron.api.wsgi [None req-cff57966-a63b-4d5e-9839-98e5affaaca3 e8c829ecf86546d9959658d74a1c61dd 75112619e90547f0a1d9cb77802a2d29 - - default default] 10.0.0.64 "PUT /v2.0/routers/59604d6c-b1ae-43ad-a55b-0fadf8190be4/add_router_interface HTTP/1.1" status: 200 len: 503 time: 2.7009046 /var/lib/openstack/lib/python3.12/site-packages/pycadf/identifier.py:71: UserWarning: Invalid uuid: neutron. To ensure interoperability, identifiers should be a valid uuid. warnings.warn(('Invalid uuid: %s. To ensure interoperability, '
2026-02-26 04:16:09.245 9 INFO neutron.api.wsgi [None req-7fe5f95e-0ed1-4a62-9543-e9e5182e98dc c3fc5000323f4f99b23f421f5e620624 6f25b4697474408a99505cb1ba5d54dc - - default default] 10.0.0.64 "DELETE /v2.0/networks/3b55431c-23cb-4a4d-ada0-2a52258cc7bf HTTP/1.1" status: 204 len: 168 time: 0.4222763
2026-02-26 04:16:09.265 10 INFO neutron.api.wsgi [req-5ef820ce-3a01-4801-91ba-43e7c2c9ae63 req-033c192e-af63-41f1-a497-11c4fa663e34 6c0fa15cc7a34bc492ef2d52f6aab93b f26b250e6c974fa0bbc418fb2e277507 - - default default] 10.0.0.43 "GET /v2.0/ports?device_id=e4e91021-68f1-4bd5-9140-f023131c5db2 HTTP/1.1" status: 200 len: 1172 time: 0.0420423
2026-02-26 04:16:09.309 10 INFO neutron.api.wsgi [req-5ef820ce-3a01-4801-91ba-43e7c2c9ae63 req-91d86055-5359-445f-b343-83bf16c7553b 6c0fa15cc7a34bc492ef2d52f6aab93b f26b250e6c974fa0bbc418fb2e277507 - - default default] 10.0.0.43 "GET /v2.0/security-groups?id=18013e7c-eef2-47a8-898c-f11d54314728&fields=id&fields=name HTTP/1.1" status: 200 len: 286 time: 0.0366595
2026-02-26 04:16:09.543 10 INFO neutron.api.wsgi [None req-5640e727-9ae9-49d4-9c26-40009704b812 c3fc5000323f4f99b23f421f5e620624 6f25b4697474408a99505cb1ba5d54dc - - default default] 10.0.0.64 "DELETE /v2.0/networks/b8e79a20-6598-473a-9491-53c36c385fa1 HTTP/1.1" status: 204 len: 168 time: 0.2925656
2026-02-26 04:16:09.551 10 WARNING neutron_lib.context [None req-8f1f8d48-e8aa-4e41-9cd2-8dae89bf3835 722ecfdea237499abfe12a8116f2242c 31d6069966514d7bbd386742184ba7ed - - default default] Method 'is_advsvc' is deprecated since 2023.2 release (neutron-lib 3.8.0) and will be removed once support for the old RBAC API policies will be removed from Neutron. Please use method 'is_service_role' instead.
2026-02-26 04:16:09.581 9 INFO neutron.api.wsgi [None req-da321ec4-46ca-4f98-ae2b-bf70bd8d08ea e8c829ecf86546d9959658d74a1c61dd 75112619e90547f0a1d9cb77802a2d29 - - default default] 10.0.0.64 "DELETE /v2.0/routers/d78fab0a-bca6-4bbe-8339-f3cb7b9dc6f4 HTTP/1.1" status: 204 len: 168 time: 0.6872852
2026-02-26 04:16:09.657 10 INFO neutron.db.ovn_revision_numbers_db [None req-8f1f8d48-e8aa-4e41-9cd2-8dae89bf3835 722ecfdea237499abfe12a8116f2242c 31d6069966514d7bbd386742184ba7ed - - default default] Successfully bumped revision number for resource 5b37375f-b201-4b03-a91f-0a2ca097cea6 (type: security_groups) to 1
2026-02-26 04:16:09.668 10 INFO neutron.db.ovn_revision_numbers_db [None req-8f1f8d48-e8aa-4e41-9cd2-8dae89bf3835 722ecfdea237499abfe12a8116f2242c 31d6069966514d7bbd386742184ba7ed - - default default] Successfully bumped revision number for resource 9b5fef82-02f3-43de-a20f-65a16969edef (type: security_group_rules) to 0
2026-02-26 04:16:09.683 10 INFO neutron.db.ovn_revision_numbers_db [None req-8f1f8d48-e8aa-4e41-9cd2-8dae89bf3835 722ecfdea237499abfe12a8116f2242c 31d6069966514d7bbd386742184ba7ed - - default default] Successfully bumped revision number for resource cd2a0135-0ca3-4369-a3d5-16b3129d8cd6 (type: security_group_rules) to 0
2026-02-26 04:16:09.723 10 INFO neutron.api.wsgi [None req-8f1f8d48-e8aa-4e41-9cd2-8dae89bf3835 722ecfdea237499abfe12a8116f2242c 31d6069966514d7bbd386742184ba7ed - - default default] 10.0.0.64 "POST /v2.0/security-groups HTTP/1.1" status: 201 len: 1875 time: 0.1768949
2026-02-26 04:16:09.723 9 INFO neutron.api.wsgi [None req-8fbeed57-e128-46bf-82bc-4bae10582ba0 e8c829ecf86546d9959658d74a1c61dd 75112619e90547f0a1d9cb77802a2d29 - - default default] 10.0.0.64 "DELETE /v2.0/subnets/9500b4a5-69ef-44b1-ae57-7c0144482d6e HTTP/1.1" status: 204 len: 168 time: 0.1367588
2026-02-26 04:16:09.734 10 WARNING neutron_lib.context [None req-de7f0072-dddc-4b99-ba48-5918cdfb759e 722ecfdea237499abfe12a8116f2242c 31d6069966514d7bbd386742184ba7ed - - default default] Method 'is_advsvc' is deprecated since 2023.2 release (neutron-lib 3.8.0) and will be removed once support for the old RBAC API policies will be removed from Neutron. Please use method 'is_service_role' instead.
2026-02-26 04:16:09.861 10 INFO neutron.db.ovn_revision_numbers_db [None req-de7f0072-dddc-4b99-ba48-5918cdfb759e 722ecfdea237499abfe12a8116f2242c 31d6069966514d7bbd386742184ba7ed - - default default] Successfully bumped revision number for resource 49c24796-f184-4633-9c82-e500554dcf7a (type: security_group_rules) to 0
2026-02-26 04:16:09.876 9 INFO neutron.services.segments.plugin [-] Segment baa022c7-bef8-4e0e-a3af-9a6388f3f65e resource provider aggregate not found
2026-02-26 04:16:09.893 9 INFO neutron.services.segments.plugin [-] Segment baa022c7-bef8-4e0e-a3af-9a6388f3f65e resource provider aggregate not found
2026-02-26 04:16:09.895 10 INFO neutron.api.wsgi [None req-de7f0072-dddc-4b99-ba48-5918cdfb759e 722ecfdea237499abfe12a8116f2242c 31d6069966514d7bbd386742184ba7ed - - default default] 10.0.0.64 "POST /v2.0/security-group-rules HTTP/1.1" status: 201 len: 796 time: 0.1656401
2026-02-26 04:16:09.897 9 INFO neutron.services.segments.plugin [-] Segment baa022c7-bef8-4e0e-a3af-9a6388f3f65e resource provider not found; error: Placement Client Error (4xx): {"errors": [{"status": 404, "title": "Not Found", "detail": "The resource could not be found.\n\n No resource provider with uuid baa022c7-bef8-4e0e-a3af-9a6388f3f65e found for delete ", "request_id": "req-c864294c-982f-4797-b260-61d260cf8054"}]}
