2026-02-26 04:15:53.162 9 INFO neutron.api.wsgi [None req-cf2dd1d2-fe2b-451b-9ffc-f32067503faa e8c829ecf86546d9959658d74a1c61dd 75112619e90547f0a1d9cb77802a2d29 - - default default] 10.0.0.64 "DELETE /v2.0/security-groups/65d43591-1fe1-4ec4-8fe4-48ab27bfb482 HTTP/1.1" status: 204 len: 168 time: 0.2411506
2026-02-26 04:15:53.591 9 INFO neutron.api.wsgi [None req-39e0084e-7e19-45a1-8eaa-5cd2d2bf9082 cddf82bf0ed941f18adb4040d76939d9 f68fe8a2302d4b9bb4b542cfe4ef75e8 - - default default] 10.0.0.249 "GET /v2.0/extensions HTTP/1.1" status: 200 len: 19298 time: 0.0055034
2026-02-26 04:15:53.753 9 INFO neutron.api.wsgi [None req-f48876fa-385b-424a-9a25-1971ab282e03 cddf82bf0ed941f18adb4040d76939d9 f68fe8a2302d4b9bb4b542cfe4ef75e8 - - default default] 10.0.0.249 "GET /v2.0/quotas/f68fe8a2302d4b9bb4b542cfe4ef75e8/details HTTP/1.1" status: 200 len: 1046 time: 0.1490209
2026-02-26 04:15:54.830 10 INFO neutron.db.ovn_revision_numbers_db [None req-409a37f2-c365-400e-a1bf-e377a90bf233 e8c829ecf86546d9959658d74a1c61dd 75112619e90547f0a1d9cb77802a2d29 - - default default] Successfully bumped revision number for resource 18013e7c-eef2-47a8-898c-f11d54314728 (type: security_groups) to 1
2026-02-26 04:15:54.849 10 INFO neutron.db.ovn_revision_numbers_db [None req-409a37f2-c365-400e-a1bf-e377a90bf233 e8c829ecf86546d9959658d74a1c61dd 75112619e90547f0a1d9cb77802a2d29 - - default default] Successfully bumped revision number for resource 5158cd9e-65be-4468-9e8a-0066ee3ad400 (type: security_group_rules) to 0
2026-02-26 04:15:54.864 10 INFO neutron.db.ovn_revision_numbers_db [None req-409a37f2-c365-400e-a1bf-e377a90bf233 e8c829ecf86546d9959658d74a1c61dd 75112619e90547f0a1d9cb77802a2d29 - - default default] Successfully bumped revision number for resource 63e4d0fa-21da-46d2-8bb0-be5dfbec0919 (type: security_group_rules) to 0
2026-02-26 04:15:54.879 10 INFO neutron.db.ovn_revision_numbers_db [None req-409a37f2-c365-400e-a1bf-e377a90bf233 e8c829ecf86546d9959658d74a1c61dd 75112619e90547f0a1d9cb77802a2d29 - - default default] Successfully bumped revision number for resource 718e571a-9ef7-4298-98aa-7cfab5e35cd8 (type: security_group_rules) to 0
2026-02-26 04:15:54.893 10 INFO neutron.db.ovn_revision_numbers_db [None req-409a37f2-c365-400e-a1bf-e377a90bf233 e8c829ecf86546d9959658d74a1c61dd 75112619e90547f0a1d9cb77802a2d29 - - default default] Successfully bumped revision number for resource d9032688-404a-4981-86af-a3135f698331 (type: security_group_rules) to 0
2026-02-26 04:15:54.963 10 INFO neutron.db.segments_db [None req-409a37f2-c365-400e-a1bf-e377a90bf233 e8c829ecf86546d9959658d74a1c61dd 75112619e90547f0a1d9cb77802a2d29 - - default default] Added segment 2ecbcdf2-cded-48b1-834c-97736679e360 of type geneve for network 98049eec-8ff9-46f5-b3ba-b8baa6fd8544
2026-02-26 04:15:55.072 10 INFO neutron.db.ovn_revision_numbers_db [None req-409a37f2-c365-400e-a1bf-e377a90bf233 e8c829ecf86546d9959658d74a1c61dd 75112619e90547f0a1d9cb77802a2d29 - - default default] Successfully bumped revision number for resource 98049eec-8ff9-46f5-b3ba-b8baa6fd8544 (type: networks) to 1
2026-02-26 04:15:55.238 10 WARNING neutron.scheduler.dhcp_agent_scheduler [None req-409a37f2-c365-400e-a1bf-e377a90bf233 e8c829ecf86546d9959658d74a1c61dd 75112619e90547f0a1d9cb77802a2d29 - - default default] No more DHCP agents
2026-02-26 04:15:55.240 10 WARNING neutron.api.rpc.agentnotifiers.dhcp_rpc_agent_api [None req-409a37f2-c365-400e-a1bf-e377a90bf233 e8c829ecf86546d9959658d74a1c61dd 75112619e90547f0a1d9cb77802a2d29 - - default default] Unable to schedule network 98049eec-8ff9-46f5-b3ba-b8baa6fd8544: no agents available; will retry on subsequent port and subnet creation events.
2026-02-26 04:15:55.301 10 INFO neutron.db.ovn_revision_numbers_db [None req-409a37f2-c365-400e-a1bf-e377a90bf233 e8c829ecf86546d9959658d74a1c61dd 75112619e90547f0a1d9cb77802a2d29 - - default default] Successfully bumped revision number for resource c1fcc4d1-9255-4232-bf27-87fe23706aad (type: ports) to 1
2026-02-26 04:15:55.321 10 INFO neutron.api.wsgi [None req-409a37f2-c365-400e-a1bf-e377a90bf233 e8c829ecf86546d9959658d74a1c61dd 75112619e90547f0a1d9cb77802a2d29 - - default default] 10.0.0.64 "POST /v2.0/networks HTTP/1.1" status: 201 len: 947 time: 0.7631097
2026-02-26 04:15:55.457 10 INFO neutron.db.ovn_revision_numbers_db [None req-c7a6fc66-85a3-43aa-a7ff-215142fa554e e8c829ecf86546d9959658d74a1c61dd 75112619e90547f0a1d9cb77802a2d29 - - default default] Successfully bumped revision number for resource 01137e24-260a-422e-b8b4-7e1701064469 (type: security_groups) to 1
2026-02-26 04:15:55.464 10 WARNING neutron.scheduler.dhcp_agent_scheduler [None req-5ca04746-70bf-4303-bc79-d9d5afcedb28 e8c829ecf86546d9959658d74a1c61dd 75112619e90547f0a1d9cb77802a2d29 - - default default] No more DHCP agents
2026-02-26 04:15:55.465 10 WARNING neutron.api.rpc.agentnotifiers.dhcp_rpc_agent_api [None req-5ca04746-70bf-4303-bc79-d9d5afcedb28 e8c829ecf86546d9959658d74a1c61dd 75112619e90547f0a1d9cb77802a2d29 - - default default] Unable to schedule network 98049eec-8ff9-46f5-b3ba-b8baa6fd8544: no agents available; will retry on subsequent port and subnet creation events.
2026-02-26 04:15:55.474 10 INFO neutron.db.ovn_revision_numbers_db [None req-c7a6fc66-85a3-43aa-a7ff-215142fa554e e8c829ecf86546d9959658d74a1c61dd 75112619e90547f0a1d9cb77802a2d29 - - default default] Successfully bumped revision number for resource 5727beb2-6fd1-40e5-a66a-7b1cd62c9376 (type: security_group_rules) to 0
2026-02-26 04:15:55.490 10 INFO neutron.db.ovn_revision_numbers_db [None req-c7a6fc66-85a3-43aa-a7ff-215142fa554e e8c829ecf86546d9959658d74a1c61dd 75112619e90547f0a1d9cb77802a2d29 - - default default] Successfully bumped revision number for resource 59b96da2-a1fd-4a6d-932c-c75da9fbf54b (type: security_group_rules) to 0
2026-02-26 04:15:55.507 10 INFO neutron.db.ovn_revision_numbers_db [None req-c7a6fc66-85a3-43aa-a7ff-215142fa554e e8c829ecf86546d9959658d74a1c61dd 75112619e90547f0a1d9cb77802a2d29 - - default default] Successfully bumped revision number for resource 5df16489-b57c-46c4-bfd1-7e538f056570 (type: security_group_rules) to 0
2026-02-26 04:15:55.519 10 INFO neutron.db.ovn_revision_numbers_db [None req-c7a6fc66-85a3-43aa-a7ff-215142fa554e e8c829ecf86546d9959658d74a1c61dd 75112619e90547f0a1d9cb77802a2d29 - - default default] Successfully bumped revision number for resource f5211375-b3d5-4591-a309-5f336b1cf082 (type: security_group_rules) to 0
2026-02-26 04:15:55.558 10 INFO neutron.api.wsgi [None req-c7a6fc66-85a3-43aa-a7ff-215142fa554e e8c829ecf86546d9959658d74a1c61dd 75112619e90547f0a1d9cb77802a2d29 - - default default] 10.0.0.64 "GET /v2.0/security-groups?tenant_id=26ac511f581247efb5865bc8898a9584&name=default HTTP/1.1" status: 200 len: 3120 time: 0.3134019
2026-02-26 04:15:55.774 10 INFO neutron.api.wsgi [None req-d11daf49-b8e3-4787-ba05-da9269b0104a e8c829ecf86546d9959658d74a1c61dd 75112619e90547f0a1d9cb77802a2d29 - - default default] 10.0.0.64 "DELETE /v2.0/security-groups/01137e24-260a-422e-b8b4-7e1701064469 HTTP/1.1" status: 204 len: 168 time: 0.2109196
2026-02-26 04:15:55.858 10 INFO neutron.db.ovn_revision_numbers_db [None req-8fc205e6-3d33-43c0-b110-1417cc165766 - - - - - -] Successfully bumped revision number for resource c1fcc4d1-9255-4232-bf27-87fe23706aad (type: ports) to 2
2026-02-26 04:15:55.894 10 INFO neutron.db.ovn_revision_numbers_db [None req-8fc205e6-3d33-43c0-b110-1417cc165766 - - - - - -] Successfully bumped revision number for resource 6517ef14-a8d1-4dfe-afdd-e4686f54bb29 (type: subnets) to 0
2026-02-26 04:15:55.904 9 INFO neutron.db.ovn_revision_numbers_db [None req-bb63f8fa-3072-4d3b-9162-4569c7d5db9d e8c829ecf86546d9959658d74a1c61dd 75112619e90547f0a1d9cb77802a2d29 - - default default] Successfully bumped revision number for resource d4b6b487-8c8d-4835-8808-b10e5a71bc4e (type: security_groups) to 1
2026-02-26 04:15:55.908 10 INFO neutron.api.wsgi [None req-5ca04746-70bf-4303-bc79-d9d5afcedb28 e8c829ecf86546d9959658d74a1c61dd 75112619e90547f0a1d9cb77802a2d29 - - default default] 10.0.0.64 "POST /v2.0/subnets HTTP/1.1" status: 201 len: 891 time: 0.5816228
2026-02-26 04:15:55.917 9 INFO neutron.db.ovn_revision_numbers_db [None req-bb63f8fa-3072-4d3b-9162-4569c7d5db9d e8c829ecf86546d9959658d74a1c61dd 75112619e90547f0a1d9cb77802a2d29 - - default default] Successfully bumped revision number for resource 5bee0a79-c519-425e-851a-b46a5236e6b2 (type: security_group_rules) to 0
2026-02-26 04:15:55.928 9 INFO neutron.db.ovn_revision_numbers_db [None req-bb63f8fa-3072-4d3b-9162-4569c7d5db9d e8c829ecf86546d9959658d74a1c61dd 75112619e90547f0a1d9cb77802a2d29 - - default default] Successfully bumped revision number for resource 6a9f8f1c-1c7c-464c-9dc7-949b87520cc3 (type: security_group_rules) to 0
2026-02-26 04:15:55.939 9 INFO neutron.db.ovn_revision_numbers_db [None req-bb63f8fa-3072-4d3b-9162-4569c7d5db9d e8c829ecf86546d9959658d74a1c61dd 75112619e90547f0a1d9cb77802a2d29 - - default default] Successfully bumped revision number for resource 8430eb91-29fe-4165-b8da-e0aaee457570 (type: security_group_rules) to 0
2026-02-26 04:15:55.950 9 INFO neutron.db.ovn_revision_numbers_db [None req-bb63f8fa-3072-4d3b-9162-4569c7d5db9d e8c829ecf86546d9959658d74a1c61dd 75112619e90547f0a1d9cb77802a2d29 - - default default] Successfully bumped revision number for resource 8beb8d55-3308-4e66-b570-def1cc2a088c (type: security_group_rules) to 0
2026-02-26 04:15:55.980 9 INFO neutron.api.wsgi [None req-bb63f8fa-3072-4d3b-9162-4569c7d5db9d e8c829ecf86546d9959658d74a1c61dd 75112619e90547f0a1d9cb77802a2d29 - - default default] 10.0.0.64 "GET /v2.0/security-groups?tenant_id=f68fe8a2302d4b9bb4b542cfe4ef75e8&name=default HTTP/1.1" status: 200 len: 3120 time: 0.2748117
2026-02-26 04:15:56.161 9 INFO neutron.api.wsgi [None req-af119a5e-6a7f-4769-802b-875159082cbe e8c829ecf86546d9959658d74a1c61dd 75112619e90547f0a1d9cb77802a2d29 - - default default] 10.0.0.64 "DELETE /v2.0/security-groups/d4b6b487-8c8d-4835-8808-b10e5a71bc4e HTTP/1.1" status: 204 len: 168 time: 0.1768625
2026-02-26 04:15:56.230 10 WARNING neutron.scheduler.dhcp_agent_scheduler [None req-c66f7b83-da04-4da8-8c2e-51b6453cd120 e8c829ecf86546d9959658d74a1c61dd 75112619e90547f0a1d9cb77802a2d29 - - default default] No more DHCP agents
2026-02-26 04:15:56.231 10 WARNING neutron.api.rpc.agentnotifiers.dhcp_rpc_agent_api [None req-c66f7b83-da04-4da8-8c2e-51b6453cd120 e8c829ecf86546d9959658d74a1c61dd 75112619e90547f0a1d9cb77802a2d29 - - default default] Unable to schedule network a31a661a-6bd2-4f70-ab6b-eeea83f275be: no agents available; will retry on subsequent port and subnet creation events.
2026-02-26 04:15:56.336 10 INFO neutron.db.ovn_revision_numbers_db [None req-c66f7b83-da04-4da8-8c2e-51b6453cd120 e8c829ecf86546d9959658d74a1c61dd 75112619e90547f0a1d9cb77802a2d29 - - default default] Successfully bumped revision number for resource 2a868440-d4ca-4a96-95fe-994fb8a56093 (type: ports) to 1
2026-02-26 04:15:56.826 10 INFO neutron.plugins.ml2.drivers.ovn.mech_driver.ovsdb.commands [None req-7539300a-2bd8-4195-b578-3b0cd1b5ef6b - - - - - -] Schedule LRP lrp-2a868440-d4ca-4a96-95fe-994fb8a56093 on gateway 7abd64c0-c0bf-4bed-8d74-2dc51ed45c07 with priority 1
2026-02-26 04:15:56.835 9 INFO neutron.plugins.ml2.drivers.ovn.mech_driver.mech_driver [None req-f2386acd-8012-4ec0-992c-905574efd2f9 - - - - - -] OVN reports status up for port: 2a868440-d4ca-4a96-95fe-994fb8a56093
2026-02-26 04:15:56.844 9 INFO neutron.plugins.ml2.plugin [None req-f2386acd-8012-4ec0-992c-905574efd2f9 - - - - - -] Attempt 1 to provision port 2a868440-d4ca-4a96-95fe-994fb8a56093
2026-02-26 04:15:56.853 10 INFO neutron.plugins.ml2.drivers.ovn.mech_driver.ovsdb.ovsdb_monitor [None req-2ff02056-6ac3-4dd7-8d61-f40f9444d6b7 - - - - - -] Router 3eea95f0-137a-4910-b62c-cec59dd9d884 is bound to host instance
2026-02-26 04:15:56.896 10 INFO neutron.db.ovn_revision_numbers_db [None req-c66f7b83-da04-4da8-8c2e-51b6453cd120 e8c829ecf86546d9959658d74a1c61dd 75112619e90547f0a1d9cb77802a2d29 - - default default] Successfully bumped revision number for resource 2a868440-d4ca-4a96-95fe-994fb8a56093 (type: router_ports) to 1
2026-02-26 04:15:56.977 10 INFO neutron.db.ovn_revision_numbers_db [None req-c66f7b83-da04-4da8-8c2e-51b6453cd120 e8c829ecf86546d9959658d74a1c61dd 75112619e90547f0a1d9cb77802a2d29 - - default default] Successfully bumped revision number for resource 3eea95f0-137a-4910-b62c-cec59dd9d884 (type: routers) to 2
2026-02-26 04:15:57.000 10 INFO neutron.api.wsgi [None req-c66f7b83-da04-4da8-8c2e-51b6453cd120 e8c829ecf86546d9959658d74a1c61dd 75112619e90547f0a1d9cb77802a2d29 - - default default] 10.0.0.64 "POST /v2.0/routers HTTP/1.1" status: 201 len: 1169 time: 1.0873225
2026-02-26 04:15:57.270 10 INFO neutron.db.ovn_revision_numbers_db [None req-c1aeb9e2-0b6a-478b-8405-b6ad2c737642 - - - - - -] Successfully bumped revision number for resource 2a868440-d4ca-4a96-95fe-994fb8a56093 (type: ports) to 1
2026-02-26 04:15:57.414 9 WARNING neutron.scheduler.dhcp_agent_scheduler [None req-9c1fc1dc-689a-4e2b-956f-8cfdd4ef2373 e8c829ecf86546d9959658d74a1c61dd 75112619e90547f0a1d9cb77802a2d29 - - default default] No more DHCP agents
2026-02-26 04:15:57.415 9 WARNING neutron.api.rpc.agentnotifiers.dhcp_rpc_agent_api [None req-9c1fc1dc-689a-4e2b-956f-8cfdd4ef2373 e8c829ecf86546d9959658d74a1c61dd 75112619e90547f0a1d9cb77802a2d29 - - default default] Unable to schedule network 98049eec-8ff9-46f5-b3ba-b8baa6fd8544: no agents available; will retry on subsequent port and subnet creation events.
2026-02-26 04:15:57.547 9 INFO neutron.db.ovn_revision_numbers_db [None req-9c1fc1dc-689a-4e2b-956f-8cfdd4ef2373 e8c829ecf86546d9959658d74a1c61dd 75112619e90547f0a1d9cb77802a2d29 - - default default] Successfully bumped revision number for resource 2319f009-ce9a-4255-bd7d-5ab84998307e (type: ports) to 1
2026-02-26 04:15:57.573 10 INFO neutron.db.ovn_revision_numbers_db [None req-c1aeb9e2-0b6a-478b-8405-b6ad2c737642 - - - - - -] Successfully bumped revision number for resource 2a868440-d4ca-4a96-95fe-994fb8a56093 (type: ports) to 4
2026-02-26 04:15:57.831 10 INFO neutron.db.ovn_revision_numbers_db [None req-c1aeb9e2-0b6a-478b-8405-b6ad2c737642 - - - - - -] Successfully bumped revision number for resource 2a868440-d4ca-4a96-95fe-994fb8a56093 (type: ports) to 5
2026-02-26 04:15:58.067 9 INFO neutron.db.ovn_revision_numbers_db [None req-9c1fc1dc-689a-4e2b-956f-8cfdd4ef2373 e8c829ecf86546d9959658d74a1c61dd 75112619e90547f0a1d9cb77802a2d29 - - default default] Successfully bumped revision number for resource 2319f009-ce9a-4255-bd7d-5ab84998307e (type: ports) to 1
2026-02-26 04:15:58.128 9 WARNING neutron.scheduler.dhcp_agent_scheduler [None req-9c1fc1dc-689a-4e2b-956f-8cfdd4ef2373 e8c829ecf86546d9959658d74a1c61dd 75112619e90547f0a1d9cb77802a2d29 - - default default] No more DHCP agents
2026-02-26 04:15:58.129 9 WARNING neutron.api.rpc.agentnotifiers.dhcp_rpc_agent_api [None req-9c1fc1dc-689a-4e2b-956f-8cfdd4ef2373 e8c829ecf86546d9959658d74a1c61dd 75112619e90547f0a1d9cb77802a2d29 - - default default] Unable to schedule network 98049eec-8ff9-46f5-b3ba-b8baa6fd8544: no agents available; will retry on subsequent port and subnet creation events.
2026-02-26 04:15:58.131 10 INFO neutron.db.ovn_revision_numbers_db [None req-78f48f28-daa9-4b64-855f-251a8b827107 e8c829ecf86546d9959658d74a1c61dd 75112619e90547f0a1d9cb77802a2d29 - - default default] Successfully bumped revision number for resource ecaea2fc-008e-4f57-995d-fea7b32da1ad (type: security_groups) to 1
2026-02-26 04:15:58.146 10 INFO neutron.db.ovn_revision_numbers_db [None req-78f48f28-daa9-4b64-855f-251a8b827107 e8c829ecf86546d9959658d74a1c61dd 75112619e90547f0a1d9cb77802a2d29 - - default default] Successfully bumped revision number for resource 2674f44a-5ce8-4581-9648-a9231b061cb4 (type: security_group_rules) to 0
2026-02-26 04:15:58.171 10 INFO neutron.db.ovn_revision_numbers_db [None req-78f48f28-daa9-4b64-855f-251a8b827107 e8c829ecf86546d9959658d74a1c61dd 75112619e90547f0a1d9cb77802a2d29 - - default default] Successfully bumped revision number for resource 4753f077-3a99-433d-90a3-235b5a04bb1e (type: security_group_rules) to 0
2026-02-26 04:15:58.187 10 INFO neutron.db.ovn_revision_numbers_db [None req-78f48f28-daa9-4b64-855f-251a8b827107 e8c829ecf86546d9959658d74a1c61dd 75112619e90547f0a1d9cb77802a2d29 - - default default] Successfully bumped revision number for resource 58294f54-ffde-4b99-b0bc-39506063543c (type: security_group_rules) to 0
2026-02-26 04:15:58.199 10 INFO neutron.db.ovn_revision_numbers_db [None req-78f48f28-daa9-4b64-855f-251a8b827107 e8c829ecf86546d9959658d74a1c61dd 75112619e90547f0a1d9cb77802a2d29 - - default default] Successfully bumped revision number for resource f59e6602-3488-4709-ba0a-f2cc1a2268bb (type: security_group_rules) to 0
2026-02-26 04:15:58.277 10 INFO neutron.db.segments_db [None req-78f48f28-daa9-4b64-855f-251a8b827107 e8c829ecf86546d9959658d74a1c61dd 75112619e90547f0a1d9cb77802a2d29 - - default default] Added segment 2ea61447-a3a5-40d9-aedd-1630420f2a84 of type geneve for network 8620a0d3-bcdf-4874-bf8f-1de812a21ed0
2026-02-26 04:15:58.393 10 INFO neutron.db.ovn_revision_numbers_db [None req-78f48f28-daa9-4b64-855f-251a8b827107 e8c829ecf86546d9959658d74a1c61dd 75112619e90547f0a1d9cb77802a2d29 - - default default] Successfully bumped revision number for resource 8620a0d3-bcdf-4874-bf8f-1de812a21ed0 (type: networks) to 1
2026-02-26 04:15:58.539 10 WARNING neutron.scheduler.dhcp_agent_scheduler [None req-78f48f28-daa9-4b64-855f-251a8b827107 e8c829ecf86546d9959658d74a1c61dd 75112619e90547f0a1d9cb77802a2d29 - - default default] No more DHCP agents
2026-02-26 04:15:58.542 10 WARNING neutron.api.rpc.agentnotifiers.dhcp_rpc_agent_api [None req-78f48f28-daa9-4b64-855f-251a8b827107 e8c829ecf86546d9959658d74a1c61dd 75112619e90547f0a1d9cb77802a2d29 - - default default] Unable to schedule network 8620a0d3-bcdf-4874-bf8f-1de812a21ed0: no agents available; will retry on subsequent port and subnet creation events.
2026-02-26 04:15:58.572 10 INFO neutron.api.wsgi [req-58c7ee82-a3bf-48d2-b774-a3b55927db10 req-b0404209-299e-4e4d-ab0b-c4adaa6b2545 0bc2fd95653e4343951fa1a9ab4b2b04 8ab2b18f6b4442658549eef751694686 - - default default] 10.0.0.43 "GET /v2.0/ports?device_id=f2977d3a-8370-42ea-b474-ae9d2a43af50 HTTP/1.1" status: 200 len: 1174 time: 0.0664370
2026-02-26 04:15:58.615 10 INFO neutron.db.ovn_revision_numbers_db [None req-78f48f28-daa9-4b64-855f-251a8b827107 e8c829ecf86546d9959658d74a1c61dd 75112619e90547f0a1d9cb77802a2d29 - - default default] Successfully bumped revision number for resource 13166d4b-df0e-4e23-be96-999501ded71d (type: ports) to 1
2026-02-26 04:15:58.619 10 INFO neutron.api.wsgi [req-58c7ee82-a3bf-48d2-b774-a3b55927db10 req-7af64078-035d-4123-bfe6-5c231895b364 0bc2fd95653e4343951fa1a9ab4b2b04 8ab2b18f6b4442658549eef751694686 - - default default] 10.0.0.43 "GET /v2.0/security-groups?id=5962614c-6af3-4466-86dc-b6c5363e84bc&fields=id&fields=name HTTP/1.1" status: 200 len: 313 time: 0.0421214
2026-02-26 04:15:58.634 10 INFO neutron.api.wsgi [None req-78f48f28-daa9-4b64-855f-251a8b827107 e8c829ecf86546d9959658d74a1c61dd 75112619e90547f0a1d9cb77802a2d29 - - default default] 10.0.0.64 "POST /v2.0/networks HTTP/1.1" status: 201 len: 942 time: 0.7962875
2026-02-26 04:15:58.680 9 INFO neutron.api.wsgi [req-14c3e5b4-7a29-4a78-8164-8a173358e48e req-41ff44ab-9731-410e-a4f4-9ac617fda1af ed81b0baa6dc41ecab55bde9293e1c65 0997eb8867154e38ac002d84ce07617f - - eac6e0f04e8d43b8b30ebcfee323c3e3 eac6e0f04e8d43b8b30ebcfee323c3e3] 162.253.55.43 "GET /v2.0/ports?device_id=f2977d3a-8370-42ea-b474-ae9d2a43af50&fields=binding%3Ahost_id&fields=binding%3Avif_type HTTP/1.1" status: 200 len: 265 time: 0.0312319
2026-02-26 04:15:58.714 9 INFO neutron.db.ovn_revision_numbers_db [None req-9c1fc1dc-689a-4e2b-956f-8cfdd4ef2373 e8c829ecf86546d9959658d74a1c61dd 75112619e90547f0a1d9cb77802a2d29 - - default default] Successfully bumped revision number for resource 2319f009-ce9a-4255-bd7d-5ab84998307e (type: router_ports) to 1
2026-02-26 04:15:58.718 9 INFO neutron.api.wsgi [None req-9c1fc1dc-689a-4e2b-956f-8cfdd4ef2373 e8c829ecf86546d9959658d74a1c61dd 75112619e90547f0a1d9cb77802a2d29 - - default default] 10.0.0.64 "PUT /v2.0/routers/3eea95f0-137a-4910-b62c-cec59dd9d884/add_router_interface HTTP/1.1" status: 200 len: 503 time: 1.7116888
2026-02-26 04:15:58.778 9 WARNING neutron.scheduler.dhcp_agent_scheduler [None req-2a87963c-72c6-4fe6-8387-bd2d5e944d62 e8c829ecf86546d9959658d74a1c61dd 75112619e90547f0a1d9cb77802a2d29 - - default default] No more DHCP agents
2026-02-26 04:15:58.779 9 WARNING neutron.api.rpc.agentnotifiers.dhcp_rpc_agent_api [None req-2a87963c-72c6-4fe6-8387-bd2d5e944d62 e8c829ecf86546d9959658d74a1c61dd 75112619e90547f0a1d9cb77802a2d29 - - default default] Unable to schedule network 8620a0d3-bcdf-4874-bf8f-1de812a21ed0: no agents available; will retry on subsequent port and subnet creation events.
2026-02-26 04:15:58.809 10 INFO neutron.api.wsgi [req-810b7522-8981-4da1-985a-a40e0e6fc379 req-e5c29ef1-036b-4c2e-85d6-15bc39f42963 0bc2fd95653e4343951fa1a9ab4b2b04 8ab2b18f6b4442658549eef751694686 - - default default] 10.0.0.43 "GET /v2.0/ports?device_id=f2977d3a-8370-42ea-b474-ae9d2a43af50 HTTP/1.1" status: 200 len: 1174 time: 0.0353405
2026-02-26 04:15:58.848 10 INFO neutron.api.wsgi [req-810b7522-8981-4da1-985a-a40e0e6fc379 req-16a611ea-8d25-4e09-80fe-13f1ad833f75 0bc2fd95653e4343951fa1a9ab4b2b04 8ab2b18f6b4442658549eef751694686 - - default default] 10.0.0.43 "GET /v2.0/security-groups?id=5962614c-6af3-4466-86dc-b6c5363e84bc&fields=id&fields=name HTTP/1.1" status: 200 len: 313 time: 0.0273697
2026-02-26 04:15:59.152 9 INFO neutron.db.ovn_revision_numbers_db [None req-6952f042-d9d1-4210-b1a9-aac880c3430a - - - - - -] Successfully bumped revision number for resource 13166d4b-df0e-4e23-be96-999501ded71d (type: ports) to 2
2026-02-26 04:15:59.193 9 INFO neutron.db.ovn_revision_numbers_db [None req-6952f042-d9d1-4210-b1a9-aac880c3430a - - - - - -] Successfully bumped revision number for resource 485bfc4b-fb10-4041-a8cb-56da213729ef (type: subnets) to 0
2026-02-26 04:15:59.211 9 INFO neutron.api.wsgi [None req-2a87963c-72c6-4fe6-8387-bd2d5e944d62 e8c829ecf86546d9959658d74a1c61dd 75112619e90547f0a1d9cb77802a2d29 - - default default] 10.0.0.64 "POST /v2.0/subnets HTTP/1.1" status: 201 len: 886 time: 0.5709105
2026-02-26 04:15:59.587 9 WARNING neutron.scheduler.dhcp_agent_scheduler [None req-95daa717-2ad6-4ec8-baec-0f0312668df4 e8c829ecf86546d9959658d74a1c61dd 75112619e90547f0a1d9cb77802a2d29 - - default default] No more DHCP agents
2026-02-26 04:15:59.590 9 INFO neutron.api.wsgi [req-152b17e5-4374-4ebc-ab8a-196f07d6674a req-e8fa388c-2b8a-4d17-b8f8-12504635b570 6c0fa15cc7a34bc492ef2d52f6aab93b f26b250e6c974fa0bbc418fb2e277507 - - default default] 10.0.0.43 "GET /v2.0/networks?id=98049eec-8ff9-46f5-b3ba-b8baa6fd8544 HTTP/1.1" status: 200 len: 876 time: 0.0468690
2026-02-26 04:15:59.591 9 WARNING neutron.api.rpc.agentnotifiers.dhcp_rpc_agent_api [None req-95daa717-2ad6-4ec8-baec-0f0312668df4 e8c829ecf86546d9959658d74a1c61dd 75112619e90547f0a1d9cb77802a2d29 - - default default] Unable to schedule network a31a661a-6bd2-4f70-ab6b-eeea83f275be: no agents available; will retry on subsequent port and subnet creation events.
2026-02-26 04:15:59.604 9 INFO neutron.api.wsgi [req-152b17e5-4374-4ebc-ab8a-196f07d6674a req-93e5649d-a96b-4eda-9fc2-055afadb2fe3 6c0fa15cc7a34bc492ef2d52f6aab93b f26b250e6c974fa0bbc418fb2e277507 - - default default] 10.0.0.43 "GET /v2.0/quotas/f26b250e6c974fa0bbc418fb2e277507 HTTP/1.1" status: 200 len: 491 time: 0.0095971
2026-02-26 04:15:59.672 9 INFO neutron.api.wsgi [req-152b17e5-4374-4ebc-ab8a-196f07d6674a req-ad731312-bb58-41de-b314-07dfac97ae4e 6c0fa15cc7a34bc492ef2d52f6aab93b f26b250e6c974fa0bbc418fb2e277507 - - default default] 10.0.0.43 "GET /v2.0/ports?tenant_id=f26b250e6c974fa0bbc418fb2e277507&fields=id HTTP/1.1" status: 200 len: 302 time: 0.0640523
2026-02-26 04:15:59.860 10 WARNING neutron_lib.context [None req-1ad619f0-76cf-41ae-816b-b40304076111 c3fc5000323f4f99b23f421f5e620624 6f25b4697474408a99505cb1ba5d54dc - - default default] Method 'is_advsvc' is deprecated since 2023.2 release (neutron-lib 3.8.0) and will be removed once support for the old RBAC API policies will be removed from Neutron. Please use method 'is_service_role' instead.
2026-02-26 04:15:59.940 10 INFO neutron.api.wsgi [req-9daf4145-629b-4bf6-a796-bf43f91f09c0 req-1134b3af-cdc2-41a9-8e18-a39b76aa2d09 0bc2fd95653e4343951fa1a9ab4b2b04 8ab2b18f6b4442658549eef751694686 - - default default] 10.0.0.43 "GET /v2.0/ports?device_id=f2977d3a-8370-42ea-b474-ae9d2a43af50 HTTP/1.1" status: 200 len: 1174 time: 0.0341673
2026-02-26 04:15:59.961 9 INFO neutron.api.wsgi [req-14c3e5b4-7a29-4a78-8164-8a173358e48e req-d5d11729-3a1a-4408-af91-a569a7bfe295 ed81b0baa6dc41ecab55bde9293e1c65 0997eb8867154e38ac002d84ce07617f - - eac6e0f04e8d43b8b30ebcfee323c3e3 eac6e0f04e8d43b8b30ebcfee323c3e3] 162.253.55.43 "GET /v2.0/ports?tenant_id=8ab2b18f6b4442658549eef751694686&device_id=f2977d3a-8370-42ea-b474-ae9d2a43af50 HTTP/1.1" status: 200 len: 1413 time: 0.2669511
2026-02-26 04:15:59.970 9 INFO neutron.api.wsgi [req-152b17e5-4374-4ebc-ab8a-196f07d6674a req-1c79b1a9-77d1-429b-b548-39c7857be23a ed81b0baa6dc41ecab55bde9293e1c65 0997eb8867154e38ac002d84ce07617f - - eac6e0f04e8d43b8b30ebcfee323c3e3 eac6e0f04e8d43b8b30ebcfee323c3e3] 10.0.0.43 "GET /v2.0/networks/98049eec-8ff9-46f5-b3ba-b8baa6fd8544?fields=segments HTTP/1.1" status: 200 len: 212 time: 0.2904055
2026-02-26 04:15:59.970 9 INFO neutron.db.ovn_revision_numbers_db [None req-95daa717-2ad6-4ec8-baec-0f0312668df4 e8c829ecf86546d9959658d74a1c61dd 75112619e90547f0a1d9cb77802a2d29 - - default default] Successfully bumped revision number for resource b23b9e99-b52f-45af-b2f8-029a4ceb4685 (type: ports) to 1
2026-02-26 04:15:59.972 9 INFO neutron.plugins.ml2.drivers.ovn.mech_driver.mech_driver [None req-f2386acd-8012-4ec0-992c-905574efd2f9 - - - - - -] OVN reports status up for port: 2319f009-ce9a-4255-bd7d-5ab84998307e
2026-02-26 04:15:59.982 9 INFO neutron.plugins.ml2.plugin [None req-f2386acd-8012-4ec0-992c-905574efd2f9 - - - - - -] Attempt 1 to provision port 2319f009-ce9a-4255-bd7d-5ab84998307e
2026-02-26 04:15:59.985 10 INFO neutron.api.wsgi [req-9daf4145-629b-4bf6-a796-bf43f91f09c0 req-466d91bf-42fb-4daa-abb6-c572ceb92790 0bc2fd95653e4343951fa1a9ab4b2b04 8ab2b18f6b4442658549eef751694686 - - default default] 10.0.0.43 "GET /v2.0/security-groups?id=5962614c-6af3-4466-86dc-b6c5363e84bc&fields=id&fields=name HTTP/1.1" status: 200 len: 313 time: 0.0372932
2026-02-26 04:15:59.997 10 INFO neutron.db.ovn_revision_numbers_db [None req-1ad619f0-76cf-41ae-816b-b40304076111 c3fc5000323f4f99b23f421f5e620624 6f25b4697474408a99505cb1ba5d54dc - - default default] Successfully bumped revision number for resource acf81e9d-0359-4883-a026-711e55ad81c4 (type: security_groups) to 1
2026-02-26 04:16:00.013 10 INFO neutron.db.ovn_revision_numbers_db [None req-1ad619f0-76cf-41ae-816b-b40304076111 c3fc5000323f4f99b23f421f5e620624 6f25b4697474408a99505cb1ba5d54dc - - default default] Successfully bumped revision number for resource 2e90919b-82b6-4f3b-ba36-f8e30358a130 (type: security_group_rules) to 0
2026-02-26 04:16:00.030 10 INFO neutron.db.ovn_revision_numbers_db [None req-1ad619f0-76cf-41ae-816b-b40304076111 c3fc5000323f4f99b23f421f5e620624 6f25b4697474408a99505cb1ba5d54dc - - default default] Successfully bumped revision number for resource 6c61a305-57e9-449b-9707-29c0190641e7 (type: security_group_rules) to 0
2026-02-26 04:16:00.039 9 INFO neutron.api.wsgi [req-152b17e5-4374-4ebc-ab8a-196f07d6674a req-65bbbb58-2ad3-4d1f-a9b4-860e97af6e42 ed81b0baa6dc41ecab55bde9293e1c65 0997eb8867154e38ac002d84ce07617f - - eac6e0f04e8d43b8b30ebcfee323c3e3 eac6e0f04e8d43b8b30ebcfee323c3e3] 10.0.0.43 "GET /v2.0/networks/98049eec-8ff9-46f5-b3ba-b8baa6fd8544?fields=provider%3Aphysical_network&fields=provider%3Anetwork_type HTTP/1.1" status: 200 len: 277 time: 0.0617769
2026-02-26 04:16:00.044 10 INFO neutron.db.ovn_revision_numbers_db [None req-1ad619f0-76cf-41ae-816b-b40304076111 c3fc5000323f4f99b23f421f5e620624 6f25b4697474408a99505cb1ba5d54dc - - default default] Successfully bumped revision number for resource 8ed51396-a40a-446d-ba1b-b515509c8fc9 (type: security_group_rules) to 0
2026-02-26 04:16:00.057 10 INFO neutron.db.ovn_revision_numbers_db [None req-1ad619f0-76cf-41ae-816b-b40304076111 c3fc5000323f4f99b23f421f5e620624 6f25b4697474408a99505cb1ba5d54dc - - default default] Successfully bumped revision number for resource d2a62c79-89b6-483b-9eb4-4a959f5ea68b (type: security_group_rules) to 0
2026-02-26 04:16:00.138 10 INFO neutron.db.segments_db [None req-1ad619f0-76cf-41ae-816b-b40304076111 c3fc5000323f4f99b23f421f5e620624 6f25b4697474408a99505cb1ba5d54dc - - default default] Added segment 8def8b94-4ee8-4df4-86d6-a9cb379e2865 of type geneve for network 81e3a2d2-5c7b-42de-8043-4b163fb157d6
2026-02-26 04:16:00.156 10 INFO neutron.api.wsgi [req-49edd835-c7d9-4a39-814e-145daca08abd req-40420661-0350-4a08-92dc-c491b161b647 6c0fa15cc7a34bc492ef2d52f6aab93b f26b250e6c974fa0bbc418fb2e277507 - - default default] 10.0.0.43 "GET /v2.0/ports?device_id=e4e91021-68f1-4bd5-9140-f023131c5db2 HTTP/1.1" status: 200 len: 210 time: 0.0207477
2026-02-26 04:16:00.258 10 INFO neutron.db.ovn_revision_numbers_db [None req-1ad619f0-76cf-41ae-816b-b40304076111 c3fc5000323f4f99b23f421f5e620624 6f25b4697474408a99505cb1ba5d54dc - - default default] Successfully bumped revision number for resource 81e3a2d2-5c7b-42de-8043-4b163fb157d6 (type: networks) to 1
2026-02-26 04:16:00.402 10 WARNING neutron.scheduler.dhcp_agent_scheduler [None req-1ad619f0-76cf-41ae-816b-b40304076111 c3fc5000323f4f99b23f421f5e620624 6f25b4697474408a99505cb1ba5d54dc - - default default] No more DHCP agents
2026-02-26 04:16:00.403 10 WARNING neutron.api.rpc.agentnotifiers.dhcp_rpc_agent_api [None req-1ad619f0-76cf-41ae-816b-b40304076111 c3fc5000323f4f99b23f421f5e620624 6f25b4697474408a99505cb1ba5d54dc - - default default] Unable to schedule network 81e3a2d2-5c7b-42de-8043-4b163fb157d6: no agents available; will retry on subsequent port and subnet creation events.
2026-02-26 04:16:00.450 9 INFO neutron.db.ovn_revision_numbers_db [None req-f2386acd-8012-4ec0-992c-905574efd2f9 - - - - - -] Successfully bumped revision number for resource 2319f009-ce9a-4255-bd7d-5ab84998307e (type: ports) to 2
2026-02-26 04:16:00.465 10 INFO neutron.db.ovn_revision_numbers_db [None req-1ad619f0-76cf-41ae-816b-b40304076111 c3fc5000323f4f99b23f421f5e620624 6f25b4697474408a99505cb1ba5d54dc - - default default] Successfully bumped revision number for resource 75709c5a-f9a3-4a99-bfc7-f3d589ab7fb2 (type: ports) to 1
2026-02-26 04:16:00.490 10 INFO neutron.api.wsgi [None req-1ad619f0-76cf-41ae-816b-b40304076111 c3fc5000323f4f99b23f421f5e620624 6f25b4697474408a99505cb1ba5d54dc - - default default] 10.0.0.64 "POST /v2.0/networks HTTP/1.1" status: 201 len: 830 time: 0.7257462
2026-02-26 04:16:00.518 10 WARNING neutron_lib.context [None req-328a51e4-1fa6-4d76-b7f8-a1559ca05757 c3fc5000323f4f99b23f421f5e620624 6f25b4697474408a99505cb1ba5d54dc - - default default] Method 'is_advsvc' is deprecated since 2023.2 release (neutron-lib 3.8.0) and will be removed once support for the old RBAC API policies will be removed from Neutron. Please use method 'is_service_role' instead.
2026-02-26 04:16:00.523 9 INFO neutron.api.wsgi [req-14c3e5b4-7a29-4a78-8164-8a173358e48e req-15f00767-bdec-401c-9f7e-fef1dad18798 ed81b0baa6dc41ecab55bde9293e1c65 0997eb8867154e38ac002d84ce07617f - - eac6e0f04e8d43b8b30ebcfee323c3e3 eac6e0f04e8d43b8b30ebcfee323c3e3] 162.253.55.43 "GET /v2.0/networks?id=2893fd99-aef5-4cc6-b2ef-e89e4281431a HTTP/1.1" status: 200 len: 973 time: 0.0543737
2026-02-26 04:16:00.557 10 INFO neutron.api.wsgi [req-36ed582e-d62c-4225-b97c-5f75b9a4bf62 req-93259850-3dfb-42a0-a43e-76afc3892f1e 0bc2fd95653e4343951fa1a9ab4b2b04 8ab2b18f6b4442658549eef751694686 - - default default] 162.253.55.43 "GET /v2.0/ports?device_id=f2977d3a-8370-42ea-b474-ae9d2a43af50 HTTP/1.1" status: 200 len: 1174 time: 0.0367379
2026-02-26 04:16:00.574 9 INFO neutron.api.wsgi [req-14c3e5b4-7a29-4a78-8164-8a173358e48e req-04682a1c-e441-4575-b20b-ccd5b1bd4d0f ed81b0baa6dc41ecab55bde9293e1c65 0997eb8867154e38ac002d84ce07617f - - eac6e0f04e8d43b8b30ebcfee323c3e3 eac6e0f04e8d43b8b30ebcfee323c3e3] 162.253.55.43 "GET /v2.0/floatingips?fixed_ip_address=10.100.0.14&port_id=b191f02a-e936-4ccb-a6f3-ceabf0f26f1b HTTP/1.1" status: 200 len: 1060 time: 0.0416110
2026-02-26 04:16:00.616 9 INFO neutron.api.wsgi [req-14c3e5b4-7a29-4a78-8164-8a173358e48e req-f7207fb7-b983-4925-8eb4-23a543df0558 ed81b0baa6dc41ecab55bde9293e1c65 0997eb8867154e38ac002d84ce07617f - - eac6e0f04e8d43b8b30ebcfee323c3e3 eac6e0f04e8d43b8b30ebcfee323c3e3] 162.253.55.43 "GET /v2.0/subnets?id=9500b4a5-69ef-44b1-ae57-7c0144482d6e HTTP/1.1" status: 200 len: 892 time: 0.0343230
2026-02-26 04:16:00.639 9 INFO neutron.api.wsgi [req-14c3e5b4-7a29-4a78-8164-8a173358e48e req-b2d0b896-a1b1-4fb4-a9d1-bb793fcd3e85 ed81b0baa6dc41ecab55bde9293e1c65 0997eb8867154e38ac002d84ce07617f - - eac6e0f04e8d43b8b30ebcfee323c3e3 eac6e0f04e8d43b8b30ebcfee323c3e3] 162.253.55.43 "GET /v2.0/ports?network_id=2893fd99-aef5-4cc6-b2ef-e89e4281431a&device_owner=network%3Adhcp HTTP/1.1" status: 200 len: 210 time: 0.0175829
2026-02-26 04:16:00.672 9 INFO neutron.plugins.ml2.drivers.ovn.mech_driver.ovsdb.commands [None req-81b8b451-400f-4197-a757-f8e5640950ab - - - - - -] Schedule LRP lrp-b23b9e99-b52f-45af-b2f8-029a4ceb4685 on gateway 7abd64c0-c0bf-4bed-8d74-2dc51ed45c07 with priority 1
2026-02-26 04:16:00.704 10 INFO neutron.plugins.ml2.drivers.ovn.mech_driver.ovsdb.ovsdb_monitor [None req-c1aeb9e2-0b6a-478b-8405-b6ad2c737642 - - - - - -] Router 8ae44151-c9a9-44eb-8251-46774982f992 is bound to host instance
2026-02-26 04:16:00.711 9 INFO neutron.api.wsgi [req-14c3e5b4-7a29-4a78-8164-8a173358e48e req-562af99a-496f-4e88-87d3-f2271526e102 ed81b0baa6dc41ecab55bde9293e1c65 0997eb8867154e38ac002d84ce07617f - - eac6e0f04e8d43b8b30ebcfee323c3e3 eac6e0f04e8d43b8b30ebcfee323c3e3] 162.253.55.43 "GET /v2.0/networks/2893fd99-aef5-4cc6-b2ef-e89e4281431a?fields=segments HTTP/1.1" status: 200 len: 212 time: 0.0667477
2026-02-26 04:16:00.734 9 INFO neutron.db.ovn_revision_numbers_db [None req-95daa717-2ad6-4ec8-baec-0f0312668df4 e8c829ecf86546d9959658d74a1c61dd 75112619e90547f0a1d9cb77802a2d29 - - default default] Successfully bumped revision number for resource b23b9e99-b52f-45af-b2f8-029a4ceb4685 (type: router_ports) to 1
2026-02-26 04:16:00.791 9 INFO neutron.api.wsgi [req-14c3e5b4-7a29-4a78-8164-8a173358e48e req-efa429f8-0c7c-463e-9dba-8b8914e4fcc7 ed81b0baa6dc41ecab55bde9293e1c65 0997eb8867154e38ac002d84ce07617f - - eac6e0f04e8d43b8b30ebcfee323c3e3 eac6e0f04e8d43b8b30ebcfee323c3e3] 162.253.55.43 "GET /v2.0/networks/2893fd99-aef5-4cc6-b2ef-e89e4281431a?fields=provider%3Aphysical_network&fields=provider%3Anetwork_type HTTP/1.1" status: 200 len: 277 time: 0.0757880
2026-02-26 04:16:00.825 9 INFO neutron.db.ovn_revision_numbers_db [None req-95daa717-2ad6-4ec8-baec-0f0312668df4 e8c829ecf86546d9959658d74a1c61dd 75112619e90547f0a1d9cb77802a2d29 - - default default] Successfully bumped revision number for resource 8ae44151-c9a9-44eb-8251-46774982f992 (type: routers) to 2
2026-02-26 04:16:00.840 9 INFO neutron.api.wsgi [None req-95daa717-2ad6-4ec8-baec-0f0312668df4 e8c829ecf86546d9959658d74a1c61dd 75112619e90547f0a1d9cb77802a2d29 - - default default] 10.0.0.64 "POST /v2.0/routers HTTP/1.1" status: 201 len: 1164 time: 1.6246781
2026-02-26 04:16:00.897 10 WARNING neutron.scheduler.dhcp_agent_scheduler [None req-328a51e4-1fa6-4d76-b7f8-a1559ca05757 c3fc5000323f4f99b23f421f5e620624 6f25b4697474408a99505cb1ba5d54dc - - default default] No more DHCP agents
2026-02-26 04:16:00.901 10 WARNING neutron.api.rpc.agentnotifiers.dhcp_rpc_agent_api [None req-328a51e4-1fa6-4d76-b7f8-a1559ca05757 c3fc5000323f4f99b23f421f5e620624 6f25b4697474408a99505cb1ba5d54dc - - default default] Unable to schedule network 81e3a2d2-5c7b-42de-8043-4b163fb157d6: no agents available; will retry on subsequent port and subnet creation events.
2026-02-26 04:16:01.019 10 INFO neutron.db.ovn_revision_numbers_db [None req-328a51e4-1fa6-4d76-b7f8-a1559ca05757 c3fc5000323f4f99b23f421f5e620624 6f25b4697474408a99505cb1ba5d54dc - - default default] Successfully bumped revision number for resource fb5d6f44-f6cb-4bc4-b909-c814bd56325f (type: ports) to 1
2026-02-26 04:16:01.046 10 INFO neutron.db.l3_db [req-36ed582e-d62c-4225-b97c-5f75b9a4bf62 req-903ec7d2-3a88-4003-a67c-21608f23eaf4 0bc2fd95653e4343951fa1a9ab4b2b04 8ab2b18f6b4442658549eef751694686 - - default default] Floating IP 5c8db8de-8fc5-426f-9d8a-641e1f62412a disassociated. External IP: 10.96.250.212, port: b191f02a-e936-4ccb-a6f3-ceabf0f26f1b.
2026-02-26 04:16:01.068 10 INFO neutron.api.wsgi [None req-328a51e4-1fa6-4d76-b7f8-a1559ca05757 c3fc5000323f4f99b23f421f5e620624 6f25b4697474408a99505cb1ba5d54dc - - default default] 10.0.0.64 "POST /v2.0/ports HTTP/1.1" status: 201 len: 942 time: 0.5540853 /var/lib/openstack/lib/python3.12/site-packages/pycadf/identifier.py:71: UserWarning: Invalid uuid: neutron. To ensure interoperability, identifiers should be a valid uuid. warnings.warn(('Invalid uuid: %s. To ensure interoperability, '
2026-02-26 04:16:01.079 10 WARNING neutron_lib.context [None req-bb047a3f-2776-4807-9d59-2ab2ca97a65b c3fc5000323f4f99b23f421f5e620624 6f25b4697474408a99505cb1ba5d54dc - - default default] Method 'is_advsvc' is deprecated since 2023.2 release (neutron-lib 3.8.0) and will be removed once support for the old RBAC API policies will be removed from Neutron. Please use method 'is_service_role' instead.
2026-02-26 04:16:01.139 9 INFO neutron.api.wsgi [req-62ca5862-95ed-400e-97b8-c0cd967b641c req-25d22ff8-d637-4324-b1d0-8504576c7d42 0bc2fd95653e4343951fa1a9ab4b2b04 8ab2b18f6b4442658549eef751694686 - - default default] 10.0.0.43 "GET /v2.0/ports?device_id=f2977d3a-8370-42ea-b474-ae9d2a43af50 HTTP/1.1" status: 200 len: 1174 time: 0.0917189
2026-02-26 04:16:01.182 10 INFO neutron.api.wsgi [req-36ed582e-d62c-4225-b97c-5f75b9a4bf62 req-903ec7d2-3a88-4003-a67c-21608f23eaf4 0bc2fd95653e4343951fa1a9ab4b2b04 8ab2b18f6b4442658549eef751694686 - - default default] 162.253.55.43 "DELETE /v2.0/ports/b191f02a-e936-4ccb-a6f3-ceabf0f26f1b HTTP/1.1" status: 204 len: 173 time: 0.6207783
2026-02-26 04:16:01.183 9 INFO neutron.api.wsgi [req-62ca5862-95ed-400e-97b8-c0cd967b641c req-78ecfe94-f9a5-4576-891c-8564b19732e6 0bc2fd95653e4343951fa1a9ab4b2b04 8ab2b18f6b4442658549eef751694686 - - default default] 10.0.0.43 "GET /v2.0/security-groups?id=5962614c-6af3-4466-86dc-b6c5363e84bc&fields=id&fields=name HTTP/1.1" status: 200 len: 313 time: 0.0368526
2026-02-26 04:16:01.189 10 INFO neutron.db.segments_db [None req-bb047a3f-2776-4807-9d59-2ab2ca97a65b c3fc5000323f4f99b23f421f5e620624 6f25b4697474408a99505cb1ba5d54dc - - default default] Added segment baa022c7-bef8-4e0e-a3af-9a6388f3f65e of type geneve for network ae110e14-6c42-43d4-9f64-5302a18036b9
2026-02-26 04:16:01.226 10 INFO neutron.notifiers.nova [-] Nova event matching ['req-fa4e5955-2ff3-4d02-a200-d15459f61d64'] response: {'server_uuid': 'f2977d3a-8370-42ea-b474-ae9d2a43af50', 'name': 'network-vif-deleted', 'tag': 'b191f02a-e936-4ccb-a6f3-ceabf0f26f1b', 'status': 'completed', 'code': 200}
2026-02-26 04:16:01.237 10 INFO neutron.api.wsgi [req-53619eb2-6258-4f5e-9572-3ba74e4f22f6 req-afbb51a9-f1b1-4c20-a6b8-c9fa812bf775 6c0fa15cc7a34bc492ef2d52f6aab93b f26b250e6c974fa0bbc418fb2e277507 - - default default] 10.0.0.43 "GET /v2.0/ports?device_id=e4e91021-68f1-4bd5-9140-f023131c5db2 HTTP/1.1" status: 200 len: 210 time: 0.0236483
2026-02-26 04:16:01.302 9 WARNING neutron.scheduler.dhcp_agent_scheduler [None req-b673cf63-0988-4935-ae72-a9cde14ebcaa e8c829ecf86546d9959658d74a1c61dd 75112619e90547f0a1d9cb77802a2d29 - - default default] No more DHCP agents
2026-02-26 04:16:01.303 9 WARNING neutron.api.rpc.agentnotifiers.dhcp_rpc_agent_api [None req-b673cf63-0988-4935-ae72-a9cde14ebcaa e8c829ecf86546d9959658d74a1c61dd 75112619e90547f0a1d9cb77802a2d29 - - default default] Unable to schedule network 8620a0d3-bcdf-4874-bf8f-1de812a21ed0: no agents available; will retry on subsequent port and subnet creation events.
2026-02-26 04:16:01.336 10 INFO neutron.db.ovn_revision_numbers_db [None req-bb047a3f-2776-4807-9d59-2ab2ca97a65b c3fc5000323f4f99b23f421f5e620624 6f25b4697474408a99505cb1ba5d54dc - - default default] Successfully bumped revision number for resource ae110e14-6c42-43d4-9f64-5302a18036b9 (type: networks) to 1
2026-02-26 04:16:01.338 10 INFO neutron.db.ovn_revision_numbers_db [None req-5e24c9d2-ff09-49f2-8a70-3356cfe525d1 - - - - - -] Successfully bumped revision number for resource b23b9e99-b52f-45af-b2f8-029a4ceb4685 (type: ports) to 1
2026-02-26 04:16:01.405 9 INFO neutron.db.ovn_revision_numbers_db [None req-b673cf63-0988-4935-ae72-a9cde14ebcaa e8c829ecf86546d9959658d74a1c61dd 75112619e90547f0a1d9cb77802a2d29 - - default default] Successfully bumped revision number for resource 7e574c4f-e490-4019-a9fc-ee6eae726772 (type: ports) to 1
2026-02-26 04:16:01.879 9 INFO neutron.db.ovn_revision_numbers_db [None req-b673cf63-0988-4935-ae72-a9cde14ebcaa e8c829ecf86546d9959658d74a1c61dd 75112619e90547f0a1d9cb77802a2d29 - - default default] Successfully bumped revision number for resource 7e574c4f-e490-4019-a9fc-ee6eae726772 (type: ports) to 1
2026-02-26 04:16:01.938 10 INFO neutron.plugins.ml2.drivers.ovn.mech_driver.mech_driver [None req-97dd1650-21f1-4d3d-87d8-8a64ed3463a7 - - - - - -] OVN reports status up for port: 7e574c4f-e490-4019-a9fc-ee6eae726772
2026-02-26 04:16:01.941 9 WARNING neutron.scheduler.dhcp_agent_scheduler [None req-b673cf63-0988-4935-ae72-a9cde14ebcaa e8c829ecf86546d9959658d74a1c61dd 75112619e90547f0a1d9cb77802a2d29 - - default default] No more DHCP agents
2026-02-26 04:16:01.942 9 WARNING neutron.api.rpc.agentnotifiers.dhcp_rpc_agent_api [None req-b673cf63-0988-4935-ae72-a9cde14ebcaa e8c829ecf86546d9959658d74a1c61dd 75112619e90547f0a1d9cb77802a2d29 - - default default] Unable to schedule network 8620a0d3-bcdf-4874-bf8f-1de812a21ed0: no agents available; will retry on subsequent port and subnet creation events.
2026-02-26 04:16:01.948 10 INFO neutron.plugins.ml2.plugin [None req-97dd1650-21f1-4d3d-87d8-8a64ed3463a7 - - - - - -] Attempt 1 to provision port 7e574c4f-e490-4019-a9fc-ee6eae726772
2026-02-26 04:16:01.990 10 WARNING neutron.scheduler.dhcp_agent_scheduler [None req-bb047a3f-2776-4807-9d59-2ab2ca97a65b c3fc5000323f4f99b23f421f5e620624 6f25b4697474408a99505cb1ba5d54dc - - default default] No more DHCP agents
2026-02-26 04:16:01.992 10 WARNING neutron.api.rpc.agentnotifiers.dhcp_rpc_agent_api [None req-bb047a3f-2776-4807-9d59-2ab2ca97a65b c3fc5000323f4f99b23f421f5e620624 6f25b4697474408a99505cb1ba5d54dc - - default default] Unable to schedule network ae110e14-6c42-43d4-9f64-5302a18036b9: no agents available; will retry on subsequent port and subnet creation events.
2026-02-26 04:16:02.095 10 INFO neutron.db.ovn_revision_numbers_db [None req-bb047a3f-2776-4807-9d59-2ab2ca97a65b c3fc5000323f4f99b23f421f5e620624 6f25b4697474408a99505cb1ba5d54dc - - default default] Successfully bumped revision number for resource 4e11b92b-6ca0-4b71-8797-5bdd71a268b8 (type: ports) to 1
2026-02-26 04:16:02.144 10 INFO neutron.api.wsgi [None req-bb047a3f-2776-4807-9d59-2ab2ca97a65b c3fc5000323f4f99b23f421f5e620624 6f25b4697474408a99505cb1ba5d54dc - - default default] 10.0.0.64 "POST /v2.0/networks HTTP/1.1" status: 201 len: 830 time: 1.0695639
2026-02-26 04:16:02.162 10 WARNING neutron_lib.context [None req-fd23bec2-b152-4951-b47f-1061ae7dd3a9 c3fc5000323f4f99b23f421f5e620624 6f25b4697474408a99505cb1ba5d54dc - - default default] Method 'is_advsvc' is deprecated since 2023.2 release (neutron-lib 3.8.0) and will be removed once support for the old RBAC API policies will be removed from Neutron. Please use method 'is_service_role' instead.
2026-02-26 04:16:02.274 10 INFO neutron.db.ovn_revision_numbers_db [None req-5e24c9d2-ff09-49f2-8a70-3356cfe525d1 - - - - - -] Successfully bumped revision number for resource b23b9e99-b52f-45af-b2f8-029a4ceb4685 (type: ports) to 4
2026-02-26 04:16:02.274 9 INFO neutron.api.wsgi [req-e40a433f-a0eb-42b4-bbaf-96f6fd6899db req-82da532c-f72d-406a-ba86-b3681f47f489 0bc2fd95653e4343951fa1a9ab4b2b04 8ab2b18f6b4442658549eef751694686 - - default default] 10.0.0.43 "GET /v2.0/ports?device_id=f2977d3a-8370-42ea-b474-ae9d2a43af50 HTTP/1.1" status: 200 len: 210 time: 0.0196674
2026-02-26 04:16:02.328 10 INFO neutron.api.wsgi [req-597d689a-31b5-4784-85d3-00aa3fa72576 req-3fe1c56a-31bc-4a53-86e6-d70e1a2b4a13 6c0fa15cc7a34bc492ef2d52f6aab93b f26b250e6c974fa0bbc418fb2e277507 - - default default] 10.0.0.43 "GET /v2.0/ports?device_id=e4e91021-68f1-4bd5-9140-f023131c5db2 HTTP/1.1" status: 200 len: 210 time: 0.0266614
2026-02-26 04:16:02.507 10 INFO neutron.db.ovn_revision_numbers_db [None req-97dd1650-21f1-4d3d-87d8-8a64ed3463a7 - - - - - -] Successfully bumped revision number for resource 7e574c4f-e490-4019-a9fc-ee6eae726772 (type: ports) to 2
2026-02-26 04:16:02.555 9 INFO neutron.db.ovn_revision_numbers_db [None req-b673cf63-0988-4935-ae72-a9cde14ebcaa e8c829ecf86546d9959658d74a1c61dd 75112619e90547f0a1d9cb77802a2d29 - - default default] Successfully bumped revision number for resource 7e574c4f-e490-4019-a9fc-ee6eae726772 (type: router_ports) to 1
2026-02-26 04:16:02.560 9 INFO neutron.api.wsgi [None req-b673cf63-0988-4935-ae72-a9cde14ebcaa e8c829ecf86546d9959658d74a1c61dd 75112619e90547f0a1d9cb77802a2d29 - - default default] 10.0.0.64 "PUT /v2.0/routers/8ae44151-c9a9-44eb-8251-46774982f992/add_router_interface HTTP/1.1" status: 200 len: 503 time: 1.7142491
2026-02-26 04:16:02.588 10 WARNING neutron.scheduler.dhcp_agent_scheduler [None req-fd23bec2-b152-4951-b47f-1061ae7dd3a9 c3fc5000323f4f99b23f421f5e620624 6f25b4697474408a99505cb1ba5d54dc - - default default] No more DHCP agents
2026-02-26 04:16:02.591 10 WARNING neutron.api.rpc.agentnotifiers.dhcp_rpc_agent_api [None req-fd23bec2-b152-4951-b47f-1061ae7dd3a9 c3fc5000323f4f99b23f421f5e620624 6f25b4697474408a99505cb1ba5d54dc - - default default] Unable to schedule network ae110e14-6c42-43d4-9f64-5302a18036b9: no agents available; will retry on subsequent port and subnet creation events.
2026-02-26 04:16:02.678 10 INFO neutron.db.ovn_revision_numbers_db [None req-fd23bec2-b152-4951-b47f-1061ae7dd3a9 c3fc5000323f4f99b23f421f5e620624 6f25b4697474408a99505cb1ba5d54dc - - default default] Successfully bumped revision number for resource 5d6376ac-5c9d-46e9-87b7-99a63a71d237 (type: ports) to 1
2026-02-26 04:16:02.704 10 INFO neutron.api.wsgi [None req-fd23bec2-b152-4951-b47f-1061ae7dd3a9 c3fc5000323f4f99b23f421f5e620624 6f25b4697474408a99505cb1ba5d54dc - - default default] 10.0.0.64 "POST /v2.0/ports HTTP/1.1" status: 201 len: 942 time: 0.5475457
2026-02-26 04:16:02.718 9 WARNING neutron_lib.context [None req-9a8275b6-95ec-4147-b325-1298c405be0b c3fc5000323f4f99b23f421f5e620624 6f25b4697474408a99505cb1ba5d54dc - - default default] Method 'is_advsvc' is deprecated since 2023.2 release (neutron-lib 3.8.0) and will be removed once support for the old RBAC API policies will be removed from Neutron. Please use method 'is_service_role' instead.
2026-02-26 04:16:02.752 10 INFO neutron.db.ovn_revision_numbers_db [None req-5e24c9d2-ff09-49f2-8a70-3356cfe525d1 - - - - - -] Successfully bumped revision number for resource b23b9e99-b52f-45af-b2f8-029a4ceb4685 (type: ports) to 5
2026-02-26 04:16:02.810 9 INFO neutron.db.segments_db [None req-9a8275b6-95ec-4147-b325-1298c405be0b c3fc5000323f4f99b23f421f5e620624 6f25b4697474408a99505cb1ba5d54dc - - default default] Added segment 39fc510c-475b-4052-9cb3-0a7fd7e62ec9 of type geneve for network 872e8d56-1165-4075-803f-b4b00e3f47b8
2026-02-26 04:16:02.957 9 INFO neutron.db.ovn_revision_numbers_db [None req-9a8275b6-95ec-4147-b325-1298c405be0b c3fc5000323f4f99b23f421f5e620624 6f25b4697474408a99505cb1ba5d54dc - - default default] Successfully bumped revision number for resource 872e8d56-1165-4075-803f-b4b00e3f47b8 (type: networks) to 1
2026-02-26 04:16:03.089 9 WARNING neutron.scheduler.dhcp_agent_scheduler [None req-9a8275b6-95ec-4147-b325-1298c405be0b c3fc5000323f4f99b23f421f5e620624 6f25b4697474408a99505cb1ba5d54dc - - default default] No more DHCP agents
2026-02-26 04:16:03.090 9 WARNING neutron.api.rpc.agentnotifiers.dhcp_rpc_agent_api [None req-9a8275b6-95ec-4147-b325-1298c405be0b c3fc5000323f4f99b23f421f5e620624 6f25b4697474408a99505cb1ba5d54dc - - default default] Unable to schedule network 872e8d56-1165-4075-803f-b4b00e3f47b8: no agents available; will retry on subsequent port and subnet creation events.
2026-02-26 04:16:03.163 9 INFO neutron.db.ovn_revision_numbers_db [None req-9a8275b6-95ec-4147-b325-1298c405be0b c3fc5000323f4f99b23f421f5e620624 6f25b4697474408a99505cb1ba5d54dc - - default default] Successfully bumped revision number for resource 39966bc5-d992-4bd7-a05f-a8fb461cd2ef (type: ports) to 1
2026-02-26 04:16:03.184 9 INFO neutron.api.wsgi [None req-9a8275b6-95ec-4147-b325-1298c405be0b c3fc5000323f4f99b23f421f5e620624 6f25b4697474408a99505cb1ba5d54dc - - default default] 10.0.0.64 "POST /v2.0/networks HTTP/1.1" status: 201 len: 831 time: 0.4732661
2026-02-26 04:16:03.192 9 WARNING neutron_lib.context [None req-e9ffc66e-82c6-4271-bd61-0e81fbd09d9e c3fc5000323f4f99b23f421f5e620624 6f25b4697474408a99505cb1ba5d54dc - - default default] Method 'is_advsvc' is deprecated since 2023.2 release (neutron-lib 3.8.0) and will be removed once support for the old RBAC API policies will be removed from Neutron. Please use method 'is_service_role' instead.
