2026-02-26 03:55:33.721 10 INFO neutron.api.wsgi [-] 10.0.0.95 "GET / HTTP/1.1" status: 200 len: 247 time: 0.0021334
2026-02-26 03:55:48.718 10 INFO neutron.api.wsgi [-] 10.0.0.95 "GET / HTTP/1.1" status: 200 len: 247 time: 0.0015194
2026-02-26 03:55:48.720 9 INFO neutron.api.wsgi [-] 10.0.0.95 "GET / HTTP/1.1" status: 200 len: 247 time: 0.0017626
2026-02-26 03:56:03.718 9 INFO neutron.api.wsgi [-] 10.0.0.95 "GET / HTTP/1.1" status: 200 len: 247 time: 0.0023530
2026-02-26 03:56:03.721 9 INFO neutron.api.wsgi [-] 10.0.0.95 "GET / HTTP/1.1" status: 200 len: 247 time: 0.0019028
2026-02-26 03:56:18.718 10 INFO neutron.api.wsgi [-] 10.0.0.95 "GET / HTTP/1.1" status: 200 len: 247 time: 0.0025187
2026-02-26 03:56:18.722 10 INFO neutron.api.wsgi [-] 10.0.0.95 "GET / HTTP/1.1" status: 200 len: 247 time: 0.0027583
2026-02-26 03:56:33.718 10 INFO neutron.api.wsgi [-] 10.0.0.95 "GET / HTTP/1.1" status: 200 len: 247 time: 0.0024526
2026-02-26 03:56:33.718 9 INFO neutron.api.wsgi [-] 10.0.0.95 "GET / HTTP/1.1" status: 200 len: 247 time: 0.0028698
2026-02-26 03:56:48.718 9 INFO neutron.api.wsgi [-] 10.0.0.95 "GET / HTTP/1.1" status: 200 len: 247 time: 0.0022793
2026-02-26 03:56:48.719 10 INFO neutron.api.wsgi [-] 10.0.0.95 "GET / HTTP/1.1" status: 200 len: 247 time: 0.0030203
2026-02-26 03:57:03.717 9 INFO neutron.api.wsgi [-] 10.0.0.95 "GET / HTTP/1.1" status: 200 len: 247 time: 0.0012319
2026-02-26 03:57:03.719 10 INFO neutron.api.wsgi [-] 10.0.0.95 "GET / HTTP/1.1" status: 200 len: 247 time: 0.0024102
2026-02-26 03:57:16.073 9 INFO neutron.api.v2.resource [None req-ad6c3c4b-34eb-4281-8fe2-cfce5f6c9320 e8c829ecf86546d9959658d74a1c61dd 75112619e90547f0a1d9cb77802a2d29 - - default default] show failed (client error): The resource could not be found.
2026-02-26 03:57:16.074 9 INFO neutron.api.wsgi [None req-ad6c3c4b-34eb-4281-8fe2-cfce5f6c9320 e8c829ecf86546d9959658d74a1c61dd 75112619e90547f0a1d9cb77802a2d29 - - default default] 162.253.55.43,10.0.0.95 "GET /v2.0/security-groups/manila-service-security-group?project_id=0997eb8867154e38ac002d84ce07617f HTTP/1.1" status: 404 len: 321 time: 0.2477012
2026-02-26 03:57:16.218 9 INFO neutron.db.ovn_revision_numbers_db [None req-92aa4800-9574-493a-9783-c669d6c80539 e8c829ecf86546d9959658d74a1c61dd 75112619e90547f0a1d9cb77802a2d29 - - default default] Successfully bumped revision number for resource cd703fc7-223b-43f4-b27e-4ea29d17cc7c (type: security_groups) to 1
2026-02-26 03:57:16.228 9 INFO neutron.db.ovn_revision_numbers_db [None req-92aa4800-9574-493a-9783-c669d6c80539 e8c829ecf86546d9959658d74a1c61dd 75112619e90547f0a1d9cb77802a2d29 - - default default] Successfully bumped revision number for resource 3c1773c6-541a-4394-8585-a299924cbf4a (type: security_group_rules) to 0
2026-02-26 03:57:16.239 9 INFO neutron.db.ovn_revision_numbers_db [None req-92aa4800-9574-493a-9783-c669d6c80539 e8c829ecf86546d9959658d74a1c61dd 75112619e90547f0a1d9cb77802a2d29 - - default default] Successfully bumped revision number for resource 703bfc4a-0bfa-4a78-9e1c-cde3036065ea (type: security_group_rules) to 0
2026-02-26 03:57:16.250 9 INFO neutron.db.ovn_revision_numbers_db [None req-92aa4800-9574-493a-9783-c669d6c80539 e8c829ecf86546d9959658d74a1c61dd 75112619e90547f0a1d9cb77802a2d29 - - default default] Successfully bumped revision number for resource 75c76766-cae1-4e24-9a9d-511876c525c6 (type: security_group_rules) to 0
2026-02-26 03:57:16.262 9 INFO neutron.db.ovn_revision_numbers_db [None req-92aa4800-9574-493a-9783-c669d6c80539 e8c829ecf86546d9959658d74a1c61dd 75112619e90547f0a1d9cb77802a2d29 - - default default] Successfully bumped revision number for resource f9128254-bbb4-40fa-a311-a076efc4e654 (type: security_group_rules) to 0
2026-02-26 03:57:16.303 9 INFO neutron.api.wsgi [None req-92aa4800-9574-493a-9783-c669d6c80539 e8c829ecf86546d9959658d74a1c61dd 75112619e90547f0a1d9cb77802a2d29 - - default default] 162.253.55.43,10.0.0.95 "GET /v2.0/security-groups?name=manila-service-security-group&project_id=0997eb8867154e38ac002d84ce07617f HTTP/1.1" status: 200 len: 197 time: 0.2247906
2026-02-26 03:57:16.484 9 INFO neutron.db.ovn_revision_numbers_db [None req-f2640655-8fd4-4295-919d-4c704d712329 e8c829ecf86546d9959658d74a1c61dd 75112619e90547f0a1d9cb77802a2d29 - - default default] Successfully bumped revision number for resource 0b242c60-5a50-4372-9fb3-bd3edf62f3cf (type: security_groups) to 1
2026-02-26 03:57:16.499 9 INFO neutron.db.ovn_revision_numbers_db [None req-f2640655-8fd4-4295-919d-4c704d712329 e8c829ecf86546d9959658d74a1c61dd 75112619e90547f0a1d9cb77802a2d29 - - default default] Successfully bumped revision number for resource 09738edc-12c5-4fb9-a356-53da15467744 (type: security_group_rules) to 0
2026-02-26 03:57:16.510 9 INFO neutron.db.ovn_revision_numbers_db [None req-f2640655-8fd4-4295-919d-4c704d712329 e8c829ecf86546d9959658d74a1c61dd 75112619e90547f0a1d9cb77802a2d29 - - default default] Successfully bumped revision number for resource df71c3d3-37a3-463c-89ec-30c064022873 (type: security_group_rules) to 0
2026-02-26 03:57:16.538 9 INFO neutron.api.wsgi [None req-f2640655-8fd4-4295-919d-4c704d712329 e8c829ecf86546d9959658d74a1c61dd 75112619e90547f0a1d9cb77802a2d29 - - default default] 162.253.55.43,10.0.0.95 "POST /v2.0/security-groups HTTP/1.1" status: 201 len: 1805 time: 0.1639738
2026-02-26 03:57:17.495 9 INFO neutron.api.wsgi [None req-b37b1c42-d886-4696-9094-52edd780bc1b e8c829ecf86546d9959658d74a1c61dd 75112619e90547f0a1d9cb77802a2d29 - - default default] 162.253.55.43,10.0.0.95 "GET /v2.0/security-groups/0b242c60-5a50-4372-9fb3-bd3edf62f3cf?project_id=0997eb8867154e38ac002d84ce07617f HTTP/1.1" status: 200 len: 1800 time: 0.0454068
2026-02-26 03:57:17.518 9 INFO neutron.api.wsgi [None req-5a36bbed-09b6-4959-a467-22b42d03650f e8c829ecf86546d9959658d74a1c61dd 75112619e90547f0a1d9cb77802a2d29 - - default default] 162.253.55.43,10.0.0.95 "GET /v2.0/security-groups/0b242c60-5a50-4372-9fb3-bd3edf62f3cf HTTP/1.1" status: 200 len: 1800 time: 0.0164409
2026-02-26 03:57:17.599 9 INFO neutron.api.wsgi [None req-ac72ee41-02d1-4d13-be59-0b44b993d2f5 e8c829ecf86546d9959658d74a1c61dd 75112619e90547f0a1d9cb77802a2d29 - - default default] 162.253.55.43,10.0.0.95 "GET /v2.0/security-groups/0b242c60-5a50-4372-9fb3-bd3edf62f3cf?project_id=0997eb8867154e38ac002d84ce07617f HTTP/1.1" status: 200 len: 1800 time: 0.0241764
2026-02-26 03:57:17.707 9 INFO neutron.db.ovn_revision_numbers_db [None req-b276b998-ca11-4404-b39d-ad793a244094 e8c829ecf86546d9959658d74a1c61dd 75112619e90547f0a1d9cb77802a2d29 - - default default] Successfully bumped revision number for resource fe6df822-a023-4b4a-8c40-c13468748a38 (type: security_group_rules) to 0
2026-02-26 03:57:17.734 9 INFO neutron.api.wsgi [None req-b276b998-ca11-4404-b39d-ad793a244094 e8c829ecf86546d9959658d74a1c61dd 75112619e90547f0a1d9cb77802a2d29 - - default default] 162.253.55.43,10.0.0.95 "POST /v2.0/security-group-rules HTTP/1.1" status: 201 len: 777 time: 0.1286807 /var/lib/openstack/lib/python3.12/site-packages/pycadf/identifier.py:71: UserWarning: Invalid uuid: unknown. To ensure interoperability, identifiers should be a valid uuid. warnings.warn(('Invalid uuid: %s. To ensure interoperability, '
2026-02-26 03:57:18.630 10 INFO neutron.api.wsgi [None req-7fe424b5-1f4c-4cec-99cb-255c29b600a5 e8c829ecf86546d9959658d74a1c61dd 75112619e90547f0a1d9cb77802a2d29 - - default default] 162.253.55.43,10.0.0.95 "GET /v2.0/security-groups/0b242c60-5a50-4372-9fb3-bd3edf62f3cf?project_id=0997eb8867154e38ac002d84ce07617f HTTP/1.1" status: 200 len: 2410 time: 0.0744417
2026-02-26 03:57:18.658 10 INFO neutron.api.wsgi [None req-f7a82b97-6477-4876-b6d9-e2cb6978e18f e8c829ecf86546d9959658d74a1c61dd 75112619e90547f0a1d9cb77802a2d29 - - default default] 162.253.55.43,10.0.0.95 "GET /v2.0/security-groups/0b242c60-5a50-4372-9fb3-bd3edf62f3cf HTTP/1.1" status: 200 len: 2410 time: 0.0208268
2026-02-26 03:57:18.718 9 INFO neutron.api.wsgi [-] 10.0.0.95 "GET / HTTP/1.1" status: 200 len: 247 time: 0.0023763
2026-02-26 03:57:18.721 9 INFO neutron.api.wsgi [-] 10.0.0.95 "GET / HTTP/1.1" status: 200 len: 247 time: 0.0020785
2026-02-26 03:57:18.738 10 INFO neutron.api.wsgi [None req-e90623a3-b5eb-4711-9965-fe321368884d e8c829ecf86546d9959658d74a1c61dd 75112619e90547f0a1d9cb77802a2d29 - - default default] 162.253.55.43,10.0.0.95 "GET /v2.0/security-groups/0b242c60-5a50-4372-9fb3-bd3edf62f3cf?project_id=0997eb8867154e38ac002d84ce07617f HTTP/1.1" status: 200 len: 2410 time: 0.0219488
2026-02-26 03:57:18.905 10 INFO neutron.db.ovn_revision_numbers_db [None req-0063bb46-5743-4034-bce6-272b9a7763e7 e8c829ecf86546d9959658d74a1c61dd 75112619e90547f0a1d9cb77802a2d29 - - default default] Successfully bumped revision number for resource 564c9d1f-5beb-451e-9bb6-87717cd3092f (type: security_group_rules) to 0
2026-02-26 03:57:18.941 10 INFO neutron.api.wsgi [None req-0063bb46-5743-4034-bce6-272b9a7763e7 e8c829ecf86546d9959658d74a1c61dd 75112619e90547f0a1d9cb77802a2d29 - - default default] 162.253.55.43,10.0.0.95 "POST /v2.0/security-group-rules HTTP/1.1" status: 201 len: 779 time: 0.1959231
2026-02-26 03:57:19.813 9 INFO neutron.api.wsgi [None req-4e8cd12e-43b2-4cdc-88fe-714b03bdc9f6 e8c829ecf86546d9959658d74a1c61dd 75112619e90547f0a1d9cb77802a2d29 - - default default] 162.253.55.43,10.0.0.95 "GET /v2.0/security-groups/0b242c60-5a50-4372-9fb3-bd3edf62f3cf?project_id=0997eb8867154e38ac002d84ce07617f HTTP/1.1" status: 200 len: 3022 time: 0.0532174
2026-02-26 03:57:19.840 9 INFO neutron.api.wsgi [None req-c2a00dc1-47f4-4bac-809a-5d2750dd665d e8c829ecf86546d9959658d74a1c61dd 75112619e90547f0a1d9cb77802a2d29 - - default default] 162.253.55.43,10.0.0.95 "GET /v2.0/security-groups/0b242c60-5a50-4372-9fb3-bd3edf62f3cf HTTP/1.1" status: 200 len: 3022 time: 0.0222104
2026-02-26 03:57:19.932 9 INFO neutron.api.wsgi [None req-dc3ce1f0-bde3-487d-bdab-906e1daf1e06 e8c829ecf86546d9959658d74a1c61dd 75112619e90547f0a1d9cb77802a2d29 - - default default] 162.253.55.43,10.0.0.95 "GET /v2.0/security-groups/0b242c60-5a50-4372-9fb3-bd3edf62f3cf?project_id=0997eb8867154e38ac002d84ce07617f HTTP/1.1" status: 200 len: 3022 time: 0.0254021
2026-02-26 03:57:20.047 9 INFO neutron.db.ovn_revision_numbers_db [None req-22b1dbca-6fb1-4c0e-9a41-f63e99bd2c11 e8c829ecf86546d9959658d74a1c61dd 75112619e90547f0a1d9cb77802a2d29 - - default default] Successfully bumped revision number for resource 5a783b60-251d-4386-86b7-a670654869cf (type: security_group_rules) to 0
2026-02-26 03:57:20.072 9 INFO neutron.api.wsgi [None req-22b1dbca-6fb1-4c0e-9a41-f63e99bd2c11 e8c829ecf86546d9959658d74a1c61dd 75112619e90547f0a1d9cb77802a2d29 - - default default] 162.253.55.43,10.0.0.95 "POST /v2.0/security-group-rules HTTP/1.1" status: 201 len: 781 time: 0.1332676
2026-02-26 03:57:21.022 9 INFO neutron.api.wsgi [None req-cac1af91-7dcf-482f-869c-d526a32b387b e8c829ecf86546d9959658d74a1c61dd 75112619e90547f0a1d9cb77802a2d29 - - default default] 162.253.55.43,10.0.0.95 "GET /v2.0/security-groups/0b242c60-5a50-4372-9fb3-bd3edf62f3cf?project_id=0997eb8867154e38ac002d84ce07617f HTTP/1.1" status: 200 len: 3636 time: 0.0529642
2026-02-26 03:57:21.053 9 INFO neutron.api.wsgi [None req-e54c2df2-5ccb-43d0-8039-ea5dcdf32315 e8c829ecf86546d9959658d74a1c61dd 75112619e90547f0a1d9cb77802a2d29 - - default default] 162.253.55.43,10.0.0.95 "GET /v2.0/security-groups/0b242c60-5a50-4372-9fb3-bd3edf62f3cf HTTP/1.1" status: 200 len: 3636 time: 0.0236042
2026-02-26 03:57:21.144 9 INFO neutron.api.wsgi [None req-d2fa4016-f6a2-4b0b-a93e-4fcf44406d4a e8c829ecf86546d9959658d74a1c61dd 75112619e90547f0a1d9cb77802a2d29 - - default default] 162.253.55.43,10.0.0.95 "GET /v2.0/security-groups/0b242c60-5a50-4372-9fb3-bd3edf62f3cf?project_id=0997eb8867154e38ac002d84ce07617f HTTP/1.1" status: 200 len: 3636 time: 0.0318124
2026-02-26 03:57:21.258 9 INFO neutron.db.ovn_revision_numbers_db [None req-9d08eb2e-ed91-479d-804f-6fccfbf4920a e8c829ecf86546d9959658d74a1c61dd 75112619e90547f0a1d9cb77802a2d29 - - default default] Successfully bumped revision number for resource 133e579b-85d2-4115-beb6-abd700220cbe (type: security_group_rules) to 0
2026-02-26 03:57:21.285 9 INFO neutron.api.wsgi [None req-9d08eb2e-ed91-479d-804f-6fccfbf4920a e8c829ecf86546d9959658d74a1c61dd 75112619e90547f0a1d9cb77802a2d29 - - default default] 162.253.55.43,10.0.0.95 "POST /v2.0/security-group-rules HTTP/1.1" status: 201 len: 782 time: 0.1352646
2026-02-26 03:57:33.716 9 INFO neutron.api.wsgi [-] 10.0.0.95 "GET / HTTP/1.1" status: 200 len: 247 time: 0.0013711
2026-02-26 03:57:33.718 10 INFO neutron.api.wsgi [-] 10.0.0.95 "GET / HTTP/1.1" status: 200 len: 247 time: 0.0027952
2026-02-26 03:57:48.717 10 INFO neutron.api.wsgi [-] 10.0.0.95 "GET / HTTP/1.1" status: 200 len: 247 time: 0.0016475
2026-02-26 03:57:48.718 9 INFO neutron.api.wsgi [-] 10.0.0.95 "GET / HTTP/1.1" status: 200 len: 247 time: 0.0027149
2026-02-26 03:58:03.719 10 INFO neutron.api.wsgi [-] 10.0.0.95 "GET / HTTP/1.1" status: 200 len: 247 time: 0.0033658
2026-02-26 03:58:03.721 9 INFO neutron.api.wsgi [-] 10.0.0.95 "GET / HTTP/1.1" status: 200 len: 247 time: 0.0049624
2026-02-26 03:58:18.717 10 INFO neutron.api.wsgi [-] 10.0.0.95 "GET / HTTP/1.1" status: 200 len: 247 time: 0.0015769
2026-02-26 03:58:18.718 9 INFO neutron.api.wsgi [-] 10.0.0.95 "GET / HTTP/1.1" status: 200 len: 247 time: 0.0023959
2026-02-26 03:58:33.719 9 INFO neutron.api.wsgi [-] 10.0.0.95 "GET / HTTP/1.1" status: 200 len: 247 time: 0.0011659
2026-02-26 03:58:33.721 10 INFO neutron.api.wsgi [-] 10.0.0.95 "GET / HTTP/1.1" status: 200 len: 247 time: 0.0026042
2026-02-26 03:58:48.718 9 INFO neutron.api.wsgi [-] 10.0.0.95 "GET / HTTP/1.1" status: 200 len: 247 time: 0.0024602
2026-02-26 03:58:48.719 10 INFO neutron.api.wsgi [-] 10.0.0.95 "GET / HTTP/1.1" status: 200 len: 247 time: 0.0024865
2026-02-26 03:59:03.717 9 INFO neutron.api.wsgi [-] 10.0.0.95 "GET / HTTP/1.1" status: 200 len: 247 time: 0.0015769
2026-02-26 03:59:03.719 9 INFO neutron.api.wsgi [-] 10.0.0.95 "GET / HTTP/1.1" status: 200 len: 247 time: 0.0008588
2026-02-26 03:59:18.719 10 INFO neutron.api.wsgi [-] 10.0.0.95 "GET / HTTP/1.1" status: 200 len: 247 time: 0.0027845
2026-02-26 03:59:18.721 10 INFO neutron.api.wsgi [-] 10.0.0.95 "GET / HTTP/1.1" status: 200 len: 247 time: 0.0017383
2026-02-26 03:59:33.718 9 INFO neutron.api.wsgi [-] 10.0.0.95 "GET / HTTP/1.1" status: 200 len: 247 time: 0.0022707
2026-02-26 03:59:33.718 10 INFO neutron.api.wsgi [-] 10.0.0.95 "GET / HTTP/1.1" status: 200 len: 247 time: 0.0023634
2026-02-26 03:59:48.717 9 INFO neutron.api.wsgi [-] 10.0.0.95 "GET / HTTP/1.1" status: 200 len: 247 time: 0.0015891
2026-02-26 03:59:48.718 10 INFO neutron.api.wsgi [-] 10.0.0.95 "GET / HTTP/1.1" status: 200 len: 247 time: 0.0027466
2026-02-26 03:59:54.544 9 INFO neutron.api.wsgi [None req-6ac190cd-8e78-409f-9756-3b685c76e056 b24f1459adf64ca8b52a96e50dd11030 0997eb8867154e38ac002d84ce07617f - - eac6e0f04e8d43b8b30ebcfee323c3e3 eac6e0f04e8d43b8b30ebcfee323c3e3] 162.253.55.43 "GET /v2.0/networks?tenant_id=0997eb8867154e38ac002d84ce07617f&shared=False HTTP/1.1" status: 200 len: 213 time: 0.1285548
2026-02-26 03:59:54.654 9 INFO neutron.db.segments_db [None req-4cd4cb74-c6df-4b76-9102-956c86977dd0 b24f1459adf64ca8b52a96e50dd11030 0997eb8867154e38ac002d84ce07617f - - eac6e0f04e8d43b8b30ebcfee323c3e3 eac6e0f04e8d43b8b30ebcfee323c3e3] Added segment fd5132ed-072e-4de1-bff5-8ad0e5c99a29 of type geneve for network ff2ec51d-259a-4e37-b522-9e8cf8058615
2026-02-26 03:59:54.875 9 INFO neutron.db.ovn_revision_numbers_db [None req-4cd4cb74-c6df-4b76-9102-956c86977dd0 b24f1459adf64ca8b52a96e50dd11030 0997eb8867154e38ac002d84ce07617f - - eac6e0f04e8d43b8b30ebcfee323c3e3 eac6e0f04e8d43b8b30ebcfee323c3e3] Successfully bumped revision number for resource ff2ec51d-259a-4e37-b522-9e8cf8058615 (type: networks) to 1
2026-02-26 03:59:55.108 9 WARNING neutron.scheduler.dhcp_agent_scheduler [None req-4cd4cb74-c6df-4b76-9102-956c86977dd0 b24f1459adf64ca8b52a96e50dd11030 0997eb8867154e38ac002d84ce07617f - - eac6e0f04e8d43b8b30ebcfee323c3e3 eac6e0f04e8d43b8b30ebcfee323c3e3] No more DHCP agents
2026-02-26 03:59:55.109 9 WARNING neutron.api.rpc.agentnotifiers.dhcp_rpc_agent_api [None req-4cd4cb74-c6df-4b76-9102-956c86977dd0 b24f1459adf64ca8b52a96e50dd11030 0997eb8867154e38ac002d84ce07617f - - eac6e0f04e8d43b8b30ebcfee323c3e3 eac6e0f04e8d43b8b30ebcfee323c3e3] Unable to schedule network ff2ec51d-259a-4e37-b522-9e8cf8058615: no agents available; will retry on subsequent port and subnet creation events.
2026-02-26 03:59:55.256 9 INFO neutron.db.ovn_revision_numbers_db [None req-4cd4cb74-c6df-4b76-9102-956c86977dd0 b24f1459adf64ca8b52a96e50dd11030 0997eb8867154e38ac002d84ce07617f - - eac6e0f04e8d43b8b30ebcfee323c3e3 eac6e0f04e8d43b8b30ebcfee323c3e3] Successfully bumped revision number for resource 14dba3c1-40ec-4c5b-b502-076d8243fc3c (type: ports) to 1
2026-02-26 03:59:55.351 9 INFO neutron.api.wsgi [None req-4cd4cb74-c6df-4b76-9102-956c86977dd0 b24f1459adf64ca8b52a96e50dd11030 0997eb8867154e38ac002d84ce07617f - - eac6e0f04e8d43b8b30ebcfee323c3e3 eac6e0f04e8d43b8b30ebcfee323c3e3] 162.253.55.43 "POST /v2.0/networks HTTP/1.1" status: 201 len: 925 time: 0.7997949
2026-02-26 03:59:55.416 9 INFO neutron.api.wsgi [None req-f18b9107-a14f-456a-840c-42f33aeacd32 b24f1459adf64ca8b52a96e50dd11030 0997eb8867154e38ac002d84ce07617f - - eac6e0f04e8d43b8b30ebcfee323c3e3 eac6e0f04e8d43b8b30ebcfee323c3e3] 162.253.55.43 "GET /v2.0/ports?device_id=manila-share&binding%3Ahost_id=instance HTTP/1.1" status: 200 len: 210 time: 0.0481076
2026-02-26 03:59:55.428 9 INFO neutron.api.wsgi [None req-50d6556a-d92e-4f1d-aa03-e80a7a9bd5d3 b24f1459adf64ca8b52a96e50dd11030 0997eb8867154e38ac002d84ce07617f - - eac6e0f04e8d43b8b30ebcfee323c3e3 eac6e0f04e8d43b8b30ebcfee323c3e3] 162.253.55.43 "GET /v2.0/extensions HTTP/1.1" status: 200 len: 19298 time: 0.0052116
2026-02-26 03:59:55.711 9 WARNING neutron.scheduler.dhcp_agent_scheduler [None req-d64b8c86-6daf-4d0f-9a10-37c2726a1b47 b24f1459adf64ca8b52a96e50dd11030 0997eb8867154e38ac002d84ce07617f - - eac6e0f04e8d43b8b30ebcfee323c3e3 eac6e0f04e8d43b8b30ebcfee323c3e3] No more DHCP agents
2026-02-26 03:59:55.712 9 WARNING neutron.api.rpc.agentnotifiers.dhcp_rpc_agent_api [None req-d64b8c86-6daf-4d0f-9a10-37c2726a1b47 b24f1459adf64ca8b52a96e50dd11030 0997eb8867154e38ac002d84ce07617f - - eac6e0f04e8d43b8b30ebcfee323c3e3 eac6e0f04e8d43b8b30ebcfee323c3e3] Unable to schedule network ff2ec51d-259a-4e37-b522-9e8cf8058615: no agents available; will retry on subsequent port and subnet creation events.
2026-02-26 03:59:55.769 9 INFO neutron.db.ovn_revision_numbers_db [None req-d64b8c86-6daf-4d0f-9a10-37c2726a1b47 b24f1459adf64ca8b52a96e50dd11030 0997eb8867154e38ac002d84ce07617f - - eac6e0f04e8d43b8b30ebcfee323c3e3 eac6e0f04e8d43b8b30ebcfee323c3e3] Successfully bumped revision number for resource 2a73ad29-b5c8-4233-8b39-66d475a32da7 (type: ports) to 1
2026-02-26 03:59:56.070 9 INFO neutron.db.ovn_revision_numbers_db [None req-d64b8c86-6daf-4d0f-9a10-37c2726a1b47 b24f1459adf64ca8b52a96e50dd11030 0997eb8867154e38ac002d84ce07617f - - eac6e0f04e8d43b8b30ebcfee323c3e3 eac6e0f04e8d43b8b30ebcfee323c3e3] Successfully bumped revision number for resource 2a73ad29-b5c8-4233-8b39-66d475a32da7 (type: ports) to 3
2026-02-26 03:59:56.402 9 INFO neutron.api.wsgi [None req-d64b8c86-6daf-4d0f-9a10-37c2726a1b47 b24f1459adf64ca8b52a96e50dd11030 0997eb8867154e38ac002d84ce07617f - - eac6e0f04e8d43b8b30ebcfee323c3e3 eac6e0f04e8d43b8b30ebcfee323c3e3] 162.253.55.43 "POST /v2.0/ports HTTP/1.1" status: 201 len: 1172 time: 0.9708195
2026-02-26 03:59:56.436 9 INFO neutron.api.wsgi [None req-1d74fce6-8e62-4d1f-9c5c-42b7272e6f09 b24f1459adf64ca8b52a96e50dd11030 0997eb8867154e38ac002d84ce07617f - - eac6e0f04e8d43b8b30ebcfee323c3e3 eac6e0f04e8d43b8b30ebcfee323c3e3] 162.253.55.43 "GET /v2.0/networks/ff2ec51d-259a-4e37-b522-9e8cf8058615 HTTP/1.1" status: 200 len: 907 time: 0.0286112
2026-02-26 03:59:57.166 9 INFO neutron.plugins.ml2.drivers.ovn.mech_driver.mech_driver [-] OVN reports status up for port: 2a73ad29-b5c8-4233-8b39-66d475a32da7
2026-02-26 03:59:57.541 9 INFO neutron.plugins.ml2.plugin [None req-21ec742f-8d73-4dfc-9cfa-a633c422d1eb - - - - - -] Attempt 1 to provision port 2a73ad29-b5c8-4233-8b39-66d475a32da7
2026-02-26 03:59:57.805 9 INFO neutron.db.ovn_revision_numbers_db [None req-21ec742f-8d73-4dfc-9cfa-a633c422d1eb - - - - - -] Successfully bumped revision number for resource 2a73ad29-b5c8-4233-8b39-66d475a32da7 (type: ports) to 4
2026-02-26 03:59:58.650 9 INFO neutron.api.wsgi [None req-09280f0c-c280-4002-b9f5-168b91788e49 b24f1459adf64ca8b52a96e50dd11030 0997eb8867154e38ac002d84ce07617f - - eac6e0f04e8d43b8b30ebcfee323c3e3 eac6e0f04e8d43b8b30ebcfee323c3e3] 162.253.55.43 "GET /v2.0/ports?device_id=manila-share&binding%3Ahost_id=instance HTTP/1.1" status: 200 len: 1172 time: 0.0372989
2026-02-26 03:59:58.684 9 INFO neutron.api.wsgi [None req-955a779f-a21f-4b2a-ba59-d01d5d3738e6 b24f1459adf64ca8b52a96e50dd11030 0997eb8867154e38ac002d84ce07617f - - eac6e0f04e8d43b8b30ebcfee323c3e3 eac6e0f04e8d43b8b30ebcfee323c3e3] 162.253.55.43 "GET /v2.0/networks/ff2ec51d-259a-4e37-b522-9e8cf8058615 HTTP/1.1" status: 200 len: 907 time: 0.0265977
2026-02-26 04:00:03.718 10 INFO neutron.api.wsgi [-] 10.0.0.95 "GET / HTTP/1.1" status: 200 len: 247 time: 0.0029960
2026-02-26 04:00:03.720 10 INFO neutron.api.wsgi [-] 10.0.0.95 "GET / HTTP/1.1" status: 200 len: 247 time: 0.0015531
2026-02-26 04:00:13.168 10 INFO neutron.api.wsgi [None req-967f9ff4-e04f-4371-a45b-707670c9cb96 e8c829ecf86546d9959658d74a1c61dd 75112619e90547f0a1d9cb77802a2d29 - - default default] 162.253.55.43,10.0.0.95 "GET /v2.0/quotas/0997eb8867154e38ac002d84ce07617f HTTP/1.1" status: 200 len: 467 time: 0.0142782 /var/lib/openstack/lib/python3.12/site-packages/neutron/extensions/quotasv2.py:139: UserWarning: Neutron quota engine will require "--force" parameter to set a quota limit without checking the resource usage. warnings.warn('Neutron quota engine will require "--force" '
2026-02-26 04:00:13.526 10 INFO neutron.api.wsgi [None req-72bab1c8-e1b1-4845-a76e-d3694f1923ec e8c829ecf86546d9959658d74a1c61dd 75112619e90547f0a1d9cb77802a2d29 - - default default] 162.253.55.43,10.0.0.95 "PUT /v2.0/quotas/0997eb8867154e38ac002d84ce07617f HTTP/1.1" status: 200 len: 466 time: 0.0284443
2026-02-26 04:00:18.721 9 INFO neutron.api.wsgi [-] 10.0.0.95 "GET / HTTP/1.1" status: 200 len: 247 time: 0.0015535
2026-02-26 04:00:18.723 9 INFO neutron.api.wsgi [-] 10.0.0.95 "GET / HTTP/1.1" status: 200 len: 247 time: 0.0011814
2026-02-26 04:00:33.718 10 INFO neutron.api.wsgi [-] 10.0.0.95 "GET / HTTP/1.1" status: 200 len: 247 time: 0.0022070
2026-02-26 04:00:33.719 9 INFO neutron.api.wsgi [-] 10.0.0.95 "GET / HTTP/1.1" status: 200 len: 247 time: 0.0031538
2026-02-26 04:00:48.718 9 INFO neutron.api.wsgi [-] 10.0.0.95 "GET / HTTP/1.1" status: 200 len: 247 time: 0.0022154
2026-02-26 04:00:48.720 10 INFO neutron.api.wsgi [-] 10.0.0.95 "GET / HTTP/1.1" status: 200 len: 247 time: 0.0032299
2026-02-26 04:01:03.718 9 INFO neutron.api.wsgi [-] 10.0.0.95 "GET / HTTP/1.1" status: 200 len: 247 time: 0.0023882
2026-02-26 04:01:03.720 10 INFO neutron.api.wsgi [-] 10.0.0.95 "GET / HTTP/1.1" status: 200 len: 247 time: 0.0043597
2026-02-26 04:01:15.100 9 INFO neutron.api.wsgi [None req-d87852e3-f8b4-4d3e-8bc7-c9830257c25a e8c829ecf86546d9959658d74a1c61dd 75112619e90547f0a1d9cb77802a2d29 - - default default] 10.0.0.170 "GET /v2.0/ports HTTP/1.1" status: 200 len: 5351 time: 0.1486330
2026-02-26 04:01:15.132 9 INFO neutron.api.wsgi [None req-5c22a91a-45ca-4fb3-8a85-cea01c5472f0 e8c829ecf86546d9959658d74a1c61dd 75112619e90547f0a1d9cb77802a2d29 - - default default] 10.0.0.170 "GET /v2.0/routers HTTP/1.1" status: 200 len: 189 time: 0.0282490
2026-02-26 04:01:15.169 9 INFO neutron.api.wsgi [None req-691bf851-cf38-4786-b43b-c566250a36e8 e8c829ecf86546d9959658d74a1c61dd 75112619e90547f0a1d9cb77802a2d29 - - default default] 10.0.0.170 "GET /v2.0/agents?binary=ovn-controller HTTP/1.1" status: 200 len: 591 time: 0.0361593
2026-02-26 04:01:15.185 9 INFO neutron.api.wsgi [None req-134492c1-eba9-4b85-88c6-4b1e2e2f0b49 e8c829ecf86546d9959658d74a1c61dd 75112619e90547f0a1d9cb77802a2d29 - - default default] 10.0.0.170 "GET /v2.0/network-ip-availabilities HTTP/1.1" status: 200 len: 1280 time: 0.0138700
2026-02-26 04:01:15.215 9 INFO neutron.api.wsgi [None req-6522a499-d93f-4849-93af-01c368ba6f05 e8c829ecf86546d9959658d74a1c61dd 75112619e90547f0a1d9cb77802a2d29 - - default default] 10.0.0.170 "GET /v2.0/subnets HTTP/1.1" status: 200 len: 1484 time: 0.0285065
2026-02-26 04:01:15.226 9 INFO neutron.api.wsgi [None req-8d6f08da-8a3c-4363-b123-7e28a3dc5139 e8c829ecf86546d9959658d74a1c61dd 75112619e90547f0a1d9cb77802a2d29 - - default default] 10.0.0.170 "GET /v2.0/subnetpools HTTP/1.1" status: 200 len: 193 time: 0.0093644
2026-02-26 04:01:15.323 9 INFO neutron.api.wsgi [None req-d83666b1-3396-496d-b6bb-3578c39333b9 e8c829ecf86546d9959658d74a1c61dd 75112619e90547f0a1d9cb77802a2d29 - - default default] 10.0.0.170 "GET /v2.0/floatingips HTTP/1.1" status: 200 len: 193 time: 0.0963616
2026-02-26 04:01:15.377 9 INFO neutron.api.wsgi [None req-16211e8e-b0bb-46e7-a70f-43a43598d1e6 e8c829ecf86546d9959658d74a1c61dd 75112619e90547f0a1d9cb77802a2d29 - - default default] 10.0.0.170 "GET /v2.0/networks HTTP/1.1" status: 200 len: 2350 time: 0.0540695
2026-02-26 04:01:15.403 9 INFO neutron.api.wsgi [None req-d51b8b0d-fab9-43b7-b6a7-63c07e4ee152 e8c829ecf86546d9959658d74a1c61dd 75112619e90547f0a1d9cb77802a2d29 - - default default] 10.0.0.170 "GET /v2.0/subnets HTTP/1.1" status: 200 len: 1484 time: 0.0212231
2026-02-26 04:01:15.411 9 INFO neutron.api.wsgi [None req-0343fc5c-b89e-40ee-be17-6e6c8da1ecd1 e8c829ecf86546d9959658d74a1c61dd 75112619e90547f0a1d9cb77802a2d29 - - default default] 10.0.0.170 "GET /v2.0/agents HTTP/1.1" status: 200 len: 1390 time: 0.0075111
2026-02-26 04:01:15.449 9 INFO neutron.api.wsgi [None req-303c2aa5-4cfe-434e-b0ce-9d41d9bd4b39 e8c829ecf86546d9959658d74a1c61dd 75112619e90547f0a1d9cb77802a2d29 - - default default] 10.0.0.170 "GET /v2.0/security-groups HTTP/1.1" status: 200 len: 17578 time: 0.0370688
2026-02-26 04:01:18.718 10 INFO neutron.api.wsgi [-] 10.0.0.95 "GET / HTTP/1.1" status: 200 len: 247 time: 0.0023780
2026-02-26 04:01:18.719 9 INFO neutron.api.wsgi [-] 10.0.0.95 "GET / HTTP/1.1" status: 200 len: 247 time: 0.0025334
2026-02-26 04:01:33.717 9 INFO neutron.api.wsgi [-] 10.0.0.95 "GET / HTTP/1.1" status: 200 len: 247 time: 0.0011675
2026-02-26 04:01:33.719 10 INFO neutron.api.wsgi [-] 10.0.0.95 "GET / HTTP/1.1" status: 200 len: 247 time: 0.0028446
2026-02-26 04:01:48.718 10 INFO neutron.api.wsgi [-] 10.0.0.95 "GET / HTTP/1.1" status: 200 len: 247 time: 0.0020559
2026-02-26 04:01:48.722 9 INFO neutron.api.wsgi [-] 10.0.0.95 "GET / HTTP/1.1" status: 200 len: 247 time: 0.0067370
2026-02-26 04:01:52.396 15 INFO neutron.db.ovn_revision_numbers_db [None req-a8935172-0d64-4eb2-bc1a-ed3cab44835d - - - - - -] Successfully bumped revision number for resource 0b242c60-5a50-4372-9fb3-bd3edf62f3cf (type: security_groups) to 5
2026-02-26 04:01:52.397 15 INFO neutron.plugins.ml2.drivers.ovn.mech_driver.ovsdb.maintenance [None req-a8935172-0d64-4eb2-bc1a-ed3cab44835d - - - - - -] Maintenance task: Synchronization completed (took 0.04 seconds)
2026-02-26 04:02:03.719 9 INFO neutron.api.wsgi [-] 10.0.0.95 "GET / HTTP/1.1" status: 200 len: 247 time: 0.0025795
2026-02-26 04:02:03.719 10 INFO neutron.api.wsgi [-] 10.0.0.95 "GET / HTTP/1.1" status: 200 len: 247 time: 0.0029221
2026-02-26 04:02:15.080 9 INFO neutron.api.wsgi [None req-c2b35171-4864-4cd5-b78d-2165b092e12b e8c829ecf86546d9959658d74a1c61dd 75112619e90547f0a1d9cb77802a2d29 - - default default] 10.0.0.170 "GET /v2.0/routers HTTP/1.1" status: 200 len: 189 time: 0.0935905
2026-02-26 04:02:15.141 9 INFO neutron.api.wsgi [None req-d7a2656a-7afe-4f3e-b01f-207c2e4cee7c e8c829ecf86546d9959658d74a1c61dd 75112619e90547f0a1d9cb77802a2d29 - - default default] 10.0.0.170 "GET /v2.0/agents?binary=ovn-controller HTTP/1.1" status: 200 len: 591 time: 0.0598505
2026-02-26 04:02:15.154 9 INFO neutron.api.wsgi [None req-844b5a5f-a63a-42d7-aba0-56d6f8455397 e8c829ecf86546d9959658d74a1c61dd 75112619e90547f0a1d9cb77802a2d29 - - default default] 10.0.0.170 "GET /v2.0/network-ip-availabilities HTTP/1.1" status: 200 len: 1280 time: 0.0119250
2026-02-26 04:02:15.169 9 INFO neutron.api.wsgi [None req-096ae88b-defa-4b82-aa23-392b5cb6b7e0 e8c829ecf86546d9959658d74a1c61dd 75112619e90547f0a1d9cb77802a2d29 - - default default] 10.0.0.170 "GET /v2.0/floatingips HTTP/1.1" status: 200 len: 193 time: 0.0142992
2026-02-26 04:02:15.224 9 INFO neutron.api.wsgi [None req-734bdb55-61cb-48f7-8a99-59d5a3c8ab0b e8c829ecf86546d9959658d74a1c61dd 75112619e90547f0a1d9cb77802a2d29 - - default default] 10.0.0.170 "GET /v2.0/networks HTTP/1.1" status: 200 len: 2350 time: 0.0543311
2026-02-26 04:02:15.271 9 INFO neutron.api.wsgi [None req-853488fe-bb82-47c5-9c21-6cfd11e8518e e8c829ecf86546d9959658d74a1c61dd 75112619e90547f0a1d9cb77802a2d29 - - default default] 10.0.0.170 "GET /v2.0/security-groups HTTP/1.1" status: 200 len: 17578 time: 0.0412731
2026-02-26 04:02:15.291 9 INFO neutron.api.wsgi [None req-bd4fc9c6-ae5d-4f8c-a1fe-82738db2a8a9 e8c829ecf86546d9959658d74a1c61dd 75112619e90547f0a1d9cb77802a2d29 - - default default] 10.0.0.170 "GET /v2.0/agents HTTP/1.1" status: 200 len: 1390 time: 0.0108671
2026-02-26 04:02:15.314 9 INFO neutron.api.wsgi [None req-2c067add-90dd-418d-8a7c-b6832a40ad9c e8c829ecf86546d9959658d74a1c61dd 75112619e90547f0a1d9cb77802a2d29 - - default default] 10.0.0.170 "GET /v2.0/subnets HTTP/1.1" status: 200 len: 1484 time: 0.0222089
2026-02-26 04:02:15.320 9 INFO neutron.api.wsgi [None req-9e8e67f6-7263-449d-93c3-c62fc0eda79a e8c829ecf86546d9959658d74a1c61dd 75112619e90547f0a1d9cb77802a2d29 - - default default] 10.0.0.170 "GET /v2.0/subnetpools HTTP/1.1" status: 200 len: 193 time: 0.0051281
2026-02-26 04:02:15.339 9 INFO neutron.api.wsgi [None req-afefd0b9-b352-4b09-ae3d-4c35b73e04f7 e8c829ecf86546d9959658d74a1c61dd 75112619e90547f0a1d9cb77802a2d29 - - default default] 10.0.0.170 "GET /v2.0/subnets HTTP/1.1" status: 200 len: 1484 time: 0.0180733
2026-02-26 04:02:15.380 9 INFO neutron.api.wsgi [None req-a1d09ec1-4ec6-4e15-aa2c-c9a9e903762c e8c829ecf86546d9959658d74a1c61dd 75112619e90547f0a1d9cb77802a2d29 - - default default] 10.0.0.170 "GET /v2.0/ports HTTP/1.1" status: 200 len: 5351 time: 0.0397191
2026-02-26 04:02:18.719 9 INFO neutron.api.wsgi [-] 10.0.0.95 "GET / HTTP/1.1" status: 200 len: 247 time: 0.0022736
2026-02-26 04:02:18.719 10 INFO neutron.api.wsgi [-] 10.0.0.95 "GET / HTTP/1.1" status: 200 len: 247 time: 0.0025821
2026-02-26 04:02:33.719 10 INFO neutron.api.wsgi [-] 10.0.0.95 "GET / HTTP/1.1" status: 200 len: 247 time: 0.0033681
2026-02-26 04:02:33.719 9 INFO neutron.api.wsgi [-] 10.0.0.95 "GET / HTTP/1.1" status: 200 len: 247 time: 0.0030117
2026-02-26 04:02:48.719 10 INFO neutron.api.wsgi [-] 10.0.0.95 "GET / HTTP/1.1" status: 200 len: 247 time: 0.0027487
2026-02-26 04:02:48.719 9 INFO neutron.api.wsgi [-] 10.0.0.95 "GET / HTTP/1.1" status: 200 len: 247 time: 0.0032167
2026-02-26 04:03:03.719 10 INFO neutron.api.wsgi [-] 10.0.0.95 "GET / HTTP/1.1" status: 200 len: 247 time: 0.0032959
2026-02-26 04:03:03.719 9 INFO neutron.api.wsgi [-] 10.0.0.95 "GET / HTTP/1.1" status: 200 len: 247 time: 0.0029261
2026-02-26 04:03:15.159 9 INFO neutron.api.wsgi [None req-2b54988f-2999-4257-9b7d-8ac786ea2f14 e8c829ecf86546d9959658d74a1c61dd 75112619e90547f0a1d9cb77802a2d29 - - default default] 10.0.0.170 "GET /v2.0/networks HTTP/1.1" status: 200 len: 2350 time: 0.0920463
2026-02-26 04:03:15.196 9 INFO neutron.api.wsgi [None req-2caff7f9-d389-44b9-b47b-a838ff92798a e8c829ecf86546d9959658d74a1c61dd 75112619e90547f0a1d9cb77802a2d29 - - default default] 10.0.0.170 "GET /v2.0/agents HTTP/1.1" status: 200 len: 1390 time: 0.0335801
2026-02-26 04:03:15.206 9 INFO neutron.api.wsgi [None req-a081fa43-e3b9-4bf3-8d3c-bcb919d570f3 e8c829ecf86546d9959658d74a1c61dd 75112619e90547f0a1d9cb77802a2d29 - - default default] 10.0.0.170 "GET /v2.0/network-ip-availabilities HTTP/1.1" status: 200 len: 1280 time: 0.0094280
2026-02-26 04:03:15.224 9 INFO neutron.api.wsgi [None req-2be4b82c-4826-4b50-9051-8c0d9a22359b e8c829ecf86546d9959658d74a1c61dd 75112619e90547f0a1d9cb77802a2d29 - - default default] 10.0.0.170 "GET /v2.0/floatingips HTTP/1.1" status: 200 len: 193 time: 0.0171521
2026-02-26 04:03:15.242 9 INFO neutron.api.wsgi [None req-29aa0385-7098-49d2-8f49-3fa2a78c6bbb e8c829ecf86546d9959658d74a1c61dd 75112619e90547f0a1d9cb77802a2d29 - - default default] 10.0.0.170 "GET /v2.0/subnets HTTP/1.1" status: 200 len: 1484 time: 0.0182784
2026-02-26 04:03:15.284 9 INFO neutron.api.wsgi [None req-bcef9a73-550d-45da-9f95-df088964f9fc e8c829ecf86546d9959658d74a1c61dd 75112619e90547f0a1d9cb77802a2d29 - - default default] 10.0.0.170 "GET /v2.0/ports HTTP/1.1" status: 200 len: 5351 time: 0.0407822
2026-02-26 04:03:15.311 9 INFO neutron.api.wsgi [None req-f27c4a96-364f-432b-9eda-b6d9653dc85f e8c829ecf86546d9959658d74a1c61dd 75112619e90547f0a1d9cb77802a2d29 - - default default] 10.0.0.170 "GET /v2.0/routers HTTP/1.1" status: 200 len: 189 time: 0.0195453
2026-02-26 04:03:15.319 9 INFO neutron.api.wsgi [None req-9cf2e0fe-8619-4d5a-bfe8-da6962016d88 e8c829ecf86546d9959658d74a1c61dd 75112619e90547f0a1d9cb77802a2d29 - - default default] 10.0.0.170 "GET /v2.0/agents?binary=ovn-controller HTTP/1.1" status: 200 len: 591 time: 0.0071688
2026-02-26 04:03:15.341 9 INFO neutron.api.wsgi [None req-6a800f43-b409-42da-a95f-8371719258ed e8c829ecf86546d9959658d74a1c61dd 75112619e90547f0a1d9cb77802a2d29 - - default default] 10.0.0.170 "GET /v2.0/subnets HTTP/1.1" status: 200 len: 1484 time: 0.0210507
2026-02-26 04:03:15.347 9 INFO neutron.api.wsgi [None req-b5176764-a904-4189-b72f-9a22ef282f45 e8c829ecf86546d9959658d74a1c61dd 75112619e90547f0a1d9cb77802a2d29 - - default default] 10.0.0.170 "GET /v2.0/subnetpools HTTP/1.1" status: 200 len: 193 time: 0.0051255
2026-02-26 04:03:15.381 9 INFO neutron.api.wsgi [None req-0c9977af-34a1-4653-8865-e489816c8469 e8c829ecf86546d9959658d74a1c61dd 75112619e90547f0a1d9cb77802a2d29 - - default default] 10.0.0.170 "GET /v2.0/security-groups HTTP/1.1" status: 200 len: 17578 time: 0.0330412
2026-02-26 04:03:18.717 10 INFO neutron.api.wsgi [-] 10.0.0.95 "GET / HTTP/1.1" status: 200 len: 247 time: 0.0015402
2026-02-26 04:03:18.719 10 INFO neutron.api.wsgi [-] 10.0.0.95 "GET / HTTP/1.1" status: 200 len: 247 time: 0.0011854
2026-02-26 04:03:33.719 10 INFO neutron.api.wsgi [-] 10.0.0.95 "GET / HTTP/1.1" status: 200 len: 247 time: 0.0030441
2026-02-26 04:03:33.722 10 INFO neutron.api.wsgi [-] 10.0.0.95 "GET / HTTP/1.1" status: 200 len: 247 time: 0.0022466
2026-02-26 04:03:48.718 10 INFO neutron.api.wsgi [-] 10.0.0.95 "GET / HTTP/1.1" status: 200 len: 247 time: 0.0024288
2026-02-26 04:03:48.721 9 INFO neutron.api.wsgi [-] 10.0.0.95 "GET / HTTP/1.1" status: 200 len: 247 time: 0.0049086
2026-02-26 04:04:03.718 9 INFO neutron.api.wsgi [-] 10.0.0.95 "GET / HTTP/1.1" status: 200 len: 247 time: 0.0021029
2026-02-26 04:04:03.719 10 INFO neutron.api.wsgi [-] 10.0.0.95 "GET / HTTP/1.1" status: 200 len: 247 time: 0.0029364
2026-02-26 04:04:14.982 9 INFO neutron.api.wsgi [None req-220298c3-1ca7-4cf2-a5e1-f75c825d13eb e8c829ecf86546d9959658d74a1c61dd 75112619e90547f0a1d9cb77802a2d29 - - default default] 10.0.0.170 "GET /v2.0/floatingips HTTP/1.1" status: 200 len: 193 time: 0.0563493
2026-02-26 04:04:15.007 9 INFO neutron.api.wsgi [None req-93e6d185-ce4d-4d44-b7e0-706588c467b4 e8c829ecf86546d9959658d74a1c61dd 75112619e90547f0a1d9cb77802a2d29 - - default default] 10.0.0.170 "GET /v2.0/subnets HTTP/1.1" status: 200 len: 1484 time: 0.0245724
2026-02-26 04:04:15.023 9 INFO neutron.api.wsgi [None req-5b25abf7-788d-4025-8ebd-4f401dc21879 e8c829ecf86546d9959658d74a1c61dd 75112619e90547f0a1d9cb77802a2d29 - - default default] 10.0.0.170 "GET /v2.0/routers HTTP/1.1" status: 200 len: 189 time: 0.0138748
2026-02-26 04:04:15.197 9 INFO neutron.api.wsgi [None req-d52df651-6e3b-41e8-98b2-a1600214005b e8c829ecf86546d9959658d74a1c61dd 75112619e90547f0a1d9cb77802a2d29 - - default default] 10.0.0.170 "GET /v2.0/agents?binary=ovn-controller HTTP/1.1" status: 200 len: 591 time: 0.1736622
2026-02-26 04:04:15.232 9 INFO neutron.api.wsgi [None req-bbf0f568-8186-4f70-aef1-6f046f882803 e8c829ecf86546d9959658d74a1c61dd 75112619e90547f0a1d9cb77802a2d29 - - default default] 10.0.0.170 "GET /v2.0/security-groups HTTP/1.1" status: 200 len: 17578 time: 0.0340133
2026-02-26 04:04:15.257 9 INFO neutron.api.wsgi [None req-09dcd3ad-7f0a-40a5-9cf8-20859d3b8cbd e8c829ecf86546d9959658d74a1c61dd 75112619e90547f0a1d9cb77802a2d29 - - default default] 10.0.0.170 "GET /v2.0/network-ip-availabilities HTTP/1.1" status: 200 len: 1280 time: 0.0133979
2026-02-26 04:04:15.267 9 INFO neutron.api.wsgi [None req-96bd906f-4a9a-4aee-9afe-b14e5da35ad2 e8c829ecf86546d9959658d74a1c61dd 75112619e90547f0a1d9cb77802a2d29 - - default default] 10.0.0.170 "GET /v2.0/agents HTTP/1.1" status: 200 len: 1390 time: 0.0091619
2026-02-26 04:04:15.288 9 INFO neutron.api.wsgi [None req-85add5f9-be8a-40b3-a089-f10537e045d4 e8c829ecf86546d9959658d74a1c61dd 75112619e90547f0a1d9cb77802a2d29 - - default default] 10.0.0.170 "GET /v2.0/subnets HTTP/1.1" status: 200 len: 1484 time: 0.0198252
2026-02-26 04:04:15.295 9 INFO neutron.api.wsgi [None req-9575d9a2-7c5f-4fae-b2b6-34034b322576 e8c829ecf86546d9959658d74a1c61dd 75112619e90547f0a1d9cb77802a2d29 - - default default] 10.0.0.170 "GET /v2.0/subnetpools HTTP/1.1" status: 200 len: 193 time: 0.0060124
2026-02-26 04:04:15.333 9 INFO neutron.api.wsgi [None req-4bcc102f-fa8d-4ff8-880f-d0948eb41543 e8c829ecf86546d9959658d74a1c61dd 75112619e90547f0a1d9cb77802a2d29 - - default default] 10.0.0.170 "GET /v2.0/networks HTTP/1.1" status: 200 len: 2350 time: 0.0371873
2026-02-26 04:04:15.381 9 INFO neutron.api.wsgi [None req-45712a74-c522-4e9d-8ddf-01638c59378a e8c829ecf86546d9959658d74a1c61dd 75112619e90547f0a1d9cb77802a2d29 - - default default] 10.0.0.170 "GET /v2.0/ports HTTP/1.1" status: 200 len: 5351 time: 0.0445230
2026-02-26 04:04:18.719 10 INFO neutron.api.wsgi [-] 10.0.0.95 "GET / HTTP/1.1" status: 200 len: 247 time: 0.0025215
2026-02-26 04:04:18.719 9 INFO neutron.api.wsgi [-] 10.0.0.95 "GET / HTTP/1.1" status: 200 len: 247 time: 0.0026803
2026-02-26 04:04:33.719 9 INFO neutron.api.wsgi [-] 10.0.0.95 "GET / HTTP/1.1" status: 200 len: 247 time: 0.0022881
2026-02-26 04:04:33.721 9 INFO neutron.api.wsgi [-] 10.0.0.95 "GET / HTTP/1.1" status: 200 len: 247 time: 0.0019815
2026-02-26 04:04:48.719 10 INFO neutron.api.wsgi [-] 10.0.0.95 "GET / HTTP/1.1" status: 200 len: 247 time: 0.0030789
2026-02-26 04:04:48.719 9 INFO neutron.api.wsgi [-] 10.0.0.95 "GET / HTTP/1.1" status: 200 len: 247 time: 0.0024004
2026-02-26 04:05:03.718 10 INFO neutron.api.wsgi [-] 10.0.0.95 "GET / HTTP/1.1" status: 200 len: 247 time: 0.0023651
2026-02-26 04:05:03.718 9 INFO neutron.api.wsgi [-] 10.0.0.95 "GET / HTTP/1.1" status: 200 len: 247 time: 0.0024233
2026-02-26 04:05:15.153 9 INFO neutron.api.wsgi [None req-fb743d29-8975-43fe-bfb3-6c765a5c1480 e8c829ecf86546d9959658d74a1c61dd 75112619e90547f0a1d9cb77802a2d29 - - default default] 10.0.0.170 "GET /v2.0/ports HTTP/1.1" status: 200 len: 5351 time: 0.1058185
2026-02-26 04:05:15.172 9 INFO neutron.api.wsgi [None req-17e808ab-2f90-41c3-af79-788ca3a1ae53 e8c829ecf86546d9959658d74a1c61dd 75112619e90547f0a1d9cb77802a2d29 - - default default] 10.0.0.170 "GET /v2.0/routers HTTP/1.1" status: 200 len: 189 time: 0.0160978
2026-02-26 04:05:15.204 9 INFO neutron.api.wsgi [None req-82c69a98-c784-47dc-afb0-0ac4a115bbeb e8c829ecf86546d9959658d74a1c61dd 75112619e90547f0a1d9cb77802a2d29 - - default default] 10.0.0.170 "GET /v2.0/agents?binary=ovn-controller HTTP/1.1" status: 200 len: 591 time: 0.0314553
2026-02-26 04:05:15.218 9 INFO neutron.api.wsgi [None req-283389be-5f2f-4fc8-ac06-ccbbb217ce57 e8c829ecf86546d9959658d74a1c61dd 75112619e90547f0a1d9cb77802a2d29 - - default default] 10.0.0.170 "GET /v2.0/floatingips HTTP/1.1" status: 200 len: 193 time: 0.0131607
2026-02-26 04:05:15.258 9 INFO neutron.api.wsgi [None req-9ee1b1ff-da3a-4767-8d17-51ac32cdcc41 e8c829ecf86546d9959658d74a1c61dd 75112619e90547f0a1d9cb77802a2d29 - - default default] 10.0.0.170 "GET /v2.0/networks HTTP/1.1" status: 200 len: 2350 time: 0.0392878
2026-02-26 04:05:15.269 9 INFO neutron.api.wsgi [None req-461c7be7-1da1-4823-872b-2fd93ad12763 e8c829ecf86546d9959658d74a1c61dd 75112619e90547f0a1d9cb77802a2d29 - - default default] 10.0.0.170 "GET /v2.0/agents HTTP/1.1" status: 200 len: 1390 time: 0.0070224
2026-02-26 04:05:15.292 9 INFO neutron.api.wsgi [None req-93a0a0e9-6ff9-4025-ae46-da5a5e3e25a8 e8c829ecf86546d9959658d74a1c61dd 75112619e90547f0a1d9cb77802a2d29 - - default default] 10.0.0.170 "GET /v2.0/subnets HTTP/1.1" status: 200 len: 1484 time: 0.0224648
2026-02-26 04:05:15.309 9 INFO neutron.api.wsgi [None req-81ac88ae-e951-43d3-aa5c-728db67e4f0c e8c829ecf86546d9959658d74a1c61dd 75112619e90547f0a1d9cb77802a2d29 - - default default] 10.0.0.170 "GET /v2.0/subnetpools HTTP/1.1" status: 200 len: 193 time: 0.0161059
2026-02-26 04:05:15.348 9 INFO neutron.api.wsgi [None req-0541299e-c402-4c7c-ae05-e52d146cf262 e8c829ecf86546d9959658d74a1c61dd 75112619e90547f0a1d9cb77802a2d29 - - default default] 10.0.0.170 "GET /v2.0/security-groups HTTP/1.1" status: 200 len: 17578 time: 0.0379505
2026-02-26 04:05:15.365 9 INFO neutron.api.wsgi [None req-8a4def6a-04ed-46e5-8c4d-25178d057ef7 e8c829ecf86546d9959658d74a1c61dd 75112619e90547f0a1d9cb77802a2d29 - - default default] 10.0.0.170 "GET /v2.0/network-ip-availabilities HTTP/1.1" status: 200 len: 1280 time: 0.0107577
2026-02-26 04:05:15.387 9 INFO neutron.api.wsgi [None req-66ccc27c-188d-441e-9787-2692265d5aa9 e8c829ecf86546d9959658d74a1c61dd 75112619e90547f0a1d9cb77802a2d29 - - default default] 10.0.0.170 "GET /v2.0/subnets HTTP/1.1" status: 200 len: 1484 time: 0.0208161
2026-02-26 04:05:18.717 9 INFO neutron.api.wsgi [-] 10.0.0.95 "GET / HTTP/1.1" status: 200 len: 247 time: 0.0015478
2026-02-26 04:05:18.719 10 INFO neutron.api.wsgi [-] 10.0.0.95 "GET / HTTP/1.1" status: 200 len: 247 time: 0.0024796
2026-02-26 04:05:33.718 9 INFO neutron.api.wsgi [-] 10.0.0.95 "GET / HTTP/1.1" status: 200 len: 247 time: 0.0012763
2026-02-26 04:05:33.719 9 INFO neutron.api.wsgi [-] 10.0.0.95 "GET / HTTP/1.1" status: 200 len: 247 time: 0.0009108
2026-02-26 04:05:48.718 9 INFO neutron.api.wsgi [-] 10.0.0.95 "GET / HTTP/1.1" status: 200 len: 247 time: 0.0017834
2026-02-26 04:05:48.719 10 INFO neutron.api.wsgi [-] 10.0.0.95 "GET / HTTP/1.1" status: 200 len: 247 time: 0.0023468
2026-02-26 04:06:03.718 10 INFO neutron.api.wsgi [-] 10.0.0.95 "GET / HTTP/1.1" status: 200 len: 247 time: 0.0022893
2026-02-26 04:06:03.722 10 INFO neutron.api.wsgi [-] 10.0.0.95 "GET / HTTP/1.1" status: 200 len: 247 time: 0.0024149
2026-02-26 04:06:15.097 9 INFO neutron.api.wsgi [None req-e8c5c6f0-6327-440d-a17f-59ed85fc9892 e8c829ecf86546d9959658d74a1c61dd 75112619e90547f0a1d9cb77802a2d29 - - default default] 10.0.0.170 "GET /v2.0/subnets HTTP/1.1" status: 200 len: 1484 time: 0.0700500
2026-02-26 04:06:15.110 9 INFO neutron.api.wsgi [None req-dd798801-3354-41a4-bcc3-0ceb48cf6ebc e8c829ecf86546d9959658d74a1c61dd 75112619e90547f0a1d9cb77802a2d29 - - default default] 10.0.0.170 "GET /v2.0/subnetpools HTTP/1.1" status: 200 len: 193 time: 0.0121629
2026-02-26 04:06:15.177 9 INFO neutron.api.wsgi [None req-046a0e60-dd78-479d-b7fb-290cc58df075 e8c829ecf86546d9959658d74a1c61dd 75112619e90547f0a1d9cb77802a2d29 - - default default] 10.0.0.170 "GET /v2.0/networks HTTP/1.1" status: 200 len: 2350 time: 0.0665364
2026-02-26 04:06:15.201 9 INFO neutron.api.wsgi [None req-c430c7a4-4f99-46b9-9679-4645ac11c948 e8c829ecf86546d9959658d74a1c61dd 75112619e90547f0a1d9cb77802a2d29 - - default default] 10.0.0.170 "GET /v2.0/subnets HTTP/1.1" status: 200 len: 1484 time: 0.0222847
2026-02-26 04:06:15.251 9 INFO neutron.api.wsgi [None req-b0c0a798-744a-4ce2-bb71-3f7839ad649c e8c829ecf86546d9959658d74a1c61dd 75112619e90547f0a1d9cb77802a2d29 - - default default] 10.0.0.170 "GET /v2.0/agents HTTP/1.1" status: 200 len: 1390 time: 0.0491409
2026-02-26 04:06:15.297 9 INFO neutron.api.wsgi [None req-ca8f979e-556a-4f8d-9c1c-8f8415a590ae e8c829ecf86546d9959658d74a1c61dd 75112619e90547f0a1d9cb77802a2d29 - - default default] 10.0.0.170 "GET /v2.0/ports HTTP/1.1" status: 200 len: 5351 time: 0.0416567
2026-02-26 04:06:15.318 9 INFO neutron.api.wsgi [None req-74e548e8-95ea-4369-84f9-1f858c0bb769 e8c829ecf86546d9959658d74a1c61dd 75112619e90547f0a1d9cb77802a2d29 - - default default] 10.0.0.170 "GET /v2.0/floatingips HTTP/1.1" status: 200 len: 193 time: 0.0157943
2026-02-26 04:06:15.360 9 INFO neutron.api.wsgi [None req-b0d2c69c-2d14-4501-83a3-4f9da0257a9a e8c829ecf86546d9959658d74a1c61dd 75112619e90547f0a1d9cb77802a2d29 - - default default] 10.0.0.170 "GET /v2.0/security-groups HTTP/1.1" status: 200 len: 17578 time: 0.0415010
2026-02-26 04:06:15.377 9 INFO neutron.api.wsgi [None req-db59c0ae-32e8-4ea4-9568-0355b4a4dc34 e8c829ecf86546d9959658d74a1c61dd 75112619e90547f0a1d9cb77802a2d29 - - default default] 10.0.0.170 "GET /v2.0/network-ip-availabilities HTTP/1.1" status: 200 len: 1280 time: 0.0114448
2026-02-26 04:06:15.393 9 INFO neutron.api.wsgi [None req-7ae9fa49-38d9-4ef6-bb58-ae9b12e503ee e8c829ecf86546d9959658d74a1c61dd 75112619e90547f0a1d9cb77802a2d29 - - default default] 10.0.0.170 "GET /v2.0/routers HTTP/1.1" status: 200 len: 189 time: 0.0148928
2026-02-26 04:06:15.400 9 INFO neutron.api.wsgi [None req-f44dd6d3-4053-4318-8058-28738a104aeb e8c829ecf86546d9959658d74a1c61dd 75112619e90547f0a1d9cb77802a2d29 - - default default] 10.0.0.170 "GET /v2.0/agents?binary=ovn-controller HTTP/1.1" status: 200 len: 591 time: 0.0064938
2026-02-26 04:06:18.719 10 INFO neutron.api.wsgi [-] 10.0.0.95 "GET / HTTP/1.1" status: 200 len: 247 time: 0.0025496
2026-02-26 04:06:18.719 9 INFO neutron.api.wsgi [-] 10.0.0.95 "GET / HTTP/1.1" status: 200 len: 247 time: 0.0030711
2026-02-26 04:06:33.719 9 INFO neutron.api.wsgi [-] 10.0.0.95 "GET / HTTP/1.1" status: 200 len: 247 time: 0.0025501
2026-02-26 04:06:33.720 10 INFO neutron.api.wsgi [-] 10.0.0.95 "GET / HTTP/1.1" status: 200 len: 247 time: 0.0029669
2026-02-26 04:06:48.720 9 INFO neutron.api.wsgi [-] 10.0.0.95 "GET / HTTP/1.1" status: 200 len: 247 time: 0.0036216
2026-02-26 04:06:48.721 10 INFO neutron.api.wsgi [-] 10.0.0.95 "GET / HTTP/1.1" status: 200 len: 247 time: 0.0043824
2026-02-26 04:07:03.718 9 INFO neutron.api.wsgi [-] 10.0.0.95 "GET / HTTP/1.1" status: 200 len: 247 time: 0.0024145
2026-02-26 04:07:03.718 10 INFO neutron.api.wsgi [-] 10.0.0.95 "GET / HTTP/1.1" status: 200 len: 247 time: 0.0024724
2026-02-26 04:07:15.049 9 INFO neutron.api.wsgi [None req-72144d20-ddda-4ca2-921c-41e90d928117 e8c829ecf86546d9959658d74a1c61dd 75112619e90547f0a1d9cb77802a2d29 - - default default] 10.0.0.170 "GET /v2.0/agents HTTP/1.1" status: 200 len: 1390 time: 0.1082921
2026-02-26 04:07:15.062 9 INFO neutron.api.wsgi [None req-d97103e1-21e9-419d-a49c-f5e7be1ca2a7 e8c829ecf86546d9959658d74a1c61dd 75112619e90547f0a1d9cb77802a2d29 - - default default] 10.0.0.170 "GET /v2.0/floatingips HTTP/1.1" status: 200 len: 193 time: 0.0125463
2026-02-26 04:07:15.087 9 INFO neutron.api.wsgi [None req-25c1ff5f-518a-4e74-b26b-b3a4b5509381 e8c829ecf86546d9959658d74a1c61dd 75112619e90547f0a1d9cb77802a2d29 - - default default] 10.0.0.170 "GET /v2.0/subnets HTTP/1.1" status: 200 len: 1484 time: 0.0240595
2026-02-26 04:07:15.151 9 INFO neutron.api.wsgi [None req-4b6fca12-1be8-4207-a332-e7f1dac16bd2 e8c829ecf86546d9959658d74a1c61dd 75112619e90547f0a1d9cb77802a2d29 - - default default] 10.0.0.170 "GET /v2.0/networks HTTP/1.1" status: 200 len: 2350 time: 0.0626447
2026-02-26 04:07:15.202 9 INFO neutron.api.wsgi [None req-148c6ec1-23e6-4f56-bb66-99d589976aff e8c829ecf86546d9959658d74a1c61dd 75112619e90547f0a1d9cb77802a2d29 - - default default] 10.0.0.170 "GET /v2.0/security-groups HTTP/1.1" status: 200 len: 17578 time: 0.0484767
2026-02-26 04:07:15.249 9 INFO neutron.api.wsgi [None req-778659c3-e91d-4f74-99fe-6c53b2f2125c e8c829ecf86546d9959658d74a1c61dd 75112619e90547f0a1d9cb77802a2d29 - - default default] 10.0.0.170 "GET /v2.0/ports HTTP/1.1" status: 200 len: 5351 time: 0.0425332
2026-02-26 04:07:15.282 9 INFO neutron.api.wsgi [None req-f9afcd25-0ada-4217-a2e6-7efad4554698 e8c829ecf86546d9959658d74a1c61dd 75112619e90547f0a1d9cb77802a2d29 - - default default] 10.0.0.170 "GET /v2.0/subnets HTTP/1.1" status: 200 len: 1484 time: 0.0243621
2026-02-26 04:07:15.291 9 INFO neutron.api.wsgi [None req-7f9740e5-15e9-443f-8b9f-540204dc93c6 e8c829ecf86546d9959658d74a1c61dd 75112619e90547f0a1d9cb77802a2d29 - - default default] 10.0.0.170 "GET /v2.0/subnetpools HTTP/1.1" status: 200 len: 193 time: 0.0077260
2026-02-26 04:07:15.300 9 INFO neutron.api.wsgi [None req-788dc788-4eba-4550-b5c0-dc91211a87bd e8c829ecf86546d9959658d74a1c61dd 75112619e90547f0a1d9cb77802a2d29 - - default default] 10.0.0.170 "GET /v2.0/network-ip-availabilities HTTP/1.1" status: 200 len: 1280 time: 0.0087905
2026-02-26 04:07:15.312 9 INFO neutron.api.wsgi [None req-76f26342-9ce7-452a-b4d0-591be353d3e3 e8c829ecf86546d9959658d74a1c61dd 75112619e90547f0a1d9cb77802a2d29 - - default default] 10.0.0.170 "GET /v2.0/routers HTTP/1.1" status: 200 len: 189 time: 0.0114605
2026-02-26 04:07:15.322 9 INFO neutron.api.wsgi [None req-5fe9d415-80a5-4470-8afd-7a07f982808b e8c829ecf86546d9959658d74a1c61dd 75112619e90547f0a1d9cb77802a2d29 - - default default] 10.0.0.170 "GET /v2.0/agents?binary=ovn-controller HTTP/1.1" status: 200 len: 591 time: 0.0088267
2026-02-26 04:07:18.717 10 INFO neutron.api.wsgi [-] 10.0.0.95 "GET / HTTP/1.1" status: 200 len: 247 time: 0.0018666
2026-02-26 04:07:18.719 9 INFO neutron.api.wsgi [-] 10.0.0.95 "GET / HTTP/1.1" status: 200 len: 247 time: 0.0028660
2026-02-26 04:07:33.718 9 INFO neutron.api.wsgi [-] 10.0.0.95 "GET / HTTP/1.1" status: 200 len: 247 time: 0.0022764
