2026-02-26 04:17:40.172 9 INFO neutron.api.wsgi [None req-98f32de4-46b1-45be-b631-8c427d221d5c 57935f74759a4e45bb18e8a8e6d45829 d6241dabf60e4fd9b30543a4ddc9a94b - - default default] 10.0.0.64 "PUT /v2.0/networks/57395799-3547-4626-9105-8bab37d228d9/tags/black.or.white HTTP/1.1" status: 201 len: 201 time: 0.0329254
2026-02-26 04:17:40.180 10 INFO neutron.api.wsgi [None req-44193755-9a40-40f7-846b-25477c412bfb e8c829ecf86546d9959658d74a1c61dd 75112619e90547f0a1d9cb77802a2d29 - - default default] 10.0.0.64 "DELETE /v2.0/subnets/3e7ae9e2-0583-4d87-95b0-aef7ebc215b6 HTTP/1.1" status: 204 len: 168 time: 0.1400831
2026-02-26 04:17:40.208 9 INFO neutron.api.wsgi [None req-d672a0f1-4be4-43e0-bce7-f0fc20264d65 57935f74759a4e45bb18e8a8e6d45829 d6241dabf60e4fd9b30543a4ddc9a94b - - default default] 10.0.0.64 "GET /v2.0/networks/57395799-3547-4626-9105-8bab37d228d9/tags HTTP/1.1" status: 200 len: 245 time: 0.0316412
2026-02-26 04:17:40.251 10 INFO neutron.api.wsgi [None req-e853f883-b756-4810-b9a0-2cf65cb0d87c 57935f74759a4e45bb18e8a8e6d45829 d6241dabf60e4fd9b30543a4ddc9a94b - - default default] 10.0.0.64 "PUT /v2.0/networks/57395799-3547-4626-9105-8bab37d228d9/tags HTTP/1.1" status: 200 len: 230 time: 0.0391018
2026-02-26 04:17:40.280 10 INFO neutron.api.wsgi [None req-325fa4af-aba4-4156-b501-c042f396396e 57935f74759a4e45bb18e8a8e6d45829 d6241dabf60e4fd9b30543a4ddc9a94b - - default default] 10.0.0.64 "GET /v2.0/networks/57395799-3547-4626-9105-8bab37d228d9/tags HTTP/1.1" status: 200 len: 230 time: 0.0245283
2026-02-26 04:17:40.307 10 INFO neutron.api.wsgi [None req-8d804c69-a34a-481e-bb7b-68d9fe1f002c 57935f74759a4e45bb18e8a8e6d45829 d6241dabf60e4fd9b30543a4ddc9a94b - - default default] 10.0.0.64 "GET /v2.0/networks/57395799-3547-4626-9105-8bab37d228d9/tags/red HTTP/1.1" status: 204 len: 168 time: 0.0233915
2026-02-26 04:17:40.349 9 INFO neutron.api.v2.resource [None req-704ec1a9-fb1c-48e5-80ec-4f632539f717 57935f74759a4e45bb18e8a8e6d45829 d6241dabf60e4fd9b30543a4ddc9a94b - - default default] show failed (client error): The resource could not be found.
2026-02-26 04:17:40.350 9 INFO neutron.api.wsgi [None req-704ec1a9-fb1c-48e5-80ec-4f632539f717 57935f74759a4e45bb18e8a8e6d45829 d6241dabf60e4fd9b30543a4ddc9a94b - - default default] 10.0.0.64 "GET /v2.0/networks/57395799-3547-4626-9105-8bab37d228d9/tags/green HTTP/1.1" status: 404 len: 299 time: 0.0375867
2026-02-26 04:17:40.383 10 INFO neutron.api.wsgi [None req-11ee7525-87e9-4778-a44e-896dc43660fc 57935f74759a4e45bb18e8a8e6d45829 d6241dabf60e4fd9b30543a4ddc9a94b - - default default] 10.0.0.64 "DELETE /v2.0/networks/57395799-3547-4626-9105-8bab37d228d9/tags/red HTTP/1.1" status: 204 len: 168 time: 0.0296421
2026-02-26 04:17:40.413 10 INFO neutron.api.wsgi [None req-a285020d-9e33-43d4-b0f2-b25c341897de 57935f74759a4e45bb18e8a8e6d45829 d6241dabf60e4fd9b30543a4ddc9a94b - - default default] 10.0.0.64 "GET /v2.0/networks/57395799-3547-4626-9105-8bab37d228d9/tags HTTP/1.1" status: 200 len: 223 time: 0.0242813
2026-02-26 04:17:40.443 10 INFO neutron.api.v2.resource [None req-0a63e089-704a-45c6-b7f4-341ba7c155a7 57935f74759a4e45bb18e8a8e6d45829 d6241dabf60e4fd9b30543a4ddc9a94b - - default default] delete failed (client error): The resource could not be found.
2026-02-26 04:17:40.444 10 INFO neutron.api.wsgi [None req-0a63e089-704a-45c6-b7f4-341ba7c155a7 57935f74759a4e45bb18e8a8e6d45829 d6241dabf60e4fd9b30543a4ddc9a94b - - default default] 10.0.0.64 "DELETE /v2.0/networks/57395799-3547-4626-9105-8bab37d228d9/tags/green HTTP/1.1" status: 404 len: 299 time: 0.0264697
2026-02-26 04:17:40.494 10 INFO neutron.api.wsgi [None req-2f127090-5d15-4977-8450-cc5c615037dc 57935f74759a4e45bb18e8a8e6d45829 d6241dabf60e4fd9b30543a4ddc9a94b - - default default] 10.0.0.64 "DELETE /v2.0/networks/57395799-3547-4626-9105-8bab37d228d9/tags HTTP/1.1" status: 204 len: 168 time: 0.0452039
2026-02-26 04:17:40.502 9 INFO neutron.services.segments.plugin [-] Segment 70b77af1-5677-4a43-8185-095b8df2a192 resource provider aggregate not found
2026-02-26 04:17:40.506 9 INFO neutron.services.segments.plugin [-] Segment 70b77af1-5677-4a43-8185-095b8df2a192 resource provider aggregate not found
2026-02-26 04:17:40.514 9 INFO neutron.services.segments.plugin [-] Segment 70b77af1-5677-4a43-8185-095b8df2a192 resource provider not found; error: Placement Client Error (4xx): {"errors": [{"status": 404, "title": "Not Found", "detail": "The resource could not be found.\n\n No resource provider with uuid 70b77af1-5677-4a43-8185-095b8df2a192 found for delete ", "request_id": "req-71548b06-75b2-4033-8c9e-8013c5f26696"}]}
2026-02-26 04:17:40.519 9 INFO neutron.services.segments.plugin [-] Segment 70b77af1-5677-4a43-8185-095b8df2a192 resource provider not found; error: Placement Client Error (4xx): {"errors": [{"status": 404, "title": "Not Found", "detail": "The resource could not be found.\n\n No resource provider with uuid 70b77af1-5677-4a43-8185-095b8df2a192 found for delete ", "request_id": "req-24adf9a1-4e01-4ba1-9c6a-a570353d486d"}]}
2026-02-26 04:17:40.530 10 INFO neutron.api.wsgi [None req-b216ad96-b1cb-4697-b37c-a1f763154425 57935f74759a4e45bb18e8a8e6d45829 d6241dabf60e4fd9b30543a4ddc9a94b - - default default] 10.0.0.64 "GET /v2.0/networks/57395799-3547-4626-9105-8bab37d228d9/tags HTTP/1.1" status: 200 len: 205 time: 0.0334079
2026-02-26 04:17:40.538 9 INFO neutron.api.wsgi [None req-acf1af15-1462-47f6-ba57-863f55155404 e8c829ecf86546d9959658d74a1c61dd 75112619e90547f0a1d9cb77802a2d29 - - default default] 10.0.0.64 "DELETE /v2.0/networks/0c6136b0-8444-421b-8fcb-b67d160619a0 HTTP/1.1" status: 204 len: 168 time: 0.3520713
2026-02-26 04:17:40.720 9 INFO neutron.api.wsgi [None req-3f51642d-cda0-4ecd-99f9-f8046c4a838b e8c829ecf86546d9959658d74a1c61dd 75112619e90547f0a1d9cb77802a2d29 - - default default] 10.0.0.64 "GET /v2.0/security-groups?tenant_id=23ea44f377e24e83b361cad956f98f08&name=default HTTP/1.1" status: 200 len: 3120 time: 0.0328221
2026-02-26 04:17:40.849 10 INFO neutron.services.segments.plugin [-] Segment bdcf38f9-c373-4f2b-8851-8dd02d1f810a resource provider aggregate not found
2026-02-26 04:17:40.853 10 INFO neutron.services.segments.plugin [-] Segment bdcf38f9-c373-4f2b-8851-8dd02d1f810a resource provider aggregate not found
2026-02-26 04:17:40.862 10 INFO neutron.services.segments.plugin [-] Segment bdcf38f9-c373-4f2b-8851-8dd02d1f810a resource provider not found; error: Placement Client Error (4xx): {"errors": [{"status": 404, "title": "Not Found", "detail": "The resource could not be found.\n\n No resource provider with uuid bdcf38f9-c373-4f2b-8851-8dd02d1f810a found for delete ", "request_id": "req-363e70c7-34c7-4120-b0f1-a7d959354677"}]}
2026-02-26 04:17:40.867 10 INFO neutron.services.segments.plugin [-] Segment bdcf38f9-c373-4f2b-8851-8dd02d1f810a resource provider not found; error: Placement Client Error (4xx): {"errors": [{"status": 404, "title": "Not Found", "detail": "The resource could not be found.\n\n No resource provider with uuid bdcf38f9-c373-4f2b-8851-8dd02d1f810a found for delete ", "request_id": "req-f9dabd4d-0867-498e-915b-156fa5371dad"}]}
2026-02-26 04:17:40.900 10 INFO neutron.api.wsgi [None req-bb7f8572-8966-428f-af02-36c92fa0d85d 57935f74759a4e45bb18e8a8e6d45829 d6241dabf60e4fd9b30543a4ddc9a94b - - default default] 10.0.0.64 "DELETE /v2.0/networks/57395799-3547-4626-9105-8bab37d228d9 HTTP/1.1" status: 204 len: 168 time: 0.3641965
2026-02-26 04:17:40.916 9 INFO neutron.api.wsgi [None req-629fa3d2-3774-4d6b-8c3c-9871494b3624 e8c829ecf86546d9959658d74a1c61dd 75112619e90547f0a1d9cb77802a2d29 - - default default] 10.0.0.64 "DELETE /v2.0/security-groups/675671bf-3883-45cd-bab1-8965817af9b4 HTTP/1.1" status: 204 len: 168 time: 0.1932397
2026-02-26 04:17:41.590 10 INFO neutron.api.wsgi [None req-4d455aea-ee05-4032-b374-a8c34ed571bc e8c829ecf86546d9959658d74a1c61dd 75112619e90547f0a1d9cb77802a2d29 - - default default] 10.0.0.64 "GET /v2.0/security-groups?tenant_id=d6241dabf60e4fd9b30543a4ddc9a94b&name=default HTTP/1.1" status: 200 len: 3120 time: 0.1136696
2026-02-26 04:17:41.825 10 INFO neutron.api.wsgi [None req-5cf9c49f-f880-47af-a4d6-2c499b9f20ae e8c829ecf86546d9959658d74a1c61dd 75112619e90547f0a1d9cb77802a2d29 - - default default] 10.0.0.64 "DELETE /v2.0/security-groups/a67a7fe5-99d7-4ff9-a4b4-27904d23498c HTTP/1.1" status: 204 len: 168 time: 0.2280643
2026-02-26 04:17:42.069 9 INFO neutron.db.ovn_revision_numbers_db [None req-3ef1aa27-878a-48a6-8cd8-52c9beb9ce96 e8c829ecf86546d9959658d74a1c61dd 75112619e90547f0a1d9cb77802a2d29 - - default default] Successfully bumped revision number for resource 23849506-50f3-41a1-9a51-f5c8ce01bbb6 (type: security_groups) to 1
2026-02-26 04:17:42.103 9 INFO neutron.db.ovn_revision_numbers_db [None req-3ef1aa27-878a-48a6-8cd8-52c9beb9ce96 e8c829ecf86546d9959658d74a1c61dd 75112619e90547f0a1d9cb77802a2d29 - - default default] Successfully bumped revision number for resource 39551a9f-2dd5-4baa-936a-a323f8bd8595 (type: security_group_rules) to 0
2026-02-26 04:17:42.123 9 INFO neutron.db.ovn_revision_numbers_db [None req-3ef1aa27-878a-48a6-8cd8-52c9beb9ce96 e8c829ecf86546d9959658d74a1c61dd 75112619e90547f0a1d9cb77802a2d29 - - default default] Successfully bumped revision number for resource 6ad72ebc-e214-4e1a-9ad8-753be3bda8d6 (type: security_group_rules) to 0
2026-02-26 04:17:42.135 9 INFO neutron.db.ovn_revision_numbers_db [None req-3ef1aa27-878a-48a6-8cd8-52c9beb9ce96 e8c829ecf86546d9959658d74a1c61dd 75112619e90547f0a1d9cb77802a2d29 - - default default] Successfully bumped revision number for resource 7b064cc6-88cd-4e11-ac50-632dccbe2d49 (type: security_group_rules) to 0
2026-02-26 04:17:42.147 9 INFO neutron.db.ovn_revision_numbers_db [None req-3ef1aa27-878a-48a6-8cd8-52c9beb9ce96 e8c829ecf86546d9959658d74a1c61dd 75112619e90547f0a1d9cb77802a2d29 - - default default] Successfully bumped revision number for resource de236ac5-b67a-45c6-8e01-9bbf4824aca9 (type: security_group_rules) to 0
2026-02-26 04:17:42.184 9 INFO neutron.api.wsgi [None req-3ef1aa27-878a-48a6-8cd8-52c9beb9ce96 e8c829ecf86546d9959658d74a1c61dd 75112619e90547f0a1d9cb77802a2d29 - - default default] 10.0.0.64 "GET /v2.0/security-groups?tenant_id=199c5f0099064a91aa475433551427fd&name=default HTTP/1.1" status: 200 len: 3120 time: 0.2599854
2026-02-26 04:17:42.389 9 INFO neutron.api.wsgi [None req-4da8781f-93b3-4c25-a9bd-03ccdc160311 e8c829ecf86546d9959658d74a1c61dd 75112619e90547f0a1d9cb77802a2d29 - - default default] 10.0.0.64 "DELETE /v2.0/security-groups/23849506-50f3-41a1-9a51-f5c8ce01bbb6 HTTP/1.1" status: 204 len: 168 time: 0.1985009
2026-02-26 04:17:44.382 9 INFO neutron.api.wsgi [req-9112e742-e6ca-4331-a3f3-0938d7234807 req-0d72f6fb-ea1b-4bec-bfd7-4982896f3b7a ed81b0baa6dc41ecab55bde9293e1c65 0997eb8867154e38ac002d84ce07617f - - eac6e0f04e8d43b8b30ebcfee323c3e3 eac6e0f04e8d43b8b30ebcfee323c3e3] 10.0.0.188 "GET /v2.0/ports?device_id=a8ee4fb4-dcc0-45c2-97d7-03bfaeb69696 HTTP/1.1" status: 200 len: 1409 time: 0.0354564
2026-02-26 04:17:44.418 9 INFO neutron.api.wsgi [req-9112e742-e6ca-4331-a3f3-0938d7234807 req-c54a444b-64ed-40bb-b13c-b9f40c88e60a ed81b0baa6dc41ecab55bde9293e1c65 0997eb8867154e38ac002d84ce07617f - - eac6e0f04e8d43b8b30ebcfee323c3e3 eac6e0f04e8d43b8b30ebcfee323c3e3] 10.0.0.188 "GET /v2.0/security-groups?id=787b4c64-6721-475f-9726-374b49ae53c3&fields=id&fields=name HTTP/1.1" status: 200 len: 312 time: 0.0299778
2026-02-26 04:17:45.658 10 INFO neutron.api.wsgi [None req-695eb17d-4dc4-4e0f-a3d8-1bdbffe0d355 1302ff8226164809bdc5792360e8cb0c 99ef9ed236004bd7b4376710e2d96d17 - - default default] 10.0.0.64 "POST /v2.0/qos/policies HTTP/1.1" status: 201 len: 558 time: 0.1694396
2026-02-26 04:17:45.686 10 INFO neutron.api.wsgi [None req-4fc1063f-14b2-4e68-ac03-467a8d3f25e3 1302ff8226164809bdc5792360e8cb0c 99ef9ed236004bd7b4376710e2d96d17 - - default default] 10.0.0.64 "PUT /v2.0/policies/0cbd6d52-1f6e-44c2-9808-15887cd1c396/tags HTTP/1.1" status: 200 len: 218 time: 0.0226562
2026-02-26 04:17:45.706 10 INFO neutron.api.wsgi [None req-7248161a-f612-4660-8b41-d7409ff1b9bc 1302ff8226164809bdc5792360e8cb0c 99ef9ed236004bd7b4376710e2d96d17 - - default default] 10.0.0.64 "GET /v2.0/policies/0cbd6d52-1f6e-44c2-9808-15887cd1c396/tags HTTP/1.1" status: 200 len: 218 time: 0.0147157
2026-02-26 04:17:45.736 10 INFO neutron.api.wsgi [None req-527a96dd-34a4-4426-aff3-cc3a8d22d624 1302ff8226164809bdc5792360e8cb0c 99ef9ed236004bd7b4376710e2d96d17 - - default default] 10.0.0.64 "PUT /v2.0/policies/0cbd6d52-1f6e-44c2-9808-15887cd1c396/tags/green HTTP/1.1" status: 201 len: 201 time: 0.0246558
2026-02-26 04:17:45.758 10 INFO neutron.api.wsgi [None req-9871fd15-60f7-4841-928f-7d41ca61a8a3 1302ff8226164809bdc5792360e8cb0c 99ef9ed236004bd7b4376710e2d96d17 - - default default] 10.0.0.64 "GET /v2.0/policies/0cbd6d52-1f6e-44c2-9808-15887cd1c396/tags HTTP/1.1" status: 200 len: 227 time: 0.0155356
2026-02-26 04:17:45.776 10 INFO neutron.api.wsgi [None req-ca49e205-0b65-48c6-8c2e-b62d0c6fddfa 1302ff8226164809bdc5792360e8cb0c 99ef9ed236004bd7b4376710e2d96d17 - - default default] 10.0.0.64 "PUT /v2.0/policies/0cbd6d52-1f6e-44c2-9808-15887cd1c396/tags/red HTTP/1.1" status: 201 len: 201 time: 0.0143261
2026-02-26 04:17:45.795 10 INFO neutron.api.wsgi [None req-745b6f26-ba69-4958-b4b7-db816f302cb1 1302ff8226164809bdc5792360e8cb0c 99ef9ed236004bd7b4376710e2d96d17 - - default default] 10.0.0.64 "GET /v2.0/policies/0cbd6d52-1f6e-44c2-9808-15887cd1c396/tags HTTP/1.1" status: 200 len: 227 time: 0.0123219
2026-02-26 04:17:45.827 10 INFO neutron.api.wsgi [None req-09e70144-d8ec-4705-9feb-a987791a7e80 1302ff8226164809bdc5792360e8cb0c 99ef9ed236004bd7b4376710e2d96d17 - - default default] 10.0.0.64 "PUT /v2.0/policies/0cbd6d52-1f6e-44c2-9808-15887cd1c396/tags/black.or.white HTTP/1.1" status: 201 len: 201 time: 0.0270433
2026-02-26 04:17:45.848 10 INFO neutron.api.wsgi [None req-55e891a0-8392-4e60-a857-62266621dd04 1302ff8226164809bdc5792360e8cb0c 99ef9ed236004bd7b4376710e2d96d17 - - default default] 10.0.0.64 "GET /v2.0/policies/0cbd6d52-1f6e-44c2-9808-15887cd1c396/tags HTTP/1.1" status: 200 len: 245 time: 0.0149634
2026-02-26 04:17:45.874 10 INFO neutron.api.wsgi [None req-21b45a82-a758-4170-8583-6c3b805201f4 1302ff8226164809bdc5792360e8cb0c 99ef9ed236004bd7b4376710e2d96d17 - - default default] 10.0.0.64 "PUT /v2.0/policies/0cbd6d52-1f6e-44c2-9808-15887cd1c396/tags HTTP/1.1" status: 200 len: 230 time: 0.0221963
2026-02-26 04:17:45.902 10 INFO neutron.api.wsgi [None req-cab67e46-e74a-4b43-88b6-1a4492bb6933 1302ff8226164809bdc5792360e8cb0c 99ef9ed236004bd7b4376710e2d96d17 - - default default] 10.0.0.64 "GET /v2.0/policies/0cbd6d52-1f6e-44c2-9808-15887cd1c396/tags HTTP/1.1" status: 200 len: 230 time: 0.0224726
2026-02-26 04:17:45.919 10 INFO neutron.api.wsgi [None req-729dcc1d-cac6-4fa4-90a6-625d1de89a7f 1302ff8226164809bdc5792360e8cb0c 99ef9ed236004bd7b4376710e2d96d17 - - default default] 10.0.0.64 "GET /v2.0/policies/0cbd6d52-1f6e-44c2-9808-15887cd1c396/tags/red HTTP/1.1" status: 204 len: 168 time: 0.0127397
2026-02-26 04:17:45.937 10 INFO neutron.api.v2.resource [None req-98474786-59fc-4d06-9635-4f5cedad65b5 1302ff8226164809bdc5792360e8cb0c 99ef9ed236004bd7b4376710e2d96d17 - - default default] show failed (client error): The resource could not be found.
2026-02-26 04:17:45.938 10 INFO neutron.api.wsgi [None req-98474786-59fc-4d06-9635-4f5cedad65b5 1302ff8226164809bdc5792360e8cb0c 99ef9ed236004bd7b4376710e2d96d17 - - default default] 10.0.0.64 "GET /v2.0/policies/0cbd6d52-1f6e-44c2-9808-15887cd1c396/tags/green HTTP/1.1" status: 404 len: 299 time: 0.0135081
2026-02-26 04:17:45.963 10 INFO neutron.api.wsgi [None req-66a72bae-dcf3-438f-b487-347baf3dd624 1302ff8226164809bdc5792360e8cb0c 99ef9ed236004bd7b4376710e2d96d17 - - default default] 10.0.0.64 "DELETE /v2.0/policies/0cbd6d52-1f6e-44c2-9808-15887cd1c396/tags/red HTTP/1.1" status: 204 len: 168 time: 0.0212655
2026-02-26 04:17:45.980 10 INFO neutron.api.wsgi [None req-d5290cf5-884e-4dbd-91bc-8de0b5303b32 1302ff8226164809bdc5792360e8cb0c 99ef9ed236004bd7b4376710e2d96d17 - - default default] 10.0.0.64 "GET /v2.0/policies/0cbd6d52-1f6e-44c2-9808-15887cd1c396/tags HTTP/1.1" status: 200 len: 223 time: 0.0142000
2026-02-26 04:17:46.000 10 INFO neutron.api.v2.resource [None req-22a91223-019d-45ae-9291-9510e488353e 1302ff8226164809bdc5792360e8cb0c 99ef9ed236004bd7b4376710e2d96d17 - - default default] delete failed (client error): The resource could not be found.
2026-02-26 04:17:46.001 10 INFO neutron.api.wsgi [None req-22a91223-019d-45ae-9291-9510e488353e 1302ff8226164809bdc5792360e8cb0c 99ef9ed236004bd7b4376710e2d96d17 - - default default] 10.0.0.64 "DELETE /v2.0/policies/0cbd6d52-1f6e-44c2-9808-15887cd1c396/tags/green HTTP/1.1" status: 404 len: 299 time: 0.0174105
2026-02-26 04:17:46.037 10 INFO neutron.api.wsgi [None req-513fb699-acdb-407a-bd4a-cfe1ba286731 1302ff8226164809bdc5792360e8cb0c 99ef9ed236004bd7b4376710e2d96d17 - - default default] 10.0.0.64 "DELETE /v2.0/policies/0cbd6d52-1f6e-44c2-9808-15887cd1c396/tags HTTP/1.1" status: 204 len: 168 time: 0.0328197
2026-02-26 04:17:46.055 10 INFO neutron.api.wsgi [None req-bd72dba9-de2b-411c-b6f0-0f89e9758762 1302ff8226164809bdc5792360e8cb0c 99ef9ed236004bd7b4376710e2d96d17 - - default default] 10.0.0.64 "GET /v2.0/policies/0cbd6d52-1f6e-44c2-9808-15887cd1c396/tags HTTP/1.1" status: 200 len: 205 time: 0.0141418
2026-02-26 04:17:46.128 10 INFO neutron.api.wsgi [None req-d6f9e2e3-0040-4382-a9cf-f0c8d8a463c9 1302ff8226164809bdc5792360e8cb0c 99ef9ed236004bd7b4376710e2d96d17 - - default default] 10.0.0.64 "DELETE /v2.0/qos/policies/0cbd6d52-1f6e-44c2-9808-15887cd1c396 HTTP/1.1" status: 204 len: 168 time: 0.0607047
2026-02-26 04:17:47.049 10 INFO neutron.api.wsgi [None req-8281b2ba-ddba-4f56-a40c-b380ab8b68b3 c9b797f4e3d44668ad47a21e0a154748 cebc087405c8457f883c7189b4f63a33 - - default default] 10.0.0.64 "GET /v2.0/ports?project_id=eeec19e84175472581a1659248fdbc08&network_id=63771f97-abce-4d87-8e03-f62fa959c4df HTTP/1.1" status: 200 len: 3510 time: 0.0595059
2026-02-26 04:17:47.074 9 INFO neutron.db.ovn_revision_numbers_db [None req-1e041b75-a4d6-4874-a7b9-97dbe97d8765 e8c829ecf86546d9959658d74a1c61dd 75112619e90547f0a1d9cb77802a2d29 - - default default] Successfully bumped revision number for resource a055bad2-6c11-4e7d-b969-b59790a44c0b (type: security_groups) to 1
2026-02-26 04:17:47.086 9 INFO neutron.db.ovn_revision_numbers_db [None req-1e041b75-a4d6-4874-a7b9-97dbe97d8765 e8c829ecf86546d9959658d74a1c61dd 75112619e90547f0a1d9cb77802a2d29 - - default default] Successfully bumped revision number for resource 4d1d914b-f50d-477b-8607-043b9b41316f (type: security_group_rules) to 0
2026-02-26 04:17:47.098 9 INFO neutron.db.ovn_revision_numbers_db [None req-1e041b75-a4d6-4874-a7b9-97dbe97d8765 e8c829ecf86546d9959658d74a1c61dd 75112619e90547f0a1d9cb77802a2d29 - - default default] Successfully bumped revision number for resource aea9870f-3c95-421c-a4a9-3e378489637e (type: security_group_rules) to 0
2026-02-26 04:17:47.112 9 INFO neutron.db.ovn_revision_numbers_db [None req-1e041b75-a4d6-4874-a7b9-97dbe97d8765 e8c829ecf86546d9959658d74a1c61dd 75112619e90547f0a1d9cb77802a2d29 - - default default] Successfully bumped revision number for resource d45a0248-b875-4866-ae56-b6e74695079b (type: security_group_rules) to 0
2026-02-26 04:17:47.124 9 INFO neutron.db.ovn_revision_numbers_db [None req-1e041b75-a4d6-4874-a7b9-97dbe97d8765 e8c829ecf86546d9959658d74a1c61dd 75112619e90547f0a1d9cb77802a2d29 - - default default] Successfully bumped revision number for resource da930773-a7c8-428b-87d1-91ea3a53452d (type: security_group_rules) to 0
2026-02-26 04:17:47.152 9 INFO neutron.api.wsgi [None req-1e041b75-a4d6-4874-a7b9-97dbe97d8765 e8c829ecf86546d9959658d74a1c61dd 75112619e90547f0a1d9cb77802a2d29 - - default default] 10.0.0.64 "GET /v2.0/security-groups?tenant_id=99ef9ed236004bd7b4376710e2d96d17&name=default HTTP/1.1" status: 200 len: 3120 time: 0.4299397
2026-02-26 04:17:47.293 9 INFO neutron.api.wsgi [None req-53ae3307-8136-4ae3-a2e2-08bfaef0c030 c9b797f4e3d44668ad47a21e0a154748 cebc087405c8457f883c7189b4f63a33 - - default default] 10.0.0.64 "GET /v2.0/subnets?network_id=a31a661a-6bd2-4f70-ab6b-eeea83f275be HTTP/1.1" status: 200 len: 861 time: 0.0346615
2026-02-26 04:17:47.354 9 INFO neutron.api.wsgi [None req-7d930a2a-c0aa-4a46-b323-9d1cf9ea9dac e8c829ecf86546d9959658d74a1c61dd 75112619e90547f0a1d9cb77802a2d29 - - default default] 10.0.0.64 "DELETE /v2.0/security-groups/a055bad2-6c11-4e7d-b969-b59790a44c0b HTTP/1.1" status: 204 len: 168 time: 0.1966143
2026-02-26 04:17:47.588 9 INFO neutron.db.ovn_revision_numbers_db [None req-38f22658-9ebe-4d54-bdee-1b7daebe027d 782117815c564ad88bc61ce60df47e37 eeec19e84175472581a1659248fdbc08 - - default default] Successfully bumped revision number for resource 2053c6ed-3769-4460-a1a8-89ffca36a14f (type: floatingips) to 2
2026-02-26 04:17:47.625 10 INFO neutron.db.ovn_revision_numbers_db [None req-32a89eaa-ce3d-465f-b89d-0cc4a5129c2c e8c829ecf86546d9959658d74a1c61dd 75112619e90547f0a1d9cb77802a2d29 - - default default] Successfully bumped revision number for resource 29cec5a7-8d33-4dfc-9ca7-00fb1fad91d9 (type: security_groups) to 1
2026-02-26 04:17:47.638 10 INFO neutron.db.ovn_revision_numbers_db [None req-32a89eaa-ce3d-465f-b89d-0cc4a5129c2c e8c829ecf86546d9959658d74a1c61dd 75112619e90547f0a1d9cb77802a2d29 - - default default] Successfully bumped revision number for resource 21cd3e8b-fa32-48e0-ad63-57a4e8264d0c (type: security_group_rules) to 0
2026-02-26 04:17:47.641 9 INFO neutron.db.l3_db [None req-38f22658-9ebe-4d54-bdee-1b7daebe027d 782117815c564ad88bc61ce60df47e37 eeec19e84175472581a1659248fdbc08 - - default default] Floating IP 2053c6ed-3769-4460-a1a8-89ffca36a14f disassociated. External IP: 10.96.250.216, port: c9073ad6-7c97-4720-9b54-8d62c47dd833.
2026-02-26 04:17:47.650 10 INFO neutron.db.ovn_revision_numbers_db [None req-32a89eaa-ce3d-465f-b89d-0cc4a5129c2c e8c829ecf86546d9959658d74a1c61dd 75112619e90547f0a1d9cb77802a2d29 - - default default] Successfully bumped revision number for resource 2d98abed-3725-4df6-8fe9-11d0bdc67879 (type: security_group_rules) to 0
2026-02-26 04:17:47.663 10 INFO neutron.db.ovn_revision_numbers_db [None req-32a89eaa-ce3d-465f-b89d-0cc4a5129c2c e8c829ecf86546d9959658d74a1c61dd 75112619e90547f0a1d9cb77802a2d29 - - default default] Successfully bumped revision number for resource 78f004d5-3ce0-4dd3-8fed-0a70f3f1e7d8 (type: security_group_rules) to 0
2026-02-26 04:17:47.669 9 INFO neutron.api.wsgi [None req-38f22658-9ebe-4d54-bdee-1b7daebe027d 782117815c564ad88bc61ce60df47e37 eeec19e84175472581a1659248fdbc08 - - default default] 10.0.0.64 "PUT /v2.0/floatingips/2053c6ed-3769-4460-a1a8-89ffca36a14f HTTP/1.1" status: 200 len: 748 time: 0.2419701 /var/lib/openstack/lib/python3.12/site-packages/pycadf/identifier.py:71: UserWarning: Invalid uuid: neutron. To ensure interoperability, identifiers should be a valid uuid. warnings.warn(('Invalid uuid: %s. To ensure interoperability, '
2026-02-26 04:17:47.677 10 INFO neutron.db.ovn_revision_numbers_db [None req-32a89eaa-ce3d-465f-b89d-0cc4a5129c2c e8c829ecf86546d9959658d74a1c61dd 75112619e90547f0a1d9cb77802a2d29 - - default default] Successfully bumped revision number for resource 96bb40b4-8e95-41cb-abbc-816bedcf85eb (type: security_group_rules) to 0
2026-02-26 04:17:47.694 9 INFO neutron.api.wsgi [None req-51e9dee9-db18-4a0f-bea1-adcba15f79ea 782117815c564ad88bc61ce60df47e37 eeec19e84175472581a1659248fdbc08 - - default default] 10.0.0.64 "GET /v2.0/floatingips/2053c6ed-3769-4460-a1a8-89ffca36a14f HTTP/1.1" status: 200 len: 746 time: 0.0198636
2026-02-26 04:17:47.715 9 INFO neutron.notifiers.nova [-] Nova event matching ['req-8bed45f4-9654-4455-a32c-4ae8076acd82'] response: {'name': 'network-changed', 'server_uuid': 'a8ee4fb4-dcc0-45c2-97d7-03bfaeb69696', 'tag': 'c9073ad6-7c97-4720-9b54-8d62c47dd833', 'status': 'completed', 'code': 200}
2026-02-26 04:17:47.734 10 INFO neutron.api.wsgi [None req-32a89eaa-ce3d-465f-b89d-0cc4a5129c2c e8c829ecf86546d9959658d74a1c61dd 75112619e90547f0a1d9cb77802a2d29 - - default default] 10.0.0.64 "GET /v2.0/security-groups?tenant_id=d14b7fe7f4ce43c89f9b602ab9891a63&name=default HTTP/1.1" status: 200 len: 3120 time: 0.2363293
2026-02-26 04:17:47.915 10 INFO neutron.api.wsgi [None req-db398b13-e2e0-452e-a96d-b0dc48c0f98e e8c829ecf86546d9959658d74a1c61dd 75112619e90547f0a1d9cb77802a2d29 - - default default] 10.0.0.64 "DELETE /v2.0/security-groups/29cec5a7-8d33-4dfc-9ca7-00fb1fad91d9 HTTP/1.1" status: 204 len: 168 time: 0.1770644
2026-02-26 04:17:48.260 9 INFO neutron.api.wsgi [req-6bbc072a-4e89-4447-ad9c-1d097b4bf7bf req-18f23613-8887-4ba4-ae86-1069d6ab80e5 ed81b0baa6dc41ecab55bde9293e1c65 0997eb8867154e38ac002d84ce07617f - - eac6e0f04e8d43b8b30ebcfee323c3e3 eac6e0f04e8d43b8b30ebcfee323c3e3] 162.253.55.43 "GET /v2.0/ports?tenant_id=eeec19e84175472581a1659248fdbc08&device_id=a8ee4fb4-dcc0-45c2-97d7-03bfaeb69696 HTTP/1.1" status: 200 len: 1409 time: 0.0367301
2026-02-26 04:17:48.311 9 INFO neutron.api.wsgi [req-6bbc072a-4e89-4447-ad9c-1d097b4bf7bf req-c57fa50f-d13d-4417-a84e-f696be912618 ed81b0baa6dc41ecab55bde9293e1c65 0997eb8867154e38ac002d84ce07617f - - eac6e0f04e8d43b8b30ebcfee323c3e3 eac6e0f04e8d43b8b30ebcfee323c3e3] 162.253.55.43 "GET /v2.0/networks?id=63771f97-abce-4d87-8e03-f62fa959c4df HTTP/1.1" status: 200 len: 959 time: 0.0456078
2026-02-26 04:17:48.333 9 INFO neutron.api.wsgi [req-6bbc072a-4e89-4447-ad9c-1d097b4bf7bf req-8285b2c6-1f0b-4539-86a1-913abe2deba3 ed81b0baa6dc41ecab55bde9293e1c65 0997eb8867154e38ac002d84ce07617f - - eac6e0f04e8d43b8b30ebcfee323c3e3 eac6e0f04e8d43b8b30ebcfee323c3e3] 162.253.55.43 "GET /v2.0/floatingips?fixed_ip_address=10.100.0.6&port_id=c9073ad6-7c97-4720-9b54-8d62c47dd833 HTTP/1.1" status: 200 len: 217 time: 0.0157969
2026-02-26 04:17:48.358 9 INFO neutron.api.wsgi [req-6bbc072a-4e89-4447-ad9c-1d097b4bf7bf req-2ef0107a-d862-4cab-a502-4a012efdefc8 ed81b0baa6dc41ecab55bde9293e1c65 0997eb8867154e38ac002d84ce07617f - - eac6e0f04e8d43b8b30ebcfee323c3e3 eac6e0f04e8d43b8b30ebcfee323c3e3] 162.253.55.43 "GET /v2.0/subnets?id=f835c171-19ac-4df5-a920-4dca7497f70d HTTP/1.1" status: 200 len: 876 time: 0.0200648
2026-02-26 04:17:48.382 9 INFO neutron.api.wsgi [req-6bbc072a-4e89-4447-ad9c-1d097b4bf7bf req-d6a822e6-2054-430d-9df2-a4e2fb3710d9 ed81b0baa6dc41ecab55bde9293e1c65 0997eb8867154e38ac002d84ce07617f - - eac6e0f04e8d43b8b30ebcfee323c3e3 eac6e0f04e8d43b8b30ebcfee323c3e3] 162.253.55.43 "GET /v2.0/ports?network_id=63771f97-abce-4d87-8e03-f62fa959c4df&device_owner=network%3Adhcp HTTP/1.1" status: 200 len: 210 time: 0.0183342
2026-02-26 04:17:48.425 9 INFO neutron.api.wsgi [req-6bbc072a-4e89-4447-ad9c-1d097b4bf7bf req-e1c007f1-04d5-4582-b361-1813765d43e5 ed81b0baa6dc41ecab55bde9293e1c65 0997eb8867154e38ac002d84ce07617f - - eac6e0f04e8d43b8b30ebcfee323c3e3 eac6e0f04e8d43b8b30ebcfee323c3e3] 162.253.55.43 "GET /v2.0/networks/63771f97-abce-4d87-8e03-f62fa959c4df?fields=segments HTTP/1.1" status: 200 len: 212 time: 0.0377026
2026-02-26 04:17:48.470 9 INFO neutron.api.wsgi [req-6bbc072a-4e89-4447-ad9c-1d097b4bf7bf req-d8db7222-a1ef-4347-b042-888161295f25 ed81b0baa6dc41ecab55bde9293e1c65 0997eb8867154e38ac002d84ce07617f - - eac6e0f04e8d43b8b30ebcfee323c3e3 eac6e0f04e8d43b8b30ebcfee323c3e3] 162.253.55.43 "GET /v2.0/networks/63771f97-abce-4d87-8e03-f62fa959c4df?fields=provider%3Aphysical_network&fields=provider%3Anetwork_type HTTP/1.1" status: 200 len: 277 time: 0.0409160
2026-02-26 04:17:48.719 10 INFO neutron.api.wsgi [-] 10.0.0.95 "GET / HTTP/1.1" status: 200 len: 247 time: 0.0025485
2026-02-26 04:17:48.719 9 INFO neutron.api.wsgi [-] 10.0.0.95 "GET / HTTP/1.1" status: 200 len: 247 time: 0.0038519
2026-02-26 04:17:48.755 9 WARNING neutron_lib.context [None req-d42d32f1-f8a3-4925-bc0c-501f019faa26 782117815c564ad88bc61ce60df47e37 eeec19e84175472581a1659248fdbc08 - - default default] Method 'is_advsvc' is deprecated since 2023.2 release (neutron-lib 3.8.0) and will be removed once support for the old RBAC API policies will be removed from Neutron. Please use method 'is_service_role' instead.
2026-02-26 04:17:48.855 9 INFO neutron.db.ovn_revision_numbers_db [None req-d42d32f1-f8a3-4925-bc0c-501f019faa26 782117815c564ad88bc61ce60df47e37 eeec19e84175472581a1659248fdbc08 - - default default] Successfully bumped revision number for resource 3170ce32-36ea-44a4-89e6-b2f18f60997d (type: security_groups) to 1
2026-02-26 04:17:48.867 9 INFO neutron.db.ovn_revision_numbers_db [None req-d42d32f1-f8a3-4925-bc0c-501f019faa26 782117815c564ad88bc61ce60df47e37 eeec19e84175472581a1659248fdbc08 - - default default] Successfully bumped revision number for resource ea340d70-9d4b-43df-b44a-88ef68a991d8 (type: security_group_rules) to 0
2026-02-26 04:17:48.879 9 INFO neutron.db.ovn_revision_numbers_db [None req-d42d32f1-f8a3-4925-bc0c-501f019faa26 782117815c564ad88bc61ce60df47e37 eeec19e84175472581a1659248fdbc08 - - default default] Successfully bumped revision number for resource f26abf7d-50f6-4b9e-aab7-c36a2e91f3f5 (type: security_group_rules) to 0
2026-02-26 04:17:48.915 9 INFO neutron.api.wsgi [None req-d42d32f1-f8a3-4925-bc0c-501f019faa26 782117815c564ad88bc61ce60df47e37 eeec19e84175472581a1659248fdbc08 - - default default] 10.0.0.64 "POST /v2.0/security-groups HTTP/1.1" status: 201 len: 1875 time: 0.1663861
2026-02-26 04:17:48.925 9 WARNING neutron_lib.context [None req-fec753f5-5f3c-4083-b996-0299fac3e219 782117815c564ad88bc61ce60df47e37 eeec19e84175472581a1659248fdbc08 - - default default] Method 'is_advsvc' is deprecated since 2023.2 release (neutron-lib 3.8.0) and will be removed once support for the old RBAC API policies will be removed from Neutron. Please use method 'is_service_role' instead.
2026-02-26 04:17:49.037 9 INFO neutron.db.ovn_revision_numbers_db [None req-fec753f5-5f3c-4083-b996-0299fac3e219 782117815c564ad88bc61ce60df47e37 eeec19e84175472581a1659248fdbc08 - - default default] Successfully bumped revision number for resource 8dc1e523-0abd-476b-aaad-355af7b718b8 (type: security_group_rules) to 0
2026-02-26 04:17:49.065 9 INFO neutron.api.wsgi [None req-fec753f5-5f3c-4083-b996-0299fac3e219 782117815c564ad88bc61ce60df47e37 eeec19e84175472581a1659248fdbc08 - - default default] 10.0.0.64 "POST /v2.0/security-group-rules HTTP/1.1" status: 201 len: 796 time: 0.1440303
2026-02-26 04:17:49.074 9 WARNING neutron_lib.context [None req-4491fbb0-461c-4f21-b62c-302689a65083 782117815c564ad88bc61ce60df47e37 eeec19e84175472581a1659248fdbc08 - - default default] Method 'is_advsvc' is deprecated since 2023.2 release (neutron-lib 3.8.0) and will be removed once support for the old RBAC API policies will be removed from Neutron. Please use method 'is_service_role' instead.
2026-02-26 04:17:49.185 9 INFO neutron.db.ovn_revision_numbers_db [None req-4491fbb0-461c-4f21-b62c-302689a65083 782117815c564ad88bc61ce60df47e37 eeec19e84175472581a1659248fdbc08 - - default default] Successfully bumped revision number for resource 95d56fbc-0a52-4b1b-aaee-09d8b68517aa (type: security_group_rules) to 0
2026-02-26 04:17:49.219 9 INFO neutron.api.wsgi [None req-4491fbb0-461c-4f21-b62c-302689a65083 782117815c564ad88bc61ce60df47e37 eeec19e84175472581a1659248fdbc08 - - default default] 10.0.0.64 "POST /v2.0/security-group-rules HTTP/1.1" status: 201 len: 795 time: 0.1493812
2026-02-26 04:17:49.227 9 WARNING neutron_lib.context [None req-54330e09-7c3c-4eb7-a01a-e0e9ccf56cc6 782117815c564ad88bc61ce60df47e37 eeec19e84175472581a1659248fdbc08 - - default default] Method 'is_advsvc' is deprecated since 2023.2 release (neutron-lib 3.8.0) and will be removed once support for the old RBAC API policies will be removed from Neutron. Please use method 'is_service_role' instead.
2026-02-26 04:17:49.335 9 INFO neutron.db.ovn_revision_numbers_db [None req-54330e09-7c3c-4eb7-a01a-e0e9ccf56cc6 782117815c564ad88bc61ce60df47e37 eeec19e84175472581a1659248fdbc08 - - default default] Successfully bumped revision number for resource dcb71ebe-69f8-4482-9481-0c4e59a10bd5 (type: security_group_rules) to 0
2026-02-26 04:17:49.365 9 INFO neutron.api.wsgi [None req-54330e09-7c3c-4eb7-a01a-e0e9ccf56cc6 782117815c564ad88bc61ce60df47e37 eeec19e84175472581a1659248fdbc08 - - default default] 10.0.0.64 "POST /v2.0/security-group-rules HTTP/1.1" status: 201 len: 801 time: 0.1414847
2026-02-26 04:17:49.374 9 WARNING neutron_lib.context [None req-4b735388-5443-4748-8579-a57427130cdf 782117815c564ad88bc61ce60df47e37 eeec19e84175472581a1659248fdbc08 - - default default] Method 'is_advsvc' is deprecated since 2023.2 release (neutron-lib 3.8.0) and will be removed once support for the old RBAC API policies will be removed from Neutron. Please use method 'is_service_role' instead.
2026-02-26 04:17:49.494 9 INFO neutron.db.ovn_revision_numbers_db [None req-4b735388-5443-4748-8579-a57427130cdf 782117815c564ad88bc61ce60df47e37 eeec19e84175472581a1659248fdbc08 - - default default] Successfully bumped revision number for resource 11fd9296-8dc1-4eac-951b-a3ef0340f9ba (type: security_group_rules) to 0
2026-02-26 04:17:49.522 9 INFO neutron.api.wsgi [None req-4b735388-5443-4748-8579-a57427130cdf 782117815c564ad88bc61ce60df47e37 eeec19e84175472581a1659248fdbc08 - - default default] 10.0.0.64 "POST /v2.0/security-group-rules HTTP/1.1" status: 201 len: 800 time: 0.1526196
2026-02-26 04:17:49.531 10 WARNING neutron_lib.context [None req-1f944d91-e057-4cb9-9562-37c4930dd4f7 782117815c564ad88bc61ce60df47e37 eeec19e84175472581a1659248fdbc08 - - default default] Method 'is_advsvc' is deprecated since 2023.2 release (neutron-lib 3.8.0) and will be removed once support for the old RBAC API policies will be removed from Neutron. Please use method 'is_service_role' instead.
2026-02-26 04:17:49.568 10 INFO neutron.db.securitygroups_db [None req-1f944d91-e057-4cb9-9562-37c4930dd4f7 782117815c564ad88bc61ce60df47e37 eeec19e84175472581a1659248fdbc08 - - default default] Project eeec19e84175472581a1659248fdbc08 added a security group rule with legacy IPv6 ICMP protocol name icmp, ipv6-icmp should be used instead. It was automatically converted.
2026-02-26 04:17:49.668 10 INFO neutron.db.ovn_revision_numbers_db [None req-1f944d91-e057-4cb9-9562-37c4930dd4f7 782117815c564ad88bc61ce60df47e37 eeec19e84175472581a1659248fdbc08 - - default default] Successfully bumped revision number for resource 54c11f13-85f0-46a3-8327-74f60bb05714 (type: security_group_rules) to 0
2026-02-26 04:17:49.697 10 INFO neutron.api.wsgi [None req-1f944d91-e057-4cb9-9562-37c4930dd4f7 782117815c564ad88bc61ce60df47e37 eeec19e84175472581a1659248fdbc08 - - default default] 10.0.0.64 "POST /v2.0/security-group-rules HTTP/1.1" status: 201 len: 806 time: 0.1695607
2026-02-26 04:17:49.703 10 WARNING neutron_lib.context [None req-e74843a9-d8ad-4f73-b22d-285a1f784bb7 8cc942be91ec44618dbd84a6897c4be1 9dadd51c8d7146d6a3a825d82c01b021 - - default default] Method 'is_advsvc' is deprecated since 2023.2 release (neutron-lib 3.8.0) and will be removed once support for the old RBAC API policies will be removed from Neutron. Please use method 'is_service_role' instead.
2026-02-26 04:17:49.709 9 WARNING neutron_lib.context [None req-9a808e2d-b3ba-448c-9049-3e4281953901 782117815c564ad88bc61ce60df47e37 eeec19e84175472581a1659248fdbc08 - - default default] Method 'is_advsvc' is deprecated since 2023.2 release (neutron-lib 3.8.0) and will be removed once support for the old RBAC API policies will be removed from Neutron. Please use method 'is_service_role' instead.
2026-02-26 04:17:49.737 9 INFO neutron.db.securitygroups_db [None req-9a808e2d-b3ba-448c-9049-3e4281953901 782117815c564ad88bc61ce60df47e37 eeec19e84175472581a1659248fdbc08 - - default default] Project eeec19e84175472581a1659248fdbc08 added a security group rule with legacy IPv6 ICMP protocol name icmp, ipv6-icmp should be used instead. It was automatically converted.
2026-02-26 04:17:49.838 10 INFO neutron.db.ovn_revision_numbers_db [None req-e74843a9-d8ad-4f73-b22d-285a1f784bb7 8cc942be91ec44618dbd84a6897c4be1 9dadd51c8d7146d6a3a825d82c01b021 - - default default] Successfully bumped revision number for resource d5522fd3-16d1-4b7e-bce8-68e0cbb572b8 (type: security_groups) to 1
2026-02-26 04:17:49.849 9 INFO neutron.db.ovn_revision_numbers_db [None req-9a808e2d-b3ba-448c-9049-3e4281953901 782117815c564ad88bc61ce60df47e37 eeec19e84175472581a1659248fdbc08 - - default default] Successfully bumped revision number for resource b443c364-ad46-4c58-a569-748c6dfd6dae (type: security_group_rules) to 0
2026-02-26 04:17:49.853 10 INFO neutron.db.ovn_revision_numbers_db [None req-e74843a9-d8ad-4f73-b22d-285a1f784bb7 8cc942be91ec44618dbd84a6897c4be1 9dadd51c8d7146d6a3a825d82c01b021 - - default default] Successfully bumped revision number for resource 53d328c5-4098-46b3-8426-7b94c911084e (type: security_group_rules) to 0
2026-02-26 04:17:49.866 10 INFO neutron.db.ovn_revision_numbers_db [None req-e74843a9-d8ad-4f73-b22d-285a1f784bb7 8cc942be91ec44618dbd84a6897c4be1 9dadd51c8d7146d6a3a825d82c01b021 - - default default] Successfully bumped revision number for resource 56543436-29cb-415c-b525-e330566113b9 (type: security_group_rules) to 0
2026-02-26 04:17:49.878 10 INFO neutron.db.ovn_revision_numbers_db [None req-e74843a9-d8ad-4f73-b22d-285a1f784bb7 8cc942be91ec44618dbd84a6897c4be1 9dadd51c8d7146d6a3a825d82c01b021 - - default default] Successfully bumped revision number for resource d73f9a60-56f0-4a6b-8645-475293bd07cd (type: security_group_rules) to 0
2026-02-26 04:17:49.880 9 INFO neutron.api.wsgi [None req-9a808e2d-b3ba-448c-9049-3e4281953901 782117815c564ad88bc61ce60df47e37 eeec19e84175472581a1659248fdbc08 - - default default] 10.0.0.64 "POST /v2.0/security-group-rules HTTP/1.1" status: 201 len: 805 time: 0.1781080
2026-02-26 04:17:49.890 10 INFO neutron.db.ovn_revision_numbers_db [None req-e74843a9-d8ad-4f73-b22d-285a1f784bb7 8cc942be91ec44618dbd84a6897c4be1 9dadd51c8d7146d6a3a825d82c01b021 - - default default] Successfully bumped revision number for resource fe7636ca-479b-4070-adba-c1ee735f7090 (type: security_group_rules) to 0
2026-02-26 04:17:49.957 10 INFO neutron.db.segments_db [None req-e74843a9-d8ad-4f73-b22d-285a1f784bb7 8cc942be91ec44618dbd84a6897c4be1 9dadd51c8d7146d6a3a825d82c01b021 - - default default] Added segment aa7c3e81-b745-45bc-a37e-467f374c350f of type geneve for network d8751204-8648-4b00-8da5-c219fdcc877c
2026-02-26 04:17:50.095 10 INFO neutron.db.ovn_revision_numbers_db [None req-e74843a9-d8ad-4f73-b22d-285a1f784bb7 8cc942be91ec44618dbd84a6897c4be1 9dadd51c8d7146d6a3a825d82c01b021 - - default default] Successfully bumped revision number for resource d8751204-8648-4b00-8da5-c219fdcc877c (type: networks) to 1
2026-02-26 04:17:50.260 10 WARNING neutron.scheduler.dhcp_agent_scheduler [None req-e74843a9-d8ad-4f73-b22d-285a1f784bb7 8cc942be91ec44618dbd84a6897c4be1 9dadd51c8d7146d6a3a825d82c01b021 - - default default] No more DHCP agents
2026-02-26 04:17:50.262 10 WARNING neutron.api.rpc.agentnotifiers.dhcp_rpc_agent_api [None req-e74843a9-d8ad-4f73-b22d-285a1f784bb7 8cc942be91ec44618dbd84a6897c4be1 9dadd51c8d7146d6a3a825d82c01b021 - - default default] Unable to schedule network d8751204-8648-4b00-8da5-c219fdcc877c: no agents available; will retry on subsequent port and subnet creation events.
2026-02-26 04:17:50.321 10 INFO neutron.db.ovn_revision_numbers_db [None req-e74843a9-d8ad-4f73-b22d-285a1f784bb7 8cc942be91ec44618dbd84a6897c4be1 9dadd51c8d7146d6a3a825d82c01b021 - - default default] Successfully bumped revision number for resource b1a1f853-2d0e-4626-b3bb-ffe593a318ef (type: ports) to 1
2026-02-26 04:17:50.323 9 INFO neutron.api.wsgi [None req-0f33fcf0-fd81-414f-adbb-87e00e25d7b3 782117815c564ad88bc61ce60df47e37 eeec19e84175472581a1659248fdbc08 - - default default] 10.0.0.64 "GET /v2.0/networks HTTP/1.1" status: 200 len: 1493 time: 0.0765464
2026-02-26 04:17:50.342 10 INFO neutron.api.wsgi [None req-e74843a9-d8ad-4f73-b22d-285a1f784bb7 8cc942be91ec44618dbd84a6897c4be1 9dadd51c8d7146d6a3a825d82c01b021 - - default default] 10.0.0.64 "POST /v2.0/networks HTTP/1.1" status: 201 len: 838 time: 0.7551320
2026-02-26 04:17:50.353 10 WARNING neutron_lib.context [None req-94d3e4a2-fb08-40f9-b4ca-c64496c44d91 8cc942be91ec44618dbd84a6897c4be1 9dadd51c8d7146d6a3a825d82c01b021 - - default default] Method 'is_advsvc' is deprecated since 2023.2 release (neutron-lib 3.8.0) and will be removed once support for the old RBAC API policies will be removed from Neutron. Please use method 'is_service_role' instead.
2026-02-26 04:17:50.439 10 INFO neutron.api.wsgi [req-1dbfd257-41a4-4572-8d8a-8c6993b31504 req-93adf449-d4a1-4e83-99f9-88b2e3eb99ce 782117815c564ad88bc61ce60df47e37 eeec19e84175472581a1659248fdbc08 - - default default] 10.0.0.43 "GET /v2.0/security-groups?name=tempest-secgroup-smoke-1868980412&fields=id&tenant_id=eeec19e84175472581a1659248fdbc08 HTTP/1.1" status: 200 len: 267 time: 0.0390680
2026-02-26 04:17:50.499 10 INFO neutron.api.wsgi [req-1dbfd257-41a4-4572-8d8a-8c6993b31504 req-d2b46078-6bfe-4dad-8222-2acdeb70f511 782117815c564ad88bc61ce60df47e37 eeec19e84175472581a1659248fdbc08 - - default default] 10.0.0.43 "GET /v2.0/networks?id=63771f97-abce-4d87-8e03-f62fa959c4df HTTP/1.1" status: 200 len: 860 time: 0.0512271
2026-02-26 04:17:50.520 10 INFO neutron.api.wsgi [req-1dbfd257-41a4-4572-8d8a-8c6993b31504 req-9803d70c-a8f0-479d-9543-2d0d3dada406 782117815c564ad88bc61ce60df47e37 eeec19e84175472581a1659248fdbc08 - - default default] 10.0.0.43 "GET /v2.0/quotas/eeec19e84175472581a1659248fdbc08 HTTP/1.1" status: 200 len: 491 time: 0.0120032
2026-02-26 04:17:50.572 10 WARNING neutron.scheduler.dhcp_agent_scheduler [None req-94d3e4a2-fb08-40f9-b4ca-c64496c44d91 8cc942be91ec44618dbd84a6897c4be1 9dadd51c8d7146d6a3a825d82c01b021 - - default default] No more DHCP agents
2026-02-26 04:17:50.574 10 WARNING neutron.api.rpc.agentnotifiers.dhcp_rpc_agent_api [None req-94d3e4a2-fb08-40f9-b4ca-c64496c44d91 8cc942be91ec44618dbd84a6897c4be1 9dadd51c8d7146d6a3a825d82c01b021 - - default default] Unable to schedule network d8751204-8648-4b00-8da5-c219fdcc877c: no agents available; will retry on subsequent port and subnet creation events.
2026-02-26 04:17:50.611 10 INFO neutron.api.wsgi [req-1dbfd257-41a4-4572-8d8a-8c6993b31504 req-7b113704-907d-4511-b059-0f9739d2643d 782117815c564ad88bc61ce60df47e37 eeec19e84175472581a1659248fdbc08 - - default default] 10.0.0.43 "GET /v2.0/ports?tenant_id=eeec19e84175472581a1659248fdbc08&fields=id HTTP/1.1" status: 200 len: 348 time: 0.0812778
2026-02-26 04:17:50.670 10 INFO neutron.api.wsgi [req-1dbfd257-41a4-4572-8d8a-8c6993b31504 req-ef650217-4839-4da2-8dc2-54e170014087 ed81b0baa6dc41ecab55bde9293e1c65 0997eb8867154e38ac002d84ce07617f - - eac6e0f04e8d43b8b30ebcfee323c3e3 eac6e0f04e8d43b8b30ebcfee323c3e3] 10.0.0.43 "GET /v2.0/networks/63771f97-abce-4d87-8e03-f62fa959c4df?fields=segments HTTP/1.1" status: 200 len: 212 time: 0.0467193
2026-02-26 04:17:50.722 10 INFO neutron.api.wsgi [req-1dbfd257-41a4-4572-8d8a-8c6993b31504 req-1309fd95-2588-4ebf-8b51-bc4acc53a020 ed81b0baa6dc41ecab55bde9293e1c65 0997eb8867154e38ac002d84ce07617f - - eac6e0f04e8d43b8b30ebcfee323c3e3 eac6e0f04e8d43b8b30ebcfee323c3e3] 10.0.0.43 "GET /v2.0/networks/63771f97-abce-4d87-8e03-f62fa959c4df?fields=provider%3Aphysical_network&fields=provider%3Anetwork_type HTTP/1.1" status: 200 len: 277 time: 0.0454943
2026-02-26 04:17:50.840 9 INFO neutron.api.wsgi [req-74b13b15-1df2-435d-ba2e-814fdb25a086 req-5a71f9fc-25ba-49b0-aab4-805dada81c65 782117815c564ad88bc61ce60df47e37 eeec19e84175472581a1659248fdbc08 - - default default] 10.0.0.43 "GET /v2.0/ports?device_id=0877a54e-1342-4d7f-806d-0a8721c27404 HTTP/1.1" status: 200 len: 210 time: 0.0220542
2026-02-26 04:17:50.981 10 INFO neutron.db.ovn_revision_numbers_db [None req-75905d1b-a227-40a8-ae9c-6cebbfced53c - - - - - -] Successfully bumped revision number for resource b1a1f853-2d0e-4626-b3bb-ffe593a318ef (type: ports) to 2
2026-02-26 04:17:51.007 10 INFO neutron.db.ovn_revision_numbers_db [None req-75905d1b-a227-40a8-ae9c-6cebbfced53c - - - - - -] Successfully bumped revision number for resource 2c452882-ebd8-4e06-9d42-add15ce8b6a4 (type: subnets) to 0
2026-02-26 04:17:51.020 10 INFO neutron.api.wsgi [None req-94d3e4a2-fb08-40f9-b4ca-c64496c44d91 8cc942be91ec44618dbd84a6897c4be1 9dadd51c8d7146d6a3a825d82c01b021 - - default default] 10.0.0.64 "POST /v2.0/subnets HTTP/1.1" status: 201 len: 856 time: 0.6731992
2026-02-26 04:17:51.058 10 INFO neutron.api.wsgi [None req-4d6716fc-e38a-42ad-b3c4-7d57f9c9ff4c 4d26396d62384d068f0ce279ea9d424d a1a16e9394884f9787784e31bb05c893 - - default default] 10.0.0.64 "GET /v2.0/subnetpools?name=shared-default-subnetpool-v6 HTTP/1.1" status: 200 len: 212 time: 0.0341129
2026-02-26 04:17:51.067 10 WARNING neutron_lib.context [None req-08cdf15a-7367-4dcd-8374-c52efac779ab 8cc942be91ec44618dbd84a6897c4be1 9dadd51c8d7146d6a3a825d82c01b021 - - default default] Method 'is_advsvc' is deprecated since 2023.2 release (neutron-lib 3.8.0) and will be removed once support for the old RBAC API policies will be removed from Neutron. Please use method 'is_service_role' instead.
2026-02-26 04:17:51.237 10 WARNING neutron.scheduler.dhcp_agent_scheduler [None req-08cdf15a-7367-4dcd-8374-c52efac779ab 8cc942be91ec44618dbd84a6897c4be1 9dadd51c8d7146d6a3a825d82c01b021 - - default default] No more DHCP agents
2026-02-26 04:17:51.238 10 WARNING neutron.api.rpc.agentnotifiers.dhcp_rpc_agent_api [None req-08cdf15a-7367-4dcd-8374-c52efac779ab 8cc942be91ec44618dbd84a6897c4be1 9dadd51c8d7146d6a3a825d82c01b021 - - default default] Unable to schedule network d8751204-8648-4b00-8da5-c219fdcc877c: no agents available; will retry on subsequent port and subnet creation events.
2026-02-26 04:17:51.269 10 INFO neutron.db.ovn_revision_numbers_db [None req-08cdf15a-7367-4dcd-8374-c52efac779ab 8cc942be91ec44618dbd84a6897c4be1 9dadd51c8d7146d6a3a825d82c01b021 - - default default] Successfully bumped revision number for resource 58694d3c-52ca-4984-9165-d78e91830ea7 (type: subnets) to 0
2026-02-26 04:17:51.282 10 INFO neutron.api.wsgi [None req-08cdf15a-7367-4dcd-8374-c52efac779ab 8cc942be91ec44618dbd84a6897c4be1 9dadd51c8d7146d6a3a825d82c01b021 - - default default] 10.0.0.64 "POST /v2.0/subnets HTTP/1.1" status: 201 len: 931 time: 0.2191474
2026-02-26 04:17:51.292 10 WARNING neutron_lib.context [None req-298516ca-386a-4c51-8b1e-d0e06c191f3a 8cc942be91ec44618dbd84a6897c4be1 9dadd51c8d7146d6a3a825d82c01b021 - - default default] Method 'is_advsvc' is deprecated since 2023.2 release (neutron-lib 3.8.0) and will be removed once support for the old RBAC API policies will be removed from Neutron. Please use method 'is_service_role' instead.
2026-02-26 04:17:51.380 10 INFO neutron.db.segments_db [None req-298516ca-386a-4c51-8b1e-d0e06c191f3a 8cc942be91ec44618dbd84a6897c4be1 9dadd51c8d7146d6a3a825d82c01b021 - - default default] Added segment 769b57d0-566a-40e7-9700-a2e59ac7ecb2 of type geneve for network 493e7efb-3ac5-425a-ae35-9b914fa9482b
2026-02-26 04:17:51.497 10 INFO neutron.db.ovn_revision_numbers_db [None req-298516ca-386a-4c51-8b1e-d0e06c191f3a 8cc942be91ec44618dbd84a6897c4be1 9dadd51c8d7146d6a3a825d82c01b021 - - default default] Successfully bumped revision number for resource 493e7efb-3ac5-425a-ae35-9b914fa9482b (type: networks) to 1
2026-02-26 04:17:51.642 10 WARNING neutron.scheduler.dhcp_agent_scheduler [None req-298516ca-386a-4c51-8b1e-d0e06c191f3a 8cc942be91ec44618dbd84a6897c4be1 9dadd51c8d7146d6a3a825d82c01b021 - - default default] No more DHCP agents
2026-02-26 04:17:51.644 10 WARNING neutron.api.rpc.agentnotifiers.dhcp_rpc_agent_api [None req-298516ca-386a-4c51-8b1e-d0e06c191f3a 8cc942be91ec44618dbd84a6897c4be1 9dadd51c8d7146d6a3a825d82c01b021 - - default default] Unable to schedule network 493e7efb-3ac5-425a-ae35-9b914fa9482b: no agents available; will retry on subsequent port and subnet creation events.
2026-02-26 04:17:51.700 10 INFO neutron.db.ovn_revision_numbers_db [None req-298516ca-386a-4c51-8b1e-d0e06c191f3a 8cc942be91ec44618dbd84a6897c4be1 9dadd51c8d7146d6a3a825d82c01b021 - - default default] Successfully bumped revision number for resource 31e42b86-e667-43e4-9bab-ba261bbbf828 (type: ports) to 1
2026-02-26 04:17:51.717 10 INFO neutron.api.wsgi [None req-298516ca-386a-4c51-8b1e-d0e06c191f3a 8cc942be91ec44618dbd84a6897c4be1 9dadd51c8d7146d6a3a825d82c01b021 - - default default] 10.0.0.64 "POST /v2.0/networks HTTP/1.1" status: 201 len: 836 time: 0.4288404
2026-02-26 04:17:51.727 10 WARNING neutron_lib.context [None req-05bce553-432c-46bd-a373-2f06af6ef7f7 8cc942be91ec44618dbd84a6897c4be1 9dadd51c8d7146d6a3a825d82c01b021 - - default default] Method 'is_advsvc' is deprecated since 2023.2 release (neutron-lib 3.8.0) and will be removed once support for the old RBAC API policies will be removed from Neutron. Please use method 'is_service_role' instead.
2026-02-26 04:17:51.887 10 WARNING neutron.scheduler.dhcp_agent_scheduler [None req-05bce553-432c-46bd-a373-2f06af6ef7f7 8cc942be91ec44618dbd84a6897c4be1 9dadd51c8d7146d6a3a825d82c01b021 - - default default] No more DHCP agents
2026-02-26 04:17:51.890 10 WARNING neutron.api.rpc.agentnotifiers.dhcp_rpc_agent_api [None req-05bce553-432c-46bd-a373-2f06af6ef7f7 8cc942be91ec44618dbd84a6897c4be1 9dadd51c8d7146d6a3a825d82c01b021 - - default default] Unable to schedule network 493e7efb-3ac5-425a-ae35-9b914fa9482b: no agents available; will retry on subsequent port and subnet creation events.
2026-02-26 04:17:51.914 10 INFO neutron.api.wsgi [req-21392bad-bc6f-4558-a76b-233ba8b6b54e req-02f58d15-7a0d-46be-8c1e-d11caba0fbc3 782117815c564ad88bc61ce60df47e37 eeec19e84175472581a1659248fdbc08 - - default default] 10.0.0.43 "GET /v2.0/ports?device_id=0877a54e-1342-4d7f-806d-0a8721c27404 HTTP/1.1" status: 200 len: 210 time: 0.0209219
2026-02-26 04:17:52.307 10 INFO neutron.db.ovn_revision_numbers_db [None req-b02d405e-ce9b-4abf-865d-c8d2d418fcf4 - - - - - -] Successfully bumped revision number for resource 31e42b86-e667-43e4-9bab-ba261bbbf828 (type: ports) to 2
