2026-02-26 04:07:33.720 10 INFO neutron.api.wsgi [-] 10.0.0.95 "GET / HTTP/1.1" status: 200 len: 247 time: 0.0033805
2026-02-26 04:07:48.718 9 INFO neutron.api.wsgi [-] 10.0.0.95 "GET / HTTP/1.1" status: 200 len: 247 time: 0.0029137
2026-02-26 04:07:48.719 10 INFO neutron.api.wsgi [-] 10.0.0.95 "GET / HTTP/1.1" status: 200 len: 247 time: 0.0038598
2026-02-26 04:08:03.718 9 INFO neutron.api.wsgi [-] 10.0.0.95 "GET / HTTP/1.1" status: 200 len: 247 time: 0.0023234
2026-02-26 04:08:03.718 10 INFO neutron.api.wsgi [-] 10.0.0.95 "GET / HTTP/1.1" status: 200 len: 247 time: 0.0023782
2026-02-26 04:08:15.055 9 INFO neutron.api.wsgi [None req-63ca58f0-0f24-4a23-ac10-15f424edb7ab e8c829ecf86546d9959658d74a1c61dd 75112619e90547f0a1d9cb77802a2d29 - - default default] 10.0.0.170 "GET /v2.0/floatingips HTTP/1.1" status: 200 len: 193 time: 0.1141305
2026-02-26 04:08:15.095 9 INFO neutron.api.wsgi [None req-cbbaa955-0a7f-442b-8e5d-4f138f950cbe e8c829ecf86546d9959658d74a1c61dd 75112619e90547f0a1d9cb77802a2d29 - - default default] 10.0.0.170 "GET /v2.0/networks HTTP/1.1" status: 200 len: 2350 time: 0.0389338
2026-02-26 04:08:15.138 9 INFO neutron.api.wsgi [None req-833157a6-36a4-406c-b569-bbf98f6ccfcf e8c829ecf86546d9959658d74a1c61dd 75112619e90547f0a1d9cb77802a2d29 - - default default] 10.0.0.170 "GET /v2.0/subnets HTTP/1.1" status: 200 len: 1484 time: 0.0404499
2026-02-26 04:08:15.174 9 INFO neutron.api.wsgi [None req-6f6fb830-13f9-4f22-b670-8adf20f707e4 e8c829ecf86546d9959658d74a1c61dd 75112619e90547f0a1d9cb77802a2d29 - - default default] 10.0.0.170 "GET /v2.0/ports HTTP/1.1" status: 200 len: 5351 time: 0.0348196
2026-02-26 04:08:15.221 9 INFO neutron.api.wsgi [None req-a46792ee-86dd-481a-8191-e4185be32858 e8c829ecf86546d9959658d74a1c61dd 75112619e90547f0a1d9cb77802a2d29 - - default default] 10.0.0.170 "GET /v2.0/agents HTTP/1.1" status: 200 len: 1390 time: 0.0408614
2026-02-26 04:08:15.244 9 INFO neutron.api.wsgi [None req-a1388a49-f680-4a65-aa9c-64b6634356ce e8c829ecf86546d9959658d74a1c61dd 75112619e90547f0a1d9cb77802a2d29 - - default default] 10.0.0.170 "GET /v2.0/subnets HTTP/1.1" status: 200 len: 1484 time: 0.0219808
2026-02-26 04:08:15.251 9 INFO neutron.api.wsgi [None req-1857a21f-82b1-4f63-8680-7a87fab7146c e8c829ecf86546d9959658d74a1c61dd 75112619e90547f0a1d9cb77802a2d29 - - default default] 10.0.0.170 "GET /v2.0/subnetpools HTTP/1.1" status: 200 len: 193 time: 0.0059962
2026-02-26 04:08:15.258 9 INFO neutron.api.wsgi [None req-3f679acd-d4bc-4bad-8347-aaf8d6e60771 e8c829ecf86546d9959658d74a1c61dd 75112619e90547f0a1d9cb77802a2d29 - - default default] 10.0.0.170 "GET /v2.0/network-ip-availabilities HTTP/1.1" status: 200 len: 1280 time: 0.0067339
2026-02-26 04:08:15.283 9 INFO neutron.api.wsgi [None req-77e05c68-515e-4513-a52d-c60b0a7c835a e8c829ecf86546d9959658d74a1c61dd 75112619e90547f0a1d9cb77802a2d29 - - default default] 10.0.0.170 "GET /v2.0/security-groups HTTP/1.1" status: 200 len: 17578 time: 0.0249093
2026-02-26 04:08:15.301 9 INFO neutron.api.wsgi [None req-75c8d59c-ffb9-4574-90fb-84b3255efb4e e8c829ecf86546d9959658d74a1c61dd 75112619e90547f0a1d9cb77802a2d29 - - default default] 10.0.0.170 "GET /v2.0/routers HTTP/1.1" status: 200 len: 189 time: 0.0136473
2026-02-26 04:08:15.307 9 INFO neutron.api.wsgi [None req-536e86dd-78f5-4389-9cf1-5f091f8feada e8c829ecf86546d9959658d74a1c61dd 75112619e90547f0a1d9cb77802a2d29 - - default default] 10.0.0.170 "GET /v2.0/agents?binary=ovn-controller HTTP/1.1" status: 200 len: 591 time: 0.0064414
2026-02-26 04:08:18.718 9 INFO neutron.api.wsgi [-] 10.0.0.95 "GET / HTTP/1.1" status: 200 len: 247 time: 0.0023053
2026-02-26 04:08:18.718 10 INFO neutron.api.wsgi [-] 10.0.0.95 "GET / HTTP/1.1" status: 200 len: 247 time: 0.0022714
2026-02-26 04:08:33.718 10 INFO neutron.api.wsgi [-] 10.0.0.95 "GET / HTTP/1.1" status: 200 len: 247 time: 0.0023737
2026-02-26 04:08:33.718 9 INFO neutron.api.wsgi [-] 10.0.0.95 "GET / HTTP/1.1" status: 200 len: 247 time: 0.0024140
2026-02-26 04:08:48.719 10 INFO neutron.api.wsgi [-] 10.0.0.95 "GET / HTTP/1.1" status: 200 len: 247 time: 0.0026391
2026-02-26 04:08:48.720 9 INFO neutron.api.wsgi [-] 10.0.0.95 "GET / HTTP/1.1" status: 200 len: 247 time: 0.0035033
2026-02-26 04:09:03.719 9 INFO neutron.api.wsgi [-] 10.0.0.95 "GET / HTTP/1.1" status: 200 len: 247 time: 0.0031834
2026-02-26 04:09:03.722 9 INFO neutron.api.wsgi [-] 10.0.0.95 "GET / HTTP/1.1" status: 200 len: 247 time: 0.0019433
2026-02-26 04:09:15.166 9 INFO neutron.api.wsgi [None req-4d4d4be2-1f9e-4c99-b47d-7a858df98e86 e8c829ecf86546d9959658d74a1c61dd 75112619e90547f0a1d9cb77802a2d29 - - default default] 10.0.0.170 "GET /v2.0/networks HTTP/1.1" status: 200 len: 2350 time: 0.1783683
2026-02-26 04:09:15.215 9 INFO neutron.api.wsgi [None req-85ca7bba-f80b-4293-860f-54041e5ba324 e8c829ecf86546d9959658d74a1c61dd 75112619e90547f0a1d9cb77802a2d29 - - default default] 10.0.0.170 "GET /v2.0/security-groups HTTP/1.1" status: 200 len: 17578 time: 0.0444739
2026-02-26 04:09:15.250 9 INFO neutron.api.wsgi [None req-bc4c5b92-b931-45fe-9510-477e64909896 e8c829ecf86546d9959658d74a1c61dd 75112619e90547f0a1d9cb77802a2d29 - - default default] 10.0.0.170 "GET /v2.0/subnets HTTP/1.1" status: 200 len: 1484 time: 0.0285568
2026-02-26 04:09:15.277 9 INFO neutron.api.wsgi [None req-0b4b9c5d-af75-460a-be95-f21813de0d1d e8c829ecf86546d9959658d74a1c61dd 75112619e90547f0a1d9cb77802a2d29 - - default default] 10.0.0.170 "GET /v2.0/network-ip-availabilities HTTP/1.1" status: 200 len: 1280 time: 0.0257776
2026-02-26 04:09:15.293 9 INFO neutron.api.wsgi [None req-c05e2638-4649-4541-ac91-7ec30bd9fe6d e8c829ecf86546d9959658d74a1c61dd 75112619e90547f0a1d9cb77802a2d29 - - default default] 10.0.0.170 "GET /v2.0/floatingips HTTP/1.1" status: 200 len: 193 time: 0.0153670
2026-02-26 04:09:15.314 9 INFO neutron.api.wsgi [None req-1eee696f-ebe9-4fea-8621-58d36aefd701 e8c829ecf86546d9959658d74a1c61dd 75112619e90547f0a1d9cb77802a2d29 - - default default] 10.0.0.170 "GET /v2.0/routers HTTP/1.1" status: 200 len: 189 time: 0.0196385
2026-02-26 04:09:15.342 9 INFO neutron.api.wsgi [None req-0ccaf965-d22d-45ca-8c5a-dffd2ea343e0 e8c829ecf86546d9959658d74a1c61dd 75112619e90547f0a1d9cb77802a2d29 - - default default] 10.0.0.170 "GET /v2.0/agents?binary=ovn-controller HTTP/1.1" status: 200 len: 591 time: 0.0274379
2026-02-26 04:09:15.355 9 INFO neutron.api.wsgi [None req-a39491ec-1f8d-4f01-9191-e1b0b5309e64 e8c829ecf86546d9959658d74a1c61dd 75112619e90547f0a1d9cb77802a2d29 - - default default] 10.0.0.170 "GET /v2.0/agents HTTP/1.1" status: 200 len: 1390 time: 0.0125132
2026-02-26 04:09:15.409 9 INFO neutron.api.wsgi [None req-7aabf775-fc0e-4542-9af7-8f4942235fb9 e8c829ecf86546d9959658d74a1c61dd 75112619e90547f0a1d9cb77802a2d29 - - default default] 10.0.0.170 "GET /v2.0/ports HTTP/1.1" status: 200 len: 5351 time: 0.0530272
2026-02-26 04:09:15.441 9 INFO neutron.api.wsgi [None req-bcdb6db5-f21d-4540-811c-f35890278b13 e8c829ecf86546d9959658d74a1c61dd 75112619e90547f0a1d9cb77802a2d29 - - default default] 10.0.0.170 "GET /v2.0/subnets HTTP/1.1" status: 200 len: 1484 time: 0.0290537
2026-02-26 04:09:15.448 9 INFO neutron.api.wsgi [None req-7cfb940e-0188-40a6-bb3a-a0509da5e213 e8c829ecf86546d9959658d74a1c61dd 75112619e90547f0a1d9cb77802a2d29 - - default default] 10.0.0.170 "GET /v2.0/subnetpools HTTP/1.1" status: 200 len: 193 time: 0.0064058
2026-02-26 04:09:18.718 10 INFO neutron.api.wsgi [-] 10.0.0.95 "GET / HTTP/1.1" status: 200 len: 247 time: 0.0025542
2026-02-26 04:09:18.718 9 INFO neutron.api.wsgi [-] 10.0.0.95 "GET / HTTP/1.1" status: 200 len: 247 time: 0.0026364
2026-02-26 04:09:33.718 9 INFO neutron.api.wsgi [-] 10.0.0.95 "GET / HTTP/1.1" status: 200 len: 247 time: 0.0022705
2026-02-26 04:09:33.719 10 INFO neutron.api.wsgi [-] 10.0.0.95 "GET / HTTP/1.1" status: 200 len: 247 time: 0.0025427
2026-02-26 04:09:48.719 10 INFO neutron.api.wsgi [-] 10.0.0.95 "GET / HTTP/1.1" status: 200 len: 247 time: 0.0031545
2026-02-26 04:09:48.720 9 INFO neutron.api.wsgi [-] 10.0.0.95 "GET / HTTP/1.1" status: 200 len: 247 time: 0.0043027
2026-02-26 04:10:03.718 10 INFO neutron.api.wsgi [-] 10.0.0.95 "GET / HTTP/1.1" status: 200 len: 247 time: 0.0023124
2026-02-26 04:10:03.721 10 INFO neutron.api.wsgi [-] 10.0.0.95 "GET / HTTP/1.1" status: 200 len: 247 time: 0.0019414
2026-02-26 04:10:15.077 9 INFO neutron.api.wsgi [None req-36a0fc2a-814b-4c02-a2e2-6afd872b73c7 e8c829ecf86546d9959658d74a1c61dd 75112619e90547f0a1d9cb77802a2d29 - - default default] 10.0.0.170 "GET /v2.0/security-groups HTTP/1.1" status: 200 len: 17578 time: 0.0955205
2026-02-26 04:10:15.091 9 INFO neutron.api.wsgi [None req-1cdfeeb0-5d97-4dae-97b0-d7dbcd2a77b8 e8c829ecf86546d9959658d74a1c61dd 75112619e90547f0a1d9cb77802a2d29 - - default default] 10.0.0.170 "GET /v2.0/network-ip-availabilities HTTP/1.1" status: 200 len: 1280 time: 0.0109353
2026-02-26 04:10:15.131 9 INFO neutron.api.wsgi [None req-db33d676-60d5-46d6-95ba-97ebc5be30c5 e8c829ecf86546d9959658d74a1c61dd 75112619e90547f0a1d9cb77802a2d29 - - default default] 10.0.0.170 "GET /v2.0/networks HTTP/1.1" status: 200 len: 2350 time: 0.0387666
2026-02-26 04:10:15.152 9 INFO neutron.api.wsgi [None req-69494e3a-98e4-4868-a37e-05b99d2cc961 e8c829ecf86546d9959658d74a1c61dd 75112619e90547f0a1d9cb77802a2d29 - - default default] 10.0.0.170 "GET /v2.0/subnets HTTP/1.1" status: 200 len: 1484 time: 0.0199013
2026-02-26 04:10:15.164 9 INFO neutron.api.wsgi [None req-e7252eaa-29d0-47a5-9f62-90b88015d0f4 e8c829ecf86546d9959658d74a1c61dd 75112619e90547f0a1d9cb77802a2d29 - - default default] 10.0.0.170 "GET /v2.0/routers HTTP/1.1" status: 200 len: 189 time: 0.0113759
2026-02-26 04:10:15.195 9 INFO neutron.api.wsgi [None req-d15b33c6-74f9-49e3-b8ca-bd12856162cb e8c829ecf86546d9959658d74a1c61dd 75112619e90547f0a1d9cb77802a2d29 - - default default] 10.0.0.170 "GET /v2.0/agents?binary=ovn-controller HTTP/1.1" status: 200 len: 591 time: 0.0303195
2026-02-26 04:10:15.241 9 INFO neutron.api.wsgi [None req-c9481f27-d771-491f-9365-a08a43084691 e8c829ecf86546d9959658d74a1c61dd 75112619e90547f0a1d9cb77802a2d29 - - default default] 10.0.0.170 "GET /v2.0/ports HTTP/1.1" status: 200 len: 5351 time: 0.0451868
2026-02-26 04:10:15.256 9 INFO neutron.api.wsgi [None req-0aa1210e-0ee0-4967-bbf0-17ea57599931 e8c829ecf86546d9959658d74a1c61dd 75112619e90547f0a1d9cb77802a2d29 - - default default] 10.0.0.170 "GET /v2.0/agents HTTP/1.1" status: 200 len: 1390 time: 0.0107684
2026-02-26 04:10:15.278 9 INFO neutron.api.wsgi [None req-5e12e972-b24c-4029-84be-567a45fd1b6d e8c829ecf86546d9959658d74a1c61dd 75112619e90547f0a1d9cb77802a2d29 - - default default] 10.0.0.170 "GET /v2.0/subnets HTTP/1.1" status: 200 len: 1484 time: 0.0211692
2026-02-26 04:10:15.286 9 INFO neutron.api.wsgi [None req-c4557c69-1d2e-41b0-a050-58ca056fac65 e8c829ecf86546d9959658d74a1c61dd 75112619e90547f0a1d9cb77802a2d29 - - default default] 10.0.0.170 "GET /v2.0/subnetpools HTTP/1.1" status: 200 len: 193 time: 0.0062499
2026-02-26 04:10:15.299 9 INFO neutron.api.wsgi [None req-b6690aa1-c853-4571-a52c-52107dfab891 e8c829ecf86546d9959658d74a1c61dd 75112619e90547f0a1d9cb77802a2d29 - - default default] 10.0.0.170 "GET /v2.0/floatingips HTTP/1.1" status: 200 len: 193 time: 0.0113535
2026-02-26 04:10:18.718 9 INFO neutron.api.wsgi [-] 10.0.0.95 "GET / HTTP/1.1" status: 200 len: 247 time: 0.0023556
2026-02-26 04:10:18.718 10 INFO neutron.api.wsgi [-] 10.0.0.95 "GET / HTTP/1.1" status: 200 len: 247 time: 0.0023332
2026-02-26 04:10:33.717 9 INFO neutron.api.wsgi [-] 10.0.0.95 "GET / HTTP/1.1" status: 200 len: 247 time: 0.0013876
2026-02-26 04:10:33.719 9 INFO neutron.api.wsgi [-] 10.0.0.95 "GET / HTTP/1.1" status: 200 len: 247 time: 0.0008528
2026-02-26 04:10:40.015 10 INFO neutron.pecan_wsgi.hooks.translation [None req-a53ec9c0-c3a5-4fdd-bd73-52dceac1698f e8c829ecf86546d9959658d74a1c61dd 75112619e90547f0a1d9cb77802a2d29 - - default default] GET failed (client error): The resource could not be found.
2026-02-26 04:10:40.016 10 INFO neutron.api.wsgi [None req-a53ec9c0-c3a5-4fdd-bd73-52dceac1698f e8c829ecf86546d9959658d74a1c61dd 75112619e90547f0a1d9cb77802a2d29 - - default default] 162.253.55.43,10.0.0.95 "GET /v2.0/networks/public HTTP/1.1" status: 404 len: 290 time: 0.0532284
2026-02-26 04:10:40.055 10 INFO neutron.api.wsgi [None req-0adb085f-619f-48e5-94a4-ef423744fe72 e8c829ecf86546d9959658d74a1c61dd 75112619e90547f0a1d9cb77802a2d29 - - default default] 162.253.55.43,10.0.0.95 "GET /v2.0/networks?name=public HTTP/1.1" status: 200 len: 928 time: 0.0365303
2026-02-26 04:10:41.301 10 INFO neutron.pecan_wsgi.hooks.translation [None req-e6a31ed1-1ef7-4a64-a1c5-37c54234dcfe e8c829ecf86546d9959658d74a1c61dd 75112619e90547f0a1d9cb77802a2d29 - - default default] GET failed (client error): The resource could not be found.
2026-02-26 04:10:41.302 10 INFO neutron.api.wsgi [None req-e6a31ed1-1ef7-4a64-a1c5-37c54234dcfe e8c829ecf86546d9959658d74a1c61dd 75112619e90547f0a1d9cb77802a2d29 - - default default] 162.253.55.43,10.0.0.95 "GET /v2.0/networks/public HTTP/1.1" status: 404 len: 290 time: 0.0426025
2026-02-26 04:10:41.345 10 INFO neutron.api.wsgi [None req-20a52fa1-f086-4b16-8c95-6c40baa1826f e8c829ecf86546d9959658d74a1c61dd 75112619e90547f0a1d9cb77802a2d29 - - default default] 162.253.55.43,10.0.0.95 "GET /v2.0/networks?name=public HTTP/1.1" status: 200 len: 928 time: 0.0391650
2026-02-26 04:10:41.363 10 INFO neutron.pecan_wsgi.hooks.translation [None req-1d1a0d98-2241-4503-8ef7-3a43864172d4 e8c829ecf86546d9959658d74a1c61dd 75112619e90547f0a1d9cb77802a2d29 - - default default] GET failed (client error): The resource could not be found.
2026-02-26 04:10:41.364 10 INFO neutron.api.wsgi [None req-1d1a0d98-2241-4503-8ef7-3a43864172d4 e8c829ecf86546d9959658d74a1c61dd 75112619e90547f0a1d9cb77802a2d29 - - default default] 162.253.55.43,10.0.0.95 "GET /v2.0/subnets/public-subnet?network_id=a31a661a-6bd2-4f70-ab6b-eeea83f275be HTTP/1.1" status: 404 len: 295 time: 0.0098000
2026-02-26 04:10:41.387 10 INFO neutron.api.wsgi [None req-e26904f7-9914-44d7-99d6-41a19ed01c1c e8c829ecf86546d9959658d74a1c61dd 75112619e90547f0a1d9cb77802a2d29 - - default default] 162.253.55.43,10.0.0.95 "GET /v2.0/subnets?name=public-subnet&network_id=a31a661a-6bd2-4f70-ab6b-eeea83f275be HTTP/1.1" status: 200 len: 842 time: 0.0196924
2026-02-26 04:10:48.719 10 INFO neutron.api.wsgi [-] 10.0.0.95 "GET / HTTP/1.1" status: 200 len: 247 time: 0.0030529
2026-02-26 04:10:48.719 9 INFO neutron.api.wsgi [-] 10.0.0.95 "GET / HTTP/1.1" status: 200 len: 247 time: 0.0021267
2026-02-26 04:11:03.718 10 INFO neutron.api.wsgi [-] 10.0.0.95 "GET / HTTP/1.1" status: 200 len: 247 time: 0.0024860
2026-02-26 04:11:03.720 9 INFO neutron.api.wsgi [-] 10.0.0.95 "GET / HTTP/1.1" status: 200 len: 247 time: 0.0031178
2026-02-26 04:11:07.956 9 INFO neutron.pecan_wsgi.hooks.translation [None req-46cdec19-7be5-4383-8230-4afbf7e4fa41 e8c829ecf86546d9959658d74a1c61dd 75112619e90547f0a1d9cb77802a2d29 - - default default] GET failed (client error): The resource could not be found.
2026-02-26 04:11:07.958 9 INFO neutron.api.wsgi [None req-46cdec19-7be5-4383-8230-4afbf7e4fa41 e8c829ecf86546d9959658d74a1c61dd 75112619e90547f0a1d9cb77802a2d29 - - default default] 162.253.55.43,10.0.0.95 "GET /v2.0/networks/lb-mgmt-net HTTP/1.1" status: 404 len: 295 time: 0.0524192
2026-02-26 04:11:08.007 9 INFO neutron.api.wsgi [None req-ef542881-07c4-4500-bb62-044b3cfb7d9b e8c829ecf86546d9959658d74a1c61dd 75112619e90547f0a1d9cb77802a2d29 - - default default] 162.253.55.43,10.0.0.95 "GET /v2.0/networks?name=lb-mgmt-net HTTP/1.1" status: 200 len: 913 time: 0.0448692
2026-02-26 04:11:08.883 9 INFO neutron.pecan_wsgi.hooks.translation [None req-068b0e57-491a-42c4-8b37-0a4fa0c8dd1d e8c829ecf86546d9959658d74a1c61dd 75112619e90547f0a1d9cb77802a2d29 - - default default] GET failed (client error): The resource could not be found.
2026-02-26 04:11:08.884 9 INFO neutron.api.wsgi [None req-068b0e57-491a-42c4-8b37-0a4fa0c8dd1d e8c829ecf86546d9959658d74a1c61dd 75112619e90547f0a1d9cb77802a2d29 - - default default] 162.253.55.43,10.0.0.95 "GET /v2.0/networks/lb-mgmt-net HTTP/1.1" status: 404 len: 295 time: 0.0385478
2026-02-26 04:11:08.924 9 INFO neutron.api.wsgi [None req-ec49bf7d-8b0e-41c3-9639-c14d4b13d674 e8c829ecf86546d9959658d74a1c61dd 75112619e90547f0a1d9cb77802a2d29 - - default default] 162.253.55.43,10.0.0.95 "GET /v2.0/networks?name=lb-mgmt-net HTTP/1.1" status: 200 len: 913 time: 0.0360482
2026-02-26 04:11:08.940 9 INFO neutron.pecan_wsgi.hooks.translation [None req-9fbd089e-51d2-4a80-aa0c-cbb4fcf7d71f e8c829ecf86546d9959658d74a1c61dd 75112619e90547f0a1d9cb77802a2d29 - - default default] GET failed (client error): The resource could not be found.
2026-02-26 04:11:08.942 9 INFO neutron.api.wsgi [None req-9fbd089e-51d2-4a80-aa0c-cbb4fcf7d71f e8c829ecf86546d9959658d74a1c61dd 75112619e90547f0a1d9cb77802a2d29 - - default default] 162.253.55.43,10.0.0.95 "GET /v2.0/subnets/lb-mgmt-subnet?network_id=55bad806-a738-406d-a094-0442bbd12667 HTTP/1.1" status: 404 len: 296 time: 0.0123248
2026-02-26 04:11:08.962 9 INFO neutron.api.wsgi [None req-703b6b99-6be7-4768-827e-e47ae918d46b e8c829ecf86546d9959658d74a1c61dd 75112619e90547f0a1d9cb77802a2d29 - - default default] 162.253.55.43,10.0.0.95 "GET /v2.0/subnets?name=lb-mgmt-subnet&network_id=55bad806-a738-406d-a094-0442bbd12667 HTTP/1.1" status: 200 len: 829 time: 0.0180624
2026-02-26 04:11:10.060 10 INFO neutron.api.v2.resource [None req-ee0dcfb0-7ef7-4c94-8b6a-869b8c84f07c e8c829ecf86546d9959658d74a1c61dd 75112619e90547f0a1d9cb77802a2d29 - - default default] show failed (client error): The resource could not be found.
2026-02-26 04:11:10.061 10 INFO neutron.api.wsgi [None req-ee0dcfb0-7ef7-4c94-8b6a-869b8c84f07c e8c829ecf86546d9959658d74a1c61dd 75112619e90547f0a1d9cb77802a2d29 - - default default] 162.253.55.43,10.0.0.95 "GET /v2.0/security-groups/lb-health-mgr-sec-grp HTTP/1.1" status: 404 len: 313 time: 0.0465472
2026-02-26 04:11:10.096 10 INFO neutron.api.wsgi [None req-4bce983a-99ca-4cbe-a7c0-2eaf9951181f e8c829ecf86546d9959658d74a1c61dd 75112619e90547f0a1d9cb77802a2d29 - - default default] 162.253.55.43,10.0.0.95 "GET /v2.0/security-groups?name=lb-health-mgr-sec-grp HTTP/1.1" status: 200 len: 4866 time: 0.0311811
2026-02-26 04:11:11.098 10 INFO neutron.api.wsgi [None req-0fd1bf06-a335-4d5b-a685-3a09a41ae53d e8c829ecf86546d9959658d74a1c61dd 75112619e90547f0a1d9cb77802a2d29 - - default default] 162.253.55.43,10.0.0.95 "GET /v2.0/security-groups/03093879-98d1-4d20-8433-f2c5f47c23fb HTTP/1.1" status: 200 len: 4870 time: 0.0561085
2026-02-26 04:11:11.131 10 INFO neutron.api.wsgi [None req-0c1ea232-18ba-4dc3-88c3-859713221c1b e8c829ecf86546d9959658d74a1c61dd 75112619e90547f0a1d9cb77802a2d29 - - default default] 162.253.55.43,10.0.0.95 "GET /v2.0/security-groups/03093879-98d1-4d20-8433-f2c5f47c23fb HTTP/1.1" status: 200 len: 4870 time: 0.0251954
2026-02-26 04:11:11.149 10 INFO neutron.api.wsgi [None req-c2f7f4ef-7d99-4fc6-8f30-f1a125a5fdda e8c829ecf86546d9959658d74a1c61dd 75112619e90547f0a1d9cb77802a2d29 - - default default] 162.253.55.43,10.0.0.95 "GET /v2.0/security-group-rules/f4cfe06f-a5da-4cc4-bae1-a6e3d306a428 HTTP/1.1" status: 200 len: 776 time: 0.0110826
2026-02-26 04:11:12.025 9 INFO neutron.api.wsgi [None req-d7c88949-0489-4bdb-8703-df20dc8ad479 e8c829ecf86546d9959658d74a1c61dd 75112619e90547f0a1d9cb77802a2d29 - - default default] 162.253.55.43,10.0.0.95 "GET /v2.0/security-groups/03093879-98d1-4d20-8433-f2c5f47c23fb HTTP/1.1" status: 200 len: 4870 time: 0.0595682
2026-02-26 04:11:12.063 9 INFO neutron.api.wsgi [None req-9f1316e8-42be-451b-adb3-9bcb8cc0ef22 e8c829ecf86546d9959658d74a1c61dd 75112619e90547f0a1d9cb77802a2d29 - - default default] 162.253.55.43,10.0.0.95 "GET /v2.0/security-groups/03093879-98d1-4d20-8433-f2c5f47c23fb HTTP/1.1" status: 200 len: 4870 time: 0.0311532
2026-02-26 04:11:12.085 9 INFO neutron.api.wsgi [None req-2414660b-0bf1-4f7a-a0be-6e79537cdc3c e8c829ecf86546d9959658d74a1c61dd 75112619e90547f0a1d9cb77802a2d29 - - default default] 162.253.55.43,10.0.0.95 "GET /v2.0/security-group-rules/a51da7b4-0336-462a-9a2b-6d66312a33c5 HTTP/1.1" status: 200 len: 778 time: 0.0147438
2026-02-26 04:11:13.390 9 INFO neutron.api.wsgi [None req-f583946a-debf-4303-a60c-423d012ca134 e8c829ecf86546d9959658d74a1c61dd 75112619e90547f0a1d9cb77802a2d29 - - default default] 162.253.55.43,10.0.0.95 "GET /v2.0/security-groups/03093879-98d1-4d20-8433-f2c5f47c23fb HTTP/1.1" status: 200 len: 4870 time: 0.0648804
2026-02-26 04:11:13.428 9 INFO neutron.api.wsgi [None req-bf10741f-cf18-47b4-8aa8-dd3672da94ad e8c829ecf86546d9959658d74a1c61dd 75112619e90547f0a1d9cb77802a2d29 - - default default] 162.253.55.43,10.0.0.95 "GET /v2.0/security-groups/03093879-98d1-4d20-8433-f2c5f47c23fb HTTP/1.1" status: 200 len: 4870 time: 0.0325446
2026-02-26 04:11:13.446 9 INFO neutron.api.wsgi [None req-aad6cd8d-3f4d-4bb1-b6bc-a4b1f344321a e8c829ecf86546d9959658d74a1c61dd 75112619e90547f0a1d9cb77802a2d29 - - default default] 162.253.55.43,10.0.0.95 "GET /v2.0/security-group-rules/87685fa7-7fd0-4718-9e30-bc6b11bb501e HTTP/1.1" status: 200 len: 778 time: 0.0136874
2026-02-26 04:11:14.318 10 INFO neutron.api.wsgi [None req-becc8115-3fd6-4806-acd3-c88393d53786 e8c829ecf86546d9959658d74a1c61dd 75112619e90547f0a1d9cb77802a2d29 - - default default] 162.253.55.43,10.0.0.95 "GET /v2.0/security-groups/03093879-98d1-4d20-8433-f2c5f47c23fb HTTP/1.1" status: 200 len: 4870 time: 0.0566671
2026-02-26 04:11:14.363 10 INFO neutron.api.wsgi [None req-0666bb78-c073-4462-b8fd-8d9a4754a512 e8c829ecf86546d9959658d74a1c61dd 75112619e90547f0a1d9cb77802a2d29 - - default default] 162.253.55.43,10.0.0.95 "GET /v2.0/security-groups/03093879-98d1-4d20-8433-f2c5f47c23fb HTTP/1.1" status: 200 len: 4870 time: 0.0374203
2026-02-26 04:11:14.383 10 INFO neutron.api.wsgi [None req-49a86f23-075b-4eaf-b021-8ed8c3857254 e8c829ecf86546d9959658d74a1c61dd 75112619e90547f0a1d9cb77802a2d29 - - default default] 162.253.55.43,10.0.0.95 "GET /v2.0/security-group-rules/d2dffd5a-087c-49f6-a856-272bbf46fe21 HTTP/1.1" status: 200 len: 778 time: 0.0123732
2026-02-26 04:11:15.118 9 INFO neutron.api.wsgi [None req-fafaa6ae-aec4-40c8-acb9-800cc61cbb89 e8c829ecf86546d9959658d74a1c61dd 75112619e90547f0a1d9cb77802a2d29 - - default default] 10.0.0.170 "GET /v2.0/ports HTTP/1.1" status: 200 len: 5351 time: 0.0762796
2026-02-26 04:11:15.162 9 INFO neutron.api.wsgi [None req-0d887a7c-b883-45ac-bdad-62486a387f20 e8c829ecf86546d9959658d74a1c61dd 75112619e90547f0a1d9cb77802a2d29 - - default default] 10.0.0.170 "GET /v2.0/subnets HTTP/1.1" status: 200 len: 1484 time: 0.0350130
2026-02-26 04:11:15.176 9 INFO neutron.api.wsgi [None req-cc9fd185-439d-41df-b3c5-5d71cb5f5b56 e8c829ecf86546d9959658d74a1c61dd 75112619e90547f0a1d9cb77802a2d29 - - default default] 10.0.0.170 "GET /v2.0/subnetpools HTTP/1.1" status: 200 len: 193 time: 0.0119443
2026-02-26 04:11:15.201 9 INFO neutron.api.wsgi [None req-aa93f274-66ba-47d9-a405-87c4233a4df1 e8c829ecf86546d9959658d74a1c61dd 75112619e90547f0a1d9cb77802a2d29 - - default default] 10.0.0.170 "GET /v2.0/floatingips HTTP/1.1" status: 200 len: 193 time: 0.0236521
2026-02-26 04:11:15.227 10 INFO neutron.api.wsgi [None req-c4bba1ec-9aea-46dc-9207-f5024a3d3141 e8c829ecf86546d9959658d74a1c61dd 75112619e90547f0a1d9cb77802a2d29 - - default default] 162.253.55.43,10.0.0.95 "GET /v2.0/security-groups/03093879-98d1-4d20-8433-f2c5f47c23fb HTTP/1.1" status: 200 len: 4870 time: 0.0706325
2026-02-26 04:11:15.267 9 INFO neutron.api.wsgi [None req-bb27414c-8425-4d86-b94b-0ca993a527fc e8c829ecf86546d9959658d74a1c61dd 75112619e90547f0a1d9cb77802a2d29 - - default default] 10.0.0.170 "GET /v2.0/networks HTTP/1.1" status: 200 len: 2350 time: 0.0656865
2026-02-26 04:11:15.288 10 INFO neutron.api.wsgi [None req-aca4408d-b222-4da8-a49b-c7721e12f6a0 e8c829ecf86546d9959658d74a1c61dd 75112619e90547f0a1d9cb77802a2d29 - - default default] 162.253.55.43,10.0.0.95 "GET /v2.0/security-groups/03093879-98d1-4d20-8433-f2c5f47c23fb HTTP/1.1" status: 200 len: 4870 time: 0.0533535
2026-02-26 04:11:15.301 9 INFO neutron.api.wsgi [None req-4aaa4b8c-d3c9-4906-90e7-852109e4a7c4 e8c829ecf86546d9959658d74a1c61dd 75112619e90547f0a1d9cb77802a2d29 - - default default] 10.0.0.170 "GET /v2.0/agents HTTP/1.1" status: 200 len: 1390 time: 0.0305119
2026-02-26 04:11:15.308 10 INFO neutron.api.wsgi [None req-24f21461-3fbf-4368-8b6d-ee1bdb4f7946 e8c829ecf86546d9959658d74a1c61dd 75112619e90547f0a1d9cb77802a2d29 - - default default] 162.253.55.43,10.0.0.95 "GET /v2.0/security-group-rules/2a6af55a-09ea-4779-96c2-56c1d06d7b62 HTTP/1.1" status: 200 len: 778 time: 0.0125487
2026-02-26 04:11:15.333 9 INFO neutron.api.wsgi [None req-0dce8d7f-d0b9-4283-af61-7e70423b16f8 e8c829ecf86546d9959658d74a1c61dd 75112619e90547f0a1d9cb77802a2d29 - - default default] 10.0.0.170 "GET /v2.0/security-groups HTTP/1.1" status: 200 len: 17578 time: 0.0305541
2026-02-26 04:11:15.362 9 INFO neutron.api.wsgi [None req-ad7fb327-a947-4564-b69f-2184cf4ca411 e8c829ecf86546d9959658d74a1c61dd 75112619e90547f0a1d9cb77802a2d29 - - default default] 10.0.0.170 "GET /v2.0/subnets HTTP/1.1" status: 200 len: 1484 time: 0.0230076
2026-02-26 04:11:15.377 9 INFO neutron.api.wsgi [None req-4ebd1917-51bc-4241-adf5-8dce6dc5bff7 e8c829ecf86546d9959658d74a1c61dd 75112619e90547f0a1d9cb77802a2d29 - - default default] 10.0.0.170 "GET /v2.0/routers HTTP/1.1" status: 200 len: 189 time: 0.0139923
2026-02-26 04:11:15.408 9 INFO neutron.api.wsgi [None req-e311ab73-a2b9-42b6-9c0a-1f43fb5c30fe e8c829ecf86546d9959658d74a1c61dd 75112619e90547f0a1d9cb77802a2d29 - - default default] 10.0.0.170 "GET /v2.0/agents?binary=ovn-controller HTTP/1.1" status: 200 len: 591 time: 0.0305023
2026-02-26 04:11:15.424 9 INFO neutron.api.wsgi [None req-b2690cc3-6a7c-4f91-9f6e-4295e4168acb e8c829ecf86546d9959658d74a1c61dd 75112619e90547f0a1d9cb77802a2d29 - - default default] 10.0.0.170 "GET /v2.0/network-ip-availabilities HTTP/1.1" status: 200 len: 1280 time: 0.0145547
2026-02-26 04:11:16.386 9 INFO neutron.api.wsgi [None req-165d25ec-f543-4bdd-8547-db274da0be9c e8c829ecf86546d9959658d74a1c61dd 75112619e90547f0a1d9cb77802a2d29 - - default default] 162.253.55.43,10.0.0.95 "GET /v2.0/networks/55bad806-a738-406d-a094-0442bbd12667 HTTP/1.1" status: 200 len: 910 time: 0.0698934
2026-02-26 04:11:16.406 9 INFO neutron.pecan_wsgi.hooks.translation [None req-59c0a801-7d2c-49a2-89a1-447e0724f95f e8c829ecf86546d9959658d74a1c61dd 75112619e90547f0a1d9cb77802a2d29 - - default default] GET failed (client error): The resource could not be found.
2026-02-26 04:11:16.407 9 INFO neutron.api.wsgi [None req-59c0a801-7d2c-49a2-89a1-447e0724f95f e8c829ecf86546d9959658d74a1c61dd 75112619e90547f0a1d9cb77802a2d29 - - default default] 162.253.55.43,10.0.0.95 "GET /v2.0/ports/octavia-health-manager-port-instance?network_id=55bad806-a738-406d-a094-0442bbd12667 HTTP/1.1" status: 404 len: 314 time: 0.0135353
2026-02-26 04:11:16.453 9 INFO neutron.api.wsgi [None req-dc43f7b3-cbd4-4f71-b951-355bad324f99 e8c829ecf86546d9959658d74a1c61dd 75112619e90547f0a1d9cb77802a2d29 - - default default] 162.253.55.43,10.0.0.95 "GET /v2.0/ports?name=octavia-health-manager-port-instance&network_id=55bad806-a738-406d-a094-0442bbd12667 HTTP/1.1" status: 200 len: 1399 time: 0.0427547
2026-02-26 04:11:16.491 9 INFO neutron.api.wsgi [None req-7dd2b7ef-4ba0-4e58-9634-bb8f7d0b873a e8c829ecf86546d9959658d74a1c61dd 75112619e90547f0a1d9cb77802a2d29 - - default default] 162.253.55.43,10.0.0.95 "GET /v2.0/security-groups/03093879-98d1-4d20-8433-f2c5f47c23fb HTTP/1.1" status: 200 len: 4870 time: 0.0268698
2026-02-26 04:11:18.718 9 INFO neutron.api.wsgi [-] 10.0.0.95 "GET / HTTP/1.1" status: 200 len: 247 time: 0.0023141
2026-02-26 04:11:18.718 10 INFO neutron.api.wsgi [-] 10.0.0.95 "GET / HTTP/1.1" status: 200 len: 247 time: 0.0024414
2026-02-26 04:11:22.806 9 INFO neutron.pecan_wsgi.hooks.translation [None req-83701f5e-185f-4be3-a976-edd76127ac70 e8c829ecf86546d9959658d74a1c61dd 75112619e90547f0a1d9cb77802a2d29 - - default default] GET failed (client error): The resource could not be found.
2026-02-26 04:11:22.807 9 INFO neutron.api.wsgi [None req-83701f5e-185f-4be3-a976-edd76127ac70 e8c829ecf86546d9959658d74a1c61dd 75112619e90547f0a1d9cb77802a2d29 - - default default] 162.253.55.43,10.0.0.95 "GET /v2.0/ports/octavia-health-manager-port-instance HTTP/1.1" status: 404 len: 314 time: 0.0572710
2026-02-26 04:11:22.837 9 INFO neutron.api.wsgi [None req-3b1112aa-d339-4a27-aca3-9c2706eb3e08 e8c829ecf86546d9959658d74a1c61dd 75112619e90547f0a1d9cb77802a2d29 - - default default] 162.253.55.43,10.0.0.95 "GET /v2.0/ports?name=octavia-health-manager-port-instance HTTP/1.1" status: 200 len: 1399 time: 0.0280046
2026-02-26 04:11:24.272 10 INFO neutron.api.wsgi [None req-8def9444-b844-4165-a5c9-1593f17d18a7 e8c829ecf86546d9959658d74a1c61dd 75112619e90547f0a1d9cb77802a2d29 - - default default] 162.253.55.43,10.0.0.95 "GET /v2.0/ports HTTP/1.1" status: 200 len: 5351 time: 0.0660448
2026-02-26 04:11:25.229 10 INFO neutron.api.v2.resource [None req-0f36c87e-5f98-4207-87e8-2b5795afec83 e8c829ecf86546d9959658d74a1c61dd 75112619e90547f0a1d9cb77802a2d29 - - default default] show failed (client error): The resource could not be found.
2026-02-26 04:11:25.230 10 INFO neutron.api.wsgi [None req-0f36c87e-5f98-4207-87e8-2b5795afec83 e8c829ecf86546d9959658d74a1c61dd 75112619e90547f0a1d9cb77802a2d29 - - default default] 162.253.55.43,10.0.0.95 "GET /v2.0/security-groups/lb-mgmt-sec-grp HTTP/1.1" status: 404 len: 307 time: 0.0295563
2026-02-26 04:11:25.272 10 INFO neutron.api.wsgi [None req-77a1e707-876a-4798-8424-8a45003045e9 e8c829ecf86546d9959658d74a1c61dd 75112619e90547f0a1d9cb77802a2d29 - - default default] 162.253.55.43,10.0.0.95 "GET /v2.0/security-groups?name=lb-mgmt-sec-grp HTTP/1.1" status: 200 len: 3061 time: 0.0392172
2026-02-26 04:11:26.187 10 INFO neutron.api.wsgi [None req-652118f1-010d-4fc6-9b54-27ebae83d7f2 e8c829ecf86546d9959658d74a1c61dd 75112619e90547f0a1d9cb77802a2d29 - - default default] 162.253.55.43,10.0.0.95 "GET /v2.0/security-groups/3bf21cc8-8f27-4e02-9b21-c5217e8a9675 HTTP/1.1" status: 200 len: 3062 time: 0.0482705
2026-02-26 04:11:26.217 10 INFO neutron.api.wsgi [None req-8e6565ed-2360-44a4-a494-dd20201915ec e8c829ecf86546d9959658d74a1c61dd 75112619e90547f0a1d9cb77802a2d29 - - default default] 162.253.55.43,10.0.0.95 "GET /v2.0/security-groups/3bf21cc8-8f27-4e02-9b21-c5217e8a9675 HTTP/1.1" status: 200 len: 3062 time: 0.0212221
2026-02-26 04:11:26.234 10 INFO neutron.api.wsgi [None req-c8fef1cd-e956-4969-904f-74192dc52e49 e8c829ecf86546d9959658d74a1c61dd 75112619e90547f0a1d9cb77802a2d29 - - default default] 162.253.55.43,10.0.0.95 "GET /v2.0/security-group-rules/4315e3df-5a85-4af3-ad06-b17b8e7aa671 HTTP/1.1" status: 200 len: 798 time: 0.0101473
2026-02-26 04:11:27.046 10 INFO neutron.api.wsgi [None req-53d5bea7-5bc9-4261-89ac-e0047199634e e8c829ecf86546d9959658d74a1c61dd 75112619e90547f0a1d9cb77802a2d29 - - default default] 162.253.55.43,10.0.0.95 "GET /v2.0/security-groups/3bf21cc8-8f27-4e02-9b21-c5217e8a9675 HTTP/1.1" status: 200 len: 3062 time: 0.0478671
2026-02-26 04:11:27.074 10 INFO neutron.api.wsgi [None req-a6062a31-d84e-400b-b5c6-d7dabe1cd2ca e8c829ecf86546d9959658d74a1c61dd 75112619e90547f0a1d9cb77802a2d29 - - default default] 162.253.55.43,10.0.0.95 "GET /v2.0/security-groups/3bf21cc8-8f27-4e02-9b21-c5217e8a9675 HTTP/1.1" status: 200 len: 3062 time: 0.0229840
2026-02-26 04:11:27.097 10 INFO neutron.api.wsgi [None req-d5b5cc7a-6c67-4c97-89fa-8c0870306eb6 e8c829ecf86546d9959658d74a1c61dd 75112619e90547f0a1d9cb77802a2d29 - - default default] 162.253.55.43,10.0.0.95 "GET /v2.0/security-group-rules/ae4b888c-8e64-43b2-9e32-ded4e6e15c3d HTTP/1.1" status: 200 len: 802 time: 0.0143967
2026-02-26 04:11:33.718 10 INFO neutron.api.wsgi [-] 10.0.0.95 "GET / HTTP/1.1" status: 200 len: 247 time: 0.0022862
2026-02-26 04:11:33.718 9 INFO neutron.api.wsgi [-] 10.0.0.95 "GET / HTTP/1.1" status: 200 len: 247 time: 0.0023985
2026-02-26 04:11:38.110 10 INFO neutron.api.wsgi [None req-f449b3f5-af41-47b7-93b3-8dd15087cd09 e8c829ecf86546d9959658d74a1c61dd 75112619e90547f0a1d9cb77802a2d29 - - default default] 162.253.55.43,10.0.0.95 "GET /v2.0/quotas/75112619e90547f0a1d9cb77802a2d29 HTTP/1.1" status: 200 len: 466 time: 0.0108235
2026-02-26 04:11:48.719 10 INFO neutron.api.wsgi [-] 10.0.0.95 "GET / HTTP/1.1" status: 200 len: 247 time: 0.0021241
2026-02-26 04:11:48.720 9 INFO neutron.api.wsgi [-] 10.0.0.95 "GET / HTTP/1.1" status: 200 len: 247 time: 0.0028095
2026-02-26 04:12:03.719 10 INFO neutron.api.wsgi [-] 10.0.0.95 "GET / HTTP/1.1" status: 200 len: 247 time: 0.0030899
2026-02-26 04:12:03.722 10 INFO neutron.api.wsgi [-] 10.0.0.95 "GET / HTTP/1.1" status: 200 len: 247 time: 0.0020096
2026-02-26 04:12:15.158 9 INFO neutron.api.wsgi [None req-215b1f57-1960-4ad7-837c-ca00a39c2eeb e8c829ecf86546d9959658d74a1c61dd 75112619e90547f0a1d9cb77802a2d29 - - default default] 10.0.0.170 "GET /v2.0/security-groups HTTP/1.1" status: 200 len: 17578 time: 0.1259120
2026-02-26 04:12:15.177 9 INFO neutron.api.wsgi [None req-281a357b-01c3-428a-86f5-42f3b581ec1e e8c829ecf86546d9959658d74a1c61dd 75112619e90547f0a1d9cb77802a2d29 - - default default] 10.0.0.170 "GET /v2.0/routers HTTP/1.1" status: 200 len: 189 time: 0.0166905
2026-02-26 04:12:15.212 9 INFO neutron.api.wsgi [None req-80009a7e-6c3f-40ea-9c5f-d200ed29df9c e8c829ecf86546d9959658d74a1c61dd 75112619e90547f0a1d9cb77802a2d29 - - default default] 10.0.0.170 "GET /v2.0/agents?binary=ovn-controller HTTP/1.1" status: 200 len: 591 time: 0.0344634
2026-02-26 04:12:15.227 9 INFO neutron.api.wsgi [None req-720b57d6-e657-46ac-99a2-8d85fe233185 e8c829ecf86546d9959658d74a1c61dd 75112619e90547f0a1d9cb77802a2d29 - - default default] 10.0.0.170 "GET /v2.0/network-ip-availabilities HTTP/1.1" status: 200 len: 1280 time: 0.0143025
2026-02-26 04:12:15.253 9 INFO neutron.api.wsgi [None req-9526e990-00c9-49be-86b5-06ba853c8f45 e8c829ecf86546d9959658d74a1c61dd 75112619e90547f0a1d9cb77802a2d29 - - default default] 10.0.0.170 "GET /v2.0/subnets HTTP/1.1" status: 200 len: 1484 time: 0.0246427
2026-02-26 04:12:15.264 9 INFO neutron.api.wsgi [None req-f0f04786-97a2-4030-9ea6-b882ccf72226 e8c829ecf86546d9959658d74a1c61dd 75112619e90547f0a1d9cb77802a2d29 - - default default] 10.0.0.170 "GET /v2.0/subnetpools HTTP/1.1" status: 200 len: 193 time: 0.0083649
2026-02-26 04:12:15.288 9 INFO neutron.api.wsgi [None req-8b3ef956-8d86-4684-a786-b9578cd30491 e8c829ecf86546d9959658d74a1c61dd 75112619e90547f0a1d9cb77802a2d29 - - default default] 10.0.0.170 "GET /v2.0/floatingips HTTP/1.1" status: 200 len: 193 time: 0.0241711
2026-02-26 04:12:15.341 9 INFO neutron.api.wsgi [None req-6513b0ae-817e-431f-9450-521c363b205d e8c829ecf86546d9959658d74a1c61dd 75112619e90547f0a1d9cb77802a2d29 - - default default] 10.0.0.170 "GET /v2.0/ports HTTP/1.1" status: 200 len: 5351 time: 0.0526040
2026-02-26 04:12:15.375 9 INFO neutron.api.wsgi [None req-d9145a02-accc-40f7-b254-1063fba24ee4 e8c829ecf86546d9959658d74a1c61dd 75112619e90547f0a1d9cb77802a2d29 - - default default] 10.0.0.170 "GET /v2.0/subnets HTTP/1.1" status: 200 len: 1484 time: 0.0299366
2026-02-26 04:12:15.390 9 INFO neutron.api.wsgi [None req-07e82015-3540-48ae-9a8a-a8761691dc70 e8c829ecf86546d9959658d74a1c61dd 75112619e90547f0a1d9cb77802a2d29 - - default default] 10.0.0.170 "GET /v2.0/agents HTTP/1.1" status: 200 len: 1390 time: 0.0137703
2026-02-26 04:12:15.431 9 INFO neutron.api.wsgi [None req-aae98eb4-c4a0-4726-ae6d-0ffb7b6c6f4d e8c829ecf86546d9959658d74a1c61dd 75112619e90547f0a1d9cb77802a2d29 - - default default] 10.0.0.170 "GET /v2.0/networks HTTP/1.1" status: 200 len: 2350 time: 0.0401316
2026-02-26 04:12:18.717 10 INFO neutron.api.wsgi [-] 10.0.0.95 "GET / HTTP/1.1" status: 200 len: 247 time: 0.0019045
2026-02-26 04:12:18.719 10 INFO neutron.api.wsgi [-] 10.0.0.95 "GET / HTTP/1.1" status: 200 len: 247 time: 0.0013359
2026-02-26 04:12:25.970 10 INFO neutron.api.v2.resource [None req-2650fc8e-9907-4988-a885-de4be291d1a5 e8c829ecf86546d9959658d74a1c61dd 75112619e90547f0a1d9cb77802a2d29 - - default default] show failed (client error): The resource could not be found.
2026-02-26 04:12:25.971 10 INFO neutron.api.wsgi [None req-2650fc8e-9907-4988-a885-de4be291d1a5 e8c829ecf86546d9959658d74a1c61dd 75112619e90547f0a1d9cb77802a2d29 - - default default] 162.253.55.43,10.0.0.95 "GET /v2.0/security-groups/manila-service-security-group?project_id=0997eb8867154e38ac002d84ce07617f HTTP/1.1" status: 404 len: 321 time: 0.0426831
2026-02-26 04:12:26.028 10 INFO neutron.api.wsgi [None req-5f6cb420-4c9f-412b-9dc7-4e8a789c1bb1 e8c829ecf86546d9959658d74a1c61dd 75112619e90547f0a1d9cb77802a2d29 - - default default] 162.253.55.43,10.0.0.95 "GET /v2.0/security-groups?name=manila-service-security-group&project_id=0997eb8867154e38ac002d84ce07617f HTTP/1.1" status: 200 len: 4248 time: 0.0527930
2026-02-26 04:12:27.041 10 INFO neutron.api.wsgi [None req-52ad71b5-3842-4f9b-8d66-9ec6b2be676b e8c829ecf86546d9959658d74a1c61dd 75112619e90547f0a1d9cb77802a2d29 - - default default] 162.253.55.43,10.0.0.95 "GET /v2.0/security-groups/0b242c60-5a50-4372-9fb3-bd3edf62f3cf?project_id=0997eb8867154e38ac002d84ce07617f HTTP/1.1" status: 200 len: 4251 time: 0.0558798
2026-02-26 04:12:27.079 10 INFO neutron.api.wsgi [None req-b546e08c-1113-4cce-a300-c61e577ee7ee e8c829ecf86546d9959658d74a1c61dd 75112619e90547f0a1d9cb77802a2d29 - - default default] 162.253.55.43,10.0.0.95 "GET /v2.0/security-groups/0b242c60-5a50-4372-9fb3-bd3edf62f3cf HTTP/1.1" status: 200 len: 4251 time: 0.0290406
2026-02-26 04:12:27.098 10 INFO neutron.api.wsgi [None req-071c09eb-3306-430d-bd11-c790b037081a e8c829ecf86546d9959658d74a1c61dd 75112619e90547f0a1d9cb77802a2d29 - - default default] 162.253.55.43,10.0.0.95 "GET /v2.0/security-group-rules/fe6df822-a023-4b4a-8c40-c13468748a38 HTTP/1.1" status: 200 len: 772 time: 0.0125194
2026-02-26 04:12:27.986 10 INFO neutron.api.wsgi [None req-91584bc2-7ea5-45eb-ab57-2ec9794faca5 e8c829ecf86546d9959658d74a1c61dd 75112619e90547f0a1d9cb77802a2d29 - - default default] 162.253.55.43,10.0.0.95 "GET /v2.0/security-groups/0b242c60-5a50-4372-9fb3-bd3edf62f3cf?project_id=0997eb8867154e38ac002d84ce07617f HTTP/1.1" status: 200 len: 4251 time: 0.0453141
2026-02-26 04:12:28.024 10 INFO neutron.api.wsgi [None req-5f52b36e-17ea-4b2d-81df-b8a339063019 e8c829ecf86546d9959658d74a1c61dd 75112619e90547f0a1d9cb77802a2d29 - - default default] 162.253.55.43,10.0.0.95 "GET /v2.0/security-groups/0b242c60-5a50-4372-9fb3-bd3edf62f3cf HTTP/1.1" status: 200 len: 4251 time: 0.0308554
2026-02-26 04:12:28.044 10 INFO neutron.api.wsgi [None req-fff61e98-2821-4cc6-8131-2c56661f8650 e8c829ecf86546d9959658d74a1c61dd 75112619e90547f0a1d9cb77802a2d29 - - default default] 162.253.55.43,10.0.0.95 "GET /v2.0/security-group-rules/564c9d1f-5beb-451e-9bb6-87717cd3092f HTTP/1.1" status: 200 len: 774 time: 0.0144107
2026-02-26 04:12:28.992 10 INFO neutron.api.wsgi [None req-c611f53f-0743-4c6d-82cf-f6fe3275dd05 e8c829ecf86546d9959658d74a1c61dd 75112619e90547f0a1d9cb77802a2d29 - - default default] 162.253.55.43,10.0.0.95 "GET /v2.0/security-groups/0b242c60-5a50-4372-9fb3-bd3edf62f3cf?project_id=0997eb8867154e38ac002d84ce07617f HTTP/1.1" status: 200 len: 4251 time: 0.0595684
2026-02-26 04:12:29.025 10 INFO neutron.api.wsgi [None req-f3401797-5c99-43ad-92c3-05024679ceed e8c829ecf86546d9959658d74a1c61dd 75112619e90547f0a1d9cb77802a2d29 - - default default] 162.253.55.43,10.0.0.95 "GET /v2.0/security-groups/0b242c60-5a50-4372-9fb3-bd3edf62f3cf HTTP/1.1" status: 200 len: 4251 time: 0.0279419
2026-02-26 04:12:29.043 10 INFO neutron.api.wsgi [None req-a9790033-ad89-427d-bc4b-5b2212fa09d2 e8c829ecf86546d9959658d74a1c61dd 75112619e90547f0a1d9cb77802a2d29 - - default default] 162.253.55.43,10.0.0.95 "GET /v2.0/security-group-rules/5a783b60-251d-4386-86b7-a670654869cf HTTP/1.1" status: 200 len: 776 time: 0.0133607
2026-02-26 04:12:30.005 10 INFO neutron.api.wsgi [None req-644a8110-6999-46ef-936a-f2972bc1e4d4 e8c829ecf86546d9959658d74a1c61dd 75112619e90547f0a1d9cb77802a2d29 - - default default] 162.253.55.43,10.0.0.95 "GET /v2.0/security-groups/0b242c60-5a50-4372-9fb3-bd3edf62f3cf?project_id=0997eb8867154e38ac002d84ce07617f HTTP/1.1" status: 200 len: 4251 time: 0.0565617
2026-02-26 04:12:30.040 10 INFO neutron.api.wsgi [None req-d23d4929-892b-4594-a0b6-98be844371f1 e8c829ecf86546d9959658d74a1c61dd 75112619e90547f0a1d9cb77802a2d29 - - default default] 162.253.55.43,10.0.0.95 "GET /v2.0/security-groups/0b242c60-5a50-4372-9fb3-bd3edf62f3cf HTTP/1.1" status: 200 len: 4251 time: 0.0227234
2026-02-26 04:12:30.056 10 INFO neutron.api.wsgi [None req-c9db45d6-b119-487b-9073-90fac76a3127 e8c829ecf86546d9959658d74a1c61dd 75112619e90547f0a1d9cb77802a2d29 - - default default] 162.253.55.43,10.0.0.95 "GET /v2.0/security-group-rules/133e579b-85d2-4115-beb6-abd700220cbe HTTP/1.1" status: 200 len: 777 time: 0.0102654
2026-02-26 04:12:33.719 9 INFO neutron.api.wsgi [-] 10.0.0.95 "GET / HTTP/1.1" status: 200 len: 247 time: 0.0021832
2026-02-26 04:12:33.720 10 INFO neutron.api.wsgi [-] 10.0.0.95 "GET / HTTP/1.1" status: 200 len: 247 time: 0.0035691
2026-02-26 04:12:36.839 10 INFO neutron.api.wsgi [None req-bd49fbb6-bb1f-4057-97c2-0260c13bc137 e8c829ecf86546d9959658d74a1c61dd 75112619e90547f0a1d9cb77802a2d29 - - default default] 162.253.55.43,10.0.0.95 "GET /v2.0/quotas/0997eb8867154e38ac002d84ce07617f HTTP/1.1" status: 200 len: 466 time: 0.0099704
2026-02-26 04:12:48.718 10 INFO neutron.api.wsgi [-] 10.0.0.95 "GET / HTTP/1.1" status: 200 len: 247 time: 0.0021670
2026-02-26 04:12:48.720 9 INFO neutron.api.wsgi [-] 10.0.0.95 "GET / HTTP/1.1" status: 200 len: 247 time: 0.0034781
2026-02-26 04:13:03.719 9 INFO neutron.api.wsgi [-] 10.0.0.95 "GET / HTTP/1.1" status: 200 len: 247 time: 0.0029466
2026-02-26 04:13:03.720 10 INFO neutron.api.wsgi [-] 10.0.0.95 "GET / HTTP/1.1" status: 200 len: 247 time: 0.0032935
2026-02-26 04:13:15.118 9 INFO neutron.api.wsgi [None req-7c8b671e-bf3c-4a38-bcbc-1336bc6e5a14 e8c829ecf86546d9959658d74a1c61dd 75112619e90547f0a1d9cb77802a2d29 - - default default] 10.0.0.170 "GET /v2.0/networks HTTP/1.1" status: 200 len: 2350 time: 0.1249106
2026-02-26 04:13:15.176 9 INFO neutron.api.wsgi [None req-a6365db9-7300-4858-82c4-56fa84c471bf e8c829ecf86546d9959658d74a1c61dd 75112619e90547f0a1d9cb77802a2d29 - - default default] 10.0.0.170 "GET /v2.0/ports HTTP/1.1" status: 200 len: 5351 time: 0.0565023
2026-02-26 04:13:15.199 9 INFO neutron.api.wsgi [None req-cd403b9a-8435-4ed4-9f28-740a546042ab e8c829ecf86546d9959658d74a1c61dd 75112619e90547f0a1d9cb77802a2d29 - - default default] 10.0.0.170 "GET /v2.0/routers HTTP/1.1" status: 200 len: 189 time: 0.0200830
2026-02-26 04:13:15.244 9 INFO neutron.api.wsgi [None req-71ed245a-b063-4549-83ef-b27fb7b2938d e8c829ecf86546d9959658d74a1c61dd 75112619e90547f0a1d9cb77802a2d29 - - default default] 10.0.0.170 "GET /v2.0/agents?binary=ovn-controller HTTP/1.1" status: 200 len: 591 time: 0.0444140
2026-02-26 04:13:15.257 9 INFO neutron.api.wsgi [None req-ba47895e-850b-4f48-999a-0848d79cae23 e8c829ecf86546d9959658d74a1c61dd 75112619e90547f0a1d9cb77802a2d29 - - default default] 10.0.0.170 "GET /v2.0/network-ip-availabilities HTTP/1.1" status: 200 len: 1280 time: 0.0121233
2026-02-26 04:13:15.295 9 INFO neutron.api.wsgi [None req-114e9eeb-dce3-4099-b4a9-8d177082a519 e8c829ecf86546d9959658d74a1c61dd 75112619e90547f0a1d9cb77802a2d29 - - default default] 10.0.0.170 "GET /v2.0/security-groups HTTP/1.1" status: 200 len: 17578 time: 0.0359271
2026-02-26 04:13:15.323 9 INFO neutron.api.wsgi [None req-eaae0241-d223-4b2e-82a6-09f0b3c817f4 e8c829ecf86546d9959658d74a1c61dd 75112619e90547f0a1d9cb77802a2d29 - - default default] 10.0.0.170 "GET /v2.0/subnets HTTP/1.1" status: 200 len: 1484 time: 0.0206354
2026-02-26 04:13:15.349 9 INFO neutron.api.wsgi [None req-84bd0836-214b-4902-9516-b97780ff2e09 e8c829ecf86546d9959658d74a1c61dd 75112619e90547f0a1d9cb77802a2d29 - - default default] 10.0.0.170 "GET /v2.0/subnets HTTP/1.1" status: 200 len: 1484 time: 0.0247607
2026-02-26 04:13:15.358 9 INFO neutron.api.wsgi [None req-d9be4279-f075-4e1f-9855-7e819963b5a4 e8c829ecf86546d9959658d74a1c61dd 75112619e90547f0a1d9cb77802a2d29 - - default default] 10.0.0.170 "GET /v2.0/subnetpools HTTP/1.1" status: 200 len: 193 time: 0.0082402
2026-02-26 04:13:15.368 9 INFO neutron.api.wsgi [None req-6402532c-a1cd-4646-bffb-d643de2fd717 e8c829ecf86546d9959658d74a1c61dd 75112619e90547f0a1d9cb77802a2d29 - - default default] 10.0.0.170 "GET /v2.0/floatingips HTTP/1.1" status: 200 len: 193 time: 0.0091171
2026-02-26 04:13:15.375 9 INFO neutron.api.wsgi [None req-fb549980-8614-4b03-8322-4c08bbfecd73 e8c829ecf86546d9959658d74a1c61dd 75112619e90547f0a1d9cb77802a2d29 - - default default] 10.0.0.170 "GET /v2.0/agents HTTP/1.1" status: 200 len: 1390 time: 0.0068383
2026-02-26 04:13:18.719 9 INFO neutron.api.wsgi [-] 10.0.0.95 "GET / HTTP/1.1" status: 200 len: 247 time: 0.0025432
2026-02-26 04:13:18.719 10 INFO neutron.api.wsgi [-] 10.0.0.95 "GET / HTTP/1.1" status: 200 len: 247 time: 0.0025520
2026-02-26 04:13:19.665 10 INFO neutron.api.wsgi [None req-7559346b-4a80-4667-9dc5-1f3d747f199d e8c829ecf86546d9959658d74a1c61dd 75112619e90547f0a1d9cb77802a2d29 - - default default] 162.253.55.43,10.0.0.95 "GET /v2.0/networks?name=public HTTP/1.1" status: 200 len: 928 time: 0.0863080
2026-02-26 04:13:33.718 9 INFO neutron.api.wsgi [-] 10.0.0.95 "GET / HTTP/1.1" status: 200 len: 247 time: 0.0026889
2026-02-26 04:13:33.720 10 INFO neutron.api.wsgi [-] 10.0.0.95 "GET / HTTP/1.1" status: 200 len: 247 time: 0.0041680
2026-02-26 04:13:48.718 10 INFO neutron.api.wsgi [-] 10.0.0.95 "GET / HTTP/1.1" status: 200 len: 247 time: 0.0023744
2026-02-26 04:13:48.719 9 INFO neutron.api.wsgi [-] 10.0.0.95 "GET / HTTP/1.1" status: 200 len: 247 time: 0.0031877 /var/lib/openstack/lib/python3.12/site-packages/pycadf/identifier.py:71: UserWarning: Invalid uuid: neutron. To ensure interoperability, identifiers should be a valid uuid. warnings.warn(('Invalid uuid: %s. To ensure interoperability, '
2026-02-26 04:13:57.512 10 INFO neutron.api.wsgi [None req-1028f938-fad1-4eb7-9711-4e351197b574 e8c829ecf86546d9959658d74a1c61dd 75112619e90547f0a1d9cb77802a2d29 - - default default] 10.0.0.64 "GET /v2.0/networks HTTP/1.1" status: 200 len: 2369 time: 0.1860080
2026-02-26 04:13:58.533 10 INFO neutron.api.wsgi [None req-047ca03f-aac4-43c4-a54f-6eb9edda9be1 e8c829ecf86546d9959658d74a1c61dd 75112619e90547f0a1d9cb77802a2d29 - - default default] 10.0.0.64 "GET /v2.0/floatingips HTTP/1.1" status: 200 len: 212 time: 0.0304694
2026-02-26 04:13:58.567 10 INFO neutron.api.wsgi [None req-354d60d5-2f82-438c-a70c-4fe22c71fba7 e8c829ecf86546d9959658d74a1c61dd 75112619e90547f0a1d9cb77802a2d29 - - default default] 10.0.0.64 "GET /v2.0/routers HTTP/1.1" status: 200 len: 208 time: 0.0288694
2026-02-26 04:13:58.612 10 INFO neutron.api.wsgi [None req-61711cd5-c2da-4e48-925c-4119f9c53ae8 e8c829ecf86546d9959658d74a1c61dd 75112619e90547f0a1d9cb77802a2d29 - - default default] 10.0.0.64 "GET /v2.0/ports HTTP/1.1" status: 200 len: 5370 time: 0.0409827
2026-02-26 04:13:58.644 10 INFO neutron.api.wsgi [None req-61dd9fd6-0f8e-4293-b7c3-3f28d5eee145 e8c829ecf86546d9959658d74a1c61dd 75112619e90547f0a1d9cb77802a2d29 - - default default] 10.0.0.64 "GET /v2.0/subnets HTTP/1.1" status: 200 len: 1503 time: 0.0278373
2026-02-26 04:13:58.694 10 INFO neutron.api.wsgi [None req-2d79b541-9c91-42e4-b738-8c720d8d380a e8c829ecf86546d9959658d74a1c61dd 75112619e90547f0a1d9cb77802a2d29 - - default default] 10.0.0.64 "GET /v2.0/networks HTTP/1.1" status: 200 len: 2369 time: 0.0448041
2026-02-26 04:13:58.735 10 INFO neutron.api.wsgi [None req-e61fc42a-c2f8-49b0-9b40-5480c29d6991 e8c829ecf86546d9959658d74a1c61dd 75112619e90547f0a1d9cb77802a2d29 - - default default] 10.0.0.64 "GET /v2.0/security-groups HTTP/1.1" status: 200 len: 17597 time: 0.0364738
2026-02-26 04:13:58.745 10 INFO neutron.api.wsgi [None req-f432d8de-4f41-43b9-867c-3ddc28033e33 e8c829ecf86546d9959658d74a1c61dd 75112619e90547f0a1d9cb77802a2d29 - - default default] 10.0.0.64 "GET /v2.0/subnetpools HTTP/1.1" status: 200 len: 212 time: 0.0061042
2026-02-26 04:14:03.717 10 INFO neutron.api.wsgi [-] 10.0.0.95 "GET / HTTP/1.1" status: 200 len: 247 time: 0.0015771
2026-02-26 04:14:03.718 9 INFO neutron.api.wsgi [-] 10.0.0.95 "GET / HTTP/1.1" status: 200 len: 247 time: 0.0023384
2026-02-26 04:14:09.622 10 INFO neutron.db.ovn_revision_numbers_db [None req-ec2e1767-bf18-47bc-a4c5-1216aa3866ff e8c829ecf86546d9959658d74a1c61dd 75112619e90547f0a1d9cb77802a2d29 - - default default] Successfully bumped revision number for resource 565433c8-faf7-46c7-95d6-f60583cecc68 (type: security_groups) to 1
2026-02-26 04:14:09.624 10 INFO neutron.db.ovn_revision_numbers_db [None req-ee9ccf17-9268-44b8-8f7d-206030335b7b e8c829ecf86546d9959658d74a1c61dd 75112619e90547f0a1d9cb77802a2d29 - - default default] Successfully bumped revision number for resource 22805e26-68d4-438d-abb1-ecaaac34f378 (type: security_groups) to 1
2026-02-26 04:14:09.635 10 INFO neutron.db.ovn_revision_numbers_db [None req-ec2e1767-bf18-47bc-a4c5-1216aa3866ff e8c829ecf86546d9959658d74a1c61dd 75112619e90547f0a1d9cb77802a2d29 - - default default] Successfully bumped revision number for resource 5d6ea194-ec0e-465b-93ce-c2d72c82273a (type: security_group_rules) to 0
2026-02-26 04:14:09.639 10 INFO neutron.db.ovn_revision_numbers_db [None req-ee9ccf17-9268-44b8-8f7d-206030335b7b e8c829ecf86546d9959658d74a1c61dd 75112619e90547f0a1d9cb77802a2d29 - - default default] Successfully bumped revision number for resource 0f4a8ef1-a07f-4088-aa17-585910ef6358 (type: security_group_rules) to 0
2026-02-26 04:14:09.648 10 INFO neutron.db.ovn_revision_numbers_db [None req-ec2e1767-bf18-47bc-a4c5-1216aa3866ff e8c829ecf86546d9959658d74a1c61dd 75112619e90547f0a1d9cb77802a2d29 - - default default] Successfully bumped revision number for resource 901d3f43-27a3-4588-8d07-067f16c914ff (type: security_group_rules) to 0
