2026-03-05 17:35:54.546 7 INFO placement.requestlog [req-733cbc39-1b5c-450e-a074-0774acfd14a2 req-d77ee278-4ab2-4086-bb52-b7548b6cf012 ea761be0b1a144ba967525c9580476c6 365cbd641bcf475483d985a277c42d6a - - a4dbe4c8ceb64b4581b8a3d1e4c541b5 a4dbe4c8ceb64b4581b8a3d1e4c541b5] 162.253.55.62 "GET /resource_providers/d4bfe73f-738c-4b64-8fd4-5523414c817f/traits" status: 200 len: 2316 microversion: 1.6 [pid: 7|app: 0|req: 273/547] 162.253.55.62 () {34 vars in 889 bytes} [Thu Mar 5 17:35:54 2026] GET /resource_providers/d4bfe73f-738c-4b64-8fd4-5523414c817f/traits => generated 2316 bytes in 20 msecs (HTTP/1.1 200) 6 headers in 225 bytes (1 switches on core 0)
2026-03-05 17:35:54.568 8 INFO placement.requestlog [req-733cbc39-1b5c-450e-a074-0774acfd14a2 req-d2c3db0f-392e-4ebf-a06f-056dab2939c3 ea761be0b1a144ba967525c9580476c6 365cbd641bcf475483d985a277c42d6a - - a4dbe4c8ceb64b4581b8a3d1e4c541b5 a4dbe4c8ceb64b4581b8a3d1e4c541b5] 162.253.55.62 "GET /resource_providers/d4bfe73f-738c-4b64-8fd4-5523414c817f/allocations" status: 200 len: 54 microversion: 1.0 [pid: 8|app: 0|req: 275/548] 162.253.55.62 () {32 vars in 856 bytes} [Thu Mar 5 17:35:54 2026] GET /resource_providers/d4bfe73f-738c-4b64-8fd4-5523414c817f/allocations => generated 54 bytes in 15 msecs (HTTP/1.1 200) 6 headers in 223 bytes (1 switches on core 0)
2026-03-05 17:35:54.652 7 INFO placement.requestlog [None req-721a9b18-7947-466f-83b1-18d238e23b3e 8651c3e4e99545aebd9d5c18bceb695d 264dc64b060346de98ce51b55000a7c7 - - default default] 10.0.0.26 "GET /resource_providers" status: 200 len: 405 microversion: 1.0 [pid: 7|app: 0|req: 274/549] 10.0.0.26 () {28 vars in 592 bytes} [Thu Mar 5 17:35:54 2026] GET /resource_providers => generated 405 bytes in 50 msecs (HTTP/1.1 200) 6 headers in 224 bytes (1 switches on core 0)
2026-03-05 17:35:54.679 8 INFO placement.requestlog [None req-a16022e5-493f-4b60-b410-3f5b176d808f 8651c3e4e99545aebd9d5c18bceb695d 264dc64b060346de98ce51b55000a7c7 - - default default] 10.0.0.26 "GET /resource_providers/d4bfe73f-738c-4b64-8fd4-5523414c817f/inventories" status: 200 len: 400 microversion: 1.0 [pid: 8|app: 0|req: 276/550] 10.0.0.26 () {28 vars in 690 bytes} [Thu Mar 5 17:35:54 2026] GET /resource_providers/d4bfe73f-738c-4b64-8fd4-5523414c817f/inventories => generated 400 bytes in 20 msecs (HTTP/1.1 200) 6 headers in 224 bytes (1 switches on core 0)
2026-03-05 17:35:54.700 7 INFO placement.requestlog [None req-8b93b9b9-65ec-4460-b496-db2f46933d17 8651c3e4e99545aebd9d5c18bceb695d 264dc64b060346de98ce51b55000a7c7 - - default default] 10.0.0.26 "GET /resource_providers/d4bfe73f-738c-4b64-8fd4-5523414c817f/usages" status: 200 len: 88 microversion: 1.0 [pid: 7|app: 0|req: 275/551] 10.0.0.26 () {28 vars in 680 bytes} [Thu Mar 5 17:35:54 2026] GET /resource_providers/d4bfe73f-738c-4b64-8fd4-5523414c817f/usages => generated 88 bytes in 16 msecs (HTTP/1.1 200) 6 headers in 223 bytes (1 switches on core 0)
2026-03-05 17:35:57.060 8 INFO placement.requestlog [None req-dff2d0b1-2a23-474e-b4e9-ed10bd69e54a - - - - - -] 10.0.0.210 "GET /" status: 200 len: 136 microversion: 1.0
2026-03-05 17:35:57.060 7 INFO placement.requestlog [None req-481f8a85-9a34-41dd-abe0-a5552e4ee6ab - - - - - -] 10.0.0.210 "GET /" status: 200 len: 136 microversion: 1.0
2026-03-05 17:36:07.060 8 INFO placement.requestlog [None req-df8a9324-16e4-4b42-b458-37b6313c99d6 - - - - - -] 10.0.0.210 "GET /" status: 200 len: 136 microversion: 1.0
2026-03-05 17:36:07.060 7 INFO placement.requestlog [None req-5897fd24-b851-4dc0-badd-21bec086f35e - - - - - -] 10.0.0.210 "GET /" status: 200 len: 136 microversion: 1.0
2026-03-05 17:36:17.059 8 INFO placement.requestlog [None req-7672cb70-892f-4ee0-a64b-5f191035026a - - - - - -] 10.0.0.210 "GET /" status: 200 len: 136 microversion: 1.0
2026-03-05 17:36:17.060 7 INFO placement.requestlog [None req-5ffed14d-3436-4389-8474-a53d49d8ebb6 - - - - - -] 10.0.0.210 "GET /" status: 200 len: 136 microversion: 1.0
2026-03-05 17:36:27.060 7 INFO placement.requestlog [None req-f706ad7a-0d17-4341-a61f-442f033e275d - - - - - -] 10.0.0.210 "GET /" status: 200 len: 136 microversion: 1.0
2026-03-05 17:36:27.060 8 INFO placement.requestlog [None req-80b502b8-1c24-4261-80ac-0d4970b0c760 - - - - - -] 10.0.0.210 "GET /" status: 200 len: 136 microversion: 1.0
2026-03-05 17:36:37.060 7 INFO placement.requestlog [None req-89784a44-337c-4a3d-a56f-672fc60e0b2d - - - - - -] 10.0.0.210 "GET /" status: 200 len: 136 microversion: 1.0
2026-03-05 17:36:37.060 8 INFO placement.requestlog [None req-184344e1-f560-4363-945d-a33d1ddc47a5 - - - - - -] 10.0.0.210 "GET /" status: 200 len: 136 microversion: 1.0
2026-03-05 17:36:47.059 8 INFO placement.requestlog [None req-25b37432-f251-4e24-a3d6-e74773dcf10f - - - - - -] 10.0.0.210 "GET /" status: 200 len: 136 microversion: 1.0
2026-03-05 17:36:47.059 7 INFO placement.requestlog [None req-2091a020-b8a4-4086-9a87-30fc55301ae6 - - - - - -] 10.0.0.210 "GET /" status: 200 len: 136 microversion: 1.0
2026-03-05 17:36:54.678 8 INFO placement.requestlog [None req-f07ecd09-a8d6-482c-ac33-9e9d56f2cc83 8651c3e4e99545aebd9d5c18bceb695d 264dc64b060346de98ce51b55000a7c7 - - default default] 10.0.0.26 "GET /resource_providers" status: 200 len: 405 microversion: 1.0 [pid: 8|app: 0|req: 283/564] 10.0.0.26 () {28 vars in 592 bytes} [Thu Mar 5 17:36:54 2026] GET /resource_providers => generated 405 bytes in 94 msecs (HTTP/1.1 200) 6 headers in 224 bytes (1 switches on core 0)
2026-03-05 17:36:54.718 7 INFO placement.requestlog [None req-e76f3c00-ae49-4c67-8279-8388a4ae8b3e 8651c3e4e99545aebd9d5c18bceb695d 264dc64b060346de98ce51b55000a7c7 - - default default] 10.0.0.26 "GET /resource_providers/d4bfe73f-738c-4b64-8fd4-5523414c817f/inventories" status: 200 len: 400 microversion: 1.0 [pid: 7|app: 0|req: 282/565] 10.0.0.26 () {28 vars in 690 bytes} [Thu Mar 5 17:36:54 2026] GET /resource_providers/d4bfe73f-738c-4b64-8fd4-5523414c817f/inventories => generated 400 bytes in 34 msecs (HTTP/1.1 200) 6 headers in 224 bytes (1 switches on core 0)
2026-03-05 17:36:54.738 8 INFO placement.requestlog [None req-c778a16c-dde2-4da4-9edc-61a41b0bba35 8651c3e4e99545aebd9d5c18bceb695d 264dc64b060346de98ce51b55000a7c7 - - default default] 10.0.0.26 "GET /resource_providers/d4bfe73f-738c-4b64-8fd4-5523414c817f/usages" status: 200 len: 88 microversion: 1.0 [pid: 8|app: 0|req: 284/566] 10.0.0.26 () {28 vars in 680 bytes} [Thu Mar 5 17:36:54 2026] GET /resource_providers/d4bfe73f-738c-4b64-8fd4-5523414c817f/usages => generated 88 bytes in 11 msecs (HTTP/1.1 200) 6 headers in 223 bytes (1 switches on core 0)
2026-03-05 17:36:55.351 7 INFO placement.requestlog [req-8150bcef-7013-4d97-91d7-c41790a8c3f0 req-cf974cf3-20e9-4c7d-86f3-17ca061452a4 ea761be0b1a144ba967525c9580476c6 365cbd641bcf475483d985a277c42d6a - - a4dbe4c8ceb64b4581b8a3d1e4c541b5 a4dbe4c8ceb64b4581b8a3d1e4c541b5] 162.253.55.62 "GET /resource_providers/d4bfe73f-738c-4b64-8fd4-5523414c817f/allocations" status: 200 len: 54 microversion: 1.0 [pid: 7|app: 0|req: 283/567] 162.253.55.62 () {32 vars in 856 bytes} [Thu Mar 5 17:36:55 2026] GET /resource_providers/d4bfe73f-738c-4b64-8fd4-5523414c817f/allocations => generated 54 bytes in 13 msecs (HTTP/1.1 200) 6 headers in 223 bytes (1 switches on core 0)
2026-03-05 17:36:55.374 8 INFO placement.requestlog [req-8150bcef-7013-4d97-91d7-c41790a8c3f0 req-40c25898-af21-479d-8cd9-e2ac0bf9e8c2 ea761be0b1a144ba967525c9580476c6 365cbd641bcf475483d985a277c42d6a - - a4dbe4c8ceb64b4581b8a3d1e4c541b5 a4dbe4c8ceb64b4581b8a3d1e4c541b5] 162.253.55.62 "GET /resource_providers/d4bfe73f-738c-4b64-8fd4-5523414c817f/allocations" status: 200 len: 54 microversion: 1.0 [pid: 8|app: 0|req: 285/568] 162.253.55.62 () {32 vars in 856 bytes} [Thu Mar 5 17:36:55 2026] GET /resource_providers/d4bfe73f-738c-4b64-8fd4-5523414c817f/allocations => generated 54 bytes in 16 msecs (HTTP/1.1 200) 6 headers in 223 bytes (1 switches on core 0)
2026-03-05 17:36:57.060 8 INFO placement.requestlog [None req-c8561b82-6f7c-4e6d-9d30-7c195301847d - - - - - -] 10.0.0.210 "GET /" status: 200 len: 136 microversion: 1.0
2026-03-05 17:36:57.060 7 INFO placement.requestlog [None req-5565c2e7-6dde-49ee-8c87-bfc0dc87d65c - - - - - -] 10.0.0.210 "GET /" status: 200 len: 136 microversion: 1.0
2026-03-05 17:37:07.060 8 INFO placement.requestlog [None req-a4d5a635-eb05-48f8-b04b-97e831d0d38e - - - - - -] 10.0.0.210 "GET /" status: 200 len: 136 microversion: 1.0
2026-03-05 17:37:07.060 7 INFO placement.requestlog [None req-fcc54a04-5f67-4f97-956b-b0f248248f97 - - - - - -] 10.0.0.210 "GET /" status: 200 len: 136 microversion: 1.0
2026-03-05 17:37:17.060 8 INFO placement.requestlog [None req-8eb45003-2446-4aec-b083-ea12168fa120 - - - - - -] 10.0.0.210 "GET /" status: 200 len: 136 microversion: 1.0
2026-03-05 17:37:17.060 7 INFO placement.requestlog [None req-8beb7868-edbc-4550-939d-6ccdbd99b48d - - - - - -] 10.0.0.210 "GET /" status: 200 len: 136 microversion: 1.0
2026-03-05 17:37:27.060 8 INFO placement.requestlog [None req-b66c2047-669e-49ff-9e32-63957490869f - - - - - -] 10.0.0.210 "GET /" status: 200 len: 136 microversion: 1.0
2026-03-05 17:37:27.060 7 INFO placement.requestlog [None req-1744de7c-76ca-4f33-bb91-bf95d31de140 - - - - - -] 10.0.0.210 "GET /" status: 200 len: 136 microversion: 1.0
2026-03-05 17:37:37.059 8 INFO placement.requestlog [None req-684fd591-d8bd-4242-9049-417cf7bef52c - - - - - -] 10.0.0.210 "GET /" status: 200 len: 136 microversion: 1.0
2026-03-05 17:37:37.060 7 INFO placement.requestlog [None req-4c231e88-1a63-43b7-92c4-744caf9dadbd - - - - - -] 10.0.0.210 "GET /" status: 200 len: 136 microversion: 1.0
2026-03-05 17:37:47.060 8 INFO placement.requestlog [None req-6c3f70d0-193e-4689-be67-1c1b7cde2edb - - - - - -] 10.0.0.210 "GET /" status: 200 len: 136 microversion: 1.0
2026-03-05 17:37:47.060 7 INFO placement.requestlog [None req-45825927-93c6-4305-846f-738a3fbdadec - - - - - -] 10.0.0.210 "GET /" status: 200 len: 136 microversion: 1.0
2026-03-05 17:37:54.661 8 INFO placement.requestlog [None req-bfa00f06-b0fa-4db9-9787-76f58d75a0e4 8651c3e4e99545aebd9d5c18bceb695d 264dc64b060346de98ce51b55000a7c7 - - default default] 10.0.0.26 "GET /resource_providers" status: 200 len: 405 microversion: 1.0 [pid: 8|app: 0|req: 292/581] 10.0.0.26 () {28 vars in 592 bytes} [Thu Mar 5 17:37:54 2026] GET /resource_providers => generated 405 bytes in 64 msecs (HTTP/1.1 200) 6 headers in 224 bytes (1 switches on core 0)
2026-03-05 17:37:54.693 7 INFO placement.requestlog [None req-2bd3a866-fc51-4035-aea3-ff3711465f76 8651c3e4e99545aebd9d5c18bceb695d 264dc64b060346de98ce51b55000a7c7 - - default default] 10.0.0.26 "GET /resource_providers/d4bfe73f-738c-4b64-8fd4-5523414c817f/inventories" status: 200 len: 400 microversion: 1.0 [pid: 7|app: 0|req: 290/582] 10.0.0.26 () {28 vars in 690 bytes} [Thu Mar 5 17:37:54 2026] GET /resource_providers/d4bfe73f-738c-4b64-8fd4-5523414c817f/inventories => generated 400 bytes in 23 msecs (HTTP/1.1 200) 6 headers in 224 bytes (1 switches on core 0)
2026-03-05 17:37:54.732 8 INFO placement.requestlog [None req-e6af54a1-9afe-419b-a660-cc335a28fe05 8651c3e4e99545aebd9d5c18bceb695d 264dc64b060346de98ce51b55000a7c7 - - default default] 10.0.0.26 "GET /resource_providers/d4bfe73f-738c-4b64-8fd4-5523414c817f/usages" status: 200 len: 88 microversion: 1.0 [pid: 8|app: 0|req: 293/583] 10.0.0.26 () {28 vars in 680 bytes} [Thu Mar 5 17:37:54 2026] GET /resource_providers/d4bfe73f-738c-4b64-8fd4-5523414c817f/usages => generated 88 bytes in 30 msecs (HTTP/1.1 200) 6 headers in 223 bytes (1 switches on core 0)
2026-03-05 17:37:55.307 7 INFO placement.requestlog [req-53fddfe6-d8e9-405d-bad0-3c092ce9e0d4 req-04e3f1ee-9294-4508-9b1c-b98a7b0da9bc ea761be0b1a144ba967525c9580476c6 365cbd641bcf475483d985a277c42d6a - - a4dbe4c8ceb64b4581b8a3d1e4c541b5 a4dbe4c8ceb64b4581b8a3d1e4c541b5] 162.253.55.62 "GET /resource_providers/d4bfe73f-738c-4b64-8fd4-5523414c817f/allocations" status: 200 len: 54 microversion: 1.0 [pid: 7|app: 0|req: 291/584] 162.253.55.62 () {32 vars in 856 bytes} [Thu Mar 5 17:37:55 2026] GET /resource_providers/d4bfe73f-738c-4b64-8fd4-5523414c817f/allocations => generated 54 bytes in 15 msecs (HTTP/1.1 200) 6 headers in 223 bytes (1 switches on core 0)
2026-03-05 17:37:55.326 8 INFO placement.requestlog [req-53fddfe6-d8e9-405d-bad0-3c092ce9e0d4 req-ce068708-f0b5-442f-afc6-a45601d2e782 ea761be0b1a144ba967525c9580476c6 365cbd641bcf475483d985a277c42d6a - - a4dbe4c8ceb64b4581b8a3d1e4c541b5 a4dbe4c8ceb64b4581b8a3d1e4c541b5] 162.253.55.62 "GET /resource_providers/d4bfe73f-738c-4b64-8fd4-5523414c817f/allocations" status: 200 len: 54 microversion: 1.0 [pid: 8|app: 0|req: 294/585] 162.253.55.62 () {32 vars in 856 bytes} [Thu Mar 5 17:37:55 2026] GET /resource_providers/d4bfe73f-738c-4b64-8fd4-5523414c817f/allocations => generated 54 bytes in 12 msecs (HTTP/1.1 200) 6 headers in 223 bytes (1 switches on core 0)
2026-03-05 17:37:57.061 7 INFO placement.requestlog [None req-1818de28-9da5-44a1-80ce-ccdd4477c145 - - - - - -] 10.0.0.210 "GET /" status: 200 len: 136 microversion: 1.0
2026-03-05 17:37:57.061 8 INFO placement.requestlog [None req-a501084c-9b0a-4675-a0e7-6cc5df05f250 - - - - - -] 10.0.0.210 "GET /" status: 200 len: 136 microversion: 1.0
2026-03-05 17:38:07.060 7 INFO placement.requestlog [None req-b4197a69-e9d9-4b6e-9187-e1cd33307db2 - - - - - -] 10.0.0.210 "GET /" status: 200 len: 136 microversion: 1.0
2026-03-05 17:38:07.060 8 INFO placement.requestlog [None req-170e3b01-d8c4-4e3e-b389-ffe4fd099774 - - - - - -] 10.0.0.210 "GET /" status: 200 len: 136 microversion: 1.0
2026-03-05 17:38:17.060 8 INFO placement.requestlog [None req-1917fea3-c590-4d62-aafc-26a080f052c4 - - - - - -] 10.0.0.210 "GET /" status: 200 len: 136 microversion: 1.0
2026-03-05 17:38:17.060 7 INFO placement.requestlog [None req-a9043082-8952-4545-8c28-7830bf1ff5bc - - - - - -] 10.0.0.210 "GET /" status: 200 len: 136 microversion: 1.0
2026-03-05 17:38:27.059 8 INFO placement.requestlog [None req-9e77827e-8b03-40f5-92db-930ac2cbfcb7 - - - - - -] 10.0.0.210 "GET /" status: 200 len: 136 microversion: 1.0
2026-03-05 17:38:27.060 7 INFO placement.requestlog [None req-16f09ce8-a04f-4182-be01-12993f22bf19 - - - - - -] 10.0.0.210 "GET /" status: 200 len: 136 microversion: 1.0
2026-03-05 17:38:37.059 8 INFO placement.requestlog [None req-99971f71-ee53-4a51-9550-88300c8a5c6c - - - - - -] 10.0.0.210 "GET /" status: 200 len: 136 microversion: 1.0
2026-03-05 17:38:37.060 7 INFO placement.requestlog [None req-0b35785c-95ae-434f-89b9-7cf25c194d61 - - - - - -] 10.0.0.210 "GET /" status: 200 len: 136 microversion: 1.0
2026-03-05 17:38:47.060 7 INFO placement.requestlog [None req-77b6a924-15c3-4dc5-a2cd-846ee9610396 - - - - - -] 10.0.0.210 "GET /" status: 200 len: 136 microversion: 1.0
2026-03-05 17:38:47.060 8 INFO placement.requestlog [None req-f95668d9-924c-4c82-a91c-40b3ee45514f - - - - - -] 10.0.0.210 "GET /" status: 200 len: 136 microversion: 1.0
2026-03-05 17:38:54.640 7 INFO placement.requestlog [None req-0ef59a44-db16-4641-8da5-54f2887f3d26 8651c3e4e99545aebd9d5c18bceb695d 264dc64b060346de98ce51b55000a7c7 - - default default] 10.0.0.26 "GET /resource_providers" status: 200 len: 405 microversion: 1.0 [pid: 7|app: 0|req: 298/598] 10.0.0.26 () {28 vars in 592 bytes} [Thu Mar 5 17:38:54 2026] GET /resource_providers => generated 405 bytes in 70 msecs (HTTP/1.1 200) 6 headers in 224 bytes (1 switches on core 0)
2026-03-05 17:38:54.668 8 INFO placement.requestlog [None req-2205d108-f343-4b57-bb4f-7603efdbb5f9 8651c3e4e99545aebd9d5c18bceb695d 264dc64b060346de98ce51b55000a7c7 - - default default] 10.0.0.26 "GET /resource_providers/d4bfe73f-738c-4b64-8fd4-5523414c817f/inventories" status: 200 len: 400 microversion: 1.0 [pid: 8|app: 0|req: 301/599] 10.0.0.26 () {28 vars in 690 bytes} [Thu Mar 5 17:38:54 2026] GET /resource_providers/d4bfe73f-738c-4b64-8fd4-5523414c817f/inventories => generated 400 bytes in 26 msecs (HTTP/1.1 200) 6 headers in 224 bytes (1 switches on core 0)
2026-03-05 17:38:54.706 7 INFO placement.requestlog [None req-9ab6ccdf-719e-4301-8c3a-bda69cadb4ed 8651c3e4e99545aebd9d5c18bceb695d 264dc64b060346de98ce51b55000a7c7 - - default default] 10.0.0.26 "GET /resource_providers/d4bfe73f-738c-4b64-8fd4-5523414c817f/usages" status: 200 len: 88 microversion: 1.0 [pid: 7|app: 0|req: 299/600] 10.0.0.26 () {28 vars in 680 bytes} [Thu Mar 5 17:38:54 2026] GET /resource_providers/d4bfe73f-738c-4b64-8fd4-5523414c817f/usages => generated 88 bytes in 32 msecs (HTTP/1.1 200) 6 headers in 223 bytes (1 switches on core 0)
2026-03-05 17:38:56.826 8 INFO placement.requestlog [req-3c5e7b81-6dcc-4a9f-b1c6-bfc17529c3a1 req-60994884-b021-44d2-8020-0a9a7b78d17d ea761be0b1a144ba967525c9580476c6 365cbd641bcf475483d985a277c42d6a - - a4dbe4c8ceb64b4581b8a3d1e4c541b5 a4dbe4c8ceb64b4581b8a3d1e4c541b5] 162.253.55.62 "GET /resource_providers/d4bfe73f-738c-4b64-8fd4-5523414c817f/allocations" status: 200 len: 54 microversion: 1.0 [pid: 8|app: 0|req: 302/601] 162.253.55.62 () {32 vars in 856 bytes} [Thu Mar 5 17:38:56 2026] GET /resource_providers/d4bfe73f-738c-4b64-8fd4-5523414c817f/allocations => generated 54 bytes in 16 msecs (HTTP/1.1 200) 6 headers in 223 bytes (1 switches on core 0)
2026-03-05 17:38:56.848 7 INFO placement.requestlog [req-3c5e7b81-6dcc-4a9f-b1c6-bfc17529c3a1 req-260435e0-aa65-4c31-ac6c-14150042318f ea761be0b1a144ba967525c9580476c6 365cbd641bcf475483d985a277c42d6a - - a4dbe4c8ceb64b4581b8a3d1e4c541b5 a4dbe4c8ceb64b4581b8a3d1e4c541b5] 162.253.55.62 "GET /resource_providers/d4bfe73f-738c-4b64-8fd4-5523414c817f/allocations" status: 200 len: 54 microversion: 1.0 [pid: 7|app: 0|req: 300/602] 162.253.55.62 () {32 vars in 856 bytes} [Thu Mar 5 17:38:56 2026] GET /resource_providers/d4bfe73f-738c-4b64-8fd4-5523414c817f/allocations => generated 54 bytes in 16 msecs (HTTP/1.1 200) 6 headers in 223 bytes (1 switches on core 0)
2026-03-05 17:38:57.060 8 INFO placement.requestlog [None req-3684c09f-da5d-4fef-b6fa-12b6fc7448b5 - - - - - -] 10.0.0.210 "GET /" status: 200 len: 136 microversion: 1.0
2026-03-05 17:38:57.061 7 INFO placement.requestlog [None req-2dca60a6-02cd-48f6-97fd-7810aaa5e189 - - - - - -] 10.0.0.210 "GET /" status: 200 len: 136 microversion: 1.0
2026-03-05 17:39:07.060 7 INFO placement.requestlog [None req-d850ceed-4938-4672-a6f6-4e40896eaec7 - - - - - -] 10.0.0.210 "GET /" status: 200 len: 136 microversion: 1.0
2026-03-05 17:39:07.060 8 INFO placement.requestlog [None req-bb449c23-1624-481c-9109-9a2fbb337fd8 - - - - - -] 10.0.0.210 "GET /" status: 200 len: 136 microversion: 1.0
2026-03-05 17:39:17.060 8 INFO placement.requestlog [None req-6ceb41a6-9d8f-405d-86bf-09e3e082aaac - - - - - -] 10.0.0.210 "GET /" status: 200 len: 136 microversion: 1.0
2026-03-05 17:39:17.060 7 INFO placement.requestlog [None req-8ab57501-eca9-40d0-b9a2-9e91e08812ca - - - - - -] 10.0.0.210 "GET /" status: 200 len: 136 microversion: 1.0
2026-03-05 17:39:27.060 8 INFO placement.requestlog [None req-8bf2d05e-f09c-42c3-ba7b-657012b61045 - - - - - -] 10.0.0.210 "GET /" status: 200 len: 136 microversion: 1.0
2026-03-05 17:39:27.060 7 INFO placement.requestlog [None req-2cfaedde-1db4-4431-a942-164b28cb29c5 - - - - - -] 10.0.0.210 "GET /" status: 200 len: 136 microversion: 1.0
2026-03-05 17:39:37.060 7 INFO placement.requestlog [None req-7b4417fc-c52e-4c39-8dbe-3d53b2c285c3 - - - - - -] 10.0.0.210 "GET /" status: 200 len: 136 microversion: 1.0
2026-03-05 17:39:37.060 8 INFO placement.requestlog [None req-4b5b4024-2352-448f-a33f-f6c82f119988 - - - - - -] 10.0.0.210 "GET /" status: 200 len: 136 microversion: 1.0
2026-03-05 17:39:47.059 8 INFO placement.requestlog [None req-e5eb9770-dfdc-42cd-8d60-90c53025f6f2 - - - - - -] 10.0.0.210 "GET /" status: 200 len: 136 microversion: 1.0
2026-03-05 17:39:47.060 7 INFO placement.requestlog [None req-74c6219b-404f-4fff-a2ea-f18ca2c4d1a9 - - - - - -] 10.0.0.210 "GET /" status: 200 len: 136 microversion: 1.0
2026-03-05 17:39:54.678 8 INFO placement.requestlog [None req-2c5ac5ad-8b3a-480d-943e-be75b662ac6e 8651c3e4e99545aebd9d5c18bceb695d 264dc64b060346de98ce51b55000a7c7 - - default default] 10.0.0.26 "GET /resource_providers" status: 200 len: 405 microversion: 1.0 [pid: 8|app: 0|req: 309/615] 10.0.0.26 () {28 vars in 592 bytes} [Thu Mar 5 17:39:54 2026] GET /resource_providers => generated 405 bytes in 119 msecs (HTTP/1.1 200) 6 headers in 224 bytes (1 switches on core 0)
2026-03-05 17:39:54.704 7 INFO placement.requestlog [None req-9c0103eb-4393-496a-9a6a-96f7aeafccc5 8651c3e4e99545aebd9d5c18bceb695d 264dc64b060346de98ce51b55000a7c7 - - default default] 10.0.0.26 "GET /resource_providers/d4bfe73f-738c-4b64-8fd4-5523414c817f/inventories" status: 200 len: 400 microversion: 1.0 [pid: 7|app: 0|req: 307/616] 10.0.0.26 () {28 vars in 690 bytes} [Thu Mar 5 17:39:54 2026] GET /resource_providers/d4bfe73f-738c-4b64-8fd4-5523414c817f/inventories => generated 400 bytes in 15 msecs (HTTP/1.1 200) 6 headers in 224 bytes (1 switches on core 0)
2026-03-05 17:39:54.721 8 INFO placement.requestlog [None req-d541f16a-7423-498e-9fdd-265d2c53eb6c 8651c3e4e99545aebd9d5c18bceb695d 264dc64b060346de98ce51b55000a7c7 - - default default] 10.0.0.26 "GET /resource_providers/d4bfe73f-738c-4b64-8fd4-5523414c817f/usages" status: 200 len: 88 microversion: 1.0 [pid: 8|app: 0|req: 310/617] 10.0.0.26 () {28 vars in 680 bytes} [Thu Mar 5 17:39:54 2026] GET /resource_providers/d4bfe73f-738c-4b64-8fd4-5523414c817f/usages => generated 88 bytes in 12 msecs (HTTP/1.1 200) 6 headers in 223 bytes (1 switches on core 0)
2026-03-05 17:39:56.365 7 INFO placement.requestlog [req-cf7e77d0-4676-4306-ad92-5f9c179f94b9 req-7b82e175-c57b-44ac-85ed-3a6edd23d178 ea761be0b1a144ba967525c9580476c6 365cbd641bcf475483d985a277c42d6a - - a4dbe4c8ceb64b4581b8a3d1e4c541b5 a4dbe4c8ceb64b4581b8a3d1e4c541b5] 162.253.55.62 "GET /resource_providers/d4bfe73f-738c-4b64-8fd4-5523414c817f/allocations" status: 200 len: 54 microversion: 1.0 [pid: 7|app: 0|req: 308/618] 162.253.55.62 () {32 vars in 856 bytes} [Thu Mar 5 17:39:56 2026] GET /resource_providers/d4bfe73f-738c-4b64-8fd4-5523414c817f/allocations => generated 54 bytes in 15 msecs (HTTP/1.1 200) 6 headers in 223 bytes (1 switches on core 0)
2026-03-05 17:39:56.387 8 INFO placement.requestlog [req-cf7e77d0-4676-4306-ad92-5f9c179f94b9 req-78037d40-f313-4cbd-acb3-a40a392bd185 ea761be0b1a144ba967525c9580476c6 365cbd641bcf475483d985a277c42d6a - - a4dbe4c8ceb64b4581b8a3d1e4c541b5 a4dbe4c8ceb64b4581b8a3d1e4c541b5] 162.253.55.62 "GET /resource_providers/d4bfe73f-738c-4b64-8fd4-5523414c817f/allocations" status: 200 len: 54 microversion: 1.0 [pid: 8|app: 0|req: 311/619] 162.253.55.62 () {32 vars in 856 bytes} [Thu Mar 5 17:39:56 2026] GET /resource_providers/d4bfe73f-738c-4b64-8fd4-5523414c817f/allocations => generated 54 bytes in 15 msecs (HTTP/1.1 200) 6 headers in 223 bytes (1 switches on core 0)
2026-03-05 17:39:57.060 7 INFO placement.requestlog [None req-fcea5c90-7ae9-4ab5-b97c-51581885b297 - - - - - -] 10.0.0.210 "GET /" status: 200 len: 136 microversion: 1.0
2026-03-05 17:39:57.060 8 INFO placement.requestlog [None req-30232667-9978-4cae-802a-a76e7233da5a - - - - - -] 10.0.0.210 "GET /" status: 200 len: 136 microversion: 1.0
2026-03-05 17:40:07.060 8 INFO placement.requestlog [None req-00e17730-a7e0-4718-a295-a3b1b6411150 - - - - - -] 10.0.0.210 "GET /" status: 200 len: 136 microversion: 1.0
2026-03-05 17:40:07.060 7 INFO placement.requestlog [None req-a1c9c3d6-ab31-4e94-8ac0-a55fa02210bb - - - - - -] 10.0.0.210 "GET /" status: 200 len: 136 microversion: 1.0
2026-03-05 17:40:17.060 8 INFO placement.requestlog [None req-5d59d75c-e94b-4512-abcf-1f80ab57e7c9 - - - - - -] 10.0.0.210 "GET /" status: 200 len: 136 microversion: 1.0
2026-03-05 17:40:17.060 7 INFO placement.requestlog [None req-db03ed1c-9675-4dd9-a03d-31b59d4c8378 - - - - - -] 10.0.0.210 "GET /" status: 200 len: 136 microversion: 1.0
2026-03-05 17:40:27.060 8 INFO placement.requestlog [None req-84fe3a1d-71ca-4139-b8d2-d8514ffd3419 - - - - - -] 10.0.0.210 "GET /" status: 200 len: 136 microversion: 1.0
2026-03-05 17:40:27.060 7 INFO placement.requestlog [None req-389f8467-a443-420e-8fff-99bbdcbb1786 - - - - - -] 10.0.0.210 "GET /" status: 200 len: 136 microversion: 1.0
2026-03-05 17:40:37.060 7 INFO placement.requestlog [None req-914a7e99-2432-40ac-9a1f-c97dca71a49f - - - - - -] 10.0.0.210 "GET /" status: 200 len: 136 microversion: 1.0
2026-03-05 17:40:37.060 8 INFO placement.requestlog [None req-49f12645-821b-4eee-953f-ada14aec0644 - - - - - -] 10.0.0.210 "GET /" status: 200 len: 136 microversion: 1.0
2026-03-05 17:40:47.061 8 INFO placement.requestlog [None req-c3aa446f-4f4b-437c-bfe0-5e0e7eaf066a - - - - - -] 10.0.0.210 "GET /" status: 200 len: 136 microversion: 1.0
2026-03-05 17:40:47.061 7 INFO placement.requestlog [None req-b86730bd-dadb-4947-84ac-6f7555944573 - - - - - -] 10.0.0.210 "GET /" status: 200 len: 136 microversion: 1.0
2026-03-05 17:40:54.753 7 INFO placement.requestlog [None req-fca26351-2599-44da-b4e8-6e7dd760bf74 8651c3e4e99545aebd9d5c18bceb695d 264dc64b060346de98ce51b55000a7c7 - - default default] 10.0.0.26 "GET /resource_providers" status: 200 len: 405 microversion: 1.0 [pid: 7|app: 0|req: 315/632] 10.0.0.26 () {28 vars in 592 bytes} [Thu Mar 5 17:40:54 2026] GET /resource_providers => generated 405 bytes in 192 msecs (HTTP/1.1 200) 6 headers in 224 bytes (1 switches on core 0)
2026-03-05 17:40:54.769 8 INFO placement.requestlog [None req-d9c773a2-0af4-424c-8dad-daae3ee17397 8651c3e4e99545aebd9d5c18bceb695d 264dc64b060346de98ce51b55000a7c7 - - default default] 10.0.0.26 "GET /resource_providers/d4bfe73f-738c-4b64-8fd4-5523414c817f/inventories" status: 200 len: 400 microversion: 1.0 [pid: 8|app: 0|req: 318/633] 10.0.0.26 () {28 vars in 690 bytes} [Thu Mar 5 17:40:54 2026] GET /resource_providers/d4bfe73f-738c-4b64-8fd4-5523414c817f/inventories => generated 400 bytes in 12 msecs (HTTP/1.1 200) 6 headers in 224 bytes (1 switches on core 0)
2026-03-05 17:40:54.788 7 INFO placement.requestlog [None req-2a561178-6b60-4315-af60-dfd1d4e6a3cc 8651c3e4e99545aebd9d5c18bceb695d 264dc64b060346de98ce51b55000a7c7 - - default default] 10.0.0.26 "GET /resource_providers/d4bfe73f-738c-4b64-8fd4-5523414c817f/usages" status: 200 len: 88 microversion: 1.0 [pid: 7|app: 0|req: 316/634] 10.0.0.26 () {28 vars in 680 bytes} [Thu Mar 5 17:40:54 2026] GET /resource_providers/d4bfe73f-738c-4b64-8fd4-5523414c817f/usages => generated 88 bytes in 16 msecs (HTTP/1.1 200) 6 headers in 223 bytes (1 switches on core 0)
2026-03-05 17:40:57.060 8 INFO placement.requestlog [None req-aee85202-8310-465f-ad8f-82d4bed6f6aa - - - - - -] 10.0.0.210 "GET /" status: 200 len: 136 microversion: 1.0
2026-03-05 17:40:57.060 7 INFO placement.requestlog [None req-9d23a8e3-c2a5-43cb-9185-9ae40200ea3e - - - - - -] 10.0.0.210 "GET /" status: 200 len: 136 microversion: 1.0
2026-03-05 17:40:57.330 7 INFO placement.requestlog [req-da70dcba-bb4e-4bef-90f6-d70aed713bc1 req-eb02cfaf-fde3-44b6-9cda-67452105bc97 ea761be0b1a144ba967525c9580476c6 365cbd641bcf475483d985a277c42d6a - - a4dbe4c8ceb64b4581b8a3d1e4c541b5 a4dbe4c8ceb64b4581b8a3d1e4c541b5] 162.253.55.62 "GET /resource_providers/d4bfe73f-738c-4b64-8fd4-5523414c817f/allocations" status: 200 len: 54 microversion: 1.0 [pid: 7|app: 0|req: 318/637] 162.253.55.62 () {32 vars in 856 bytes} [Thu Mar 5 17:40:57 2026] GET /resource_providers/d4bfe73f-738c-4b64-8fd4-5523414c817f/allocations => generated 54 bytes in 44 msecs (HTTP/1.1 200) 6 headers in 223 bytes (1 switches on core 0)
2026-03-05 17:40:57.355 8 INFO placement.requestlog [req-da70dcba-bb4e-4bef-90f6-d70aed713bc1 req-17f4b965-2809-491f-a0cf-4d41fdf57aad ea761be0b1a144ba967525c9580476c6 365cbd641bcf475483d985a277c42d6a - - a4dbe4c8ceb64b4581b8a3d1e4c541b5 a4dbe4c8ceb64b4581b8a3d1e4c541b5] 162.253.55.62 "GET /resource_providers?in_tree=d4bfe73f-738c-4b64-8fd4-5523414c817f" status: 200 len: 797 microversion: 1.14 [pid: 8|app: 0|req: 320/638] 162.253.55.62 () {34 vars in 891 bytes} [Thu Mar 5 17:40:57 2026] GET /resource_providers?in_tree=d4bfe73f-738c-4b64-8fd4-5523414c817f => generated 797 bytes in 17 msecs (HTTP/1.1 200) 6 headers in 225 bytes (1 switches on core 0)
2026-03-05 17:40:57.374 7 INFO placement.requestlog [req-da70dcba-bb4e-4bef-90f6-d70aed713bc1 req-c17e0e8e-de31-410b-8a4e-6301ff58d9a1 ea761be0b1a144ba967525c9580476c6 365cbd641bcf475483d985a277c42d6a - - a4dbe4c8ceb64b4581b8a3d1e4c541b5 a4dbe4c8ceb64b4581b8a3d1e4c541b5] 162.253.55.62 "GET /resource_providers/d4bfe73f-738c-4b64-8fd4-5523414c817f/inventories" status: 200 len: 400 microversion: 1.0 [pid: 7|app: 0|req: 319/639] 162.253.55.62 () {32 vars in 856 bytes} [Thu Mar 5 17:40:57 2026] GET /resource_providers/d4bfe73f-738c-4b64-8fd4-5523414c817f/inventories => generated 400 bytes in 13 msecs (HTTP/1.1 200) 6 headers in 224 bytes (1 switches on core 0)
2026-03-05 17:40:57.409 8 INFO placement.requestlog [req-da70dcba-bb4e-4bef-90f6-d70aed713bc1 req-91c6e170-6db1-4453-a791-398043b0e47a ea761be0b1a144ba967525c9580476c6 365cbd641bcf475483d985a277c42d6a - - a4dbe4c8ceb64b4581b8a3d1e4c541b5 a4dbe4c8ceb64b4581b8a3d1e4c541b5] 162.253.55.62 "GET /resource_providers/d4bfe73f-738c-4b64-8fd4-5523414c817f/aggregates" status: 200 len: 53 microversion: 1.19 [pid: 8|app: 0|req: 321/640] 162.253.55.62 () {34 vars in 898 bytes} [Thu Mar 5 17:40:57 2026] GET /resource_providers/d4bfe73f-738c-4b64-8fd4-5523414c817f/aggregates => generated 53 bytes in 29 msecs (HTTP/1.1 200) 8 headers in 295 bytes (1 switches on core 0)
2026-03-05 17:40:57.429 7 INFO placement.requestlog [req-da70dcba-bb4e-4bef-90f6-d70aed713bc1 req-4394dcb2-df37-4778-8430-1974c4cf64fd ea761be0b1a144ba967525c9580476c6 365cbd641bcf475483d985a277c42d6a - - a4dbe4c8ceb64b4581b8a3d1e4c541b5 a4dbe4c8ceb64b4581b8a3d1e4c541b5] 162.253.55.62 "GET /resource_providers/d4bfe73f-738c-4b64-8fd4-5523414c817f/traits" status: 200 len: 2316 microversion: 1.6 [pid: 7|app: 0|req: 320/641] 162.253.55.62 () {34 vars in 889 bytes} [Thu Mar 5 17:40:57 2026] GET /resource_providers/d4bfe73f-738c-4b64-8fd4-5523414c817f/traits => generated 2316 bytes in 15 msecs (HTTP/1.1 200) 6 headers in 225 bytes (1 switches on core 0)
2026-03-05 17:40:57.447 8 INFO placement.requestlog [req-da70dcba-bb4e-4bef-90f6-d70aed713bc1 req-a6ce06cd-bc13-43ec-8cae-ca8c0e33904d ea761be0b1a144ba967525c9580476c6 365cbd641bcf475483d985a277c42d6a - - a4dbe4c8ceb64b4581b8a3d1e4c541b5 a4dbe4c8ceb64b4581b8a3d1e4c541b5] 162.253.55.62 "GET /resource_providers/d4bfe73f-738c-4b64-8fd4-5523414c817f/allocations" status: 200 len: 54 microversion: 1.0 [pid: 8|app: 0|req: 322/642] 162.253.55.62 () {32 vars in 856 bytes} [Thu Mar 5 17:40:57 2026] GET /resource_providers/d4bfe73f-738c-4b64-8fd4-5523414c817f/allocations => generated 54 bytes in 11 msecs (HTTP/1.1 200) 6 headers in 223 bytes (1 switches on core 0)
2026-03-05 17:41:07.060 7 INFO placement.requestlog [None req-b5e7ed3d-ff2f-4a1e-a562-d80175a50e47 - - - - - -] 10.0.0.210 "GET /" status: 200 len: 136 microversion: 1.0
2026-03-05 17:41:07.060 8 INFO placement.requestlog [None req-d0dc477e-d332-4b83-9715-b752efb2c4f7 - - - - - -] 10.0.0.210 "GET /" status: 200 len: 136 microversion: 1.0
2026-03-05 17:41:16.506 8 INFO placement.requestlog [req-dbf3ebb1-1724-4efd-a7a2-2bdbcb490864 req-12f4827c-e117-4451-95b7-4f4e060d9027 ea761be0b1a144ba967525c9580476c6 365cbd641bcf475483d985a277c42d6a - - a4dbe4c8ceb64b4581b8a3d1e4c541b5 a4dbe4c8ceb64b4581b8a3d1e4c541b5] 10.0.0.177 "GET /allocation_candidates?limit=1000&resources=DISK_GB%3A1%2CMEMORY_MB%3A512%2CVCPU%3A1&root_required=%21COMPUTE_STATUS_DISABLED" status: 200 len: 2781 microversion: 1.36 [pid: 8|app: 0|req: 324/645] 10.0.0.177 () {34 vars in 1012 bytes} [Thu Mar 5 17:41:16 2026] GET /allocation_candidates?limit=1000&resources=DISK_GB%3A1%2CMEMORY_MB%3A512%2CVCPU%3A1&root_required=%21COMPUTE_STATUS_DISABLED => generated 2781 bytes in 201 msecs (HTTP/1.1 200) 8 headers in 297 bytes (1 switches on core 0)
2026-03-05 17:41:16.555 7 INFO placement.requestlog [req-dbf3ebb1-1724-4efd-a7a2-2bdbcb490864 req-e28b510f-1791-4405-80b7-f5ebbc321ea7 ea761be0b1a144ba967525c9580476c6 365cbd641bcf475483d985a277c42d6a - - a4dbe4c8ceb64b4581b8a3d1e4c541b5 a4dbe4c8ceb64b4581b8a3d1e4c541b5] 10.0.0.177 "GET /allocations/2c04f51d-e937-482b-9486-599368ef9ed9" status: 200 len: 19 microversion: 1.28 [pid: 7|app: 0|req: 322/646] 10.0.0.177 () {34 vars in 861 bytes} [Thu Mar 5 17:41:16 2026] GET /allocations/2c04f51d-e937-482b-9486-599368ef9ed9 => generated 19 bytes in 14 msecs (HTTP/1.1 200) 8 headers in 295 bytes (1 switches on core 0)
2026-03-05 17:41:16.630 8 INFO placement.requestlog [req-dbf3ebb1-1724-4efd-a7a2-2bdbcb490864 req-882d10e0-d4b2-4c0f-a314-cdbc682df69b ea761be0b1a144ba967525c9580476c6 365cbd641bcf475483d985a277c42d6a - - a4dbe4c8ceb64b4581b8a3d1e4c541b5 a4dbe4c8ceb64b4581b8a3d1e4c541b5] 10.0.0.177 "PUT /allocations/2c04f51d-e937-482b-9486-599368ef9ed9" status: 204 len: 0 microversion: 1.36 [pid: 8|app: 0|req: 325/647] 10.0.0.177 () {38 vars in 914 bytes} [Thu Mar 5 17:41:16 2026] PUT /allocations/2c04f51d-e937-482b-9486-599368ef9ed9 => generated 0 bytes in 66 msecs (HTTP/1.1 204) 5 headers in 199 bytes (1 switches on core 0)
2026-03-05 17:41:17.060 7 INFO placement.requestlog [None req-2dc65d3e-4576-49ce-a688-65e0ee50130a - - - - - -] 10.0.0.210 "GET /" status: 200 len: 136 microversion: 1.0
2026-03-05 17:41:17.060 8 INFO placement.requestlog [None req-1dbb1d2f-f30f-4c43-b60d-2759d7a30b46 - - - - - -] 10.0.0.210 "GET /" status: 200 len: 136 microversion: 1.0
2026-03-05 17:41:17.602 7 INFO placement.requestlog [req-94c5a99d-cc96-45b1-8661-cb662a356768 req-a04d1bf6-edb0-4945-80c9-65f717f19bdc ea761be0b1a144ba967525c9580476c6 365cbd641bcf475483d985a277c42d6a - - a4dbe4c8ceb64b4581b8a3d1e4c541b5 a4dbe4c8ceb64b4581b8a3d1e4c541b5] 10.0.0.177 "GET /allocation_candidates?limit=1000&resources=DISK_GB%3A1%2CMEMORY_MB%3A512%2CVCPU%3A1&root_required=%21COMPUTE_STATUS_DISABLED" status: 200 len: 2783 microversion: 1.36 [pid: 7|app: 0|req: 324/650] 10.0.0.177 () {34 vars in 1012 bytes} [Thu Mar 5 17:41:17 2026] GET /allocation_candidates?limit=1000&resources=DISK_GB%3A1%2CMEMORY_MB%3A512%2CVCPU%3A1&root_required=%21COMPUTE_STATUS_DISABLED => generated 2783 bytes in 80 msecs (HTTP/1.1 200) 8 headers in 297 bytes (1 switches on core 0)
2026-03-05 17:41:17.647 8 INFO placement.requestlog [req-94c5a99d-cc96-45b1-8661-cb662a356768 req-a24fc443-dfe2-47bb-939f-7d608dd47d73 ea761be0b1a144ba967525c9580476c6 365cbd641bcf475483d985a277c42d6a - - a4dbe4c8ceb64b4581b8a3d1e4c541b5 a4dbe4c8ceb64b4581b8a3d1e4c541b5] 10.0.0.177 "GET /allocations/f0b183aa-3ea8-4d2a-8f83-d40130bc5af7" status: 200 len: 19 microversion: 1.28 [pid: 8|app: 0|req: 327/651] 10.0.0.177 () {34 vars in 861 bytes} [Thu Mar 5 17:41:17 2026] GET /allocations/f0b183aa-3ea8-4d2a-8f83-d40130bc5af7 => generated 19 bytes in 11 msecs (HTTP/1.1 200) 8 headers in 295 bytes (1 switches on core 0)
2026-03-05 17:41:17.736 7 INFO placement.requestlog [req-94c5a99d-cc96-45b1-8661-cb662a356768 req-aed10aba-4db4-4983-9db3-a524d41d010a ea761be0b1a144ba967525c9580476c6 365cbd641bcf475483d985a277c42d6a - - a4dbe4c8ceb64b4581b8a3d1e4c541b5 a4dbe4c8ceb64b4581b8a3d1e4c541b5] 10.0.0.177 "PUT /allocations/f0b183aa-3ea8-4d2a-8f83-d40130bc5af7" status: 204 len: 0 microversion: 1.36 [pid: 7|app: 0|req: 325/652] 10.0.0.177 () {38 vars in 914 bytes} [Thu Mar 5 17:41:17 2026] PUT /allocations/f0b183aa-3ea8-4d2a-8f83-d40130bc5af7 => generated 0 bytes in 81 msecs (HTTP/1.1 204) 5 headers in 199 bytes (1 switches on core 0)
2026-03-05 17:41:18.117 8 INFO placement.requestlog [req-dbf3ebb1-1724-4efd-a7a2-2bdbcb490864 req-2a1de692-f82b-438a-b913-de7f6bc05c06 ea761be0b1a144ba967525c9580476c6 365cbd641bcf475483d985a277c42d6a - - a4dbe4c8ceb64b4581b8a3d1e4c541b5 a4dbe4c8ceb64b4581b8a3d1e4c541b5] 162.253.55.62 "GET /allocations/2c04f51d-e937-482b-9486-599368ef9ed9" status: 200 len: 257 microversion: 1.28 [pid: 8|app: 0|req: 328/653] 162.253.55.62 () {34 vars in 862 bytes} [Thu Mar 5 17:41:18 2026] GET /allocations/2c04f51d-e937-482b-9486-599368ef9ed9 => generated 257 bytes in 12 msecs (HTTP/1.1 200) 8 headers in 296 bytes (1 switches on core 0)
2026-03-05 17:41:19.169 8 INFO placement.requestlog [req-94c5a99d-cc96-45b1-8661-cb662a356768 req-9ac706f6-50c8-4615-8c7b-616c698aa09c ea761be0b1a144ba967525c9580476c6 365cbd641bcf475483d985a277c42d6a - - a4dbe4c8ceb64b4581b8a3d1e4c541b5 a4dbe4c8ceb64b4581b8a3d1e4c541b5] 162.253.55.62 "GET /allocations/f0b183aa-3ea8-4d2a-8f83-d40130bc5af7" status: 200 len: 257 microversion: 1.28 [pid: 8|app: 0|req: 329/654] 162.253.55.62 () {34 vars in 862 bytes} [Thu Mar 5 17:41:19 2026] GET /allocations/f0b183aa-3ea8-4d2a-8f83-d40130bc5af7 => generated 257 bytes in 15 msecs (HTTP/1.1 200) 8 headers in 296 bytes (1 switches on core 0)
2026-03-05 17:41:19.173 7 INFO placement.requestlog [req-dbf3ebb1-1724-4efd-a7a2-2bdbcb490864 req-1d69e9b8-c249-4c70-926d-c5b227526003 ea761be0b1a144ba967525c9580476c6 365cbd641bcf475483d985a277c42d6a - - a4dbe4c8ceb64b4581b8a3d1e4c541b5 a4dbe4c8ceb64b4581b8a3d1e4c541b5] 162.253.55.62 "GET /resource_providers/d4bfe73f-738c-4b64-8fd4-5523414c817f/allocations" status: 200 len: 252 microversion: 1.0 [pid: 7|app: 0|req: 326/655] 162.253.55.62 () {32 vars in 856 bytes} [Thu Mar 5 17:41:19 2026] GET /resource_providers/d4bfe73f-738c-4b64-8fd4-5523414c817f/allocations => generated 252 bytes in 20 msecs (HTTP/1.1 200) 6 headers in 224 bytes (1 switches on core 0)
2026-03-05 17:41:19.195 8 INFO placement.requestlog [req-dbf3ebb1-1724-4efd-a7a2-2bdbcb490864 req-07019513-a852-4084-b5cc-3ff741684191 ea761be0b1a144ba967525c9580476c6 365cbd641bcf475483d985a277c42d6a - - a4dbe4c8ceb64b4581b8a3d1e4c541b5 a4dbe4c8ceb64b4581b8a3d1e4c541b5] 162.253.55.62 "GET /allocations/f0b183aa-3ea8-4d2a-8f83-d40130bc5af7" status: 200 len: 257 microversion: 1.28 [pid: 8|app: 0|req: 330/656] 162.253.55.62 () {34 vars in 862 bytes} [Thu Mar 5 17:41:19 2026] GET /allocations/f0b183aa-3ea8-4d2a-8f83-d40130bc5af7 => generated 257 bytes in 14 msecs (HTTP/1.1 200) 8 headers in 296 bytes (1 switches on core 0)
2026-03-05 17:41:19.214 7 INFO placement.requestlog [req-dbf3ebb1-1724-4efd-a7a2-2bdbcb490864 req-4f26de97-b1b4-4e3c-8377-4333562f2caa ea761be0b1a144ba967525c9580476c6 365cbd641bcf475483d985a277c42d6a - - a4dbe4c8ceb64b4581b8a3d1e4c541b5 a4dbe4c8ceb64b4581b8a3d1e4c541b5] 162.253.55.62 "GET /allocations/2c04f51d-e937-482b-9486-599368ef9ed9" status: 200 len: 257 microversion: 1.28 [pid: 7|app: 0|req: 327/657] 162.253.55.62 () {34 vars in 862 bytes} [Thu Mar 5 17:41:19 2026] GET /allocations/2c04f51d-e937-482b-9486-599368ef9ed9 => generated 257 bytes in 13 msecs (HTTP/1.1 200) 8 headers in 296 bytes (1 switches on core 0)
2026-03-05 17:41:21.272 8 INFO placement.requestlog [req-94c5a99d-cc96-45b1-8661-cb662a356768 req-16cade83-8976-41e3-9539-f47ff031a8ae ea761be0b1a144ba967525c9580476c6 365cbd641bcf475483d985a277c42d6a - - a4dbe4c8ceb64b4581b8a3d1e4c541b5 a4dbe4c8ceb64b4581b8a3d1e4c541b5] 162.253.55.62 "GET /resource_providers/d4bfe73f-738c-4b64-8fd4-5523414c817f/allocations" status: 200 len: 252 microversion: 1.0 [pid: 8|app: 0|req: 331/658] 162.253.55.62 () {32 vars in 856 bytes} [Thu Mar 5 17:41:21 2026] GET /resource_providers/d4bfe73f-738c-4b64-8fd4-5523414c817f/allocations => generated 252 bytes in 13 msecs (HTTP/1.1 200) 6 headers in 224 bytes (1 switches on core 0)
2026-03-05 17:41:21.289 7 INFO placement.requestlog [req-94c5a99d-cc96-45b1-8661-cb662a356768 req-f447935e-5181-4f74-938a-a68712d74ac2 ea761be0b1a144ba967525c9580476c6 365cbd641bcf475483d985a277c42d6a - - a4dbe4c8ceb64b4581b8a3d1e4c541b5 a4dbe4c8ceb64b4581b8a3d1e4c541b5] 162.253.55.62 "GET /allocations/f0b183aa-3ea8-4d2a-8f83-d40130bc5af7" status: 200 len: 257 microversion: 1.28 [pid: 7|app: 0|req: 328/659] 162.253.55.62 () {34 vars in 862 bytes} [Thu Mar 5 17:41:21 2026] GET /allocations/f0b183aa-3ea8-4d2a-8f83-d40130bc5af7 => generated 257 bytes in 9 msecs (HTTP/1.1 200) 8 headers in 296 bytes (1 switches on core 0)
2026-03-05 17:41:21.306 8 INFO placement.requestlog [req-94c5a99d-cc96-45b1-8661-cb662a356768 req-0e9444dc-2310-42f1-bea4-d5c878f650bc ea761be0b1a144ba967525c9580476c6 365cbd641bcf475483d985a277c42d6a - - a4dbe4c8ceb64b4581b8a3d1e4c541b5 a4dbe4c8ceb64b4581b8a3d1e4c541b5] 162.253.55.62 "GET /allocations/2c04f51d-e937-482b-9486-599368ef9ed9" status: 200 len: 257 microversion: 1.28 [pid: 8|app: 0|req: 332/660] 162.253.55.62 () {34 vars in 862 bytes} [Thu Mar 5 17:41:21 2026] GET /allocations/2c04f51d-e937-482b-9486-599368ef9ed9 => generated 257 bytes in 11 msecs (HTTP/1.1 200) 8 headers in 296 bytes (1 switches on core 0)
2026-03-05 17:41:23.945 7 INFO placement.requestlog [None req-ed7c8737-2b8c-4900-8fe9-cf13df0b9fb1 d917a249dcc04d5794862fa5f3559a8b 365cbd641bcf475483d985a277c42d6a - - a4dbe4c8ceb64b4581b8a3d1e4c541b5 a4dbe4c8ceb64b4581b8a3d1e4c541b5] 10.0.0.75 "GET /resource_providers/cb5ead9f-ba0a-4e2a-bb60-63db0e7955c1/aggregates" status: 404 len: 235 microversion: 1.1 [pid: 7|app: 0|req: 329/661] 10.0.0.75 () {32 vars in 815 bytes} [Thu Mar 5 17:41:23 2026] GET /resource_providers/cb5ead9f-ba0a-4e2a-bb60-63db0e7955c1/aggregates => generated 235 bytes in 244 msecs (HTTP/1.1 404) 5 headers in 202 bytes (1 switches on core 0)
2026-03-05 17:41:23.962 7 INFO placement.requestlog [None req-32f9dd8f-2d76-4e57-baf9-4f795d9dfcca d917a249dcc04d5794862fa5f3559a8b 365cbd641bcf475483d985a277c42d6a - - a4dbe4c8ceb64b4581b8a3d1e4c541b5 a4dbe4c8ceb64b4581b8a3d1e4c541b5] 10.0.0.75 "DELETE /resource_providers/cb5ead9f-ba0a-4e2a-bb60-63db0e7955c1" status: 404 len: 246 microversion: 1.1 [pid: 7|app: 0|req: 330/662] 10.0.0.75 () {34 vars in 815 bytes} [Thu Mar 5 17:41:23 2026] DELETE /resource_providers/cb5ead9f-ba0a-4e2a-bb60-63db0e7955c1 => generated 246 bytes in 7 msecs (HTTP/1.1 404) 6 headers in 231 bytes (1 switches on core 0)
2026-03-05 17:41:23.984 8 INFO placement.requestlog [None req-7ba0b540-62a0-4c27-9eb1-83829e69fd5e d917a249dcc04d5794862fa5f3559a8b 365cbd641bcf475483d985a277c42d6a - - a4dbe4c8ceb64b4581b8a3d1e4c541b5 a4dbe4c8ceb64b4581b8a3d1e4c541b5] 10.0.0.75 "GET /resource_providers/cb5ead9f-ba0a-4e2a-bb60-63db0e7955c1/aggregates" status: 404 len: 235 microversion: 1.1 [pid: 8|app: 0|req: 333/663] 10.0.0.75 () {32 vars in 815 bytes} [Thu Mar 5 17:41:23 2026] GET /resource_providers/cb5ead9f-ba0a-4e2a-bb60-63db0e7955c1/aggregates => generated 235 bytes in 212 msecs (HTTP/1.1 404) 5 headers in 202 bytes (1 switches on core 0)
2026-03-05 17:41:24.000 7 INFO placement.requestlog [None req-72811774-fea4-4867-84d8-1e1b99ca789a d917a249dcc04d5794862fa5f3559a8b 365cbd641bcf475483d985a277c42d6a - - a4dbe4c8ceb64b4581b8a3d1e4c541b5 a4dbe4c8ceb64b4581b8a3d1e4c541b5] 10.0.0.75 "DELETE /resource_providers/cb5ead9f-ba0a-4e2a-bb60-63db0e7955c1" status: 404 len: 246 microversion: 1.1 [pid: 7|app: 0|req: 331/664] 10.0.0.75 () {34 vars in 815 bytes} [Thu Mar 5 17:41:23 2026] DELETE /resource_providers/cb5ead9f-ba0a-4e2a-bb60-63db0e7955c1 => generated 246 bytes in 11 msecs (HTTP/1.1 404) 6 headers in 231 bytes (1 switches on core 0)
2026-03-05 17:41:27.060 8 INFO placement.requestlog [None req-93f5686d-7cec-4a24-9925-8a3662792eec - - - - - -] 10.0.0.210 "GET /" status: 200 len: 136 microversion: 1.0
2026-03-05 17:41:27.061 7 INFO placement.requestlog [None req-13a0a30f-beb1-4dd8-8387-53b287700a20 - - - - - -] 10.0.0.210 "GET /" status: 200 len: 136 microversion: 1.0
2026-03-05 17:41:37.059 8 INFO placement.requestlog [None req-9ce6ace1-e75f-4399-bb08-bf5e2c50f729 - - - - - -] 10.0.0.210 "GET /" status: 200 len: 136 microversion: 1.0
2026-03-05 17:41:37.060 7 INFO placement.requestlog [None req-8a302935-4ae0-4b8a-92bd-806568a98aba - - - - - -] 10.0.0.210 "GET /" status: 200 len: 136 microversion: 1.0
2026-03-05 17:41:38.481 8 INFO placement.requestlog [None req-22033c7f-c4ef-4d26-a7de-e1564cfda324 d917a249dcc04d5794862fa5f3559a8b 365cbd641bcf475483d985a277c42d6a - - a4dbe4c8ceb64b4581b8a3d1e4c541b5 a4dbe4c8ceb64b4581b8a3d1e4c541b5] 10.0.0.75 "GET /resource_providers/aae00fc8-bf9a-4c3d-8811-55bfad24b537/aggregates" status: 404 len: 235 microversion: 1.1 [pid: 8|app: 0|req: 336/669] 10.0.0.75 () {32 vars in 815 bytes} [Thu Mar 5 17:41:38 2026] GET /resource_providers/aae00fc8-bf9a-4c3d-8811-55bfad24b537/aggregates => generated 235 bytes in 173 msecs (HTTP/1.1 404) 5 headers in 202 bytes (1 switches on core 0)
2026-03-05 17:41:38.495 7 INFO placement.requestlog [None req-ae59ef68-61d2-493f-b7bb-729abef2aa25 d917a249dcc04d5794862fa5f3559a8b 365cbd641bcf475483d985a277c42d6a - - a4dbe4c8ceb64b4581b8a3d1e4c541b5 a4dbe4c8ceb64b4581b8a3d1e4c541b5] 10.0.0.75 "GET /resource_providers/aae00fc8-bf9a-4c3d-8811-55bfad24b537/aggregates" status: 404 len: 235 microversion: 1.1 [pid: 7|app: 0|req: 334/670] 10.0.0.75 () {32 vars in 815 bytes} [Thu Mar 5 17:41:38 2026] GET /resource_providers/aae00fc8-bf9a-4c3d-8811-55bfad24b537/aggregates => generated 235 bytes in 183 msecs (HTTP/1.1 404) 5 headers in 202 bytes (1 switches on core 0)
2026-03-05 17:41:38.505 8 INFO placement.requestlog [None req-cc403898-991f-4ec5-b873-722d6b142e0b d917a249dcc04d5794862fa5f3559a8b 365cbd641bcf475483d985a277c42d6a - - a4dbe4c8ceb64b4581b8a3d1e4c541b5 a4dbe4c8ceb64b4581b8a3d1e4c541b5] 10.0.0.75 "DELETE /resource_providers/aae00fc8-bf9a-4c3d-8811-55bfad24b537" status: 404 len: 246 microversion: 1.1 [pid: 8|app: 0|req: 337/671] 10.0.0.75 () {34 vars in 815 bytes} [Thu Mar 5 17:41:38 2026] DELETE /resource_providers/aae00fc8-bf9a-4c3d-8811-55bfad24b537 => generated 246 bytes in 11 msecs (HTTP/1.1 404) 6 headers in 231 bytes (1 switches on core 0)
2026-03-05 17:41:38.517 7 INFO placement.requestlog [None req-fa5d7b5a-3995-42d9-a64b-836fbb13baa2 d917a249dcc04d5794862fa5f3559a8b 365cbd641bcf475483d985a277c42d6a - - a4dbe4c8ceb64b4581b8a3d1e4c541b5 a4dbe4c8ceb64b4581b8a3d1e4c541b5] 10.0.0.75 "DELETE /resource_providers/aae00fc8-bf9a-4c3d-8811-55bfad24b537" status: 404 len: 246 microversion: 1.1 [pid: 7|app: 0|req: 335/672] 10.0.0.75 () {34 vars in 815 bytes} [Thu Mar 5 17:41:38 2026] DELETE /resource_providers/aae00fc8-bf9a-4c3d-8811-55bfad24b537 => generated 246 bytes in 9 msecs (HTTP/1.1 404) 6 headers in 231 bytes (1 switches on core 0)
2026-03-05 17:41:40.556 7 INFO placement.requestlog [None req-22a504b0-5746-4595-8d88-2957b30a8e5a d917a249dcc04d5794862fa5f3559a8b 365cbd641bcf475483d985a277c42d6a - - a4dbe4c8ceb64b4581b8a3d1e4c541b5 a4dbe4c8ceb64b4581b8a3d1e4c541b5] 10.0.0.75 "GET /resource_providers/1858a6da-4cd8-467b-b703-d343085a9862/aggregates" status: 404 len: 235 microversion: 1.1 [pid: 7|app: 0|req: 336/673] 10.0.0.75 () {32 vars in 815 bytes} [Thu Mar 5 17:41:40 2026] GET /resource_providers/1858a6da-4cd8-467b-b703-d343085a9862/aggregates => generated 235 bytes in 10 msecs (HTTP/1.1 404) 5 headers in 202 bytes (1 switches on core 0)
2026-03-05 17:41:40.557 8 INFO placement.requestlog [None req-8d2f2c0f-48f1-48d3-bec5-a162cd4ffaef d917a249dcc04d5794862fa5f3559a8b 365cbd641bcf475483d985a277c42d6a - - a4dbe4c8ceb64b4581b8a3d1e4c541b5 a4dbe4c8ceb64b4581b8a3d1e4c541b5] 10.0.0.75 "GET /resource_providers/1858a6da-4cd8-467b-b703-d343085a9862/aggregates" status: 404 len: 235 microversion: 1.1 [pid: 8|app: 0|req: 338/674] 10.0.0.75 () {32 vars in 815 bytes} [Thu Mar 5 17:41:40 2026] GET /resource_providers/1858a6da-4cd8-467b-b703-d343085a9862/aggregates => generated 235 bytes in 11 msecs (HTTP/1.1 404) 5 headers in 202 bytes (1 switches on core 0)
2026-03-05 17:41:40.580 7 INFO placement.requestlog [None req-ad78d003-528f-421b-a479-2b453347d88a d917a249dcc04d5794862fa5f3559a8b 365cbd641bcf475483d985a277c42d6a - - a4dbe4c8ceb64b4581b8a3d1e4c541b5 a4dbe4c8ceb64b4581b8a3d1e4c541b5] 10.0.0.75 "DELETE /resource_providers/1858a6da-4cd8-467b-b703-d343085a9862" status: 404 len: 246 microversion: 1.1 [pid: 7|app: 0|req: 337/675] 10.0.0.75 () {34 vars in 815 bytes} [Thu Mar 5 17:41:40 2026] DELETE /resource_providers/1858a6da-4cd8-467b-b703-d343085a9862 => generated 246 bytes in 9 msecs (HTTP/1.1 404) 6 headers in 231 bytes (1 switches on core 0)
2026-03-05 17:41:40.591 8 INFO placement.requestlog [None req-7a162523-c0c6-4861-84d9-e6632153bd27 d917a249dcc04d5794862fa5f3559a8b 365cbd641bcf475483d985a277c42d6a - - a4dbe4c8ceb64b4581b8a3d1e4c541b5 a4dbe4c8ceb64b4581b8a3d1e4c541b5] 10.0.0.75 "DELETE /resource_providers/1858a6da-4cd8-467b-b703-d343085a9862" status: 404 len: 246 microversion: 1.1 [pid: 8|app: 0|req: 339/676] 10.0.0.75 () {34 vars in 815 bytes} [Thu Mar 5 17:41:40 2026] DELETE /resource_providers/1858a6da-4cd8-467b-b703-d343085a9862 => generated 246 bytes in 10 msecs (HTTP/1.1 404) 6 headers in 231 bytes (1 switches on core 0)
2026-03-05 17:41:41.326 8 INFO placement.requestlog [None req-ff7d5b75-af39-4e67-ae9e-b037ed3233a9 d917a249dcc04d5794862fa5f3559a8b 365cbd641bcf475483d985a277c42d6a - - a4dbe4c8ceb64b4581b8a3d1e4c541b5 a4dbe4c8ceb64b4581b8a3d1e4c541b5] 10.0.0.75 "GET /resource_providers/a7d394f4-9e2a-4d63-b41f-a0869976e4c1/aggregates" status: 404 len: 235 microversion: 1.1 [pid: 8|app: 0|req: 340/677] 10.0.0.75 () {32 vars in 815 bytes} [Thu Mar 5 17:41:41 2026] GET /resource_providers/a7d394f4-9e2a-4d63-b41f-a0869976e4c1/aggregates => generated 235 bytes in 16 msecs (HTTP/1.1 404) 5 headers in 202 bytes (1 switches on core 0)
2026-03-05 17:41:41.329 7 INFO placement.requestlog [None req-ebd20d6e-3142-4020-84f6-c4d901181983 d917a249dcc04d5794862fa5f3559a8b 365cbd641bcf475483d985a277c42d6a - - a4dbe4c8ceb64b4581b8a3d1e4c541b5 a4dbe4c8ceb64b4581b8a3d1e4c541b5] 10.0.0.75 "GET /resource_providers/a7d394f4-9e2a-4d63-b41f-a0869976e4c1/aggregates" status: 404 len: 235 microversion: 1.1 [pid: 7|app: 0|req: 338/678] 10.0.0.75 () {32 vars in 815 bytes} [Thu Mar 5 17:41:41 2026] GET /resource_providers/a7d394f4-9e2a-4d63-b41f-a0869976e4c1/aggregates => generated 235 bytes in 20 msecs (HTTP/1.1 404) 5 headers in 202 bytes (1 switches on core 0)
