2026-03-05 17:50:02.756 8 INFO neutron.notifiers.nova [-] Nova event matching ['req-511fcce0-0a2a-47b7-8180-a071392e3542'] response: {'server_uuid': '3621dde2-2ae3-4e27-9643-7eee7cfc9731', 'name': 'network-vif-unplugged', 'status': 'completed', 'tag': 'ac22ae60-6d15-4e66-b5e5-8927ddd1f606', 'code': 200} [pid: 7|app: 0|req: 1973/3673] 162.253.55.62 () {34 vars in 993 bytes} [Thu Mar 5 17:50:03 2026] GET /v2.0/ports?device_id=3621dde2-2ae3-4e27-9643-7eee7cfc9731 => generated 1194 bytes in 81 msecs (HTTP/1.1 200) 4 headers in 158 bytes (1 switches on core 0) /var/lib/openstack/lib/python3.12/site-packages/pycadf/identifier.py:70: UserWarning: Invalid uuid: neutron. To ensure interoperability, identifiers should be a valid uuid. warnings.warn(('Invalid uuid: %s. To ensure interoperability, '
2026-03-05 17:50:03.319 8 INFO neutron_taas.services.taas.taas_plugin [req-7990b489-c7d3-4661-af7b-488224f11d07 req-5c9527b9-fc9c-42d2-ad43-56c808ddd085 eab3a174be5243dfadc41e54464b0afd 625425066f894eb6b77b01e0c918b48c - - default default] TaaS: Handle Delete Port: ac22ae60-6d15-4e66-b5e5-8927ddd1f606
2026-03-05 17:50:03.322 8 INFO neutron_taas.services.taas.tap_mirror_plugin [req-7990b489-c7d3-4661-af7b-488224f11d07 req-5c9527b9-fc9c-42d2-ad43-56c808ddd085 eab3a174be5243dfadc41e54464b0afd 625425066f894eb6b77b01e0c918b48c - - default default] Tap Mirror: Handle Delete Port: ac22ae60-6d15-4e66-b5e5-8927ddd1f606 [pid: 8|app: 0|req: 1701/3674] 162.253.55.62 () {36 vars in 996 bytes} [Thu Mar 5 17:50:03 2026] DELETE /v2.0/ports/ac22ae60-6d15-4e66-b5e5-8927ddd1f606 => generated 0 bytes in 328 msecs (HTTP/1.1 204) 3 headers in 131 bytes (1 switches on core 0)
2026-03-05 17:50:04.794 8 INFO neutron.notifiers.nova [-] Nova event matching ['req-3cfac7c0-b30b-491f-9085-e46989fa21f9'] response: {'server_uuid': '3621dde2-2ae3-4e27-9643-7eee7cfc9731', 'name': 'network-vif-deleted', 'tag': 'ac22ae60-6d15-4e66-b5e5-8927ddd1f606', 'status': 'completed', 'code': 200} [pid: 7|app: 0|req: 1974/3675] 10.0.0.136 () {34 vars in 990 bytes} [Thu Mar 5 17:50:06 2026] GET /v2.0/ports?device_id=3621dde2-2ae3-4e27-9643-7eee7cfc9731 => generated 12 bytes in 17 msecs (HTTP/1.1 200) 4 headers in 156 bytes (1 switches on core 0) [pid: 8|app: 0|req: 1702/3676] 10.0.0.202 () {32 vars in 750 bytes} [Thu Mar 5 17:50:11 2026] DELETE /v2.0/security-group-rules/0b38337b-1219-411c-86f8-d63647f4d55c => generated 0 bytes in 153 msecs (HTTP/1.1 204) 2 headers in 112 bytes (1 switches on core 0)
2026-03-05 17:50:11.294 7 INFO neutron.api.v2.resource [None req-4acd448f-177b-4410-a90c-d720074a688e eab3a174be5243dfadc41e54464b0afd 625425066f894eb6b77b01e0c918b48c - - default default] show failed (client error): The resource could not be found. [pid: 7|app: 0|req: 1975/3677] 10.0.0.202 () {32 vars in 747 bytes} [Thu Mar 5 17:50:11 2026] GET /v2.0/security-group-rules/0b38337b-1219-411c-86f8-d63647f4d55c => generated 155 bytes in 11 msecs (HTTP/1.1 404) 4 headers in 164 bytes (1 switches on core 0) [pid: 8|app: 0|req: 1703/3678] 10.0.0.202 () {32 vars in 750 bytes} [Thu Mar 5 17:50:11 2026] DELETE /v2.0/security-group-rules/5a66dc82-b325-40f2-9c3d-bf093704fa07 => generated 0 bytes in 136 msecs (HTTP/1.1 204) 2 headers in 112 bytes (1 switches on core 0)
2026-03-05 17:50:11.453 7 INFO neutron.api.v2.resource [None req-a17a41bf-11e9-4f37-b7af-011c45a05a1f eab3a174be5243dfadc41e54464b0afd 625425066f894eb6b77b01e0c918b48c - - default default] show failed (client error): The resource could not be found. [pid: 7|app: 0|req: 1976/3679] 10.0.0.202 () {32 vars in 747 bytes} [Thu Mar 5 17:50:11 2026] GET /v2.0/security-group-rules/5a66dc82-b325-40f2-9c3d-bf093704fa07 => generated 155 bytes in 12 msecs (HTTP/1.1 404) 4 headers in 164 bytes (1 switches on core 0) [pid: 8|app: 0|req: 1704/3680] 10.0.0.202 () {32 vars in 750 bytes} [Thu Mar 5 17:50:11 2026] DELETE /v2.0/security-group-rules/512555e8-cd3b-41e6-9ddf-88916387dec4 => generated 0 bytes in 145 msecs (HTTP/1.1 204) 2 headers in 112 bytes (1 switches on core 0)
2026-03-05 17:50:11.641 7 INFO neutron.api.v2.resource [None req-9f82e7bf-62c8-4598-a073-49fb60632dcb eab3a174be5243dfadc41e54464b0afd 625425066f894eb6b77b01e0c918b48c - - default default] show failed (client error): The resource could not be found. [pid: 7|app: 0|req: 1977/3681] 10.0.0.202 () {32 vars in 747 bytes} [Thu Mar 5 17:50:11 2026] GET /v2.0/security-group-rules/512555e8-cd3b-41e6-9ddf-88916387dec4 => generated 155 bytes in 34 msecs (HTTP/1.1 404) 4 headers in 164 bytes (1 switches on core 0) [pid: 8|app: 0|req: 1705/3684] 10.0.0.202 () {32 vars in 750 bytes} [Thu Mar 5 17:50:11 2026] DELETE /v2.0/security-group-rules/006a33d9-9213-46dd-b834-c44e18804485 => generated 0 bytes in 147 msecs (HTTP/1.1 204) 2 headers in 112 bytes (1 switches on core 0)
2026-03-05 17:50:11.810 7 INFO neutron.api.v2.resource [None req-1d4d0b6c-e9e1-457d-b409-c38b4b674c2e eab3a174be5243dfadc41e54464b0afd 625425066f894eb6b77b01e0c918b48c - - default default] show failed (client error): The resource could not be found. [pid: 7|app: 0|req: 1980/3685] 10.0.0.202 () {32 vars in 747 bytes} [Thu Mar 5 17:50:11 2026] GET /v2.0/security-group-rules/006a33d9-9213-46dd-b834-c44e18804485 => generated 155 bytes in 12 msecs (HTTP/1.1 404) 4 headers in 164 bytes (1 switches on core 0) [pid: 8|app: 0|req: 1706/3686] 10.0.0.202 () {32 vars in 750 bytes} [Thu Mar 5 17:50:11 2026] DELETE /v2.0/security-group-rules/3384cfbf-9447-4cd4-81ed-0c37e38e9dff => generated 0 bytes in 147 msecs (HTTP/1.1 204) 2 headers in 112 bytes (1 switches on core 0)
2026-03-05 17:50:11.977 7 INFO neutron.api.v2.resource [None req-e1483136-bfcc-499a-83bb-404fd194162a eab3a174be5243dfadc41e54464b0afd 625425066f894eb6b77b01e0c918b48c - - default default] show failed (client error): The resource could not be found. [pid: 7|app: 0|req: 1981/3687] 10.0.0.202 () {32 vars in 747 bytes} [Thu Mar 5 17:50:11 2026] GET /v2.0/security-group-rules/3384cfbf-9447-4cd4-81ed-0c37e38e9dff => generated 155 bytes in 11 msecs (HTTP/1.1 404) 4 headers in 164 bytes (1 switches on core 0) [pid: 8|app: 0|req: 1707/3688] 10.0.0.202 () {32 vars in 750 bytes} [Thu Mar 5 17:50:11 2026] DELETE /v2.0/security-group-rules/f6a1173e-f251-43da-aae0-e59faef43eb2 => generated 0 bytes in 129 msecs (HTTP/1.1 204) 2 headers in 112 bytes (1 switches on core 0)
2026-03-05 17:50:12.127 7 INFO neutron.api.v2.resource [None req-541e5a3c-b16e-44a5-a8fb-bc1fa2d43f6d eab3a174be5243dfadc41e54464b0afd 625425066f894eb6b77b01e0c918b48c - - default default] show failed (client error): The resource could not be found. [pid: 7|app: 0|req: 1982/3689] 10.0.0.202 () {32 vars in 747 bytes} [Thu Mar 5 17:50:12 2026] GET /v2.0/security-group-rules/f6a1173e-f251-43da-aae0-e59faef43eb2 => generated 155 bytes in 12 msecs (HTTP/1.1 404) 4 headers in 164 bytes (1 switches on core 0) [pid: 8|app: 0|req: 1708/3690] 10.0.0.202 () {32 vars in 750 bytes} [Thu Mar 5 17:50:12 2026] DELETE /v2.0/security-group-rules/ef800cc1-3a83-4745-993c-422742ebddeb => generated 0 bytes in 137 msecs (HTTP/1.1 204) 2 headers in 112 bytes (1 switches on core 0)
2026-03-05 17:50:12.284 7 INFO neutron.api.v2.resource [None req-bf07b23e-0638-4756-a77b-9c834e6cf231 eab3a174be5243dfadc41e54464b0afd 625425066f894eb6b77b01e0c918b48c - - default default] show failed (client error): The resource could not be found. [pid: 7|app: 0|req: 1983/3691] 10.0.0.202 () {32 vars in 747 bytes} [Thu Mar 5 17:50:12 2026] GET /v2.0/security-group-rules/ef800cc1-3a83-4745-993c-422742ebddeb => generated 155 bytes in 12 msecs (HTTP/1.1 404) 4 headers in 164 bytes (1 switches on core 0) [pid: 8|app: 0|req: 1709/3692] 10.0.0.202 () {32 vars in 750 bytes} [Thu Mar 5 17:50:12 2026] DELETE /v2.0/security-group-rules/4bddf00e-838f-4aca-822d-6955e3983fc7 => generated 0 bytes in 130 msecs (HTTP/1.1 204) 2 headers in 112 bytes (1 switches on core 0)
2026-03-05 17:50:12.435 7 INFO neutron.api.v2.resource [None req-665c7ede-b7e2-45ea-9c54-b7606d1908a1 eab3a174be5243dfadc41e54464b0afd 625425066f894eb6b77b01e0c918b48c - - default default] show failed (client error): The resource could not be found. [pid: 7|app: 0|req: 1984/3693] 10.0.0.202 () {32 vars in 747 bytes} [Thu Mar 5 17:50:12 2026] GET /v2.0/security-group-rules/4bddf00e-838f-4aca-822d-6955e3983fc7 => generated 155 bytes in 12 msecs (HTTP/1.1 404) 4 headers in 164 bytes (1 switches on core 0) [pid: 8|app: 0|req: 1710/3694] 10.0.0.202 () {32 vars in 750 bytes} [Thu Mar 5 17:50:12 2026] DELETE /v2.0/security-group-rules/0da72dc7-530b-4503-a923-46eac8cbcfff => generated 0 bytes in 101 msecs (HTTP/1.1 204) 2 headers in 112 bytes (1 switches on core 0)
2026-03-05 17:50:12.554 7 INFO neutron.api.v2.resource [None req-12f2cf78-972b-4d4e-bf8b-5ef24ff248f1 eab3a174be5243dfadc41e54464b0afd 625425066f894eb6b77b01e0c918b48c - - default default] show failed (client error): The resource could not be found. [pid: 7|app: 0|req: 1985/3695] 10.0.0.202 () {32 vars in 747 bytes} [Thu Mar 5 17:50:12 2026] GET /v2.0/security-group-rules/0da72dc7-530b-4503-a923-46eac8cbcfff => generated 155 bytes in 10 msecs (HTTP/1.1 404) 4 headers in 164 bytes (1 switches on core 0) [pid: 8|app: 0|req: 1711/3696] 10.0.0.202 () {32 vars in 750 bytes} [Thu Mar 5 17:50:12 2026] DELETE /v2.0/security-group-rules/a5fe1716-deb8-4d67-9117-702afc5ce068 => generated 0 bytes in 119 msecs (HTTP/1.1 204) 2 headers in 112 bytes (1 switches on core 0)
2026-03-05 17:50:12.695 7 INFO neutron.api.v2.resource [None req-357b42e4-390a-427a-adcb-2d0de826d0c8 eab3a174be5243dfadc41e54464b0afd 625425066f894eb6b77b01e0c918b48c - - default default] show failed (client error): The resource could not be found. [pid: 7|app: 0|req: 1986/3697] 10.0.0.202 () {32 vars in 747 bytes} [Thu Mar 5 17:50:12 2026] GET /v2.0/security-group-rules/a5fe1716-deb8-4d67-9117-702afc5ce068 => generated 155 bytes in 14 msecs (HTTP/1.1 404) 4 headers in 164 bytes (1 switches on core 0) [pid: 8|app: 0|req: 1712/3698] 10.0.0.202 () {32 vars in 750 bytes} [Thu Mar 5 17:50:12 2026] DELETE /v2.0/security-group-rules/222004ea-4a89-4e3a-96b1-e72aecf495fc => generated 0 bytes in 126 msecs (HTTP/1.1 204) 2 headers in 112 bytes (1 switches on core 0)
2026-03-05 17:50:12.842 7 INFO neutron.api.v2.resource [None req-0b1a302f-f415-4f7d-8a09-21294954ab25 eab3a174be5243dfadc41e54464b0afd 625425066f894eb6b77b01e0c918b48c - - default default] show failed (client error): The resource could not be found. [pid: 7|app: 0|req: 1987/3699] 10.0.0.202 () {32 vars in 747 bytes} [Thu Mar 5 17:50:12 2026] GET /v2.0/security-group-rules/222004ea-4a89-4e3a-96b1-e72aecf495fc => generated 155 bytes in 11 msecs (HTTP/1.1 404) 4 headers in 164 bytes (1 switches on core 0) [pid: 8|app: 0|req: 1713/3700] 10.0.0.202 () {32 vars in 740 bytes} [Thu Mar 5 17:50:12 2026] DELETE /v2.0/security-groups/7fdb8c6f-af1c-45fa-85cb-a32546c645e9 => generated 0 bytes in 119 msecs (HTTP/1.1 204) 2 headers in 112 bytes (1 switches on core 0)
2026-03-05 17:50:12.982 7 INFO neutron.api.v2.resource [None req-49cfaacd-4e3c-44aa-90ba-2d3fa64fd3c7 eab3a174be5243dfadc41e54464b0afd 625425066f894eb6b77b01e0c918b48c - - default default] show failed (client error): The resource could not be found. [pid: 7|app: 0|req: 1988/3701] 10.0.0.202 () {32 vars in 737 bytes} [Thu Mar 5 17:50:12 2026] GET /v2.0/security-groups/7fdb8c6f-af1c-45fa-85cb-a32546c645e9 => generated 146 bytes in 14 msecs (HTTP/1.1 404) 4 headers in 164 bytes (1 switches on core 0)
2026-03-05 17:50:13.282 8 INFO neutron_taas.services.taas.taas_plugin [None req-268aaf56-8e0e-4dc4-8a49-fead5879e3f6 eab3a174be5243dfadc41e54464b0afd 625425066f894eb6b77b01e0c918b48c - - default default] TaaS: Handle Delete Port: dd9b0f6b-04f9-4199-b995-44dfe893b96c
2026-03-05 17:50:13.286 8 INFO neutron_taas.services.taas.tap_mirror_plugin [None req-268aaf56-8e0e-4dc4-8a49-fead5879e3f6 eab3a174be5243dfadc41e54464b0afd 625425066f894eb6b77b01e0c918b48c - - default default] Tap Mirror: Handle Delete Port: dd9b0f6b-04f9-4199-b995-44dfe893b96c [pid: 8|app: 0|req: 1714/3702] 10.0.0.202 () {34 vars in 789 bytes} [Thu Mar 5 17:50:13 2026] PUT /v2.0/routers/bf08d94d-6efc-43c1-8504-aad96131ff87/remove_router_interface => generated 309 bytes in 797 msecs (HTTP/1.1 200) 4 headers in 157 bytes (1 switches on core 0)
2026-03-05 17:50:13.933 7 INFO neutron.api.v2.resource [None req-b8e2e70c-6d88-4ca2-b519-35ebc7cf36b2 eab3a174be5243dfadc41e54464b0afd 625425066f894eb6b77b01e0c918b48c - - default default] remove_router_interface failed (client error): The resource could not be found. [pid: 7|app: 0|req: 1989/3703] 10.0.0.202 () {34 vars in 789 bytes} [Thu Mar 5 17:50:13 2026] PUT /v2.0/routers/bf08d94d-6efc-43c1-8504-aad96131ff87/remove_router_interface => generated 198 bytes in 97 msecs (HTTP/1.1 404) 4 headers in 164 bytes (1 switches on core 0) /var/lib/openstack/lib/python3.12/site-packages/pycadf/identifier.py:70: UserWarning: Invalid uuid: neutron. To ensure interoperability, identifiers should be a valid uuid. warnings.warn(('Invalid uuid: %s. To ensure interoperability, '
2026-03-05 17:50:14.210 8 INFO neutron_taas.services.taas.taas_plugin [None req-4fdec7dc-1566-458c-b8fa-ac9adbc5a951 eab3a174be5243dfadc41e54464b0afd 625425066f894eb6b77b01e0c918b48c - - default default] TaaS: Handle Delete Port: 7f106f5c-53f9-404a-a841-245415f856c0
2026-03-05 17:50:14.214 8 INFO neutron_taas.services.taas.tap_mirror_plugin [None req-4fdec7dc-1566-458c-b8fa-ac9adbc5a951 eab3a174be5243dfadc41e54464b0afd 625425066f894eb6b77b01e0c918b48c - - default default] Tap Mirror: Handle Delete Port: 7f106f5c-53f9-404a-a841-245415f856c0 [pid: 8|app: 0|req: 1715/3704] 10.0.0.202 () {34 vars in 789 bytes} [Thu Mar 5 17:50:13 2026] PUT /v2.0/routers/bf08d94d-6efc-43c1-8504-aad96131ff87/remove_router_interface => generated 309 bytes in 863 msecs (HTTP/1.1 200) 4 headers in 157 bytes (1 switches on core 0)
2026-03-05 17:50:14.888 7 INFO neutron.api.v2.resource [None req-0cf4879d-5a94-472b-a9e8-47d991ae1924 eab3a174be5243dfadc41e54464b0afd 625425066f894eb6b77b01e0c918b48c - - default default] remove_router_interface failed (client error): The resource could not be found. [pid: 7|app: 0|req: 1990/3705] 10.0.0.202 () {34 vars in 789 bytes} [Thu Mar 5 17:50:14 2026] PUT /v2.0/routers/bf08d94d-6efc-43c1-8504-aad96131ff87/remove_router_interface => generated 198 bytes in 85 msecs (HTTP/1.1 404) 4 headers in 164 bytes (1 switches on core 0) /var/lib/openstack/lib/python3.12/site-packages/pycadf/identifier.py:70: UserWarning: Invalid uuid: neutron. To ensure interoperability, identifiers should be a valid uuid. warnings.warn(('Invalid uuid: %s. To ensure interoperability, '
2026-03-05 17:50:15.166 8 INFO neutron_taas.services.taas.taas_plugin [None req-07d1fae5-e7f1-4fb6-9465-040fce51c850 eab3a174be5243dfadc41e54464b0afd 625425066f894eb6b77b01e0c918b48c - - default default] TaaS: Handle Delete Port: c6b9ed75-0983-4728-80f6-9b6d14b3a944
2026-03-05 17:50:15.170 8 INFO neutron_taas.services.taas.tap_mirror_plugin [None req-07d1fae5-e7f1-4fb6-9465-040fce51c850 eab3a174be5243dfadc41e54464b0afd 625425066f894eb6b77b01e0c918b48c - - default default] Tap Mirror: Handle Delete Port: c6b9ed75-0983-4728-80f6-9b6d14b3a944 [pid: 8|app: 0|req: 1716/3706] 10.0.0.202 () {34 vars in 789 bytes} [Thu Mar 5 17:50:14 2026] PUT /v2.0/routers/bf08d94d-6efc-43c1-8504-aad96131ff87/remove_router_interface => generated 309 bytes in 830 msecs (HTTP/1.1 200) 4 headers in 157 bytes (1 switches on core 0)
2026-03-05 17:50:15.844 7 INFO neutron.api.v2.resource [None req-d0603365-b347-4914-99a2-750676e1c96d eab3a174be5243dfadc41e54464b0afd 625425066f894eb6b77b01e0c918b48c - - default default] remove_router_interface failed (client error): The resource could not be found. [pid: 7|app: 0|req: 1991/3707] 10.0.0.202 () {34 vars in 789 bytes} [Thu Mar 5 17:50:15 2026] PUT /v2.0/routers/bf08d94d-6efc-43c1-8504-aad96131ff87/remove_router_interface => generated 198 bytes in 115 msecs (HTTP/1.1 404) 4 headers in 164 bytes (1 switches on core 0) /var/lib/openstack/lib/python3.12/site-packages/pycadf/identifier.py:70: UserWarning: Invalid uuid: neutron. To ensure interoperability, identifiers should be a valid uuid. warnings.warn(('Invalid uuid: %s. To ensure interoperability, '
2026-03-05 17:50:16.188 8 INFO neutron_taas.services.taas.taas_plugin [None req-397ab177-4680-49dc-8830-787940e66bd6 eab3a174be5243dfadc41e54464b0afd 625425066f894eb6b77b01e0c918b48c - - default default] TaaS: Handle Delete Port: 0213acba-bb63-4149-9230-c8bd1387ecb6
2026-03-05 17:50:16.192 8 INFO neutron_taas.services.taas.tap_mirror_plugin [None req-397ab177-4680-49dc-8830-787940e66bd6 eab3a174be5243dfadc41e54464b0afd 625425066f894eb6b77b01e0c918b48c - - default default] Tap Mirror: Handle Delete Port: 0213acba-bb63-4149-9230-c8bd1387ecb6 [pid: 8|app: 0|req: 1717/3708] 10.0.0.202 () {32 vars in 724 bytes} [Thu Mar 5 17:50:15 2026] DELETE /v2.0/routers/bf08d94d-6efc-43c1-8504-aad96131ff87 => generated 0 bytes in 778 msecs (HTTP/1.1 204) 2 headers in 112 bytes (1 switches on core 0)
2026-03-05 17:50:16.646 7 INFO neutron.api.v2.resource [None req-1776d375-b9d9-42eb-8ee4-cb5d9c4c782a eab3a174be5243dfadc41e54464b0afd 625425066f894eb6b77b01e0c918b48c - - default default] show failed (client error): The resource could not be found. [pid: 7|app: 0|req: 1992/3709] 10.0.0.202 () {32 vars in 721 bytes} [Thu Mar 5 17:50:16 2026] GET /v2.0/routers/bf08d94d-6efc-43c1-8504-aad96131ff87 => generated 135 bytes in 14 msecs (HTTP/1.1 404) 4 headers in 164 bytes (1 switches on core 0) [pid: 8|app: 0|req: 1718/3710] 10.0.0.202 () {32 vars in 724 bytes} [Thu Mar 5 17:50:16 2026] DELETE /v2.0/subnets/65ee4327-8a57-40c6-9337-569aaebfa824 => generated 0 bytes in 105 msecs (HTTP/1.1 204) 3 headers in 131 bytes (1 switches on core 0)
2026-03-05 17:50:16.785 7 INFO neutron.pecan_wsgi.hooks.translation [None req-b992b976-d752-413d-aae2-404eca48d534 eab3a174be5243dfadc41e54464b0afd 625425066f894eb6b77b01e0c918b48c - - default default] GET failed (client error): The resource could not be found. [pid: 7|app: 0|req: 1993/3711] 10.0.0.202 () {32 vars in 721 bytes} [Thu Mar 5 17:50:16 2026] GET /v2.0/subnets/65ee4327-8a57-40c6-9337-569aaebfa824 => generated 136 bytes in 26 msecs (HTTP/1.1 404) 4 headers in 164 bytes (1 switches on core 0) [pid: 8|app: 0|req: 1719/3712] 10.0.0.202 () {32 vars in 724 bytes} [Thu Mar 5 17:50:16 2026] DELETE /v2.0/subnets/dbedd46a-fa8f-47a0-8ff3-a7d004d3c619 => generated 0 bytes in 164 msecs (HTTP/1.1 204) 3 headers in 131 bytes (1 switches on core 0)
2026-03-05 17:50:16.978 7 INFO neutron.pecan_wsgi.hooks.translation [None req-58a73a8b-4d3d-4286-8d42-0ffd17b53e5d eab3a174be5243dfadc41e54464b0afd 625425066f894eb6b77b01e0c918b48c - - default default] GET failed (client error): The resource could not be found. [pid: 7|app: 0|req: 1994/3713] 10.0.0.202 () {32 vars in 721 bytes} [Thu Mar 5 17:50:16 2026] GET /v2.0/subnets/dbedd46a-fa8f-47a0-8ff3-a7d004d3c619 => generated 136 bytes in 18 msecs (HTTP/1.1 404) 4 headers in 164 bytes (1 switches on core 0)
2026-03-05 17:50:17.094 8 INFO neutron_taas.services.taas.taas_plugin [None req-5061c8d4-73d9-44f4-b843-974c2452b8ed eab3a174be5243dfadc41e54464b0afd 625425066f894eb6b77b01e0c918b48c - - default default] TaaS: Handle Delete Port: 61324e55-5d1d-4f33-a519-db4daf316af1
2026-03-05 17:50:17.097 8 INFO neutron_taas.services.taas.tap_mirror_plugin [None req-5061c8d4-73d9-44f4-b843-974c2452b8ed eab3a174be5243dfadc41e54464b0afd 625425066f894eb6b77b01e0c918b48c - - default default] Tap Mirror: Handle Delete Port: 61324e55-5d1d-4f33-a519-db4daf316af1
2026-03-05 17:50:17.299 8 INFO neutron.services.segments.plugin [-] Segment 95871546-941a-46bb-a846-bcea2fc2eba9 resource provider aggregate not found
2026-03-05 17:50:17.308 8 INFO neutron.services.segments.plugin [-] Segment 95871546-941a-46bb-a846-bcea2fc2eba9 resource provider aggregate not found
2026-03-05 17:50:17.319 8 INFO neutron.services.segments.plugin [-] Segment 95871546-941a-46bb-a846-bcea2fc2eba9 resource provider not found; error: Placement Client Error (4xx): {"errors": [{"status": 404, "title": "Not Found", "detail": "The resource could not be found.\n\n No resource provider with uuid 95871546-941a-46bb-a846-bcea2fc2eba9 found for delete ", "request_id": "req-76f82d10-9edb-475f-985e-ad85ab4bd3cf"}]}
2026-03-05 17:50:17.326 8 INFO neutron.services.segments.plugin [-] Segment 95871546-941a-46bb-a846-bcea2fc2eba9 resource provider not found; error: Placement Client Error (4xx): {"errors": [{"status": 404, "title": "Not Found", "detail": "The resource could not be found.\n\n No resource provider with uuid 95871546-941a-46bb-a846-bcea2fc2eba9 found for delete ", "request_id": "req-2a2c52e8-78e3-44e0-a0eb-aeab99133443"}]} [pid: 8|app: 0|req: 1720/3714] 10.0.0.202 () {32 vars in 726 bytes} [Thu Mar 5 17:50:16 2026] DELETE /v2.0/networks/3c7f21ff-3a47-4ed4-a00e-34f6573fbd53 => generated 0 bytes in 377 msecs (HTTP/1.1 204) 3 headers in 131 bytes (1 switches on core 0)
2026-03-05 17:50:17.382 7 INFO neutron.pecan_wsgi.hooks.translation [None req-9d7b4446-03ec-490a-91c9-6044b1da13e4 eab3a174be5243dfadc41e54464b0afd 625425066f894eb6b77b01e0c918b48c - - default default] GET failed (client error): The resource could not be found. [pid: 7|app: 0|req: 1995/3715] 10.0.0.202 () {32 vars in 723 bytes} [Thu Mar 5 17:50:17 2026] GET /v2.0/networks/3c7f21ff-3a47-4ed4-a00e-34f6573fbd53 => generated 138 bytes in 21 msecs (HTTP/1.1 404) 4 headers in 164 bytes (1 switches on core 0) [pid: 8|app: 0|req: 1721/3716] 10.0.0.202 () {32 vars in 724 bytes} [Thu Mar 5 17:50:17 2026] DELETE /v2.0/subnets/f54c2737-2a9f-49ee-930a-32cfed1a9405 => generated 0 bytes in 138 msecs (HTTP/1.1 204) 3 headers in 131 bytes (1 switches on core 0)
2026-03-05 17:50:17.551 7 INFO neutron.pecan_wsgi.hooks.translation [None req-66f25299-76ec-4b60-9ce5-b21b8f62cb28 eab3a174be5243dfadc41e54464b0afd 625425066f894eb6b77b01e0c918b48c - - default default] GET failed (client error): The resource could not be found. [pid: 7|app: 0|req: 1996/3717] 10.0.0.202 () {32 vars in 721 bytes} [Thu Mar 5 17:50:17 2026] GET /v2.0/subnets/f54c2737-2a9f-49ee-930a-32cfed1a9405 => generated 136 bytes in 19 msecs (HTTP/1.1 404) 4 headers in 164 bytes (1 switches on core 0) [pid: 8|app: 0|req: 1722/3718] 10.0.0.202 () {32 vars in 724 bytes} [Thu Mar 5 17:50:17 2026] DELETE /v2.0/subnets/9898f292-3774-4c59-a798-88378e3470e9 => generated 0 bytes in 135 msecs (HTTP/1.1 204) 3 headers in 131 bytes (1 switches on core 0)
2026-03-05 17:50:17.714 7 INFO neutron.pecan_wsgi.hooks.translation [None req-5177d1a0-c90e-4188-af13-5255fd661404 eab3a174be5243dfadc41e54464b0afd 625425066f894eb6b77b01e0c918b48c - - default default] GET failed (client error): The resource could not be found. [pid: 7|app: 0|req: 1997/3719] 10.0.0.202 () {32 vars in 721 bytes} [Thu Mar 5 17:50:17 2026] GET /v2.0/subnets/9898f292-3774-4c59-a798-88378e3470e9 => generated 136 bytes in 16 msecs (HTTP/1.1 404) 4 headers in 164 bytes (1 switches on core 0)
2026-03-05 17:50:17.823 8 INFO neutron_taas.services.taas.taas_plugin [None req-ce419b06-aab4-43b2-91cb-49b024a3b16e eab3a174be5243dfadc41e54464b0afd 625425066f894eb6b77b01e0c918b48c - - default default] TaaS: Handle Delete Port: a59cde86-7c57-4bbf-94af-e00c27167360
2026-03-05 17:50:17.825 8 INFO neutron_taas.services.taas.tap_mirror_plugin [None req-ce419b06-aab4-43b2-91cb-49b024a3b16e eab3a174be5243dfadc41e54464b0afd 625425066f894eb6b77b01e0c918b48c - - default default] Tap Mirror: Handle Delete Port: a59cde86-7c57-4bbf-94af-e00c27167360 [pid: 8|app: 0|req: 1723/3720] 10.0.0.202 () {32 vars in 726 bytes} [Thu Mar 5 17:50:17 2026] DELETE /v2.0/networks/10cdb12f-761b-4fd7-b497-891a77f48bae => generated 0 bytes in 337 msecs (HTTP/1.1 204) 3 headers in 131 bytes (1 switches on core 0)
2026-03-05 17:50:18.080 7 INFO neutron.pecan_wsgi.hooks.translation [None req-24840a02-906c-473d-86d4-5f011df2bd89 eab3a174be5243dfadc41e54464b0afd 625425066f894eb6b77b01e0c918b48c - - default default] GET failed (client error): The resource could not be found. [pid: 7|app: 0|req: 1998/3721] 10.0.0.202 () {32 vars in 723 bytes} [Thu Mar 5 17:50:18 2026] GET /v2.0/networks/10cdb12f-761b-4fd7-b497-891a77f48bae => generated 138 bytes in 17 msecs (HTTP/1.1 404) 4 headers in 164 bytes (1 switches on core 0) [pid: 8|app: 0|req: 1724/3722] 10.0.0.202 () {32 vars in 724 bytes} [Thu Mar 5 17:50:18 2026] DELETE /v2.0/subnets/f3b8e9bd-2aa0-4fad-b6bc-cab565166e34 => generated 0 bytes in 155 msecs (HTTP/1.1 204) 3 headers in 131 bytes (1 switches on core 0)
2026-03-05 17:50:18.264 7 INFO neutron.pecan_wsgi.hooks.translation [None req-93583bfc-c44f-4d5f-80b0-f59a691220d8 eab3a174be5243dfadc41e54464b0afd 625425066f894eb6b77b01e0c918b48c - - default default] GET failed (client error): The resource could not be found. [pid: 7|app: 0|req: 1999/3723] 10.0.0.202 () {32 vars in 721 bytes} [Thu Mar 5 17:50:18 2026] GET /v2.0/subnets/f3b8e9bd-2aa0-4fad-b6bc-cab565166e34 => generated 136 bytes in 19 msecs (HTTP/1.1 404) 4 headers in 164 bytes (1 switches on core 0) [pid: 8|app: 0|req: 1725/3724] 10.0.0.202 () {32 vars in 724 bytes} [Thu Mar 5 17:50:18 2026] DELETE /v2.0/subnets/6af2ad22-c1da-468c-a2a2-b43fb965632c => generated 0 bytes in 184 msecs (HTTP/1.1 204) 3 headers in 131 bytes (1 switches on core 0)
2026-03-05 17:50:18.552 7 INFO neutron.pecan_wsgi.hooks.translation [None req-5afad523-4ce9-4c47-98cd-f6422f2fce92 eab3a174be5243dfadc41e54464b0afd 625425066f894eb6b77b01e0c918b48c - - default default] GET failed (client error): The resource could not be found. [pid: 7|app: 0|req: 2000/3725] 10.0.0.202 () {32 vars in 721 bytes} [Thu Mar 5 17:50:18 2026] GET /v2.0/subnets/6af2ad22-c1da-468c-a2a2-b43fb965632c => generated 136 bytes in 93 msecs (HTTP/1.1 404) 4 headers in 164 bytes (1 switches on core 0)
2026-03-05 17:50:19.222 8 INFO neutron_taas.services.taas.taas_plugin [None req-8f4eb8d7-afaa-497b-ab16-bad6af79e501 eab3a174be5243dfadc41e54464b0afd 625425066f894eb6b77b01e0c918b48c - - default default] TaaS: Handle Delete Port: 50e4404c-aaae-4779-ab8c-730eb2f68e5f
2026-03-05 17:50:19.225 8 INFO neutron_taas.services.taas.tap_mirror_plugin [None req-8f4eb8d7-afaa-497b-ab16-bad6af79e501 eab3a174be5243dfadc41e54464b0afd 625425066f894eb6b77b01e0c918b48c - - default default] Tap Mirror: Handle Delete Port: 50e4404c-aaae-4779-ab8c-730eb2f68e5f
2026-03-05 17:50:19.346 8 INFO neutron.services.segments.plugin [-] Segment db1ee99b-fda3-42ae-91e3-816c9511d99b resource provider aggregate not found
2026-03-05 17:50:19.347 8 INFO neutron.services.segments.plugin [-] Segment db1ee99b-fda3-42ae-91e3-816c9511d99b resource provider aggregate not found
2026-03-05 17:50:19.368 8 INFO neutron.services.segments.plugin [-] Segment db1ee99b-fda3-42ae-91e3-816c9511d99b resource provider not found; error: Placement Client Error (4xx): {"errors": [{"status": 404, "title": "Not Found", "detail": "The resource could not be found.\n\n No resource provider with uuid db1ee99b-fda3-42ae-91e3-816c9511d99b found for delete ", "request_id": "req-0c472236-7a16-47fe-9b89-65e0083c6c3f"}]}
2026-03-05 17:50:19.369 8 INFO neutron.services.segments.plugin [-] Segment db1ee99b-fda3-42ae-91e3-816c9511d99b resource provider not found; error: Placement Client Error (4xx): {"errors": [{"status": 404, "title": "Not Found", "detail": "The resource could not be found.\n\n No resource provider with uuid db1ee99b-fda3-42ae-91e3-816c9511d99b found for delete ", "request_id": "req-d530f4b4-0fbf-4304-af76-21c018bfb247"}]} [pid: 8|app: 0|req: 1726/3726] 10.0.0.202 () {32 vars in 726 bytes} [Thu Mar 5 17:50:18 2026] DELETE /v2.0/networks/a7ff4bc6-7ac7-4c85-adb5-d3a2ac47ab68 => generated 0 bytes in 929 msecs (HTTP/1.1 204) 3 headers in 131 bytes (1 switches on core 0)
2026-03-05 17:50:19.507 7 INFO neutron.pecan_wsgi.hooks.translation [None req-72acaf99-8047-4d79-a853-6cdf83de62f7 eab3a174be5243dfadc41e54464b0afd 625425066f894eb6b77b01e0c918b48c - - default default] GET failed (client error): The resource could not be found. [pid: 7|app: 0|req: 2001/3727] 10.0.0.202 () {32 vars in 723 bytes} [Thu Mar 5 17:50:19 2026] GET /v2.0/networks/a7ff4bc6-7ac7-4c85-adb5-d3a2ac47ab68 => generated 138 bytes in 17 msecs (HTTP/1.1 404) 4 headers in 164 bytes (1 switches on core 0)
2026-03-05 17:50:21.397 8 INFO neutron.services.segments.plugin [-] Segment 06c62efa-a5dc-4c02-bf59-a8e8c186b275 resource provider aggregate not found
2026-03-05 17:50:21.403 8 INFO neutron.services.segments.plugin [-] Segment 06c62efa-a5dc-4c02-bf59-a8e8c186b275 resource provider aggregate not found
2026-03-05 17:50:21.417 8 INFO neutron.services.segments.plugin [-] Segment 06c62efa-a5dc-4c02-bf59-a8e8c186b275 resource provider not found; error: Placement Client Error (4xx): {"errors": [{"status": 404, "title": "Not Found", "detail": "The resource could not be found.\n\n No resource provider with uuid 06c62efa-a5dc-4c02-bf59-a8e8c186b275 found for delete ", "request_id": "req-e4048529-1730-4a59-a5e9-fa5fb0da0cec"}]}
2026-03-05 17:50:21.421 8 INFO neutron.services.segments.plugin [-] Segment 06c62efa-a5dc-4c02-bf59-a8e8c186b275 resource provider not found; error: Placement Client Error (4xx): {"errors": [{"status": 404, "title": "Not Found", "detail": "The resource could not be found.\n\n No resource provider with uuid 06c62efa-a5dc-4c02-bf59-a8e8c186b275 found for delete ", "request_id": "req-55c9c7f6-9263-4ff3-a579-076356e86e77"}]}
2026-03-05 17:50:21.549 8 INFO neutron.db.ovn_revision_numbers_db [None req-f7cc7e1d-257c-431c-b773-683682214bde 8651c3e4e99545aebd9d5c18bceb695d 264dc64b060346de98ce51b55000a7c7 - - default default] Successfully bumped revision number for resource 915b0ea6-d708-4c96-929b-c7673d214d50 (type: security_groups) to 1
2026-03-05 17:50:21.559 8 INFO neutron.db.ovn_revision_numbers_db [None req-f7cc7e1d-257c-431c-b773-683682214bde 8651c3e4e99545aebd9d5c18bceb695d 264dc64b060346de98ce51b55000a7c7 - - default default] Successfully bumped revision number for resource c04a9b66-6189-4f14-9672-1d3d0f0ece62 (type: security_group_rules) to 0
2026-03-05 17:50:21.571 8 INFO neutron.db.ovn_revision_numbers_db [None req-f7cc7e1d-257c-431c-b773-683682214bde 8651c3e4e99545aebd9d5c18bceb695d 264dc64b060346de98ce51b55000a7c7 - - default default] Successfully bumped revision number for resource d13c7112-e8e0-4839-a8a9-8174980aaa92 (type: security_group_rules) to 0
2026-03-05 17:50:21.582 8 INFO neutron.db.ovn_revision_numbers_db [None req-f7cc7e1d-257c-431c-b773-683682214bde 8651c3e4e99545aebd9d5c18bceb695d 264dc64b060346de98ce51b55000a7c7 - - default default] Successfully bumped revision number for resource d640a821-55e6-40ee-a693-4a7e46184adc (type: security_group_rules) to 0
2026-03-05 17:50:21.593 8 INFO neutron.db.ovn_revision_numbers_db [None req-f7cc7e1d-257c-431c-b773-683682214bde 8651c3e4e99545aebd9d5c18bceb695d 264dc64b060346de98ce51b55000a7c7 - - default default] Successfully bumped revision number for resource e224bdbf-b394-4380-becd-4faa6eea1b6b (type: security_group_rules) to 0 [pid: 8|app: 0|req: 1727/3728] 10.0.0.202 () {32 vars in 774 bytes} [Thu Mar 5 17:50:21 2026] GET /v2.0/security-groups?tenant_id=2c4dd5c4d8f3400fb93be685d5638ccc&name=default => generated 2929 bytes in 388 msecs (HTTP/1.1 200) 4 headers in 158 bytes (1 switches on core 0) [pid: 7|app: 0|req: 2002/3729] 10.0.0.202 () {32 vars in 740 bytes} [Thu Mar 5 17:50:21 2026] DELETE /v2.0/security-groups/915b0ea6-d708-4c96-929b-c7673d214d50 => generated 0 bytes in 248 msecs (HTTP/1.1 204) 2 headers in 112 bytes (1 switches on core 0)
2026-03-05 17:50:22.103 8 INFO neutron.db.ovn_revision_numbers_db [None req-4a42734c-50cf-4b4e-922a-c903041872fb 8651c3e4e99545aebd9d5c18bceb695d 264dc64b060346de98ce51b55000a7c7 - - default default] Successfully bumped revision number for resource da6721bb-d155-46f9-8061-4b37ab5be377 (type: security_groups) to 1
2026-03-05 17:50:22.113 8 INFO neutron.db.ovn_revision_numbers_db [None req-4a42734c-50cf-4b4e-922a-c903041872fb 8651c3e4e99545aebd9d5c18bceb695d 264dc64b060346de98ce51b55000a7c7 - - default default] Successfully bumped revision number for resource 1fef6507-16aa-4f33-98ae-80b19548eea7 (type: security_group_rules) to 0
2026-03-05 17:50:22.123 8 INFO neutron.db.ovn_revision_numbers_db [None req-4a42734c-50cf-4b4e-922a-c903041872fb 8651c3e4e99545aebd9d5c18bceb695d 264dc64b060346de98ce51b55000a7c7 - - default default] Successfully bumped revision number for resource 33de5a80-d3ac-499a-90f3-8b823e145042 (type: security_group_rules) to 0
2026-03-05 17:50:22.135 8 INFO neutron.db.ovn_revision_numbers_db [None req-4a42734c-50cf-4b4e-922a-c903041872fb 8651c3e4e99545aebd9d5c18bceb695d 264dc64b060346de98ce51b55000a7c7 - - default default] Successfully bumped revision number for resource 8a40ed3e-0a35-4f62-ae4f-76c3e5527cab (type: security_group_rules) to 0
2026-03-05 17:50:22.145 8 INFO neutron.db.ovn_revision_numbers_db [None req-4a42734c-50cf-4b4e-922a-c903041872fb 8651c3e4e99545aebd9d5c18bceb695d 264dc64b060346de98ce51b55000a7c7 - - default default] Successfully bumped revision number for resource e8b055da-9f43-4db9-951a-0fcd02ee78f0 (type: security_group_rules) to 0 [pid: 8|app: 0|req: 1728/3730] 10.0.0.202 () {32 vars in 774 bytes} [Thu Mar 5 17:50:21 2026] GET /v2.0/security-groups?tenant_id=f543240c58d34c77b655abf525e56b9e&name=default => generated 2929 bytes in 226 msecs (HTTP/1.1 200) 4 headers in 158 bytes (1 switches on core 0) [pid: 7|app: 0|req: 2003/3731] 10.0.0.202 () {32 vars in 740 bytes} [Thu Mar 5 17:50:22 2026] DELETE /v2.0/security-groups/da6721bb-d155-46f9-8061-4b37ab5be377 => generated 0 bytes in 234 msecs (HTTP/1.1 204) 2 headers in 112 bytes (1 switches on core 0)
2026-03-05 17:50:22.716 8 INFO neutron.db.ovn_revision_numbers_db [None req-7a78416c-cbc5-47f4-8c88-bc6fa1f101c9 8651c3e4e99545aebd9d5c18bceb695d 264dc64b060346de98ce51b55000a7c7 - - default default] Successfully bumped revision number for resource 6da4d733-d949-43e2-839d-baa1926d127e (type: security_groups) to 1
2026-03-05 17:50:22.729 8 INFO neutron.db.ovn_revision_numbers_db [None req-7a78416c-cbc5-47f4-8c88-bc6fa1f101c9 8651c3e4e99545aebd9d5c18bceb695d 264dc64b060346de98ce51b55000a7c7 - - default default] Successfu