2026-03-05 17:42:11.692 8 INFO neutron.db.ovn_revision_numbers_db [None req-719d3f56-39cf-4169-8c02-fff8d1d1b83c - - - - - -] Successfully bumped revision number for resource ad33fe3b-9a48-47ca-b5dc-fc3d9c3632f3 (type: ports) to 6 [pid: 7|app: 0|req: 607/1144] 10.0.0.202 () {32 vars in 724 bytes} [Thu Mar 5 17:42:10 2026] DELETE /v2.0/routers/aa65fff2-f764-4bcf-a282-400aaf4a3be2 => generated 0 bytes in 1370 msecs (HTTP/1.1 204) 2 headers in 112 bytes (1 switches on core 0) /var/lib/openstack/lib/python3.12/site-packages/pycadf/identifier.py:70: UserWarning: Invalid uuid: neutron. To ensure interoperability, identifiers should be a valid uuid. warnings.warn(('Invalid uuid: %s. To ensure interoperability, ' [pid: 7|app: 0|req: 608/1145] 10.0.0.136 () {34 vars in 990 bytes} [Thu Mar 5 17:42:12 2026] GET /v2.0/ports?device_id=c49077e6-8171-4ca9-94d8-8bf17dc7cd27 => generated 973 bytes in 77 msecs (HTTP/1.1 200) 4 headers in 157 bytes (1 switches on core 0) [pid: 7|app: 0|req: 609/1146] 10.0.0.136 () {34 vars in 1040 bytes} [Thu Mar 5 17:42:12 2026] GET /v2.0/security-groups?id=5c919033-4801-495f-9dff-f4b76329ac03&fields=id&fields=name => generated 113 bytes in 28 msecs (HTTP/1.1 200) 4 headers in 157 bytes (1 switches on core 0) [pid: 8|app: 0|req: 538/1147] 10.0.0.202 () {32 vars in 724 bytes} [Thu Mar 5 17:42:12 2026] DELETE /v2.0/subnets/fab63648-b9b7-4d61-9923-464d5f2d3228 => generated 0 bytes in 428 msecs (HTTP/1.1 204) 3 headers in 131 bytes (1 switches on core 0) [pid: 7|app: 0|req: 610/1148] 162.253.55.62 () {34 vars in 993 bytes} [Thu Mar 5 17:42:12 2026] GET /v2.0/ports?device_id=c49077e6-8171-4ca9-94d8-8bf17dc7cd27 => generated 973 bytes in 46 msecs (HTTP/1.1 200) 4 headers in 157 bytes (1 switches on core 0)
2026-03-05 17:42:12.698 8 INFO neutron_taas.services.taas.taas_plugin [None req-8c4fc242-c0cb-435b-a033-3c7e58653c3c 8651c3e4e99545aebd9d5c18bceb695d 264dc64b060346de98ce51b55000a7c7 - - default default] TaaS: Handle Delete Port: a01eb147-f38e-4f57-a9bb-c5963dd575c2
2026-03-05 17:42:12.702 8 INFO neutron_taas.services.taas.tap_mirror_plugin [None req-8c4fc242-c0cb-435b-a033-3c7e58653c3c 8651c3e4e99545aebd9d5c18bceb695d 264dc64b060346de98ce51b55000a7c7 - - default default] Tap Mirror: Handle Delete Port: a01eb147-f38e-4f57-a9bb-c5963dd575c2
2026-03-05 17:42:12.754 7 INFO neutron_taas.services.taas.taas_plugin [req-1e214aa7-31fe-415a-b451-97c25b64dd3d req-8643a76c-b641-4586-9ca5-1cc4cbe201af f2ac6de4f78d414db727079245a730bf e375ddf4123044ca84ee195b7d929974 - - default default] TaaS: Handle Delete Port: ad33fe3b-9a48-47ca-b5dc-fc3d9c3632f3
2026-03-05 17:42:12.758 7 INFO neutron_taas.services.taas.tap_mirror_plugin [req-1e214aa7-31fe-415a-b451-97c25b64dd3d req-8643a76c-b641-4586-9ca5-1cc4cbe201af f2ac6de4f78d414db727079245a730bf e375ddf4123044ca84ee195b7d929974 - - default default] Tap Mirror: Handle Delete Port: ad33fe3b-9a48-47ca-b5dc-fc3d9c3632f3
2026-03-05 17:42:13.032 7 INFO neutron.db.l3_db [req-1e214aa7-31fe-415a-b451-97c25b64dd3d req-8643a76c-b641-4586-9ca5-1cc4cbe201af f2ac6de4f78d414db727079245a730bf e375ddf4123044ca84ee195b7d929974 - - default default] Floating IP 0cb90375-aec5-45d1-aeda-22b2f81d7192 disassociated. External IP: 10.96.250.213, port: ad33fe3b-9a48-47ca-b5dc-fc3d9c3632f3.
2026-03-05 17:42:13.097 8 INFO neutron.services.segments.plugin [-] Segment 97635061-8d52-4289-b446-86adc99d6700 resource provider aggregate not found
2026-03-05 17:42:13.101 8 INFO neutron.services.segments.plugin [-] Segment 97635061-8d52-4289-b446-86adc99d6700 resource provider aggregate not found
2026-03-05 17:42:13.117 8 INFO neutron.services.segments.plugin [-] Segment 97635061-8d52-4289-b446-86adc99d6700 resource provider not found; error: Placement Client Error (4xx): {"errors": [{"status": 404, "title": "Not Found", "detail": "The resource could not be found.\n\n No resource provider with uuid 97635061-8d52-4289-b446-86adc99d6700 found for delete ", "request_id": "req-95db95af-39d7-4b95-b42f-097bc22ca337"}]}
2026-03-05 17:42:13.121 8 INFO neutron.services.segments.plugin [-] Segment 97635061-8d52-4289-b446-86adc99d6700 resource provider not found; error: Placement Client Error (4xx): {"errors": [{"status": 404, "title": "Not Found", "detail": "The resource could not be found.\n\n No resource provider with uuid 97635061-8d52-4289-b446-86adc99d6700 found for delete ", "request_id": "req-14b66dec-8537-46e4-ad28-8009db118a36"}]} [pid: 7|app: 0|req: 611/1149] 162.253.55.62 () {36 vars in 996 bytes} [Thu Mar 5 17:42:12 2026] DELETE /v2.0/ports/ad33fe3b-9a48-47ca-b5dc-fc3d9c3632f3 => generated 0 bytes in 646 msecs (HTTP/1.1 204) 3 headers in 131 bytes (1 switches on core 0) [pid: 8|app: 0|req: 539/1150] 10.0.0.202 () {32 vars in 726 bytes} [Thu Mar 5 17:42:12 2026] DELETE /v2.0/networks/f0c3d8a2-9c63-4113-80a6-5ec3bd382551 => generated 0 bytes in 717 msecs (HTTP/1.1 204) 3 headers in 131 bytes (1 switches on core 0)
2026-03-05 17:42:13.325 7 INFO neutron.notifiers.nova [-] Nova event matching ['req-05936703-d6f1-4a71-8ca6-5a83e703ae4f'] response: {'server_uuid': 'c49077e6-8171-4ca9-94d8-8bf17dc7cd27', 'name': 'network-vif-deleted', 'tag': 'ad33fe3b-9a48-47ca-b5dc-fc3d9c3632f3', 'status': 'completed', 'code': 200} [pid: 7|app: 0|req: 612/1151] 10.0.0.136 () {34 vars in 990 bytes} [Thu Mar 5 17:42:13 2026] GET /v2.0/ports?device_id=c49077e6-8171-4ca9-94d8-8bf17dc7cd27 => generated 12 bytes in 20 msecs (HTTP/1.1 200) 4 headers in 156 bytes (1 switches on core 0)
2026-03-05 17:42:13.459 8 INFO neutron.notifiers.nova [-] Nova event matching ['req-43725119-b63b-4f33-8266-fcc956b5c779'] response: {'server_uuid': 'c49077e6-8171-4ca9-94d8-8bf17dc7cd27', 'name': 'network-vif-unplugged', 'status': 'completed', 'tag': 'ad33fe3b-9a48-47ca-b5dc-fc3d9c3632f3', 'code': 200} /var/lib/openstack/lib/python3.12/site-packages/pycadf/identifier.py:70: UserWarning: Invalid uuid: neutron. To ensure interoperability, identifiers should be a valid uuid. warnings.warn(('Invalid uuid: %s. To ensure interoperability, ' [pid: 8|app: 0|req: 540/1152] 10.0.0.202 () {32 vars in 774 bytes} [Thu Mar 5 17:42:13 2026] GET /v2.0/security-groups?tenant_id=0d681737b06647c1a314253c493c97ae&name=default => generated 2921 bytes in 34 msecs (HTTP/1.1 200) 4 headers in 158 bytes (1 switches on core 0) [pid: 8|app: 0|req: 541/1153] 10.0.0.136 () {34 vars in 990 bytes} [Thu Mar 5 17:42:14 2026] GET /v2.0/ports?device_id=c49077e6-8171-4ca9-94d8-8bf17dc7cd27 => generated 12 bytes in 23 msecs (HTTP/1.1 200) 4 headers in 156 bytes (1 switches on core 0) [pid: 7|app: 0|req: 613/1154] 10.0.0.202 () {32 vars in 740 bytes} [Thu Mar 5 17:42:13 2026] DELETE /v2.0/security-groups/19c3217e-905d-41d4-aa24-2d7a20cc4721 => generated 0 bytes in 909 msecs (HTTP/1.1 204) 2 headers in 112 bytes (1 switches on core 0) [pid: 8|app: 0|req: 542/1155] 10.0.0.136 () {34 vars in 990 bytes} [Thu Mar 5 17:42:15 2026] GET /v2.0/ports?device_id=c49077e6-8171-4ca9-94d8-8bf17dc7cd27 => generated 12 bytes in 21 msecs (HTTP/1.1 200) 4 headers in 156 bytes (1 switches on core 0) [pid: 7|app: 0|req: 614/1156] 10.0.0.107 () {34 vars in 990 bytes} [Thu Mar 5 17:42:16 2026] GET /v2.0/ports?device_id=f0b183aa-3ea8-4d2a-8f83-d40130bc5af7 => generated 1213 bytes in 38 msecs (HTTP/1.1 200) 4 headers in 158 bytes (1 switches on core 0) [pid: 8|app: 0|req: 543/1157] 10.0.0.107 () {34 vars in 1040 bytes} [Thu Mar 5 17:42:16 2026] GET /v2.0/security-groups?id=a9e6aac0-fbde-4931-bdc2-f07200984a95&fields=id&fields=name => generated 114 bytes in 34 msecs (HTTP/1.1 200) 4 headers in 157 bytes (1 switches on core 0)
2026-03-05 17:42:16.977 7 INFO neutron.db.ovn_revision_numbers_db [None req-1f5638e0-6bb0-4704-ba4b-b9aef31edae2 8651c3e4e99545aebd9d5c18bceb695d 264dc64b060346de98ce51b55000a7c7 - - default default] Successfully bumped revision number for resource c3946199-23e5-497a-abe3-963cb1fa921e (type: security_groups) to 1
2026-03-05 17:42:17.002 7 INFO neutron.db.ovn_revision_numbers_db [None req-1f5638e0-6bb0-4704-ba4b-b9aef31edae2 8651c3e4e99545aebd9d5c18bceb695d 264dc64b060346de98ce51b55000a7c7 - - default default] Successfully bumped revision number for resource 68759f31-8e31-44b3-9d2d-2d6b13781125 (type: security_group_rules) to 0
2026-03-05 17:42:17.099 8 INFO neutron.db.ovn_revision_numbers_db [None req-1907ca6b-46b5-4cc3-a7e4-61ddbbe538c8 8651c3e4e99545aebd9d5c18bceb695d 264dc64b060346de98ce51b55000a7c7 - - default default] Successfully bumped revision number for resource b8ed24bf-46f9-4e7d-8aea-0b36e7e9952c (type: security_groups) to 1
2026-03-05 17:42:17.100 7 INFO neutron.db.ovn_revision_numbers_db [None req-1f5638e0-6bb0-4704-ba4b-b9aef31edae2 8651c3e4e99545aebd9d5c18bceb695d 264dc64b060346de98ce51b55000a7c7 - - default default] Successfully bumped revision number for resource 6a0365a1-4386-49d2-a36c-9a35689373dc (type: security_group_rules) to 0
2026-03-05 17:42:17.133 7 INFO neutron.db.ovn_revision_numbers_db [None req-1f5638e0-6bb0-4704-ba4b-b9aef31edae2 8651c3e4e99545aebd9d5c18bceb695d 264dc64b060346de98ce51b55000a7c7 - - default default] Successfully bumped revision number for resource a031824c-4edb-435f-b2d5-0d86cf32ea68 (type: security_group_rules) to 0
2026-03-05 17:42:17.180 8 INFO neutron.db.ovn_revision_numbers_db [None req-1907ca6b-46b5-4cc3-a7e4-61ddbbe538c8 8651c3e4e99545aebd9d5c18bceb695d 264dc64b060346de98ce51b55000a7c7 - - default default] Successfully bumped revision number for resource 39a9e7a8-9ef5-42da-8787-54a610760b50 (type: security_group_rules) to 0
2026-03-05 17:42:17.214 7 INFO neutron.db.ovn_revision_numbers_db [None req-1f5638e0-6bb0-4704-ba4b-b9aef31edae2 8651c3e4e99545aebd9d5c18bceb695d 264dc64b060346de98ce51b55000a7c7 - - default default] Successfully bumped revision number for resource d3533c1a-1a3c-408f-9fd4-490436258c26 (type: security_group_rules) to 0
2026-03-05 17:42:17.262 8 INFO neutron.db.ovn_revision_numbers_db [None req-1907ca6b-46b5-4cc3-a7e4-61ddbbe538c8 8651c3e4e99545aebd9d5c18bceb695d 264dc64b060346de98ce51b55000a7c7 - - default default] Successfully bumped revision number for resource c375a753-81fd-4d79-ad5e-2344b79b21ef (type: security_group_rules) to 0 [pid: 7|app: 0|req: 615/1158] 10.0.0.202 () {32 vars in 774 bytes} [Thu Mar 5 17:42:16 2026] GET /v2.0/security-groups?tenant_id=71db199a5e15452683450a2cf2185bcd&name=default => generated 2925 bytes in 711 msecs (HTTP/1.1 200) 4 headers in 158 bytes (1 switches on core 0)
2026-03-05 17:42:17.292 8 INFO neutron.db.ovn_revision_numbers_db [None req-1907ca6b-46b5-4cc3-a7e4-61ddbbe538c8 8651c3e4e99545aebd9d5c18bceb695d 264dc64b060346de98ce51b55000a7c7 - - default default] Successfully bumped revision number for resource e2421203-0706-45d7-ba0d-9adccc39f406 (type: security_group_rules) to 0
2026-03-05 17:42:17.341 8 INFO neutron.db.ovn_revision_numbers_db [None req-1907ca6b-46b5-4cc3-a7e4-61ddbbe538c8 8651c3e4e99545aebd9d5c18bceb695d 264dc64b060346de98ce51b55000a7c7 - - default default] Successfully bumped revision number for resource f8e75c66-9d28-458e-86a9-a4d407107068 (type: security_group_rules) to 0
2026-03-05 17:42:17.480 8 INFO neutron.db.segments_db [None req-1907ca6b-46b5-4cc3-a7e4-61ddbbe538c8 8651c3e4e99545aebd9d5c18bceb695d 264dc64b060346de98ce51b55000a7c7 - - default default] Added segment 0a17b8a9-1df6-40ba-aa43-f6258b93508a of type geneve for network f9a089e8-9055-4572-a664-3093a85f0ca8 [pid: 7|app: 0|req: 616/1159] 10.0.0.202 () {32 vars in 740 bytes} [Thu Mar 5 17:42:17 2026] DELETE /v2.0/security-groups/5c919033-4801-495f-9dff-f4b76329ac03 => generated 0 bytes in 339 msecs (HTTP/1.1 204) 2 headers in 112 bytes (1 switches on core 0)
2026-03-05 17:42:17.672 8 INFO neutron.db.ovn_revision_numbers_db [None req-1907ca6b-46b5-4cc3-a7e4-61ddbbe538c8 8651c3e4e99545aebd9d5c18bceb695d 264dc64b060346de98ce51b55000a7c7 - - default default] Successfully bumped revision number for resource f9a089e8-9055-4572-a664-3093a85f0ca8 (type: networks) to 1
2026-03-05 17:42:17.916 8 WARNING neutron.scheduler.dhcp_agent_scheduler [None req-1907ca6b-46b5-4cc3-a7e4-61ddbbe538c8 8651c3e4e99545aebd9d5c18bceb695d 264dc64b060346de98ce51b55000a7c7 - - default default] No more DHCP agents
2026-03-05 17:42:17.917 8 WARNING neutron.api.rpc.agentnotifiers.dhcp_rpc_agent_api [None req-1907ca6b-46b5-4cc3-a7e4-61ddbbe538c8 8651c3e4e99545aebd9d5c18bceb695d 264dc64b060346de98ce51b55000a7c7 - - default default] Unable to schedule network f9a089e8-9055-4572-a664-3093a85f0ca8: no agents available; will retry on subsequent port and subnet creation events.
2026-03-05 17:42:17.993 8 INFO neutron.plugins.ml2.drivers.ovn.mech_driver.mech_driver [None req-b9903da5-711d-4ef5-b552-70ad3004186b - - - - - -] OVN reports status down for port: 3b150313-c92f-4bc9-9498-a1b3f0271b8d
2026-03-05 17:42:18.145 8 INFO neutron.db.ovn_revision_numbers_db [None req-1907ca6b-46b5-4cc3-a7e4-61ddbbe538c8 8651c3e4e99545aebd9d5c18bceb695d 264dc64b060346de98ce51b55000a7c7 - - default default] Successfully bumped revision number for resource 3b150313-c92f-4bc9-9498-a1b3f0271b8d (type: ports) to 1 [pid: 7|app: 0|req: 617/1160] 10.0.0.202 () {32 vars in 740 bytes} [Thu Mar 5 17:42:17 2026] DELETE /v2.0/security-groups/c3946199-23e5-497a-abe3-963cb1fa921e => generated 0 bytes in 612 msecs (HTTP/1.1 204) 2 headers in 112 bytes (1 switches on core 0)
2026-03-05 17:42:18.228 7 INFO neutron.api.v2.resource [None req-a0928df3-1958-4223-b52f-a794890f9d85 f2ac6de4f78d414db727079245a730bf e375ddf4123044ca84ee195b7d929974 - - default default] show failed (client error): The resource could not be found. [pid: 7|app: 0|req: 618/1161] 10.0.0.202 () {32 vars in 737 bytes} [Thu Mar 5 17:42:18 2026] GET /v2.0/security-groups/5c919033-4801-495f-9dff-f4b76329ac03 => generated 146 bytes in 13 msecs (HTTP/1.1 404) 4 headers in 164 bytes (1 switches on core 0) [pid: 8|app: 0|req: 544/1162] 10.0.0.202 () {34 vars in 671 bytes} [Thu Mar 5 17:42:16 2026] POST /v2.0/networks => generated 769 bytes in 1628 msecs (HTTP/1.1 201) 4 headers in 162 bytes (1 switches on core 0)
2026-03-05 17:42:18.343 7 INFO neutron_taas.services.taas.taas_plugin [None req-20389bb3-0d5b-4caa-84a7-bfe7f9ac9522 f2ac6de4f78d414db727079245a730bf e375ddf4123044ca84ee195b7d929974 - - default default] TaaS: Handle Delete Port: 9d8d34a1-74af-4bad-9a5e-a9f7317165bd
2026-03-05 17:42:18.345 7 INFO neutron_taas.services.taas.tap_mirror_plugin [None req-20389bb3-0d5b-4caa-84a7-bfe7f9ac9522 f2ac6de4f78d414db727079245a730bf e375ddf4123044ca84ee195b7d929974 - - default default] Tap Mirror: Handle Delete Port: 9d8d34a1-74af-4bad-9a5e-a9f7317165bd
2026-03-05 17:42:18.464 8 WARNING neutron.scheduler.dhcp_agent_scheduler [None req-4be85936-c405-48c6-bd85-15270e4492ea 8651c3e4e99545aebd9d5c18bceb695d 264dc64b060346de98ce51b55000a7c7 - - default default] No more DHCP agents
2026-03-05 17:42:18.465 8 WARNING neutron.api.rpc.agentnotifiers.dhcp_rpc_agent_api [None req-4be85936-c405-48c6-bd85-15270e4492ea 8651c3e4e99545aebd9d5c18bceb695d 264dc64b060346de98ce51b55000a7c7 - - default default] Unable to schedule network f9a089e8-9055-4572-a664-3093a85f0ca8: no agents available; will retry on subsequent port and subnet creation events. [pid: 7|app: 0|req: 619/1163] 10.0.0.202 () {32 vars in 732 bytes} [Thu Mar 5 17:42:18 2026] DELETE /v2.0/floatingips/0cb90375-aec5-45d1-aeda-22b2f81d7192 => generated 0 bytes in 257 msecs (HTTP/1.1 204) 2 headers in 112 bytes (1 switches on core 0)
2026-03-05 17:42:18.768 7 INFO neutron_taas.services.taas.taas_plugin [None req-209d62be-813c-4dc2-9769-75fe56429501 8651c3e4e99545aebd9d5c18bceb695d 264dc64b060346de98ce51b55000a7c7 - - default default] TaaS: Handle Delete Port: 1d354164-1010-43d8-92f0-0e324c1fb6e2
2026-03-05 17:42:18.770 7 INFO neutron_taas.services.taas.tap_mirror_plugin [None req-209d62be-813c-4dc2-9769-75fe56429501 8651c3e4e99545aebd9d5c18bceb695d 264dc64b060346de98ce51b55000a7c7 - - default default] Tap Mirror: Handle Delete Port: 1d354164-1010-43d8-92f0-0e324c1fb6e2
2026-03-05 17:42:18.983 8 INFO neutron.db.ovn_revision_numbers_db [None req-9142fe51-af54-4a9e-ae3f-5a48d0d603a2 - - - - - -] Successfully bumped revision number for resource 3b150313-c92f-4bc9-9498-a1b3f0271b8d (type: ports) to 2
2026-03-05 17:42:19.063 8 INFO neutron.db.ovn_revision_numbers_db [None req-9142fe51-af54-4a9e-ae3f-5a48d0d603a2 - - - - - -] Successfully bumped revision number for resource 1813208e-84ec-4f87-83c3-be118dabcaa5 (type: subnets) to 0 [pid: 8|app: 0|req: 545/1164] 10.0.0.202 () {34 vars in 669 bytes} [Thu Mar 5 17:42:18 2026] POST /v2.0/subnets => generated 695 bytes in 917 msecs (HTTP/1.1 201) 4 headers in 162 bytes (1 switches on core 0) [pid: 7|app: 0|req: 620/1165] 10.0.0.202 () {34 vars in 789 bytes} [Thu Mar 5 17:42:18 2026] PUT /v2.0/routers/164739d1-684b-4d06-a909-c9e181ec87ad/remove_router_interface => generated 309 bytes in 1141 msecs (HTTP/1.1 200) 4 headers in 157 bytes (1 switches on core 0) /var/lib/openstack/lib/python3.12/site-packages/pycadf/identifier.py:70: UserWarning: Invalid uuid: neutron. To ensure interoperability, identifiers should be a valid uuid. warnings.warn(('Invalid uuid: %s. To ensure interoperability, '
2026-03-05 17:42:19.845 8 WARNING neutron.scheduler.dhcp_agent_scheduler [None req-afd69fef-e069-47dc-9263-e291fb61fe6b 8651c3e4e99545aebd9d5c18bceb695d 264dc64b060346de98ce51b55000a7c7 - - default default] No more DHCP agents
2026-03-05 17:42:19.846 8 WARNING neutron.api.rpc.agentnotifiers.dhcp_rpc_agent_api [None req-afd69fef-e069-47dc-9263-e291fb61fe6b 8651c3e4e99545aebd9d5c18bceb695d 264dc64b060346de98ce51b55000a7c7 - - default default] Unable to schedule network 1fcc01c3-4805-4077-bfe0-d58d26b7bf72: no agents available; will retry on subsequent port and subnet creation events.
2026-03-05 17:42:19.963 8 INFO neutron.plugins.ml2.drivers.ovn.mech_driver.mech_driver [None req-b9903da5-711d-4ef5-b552-70ad3004186b - - - - - -] OVN reports status down for port: 258014f8-c4d4-45c6-b3db-69d876f4801a
2026-03-05 17:42:20.045 8 INFO neutron.db.ovn_revision_numbers_db [None req-afd69fef-e069-47dc-9263-e291fb61fe6b 8651c3e4e99545aebd9d5c18bceb695d 264dc64b060346de98ce51b55000a7c7 - - default default] Successfully bumped revision number for resource 258014f8-c4d4-45c6-b3db-69d876f4801a (type: ports) to 1
2026-03-05 17:42:20.060 7 INFO neutron_taas.services.taas.taas_plugin [None req-d1e59043-205b-48b6-aa38-1aab89f84d91 8651c3e4e99545aebd9d5c18bceb695d 264dc64b060346de98ce51b55000a7c7 - - default default] TaaS: Handle Delete Port: bf572e5b-f320-4060-b08b-acc1003066de
2026-03-05 17:42:20.063 7 INFO neutron_taas.services.taas.tap_mirror_plugin [None req-d1e59043-205b-48b6-aa38-1aab89f84d91 8651c3e4e99545aebd9d5c18bceb695d 264dc64b060346de98ce51b55000a7c7 - - default default] Tap Mirror: Handle Delete Port: bf572e5b-f320-4060-b08b-acc1003066de
2026-03-05 17:42:20.780 8 INFO neutron.plugins.ml2.drivers.ovn.mech_driver.ovsdb.commands [None req-de2fce46-9221-4339-b317-73676e0b8949 - - - - - -] Schedule LRP lrp-258014f8-c4d4-45c6-b3db-69d876f4801a on gateway cb53f7db-f9b2-487f-b8cf-5f3ebbcf686a with priority 1 [pid: 7|app: 0|req: 621/1166] 10.0.0.202 () {32 vars in 724 bytes} [Thu Mar 5 17:42:19 2026] DELETE /v2.0/routers/164739d1-684b-4d06-a909-c9e181ec87ad => generated 0 bytes in 1175 msecs (HTTP/1.1 204) 2 headers in 112 bytes (1 switches on core 0)
2026-03-05 17:42:20.884 8 INFO neutron.plugins.ml2.drivers.ovn.mech_driver.ovsdb.ovsdb_monitor [None req-7ddb68d1-8dd6-4771-bc37-58c6fc4b7ea3 - - - - - -] Router 8de07ead-ddbd-4275-b103-be2da6ab9f99 is bound to host instance
2026-03-05 17:42:20.903 8 INFO neutron.plugins.ml2.drivers.ovn.mech_driver.mech_driver [None req-b9903da5-711d-4ef5-b552-70ad3004186b - - - - - -] OVN reports status up for port: 258014f8-c4d4-45c6-b3db-69d876f4801a
2026-03-05 17:42:21.009 8 INFO neutron.plugins.ml2.plugin [None req-b9903da5-711d-4ef5-b552-70ad3004186b - - - - - -] Attempt 1 to provision port 258014f8-c4d4-45c6-b3db-69d876f4801a
2026-03-05 17:42:21.028 8 INFO neutron.db.ovn_revision_numbers_db [None req-afd69fef-e069-47dc-9263-e291fb61fe6b 8651c3e4e99545aebd9d5c18bceb695d 264dc64b060346de98ce51b55000a7c7 - - default default] Successfully bumped revision number for resource 258014f8-c4d4-45c6-b3db-69d876f4801a (type: router_ports) to 1
2026-03-05 17:42:21.210 7 INFO neutron.db.ovn_revision_numbers_db [None req-1c7e6d81-30fa-4405-8d0e-51a24396acfb 8651c3e4e99545aebd9d5c18bceb695d 264dc64b060346de98ce51b55000a7c7 - - default default] Successfully bumped revision number for resource 869f1e98-6136-4ee2-a9ec-0ce919a7c47f (type: security_groups) to 1
2026-03-05 17:42:21.230 7 INFO neutron.db.ovn_revision_numbers_db [None req-1c7e6d81-30fa-4405-8d0e-51a24396acfb 8651c3e4e99545aebd9d5c18bceb695d 264dc64b060346de98ce51b55000a7c7 - - default default] Successfully bumped revision number for resource 34133afb-28c4-44c6-933c-0fdf909fe7ee (type: security_group_rules) to 0
2026-03-05 17:42:21.371 7 INFO neutron.db.ovn_revision_numbers_db [None req-1c7e6d81-30fa-4405-8d0e-51a24396acfb 8651c3e4e99545aebd9d5c18bceb695d 264dc64b060346de98ce51b55000a7c7 - - default default] Successfully bumped revision number for resource a06844f1-61d8-4173-aceb-bd559f913127 (type: security_group_rules) to 0
2026-03-05 17:42:21.395 8 INFO neutron.db.ovn_revision_numbers_db [None req-afd69fef-e069-47dc-9263-e291fb61fe6b 8651c3e4e99545aebd9d5c18bceb695d 264dc64b060346de98ce51b55000a7c7 - - default default] Successfully bumped revision number for resource 8de07ead-ddbd-4275-b103-be2da6ab9f99 (type: routers) to 2
2026-03-05 17:42:21.441 7 INFO neutron.db.ovn_revision_numbers_db [None req-1c7e6d81-30fa-4405-8d0e-51a24396acfb 8651c3e4e99545aebd9d5c18bceb695d 264dc64b060346de98ce51b55000a7c7 - - default default] Successfully bumped revision number for resource b8e818f2-8b2d-481d-b2b9-0e64e608156f (type: security_group_rules) to 0 [pid: 8|app: 0|req: 546/1167] 10.0.0.202 () {34 vars in 669 bytes} [Thu Mar 5 17:42:19 2026] POST /v2.0/routers => generated 973 bytes in 2288 msecs (HTTP/1.1 201) 4 headers in 162 bytes (1 switches on core 0)
2026-03-05 17:42:21.556 7 INFO neutron.db.ovn_revision_numbers_db [None req-1c7e6d81-30fa-4405-8d0e-51a24396acfb 8651c3e4e99545aebd9d5c18bceb695d 264dc64b060346de98ce51b55000a7c7 - - default default] Successfully bumped revision number for resource f4c0a9fb-c391-40fa-92ec-667331b1b930 (type: security_group_rules) to 0 [pid: 7|app: 0|req: 622/1168] 10.0.0.202 () {32 vars in 774 bytes} [Thu Mar 5 17:42:20 2026] GET /v2.0/security-groups?tenant_id=da344264b429487f981760b24e67331b&name=default => generated 2925 bytes in 776 msecs (HTTP/1.1 200) 4 headers in 158 bytes (1 switches on core 0) [pid: 8|app: 0|req: 547/1169] 10.0.0.202 () {32 vars in 724 bytes} [Thu Mar 5 17:42:21 2026] DELETE /v2.0/subnets/3df6bb71-4174-4c0d-bc88-acd997fdd866 => generated 0 bytes in 326 msecs (HTTP/1.1 204) 3 headers in 131 bytes (1 switches on core 0)
2026-03-05 17:42:22.365 7 WARNING neutron.scheduler.dhcp_agent_scheduler [None req-97141ea6-36fb-473d-86bf-de190f593fc2 8651c3e4e99545aebd9d5c18bceb695d 264dc64b060346de98ce51b55000a7c7 - - default default] No more DHCP agents
2026-03-05 17:42:22.367 7 WARNING neutron.api.rpc.agentnotifiers.dhcp_rpc_agent_api [None req-97141ea6-36fb-473d-86bf-de190f593fc2 8651c3e4e99545aebd9d5c18bceb695d 264dc64b060346de98ce51b55000a7c7 - - default default] Unable to schedule network f9a089e8-9055-4572-a664-3093a85f0ca8: no agents available; will retry on subsequent port and subnet creation events.
2026-03-05 17:42:22.535 7 INFO neutron.db.ovn_revision_numbers_db [None req-97141ea6-36fb-473d-86bf-de190f593fc2 8651c3e4e99545aebd9d5c18bceb695d 264dc64b060346de98ce51b55000a7c7 - - default default] Successfully bumped revision number for resource 50f1f079-0e5e-4cd9-8523-b091ae87aa69 (type: ports) to 1
2026-03-05 17:42:22.774 8 INFO neutron.db.ovn_revision_numbers_db [None req-0d339e4d-17f0-4c82-9e43-b6fbe6f76a05 - - - - - -] Successfully bumped revision number for resource 258014f8-c4d4-45c6-b3db-69d876f4801a (type: ports) to 4 [pid: 8|app: 0|req: 548/1170] 10.0.0.202 () {32 vars in 740 bytes} [Thu Mar 5 17:42:21 2026] DELETE /v2.0/security-groups/869f1e98-6136-4ee2-a9ec-0ce919a7c47f => generated 0 bytes in 1148 msecs (HTTP/1.1 204) 2 headers in 112 bytes (1 switches on core 0)
2026-03-05 17:42:23.169 8 INFO neutron_taas.services.taas.taas_plugin [None req-3912a0d5-e4f8-48e8-b23d-b31a8bef871d 8651c3e4e99545aebd9d5c18bceb695d 264dc64b060346de98ce51b55000a7c7 - - default default] TaaS: Handle Delete Port: db1eca74-3272-46fb-ac07-ae694608fac3
2026-03-05 17:42:23.174 8 INFO neutron_taas.services.taas.tap_mirror_plugin [None req-3912a0d5-e4f8-48e8-b23d-b31a8bef871d 8651c3e4e99545aebd9d5c18bceb695d 264dc64b060346de98ce51b55000a7c7 - - default default] Tap Mirror: Handle Delete Port: db1eca74-3272-46fb-ac07-ae694608fac3
2026-03-05 17:42:23.456 8 INFO neutron.db.ovn_revision_numbers_db [None req-0d339e4d-17f0-4c82-9e43-b6fbe6f76a05 - - - - - -] Successfully bumped revision number for resource 258014f8-c4d4-45c6-b3db-69d876f4801a (type: ports) to 5
2026-03-05 17:42:23.480 7 WARNING neutron.scheduler.dhcp_agent_scheduler [None req-97141ea6-36fb-473d-86bf-de190f593fc2 8651c3e4e99545aebd9d5c18bceb695d 264dc64b060346de98ce51b55000a7c7 - - default default] No more DHCP agents
2026-03-05 17:42:23.485 7 WARNING neutron.api.rpc.agentnotifiers.dhcp_rpc_agent_api [None req-97141ea6-36fb-473d-86bf-de190f593fc2 8651c3e4e99545aebd9d5c18bceb695d 264dc64b060346de98ce51b55000a7c7 - - default default] Unable to schedule network f9a089e8-9055-4572-a664-3093a85f0ca8: no agents available; will retry on subsequent port and subnet creation events.
2026-03-05 17:42:23.598 8 INFO neutron.services.segments.plugin [-] Segment 08b075f9-1630-484e-8dbc-69fb1691b758 resource provider aggregate not found
2026-03-05 17:42:23.605 8 INFO neutron.services.segments.plugin [-] Segment 08b075f9-1630-484e-8dbc-69fb1691b758 resource provider aggregate not found
2026-03-05 17:42:23.620 8 INFO neutron.services.segments.plugin [-] Segment 08b075f9-1630-484e-8dbc-69fb1691b758 resource provider not found; error: Placement Client Error (4xx): {"errors": [{"status": 404, "title": "Not Found", "detail": "The resource could not be found.\n\n No resource provider with uuid 08b075f9-1630-484e-8dbc-69fb1691b758 found for delete ", "request_id": "req-74730955-949a-4262-8aff-bb7ff625ddfc"}]}
2026-03-05 17:42:23.629 8 INFO neutron.services.segments.plugin [-] Segment 08b075f9-1630-484e-8dbc-69fb1691b758 resource provider not found; error: Placement Client Error (4xx): {"errors": [{"status": 404, "title": "Not Found", "detail": "The resource could not be found.\n\n No resource provider with uuid 08b075f9-1630-484e-8dbc-69fb1691b758 found for delete ", "request_id": "req-0a7fe02f-16c8-40e9-828b-be212d5d8bb2"}]} [pid: 8|app: 0|req: 549/1171] 10.0.0.202 () {32 vars in 726 bytes} [Thu Mar 5 17:42:22 2026] DELETE /v2.0/networks/e2958768-8944-4daa-85f9-a1af8486ff50 => generated 0 bytes in 716 msecs (HTTP/1.1 204) 3 headers in 131 bytes (1 switches on core 0) [pid: 8|app: 0|req: 550/1172] 10.0.0.136 () {34 vars in 990 bytes} [Thu Mar 5 17:42:23 2026] GET /v2.0/ports?device_id=f0b183aa-3ea8-4d2a-8f83-d40130bc5af7 => generated 975 bytes in 94 msecs (HTTP/1.1 200) 4 headers in 157 bytes (1 switches on core 0) [pid: 8|app: 0|req: 551/1173] 10.0.0.136 () {34 vars in 1040 bytes} [Thu Mar 5 17:42:23 2026] GET /v2.0/security-groups?id=a9e6aac0-fbde-4931-bdc2-f07200984a95&fields=id&fields=name => generated 114 bytes in 30 msecs (HTTP/1.1 200) 4 headers in 157 bytes (1 switches on core 0) [pid: 8|app: 0|req: 552/1174] 10.0.0.202 () {32 vars in 774 bytes} [Thu Mar 5 17:42:23 2026] GET /v2.0/security-groups?tenant_id=e375ddf4123044ca84ee195b7d929974&name=default => generated 2925 bytes in 34 msecs (HTTP/1.1 200) 4 headers in 158 bytes (1 switches on core 0)
2026-03-05 17:42:24.087 7 INFO neutron.db.ovn_revision_numbers_db [None req-97141ea6-36fb-473d-86bf-de190f593fc2 8651c3e4e99545aebd9d5c18bceb695d 264dc64b060346de98ce51b55000a7c7 - - default default] Successfully bumped revision number for resource 50f1f079-0e5e-4cd9-8523-b091ae87aa69 (type: router_ports) to 1 [pid: 7|app: 0|req: 623/1175] 10.0.0.202 () {34 vars in 783 bytes} [Thu Mar 5 17:42:21 2026] PUT /v2.0/routers/8de07ead-ddbd-4275-b103-be2da6ab9f99/add_router_interface => generated 309 bytes in 2496 msecs (HTTP/1.1 200) 4 headers in 157 bytes (1 switches on core 0) [pid: 7|app: 0|req: 624/1176] 10.0.0.136 () {34 vars in 990 bytes} [Thu Mar 5 17:42:24 2026] GET /v2.0/ports?device_id=f0b183aa-3ea8-4d2a-8f83-d40130bc5af7 => generated 975 bytes in 93 msecs (HTTP/1.1 200) 4 headers in 157 bytes (1 switches on core 0) [pid: 7|app: 0|req: 625/1177] 10.0.0.136 () {34 vars in 1040 bytes} [Thu Mar 5 17:42:24 2026] GET /v2.0/security-groups?id=a9e6aac0-fbde-4931-bdc2-f07200984a95&fields=id&fields=name => generated 114 bytes in 39 msecs (HTTP/1.1 200) 4 headers in 157 bytes (1 switches on core 0)
2026-03-05 17:42:24.237 8 INFO neutron.plugins.ml2.drivers.ovn.mech_driver.mech_driver [None req-b9903da5-711d-4ef5-b552-70ad3004186b - - - - - -] OVN reports status down for port: 50f1f079-0e5e-4cd9-8523-b091ae87aa69
2026-03-05 17:42:24.324 8 WARNING neutron.plugins.ml2.drivers.ovn.mech_driver.ovsdb.ovn_client [None req-b9903da5-711d-4ef5-b552-70ad3004186b - - - - - -] Logical_Switch_Port %s host information not removed, the port state is up
2026-03-05 17:42:24.325 8 INFO neutron.plugins.ml2.drivers.ovn.mech_driver.mech_driver [None req-b9903da5-711d-4ef5-b552-70ad3004186b - - - - - -] OVN reports status up for port: 50f1f079-0e5e-4cd9-8523-b091ae87aa69
2026-03-05 17:42:24.339 8 INFO neutron.plugins.ml2.plugin [None req-b9903da5-711d-4ef5-b552-70ad3004186b - - - - - -] Attempt 1 to provision port 50f1f079-0e5e-4cd9-8523-b091ae87aa69 [pid: 8|app: 0|req: 553/1178] 10.0.0.202 () {32 vars in 740 bytes} [Thu Mar 5 17:42:23 2026] DELETE /v2.0/security-groups/97ef9c88-7c17-40d6-9499-930c39e56746 => generated 0 bytes in 489 msecs (HTTP/1.1 204) 2 headers in 112 bytes (1 switches on core 0)
2026-03-05 17:42:24.765 8 INFO neutron.db.ovn_revision_numbers_db [None req-b9903da5-711d-4ef5-b552-70ad3004186b - - - - - -] Successfully bumped revision number for resource 50f1f079-0e5e-4cd9-8523-b091ae87aa69 (type: ports) to 2
2026-03-05 17:42:24.863 7 INFO neutron.db.ovn_revision_numbers_db [None req-56a606e4-7399-4e04-a1a7-f2a3b9ae8037 61142aa099d04feb9a82929891b83261 0c8792e5511e4d06a72537e84503a1de - - default default] Successfully bumped revision number for resource 3a726039-d9d6-4387-8d77-54e18159554f (type: security_groups) to 1
2026-03-05 17:42:24.875 7 INFO neutron.db.ovn_revision_numbers_db [None req-56a606e4-7399-4e04-a1a7-f2a3b9ae8037 61142aa099d04feb9a82929891b83261 0c8792e5511e4d06a72537e84503a1de - - default default] Successfully bumped revision number for resource 87e2393f-7ac2-4822-8b14-c6fe72f8b3fd (type: security_group_rules) to 0
2026-03-05 17:42:24.885 7 INFO neutron.db.ovn_revision_numbers_db [None req-56a606e4-7399-4e04-a1a7-f2a3b9ae8037 61142aa099d04feb9a82929891b83261 0c8792e5511e4d06a72537e84503a1de - - default default] Successfully bumped revision number for resource f5c3f416-23f9-49a3-96b2-ade34c3fd66c (type: security_group_rules) to 0 [pid: 7|app: 0|req: 626/1179] 10.0.0.202 () {34 vars in 685 bytes} [Thu Mar 5 17:42:24 2026] POST /v2.0/security-groups => generated 1659 bytes in 202 msecs (HTTP/1.1 201) 4 headers in 163 bytes (1 switches on core 0)
2026-03-05 17:42:25.132 8 INFO neutron.db.ovn_revision_numbers_db [None req-2d3d54fc-a47b-4f12-b9b1-4cb0c04b9826 61142aa099d04feb9a82929891b83261 0c8792e5511e4d06a72537e84503a1de - - default default] Successfully bumped revision number for resource 44075859-9558-4209-9973-cc67a7ffb4e8 (type: security_group_rules) to 0 [pid: 8|app: 0|req: 554/1180] 10.0.0.202 () {34 vars in 695 bytes} [Thu Mar 5 17:42:24 2026] POST /v2.0/security-group-rules => generated 597 bytes in 255 msecs (HTTP/1.1 201) 4 headers in 162 bytes (1 switches on core 0) [pid: 8|app: 0|req: 555/1181] 10.0.0.136 () {34 vars in 990 bytes} [Thu Mar 5 17:42:25 2026] GET /v2.0/ports?device_id=f0b183aa-3ea8-4d2a-8f83-d40130bc5af7 => generated 975 bytes in 51 msecs (HTTP/1.1 200) 4 headers in 157 bytes (1 switches on core 0)
2026-03-05 17:42:25.358 7 INFO neutron.db.ovn_revision_numbers_db [None req-a8d917ef-401d-4031-a1db-b26d3dbdbfba 61142aa099d04feb9a82929891b83261 0c8792e5511e4d06a72537e84503a1de - - default default] Successfully bumped revision number for resource 9c054167-7f6c-4e27-8c09-4b0038951aca (type: security_group_rules) to 0 [pid: 7|app: 0|req: 627/1182] 10.0.0.202 () {34 vars in 695 bytes} [Thu Mar 5 17:42:25 2026] POST /v2.0/security-group-rules => generated 602 bytes in 204 msecs (HTTP/1.1 201) 4 headers in 162 bytes (1 switches on core 0) [pid: 8|app: 0|req: 556/1183] 10.0.0.136 () {34 vars in 1040 bytes} [Thu Mar 5 17:42:25 2026] GET /v2.0/security-groups?id=a9e6aac0-fbde-4931-bdc2-f07200984a95&fields=id&fields=name => generated 114 bytes in 37 msecs (HTTP/1.1 200) 4 headers in 157 bytes (1 switches on core 0)
2026-03-05 17:42:25.629 7 WARNING neutron.scheduler.dhcp_agent_scheduler [None req-ec144829-b9c8-4262-8cef-24cb69a35ed6 61142aa099d04feb9a82929891b83261 0c8792e5511e4d06a72537e84503a1de - - default default] No more DHCP agents
2026-03-05 17:42:25.631 7 WARNING neutron.api.rpc.agentnotifiers.dhcp_rpc_agent_api [None req-ec144829-b9c8-4262-8cef-24cb69a35ed6 61142aa099d04feb9a82929891b83261 0c8792e5511e4d06a72537e84503a1de - - default default] Unable to schedule network 1fcc01c3-4805-4077-bfe0-d58d26b7bf72: no agents available; will retry on subsequent port and subnet creation events. [pid: 7|app: 0|req: 628/1184] 10.0.0.202 () {34 vars in 676 bytes} [Thu Mar 5 17:42:25 2026] POST /v2.0/floatingips => generated 552 bytes in 540 msecs (HTTP/1.1 201) 4 headers in 162 bytes (1 switches on core 0) [pid: 7|app: 0|req: 629/1185] 162.253.55.62 () {34 vars in 993 bytes} [Thu Mar 5 17:42:26 2026] GET /v2.0/ports?device_id=f0b183aa-3ea8-4d2a-8f83-d40130bc5af7 => generated 975 bytes in 55 msecs (HTTP/1.1 200) 4 headers in 157 bytes (1 switches on core 0)
2026-03-05 17:42:26.440 8 INFO neutron.db.ovn_revision_numbers_db [None req-f21e1e99-3035-4bcc-b749-0503fd79ff51 8651c3e4e99545aebd9d5c18bceb695d 264dc64b060346de98ce51b55000a7c7 - - default default] Successfully bumped revision number for resource 8d91c7c8-2b9d-42e3-a2c2-88fb283c7a8f (type: security_groups) to 1
2026-03-05 17:42:26.453 8 INFO neutron.db.ovn_revision_numbers_db [None req-f21e1e99-3035-4bcc-b749-0503fd79ff51 8651c3e4e99545aebd9d5c18bceb695d 264dc64b060346de98ce51b55000a7c7 - - default default] Successfully bumped revision number for resource 1161eb5b-3658-47a6-8ad6-695bc698fc7e (type: security_group_rules) to 0
2026-03-05 17:42:26.471 8 INFO neutron.db.ovn_revision_numbers_db [None req-f21e1e99-3035-4bcc-b749-0503fd79ff51 8651c3e4e99545aebd9d5c18bceb695d 264dc64b060346de98ce51b55000a7c7 - - default default] Successfully bumped revision number for resource 5ccddc06-764f-42f4-84b3-57bcdd3c933a (type: security_group_rules) to 0
2026-03-05 17:42:26.479 7 INFO neutron_taas.services.taas.taas_plugin [req-2d88ebe9-d555-4ba3-8921-0f93e041375b req-6c85bebf-1a64-4fc4-938d-8e64c1dae8c7 90d5d26caafd4079a9783a52b38e5ebd d801d2ba12cc45a68e62ed4bc7464c1e - - default default] TaaS: Handle Delete Port: cbd2d0a7-de6e-4418-b268-7594b594cdaf
2026-03-05 17:42:26.482 7 INFO neutron_taas.services.taas.tap_mirror_plugin [req-2d88ebe9-d555-4ba3-8921-0f93e041375b req-6c85bebf-1a64-4fc4-938d-8e64c1dae8c7 90d5d26caafd4079a9783a52b38e5ebd d801d2ba12cc45a68e62ed4bc7464c1e - - default default] Tap Mirror: Handle Delete Port: cbd2d0a7-de6e-4418-b268-7594b594cdaf
2026-03-05 17:42:26.496 8 INFO neutron.db.ovn_revision_numbers_db [None req-f21e1e99-3035-4bcc-b749-0503fd79ff51 8651c3e4e99545aebd9d5c18bceb695d 264dc64b060346de98ce51b55000a7c7 - - default default] Successfully bumped revision number for resource 6f31a065-ac8f-4f2c-a4a5-3f862dfe8c58 (type: security_group_rules) to 0
2026-03-05 17:42:26.513 8 INFO neutron.db.ovn_revision_numbers_db [None req-f21e1e99-3035-4bcc-b749-0503fd79ff51 8651c3e4e99545aebd9d5c18bceb695d 264dc64b060346de98ce51b55000a7c7 - - default default] Successfully bumped revision number for resource d5bb0abd-b279-430b-9127-cf4be0f33f70 (type: security_group_rules) to 0
2026-03-05 17:42:26.589 8 INFO neutron.db.segments_db [None req-f21e1e99-3035-4bcc-b749-0503fd79ff51 8651c3e4e99545aebd9d5c18bceb695d 264dc64b060346de98ce51b55000a7c7 - - default default] Added segment 500c05c4-fb33-4f54-8591-c120fa27c3de of type geneve for network 39c0f636-06ee-4ae6-a8a7-dfcd0a8c6b3b
2026-03-05 17:42:26.667 7 INFO neutron.db.l3_db [req-2d88ebe9-d555-4ba3-8921-0f93e041375b req-6c85bebf-1a64-4fc4-938d-8e64c1dae8c7 90d5d26caafd4079a9783a52b38e5ebd d801d2ba12cc45a68e62ed4bc7464c1e - - default default] Floating IP 0e5191dd-c578-4c1f-b138-3e6f4f663f9d disassociated. External IP: 10.96.250.205, port: cbd2d0a7-de6e-4418-b268-7594b594cdaf.
2026-03-05 17:42:26.748 8 INFO neutron.db.ovn_revision_numbers_db [None req-f21e1e99-3035-4bcc-b749-0503fd79ff51 8651c3e4e99545aebd9d5c18bceb695d 264dc64b060346de98ce51b55000a7c7 - - default default] Successfully bumped revision number for resource 39c0f636-06ee-4ae6-a8a7-dfcd0a8c6b3b (type: networks) to 1 [pid: 7|app: 0|req: 630/1186] 162.253.55.62 () {36 vars in 996 bytes} [Thu Mar 5 17:42:26 2026] DELETE /v2.0/ports/cbd2d0a7-de6e-4418-b268-7594b594cdaf => generated 0 bytes in 605 msecs (HTTP/1.1 204) 3 headers in 131 bytes (1 switches on core 0) [pid: 7|app: 0|req: 631/1187] 10.0.0.136 () {34 vars in 990 bytes} [Thu Mar 5 17:42:26 2026] GET /v2.0/ports?device_id=f0b183aa-3ea8-4d2a-8f83-d40130bc5af7 => generated 12 bytes in 26 msecs (HTTP/1.1 200) 4 headers in 156 bytes (1 switches on core 0)
2026-03-05 17:42:26.942 7 INFO neutron.notifiers.nova [-] Nova event matching ['req-ccd63724-cbc3-4cce-836c-321902f15544'] response: {'server_uuid': 'f0b183aa-3ea8-4d2a-8f83-d40130bc5af7', 'name': 'network-vif-deleted', 'tag': 'cbd2d0a7-de6e-4418-b268-7594b594cdaf', 'status': 'completed', 'code': 200}
2026-03-05 17:42:26.986 8 WARNING neutron.scheduler.dhcp_agent_scheduler [None req-f21e1e99-3035-4bcc-b749-0503fd79ff51 8651c3e4e99545aebd9d5c18bceb695d 264dc64b060346de98ce51b55000a7c7 - - default default] No more DHCP agents
2026-03-05 17:42:26.987 8 WARNING neutron.api.rpc.agentnotifiers.dhcp_rpc_agent_api [None req-f21e1e99-3035-4bcc-b749-0503fd79ff51 8651c3e4e99545aebd9d5c18bceb695d 264dc64b060346de98ce51b55000a7c7 - - default default] Unable to schedule network 39c0f636-06ee-4ae6-a8a7-dfcd0a8c6b3b: no agents available; will retry on subsequent port and subnet creation events.
2026-03-05 17:42:27.118 8 INFO neutron.db.ovn_revision_numbers_db [None req-f21e1e99-3035-4bcc-b749-0503fd79ff51 8651c3e4e99545aebd9d5c18bceb695d 264dc64b060346de98ce51b55000a7c7 - - default default] Successfully bumped revision number for resource 17239aaf-75bf-4a26-b910-46454730237d (type: ports) to 1 [pid: 8|app: 0|req: 557/1190] 10.0.0.202 () {34 vars in 671 bytes} [Thu Mar 5 17:42:26 2026] POST /v2.0/networks => generated 764 bytes in 1048 msecs (HTTP/1.1 201) 4 headers in 162 bytes (1 switches on core 0)
2026-03-05 17:42:27.291 7 WARNING neutron.scheduler.dhcp_agent_scheduler [None req-d3069cb1-5ef1-4ab8-99a2-96d4137fbbc0 8651c3e4e99545aebd9d5c18bceb695d 264dc64b060346de98ce51b55000a7c7 - - default default] No more DHCP agents
2026-03-05 17:42:27.292 7 WARNING neutron.api.rpc.agentnotifiers.dhcp_rpc_agent_api [None req-d3069cb1-5ef1-4ab8-99a2-96d4137fbbc0 8651c3e4e99545aebd9d5c18bceb695d 264dc64b060346de98ce51b55000a7c7 - - default default] Unable to schedule network 39c0f636-06ee-4ae6-a8a7-dfcd0a8c6b3b: no agents available; will retry on subsequent port and subnet creation events.
2026-03-05 17:42:27.692 7 INFO neutron.db.ovn_revision_numbers_db [None req-742275bd-40ab-4831-88ee-fe7ebad23d7d - - - - - -] Successfully bumped revision number for resource 17239aaf-75bf-4a26-b910-46454730237d (type: ports) to 2
2026-03-05 17:42:27.718 7 INFO neutron.db.ovn_revision_numbers_db [None req-742275bd-40ab-4831-88ee-fe7ebad23d7d - - - - - -] Successfully bumped revision number for resource d092d7d0-ef6d-4dec-aea0-5d383cf70541 (type: subnets) to 0 [pid: 7|app: 0|req: 634/1191] 10.0.0.202 () {34 vars in 669 bytes} [Thu Mar 5 17:42:27 2026] POST /v2.0/subnets => generated 691 bytes in 606 msecs (HTTP/1.1 201) 4 headers in 162 bytes (1 switches on core 0) [pid: 7|app: 0|req: 635/1192] 10.0.0.136 () {34 vars in 990 bytes} [Thu Mar 5 17:42:28 2026] GET /v2.0/ports?device_id=f0b183aa-3ea8-4d2a-8f83-d40130bc5af7 => generated 12 bytes in 24 msecs (HTTP/1.1 200) 4 headers in 156 bytes (1 switches on core 0)
2026-03-05 17:42:28.749 8 WARNING neutron.scheduler.dhcp_agent_scheduler [None req-d6751623-d1b4-4fb5-a615-ac60bd6a9c45 8651c3e4e99545aebd9d5c18bceb695d 264dc64b060346de98ce51b55000a7c7 - - default default] No more DHCP agents
2026-03-05 17:42:28.751 8 WARNING neutron.api.rpc.agentnotifiers.dhcp_rpc_agent_api [None req-d6751623-d1b4-4fb5-a615-ac60bd6a9c45 8651c3e4e99545aebd9d5c18bceb695d 264dc64b060346de98ce51b55000a7c7 - - default default] Unable to schedule network 1fcc01c3-4805-4077-bfe0-d58d26b7bf72: no agents available; will retry on subsequent port and subnet creation events.
2026-03-05 17:42:28.914 8 INFO neutron.db.ovn_revision_numbers_db [None req-d6751623-d1b4-4fb5-a615-ac60bd6a9c45 8651c3e4e99545aebd9d5c18bceb695d 264dc64b060346de98ce51b55000a7c7 - - default default] Successfully bumped revision number for resource 97544ad5-467b-48e2-b1f7-1bbb74e9610b (type: ports) to 1 [pid: 7|app: 0|req: 636/1193] 10.0.0.136 () {34 vars in 990 bytes} [Thu Mar 5 17:42:29 2026] GET /v2.0/ports?device_id=f0b183aa-3ea8-4d2a-8f83-d40130bc5af7 => generated 12 bytes in 23 msecs (HTTP/1.1 200) 4 headers in 156 bytes (1 switches on core 0)
2026-03-05 17:42:29.462 8 INFO neutron.plugins.ml2.drivers.ovn.mech_driver.ovsdb.commands [None req-de2fce46-9221-4339-b317-73676e0b8949 - - - - - -] Schedule LRP lrp-97544ad5-467b-48e2-b1f7-1bbb74e9610b on gateway cb53f7db-f9b2-487f-b8cf-5f3ebbcf686a with priority 1
2026-03-05 17:42:29.595 8 INFO neutron.plugins.ml2.drivers.ovn.mech_driver.ovsdb.ovsdb_monitor [None req-0d339e4d-17f0-4c82-9e43-b6fbe6f76a05 - - - - - -] Router 5cb5b6ea-fca4-4db6-a6ee-be9adc6d358e is bound to host instance
2026-03-05 17:42:29.727 8 INFO neutron.db.ovn_revision_numbers_db [None req-d6751623-d1b4-4fb5-a615-ac60bd6a9c45 8651c3e4e99545aebd9d5c18bceb695d 264dc64b060346de98ce51b55000a7c7 - - default default] Successfully bumped revision number for resource 97544ad5-467b-48e2-b1f7-1bbb74e9610b (type: router_ports) to 1 [pid: 7|app: 0|req: 637/1194] 10.0.0.136 () {34 vars in 1098 bytes} [Thu Mar 5 17:42:29 2026] GET /v2.0/security-groups?name=tempest-securitygroup--129842323&fields=id&tenant_id=0c8792e5511e4d06a72537e84503a1de => generated 69 bytes in 37 msecs (HTTP/1.1 200) 4 headers in 156 bytes (1 switches on core 0) [pid: 7|app: 0|req: 638/1195] 10.0.0.136 () {34 vars in 982 bytes} [Thu Mar 5 17:42:29 2026] GET /v2.0/networks?id=f9a089e8-9055-4572-a664-3093a85f0ca8 => generated 718 bytes in 60 msecs (HTTP/1.1 200) 4 headers in 157 bytes (1 switches on core 0) [pid: 7|app: 0|req: 639/1196] 10.0.0.136 () {34 vars in 965 bytes} [Thu Mar 5 17:42:29 2026] GET /v2.0/quotas/0c8792e5511e4d06a72537e84503a1de => generated 292 bytes in 8 msecs (HTTP/1.1 200) 4 headers in 157 bytes (1 switches on core 0)
2026-03-05 17:42:29.885 8 INFO neutron.db.ovn_revision_numbers_db [None req-d6751623-d1b4-4fb5-a615-ac60bd6a9c45 8651c3e4e99545aebd9d5c18bceb695d 264dc64b060346de98ce51b55000a7c7 - - default default] Successfully bumped revision number for resource 5cb5b6ea-fca4-4db6-a6ee-be9adc6d358e (type: routers) to 2 [pid: 8|app: 0|req: 558/1197] 10.0.0.202 () {34 vars in 669 bytes} [Thu Mar 5 17:42:27 2026] POST /v2.0/routers => generated 969 bytes in 2164 msecs (HTTP/1.1 201) 4 headers in 162 bytes (1 switches on core 0) [pid: 7|app: 0|req: 640/1198] 10.0.0.136 () {34 vars in 1002 bytes} [Thu Mar 5 17:42:29 2026] GET /v2.0/ports?tenant_id=0c8792e5511e4d06a72537e84503a1de&fields=id => generated 103 bytes in 73 msecs (HTTP/1.1 200) 4 headers in 157 bytes (1 switches on core 0) [pid: 7|app: 0|req: 641/1199] 10.0.0.136 () {34 vars in 1008 bytes} [Thu Mar 5 17:42:29 2026] GET /v2.0/networks/f9a089e8-9055-4572-a664-3093a85f0ca8?fields=segments => generated 14 bytes in 43 msecs (HTTP/1.1 200) 4 headers in 156 bytes (1 switches on core 0) [pid: 7|app: 0|req: 642/1200] 10.0.0.136 () {34 vars in 1108 bytes} [Thu Mar 5 17:42:30 2026] GET /v2.0/networks/f9a089e8-9055-4572-a664-3093a85f0ca8?fields=provider%3Aphysical_network&fields=provider%3Anetwork_type => generated 79 bytes in 37 msecs (HTTP/1.1 200) 4 headers in 156 bytes (1 switches on core 0) [pid: 7|app: 0|req: 643/1201] 10.0.0.202 () {32 vars in 740 bytes} [Thu Mar 5 17:42:30 2026] DELETE /v2.0/security-groups/a9e6aac0-fbde-4931-bdc2-f07200984a95 => generated 0 bytes in 209 msecs (HTTP/1.1 204) 2 headers in 112 bytes (1 switches on core 0)
2026-03-05 17:42:30.451 8 WARNING neutron.plugins.ml2.drivers.ovn.mech_driver.ovsdb.ovn_client [None req-208313a1-7c6a-41e9-8b87-84cc24da2871 - - - - - -] No hosting information found for port 50f1f079-0e5e-4cd9-8523-b091ae87aa69: RuntimeError: No hosting information found for port 50f1f079-0e5e-4cd9-8523-b091ae87aa69 [pid: 7|app: 0|req: 644/1202] 10.0.0.136 () {34 vars in 990 bytes} [Thu Mar 5 17:42:30 2026] GET /v2.0/ports?device_id=b49be826-fc96-4d72-ba95-1e28fde7a35f => generated 12 bytes in 18 msecs (HTTP/1.1 200) 4 headers in 156 bytes (1 switches on core 0)
2026-03-05 17:42:30.465 7 INFO neutron.api.v2.resource [None req-506574c9-698c-433e-ba4d-b507a948203f 90d5d26caafd4079a9783a52b38e5ebd d801d2ba12cc45a68e62ed4bc7464c1e - - default default] show failed (client error): The resource could not be found. [pid: 7|app: 0|req: 645/1203] 10.0.0.202 () {32 vars in 737 bytes} [Thu Mar 5 17:42:30 2026] GET /v2.0/security-groups/a9e6aac0-fbde-4931-bdc2-f07200984a95 => generated 146 bytes in 8 msecs (HTTP/1.1 404) 4 headers in 164 bytes (1 switches on core 0)
2026-03-05 17:42:30.592 7 INFO neutron_taas.services.taas.taas_plugin [None req-0c48c039-f52a-4785-a825-8eaafa596e84 90d5d26caafd4079a9783a52b38e5ebd d801d2ba12cc45a68e62ed4bc7464c1e - - default default] TaaS: Handle Delete Port: c5684989-481b-4353-8bcd-c6be1a4a03d0
2026-03-05 17:42:30.595 7 INFO neutron_taas.services.taas.tap_mirror_plugin [None req-0c48c039-f52a-4785-a825-8eaafa596e84 90d5d26caafd4079a9783a52b38e5ebd d801d2ba12cc45a68e62ed4bc7464c1e - - default default] Tap Mirror: Handle Delete Port: c5684989-481b-4353-8bcd-c6be1a4a03d0 [pid: 7|app: 0|req: 646/1204] 10.0.0.202 () {32 vars in 732 bytes} [Thu Mar 5 17:42:30 2026] DELETE /v2.0/floatingips/0e5191dd-c578-4c1f-b138-3e6f4f663f9d => generated 0 bytes in 332 msecs (HTTP/1.1 204) 2 headers in 112 bytes (1 switches on core 0)
2026-03-05 17:42:30.849 8 INFO neutron.db.ovn_revision_numbers_db [None req-208313a1-7c6a-41e9-8b87-84cc24da2871 - - - - - -] Successfully bumped revision number for resource 50f1f079-0e5e-4cd9-8523-b091ae87aa69 (type: router_ports) to 2
2026-03-05 17:42:31.010 8 WARNING neutron.scheduler.dhcp_agent_scheduler [None req-9b9369e1-961d-4fc7-bf32-8079a88a30fa 8651c3e4e99545aebd9d5c18bceb695d 264dc64b060346de98ce51b55000a7c7 - - default default] No more DHCP agents
2026-03-05 17:42:31.029 8 WARNING neutron.api.rpc.agentnotifiers.dhcp_rpc_agent_api [None req-9b9369e1-961d-4fc7-bf32-8079a88a30fa 8651c3e4e99545aebd9d5c18bceb695d 264dc64b060346de98ce51b55000a7c7 - - default default] Unable to schedule network 39c0f636-06ee-4ae6-a8a7-dfcd0a8c6b3b: no agents available; will retry on subsequent port and subnet creation events.
2026-03-05 17:42:31.043 8 INFO neutron.plugins.ml2.drivers.ovn.mech_driver.mech_driver [None req-208313a1-7c6a-41e9-8b87-84cc24da2871 - - - - - -] OVN reports status down for port: cbd2d0a7-de6e-4418-b268-7594b594cdaf
2026-03-05 17:42:31.097 7 INFO neutron_taas.services.taas.taas_plugin [None req-d485735a-f003-4ca3-afcb-6e120be68c78 8651c3e4e99545aebd9d5c18bceb695d 264dc64b060346de98ce51b55000a7c7 - - default default] TaaS: Handle Delete Port: bb8de649-7dcc-4c9e-8fab-d4a3582f2b48
2026-03-05 17:42:31.099 7 INFO neutron_taas.services.taas.tap_mirror_plugin [None req-d485735a-f003-4ca3-afcb-6e120be68c78 8651c3e4e99545aebd9d5c18bceb695d 264dc64b060346de98ce51b55000a7c7 - - default default] Tap Mirror: Handle Delete Port: bb8de649-7dcc-4c9e-8fab-d4a3582f2b48
2026-03-05 17:42:31.131 8 INFO neutron.plugins.ml2.drivers.ovn.mech_driver.mech_driver [None req-208313a1-7c6a-41e9-8b87-84cc24da2871 - - - - - -] OVN reports status down for port: 17239aaf-75bf-4a26-b910-46454730237d
2026-03-05 17:42:31.375 8 INFO neutron.plugins.ml2.drivers.ovn.mech_driver.mech_driver [None req-208313a1-7c6a-41e9-8b87-84cc24da2871 - - - - - -] OVN reports status down for port: 97544ad5-467b-48e2-b1f7-1bbb74e9610b
2026-03-05 17:42:31.554 8 WARNING neutron.plugins.ml2.drivers.ovn.mech_driver.ovsdb.ovn_client [None req-208313a1-7c6a-41e9-8b87-84cc24da2871 - - - - - -] Logical_Switch_Port %s host information not removed, the port state is up
2026-03-05 17:42:31.555 8 INFO neutron.plugins.ml2.drivers.ovn.mech_driver.mech_driver [None req-208313a1-7c6a-41e9-8b87-84cc24da2871 - - - - - -] OVN reports status up for port: 97544ad5-467b-48e2-b1f7-1bbb74e9610b
2026-03-05 17:42:31.582 8 INFO neutron.plugins.ml2.plugin [None req-208313a1-7c6a-41e9-8b87-84cc24da2871 - - - - - -] Attempt 1 to provision port 97544ad5-467b-48e2-b1f7-1bbb74e9610b
