2026-03-05 17:43:05.853 8 INFO neutron.plugins.ml2.drivers.ovn.mech_driver.mech_driver [None req-26fe04c7-725e-4e6b-ba03-7dab07b1f15f - - - - - -] OVN reports status down for port: a40fead6-0643-45ba-8967-7109a023019c
2026-03-05 17:43:05.871 7 INFO neutron.db.ovn_revision_numbers_db [None req-fc5c721e-9f09-4cf0-b9fb-10d0c3570818 8356185084a04ddaa99ab1bf71613a7a a8456bafa47b4545875a0deef6fec04c - - default default] Successfully bumped revision number for resource a40fead6-0643-45ba-8967-7109a023019c (type: ports) to 1 [pid: 7|app: 0|req: 798/1462] 10.0.0.202 () {34 vars in 670 bytes} [Thu Mar 5 17:43:05 2026] POST /v2.0/networks => generated 668 bytes in 595 msecs (HTTP/1.1 201) 4 headers in 162 bytes (1 switches on core 0) [pid: 7|app: 0|req: 799/1463] 162.253.55.62 () {34 vars in 1111 bytes} [Thu Mar 5 17:43:05 2026] GET /v2.0/networks/540c57ff-0cd1-45a2-9461-469f7c967560?fields=provider%3Aphysical_network&fields=provider%3Anetwork_type => generated 79 bytes in 34 msecs (HTTP/1.1 200) 4 headers in 156 bytes (1 switches on core 0)
2026-03-05 17:43:06.029 7 INFO neutron.db.segments_db [None req-d843a6b0-e2c1-4776-a3ce-ceff83eeb6d1 8356185084a04ddaa99ab1bf71613a7a a8456bafa47b4545875a0deef6fec04c - - default default] Added segment 6cf1ec0a-95ce-468a-bf9b-a634ebe96c53 of type geneve for network 85098801-6c96-444a-9afc-42fcb5a91349
2026-03-05 17:43:06.072 8 INFO neutron_taas.services.taas.taas_plugin [None req-190f6fff-ece1-4fc9-ad5a-95227d16fdae 8651c3e4e99545aebd9d5c18bceb695d 264dc64b060346de98ce51b55000a7c7 - - default default] TaaS: Handle Delete Port: 97544ad5-467b-48e2-b1f7-1bbb74e9610b
2026-03-05 17:43:06.075 8 INFO neutron_taas.services.taas.tap_mirror_plugin [None req-190f6fff-ece1-4fc9-ad5a-95227d16fdae 8651c3e4e99545aebd9d5c18bceb695d 264dc64b060346de98ce51b55000a7c7 - - default default] Tap Mirror: Handle Delete Port: 97544ad5-467b-48e2-b1f7-1bbb74e9610b
2026-03-05 17:43:06.151 7 INFO neutron.db.ovn_revision_numbers_db [None req-d843a6b0-e2c1-4776-a3ce-ceff83eeb6d1 8356185084a04ddaa99ab1bf71613a7a a8456bafa47b4545875a0deef6fec04c - - default default] Successfully bumped revision number for resource 85098801-6c96-444a-9afc-42fcb5a91349 (type: networks) to 1
2026-03-05 17:43:06.326 7 WARNING neutron.scheduler.dhcp_agent_scheduler [None req-d843a6b0-e2c1-4776-a3ce-ceff83eeb6d1 8356185084a04ddaa99ab1bf71613a7a a8456bafa47b4545875a0deef6fec04c - - default default] No more DHCP agents
2026-03-05 17:43:06.332 7 WARNING neutron.api.rpc.agentnotifiers.dhcp_rpc_agent_api [None req-d843a6b0-e2c1-4776-a3ce-ceff83eeb6d1 8356185084a04ddaa99ab1bf71613a7a a8456bafa47b4545875a0deef6fec04c - - default default] Unable to schedule network 85098801-6c96-444a-9afc-42fcb5a91349: no agents available; will retry on subsequent port and subnet creation events.
2026-03-05 17:43:06.475 7 INFO neutron.db.ovn_revision_numbers_db [None req-d843a6b0-e2c1-4776-a3ce-ceff83eeb6d1 8356185084a04ddaa99ab1bf71613a7a a8456bafa47b4545875a0deef6fec04c - - default default] Successfully bumped revision number for resource 4ce43dc0-b19f-4a8c-94f8-56961e0203f3 (type: ports) to 1
2026-03-05 17:43:06.484 8 INFO neutron.plugins.ml2.drivers.ovn.mech_driver.mech_driver [None req-26fe04c7-725e-4e6b-ba03-7dab07b1f15f - - - - - -] OVN reports status down for port: 4ce43dc0-b19f-4a8c-94f8-56961e0203f3 [pid: 7|app: 0|req: 800/1464] 10.0.0.202 () {34 vars in 670 bytes} [Thu Mar 5 17:43:05 2026] POST /v2.0/networks => generated 668 bytes in 572 msecs (HTTP/1.1 201) 4 headers in 162 bytes (1 switches on core 0) [pid: 8|app: 0|req: 665/1465] 10.0.0.202 () {32 vars in 724 bytes} [Thu Mar 5 17:43:05 2026] DELETE /v2.0/routers/5cb5b6ea-fca4-4db6-a6ee-be9adc6d358e => generated 0 bytes in 1081 msecs (HTTP/1.1 204) 2 headers in 112 bytes (1 switches on core 0) [pid: 8|app: 0|req: 666/1466] 10.0.0.202 () {32 vars in 724 bytes} [Thu Mar 5 17:43:06 2026] DELETE /v2.0/subnets/d092d7d0-ef6d-4dec-aea0-5d383cf70541 => generated 0 bytes in 168 msecs (HTTP/1.1 204) 3 headers in 131 bytes (1 switches on core 0)
2026-03-05 17:43:06.938 7 WARNING neutron.scheduler.dhcp_agent_scheduler [None req-d0a26318-4650-4818-b969-98ab5da1e32d 8356185084a04ddaa99ab1bf71613a7a a8456bafa47b4545875a0deef6fec04c - - default default] No more DHCP agents
2026-03-05 17:43:06.939 7 WARNING neutron.api.rpc.agentnotifiers.dhcp_rpc_agent_api [None req-d0a26318-4650-4818-b969-98ab5da1e32d 8356185084a04ddaa99ab1bf71613a7a a8456bafa47b4545875a0deef6fec04c - - default default] Unable to schedule network aacbd226-68cf-4a62-82f2-360a9b9806fd: no agents available; will retry on subsequent port and subnet creation events.
2026-03-05 17:43:07.008 8 INFO neutron_taas.services.taas.taas_plugin [None req-62fba4a1-b136-49bf-af1b-56605cddddff 8651c3e4e99545aebd9d5c18bceb695d 264dc64b060346de98ce51b55000a7c7 - - default default] TaaS: Handle Delete Port: 17239aaf-75bf-4a26-b910-46454730237d
2026-03-05 17:43:07.010 8 INFO neutron_taas.services.taas.tap_mirror_plugin [None req-62fba4a1-b136-49bf-af1b-56605cddddff 8651c3e4e99545aebd9d5c18bceb695d 264dc64b060346de98ce51b55000a7c7 - - default default] Tap Mirror: Handle Delete Port: 17239aaf-75bf-4a26-b910-46454730237d
2026-03-05 17:43:07.228 8 INFO neutron.services.segments.plugin [-] Segment 500c05c4-fb33-4f54-8591-c120fa27c3de resource provider aggregate not found
2026-03-05 17:43:07.230 8 INFO neutron.services.segments.plugin [-] Segment 500c05c4-fb33-4f54-8591-c120fa27c3de resource provider aggregate not found
2026-03-05 17:43:07.252 8 INFO neutron.services.segments.plugin [-] Segment 500c05c4-fb33-4f54-8591-c120fa27c3de resource provider not found; error: Placement Client Error (4xx): {"errors": [{"status": 404, "title": "Not Found", "detail": "The resource could not be found.\n\n No resource provider with uuid 500c05c4-fb33-4f54-8591-c120fa27c3de found for delete ", "request_id": "req-8c92573f-8944-4137-8aff-1565e1820b32"}]}
2026-03-05 17:43:07.255 8 INFO neutron.services.segments.plugin [-] Segment 500c05c4-fb33-4f54-8591-c120fa27c3de resource provider not found; error: Placement Client Error (4xx): {"errors": [{"status": 404, "title": "Not Found", "detail": "The resource could not be found.\n\n No resource provider with uuid 500c05c4-fb33-4f54-8591-c120fa27c3de found for delete ", "request_id": "req-3ff17baf-fa52-4680-a8bf-d491910bf097"}]} [pid: 8|app: 0|req: 667/1467] 10.0.0.202 () {32 vars in 726 bytes} [Thu Mar 5 17:43:06 2026] DELETE /v2.0/networks/39c0f636-06ee-4ae6-a8a7-dfcd0a8c6b3b => generated 0 bytes in 378 msecs (HTTP/1.1 204) 3 headers in 131 bytes (1 switches on core 0)
2026-03-05 17:43:07.417 7 INFO neutron.db.ovn_revision_numbers_db [None req-08ff465f-3fa5-4355-b3b5-414e442c73ff - - - - - -] Successfully bumped revision number for resource a40fead6-0643-45ba-8967-7109a023019c (type: ports) to 2
2026-03-05 17:43:07.449 7 INFO neutron.db.ovn_revision_numbers_db [None req-08ff465f-3fa5-4355-b3b5-414e442c73ff - - - - - -] Successfully bumped revision number for resource 7f22bd3a-0af4-4c10-be4f-308572d42793 (type: subnets) to 0
2026-03-05 17:43:07.473 7 WARNING neutron.scheduler.dhcp_agent_scheduler [None req-d0a26318-4650-4818-b969-98ab5da1e32d 8356185084a04ddaa99ab1bf71613a7a a8456bafa47b4545875a0deef6fec04c - - default default] No more DHCP agents
2026-03-05 17:43:07.474 7 WARNING neutron.api.rpc.agentnotifiers.dhcp_rpc_agent_api [None req-d0a26318-4650-4818-b969-98ab5da1e32d 8356185084a04ddaa99ab1bf71613a7a a8456bafa47b4545875a0deef6fec04c - - default default] Unable to schedule network 85098801-6c96-444a-9afc-42fcb5a91349: no agents available; will retry on subsequent port and subnet creation events.
2026-03-05 17:43:07.777 8 INFO neutron.db.ovn_revision_numbers_db [None req-3a9e5c60-9315-4bac-8380-02afb14db00d 8651c3e4e99545aebd9d5c18bceb695d 264dc64b060346de98ce51b55000a7c7 - - default default] Successfully bumped revision number for resource 68949972-1134-4a29-a21d-39fbd96a4e19 (type: security_groups) to 1
2026-03-05 17:43:07.785 8 INFO neutron.db.ovn_revision_numbers_db [None req-3a9e5c60-9315-4bac-8380-02afb14db00d 8651c3e4e99545aebd9d5c18bceb695d 264dc64b060346de98ce51b55000a7c7 - - default default] Successfully bumped revision number for resource 2e076421-3922-4dfb-b730-51a273fc898e (type: security_group_rules) to 0
2026-03-05 17:43:07.795 8 INFO neutron.db.ovn_revision_numbers_db [None req-3a9e5c60-9315-4bac-8380-02afb14db00d 8651c3e4e99545aebd9d5c18bceb695d 264dc64b060346de98ce51b55000a7c7 - - default default] Successfully bumped revision number for resource 30ece0f7-061a-4fc9-b0af-bfcbc0adbc4a (type: security_group_rules) to 0
2026-03-05 17:43:07.804 8 INFO neutron.db.ovn_revision_numbers_db [None req-3a9e5c60-9315-4bac-8380-02afb14db00d 8651c3e4e99545aebd9d5c18bceb695d 264dc64b060346de98ce51b55000a7c7 - - default default] Successfully bumped revision number for resource 92aabef3-53d6-4c12-87e5-63f07949421e (type: security_group_rules) to 0
2026-03-05 17:43:07.822 8 INFO neutron.db.ovn_revision_numbers_db [None req-3a9e5c60-9315-4bac-8380-02afb14db00d 8651c3e4e99545aebd9d5c18bceb695d 264dc64b060346de98ce51b55000a7c7 - - default default] Successfully bumped revision number for resource bdf6dd34-01bb-4698-b76d-0594e117fce7 (type: security_group_rules) to 0 [pid: 8|app: 0|req: 668/1468] 10.0.0.202 () {32 vars in 774 bytes} [Thu Mar 5 17:43:07 2026] GET /v2.0/security-groups?tenant_id=75cfe9b97f314f968c75392fa22c177d&name=default => generated 2925 bytes in 419 msecs (HTTP/1.1 200) 4 headers in 158 bytes (1 switches on core 0) [pid: 8|app: 0|req: 669/1469] 10.0.0.202 () {32 vars in 774 bytes} [Thu Mar 5 17:43:07 2026] GET /v2.0/security-groups?tenant_id=37687814872241159c5b58c8f31a83c8&name=default => generated 2925 bytes in 31 msecs (HTTP/1.1 200) 4 headers in 158 bytes (1 switches on core 0)
2026-03-05 17:43:07.969 7 INFO neutron.db.ovn_revision_numbers_db [None req-cf04e54c-e959-4bc0-9fd4-f19f148b781f - - - - - -] Successfully bumped revision number for resource 4ce43dc0-b19f-4a8c-94f8-56961e0203f3 (type: ports) to 2
2026-03-05 17:43:08.000 7 INFO neutron.db.ovn_revision_numbers_db [None req-cf04e54c-e959-4bc0-9fd4-f19f148b781f - - - - - -] Successfully bumped revision number for resource 08488446-cbed-4c0c-94fc-12c70e26e175 (type: subnets) to 0 [pid: 7|app: 0|req: 801/1470] 10.0.0.202 () {34 vars in 669 bytes} [Thu Mar 5 17:43:06 2026] POST /v2.0/subnets => generated 1273 bytes in 1477 msecs (HTTP/1.1 201) 4 headers in 163 bytes (1 switches on core 0) [pid: 8|app: 0|req: 670/1471] 10.0.0.202 () {32 vars in 740 bytes} [Thu Mar 5 17:43:07 2026] DELETE /v2.0/security-groups/68949972-1134-4a29-a21d-39fbd96a4e19 => generated 0 bytes in 340 msecs (HTTP/1.1 204) 2 headers in 112 bytes (1 switches on core 0) [pid: 8|app: 0|req: 671/1472] 10.0.0.202 () {32 vars in 647 bytes} [Thu Mar 5 17:43:08 2026] GET /v2.0/subnets => generated 1909 bytes in 58 msecs (HTTP/1.1 200) 4 headers in 158 bytes (1 switches on core 0) [pid: 7|app: 0|req: 802/1473] 10.0.0.202 () {32 vars in 740 bytes} [Thu Mar 5 17:43:08 2026] DELETE /v2.0/security-groups/8d91c7c8-2b9d-42e3-a2c2-88fb283c7a8f => generated 0 bytes in 412 msecs (HTTP/1.1 204) 2 headers in 112 bytes (1 switches on core 0) [pid: 8|app: 0|req: 672/1474] 10.0.0.202 () {32 vars in 724 bytes} [Thu Mar 5 17:43:08 2026] DELETE /v2.0/subnets/7f22bd3a-0af4-4c10-be4f-308572d42793 => generated 0 bytes in 221 msecs (HTTP/1.1 204) 3 headers in 131 bytes (1 switches on core 0)
2026-03-05 17:43:08.616 7 INFO neutron.db.ovn_revision_numbers_db [None req-fe831f5b-2df2-4237-956b-7661bd1c59e6 8651c3e4e99545aebd9d5c18bceb695d 264dc64b060346de98ce51b55000a7c7 - - default default] Successfully bumped revision number for resource aa4015cd-8f24-422f-8367-882a5ca6b13f (type: security_groups) to 1
2026-03-05 17:43:08.624 7 INFO neutron.db.ovn_revision_numbers_db [None req-fe831f5b-2df2-4237-956b-7661bd1c59e6 8651c3e4e99545aebd9d5c18bceb695d 264dc64b060346de98ce51b55000a7c7 - - default default] Successfully bumped revision number for resource 4d14246f-3688-4fb9-893c-05c90a0575ff (type: security_group_rules) to 0
2026-03-05 17:43:08.636 7 INFO neutron.db.ovn_revision_numbers_db [None req-fe831f5b-2df2-4237-956b-7661bd1c59e6 8651c3e4e99545aebd9d5c18bceb695d 264dc64b060346de98ce51b55000a7c7 - - default default] Successfully bumped revision number for resource 99d34639-0837-44ec-ac7b-6486defe9dfd (type: security_group_rules) to 0
2026-03-05 17:43:08.647 7 INFO neutron.db.ovn_revision_numbers_db [None req-fe831f5b-2df2-4237-956b-7661bd1c59e6 8651c3e4e99545aebd9d5c18bceb695d 264dc64b060346de98ce51b55000a7c7 - - default default] Successfully bumped revision number for resource a7062c82-5579-4fa1-91fe-9f3c0ef6a1fa (type: security_group_rules) to 0
2026-03-05 17:43:08.658 7 INFO neutron.db.ovn_revision_numbers_db [None req-fe831f5b-2df2-4237-956b-7661bd1c59e6 8651c3e4e99545aebd9d5c18bceb695d 264dc64b060346de98ce51b55000a7c7 - - default default] Successfully bumped revision number for resource b5ea644b-536c-4ca3-88d8-057fad6a018a (type: security_group_rules) to 0 [pid: 7|app: 0|req: 803/1475] 10.0.0.202 () {32 vars in 774 bytes} [Thu Mar 5 17:43:08 2026] GET /v2.0/security-groups?tenant_id=c83ed81059e0487ab75145b4897de2ab&name=default => generated 2925 bytes in 258 msecs (HTTP/1.1 200) 4 headers in 158 bytes (1 switches on core 0) [pid: 8|app: 0|req: 673/1476] 10.0.0.202 () {32 vars in 724 bytes} [Thu Mar 5 17:43:08 2026] DELETE /v2.0/subnets/08488446-cbed-4c0c-94fc-12c70e26e175 => generated 0 bytes in 202 msecs (HTTP/1.1 204) 3 headers in 131 bytes (1 switches on core 0) [pid: 8|app: 0|req: 674/1477] 10.0.0.202 () {32 vars in 647 bytes} [Thu Mar 5 17:43:08 2026] GET /v2.0/subnets => generated 649 bytes in 27 msecs (HTTP/1.1 200) 4 headers in 157 bytes (1 switches on core 0)
2026-03-05 17:43:08.894 8 INFO neutron_taas.services.taas.taas_plugin [None req-842e0633-a0f8-4e8e-b952-c140215269df 8356185084a04ddaa99ab1bf71613a7a a8456bafa47b4545875a0deef6fec04c - - default default] TaaS: Handle Delete Port: 4ce43dc0-b19f-4a8c-94f8-56961e0203f3
2026-03-05 17:43:08.896 8 INFO neutron_taas.services.taas.tap_mirror_plugin [None req-842e0633-a0f8-4e8e-b952-c140215269df 8356185084a04ddaa99ab1bf71613a7a a8456bafa47b4545875a0deef6fec04c - - default default] Tap Mirror: Handle Delete Port: 4ce43dc0-b19f-4a8c-94f8-56961e0203f3 [pid: 7|app: 0|req: 804/1478] 10.0.0.202 () {32 vars in 740 bytes} [Thu Mar 5 17:43:08 2026] DELETE /v2.0/security-groups/aa4015cd-8f24-422f-8367-882a5ca6b13f => generated 0 bytes in 329 msecs (HTTP/1.1 204) 2 headers in 112 bytes (1 switches on core 0) [pid: 8|app: 0|req: 675/1479] 10.0.0.202 () {32 vars in 726 bytes} [Thu Mar 5 17:43:08 2026] DELETE /v2.0/networks/85098801-6c96-444a-9afc-42fcb5a91349 => generated 0 bytes in 410 msecs (HTTP/1.1 204) 3 headers in 131 bytes (1 switches on core 0)
2026-03-05 17:43:09.274 8 INFO neutron.services.segments.plugin [-] Segment 6cf1ec0a-95ce-468a-bf9b-a634ebe96c53 resource provider aggregate not found
2026-03-05 17:43:09.281 8 INFO neutron.services.segments.plugin [-] Segment 6cf1ec0a-95ce-468a-bf9b-a634ebe96c53 resource provider aggregate not found
2026-03-05 17:43:09.283 7 INFO neutron_taas.services.taas.taas_plugin [None req-127817df-9c6e-40f0-aae5-d11725cb3bf5 8356185084a04ddaa99ab1bf71613a7a a8456bafa47b4545875a0deef6fec04c - - default default] TaaS: Handle Delete Port: a40fead6-0643-45ba-8967-7109a023019c
2026-03-05 17:43:09.287 7 INFO neutron_taas.services.taas.tap_mirror_plugin [None req-127817df-9c6e-40f0-aae5-d11725cb3bf5 8356185084a04ddaa99ab1bf71613a7a a8456bafa47b4545875a0deef6fec04c - - default default] Tap Mirror: Handle Delete Port: a40fead6-0643-45ba-8967-7109a023019c
2026-03-05 17:43:09.297 8 INFO neutron.services.segments.plugin [-] Segment 6cf1ec0a-95ce-468a-bf9b-a634ebe96c53 resource provider not found; error: Placement Client Error (4xx): {"errors": [{"status": 404, "title": "Not Found", "detail": "The resource could not be found.\n\n No resource provider with uuid 6cf1ec0a-95ce-468a-bf9b-a634ebe96c53 found for delete ", "request_id": "req-1cfe080a-be5b-4acc-89fe-19762b3d5555"}]}
2026-03-05 17:43:09.299 8 INFO neutron.services.segments.plugin [-] Segment 6cf1ec0a-95ce-468a-bf9b-a634ebe96c53 resource provider not found; error: Placement Client Error (4xx): {"errors": [{"status": 404, "title": "Not Found", "detail": "The resource could not be found.\n\n No resource provider with uuid 6cf1ec0a-95ce-468a-bf9b-a634ebe96c53 found for delete ", "request_id": "req-52a51c16-873b-434c-8a6b-abfb7aebe51f"}]}
2026-03-05 17:43:09.483 7 INFO neutron.services.segments.plugin [-] Segment 062ced3f-bd96-4f84-b705-13410ae5eac2 resource provider aggregate not found
2026-03-05 17:43:09.484 7 INFO neutron.services.segments.plugin [-] Segment 062ced3f-bd96-4f84-b705-13410ae5eac2 resource provider aggregate not found
2026-03-05 17:43:09.509 7 INFO neutron.services.segments.plugin [-] Segment 062ced3f-bd96-4f84-b705-13410ae5eac2 resource provider not found; error: Placement Client Error (4xx): {"errors": [{"status": 404, "title": "Not Found", "detail": "The resource could not be found.\n\n No resource provider with uuid 062ced3f-bd96-4f84-b705-13410ae5eac2 found for delete ", "request_id": "req-556a9c94-11fa-44cf-bb73-e163d4d750ff"}]}
2026-03-05 17:43:09.511 7 INFO neutron.services.segments.plugin [-] Segment 062ced3f-bd96-4f84-b705-13410ae5eac2 resource provider not found; error: Placement Client Error (4xx): {"errors": [{"status": 404, "title": "Not Found", "detail": "The resource could not be found.\n\n No resource provider with uuid 062ced3f-bd96-4f84-b705-13410ae5eac2 found for delete ", "request_id": "req-d26dbd25-75d2-4532-b6e9-781604ef824e"}]} [pid: 7|app: 0|req: 805/1480] 10.0.0.202 () {32 vars in 726 bytes} [Thu Mar 5 17:43:09 2026] DELETE /v2.0/networks/aacbd226-68cf-4a62-82f2-360a9b9806fd => generated 0 bytes in 372 msecs (HTTP/1.1 204) 3 headers in 131 bytes (1 switches on core 0)
2026-03-05 17:43:09.698 8 INFO neutron_taas.services.taas.taas_plugin [None req-4ab138ff-9a05-4eb1-8e30-befb6cc64748 8356185084a04ddaa99ab1bf71613a7a a8456bafa47b4545875a0deef6fec04c - - default default] TaaS: Handle Delete Port: 7a5f604a-6770-45cd-83b0-f889f2d80a97
2026-03-05 17:43:09.700 8 INFO neutron_taas.services.taas.tap_mirror_plugin [None req-4ab138ff-9a05-4eb1-8e30-befb6cc64748 8356185084a04ddaa99ab1bf71613a7a a8456bafa47b4545875a0deef6fec04c - - default default] Tap Mirror: Handle Delete Port: 7a5f604a-6770-45cd-83b0-f889f2d80a97 [pid: 8|app: 0|req: 676/1481] 10.0.0.202 () {32 vars in 726 bytes} [Thu Mar 5 17:43:09 2026] DELETE /v2.0/networks/ec3fbbec-6b58-4ac0-bab7-d60ce21ebc87 => generated 0 bytes in 409 msecs (HTTP/1.1 204) 3 headers in 131 bytes (1 switches on core 0)
2026-03-05 17:43:10.080 7 INFO neutron_taas.services.taas.taas_plugin [None req-b74df7fa-1704-49fc-abb5-f2fb5e02d2fe 8356185084a04ddaa99ab1bf71613a7a a8456bafa47b4545875a0deef6fec04c - - default default] TaaS: Handle Delete Port: 71b994d9-e652-4689-aa43-2ac2abf2ca88
2026-03-05 17:43:10.083 7 INFO neutron_taas.services.taas.tap_mirror_plugin [None req-b74df7fa-1704-49fc-abb5-f2fb5e02d2fe 8356185084a04ddaa99ab1bf71613a7a a8456bafa47b4545875a0deef6fec04c - - default default] Tap Mirror: Handle Delete Port: 71b994d9-e652-4689-aa43-2ac2abf2ca88 [pid: 7|app: 0|req: 806/1482] 10.0.0.202 () {32 vars in 726 bytes} [Thu Mar 5 17:43:09 2026] DELETE /v2.0/networks/6a0e8c74-2f20-4bdc-a34f-b14a518b72b0 => generated 0 bytes in 385 msecs (HTTP/1.1 204) 3 headers in 131 bytes (1 switches on core 0)
2026-03-05 17:43:10.560 8 INFO neutron.db.ovn_revision_numbers_db [None req-32a3785a-0f72-4a12-b27a-dbe08426d9a1 8651c3e4e99545aebd9d5c18bceb695d 264dc64b060346de98ce51b55000a7c7 - - default default] Successfully bumped revision number for resource ab90836b-d41e-48d7-afc5-c1298d5925c3 (type: security_groups) to 1
2026-03-05 17:43:10.572 8 INFO neutron.db.ovn_revision_numbers_db [None req-32a3785a-0f72-4a12-b27a-dbe08426d9a1 8651c3e4e99545aebd9d5c18bceb695d 264dc64b060346de98ce51b55000a7c7 - - default default] Successfully bumped revision number for resource 07766c31-498b-411d-8a92-7d6b2d7b06d4 (type: security_group_rules) to 0
2026-03-05 17:43:10.584 8 INFO neutron.db.ovn_revision_numbers_db [None req-32a3785a-0f72-4a12-b27a-dbe08426d9a1 8651c3e4e99545aebd9d5c18bceb695d 264dc64b060346de98ce51b55000a7c7 - - default default] Successfully bumped revision number for resource bed4e3d4-e1f2-4648-b045-31730e56307b (type: security_group_rules) to 0
2026-03-05 17:43:10.598 8 INFO neutron.db.ovn_revision_numbers_db [None req-32a3785a-0f72-4a12-b27a-dbe08426d9a1 8651c3e4e99545aebd9d5c18bceb695d 264dc64b060346de98ce51b55000a7c7 - - default default] Successfully bumped revision number for resource e517e9e7-882e-4c26-87f3-a6760f1543fe (type: security_group_rules) to 0
2026-03-05 17:43:10.610 8 INFO neutron.db.ovn_revision_numbers_db [None req-32a3785a-0f72-4a12-b27a-dbe08426d9a1 8651c3e4e99545aebd9d5c18bceb695d 264dc64b060346de98ce51b55000a7c7 - - default default] Successfully bumped revision number for resource f100ae9e-40ab-4c33-96d2-5bcd23102e9d (type: security_group_rules) to 0
2026-03-05 17:43:10.692 8 INFO neutron.db.segments_db [None req-32a3785a-0f72-4a12-b27a-dbe08426d9a1 8651c3e4e99545aebd9d5c18bceb695d 264dc64b060346de98ce51b55000a7c7 - - default default] Added segment 2d05aec5-260d-480b-a57e-03b4ab20913d of type geneve for network a75eb962-9703-4ca6-9fa6-ce7d2349c86c
2026-03-05 17:43:10.846 8 INFO neutron.db.ovn_revision_numbers_db [None req-32a3785a-0f72-4a12-b27a-dbe08426d9a1 8651c3e4e99545aebd9d5c18bceb695d 264dc64b060346de98ce51b55000a7c7 - - default default] Successfully bumped revision number for resource a75eb962-9703-4ca6-9fa6-ce7d2349c86c (type: networks) to 1
2026-03-05 17:43:10.999 8 WARNING neutron.scheduler.dhcp_agent_scheduler [None req-32a3785a-0f72-4a12-b27a-dbe08426d9a1 8651c3e4e99545aebd9d5c18bceb695d 264dc64b060346de98ce51b55000a7c7 - - default default] No more DHCP agents [pid: 7|app: 0|req: 807/1483] 10.0.0.202 () {32 vars in 774 bytes} [Thu Mar 5 17:43:10 2026] GET /v2.0/security-groups?tenant_id=a8456bafa47b4545875a0deef6fec04c&name=default => generated 2925 bytes in 120 msecs (HTTP/1.1 200) 4 headers in 158 bytes (1 switches on core 0)
2026-03-05 17:43:11.000 8 WARNING neutron.api.rpc.agentnotifiers.dhcp_rpc_agent_api [None req-32a3785a-0f72-4a12-b27a-dbe08426d9a1 8651c3e4e99545aebd9d5c18bceb695d 264dc64b060346de98ce51b55000a7c7 - - default default] Unable to schedule network a75eb962-9703-4ca6-9fa6-ce7d2349c86c: no agents available; will retry on subsequent port and subnet creation events.
2026-03-05 17:43:11.054 8 INFO neutron.plugins.ml2.drivers.ovn.mech_driver.mech_driver [None req-26fe04c7-725e-4e6b-ba03-7dab07b1f15f - - - - - -] OVN reports status down for port: 472f45c4-3fd1-4656-83aa-7db1bb0da3f5
2026-03-05 17:43:11.110 8 INFO neutron.db.ovn_revision_numbers_db [None req-32a3785a-0f72-4a12-b27a-dbe08426d9a1 8651c3e4e99545aebd9d5c18bceb695d 264dc64b060346de98ce51b55000a7c7 - - default default] Successfully bumped revision number for resource 472f45c4-3fd1-4656-83aa-7db1bb0da3f5 (type: ports) to 1 [pid: 8|app: 0|req: 677/1484] 10.0.0.202 () {34 vars in 671 bytes} [Thu Mar 5 17:43:10 2026] POST /v2.0/networks => generated 767 bytes in 977 msecs (HTTP/1.1 201) 4 headers in 162 bytes (1 switches on core 0) [pid: 7|app: 0|req: 808/1485] 10.0.0.202 () {32 vars in 740 bytes} [Thu Mar 5 17:43:11 2026] DELETE /v2.0/security-groups/01d7bba9-4bfc-4b93-b371-a8484254ef19 => generated 0 bytes in 287 msecs (HTTP/1.1 204) 2 headers in 112 bytes (1 switches on core 0) [pid: 8|app: 0|req: 678/1486] 10.0.0.107 () {34 vars in 990 bytes} [Thu Mar 5 17:43:11 2026] GET /v2.0/ports?device_id=fd234b08-6631-4b97-8664-da1f8c8127b9 => generated 1213 bytes in 130 msecs (HTTP/1.1 200) 4 headers in 158 bytes (1 switches on core 0)
2026-03-05 17:43:11.324 8 INFO neutron.services.segments.plugin [-] Segment 62b53970-0ec6-412f-980a-a7d451a032e1 resource provider aggregate not found
2026-03-05 17:43:11.330 8 INFO neutron.services.segments.plugin [-] Segment 62b53970-0ec6-412f-980a-a7d451a032e1 resource provider aggregate not found
2026-03-05 17:43:11.347 8 INFO neutron.services.segments.plugin [-] Segment 62b53970-0ec6-412f-980a-a7d451a032e1 resource provider not found; error: Placement Client Error (4xx): {"errors": [{"status": 404, "title": "Not Found", "detail": "The resource could not be found.\n\n No resource provider with uuid 62b53970-0ec6-412f-980a-a7d451a032e1 found for delete ", "request_id": "req-7835fae3-b92f-4712-9d9e-2fd9580ec902"}]}
2026-03-05 17:43:11.362 8 INFO neutron.services.segments.plugin [-] Segment 62b53970-0ec6-412f-980a-a7d451a032e1 resource provider not found; error: Placement Client Error (4xx): {"errors": [{"status": 404, "title": "Not Found", "detail": "The resource could not be found.\n\n No resource provider with uuid 62b53970-0ec6-412f-980a-a7d451a032e1 found for delete ", "request_id": "req-2634bd94-95f0-4658-945a-8985a736a8f1"}]} [pid: 8|app: 0|req: 679/1487] 10.0.0.107 () {34 vars in 1040 bytes} [Thu Mar 5 17:43:11 2026] GET /v2.0/security-groups?id=afeb2627-7901-484d-a9f4-398efa0dcc30&fields=id&fields=name => generated 114 bytes in 65 msecs (HTTP/1.1 200) 4 headers in 157 bytes (1 switches on core 0)
2026-03-05 17:43:11.429 7 WARNING neutron.scheduler.dhcp_agent_scheduler [None req-a612ca7c-b708-488f-8608-a3b44a444859 8651c3e4e99545aebd9d5c18bceb695d 264dc64b060346de98ce51b55000a7c7 - - default default] No more DHCP agents
2026-03-05 17:43:11.431 7 WARNING neutron.api.rpc.agentnotifiers.dhcp_rpc_agent_api [None req-a612ca7c-b708-488f-8608-a3b44a444859 8651c3e4e99545aebd9d5c18bceb695d 264dc64b060346de98ce51b55000a7c7 - - default default] Unable to schedule network a75eb962-9703-4ca6-9fa6-ce7d2349c86c: no agents available; will retry on subsequent port and subnet creation events.
2026-03-05 17:43:11.537 7 INFO neutron.services.segments.plugin [-] Segment f9ba1a4b-debd-4c8d-8c1a-4515fe17c8a1 resource provider aggregate not found
2026-03-05 17:43:11.546 7 INFO neutron.services.segments.plugin [-] Segment f9ba1a4b-debd-4c8d-8c1a-4515fe17c8a1 resource provider aggregate not found
2026-03-05 17:43:11.566 7 INFO neutron.services.segments.plugin [-] Segment f9ba1a4b-debd-4c8d-8c1a-4515fe17c8a1 resource provider not found; error: Placement Client Error (4xx): {"errors": [{"status": 404, "title": "Not Found", "detail": "The resource could not be found.\n\n No resource provider with uuid f9ba1a4b-debd-4c8d-8c1a-4515fe17c8a1 found for delete ", "request_id": "req-cb562681-a090-48c1-b6eb-de320405cf02"}]}
2026-03-05 17:43:11.567 7 INFO neutron.services.segments.plugin [-] Segment f9ba1a4b-debd-4c8d-8c1a-4515fe17c8a1 resource provider not found; error: Placement Client Error (4xx): {"errors": [{"status": 404, "title": "Not Found", "detail": "The resource could not be found.\n\n No resource provider with uuid f9ba1a4b-debd-4c8d-8c1a-4515fe17c8a1 found for delete ", "request_id": "req-dd556bf3-d9fe-41c7-814c-5d4590923a3a"}]}
2026-03-05 17:43:11.961 7 INFO neutron.db.ovn_revision_numbers_db [None req-bb0d1beb-07a4-46ae-b08a-18bcdc5ba118 - - - - - -] Successfully bumped revision number for resource 472f45c4-3fd1-4656-83aa-7db1bb0da3f5 (type: ports) to 2
2026-03-05 17:43:11.998 7 INFO neutron.db.ovn_revision_numbers_db [None req-bb0d1beb-07a4-46ae-b08a-18bcdc5ba118 - - - - - -] Successfully bumped revision number for resource 306807bd-1810-4a22-96b0-75893875bc6d (type: subnets) to 0 [pid: 7|app: 0|req: 809/1490] 10.0.0.202 () {34 vars in 669 bytes} [Thu Mar 5 17:43:11 2026] POST /v2.0/subnets => generated 693 bytes in 729 msecs (HTTP/1.1 201) 4 headers in 162 bytes (1 switches on core 0)
2026-03-05 17:43:12.416 8 WARNING neutron.scheduler.dhcp_agent_scheduler [None req-274c5121-ba64-485c-8605-176c00dfec0f 8651c3e4e99545aebd9d5c18bceb695d 264dc64b060346de98ce51b55000a7c7 - - default default] No more DHCP agents
2026-03-05 17:43:12.417 8 WARNING neutron.api.rpc.agentnotifiers.dhcp_rpc_agent_api [None req-274c5121-ba64-485c-8605-176c00dfec0f 8651c3e4e99545aebd9d5c18bceb695d 264dc64b060346de98ce51b55000a7c7 - - default default] Unable to schedule network 1fcc01c3-4805-4077-bfe0-d58d26b7bf72: no agents available; will retry on subsequent port and subnet creation events.
2026-03-05 17:43:12.560 8 INFO neutron.plugins.ml2.drivers.ovn.mech_driver.mech_driver [None req-26fe04c7-725e-4e6b-ba03-7dab07b1f15f - - - - - -] OVN reports status down for port: c64a9f6c-4c25-4f81-bb78-bc23d4f0bcce
2026-03-05 17:43:12.619 8 INFO neutron.db.ovn_revision_numbers_db [None req-274c5121-ba64-485c-8605-176c00dfec0f 8651c3e4e99545aebd9d5c18bceb695d 264dc64b060346de98ce51b55000a7c7 - - default default] Successfully bumped revision number for resource c64a9f6c-4c25-4f81-bb78-bc23d4f0bcce (type: ports) to 1 [pid: 7|app: 0|req: 810/1491] 10.0.0.202 () {32 vars in 623 bytes} [Thu Mar 5 17:43:13 2026] GET / => generated 151 bytes in 2 msecs (HTTP/1.1 200) 3 headers in 91 bytes (1 switches on core 0)
2026-03-05 17:43:13.216 8 INFO neutron.plugins.ml2.drivers.ovn.mech_driver.ovsdb.commands [None req-de2fce46-9221-4339-b317-73676e0b8949 - - - - - -] Schedule LRP lrp-c64a9f6c-4c25-4f81-bb78-bc23d4f0bcce on gateway cb53f7db-f9b2-487f-b8cf-5f3ebbcf686a with priority 1 [pid: 7|app: 0|req: 811/1492] 10.0.0.202 () {32 vars in 633 bytes} [Thu Mar 5 17:43:13 2026] GET /v2.0/ => generated 632 bytes in 118 msecs (HTTP/1.1 200) 4 headers in 157 bytes (1 switches on core 0)
2026-03-05 17:43:13.326 8 INFO neutron.plugins.ml2.drivers.ovn.mech_driver.ovsdb.ovsdb_monitor [None req-826426ff-ca5e-4504-a4c2-b15b529960a4 - - - - - -] Router e49e66ff-c349-4dee-8071-cf9ddde1f3b9 is bound to host instance
2026-03-05 17:43:13.346 8 INFO neutron.plugins.ml2.drivers.ovn.mech_driver.mech_driver [None req-26fe04c7-725e-4e6b-ba03-7dab07b1f15f - - - - - -] OVN reports status up for port: c64a9f6c-4c25-4f81-bb78-bc23d4f0bcce
2026-03-05 17:43:13.412 8 INFO neutron.plugins.ml2.plugin [None req-26fe04c7-725e-4e6b-ba03-7dab07b1f15f - - - - - -] Attempt 1 to provision port c64a9f6c-4c25-4f81-bb78-bc23d4f0bcce
2026-03-05 17:43:13.467 8 INFO neutron.db.ovn_revision_numbers_db [None req-274c5121-ba64-485c-8605-176c00dfec0f 8651c3e4e99545aebd9d5c18bceb695d 264dc64b060346de98ce51b55000a7c7 - - default default] Successfully bumped revision number for resource c64a9f6c-4c25-4f81-bb78-bc23d4f0bcce (type: router_ports) to 1 [pid: 7|app: 0|req: 812/1493] 10.0.0.202 () {32 vars in 826 bytes} [Thu Mar 5 17:43:13 2026] GET /v2.0/ports?project_id=dfe2e9d96428427a87095688dd5d895a&network_id=540c57ff-0cd1-45a2-9461-469f7c967560 => generated 3319 bytes in 80 msecs (HTTP/1.1 200) 4 headers in 158 bytes (1 switches on core 0)
2026-03-05 17:43:13.694 8 INFO neutron.db.ovn_revision_numbers_db [None req-274c5121-ba64-485c-8605-176c00dfec0f 8651c3e4e99545aebd9d5c18bceb695d 264dc64b060346de98ce51b55000a7c7 - - default default] Successfully bumped revision number for resource e49e66ff-c349-4dee-8071-cf9ddde1f3b9 (type: routers) to 2 [pid: 8|app: 0|req: 682/1494] 10.0.0.202 () {34 vars in 669 bytes} [Thu Mar 5 17:43:12 2026] POST /v2.0/routers => generated 971 bytes in 1700 msecs (HTTP/1.1 201) 4 headers in 162 bytes (1 switches on core 0) [pid: 8|app: 0|req: 683/1495] 10.0.0.202 () {32 vars in 742 bytes} [Thu Mar 5 17:43:13 2026] GET /v2.0/subnets?network_id=1fcc01c3-4805-4077-bfe0-d58d26b7bf72 => generated 667 bytes in 84 msecs (HTTP/1.1 200) 4 headers in 157 bytes (1 switches on core 0)
2026-03-05 17:43:14.209 7 WARNING neutron.scheduler.dhcp_agent_scheduler [None req-eb70e9db-a25a-48f5-b169-f60efaf909a3 8651c3e4e99545aebd9d5c18bceb695d 264dc64b060346de98ce51b55000a7c7 - - default default] No more DHCP agents
2026-03-05 17:43:14.210 7 WARNING neutron.api.rpc.agentnotifiers.dhcp_rpc_agent_api [None req-eb70e9db-a25a-48f5-b169-f60efaf909a3 8651c3e4e99545aebd9d5c18bceb695d 264dc64b060346de98ce51b55000a7c7 - - default default] Unable to schedule network a75eb962-9703-4ca6-9fa6-ce7d2349c86c: no agents available; will retry on subsequent port and subnet creation events.
2026-03-05 17:43:14.413 7 INFO neutron.db.ovn_revision_numbers_db [None req-eb70e9db-a25a-48f5-b169-f60efaf909a3 8651c3e4e99545aebd9d5c18bceb695d 264dc64b060346de98ce51b55000a7c7 - - default default] Successfully bumped revision number for resource 32d1f304-8cd4-4cf8-a756-62dcb2a54faf (type: ports) to 1
2026-03-05 17:43:14.475 8 INFO neutron.db.ovn_revision_numbers_db [None req-0c2e6594-2a6e-4099-8cc7-cf3a7f88dba4 8651c3e4e99545aebd9d5c18bceb695d 264dc64b060346de98ce51b55000a7c7 - - default default] Successfully bumped revision number for resource a58692c0-f8bf-49c6-8e10-c8003ff52b04 (type: security_groups) to 1
2026-03-05 17:43:14.494 8 INFO neutron.db.ovn_revision_numbers_db [None req-0c2e6594-2a6e-4099-8cc7-cf3a7f88dba4 8651c3e4e99545aebd9d5c18bceb695d 264dc64b060346de98ce51b55000a7c7 - - default default] Successfully bumped revision number for resource 72c6e631-b6e5-46c9-a51a-0237074843aa (type: security_group_rules) to 0
2026-03-05 17:43:14.515 8 INFO neutron.db.ovn_revision_numbers_db [None req-0c2e6594-2a6e-4099-8cc7-cf3a7f88dba4 8651c3e4e99545aebd9d5c18bceb695d 264dc64b060346de98ce51b55000a7c7 - - default default] Successfully bumped revision number for resource 95123acb-99ba-4148-b7df-1da6947b1fac (type: security_group_rules) to 0
2026-03-05 17:43:14.542 8 INFO neutron.db.ovn_revision_numbers_db [None req-0c2e6594-2a6e-4099-8cc7-cf3a7f88dba4 8651c3e4e99545aebd9d5c18bceb695d 264dc64b060346de98ce51b55000a7c7 - - default default] Successfully bumped revision number for resource 957ea41b-ddad-4da5-a691-f85e5ceb3467 (type: security_group_rules) to 0
2026-03-05 17:43:14.578 8 INFO neutron.db.ovn_revision_numbers_db [None req-0c2e6594-2a6e-4099-8cc7-cf3a7f88dba4 8651c3e4e99545aebd9d5c18bceb695d 264dc64b060346de98ce51b55000a7c7 - - default default] Successfully bumped revision number for resource d7f7c839-a0e4-4b7d-b986-8a47d7a5a957 (type: security_group_rules) to 0 [pid: 8|app: 0|req: 684/1496] 10.0.0.202 () {32 vars in 774 bytes} [Thu Mar 5 17:43:13 2026] GET /v2.0/security-groups?tenant_id=6f2ce308f35042e5b9c6594fdd1ca42e&name=default => generated 2925 bytes in 750 msecs (HTTP/1.1 200) 4 headers in 158 bytes (1 switches on core 0)
2026-03-05 17:43:14.703 8 INFO neutron.db.ovn_revision_numbers_db [None req-fdf464b6-80ed-417d-9d0c-cfc212840a30 - - - - - -] Successfully bumped revision number for resource c64a9f6c-4c25-4f81-bb78-bc23d4f0bcce (type: ports) to 4
2026-03-05 17:43:15.039 8 INFO neutron.db.ovn_revision_numbers_db [None req-d4ed6679-8e5d-46e0-bb76-d2ac69dd6db8 92ec08b645a74a68ba58b56ea06bf7e6 dfe2e9d96428427a87095688dd5d895a - - default default] Successfully bumped revision number for resource aa65ee97-2386-4b50-b857-b1acd26113a0 (type: floatingips) to 2
2026-03-05 17:43:15.164 8 INFO neutron.db.l3_db [None req-d4ed6679-8e5d-46e0-bb76-d2ac69dd6db8 92ec08b645a74a68ba58b56ea06bf7e6 dfe2e9d96428427a87095688dd5d895a - - default default] Floating IP aa65ee97-2386-4b50-b857-b1acd26113a0 disassociated. External IP: 10.96.250.214, port: dde63447-8b6b-4a33-8369-1f4bea3a571e.
2026-03-05 17:43:15.173 7 WARNING neutron.scheduler.dhcp_agent_scheduler [None req-eb70e9db-a25a-48f5-b169-f60efaf909a3 8651c3e4e99545aebd9d5c18bceb695d 264dc64b060346de98ce51b55000a7c7 - - default default] No more DHCP agents
2026-03-05 17:43:15.175 7 WARNING neutron.api.rpc.agentnotifiers.dhcp_rpc_agent_api [None req-eb70e9db-a25a-48f5-b169-f60efaf909a3 8651c3e4e99545aebd9d5c18bceb695d 264dc64b060346de98ce51b55000a7c7 - - default default] Unable to schedule network a75eb962-9703-4ca6-9fa6-ce7d2349c86c: no agents available; will retry on subsequent port and subnet creation events. [pid: 8|app: 0|req: 685/1497] 10.0.0.202 () {34 vars in 749 bytes} [Thu Mar 5 17:43:14 2026] PUT /v2.0/floatingips/aa65ee97-2386-4b50-b857-b1acd26113a0 => generated 554 bytes in 550 msecs (HTTP/1.1 200) 4 headers in 157 bytes (1 switches on core 0)
2026-03-05 17:43:15.278 8 INFO neutron.notifiers.nova [-] Nova event matching ['req-2e72bff0-03f0-4e3e-ada6-f4f1c15d10a1'] response: {'name': 'network-changed', 'server_uuid': 'fd234b08-6631-4b97-8664-da1f8c8127b9', 'tag': 'dde63447-8b6b-4a33-8369-1f4bea3a571e', 'status': 'completed', 'code': 200}
2026-03-05 17:43:15.466 8 INFO neutron.db.ovn_revision_numbers_db [None req-fdf464b6-80ed-417d-9d0c-cfc212840a30 - - - - - -] Successfully bumped revision number for resource c64a9f6c-4c25-4f81-bb78-bc23d4f0bcce (type: ports) to 5 [pid: 8|app: 0|req: 686/1498] 10.0.0.202 () {32 vars in 740 bytes} [Thu Mar 5 17:43:15 2026] DELETE /v2.0/security-groups/a58692c0-f8bf-49c6-8e10-c8003ff52b04 => generated 0 bytes in 542 msecs (HTTP/1.1 204) 2 headers in 112 bytes (1 switches on core 0) [pid: 8|app: 0|req: 687/1499] 10.0.0.202 () {32 vars in 729 bytes} [Thu Mar 5 17:43:15 2026] GET /v2.0/floatingips/aa65ee97-2386-4b50-b857-b1acd26113a0 => generated 552 bytes in 54 msecs (HTTP/1.1 200) 4 headers in 157 bytes (1 switches on core 0)
2026-03-05 17:43:15.837 7 INFO neutron.db.ovn_revision_numbers_db [None req-eb70e9db-a25a-48f5-b169-f60efaf909a3 8651c3e4e99545aebd9d5c18bceb695d 264dc64b060346de98ce51b55000a7c7 - - default default] Successfully bumped revision number for resource 32d1f304-8cd4-4cf8-a756-62dcb2a54faf (type: router_ports) to 1 [pid: 7|app: 0|req: 813/1500] 10.0.0.202 () {34 vars in 783 bytes} [Thu Mar 5 17:43:13 2026] PUT /v2.0/routers/e49e66ff-c349-4dee-8071-cf9ddde1f3b9/add_router_interface => generated 309 bytes in 2109 msecs (HTTP/1.1 200) 4 headers in 157 bytes (1 switches on core 0) [pid: 7|app: 0|req: 814/1501] 162.253.55.62 () {34 vars in 1079 bytes} [Thu Mar 5 17:43:15 2026] GET /v2.0/ports?tenant_id=dfe2e9d96428427a87095688dd5d895a&device_id=fd234b08-6631-4b97-8664-da1f8c8127b9 => generated 1213 bytes in 38 msecs (HTTP/1.1 200) 4 headers in 158 bytes (1 switches on core 0) [pid: 7|app: 0|req: 815/1502] 162.253.55.62 () {34 vars in 985 bytes} [Thu Mar 5 17:43:15 2026] GET /v2.0/networks?id=540c57ff-0cd1-45a2-9461-469f7c967560 => generated 796 bytes in 38 msecs (HTTP/1.1 200) 4 headers in 157 bytes (1 switches on core 0)
2026-03-05 17:43:15.933 8 INFO neutron.plugins.ml2.drivers.ovn.mech_driver.mech_driver [None req-26fe04c7-725e-4e6b-ba03-7dab07b1f15f - - - - - -] OVN reports status down for port: 32d1f304-8cd4-4cf8-a756-62dcb2a54faf [pid: 7|app: 0|req: 816/1503] 162.253.55.62 () {34 vars in 1059 bytes} [Thu Mar 5 17:43:15 2026] GET /v2.0/floatingips?fixed_ip_address=10.100.0.12&port_id=dde63447-8b6b-4a33-8369-1f4bea3a571e => generated 19 bytes in 24 msecs (HTTP/1.1 200) 4 headers in 156 bytes (1 switches on core 0) [pid: 7|app: 0|req: 817/1504] 162.253.55.62 () {34 vars in 983 bytes} [Thu Mar 5 17:43:15 2026] GET /v2.0/subnets?id=a1563c23-21a0-4d59-af5d-ecbff278ad5b => generated 678 bytes in 33 msecs (HTTP/1.1 200) 4 headers in 157 bytes (1 switches on core 0)
2026-03-05 17:43:16.010 8 WARNING neutron.plugins.ml2.drivers.ovn.mech_driver.ovsdb.ovn_client [None req-26fe04c7-725e-4e6b-ba03-7dab07b1f15f - - - - - -] Logical_Switch_Port %s host information not removed, the port state is up [pid: 7|app: 0|req: 818/1505] 162.253.55.62 () {34 vars in 1051 bytes} [Thu Mar 5 17:43:16 2026] GET /v2.0/ports?network_id=540c57ff-0cd1-45a2-9461-469f7c967560&device_owner=network%3Adhcp => generated 12 bytes in 18 msecs (HTTP/1.1 200) 4 headers in 156 bytes (1 switches on core 0)
2026-03-05 17:43:16.049 8 INFO neutron.plugins.ml2.drivers.ovn.mech_driver.mech_driver [None req-26fe04c7-725e-4e6b-ba03-7dab07b1f15f - - - - - -] OVN reports status up for port: 32d1f304-8cd4-4cf8-a756-62dcb2a54faf /var/lib/openstack/lib/python3.12/site-packages/pycadf/identifier.py:70: UserWarning: Invalid uuid: neutron. To ensure interoperability, identifiers should be a valid uuid. warnings.warn(('Invalid uuid: %s. To ensure interoperability, ' [pid: 7|app: 0|req: 819/1506] 162.253.55.62 () {34 vars in 1011 bytes} [Thu Mar 5 17:43:16 2026] GET /v2.0/networks/540c57ff-0cd1-45a2-9461-469f7c967560?fields=segments => generated 14 bytes in 38 msecs (HTTP/1.1 200) 4 headers in 156 bytes (1 switches on core 0)
2026-03-05 17:43:16.082 8 INFO neutron.plugins.ml2.plugin [None req-26fe04c7-725e-4e6b-ba03-7dab07b1f15f - - - - - -] Attempt 1 to provision port 32d1f304-8cd4-4cf8-a756-62dcb2a54faf [pid: 7|app: 0|req: 820/1507] 162.253.55.62 () {34 vars in 1111 bytes} [Thu Mar 5 17:43:16 2026] GET /v2.0/networks/540c57ff-0cd1-45a2-9461-469f7c967560?fields=provider%3Aphysical_network&fields=provider%3Anetwork_type => generated 79 bytes in 47 msecs (HTTP/1.1 200) 4 headers in 156 bytes (1 switches on core 0)
2026-03-05 17:43:16.416 8 INFO neutron.db.ovn_revision_numbers_db [None req-9fea7821-1cd1-4bed-aec5-d10f67d2c0d4 8651c3e4e99545aebd9d5c18bceb695d 264dc64b060346de98ce51b55000a7c7 - - default default] Successfully bumped revision number for resource db8bcade-785e-4b4e-9ff7-7f884b6b463c (type: security_groups) to 1
2026-03-05 17:43:16.438 8 INFO neutron.db.ovn_revision_numbers_db [None req-9fea7821-1cd1-4bed-aec5-d10f67d2c0d4 8651c3e4e99545aebd9d5c18bceb695d 264dc64b060346de98ce51b55000a7c7 - - default default] Successfully bumped revision number for resource 62936ba1-353d-4956-ae9b-fb41910c9fc9 (type: security_group_rules) to 0
2026-03-05 17:43:16.461 8 INFO neutron.db.ovn_revision_numbers_db [None req-9fea7821-1cd1-4bed-aec5-d10f67d2c0d4 8651c3e4e99545aebd9d5c18bceb695d 264dc64b060346de98ce51b55000a7c7 - - default default] Successfully bumped revision number for resource 8e30484b-3a8d-4b54-beb7-fe87e07bda85 (type: security_group_rules) to 0
2026-03-05 17:43:16.479 8 INFO neutron.db.ovn_revision_numbers_db [None req-9fea7821-1cd1-4bed-aec5-d10f67d2c0d4 8651c3e4e99545aebd9d5c18bceb695d 264dc64b060346de98ce51b55000a7c7 - - default default] Successfully bumped revision number for resource f4b21369-754d-4b6d-96a5-1b93211c1e97 (type: security_group_rules) to 0
2026-03-05 17:43:16.498 8 INFO neutron.db.ovn_revision_numbers_db [None req-9fea7821-1cd1-4bed-aec5-d10f67d2c0d4 8651c3e4e99545aebd9d5c18bceb695d 264dc64b060346de98ce51b55000a7c7 - - default default] Successfully bumped revision number for resource f68bf7f6-5d26-4afc-9f3c-b9fa8abbe65a (type: security_group_rules) to 0 [pid: 8|app: 0|req: 688/1508] 10.0.0.202 () {32 vars in 774 bytes} [Thu Mar 5 17:43:15 2026] GET /v2.0/security-groups?tenant_id=d0d77f98907746929294d0f800b74723&name=default => generated 2925 bytes in 774 msecs (HTTP/1.1 200) 4 headers in 158 bytes (1 switches on core 0)
2026-03-05 17:43:16.734 8 INFO neutron.db.ovn_revision_numbers_db [None req-26fe04c7-725e-4e6b-ba03-7dab07b1f15f - - - - - -] Successfully bumped revision number for resource 32d1f304-8cd4-4cf8-a756-62dcb2a54faf (type: ports) to 2 [pid: 7|app: 0|req: 821/1509] 10.0.0.202 () {32 vars in 740 bytes} [Thu Mar 5 17:43:16 2026] DELETE /v2.0/security-groups/db8bcade-785e-4b4e-9ff7-7f884b6b463c => generated 0 bytes in 284 msecs (HTTP/1.1 204) 2 headers in 112 bytes (1 switches on core 0) [pid: 8|app: 0|req: 689/1510] 10.0.0.136 () {34 vars in 982 bytes} [Thu Mar 5 17:43:16 2026] GET /v2.0/networks?id=a75eb962-9703-4ca6-9fa6-ce7d2349c86c => generated 716 bytes in 82 msecs (HTTP/1.1 200) 4 headers in 157 bytes (1 switches on core 0) [pid: 8|app: 0|req: 690/1511] 10.0.0.136 () {34 vars in 965 bytes} [Thu Mar 5 17:43:16 2026] GET /v2.0/quotas/1148776e286c44f79105d0de653f3efe => generated 292 bytes in 9 msecs (HTTP/1.1 200) 4 headers in 157 bytes (1 switches on core 0)
2026-03-05 17:43:17.035 7 INFO neutron.db.ovn_revision_numbers_db [None req-4a295208-d04e-4bad-9a43-e1528872467d 92ec08b645a74a68ba58b56ea06bf7e6 dfe2e9d96428427a87095688dd5d895a - - default default] Successfully bumped revision number for resource 04c93296-0443-4a8f-8dd5-98e934a27e01 (type: security_groups) to 1
2026-03-05 17:43:17.045 7 INFO neutron.db.ovn_revision_numbers_db [None req-4a295208-d04e-4bad-9a43-e1528872467d 92ec08b645a74a68ba58b56ea06bf7e6 dfe2e9d96428427a87095688dd5d895a - - default default] Successfully bumped revision number for resource 5d93fe41-7ded-4ad7-a5e0-bb570afd4984 (type: security_group_rules) to 0 [pid: 8|app: 0|req: 691/1512] 10.0.0.136 () {34 vars in 1002 bytes} [Thu Mar 5 17:43:16 2026] GET /v2.0/ports?tenant_id=1148776e286c44f79105d0de653f3efe&fields=id => generated 103 bytes in 104 msecs (HTTP/1.1 200) 4 headers in 157 bytes (1 switches on core 0)
2026-03-05 17:43:17.056 7 INFO neutron.db.ovn_revision_numbers_db [None req-4a295208-d04e-4bad-9a43-e1528872467d 92ec08b645a74a68ba58b56ea06bf7e6 dfe2e9d96428427a87095688dd5d895a - - default default] Successfully bumped revision number for resource eb81ad0e-1072-4230-941b-f9f8a0f9d84f (type: security_group_rules) to 0 [pid: 7|app: 0|req: 822/1513] 10.0.0.202 () {34 vars in 685 bytes} [Thu Mar 5 17:43:16 2026] POST /v2.0/security-groups => generated 1675 bytes in 208 msecs (HTTP/1.1 201) 4 headers in 163 bytes (1 switches on core 0) [pid: 7|app: 0|req: 823/1514] 10.0.0.136 () {34 vars in 1008 bytes} [Thu Mar 5 17:43:17 2026] GET /v2.0/networks/a75eb962-9703-4ca6-9fa6-ce7d2349c86c?fields=segments => generated 14 bytes in 38 msecs (HTTP/1.1 200) 4 headers in 156 bytes (1 switches on core 0)
2026-03-05 17:43:17.204 8 INFO neutron.db.ovn_revision_numbers_db [None req-743d1dd9-7fa6-477e-a5e2-5fd552a4ef91 8651c3e4e99545aebd9d5c18bceb695d 264dc64b060346de98ce51b55000a7c7 - - default default] Successfully bumped revision number for resource 4625bfc4-00ae-4f33-8d4c-f49d183534f1 (type: security_groups) to 1
2026-03-05 17:43:17.221 8 INFO neutron.db.ovn_revision_numbers_db [None req-743d1dd9-7fa6-477e-a5e2-5fd552a4ef91 8651c3e4e99545aebd9d5c18bceb695d 264dc64b060346de98ce51b55000a7c7 - - default default] Successfully bumped revision number for resource 0ccd106a-8119-4288-9ba0-05eb01cfc81d (type: security_group_rules) to 0
2026-03-05 17:43:17.234 8 INFO neutron.db.ovn_revision_numbers_db [None req-743d1dd9-7fa6-477e-a5e2-5fd552a4ef91 8651c3e4e99545aebd9d5c18bceb695d 264dc64b060346de98ce51b55000a7c7 - - default default] Successfully bumped revision number for resource 14f99a6a-4962-4cf9-a9bc-5e1bab1ec4c2 (type: security_group_rules) to 0
2026-03-05 17:43:17.251 8 INFO neutron.db.ovn_revision_numbers_db [None req-743d1dd9-7fa6-477e-a5e2-5fd552a4ef91 8651c3e4e99545aebd9d5c18bceb695d 264dc64b060346de98ce51b55000a7c7 - - default default] Successfully bumped revision number for resource 6d2dd7fe-4233-4998-8291-1e83fa715edb (type: security_group_rules) to 0
2026-03-05 17:43:17.269 8 INFO neutron.db.ovn_revision_numbers_db [None req-743d1dd9-7fa6-477e-a5e2-5fd552a4ef91 8651c3e4e99545aebd9d5c18bceb695d 264dc64b060346de98ce51b55000a7c7 - - default default] Successfully bumped revision number for resource b3046020-e2d9-4e3a-8aa7-501d4d36b36c (type: security_group_rules) to 0
2026-03-05 17:43:17.287 7 INFO neutron.db.ovn_revision_numbers_db [None req-abcde153-6ca5-4da8-8673-b2b7c80bd2d1 92ec08b645a74a68ba58b56ea06bf7e6 dfe2e9d96428427a87095688dd5d895a - - default default] Successfully bumped revision number for resource aca6a38e-86a6-40fd-b07e-cf3dcfc9cc55 (type: security_group_rules) to 0 [pid: 8|app: 0|req: 692/1515] 10.0.0.202 () {32 vars in 774 bytes} [Thu Mar 5 17:43:17 2026] GET /v2.0/security-groups?tenant_id=1019cd0536484b6db690d5be59e4b0f8&name=default => generated 2925 bytes in 261 msecs (HTTP/1.1 200) 4 headers in 158 bytes (1 switches on core 0) [pid: 7|app: 0|req: 824/1516] 10.0.0.202 () {34 vars in 695 bytes} [Thu Mar 5 17:43:17 2026] POST /v2.0/security-group-rules => generated 597 bytes in 180 msecs (HTTP/1.1 201) 4 headers in 162 bytes (1 switches on core 0) [pid: 8|app: 0|req: 693/1517] 10.0.0.136 () {34 vars in 1108 bytes} [Thu Mar 5 17:43:17 2026] GET /v2.0/networks/a75eb962-9703-4ca6-9fa6-ce7d2349c86c?fields=provider%3Aphysical_network&fields=provider%3Anetwork_type => generated 79 bytes in 43 msecs (HTTP/1.1 200) 4 headers in 156 bytes (1 switches on core 0)
2026-03-05 17:43:17.537 8 INFO neutron.db.ovn_revision_numbers_db [None req-04c71796-d14a-4480-836e-25c9ba4cdede 92ec08b645a74a68ba58b56ea06bf7e6 dfe2e9d96428427a87095688dd5d895a - - default default] Successfully bumped revision number for resource b3551dd2-8f54-479e-8ed8-94a3c8ec4004 (type: security_group_rules) to 0 [pid: 8|app: 0|req: 694/1518] 10.0.0.202 () {34 vars in 695 bytes} [Thu Mar 5 17:43:17 2026] POST /v2.0/security-group-rules => generated 596 bytes in 222 msecs (HTTP/1.1 201) 4 headers in 162 bytes (1 switches on core 0) [pid: 7|app: 0|req: 825/1519] 10.0.0.202 () {32 vars in 740 bytes} [Thu Mar 5 17:43:17 2026] DELETE /v2.0/security-groups/4625bfc4-00ae-4f33-8d4c-f49d183534f1 => generated 0 bytes in 269 msecs (HTTP/1.1 204) 2 headers in 112 bytes (1 switches on core 0) [pid: 8|app: 0|req: 695/1520] 10.0.0.136 () {34 vars in 990 bytes} [Thu Mar 5 17:43:17 2026] GET /v2.0/ports?device_id=8faea85a-4385-419f-a3aa-8fe89912c80d => generated 12 bytes in 25 msecs (HTTP/1.1 200) 4 headers in 156 bytes (1 switches on core 0)
2026-03-05 17:43:17.724 7 INFO neutron.db.ovn_revision_numbers_db [None req-4f7fd813-7306-49c3-8a67-aaa4ca3c039b 92ec08b645a74a68ba58b56ea06bf7e6 dfe2e9d96428427a87095688dd5d895a - - default default] Successfully bumped revision number for resource ef1cee73-f415-4b98-a422-3108732447bc (type: security_group_rules) to 0 [pid: 7|app: 0|req: 826/1521] 10.0.0.202 () {34 vars in 695 bytes} [Thu Mar 5 17:43:17 2026] POST /v2.0/security-group-rules => generated 602 bytes in 165 msecs (HTTP/1.1 201) 4 headers in 162 bytes (1 switches on core 0)
2026-03-05 17:43:17.911 8 INFO neutron.db.ovn_revision_numbers_db [None req-3fbfbe24-8746-4d43-85f2-a20520ff9d92 92ec08b645a74a68ba58b56ea06bf7e6 dfe2e9d96428427a87095688dd5d895a - - default default] Successfully bumped revision number for resource d3bc2f05-8748-4537-9bda-c56d30f007fa (type: security_group_rules) to 0 [pid: 8|app: 0|req: 696/1522] 10.0.0.202 () {34 vars in 695 bytes} [Thu Mar 5 17:43:17 2026] POST /v2.0/security-group-rules => generated 601 bytes in 181 msecs (HTTP/1.1 201) 4 headers in 162 bytes (1 switches on core 0)
