2026-04-23 09:33:03.257 8 INFO placement.requestlog [None req-95469cc7-b6f5-4914-935a-ede12f3de619 55ebb88cb9904d61872fe173c522f4b2 4adc3b9d00c749668e2bf6d335ba48d5 - - a7f63df5aa194415b0a1b56b9f6835ad a7f63df5aa194415b0a1b56b9f6835ad] 10.0.0.71 "DELETE /resource_providers/e7c6b69f-408d-4ceb-af3f-d292ce8f47b7" status: 404 len: 246 microversion: 1.1 [pid: 8|app: 0|req: 338/678] 10.0.0.71 () {34 vars in 814 bytes} [Thu Apr 23 09:33:03 2026] DELETE /resource_providers/e7c6b69f-408d-4ceb-af3f-d292ce8f47b7 => generated 246 bytes in 9 msecs (HTTP/1.1 404) 6 headers in 231 bytes (1 switches on core 0)
2026-04-23 09:33:03.269 7 INFO placement.requestlog [None req-f0dcc115-0fc8-4cf9-a830-ff30508e31f8 55ebb88cb9904d61872fe173c522f4b2 4adc3b9d00c749668e2bf6d335ba48d5 - - a7f63df5aa194415b0a1b56b9f6835ad a7f63df5aa194415b0a1b56b9f6835ad] 10.0.0.71 "DELETE /resource_providers/e7c6b69f-408d-4ceb-af3f-d292ce8f47b7" status: 404 len: 246 microversion: 1.1 [pid: 7|app: 0|req: 341/679] 10.0.0.71 () {34 vars in 814 bytes} [Thu Apr 23 09:33:03 2026] DELETE /resource_providers/e7c6b69f-408d-4ceb-af3f-d292ce8f47b7 => generated 246 bytes in 16 msecs (HTTP/1.1 404) 6 headers in 231 bytes (1 switches on core 0)
2026-04-23 09:33:08.986 8 INFO placement.requestlog [None req-c5cbbd19-51a4-47d0-b8f0-7239bd9e8b3c 55ebb88cb9904d61872fe173c522f4b2 4adc3b9d00c749668e2bf6d335ba48d5 - - a7f63df5aa194415b0a1b56b9f6835ad a7f63df5aa194415b0a1b56b9f6835ad] 10.0.0.71 "GET /resource_providers/a4d8293d-5b12-494a-a728-d3af2b5cf8e9/aggregates" status: 404 len: 235 microversion: 1.1 [pid: 8|app: 0|req: 339/680] 10.0.0.71 () {32 vars in 814 bytes} [Thu Apr 23 09:33:08 2026] GET /resource_providers/a4d8293d-5b12-494a-a728-d3af2b5cf8e9/aggregates => generated 235 bytes in 12 msecs (HTTP/1.1 404) 5 headers in 202 bytes (1 switches on core 0)
2026-04-23 09:33:08.990 7 INFO placement.requestlog [None req-dd635c22-8c0a-47f4-a987-f7342e4281cf 55ebb88cb9904d61872fe173c522f4b2 4adc3b9d00c749668e2bf6d335ba48d5 - - a7f63df5aa194415b0a1b56b9f6835ad a7f63df5aa194415b0a1b56b9f6835ad] 10.0.0.71 "GET /resource_providers/a4d8293d-5b12-494a-a728-d3af2b5cf8e9/aggregates" status: 404 len: 235 microversion: 1.1 [pid: 7|app: 0|req: 342/681] 10.0.0.71 () {32 vars in 814 bytes} [Thu Apr 23 09:33:08 2026] GET /resource_providers/a4d8293d-5b12-494a-a728-d3af2b5cf8e9/aggregates => generated 235 bytes in 10 msecs (HTTP/1.1 404) 5 headers in 202 bytes (1 switches on core 0)
2026-04-23 09:33:09.012 7 INFO placement.requestlog [None req-9c7e60e5-00e0-4745-b005-e8e2109907ca 55ebb88cb9904d61872fe173c522f4b2 4adc3b9d00c749668e2bf6d335ba48d5 - - a7f63df5aa194415b0a1b56b9f6835ad a7f63df5aa194415b0a1b56b9f6835ad] 10.0.0.71 "DELETE /resource_providers/a4d8293d-5b12-494a-a728-d3af2b5cf8e9" status: 404 len: 246 microversion: 1.1 [pid: 7|app: 0|req: 343/682] 10.0.0.71 () {34 vars in 814 bytes} [Thu Apr 23 09:33:09 2026] DELETE /resource_providers/a4d8293d-5b12-494a-a728-d3af2b5cf8e9 => generated 246 bytes in 8 msecs (HTTP/1.1 404) 6 headers in 231 bytes (1 switches on core 0)
2026-04-23 09:33:09.013 8 INFO placement.requestlog [None req-cb5ce84c-1695-44ae-a3ec-f795eca0d5d0 55ebb88cb9904d61872fe173c522f4b2 4adc3b9d00c749668e2bf6d335ba48d5 - - a7f63df5aa194415b0a1b56b9f6835ad a7f63df5aa194415b0a1b56b9f6835ad] 10.0.0.71 "DELETE /resource_providers/a4d8293d-5b12-494a-a728-d3af2b5cf8e9" status: 404 len: 246 microversion: 1.1 [pid: 8|app: 0|req: 340/683] 10.0.0.71 () {34 vars in 814 bytes} [Thu Apr 23 09:33:09 2026] DELETE /resource_providers/a4d8293d-5b12-494a-a728-d3af2b5cf8e9 => generated 246 bytes in 10 msecs (HTTP/1.1 404) 6 headers in 231 bytes (1 switches on core 0)
2026-04-23 09:33:09.833 8 INFO placement.requestlog [None req-fc2e7bb1-3891-4bb4-b962-5d39179560bc - - - - - -] 10.0.0.56 "GET /" status: 200 len: 136 microversion: 1.0
2026-04-23 09:33:09.833 7 INFO placement.requestlog [None req-94900515-b3f9-4c22-953f-684bcbd70d64 - - - - - -] 10.0.0.56 "GET /" status: 200 len: 136 microversion: 1.0
2026-04-23 09:33:09.949 8 INFO placement.requestlog [req-bb5ddf7e-fb6d-4bea-ae6e-b30c978ea556 req-f1303b47-62ff-45c4-a7ac-449e10b6809b 50c85623908f44f6af86b1a3c6561027 4adc3b9d00c749668e2bf6d335ba48d5 - - a7f63df5aa194415b0a1b56b9f6835ad a7f63df5aa194415b0a1b56b9f6835ad] 199.204.45.89 "GET /resource_providers/083bff35-bfea-49fb-8983-fa7d06186d56/allocations" status: 200 len: 152 microversion: 1.0 [pid: 8|app: 0|req: 342/686] 199.204.45.89 () {32 vars in 855 bytes} [Thu Apr 23 09:33:09 2026] GET /resource_providers/083bff35-bfea-49fb-8983-fa7d06186d56/allocations => generated 152 bytes in 16 msecs (HTTP/1.1 200) 6 headers in 224 bytes (1 switches on core 0)
2026-04-23 09:33:09.971 7 INFO placement.requestlog [req-bb5ddf7e-fb6d-4bea-ae6e-b30c978ea556 req-09a8c39f-74dd-4770-bc9c-d7b2a009ad06 50c85623908f44f6af86b1a3c6561027 4adc3b9d00c749668e2bf6d335ba48d5 - - a7f63df5aa194415b0a1b56b9f6835ad a7f63df5aa194415b0a1b56b9f6835ad] 199.204.45.89 "GET /allocations/2de113ee-fe05-489c-9959-66dec250ec00" status: 200 len: 257 microversion: 1.28 [pid: 7|app: 0|req: 345/687] 199.204.45.89 () {34 vars in 861 bytes} [Thu Apr 23 09:33:09 2026] GET /allocations/2de113ee-fe05-489c-9959-66dec250ec00 => generated 257 bytes in 16 msecs (HTTP/1.1 200) 8 headers in 296 bytes (1 switches on core 0)
2026-04-23 09:33:10.613 8 INFO placement.requestlog [req-cba21d90-03f0-4989-a0d2-f790b54e6188 req-a761c67e-43c4-4fcc-aef6-8a26237dcfc2 50c85623908f44f6af86b1a3c6561027 4adc3b9d00c749668e2bf6d335ba48d5 - - a7f63df5aa194415b0a1b56b9f6835ad a7f63df5aa194415b0a1b56b9f6835ad] 10.0.0.62 "GET /allocation_candidates?limit=1000&resources=DISK_GB%3A1%2CMEMORY_MB%3A512%2CVCPU%3A1&root_required=%21COMPUTE_STATUS_DISABLED" status: 200 len: 2783 microversion: 1.36 [pid: 8|app: 0|req: 343/688] 10.0.0.62 () {34 vars in 1010 bytes} [Thu Apr 23 09:33:10 2026] GET /allocation_candidates?limit=1000&resources=DISK_GB%3A1%2CMEMORY_MB%3A512%2CVCPU%3A1&root_required=%21COMPUTE_STATUS_DISABLED => generated 2783 bytes in 52 msecs (HTTP/1.1 200) 8 headers in 297 bytes (1 switches on core 0)
2026-04-23 09:33:10.653 7 INFO placement.requestlog [req-cba21d90-03f0-4989-a0d2-f790b54e6188 req-09778784-bbc4-4bb4-8820-d50fabf5ee6b 50c85623908f44f6af86b1a3c6561027 4adc3b9d00c749668e2bf6d335ba48d5 - - a7f63df5aa194415b0a1b56b9f6835ad a7f63df5aa194415b0a1b56b9f6835ad] 10.0.0.62 "GET /allocations/2b33ee83-c0ea-496f-b9b4-71607537c30e" status: 200 len: 19 microversion: 1.28 [pid: 7|app: 0|req: 346/689] 10.0.0.62 () {34 vars in 859 bytes} [Thu Apr 23 09:33:10 2026] GET /allocations/2b33ee83-c0ea-496f-b9b4-71607537c30e => generated 19 bytes in 11 msecs (HTTP/1.1 200) 8 headers in 295 bytes (1 switches on core 0)
2026-04-23 09:33:10.733 8 INFO placement.requestlog [req-cba21d90-03f0-4989-a0d2-f790b54e6188 req-c9603294-6538-4f97-8e0f-caa468f3dfd3 50c85623908f44f6af86b1a3c6561027 4adc3b9d00c749668e2bf6d335ba48d5 - - a7f63df5aa194415b0a1b56b9f6835ad a7f63df5aa194415b0a1b56b9f6835ad] 10.0.0.62 "PUT /allocations/2b33ee83-c0ea-496f-b9b4-71607537c30e" status: 204 len: 0 microversion: 1.36 [pid: 8|app: 0|req: 344/690] 10.0.0.62 () {38 vars in 912 bytes} [Thu Apr 23 09:33:10 2026] PUT /allocations/2b33ee83-c0ea-496f-b9b4-71607537c30e => generated 0 bytes in 66 msecs (HTTP/1.1 204) 5 headers in 199 bytes (1 switches on core 0)
2026-04-23 09:33:11.029 7 INFO placement.requestlog [req-bb5ddf7e-fb6d-4bea-ae6e-b30c978ea556 req-a08fd505-cc93-4fb4-8aa0-7d244b01f203 50c85623908f44f6af86b1a3c6561027 4adc3b9d00c749668e2bf6d335ba48d5 - - a7f63df5aa194415b0a1b56b9f6835ad a7f63df5aa194415b0a1b56b9f6835ad] 199.204.45.89 "DELETE /allocations/2de113ee-fe05-489c-9959-66dec250ec00" status: 204 len: 0 microversion: 1.0 [pid: 7|app: 0|req: 347/691] 199.204.45.89 () {34 vars in 839 bytes} [Thu Apr 23 09:33:11 2026] DELETE /allocations/2de113ee-fe05-489c-9959-66dec250ec00 => generated 0 bytes in 28 msecs (HTTP/1.1 204) 5 headers in 198 bytes (1 switches on core 0)
2026-04-23 09:33:11.039 7 INFO placement.requestlog [None req-dfb26f7d-9d61-468d-a58e-857edce537ed 55ebb88cb9904d61872fe173c522f4b2 4adc3b9d00c749668e2bf6d335ba48d5 - - a7f63df5aa194415b0a1b56b9f6835ad a7f63df5aa194415b0a1b56b9f6835ad] 10.0.0.71 "GET /resource_providers/73f64801-d2d8-493e-bf6b-a6bdbd5d64b4/aggregates" status: 404 len: 235 microversion: 1.1 [pid: 7|app: 0|req: 348/692] 10.0.0.71 () {32 vars in 814 bytes} [Thu Apr 23 09:33:11 2026] GET /resource_providers/73f64801-d2d8-493e-bf6b-a6bdbd5d64b4/aggregates => generated 235 bytes in 10 msecs (HTTP/1.1 404) 5 headers in 202 bytes (1 switches on core 0)
2026-04-23 09:33:11.049 8 INFO placement.requestlog [None req-67214189-89e7-4494-a6c7-7573b3c99ac9 55ebb88cb9904d61872fe173c522f4b2 4adc3b9d00c749668e2bf6d335ba48d5 - - a7f63df5aa194415b0a1b56b9f6835ad a7f63df5aa194415b0a1b56b9f6835ad] 10.0.0.71 "GET /resource_providers/73f64801-d2d8-493e-bf6b-a6bdbd5d64b4/aggregates" status: 404 len: 235 microversion: 1.1 [pid: 8|app: 0|req: 345/693] 10.0.0.71 () {32 vars in 814 bytes} [Thu Apr 23 09:33:11 2026] GET /resource_providers/73f64801-d2d8-493e-bf6b-a6bdbd5d64b4/aggregates => generated 235 bytes in 28 msecs (HTTP/1.1 404) 5 headers in 202 bytes (1 switches on core 0)
2026-04-23 09:33:11.070 7 INFO placement.requestlog [None req-f86857c4-1641-49df-8561-d38a7dc9a99b 55ebb88cb9904d61872fe173c522f4b2 4adc3b9d00c749668e2bf6d335ba48d5 - - a7f63df5aa194415b0a1b56b9f6835ad a7f63df5aa194415b0a1b56b9f6835ad] 10.0.0.71 "DELETE /resource_providers/73f64801-d2d8-493e-bf6b-a6bdbd5d64b4" status: 404 len: 246 microversion: 1.1 [pid: 7|app: 0|req: 349/694] 10.0.0.71 () {34 vars in 814 bytes} [Thu Apr 23 09:33:11 2026] DELETE /resource_providers/73f64801-d2d8-493e-bf6b-a6bdbd5d64b4 => generated 246 bytes in 8 msecs (HTTP/1.1 404) 6 headers in 231 bytes (1 switches on core 0)
2026-04-23 09:33:11.080 8 INFO placement.requestlog [None req-4d858e1e-c9ba-4f13-981b-935fe8a712b8 55ebb88cb9904d61872fe173c522f4b2 4adc3b9d00c749668e2bf6d335ba48d5 - - a7f63df5aa194415b0a1b56b9f6835ad a7f63df5aa194415b0a1b56b9f6835ad] 10.0.0.71 "DELETE /resource_providers/73f64801-d2d8-493e-bf6b-a6bdbd5d64b4" status: 404 len: 246 microversion: 1.1 [pid: 8|app: 0|req: 346/695] 10.0.0.71 () {34 vars in 814 bytes} [Thu Apr 23 09:33:11 2026] DELETE /resource_providers/73f64801-d2d8-493e-bf6b-a6bdbd5d64b4 => generated 246 bytes in 14 msecs (HTTP/1.1 404) 6 headers in 231 bytes (1 switches on core 0)
2026-04-23 09:33:12.203 7 INFO placement.requestlog [req-cba21d90-03f0-4989-a0d2-f790b54e6188 req-61bfba3b-9362-45ee-be30-f2d614693c0b 50c85623908f44f6af86b1a3c6561027 4adc3b9d00c749668e2bf6d335ba48d5 - - a7f63df5aa194415b0a1b56b9f6835ad a7f63df5aa194415b0a1b56b9f6835ad] 199.204.45.89 "GET /allocations/2b33ee83-c0ea-496f-b9b4-71607537c30e" status: 200 len: 257 microversion: 1.28 [pid: 7|app: 0|req: 350/696] 199.204.45.89 () {34 vars in 861 bytes} [Thu Apr 23 09:33:12 2026] GET /allocations/2b33ee83-c0ea-496f-b9b4-71607537c30e => generated 257 bytes in 13 msecs (HTTP/1.1 200) 8 headers in 296 bytes (1 switches on core 0)
2026-04-23 09:33:13.254 8 INFO placement.requestlog [req-cba21d90-03f0-4989-a0d2-f790b54e6188 req-02ae1e86-87b0-40ac-88c6-386a562a6f4d 50c85623908f44f6af86b1a3c6561027 4adc3b9d00c749668e2bf6d335ba48d5 - - a7f63df5aa194415b0a1b56b9f6835ad a7f63df5aa194415b0a1b56b9f6835ad] 199.204.45.89 "GET /resource_providers/083bff35-bfea-49fb-8983-fa7d06186d56/allocations" status: 200 len: 152 microversion: 1.0 [pid: 8|app: 0|req: 347/697] 199.204.45.89 () {32 vars in 855 bytes} [Thu Apr 23 09:33:13 2026] GET /resource_providers/083bff35-bfea-49fb-8983-fa7d06186d56/allocations => generated 152 bytes in 24 msecs (HTTP/1.1 200) 6 headers in 224 bytes (1 switches on core 0)
2026-04-23 09:33:13.273 7 INFO placement.requestlog [req-cba21d90-03f0-4989-a0d2-f790b54e6188 req-e09a02fd-41de-4eb8-ac45-14c5dd216b5f 50c85623908f44f6af86b1a3c6561027 4adc3b9d00c749668e2bf6d335ba48d5 - - a7f63df5aa194415b0a1b56b9f6835ad a7f63df5aa194415b0a1b56b9f6835ad] 199.204.45.89 "GET /allocations/2b33ee83-c0ea-496f-b9b4-71607537c30e" status: 200 len: 257 microversion: 1.28 [pid: 7|app: 0|req: 351/698] 199.204.45.89 () {34 vars in 861 bytes} [Thu Apr 23 09:33:13 2026] GET /allocations/2b33ee83-c0ea-496f-b9b4-71607537c30e => generated 257 bytes in 13 msecs (HTTP/1.1 200) 8 headers in 296 bytes (1 switches on core 0)
2026-04-23 09:33:16.360 8 INFO placement.requestlog [None req-6bd62e5a-21ce-4daa-beee-b1a1aacfc679 55ebb88cb9904d61872fe173c522f4b2 4adc3b9d00c749668e2bf6d335ba48d5 - - a7f63df5aa194415b0a1b56b9f6835ad a7f63df5aa194415b0a1b56b9f6835ad] 10.0.0.71 "GET /resource_providers/c648468d-17e9-4b55-8189-c4b3219b58a2/aggregates" status: 404 len: 235 microversion: 1.1 [pid: 8|app: 0|req: 348/699] 10.0.0.71 () {32 vars in 814 bytes} [Thu Apr 23 09:33:16 2026] GET /resource_providers/c648468d-17e9-4b55-8189-c4b3219b58a2/aggregates => generated 235 bytes in 11 msecs (HTTP/1.1 404) 5 headers in 202 bytes (1 switches on core 0)
2026-04-23 09:33:16.364 7 INFO placement.requestlog [None req-76ec25ee-ce30-4921-830f-ddb5bf3fc855 55ebb88cb9904d61872fe173c522f4b2 4adc3b9d00c749668e2bf6d335ba48d5 - - a7f63df5aa194415b0a1b56b9f6835ad a7f63df5aa194415b0a1b56b9f6835ad] 10.0.0.71 "GET /resource_providers/c648468d-17e9-4b55-8189-c4b3219b58a2/aggregates" status: 404 len: 235 microversion: 1.1 [pid: 7|app: 0|req: 352/700] 10.0.0.71 () {32 vars in 814 bytes} [Thu Apr 23 09:33:16 2026] GET /resource_providers/c648468d-17e9-4b55-8189-c4b3219b58a2/aggregates => generated 235 bytes in 13 msecs (HTTP/1.1 404) 5 headers in 202 bytes (1 switches on core 0)
2026-04-23 09:33:16.383 8 INFO placement.requestlog [None req-083df854-4e8a-4363-b306-647d4cb43c47 55ebb88cb9904d61872fe173c522f4b2 4adc3b9d00c749668e2bf6d335ba48d5 - - a7f63df5aa194415b0a1b56b9f6835ad a7f63df5aa194415b0a1b56b9f6835ad] 10.0.0.71 "DELETE /resource_providers/c648468d-17e9-4b55-8189-c4b3219b58a2" status: 404 len: 246 microversion: 1.1 [pid: 8|app: 0|req: 349/701] 10.0.0.71 () {34 vars in 814 bytes} [Thu Apr 23 09:33:16 2026] DELETE /resource_providers/c648468d-17e9-4b55-8189-c4b3219b58a2 => generated 246 bytes in 8 msecs (HTTP/1.1 404) 6 headers in 231 bytes (1 switches on core 0)
2026-04-23 09:33:16.399 7 INFO placement.requestlog [None req-4429fe36-f58c-4faa-84d7-2772c6089fcf 55ebb88cb9904d61872fe173c522f4b2 4adc3b9d00c749668e2bf6d335ba48d5 - - a7f63df5aa194415b0a1b56b9f6835ad a7f63df5aa194415b0a1b56b9f6835ad] 10.0.0.71 "DELETE /resource_providers/c648468d-17e9-4b55-8189-c4b3219b58a2" status: 404 len: 246 microversion: 1.1 [pid: 7|app: 0|req: 353/702] 10.0.0.71 () {34 vars in 814 bytes} [Thu Apr 23 09:33:16 2026] DELETE /resource_providers/c648468d-17e9-4b55-8189-c4b3219b58a2 => generated 246 bytes in 19 msecs (HTTP/1.1 404) 6 headers in 231 bytes (1 switches on core 0)
2026-04-23 09:33:19.833 8 INFO placement.requestlog [None req-5a76b31f-edaf-4285-bafa-3ac16d9b34e2 - - - - - -] 10.0.0.56 "GET /" status: 200 len: 136 microversion: 1.0
2026-04-23 09:33:19.834 7 INFO placement.requestlog [None req-bee73f0e-9354-4236-b163-444897c87874 - - - - - -] 10.0.0.56 "GET /" status: 200 len: 136 microversion: 1.0
2026-04-23 09:33:23.163 8 INFO placement.requestlog [req-0275259b-1b8a-4542-84ca-e42d4d5696d2 req-af0bd2a2-39ee-4bd0-bc20-49990f544bf0 50c85623908f44f6af86b1a3c6561027 4adc3b9d00c749668e2bf6d335ba48d5 - - a7f63df5aa194415b0a1b56b9f6835ad a7f63df5aa194415b0a1b56b9f6835ad] 10.0.0.62 "GET /allocation_candidates?limit=1000&resources=DISK_GB%3A1%2CMEMORY_MB%3A512%2CVCPU%3A1&root_required=%21COMPUTE_STATUS_DISABLED" status: 200 len: 2783 microversion: 1.36 [pid: 8|app: 0|req: 351/705] 10.0.0.62 () {34 vars in 1010 bytes} [Thu Apr 23 09:33:23 2026] GET /allocation_candidates?limit=1000&resources=DISK_GB%3A1%2CMEMORY_MB%3A512%2CVCPU%3A1&root_required=%21COMPUTE_STATUS_DISABLED => generated 2783 bytes in 49 msecs (HTTP/1.1 200) 8 headers in 297 bytes (1 switches on core 0)
2026-04-23 09:33:23.217 7 INFO placement.requestlog [req-0275259b-1b8a-4542-84ca-e42d4d5696d2 req-e1a95f2e-c48a-47db-be07-65b5e8734568 50c85623908f44f6af86b1a3c6561027 4adc3b9d00c749668e2bf6d335ba48d5 - - a7f63df5aa194415b0a1b56b9f6835ad a7f63df5aa194415b0a1b56b9f6835ad] 10.0.0.62 "GET /allocations/42e3fce8-775a-446c-abd9-c3223c8d0345" status: 200 len: 19 microversion: 1.28 [pid: 7|app: 0|req: 355/706] 10.0.0.62 () {34 vars in 859 bytes} [Thu Apr 23 09:33:23 2026] GET /allocations/42e3fce8-775a-446c-abd9-c3223c8d0345 => generated 19 bytes in 14 msecs (HTTP/1.1 200) 8 headers in 295 bytes (1 switches on core 0)
2026-04-23 09:33:23.289 8 INFO placement.requestlog [req-0275259b-1b8a-4542-84ca-e42d4d5696d2 req-ab091ecc-68dd-4c9e-a418-81e7eb276cb4 50c85623908f44f6af86b1a3c6561027 4adc3b9d00c749668e2bf6d335ba48d5 - - a7f63df5aa194415b0a1b56b9f6835ad a7f63df5aa194415b0a1b56b9f6835ad] 10.0.0.62 "PUT /allocations/42e3fce8-775a-446c-abd9-c3223c8d0345" status: 204 len: 0 microversion: 1.36 [pid: 8|app: 0|req: 352/707] 10.0.0.62 () {38 vars in 912 bytes} [Thu Apr 23 09:33:23 2026] PUT /allocations/42e3fce8-775a-446c-abd9-c3223c8d0345 => generated 0 bytes in 63 msecs (HTTP/1.1 204) 5 headers in 199 bytes (1 switches on core 0)
2026-04-23 09:33:24.774 7 INFO placement.requestlog [req-0275259b-1b8a-4542-84ca-e42d4d5696d2 req-b6e9b322-7db2-4163-8e05-2b13b938e08a 50c85623908f44f6af86b1a3c6561027 4adc3b9d00c749668e2bf6d335ba48d5 - - a7f63df5aa194415b0a1b56b9f6835ad a7f63df5aa194415b0a1b56b9f6835ad] 199.204.45.89 "GET /allocations/42e3fce8-775a-446c-abd9-c3223c8d0345" status: 200 len: 257 microversion: 1.28 [pid: 7|app: 0|req: 356/708] 199.204.45.89 () {34 vars in 861 bytes} [Thu Apr 23 09:33:24 2026] GET /allocations/42e3fce8-775a-446c-abd9-c3223c8d0345 => generated 257 bytes in 19 msecs (HTTP/1.1 200) 8 headers in 296 bytes (1 switches on core 0)
2026-04-23 09:33:25.823 8 INFO placement.requestlog [req-0275259b-1b8a-4542-84ca-e42d4d5696d2 req-cee3b3db-8de1-4221-8664-4786ec1aa1ad 50c85623908f44f6af86b1a3c6561027 4adc3b9d00c749668e2bf6d335ba48d5 - - a7f63df5aa194415b0a1b56b9f6835ad a7f63df5aa194415b0a1b56b9f6835ad] 199.204.45.89 "GET /resource_providers/083bff35-bfea-49fb-8983-fa7d06186d56/allocations" status: 200 len: 252 microversion: 1.0 [pid: 8|app: 0|req: 353/709] 199.204.45.89 () {32 vars in 855 bytes} [Thu Apr 23 09:33:25 2026] GET /resource_providers/083bff35-bfea-49fb-8983-fa7d06186d56/allocations => generated 252 bytes in 20 msecs (HTTP/1.1 200) 6 headers in 224 bytes (1 switches on core 0)
2026-04-23 09:33:25.844 7 INFO placement.requestlog [req-0275259b-1b8a-4542-84ca-e42d4d5696d2 req-df1d453c-ec46-439d-b2da-4c92aae928c5 50c85623908f44f6af86b1a3c6561027 4adc3b9d00c749668e2bf6d335ba48d5 - - a7f63df5aa194415b0a1b56b9f6835ad a7f63df5aa194415b0a1b56b9f6835ad] 199.204.45.89 "GET /allocations/2b33ee83-c0ea-496f-b9b4-71607537c30e" status: 200 len: 257 microversion: 1.28 [pid: 7|app: 0|req: 357/710] 199.204.45.89 () {34 vars in 861 bytes} [Thu Apr 23 09:33:25 2026] GET /allocations/2b33ee83-c0ea-496f-b9b4-71607537c30e => generated 257 bytes in 16 msecs (HTTP/1.1 200) 8 headers in 296 bytes (1 switches on core 0)
2026-04-23 09:33:25.862 8 INFO placement.requestlog [req-0275259b-1b8a-4542-84ca-e42d4d5696d2 req-49526155-ad50-47d3-b71a-9ff32f2a7d4f 50c85623908f44f6af86b1a3c6561027 4adc3b9d00c749668e2bf6d335ba48d5 - - a7f63df5aa194415b0a1b56b9f6835ad a7f63df5aa194415b0a1b56b9f6835ad] 199.204.45.89 "GET /allocations/42e3fce8-775a-446c-abd9-c3223c8d0345" status: 200 len: 257 microversion: 1.28 [pid: 8|app: 0|req: 354/711] 199.204.45.89 () {34 vars in 861 bytes} [Thu Apr 23 09:33:25 2026] GET /allocations/42e3fce8-775a-446c-abd9-c3223c8d0345 => generated 257 bytes in 11 msecs (HTTP/1.1 200) 8 headers in 296 bytes (1 switches on core 0)
2026-04-23 09:33:29.833 7 INFO placement.requestlog [None req-3056e27b-e627-4e1a-b89a-516870d295b6 - - - - - -] 10.0.0.56 "GET /" status: 200 len: 136 microversion: 1.0
2026-04-23 09:33:29.834 8 INFO placement.requestlog [None req-39b8dcfe-af44-40a6-a1d1-b55555c656c6 - - - - - -] 10.0.0.56 "GET /" status: 200 len: 136 microversion: 1.0
2026-04-23 09:33:35.889 7 INFO placement.requestlog [None req-9ee4a182-0753-40f2-bebf-44539cae4a24 55ebb88cb9904d61872fe173c522f4b2 4adc3b9d00c749668e2bf6d335ba48d5 - - a7f63df5aa194415b0a1b56b9f6835ad a7f63df5aa194415b0a1b56b9f6835ad] 10.0.0.71 "GET /resource_providers/eec0fb6b-11a0-4f73-ba18-77da0026280d/aggregates" status: 404 len: 235 microversion: 1.1 [pid: 7|app: 0|req: 359/714] 10.0.0.71 () {32 vars in 814 bytes} [Thu Apr 23 09:33:35 2026] GET /resource_providers/eec0fb6b-11a0-4f73-ba18-77da0026280d/aggregates => generated 235 bytes in 12 msecs (HTTP/1.1 404) 5 headers in 202 bytes (1 switches on core 0)
2026-04-23 09:33:35.892 8 INFO placement.requestlog [None req-85edb6fb-ed5b-4711-b2ef-61d862d0c7ba 55ebb88cb9904d61872fe173c522f4b2 4adc3b9d00c749668e2bf6d335ba48d5 - - a7f63df5aa194415b0a1b56b9f6835ad a7f63df5aa194415b0a1b56b9f6835ad] 10.0.0.71 "GET /resource_providers/eec0fb6b-11a0-4f73-ba18-77da0026280d/aggregates" status: 404 len: 235 microversion: 1.1 [pid: 8|app: 0|req: 356/715] 10.0.0.71 () {32 vars in 814 bytes} [Thu Apr 23 09:33:35 2026] GET /resource_providers/eec0fb6b-11a0-4f73-ba18-77da0026280d/aggregates => generated 235 bytes in 11 msecs (HTTP/1.1 404) 5 headers in 202 bytes (1 switches on core 0)
2026-04-23 09:33:35.914 8 INFO placement.requestlog [None req-f46dd72c-d513-4d66-8a28-2b0fe93f5f9d 55ebb88cb9904d61872fe173c522f4b2 4adc3b9d00c749668e2bf6d335ba48d5 - - a7f63df5aa194415b0a1b56b9f6835ad a7f63df5aa194415b0a1b56b9f6835ad] 10.0.0.71 "DELETE /resource_providers/eec0fb6b-11a0-4f73-ba18-77da0026280d" status: 404 len: 246 microversion: 1.1
2026-04-23 09:33:35.914 7 INFO placement.requestlog [None req-506b5501-bb7e-40f8-a7c2-6b3eb64fee49 55ebb88cb9904d61872fe173c522f4b2 4adc3b9d00c749668e2bf6d335ba48d5 - - a7f63df5aa194415b0a1b56b9f6835ad a7f63df5aa194415b0a1b56b9f6835ad] 10.0.0.71 "DELETE /resource_providers/eec0fb6b-11a0-4f73-ba18-77da0026280d" status: 404 len: 246 microversion: 1.1 [pid: 8|app: 0|req: 357/716] 10.0.0.71 () {34 vars in 814 bytes} [Thu Apr 23 09:33:35 2026] DELETE /resource_providers/eec0fb6b-11a0-4f73-ba18-77da0026280d => generated 246 bytes in 10 msecs (HTTP/1.1 404) 6 headers in 231 bytes (1 switches on core 0) [pid: 7|app: 0|req: 360/717] 10.0.0.71 () {34 vars in 814 bytes} [Thu Apr 23 09:33:35 2026] DELETE /resource_providers/eec0fb6b-11a0-4f73-ba18-77da0026280d => generated 246 bytes in 11 msecs (HTTP/1.1 404) 6 headers in 231 bytes (1 switches on core 0)
2026-04-23 09:33:37.943 8 INFO placement.requestlog [None req-75b09316-ecd3-4d15-861c-fb21a8626bf8 55ebb88cb9904d61872fe173c522f4b2 4adc3b9d00c749668e2bf6d335ba48d5 - - a7f63df5aa194415b0a1b56b9f6835ad a7f63df5aa194415b0a1b56b9f6835ad] 10.0.0.71 "GET /resource_providers/2de02e20-77aa-41a0-a493-5393a5cbf903/aggregates" status: 404 len: 235 microversion: 1.1 [pid: 8|app: 0|req: 358/718] 10.0.0.71 () {32 vars in 814 bytes} [Thu Apr 23 09:33:37 2026] GET /resource_providers/2de02e20-77aa-41a0-a493-5393a5cbf903/aggregates => generated 235 bytes in 12 msecs (HTTP/1.1 404) 5 headers in 202 bytes (1 switches on core 0)
2026-04-23 09:33:37.945 7 INFO placement.requestlog [None req-659362b7-a5dc-47a2-988d-d569ca42b8b1 55ebb88cb9904d61872fe173c522f4b2 4adc3b9d00c749668e2bf6d335ba48d5 - - a7f63df5aa194415b0a1b56b9f6835ad a7f63df5aa194415b0a1b56b9f6835ad] 10.0.0.71 "GET /resource_providers/2de02e20-77aa-41a0-a493-5393a5cbf903/aggregates" status: 404 len: 235 microversion: 1.1 [pid: 7|app: 0|req: 361/719] 10.0.0.71 () {32 vars in 814 bytes} [Thu Apr 23 09:33:37 2026] GET /resource_providers/2de02e20-77aa-41a0-a493-5393a5cbf903/aggregates => generated 235 bytes in 12 msecs (HTTP/1.1 404) 5 headers in 202 bytes (1 switches on core 0)
2026-04-23 09:33:37.975 8 INFO placement.requestlog [None req-d0ccb4c2-72d3-42d9-91b7-d821294da2c4 55ebb88cb9904d61872fe173c522f4b2 4adc3b9d00c749668e2bf6d335ba48d5 - - a7f63df5aa194415b0a1b56b9f6835ad a7f63df5aa194415b0a1b56b9f6835ad] 10.0.0.71 "DELETE /resource_providers/2de02e20-77aa-41a0-a493-5393a5cbf903" status: 404 len: 246 microversion: 1.1
2026-04-23 09:33:37.975 7 INFO placement.requestlog [None req-765e8e09-5ba1-4eb2-8f77-c06abd4b9c9a 55ebb88cb9904d61872fe173c522f4b2 4adc3b9d00c749668e2bf6d335ba48d5 - - a7f63df5aa194415b0a1b56b9f6835ad a7f63df5aa194415b0a1b56b9f6835ad] 10.0.0.71 "DELETE /resource_providers/2de02e20-77aa-41a0-a493-5393a5cbf903" status: 404 len: 246 microversion: 1.1 [pid: 7|app: 0|req: 362/721] 10.0.0.71 () {34 vars in 814 bytes} [Thu Apr 23 09:33:37 2026] DELETE /resource_providers/2de02e20-77aa-41a0-a493-5393a5cbf903 => generated 246 bytes in 9 msecs (HTTP/1.1 404) 6 headers in 231 bytes (1 switches on core 0) [pid: 8|app: 0|req: 359/721] 10.0.0.71 () {34 vars in 814 bytes} [Thu Apr 23 09:33:37 2026] DELETE /resource_providers/2de02e20-77aa-41a0-a493-5393a5cbf903 => generated 246 bytes in 10 msecs (HTTP/1.1 404) 6 headers in 231 bytes (1 switches on core 0)
2026-04-23 09:33:39.833 7 INFO placement.requestlog [None req-dae49db7-d8f8-419f-b620-c1d735e5512a - - - - - -] 10.0.0.56 "GET /" status: 200 len: 136 microversion: 1.0
2026-04-23 09:33:39.833 8 INFO placement.requestlog [None req-c2d168d8-f3a0-4344-8f56-0dbde3c81ce9 - - - - - -] 10.0.0.56 "GET /" status: 200 len: 136 microversion: 1.0
2026-04-23 09:33:42.999 8 INFO placement.requestlog [None req-3c8b2523-986b-46cd-8fda-07602686e146 55ebb88cb9904d61872fe173c522f4b2 4adc3b9d00c749668e2bf6d335ba48d5 - - a7f63df5aa194415b0a1b56b9f6835ad a7f63df5aa194415b0a1b56b9f6835ad] 10.0.0.71 "GET /resource_providers/73ab8031-3a6d-4e99-ba82-ca2c67602424/aggregates" status: 404 len: 235 microversion: 1.1 [pid: 8|app: 0|req: 361/724] 10.0.0.71 () {32 vars in 814 bytes} [Thu Apr 23 09:33:42 2026] GET /resource_providers/73ab8031-3a6d-4e99-ba82-ca2c67602424/aggregates => generated 235 bytes in 7 msecs (HTTP/1.1 404) 5 headers in 202 bytes (1 switches on core 0)
2026-04-23 09:33:43.004 7 INFO placement.requestlog [None req-b9278c49-ee9d-463d-8e74-fe4d3be87e02 55ebb88cb9904d61872fe173c522f4b2 4adc3b9d00c749668e2bf6d335ba48d5 - - a7f63df5aa194415b0a1b56b9f6835ad a7f63df5aa194415b0a1b56b9f6835ad] 10.0.0.71 "GET /resource_providers/73ab8031-3a6d-4e99-ba82-ca2c67602424/aggregates" status: 404 len: 235 microversion: 1.1 [pid: 7|app: 0|req: 364/725] 10.0.0.71 () {32 vars in 814 bytes} [Thu Apr 23 09:33:42 2026] GET /resource_providers/73ab8031-3a6d-4e99-ba82-ca2c67602424/aggregates => generated 235 bytes in 15 msecs (HTTP/1.1 404) 5 headers in 202 bytes (1 switches on core 0)
2026-04-23 09:33:43.030 7 INFO placement.requestlog [None req-00b9aa3c-524a-4e8f-80f4-686288655b6d 55ebb88cb9904d61872fe173c522f4b2 4adc3b9d00c749668e2bf6d335ba48d5 - - a7f63df5aa194415b0a1b56b9f6835ad a7f63df5aa194415b0a1b56b9f6835ad] 10.0.0.71 "DELETE /resource_providers/73ab8031-3a6d-4e99-ba82-ca2c67602424" status: 404 len: 246 microversion: 1.1
2026-04-23 09:33:43.030 8 INFO placement.requestlog [None req-e9420844-0d20-47a2-9277-cd6ddaa4aec5 55ebb88cb9904d61872fe173c522f4b2 4adc3b9d00c749668e2bf6d335ba48d5 - - a7f63df5aa194415b0a1b56b9f6835ad a7f63df5aa194415b0a1b56b9f6835ad] 10.0.0.71 "DELETE /resource_providers/73ab8031-3a6d-4e99-ba82-ca2c67602424" status: 404 len: 246 microversion: 1.1 [pid: 8|app: 0|req: 362/726] 10.0.0.71 () {34 vars in 814 bytes} [Thu Apr 23 09:33:43 2026] DELETE /resource_providers/73ab8031-3a6d-4e99-ba82-ca2c67602424 => generated 246 bytes in 10 msecs (HTTP/1.1 404) 6 headers in 231 bytes (1 switches on core 0) [pid: 7|app: 0|req: 365/727] 10.0.0.71 () {34 vars in 814 bytes} [Thu Apr 23 09:33:43 2026] DELETE /resource_providers/73ab8031-3a6d-4e99-ba82-ca2c67602424 => generated 246 bytes in 10 msecs (HTTP/1.1 404) 6 headers in 231 bytes (1 switches on core 0)
2026-04-23 09:33:46.751 8 INFO placement.requestlog [req-51c8ae86-0a01-47e1-9333-260a09534d06 req-7d34445a-f750-4e1c-8a2e-5e386537086c 50c85623908f44f6af86b1a3c6561027 4adc3b9d00c749668e2bf6d335ba48d5 - - a7f63df5aa194415b0a1b56b9f6835ad a7f63df5aa194415b0a1b56b9f6835ad] 199.204.45.89 "GET /resource_providers/083bff35-bfea-49fb-8983-fa7d06186d56/allocations" status: 200 len: 252 microversion: 1.0 [pid: 8|app: 0|req: 363/728] 199.204.45.89 () {32 vars in 855 bytes} [Thu Apr 23 09:33:46 2026] GET /resource_providers/083bff35-bfea-49fb-8983-fa7d06186d56/allocations => generated 252 bytes in 24 msecs (HTTP/1.1 200) 6 headers in 224 bytes (1 switches on core 0)
2026-04-23 09:33:46.772 7 INFO placement.requestlog [req-51c8ae86-0a01-47e1-9333-260a09534d06 req-832d1bc7-eab5-40e6-8676-34fb598b1db5 50c85623908f44f6af86b1a3c6561027 4adc3b9d00c749668e2bf6d335ba48d5 - - a7f63df5aa194415b0a1b56b9f6835ad a7f63df5aa194415b0a1b56b9f6835ad] 199.204.45.89 "GET /allocations/2b33ee83-c0ea-496f-b9b4-71607537c30e" status: 200 len: 257 microversion: 1.28 [pid: 7|app: 0|req: 366/729] 199.204.45.89 () {34 vars in 861 bytes} [Thu Apr 23 09:33:46 2026] GET /allocations/2b33ee83-c0ea-496f-b9b4-71607537c30e => generated 257 bytes in 17 msecs (HTTP/1.1 200) 8 headers in 296 bytes (1 switches on core 0)
2026-04-23 09:33:46.799 8 INFO placement.requestlog [req-51c8ae86-0a01-47e1-9333-260a09534d06 req-0d3de4f1-0baf-4175-9c9f-43f4801b83a5 50c85623908f44f6af86b1a3c6561027 4adc3b9d00c749668e2bf6d335ba48d5 - - a7f63df5aa194415b0a1b56b9f6835ad a7f63df5aa194415b0a1b56b9f6835ad] 199.204.45.89 "GET /allocations/42e3fce8-775a-446c-abd9-c3223c8d0345" status: 200 len: 257 microversion: 1.28 [pid: 8|app: 0|req: 364/730] 199.204.45.89 () {34 vars in 861 bytes} [Thu Apr 23 09:33:46 2026] GET /allocations/42e3fce8-775a-446c-abd9-c3223c8d0345 => generated 257 bytes in 16 msecs (HTTP/1.1 200) 8 headers in 296 bytes (1 switches on core 0)
2026-04-23 09:33:47.868 7 INFO placement.requestlog [req-51c8ae86-0a01-47e1-9333-260a09534d06 req-5b914105-c8a1-4087-9e19-48ffd328d93b 50c85623908f44f6af86b1a3c6561027 4adc3b9d00c749668e2bf6d335ba48d5 - - a7f63df5aa194415b0a1b56b9f6835ad a7f63df5aa194415b0a1b56b9f6835ad] 199.204.45.89 "DELETE /allocations/2b33ee83-c0ea-496f-b9b4-71607537c30e" status: 204 len: 0 microversion: 1.0 [pid: 7|app: 0|req: 367/731] 199.204.45.89 () {34 vars in 839 bytes} [Thu Apr 23 09:33:47 2026] DELETE /allocations/2b33ee83-c0ea-496f-b9b4-71607537c30e => generated 0 bytes in 40 msecs (HTTP/1.1 204) 5 headers in 198 bytes (1 switches on core 0)
2026-04-23 09:33:48.960 8 INFO placement.requestlog [None req-4c0a5637-831c-420e-bba5-d52ee860816d 55ebb88cb9904d61872fe173c522f4b2 4adc3b9d00c749668e2bf6d335ba48d5 - - a7f63df5aa194415b0a1b56b9f6835ad a7f63df5aa194415b0a1b56b9f6835ad] 10.0.0.71 "GET /resource_providers/63c1a095-13d6-45ae-bffd-87eb8194055c/aggregates" status: 404 len: 235 microversion: 1.1 [pid: 8|app: 0|req: 365/732] 10.0.0.71 () {32 vars in 814 bytes} [Thu Apr 23 09:33:48 2026] GET /resource_providers/63c1a095-13d6-45ae-bffd-87eb8194055c/aggregates => generated 235 bytes in 12 msecs (HTTP/1.1 404) 5 headers in 202 bytes (1 switches on core 0)
2026-04-23 09:33:48.963 7 INFO placement.requestlog [None req-5f52c4ae-a4fb-4ccf-93f5-497ba4647fc8 55ebb88cb9904d61872fe173c522f4b2 4adc3b9d00c749668e2bf6d335ba48d5 - - a7f63df5aa194415b0a1b56b9f6835ad a7f63df5aa194415b0a1b56b9f6835ad] 10.0.0.71 "GET /resource_providers/63c1a095-13d6-45ae-bffd-87eb8194055c/aggregates" status: 404 len: 235 microversion: 1.1 [pid: 7|app: 0|req: 368/733] 10.0.0.71 () {32 vars in 814 bytes} [Thu Apr 23 09:33:48 2026] GET /resource_providers/63c1a095-13d6-45ae-bffd-87eb8194055c/aggregates => generated 235 bytes in 9 msecs (HTTP/1.1 404) 5 headers in 202 bytes (1 switches on core 0)
2026-04-23 09:33:48.988 8 INFO placement.requestlog [None req-b05e9ae8-95ae-4992-a0c0-0ece89dd4e38 55ebb88cb9904d61872fe173c522f4b2 4adc3b9d00c749668e2bf6d335ba48d5 - - a7f63df5aa194415b0a1b56b9f6835ad a7f63df5aa194415b0a1b56b9f6835ad] 10.0.0.71 "DELETE /resource_providers/63c1a095-13d6-45ae-bffd-87eb8194055c" status: 404 len: 246 microversion: 1.1 [pid: 8|app: 0|req: 366/734] 10.0.0.71 () {34 vars in 814 bytes} [Thu Apr 23 09:33:48 2026] DELETE /resource_providers/63c1a095-13d6-45ae-bffd-87eb8194055c => generated 246 bytes in 13 msecs (HTTP/1.1 404) 6 headers in 231 bytes (1 switches on core 0)
2026-04-23 09:33:48.990 7 INFO placement.requestlog [None req-35131a7f-a212-441e-88b9-b2ba2714819e 55ebb88cb9904d61872fe173c522f4b2 4adc3b9d00c749668e2bf6d335ba48d5 - - a7f63df5aa194415b0a1b56b9f6835ad a7f63df5aa194415b0a1b56b9f6835ad] 10.0.0.71 "DELETE /resource_providers/63c1a095-13d6-45ae-bffd-87eb8194055c" status: 404 len: 246 microversion: 1.1 [pid: 7|app: 0|req: 369/735] 10.0.0.71 () {34 vars in 814 bytes} [Thu Apr 23 09:33:48 2026] DELETE /resource_providers/63c1a095-13d6-45ae-bffd-87eb8194055c => generated 246 bytes in 11 msecs (HTTP/1.1 404) 6 headers in 231 bytes (1 switches on core 0)
2026-04-23 09:33:49.428 8 INFO placement.requestlog [None req-9c06a9e7-b174-4949-abed-485327312e24 55ebb88cb9904d61872fe173c522f4b2 4adc3b9d00c749668e2bf6d335ba48d5 - - a7f63df5aa194415b0a1b56b9f6835ad a7f63df5aa194415b0a1b56b9f6835ad] 10.0.0.71 "GET /resource_providers/6c047ea6-c703-4cd6-8580-fc182b5b2397/aggregates" status: 404 len: 235 microversion: 1.1
2026-04-23 09:33:49.429 7 INFO placement.requestlog [None req-f45f0e9e-9ef0-48c7-b758-2268dc906911 55ebb88cb9904d61872fe173c522f4b2 4adc3b9d00c749668e2bf6d335ba48d5 - - a7f63df5aa194415b0a1b56b9f6835ad a7f63df5aa194415b0a1b56b9f6835ad] 10.0.0.71 "GET /resource_providers/6c047ea6-c703-4cd6-8580-fc182b5b2397/aggregates" status: 404 len: 235 microversion: 1.1 [pid: 8|app: 0|req: 367/736] 10.0.0.71 () {32 vars in 814 bytes} [Thu Apr 23 09:33:49 2026] GET /resource_providers/6c047ea6-c703-4cd6-8580-fc182b5b2397/aggregates => generated 235 bytes in 12 msecs (HTTP/1.1 404) 5 headers in 202 bytes (1 switches on core 0) [pid: 7|app: 0|req: 370/737] 10.0.0.71 () {32 vars in 814 bytes} [Thu Apr 23 09:33:49 2026] GET /resource_providers/6c047ea6-c703-4cd6-8580-fc182b5b2397/aggregates => generated 235 bytes in 11 msecs (HTTP/1.1 404) 5 headers in 202 bytes (1 switches on core 0)
2026-04-23 09:33:49.458 8 INFO placement.requestlog [None req-90e5144e-f95d-4373-9c2d-ed7edbe66f6f 55ebb88cb9904d61872fe173c522f4b2 4adc3b9d00c749668e2bf6d335ba48d5 - - a7f63df5aa194415b0a1b56b9f6835ad a7f63df5aa194415b0a1b56b9f6835ad] 10.0.0.71 "DELETE /resource_providers/6c047ea6-c703-4cd6-8580-fc182b5b2397" status: 404 len: 246 microversion: 1.1
2026-04-23 09:33:49.458 7 INFO placement.requestlog [None req-11e14155-daec-4739-9f65-1bb566382656 55ebb88cb9904d61872fe173c522f4b2 4adc3b9d00c749668e2bf6d335ba48d5 - - a7f63df5aa194415b0a1b56b9f6835ad a7f63df5aa194415b0a1b56b9f6835ad] 10.0.0.71 "DELETE /resource_providers/6c047ea6-c703-4cd6-8580-fc182b5b2397" status: 404 len: 246 microversion: 1.1 [pid: 8|app: 0|req: 368/738] 10.0.0.71 () {34 vars in 814 bytes} [Thu Apr 23 09:33:49 2026] DELETE /resource_providers/6c047ea6-c703-4cd6-8580-fc182b5b2397 => generated 246 bytes in 12 msecs (HTTP/1.1 404) 6 headers in 231 bytes (1 switches on core 0) [pid: 7|app: 0|req: 371/739] 10.0.0.71 () {34 vars in 814 bytes} [Thu Apr 23 09:33:49 2026] DELETE /resource_providers/6c047ea6-c703-4cd6-8580-fc182b5b2397 => generated 246 bytes in 12 msecs (HTTP/1.1 404) 6 headers in 231 bytes (1 switches on core 0)
2026-04-23 09:33:49.833 7 INFO placement.requestlog [None req-dc5cc936-9baf-4296-b5ca-0620b8add6fe - - - - - -] 10.0.0.56 "GET /" status: 200 len: 136 microversion: 1.0
2026-04-23 09:33:49.833 8 INFO placement.requestlog [None req-6b4d05af-1575-476c-84a1-11fedace62da - - - - - -] 10.0.0.56 "GET /" status: 200 len: 136 microversion: 1.0
2026-04-23 09:33:50.194 7 INFO placement.requestlog [req-b7b97637-5b41-4022-be35-481486455830 req-beeba02b-43f6-4a24-bb62-bb1a2cb179c0 50c85623908f44f6af86b1a3c6561027 4adc3b9d00c749668e2bf6d335ba48d5 - - a7f63df5aa194415b0a1b56b9f6835ad a7f63df5aa194415b0a1b56b9f6835ad] 199.204.45.89 "GET /resource_providers/083bff35-bfea-49fb-8983-fa7d06186d56/allocations" status: 200 len: 152 microversion: 1.0 [pid: 7|app: 0|req: 373/742] 199.204.45.89 () {32 vars in 855 bytes} [Thu Apr 23 09:33:50 2026] GET /resource_providers/083bff35-bfea-49fb-8983-fa7d06186d56/allocations => generated 152 bytes in 17 msecs (HTTP/1.1 200) 6 headers in 224 bytes (1 switches on core 0)
2026-04-23 09:33:50.215 8 INFO placement.requestlog [req-b7b97637-5b41-4022-be35-481486455830 req-0fe8dd0f-d737-4acd-9cf4-9e00db2c98f4 50c85623908f44f6af86b1a3c6561027 4adc3b9d00c749668e2bf6d335ba48d5 - - a7f63df5aa194415b0a1b56b9f6835ad a7f63df5aa194415b0a1b56b9f6835ad] 199.204.45.89 "GET /allocations/42e3fce8-775a-446c-abd9-c3223c8d0345" status: 200 len: 257 microversion: 1.28 [pid: 8|app: 0|req: 370/743] 199.204.45.89 () {34 vars in 861 bytes} [Thu Apr 23 09:33:50 2026] GET /allocations/42e3fce8-775a-446c-abd9-c3223c8d0345 => generated 257 bytes in 14 msecs (HTTP/1.1 200) 8 headers in 296 bytes (1 switches on core 0)
2026-04-23 09:33:51.268 7 INFO placement.requestlog [req-b7b97637-5b41-4022-be35-481486455830 req-11ba5c6c-e0d1-43f8-b995-33dfd89131a6 50c85623908f44f6af86b1a3c6561027 4adc3b9d00c749668e2bf6d335ba48d5 - - a7f63df5aa194415b0a1b56b9f6835ad a7f63df5aa194415b0a1b56b9f6835ad] 199.204.45.89 "DELETE /allocations/42e3fce8-775a-446c-abd9-c3223c8d0345" status: 204 len: 0 microversion: 1.0 [pid: 7|app: 0|req: 374/744] 199.204.45.89 () {34 vars in 839 bytes} [Thu Apr 23 09:33:51 2026] DELETE /allocations/42e3fce8-775a-446c-abd9-c3223c8d0345 => generated 0 bytes in 28 msecs (HTTP/1.1 204) 5 headers in 198 bytes (1 switches on core 0)
2026-04-23 09:33:51.481 8 INFO placement.requestlog [None req-ec430df2-cda1-4816-8416-f86380bba65d 55ebb88cb9904d61872fe173c522f4b2 4adc3b9d00c749668e2bf6d335ba48d5 - - a7f63df5aa194415b0a1b56b9f6835ad a7f63df5aa194415b0a1b56b9f6835ad] 10.0.0.71 "GET /resource_providers/cfd174ac-5793-4f11-8daf-07bcdab0c220/aggregates" status: 404 len: 235 microversion: 1.1 [pid: 8|app: 0|req: 371/745] 10.0.0.71 () {32 vars in 814 bytes} [Thu Apr 23 09:33:51 2026] GET /resource_providers/cfd174ac-5793-4f11-8daf-07bcdab0c220/aggregates => generated 235 bytes in 10 msecs (HTTP/1.1 404) 5 headers in 202 bytes (1 switches on core 0)
2026-04-23 09:33:51.489 7 INFO placement.requestlog [None req-c8d1125a-c4b0-46b4-8da8-fd6abfa01665 55ebb88cb9904d61872fe173c522f4b2 4adc3b9d00c749668e2bf6d335ba48d5 - - a7f63df5aa194415b0a1b56b9f6835ad a7f63df5aa194415b0a1b56b9f6835ad] 10.0.0.71 "GET /resource_providers/cfd174ac-5793-4f11-8daf-07bcdab0c220/aggregates" status: 404 len: 235 microversion: 1.1 [pid: 7|app: 0|req: 375/746] 10.0.0.71 () {32 vars in 814 bytes} [Thu Apr 23 09:33:51 2026] GET /resource_providers/cfd174ac-5793-4f11-8daf-07bcdab0c220/aggregates => generated 235 bytes in 9 msecs (HTTP/1.1 404) 5 headers in 202 bytes (1 switches on core 0)
2026-04-23 09:33:51.507 7 INFO placement.requestlog [None req-a88eb9dc-9b13-44a2-893e-f0044aa7972d 55ebb88cb9904d61872fe173c522f4b2 4adc3b9d00c749668e2bf6d335ba48d5 - - a7f63df5aa194415b0a1b56b9f6835ad a7f63df5aa194415b0a1b56b9f6835ad] 10.0.0.71 "DELETE /resource_providers/cfd174ac-5793-4f11-8daf-07bcdab0c220" status: 404 len: 246 microversion: 1.1 [pid: 7|app: 0|req: 376/747] 10.0.0.71 () {34 vars in 814 bytes} [Thu Apr 23 09:33:51 2026] DELETE /resource_providers/cfd174ac-5793-4f11-8daf-07bcdab0c220 => generated 246 bytes in 9 msecs (HTTP/1.1 404) 6 headers in 231 bytes (1 switches on core 0)
2026-04-23 09:33:51.509 8 INFO placement.requestlog [None req-384addbc-57f9-4d80-aaf1-8911e451f5ff 55ebb88cb9904d61872fe173c522f4b2 4adc3b9d00c749668e2bf6d335ba48d5 - - a7f63df5aa194415b0a1b56b9f6835ad a7f63df5aa194415b0a1b56b9f6835ad] 10.0.0.71 "DELETE /resource_providers/cfd174ac-5793-4f11-8daf-07bcdab0c220" status: 404 len: 246 microversion: 1.1 [pid: 8|app: 0|req: 372/748] 10.0.0.71 () {34 vars in 814 bytes} [Thu Apr 23 09:33:51 2026] DELETE /resource_providers/cfd174ac-5793-4f11-8daf-07bcdab0c220 => generated 246 bytes in 12 msecs (HTTP/1.1 404) 6 headers in 231 bytes (1 switches on core 0)
2026-04-23 09:33:53.451 8 INFO placement.requestlog [None req-a8523117-39d9-4091-b838-6ac20d7bdde4 55ebb88cb9904d61872fe173c522f4b2 4adc3b9d00c749668e2bf6d335ba48d5 - - a7f63df5aa194415b0a1b56b9f6835ad a7f63df5aa194415b0a1b56b9f6835ad] 10.0.0.71 "GET /resource_providers/bd83061c-432d-4640-99f1-d80a4e3bdbb9/aggregates" status: 404 len: 235 microversion: 1.1 [pid: 8|app: 0|req: 373/749] 10.0.0.71 () {32 vars in 814 bytes} [Thu Apr 23 09:33:53 2026] GET /resource_providers/bd83061c-432d-4640-99f1-d80a4e3bdbb9/aggregates => generated 235 bytes in 12 msecs (HTTP/1.1 404) 5 headers in 202 bytes (1 switches on core 0)
2026-04-23 09:33:53.459 7 INFO placement.requestlog [None req-54442e01-4f0b-4fde-b83c-57c16b2e9920 55ebb88cb9904d61872fe173c522f4b2 4adc3b9d00c749668e2bf6d335ba48d5 - - a7f63df5aa194415b0a1b56b9f6835ad a7f63df5aa194415b0a1b56b9f6835ad] 10.0.0.71 "GET /resource_providers/bd83061c-432d-4640-99f1-d80a4e3bdbb9/aggregates" status: 404 len: 235 microversion: 1.1 [pid: 7|app: 0|req: 377/750] 10.0.0.71 () {32 vars in 814 bytes} [Thu Apr 23 09:33:53 2026] GET /resource_providers/bd83061c-432d-4640-99f1-d80a4e3bdbb9/aggregates => generated 235 bytes in 20 msecs (HTTP/1.1 404) 5 headers in 202 bytes (1 switches on core 0)
2026-04-23 09:33:53.482 7 INFO placement.requestlog [None req-5324b777-0c1a-4f68-994d-e7e5567c1947 55ebb88cb9904d61872fe173c522f4b2 4adc3b9d00c749668e2bf6d335ba48d5 - - a7f63df5aa194415b0a1b56b9f6835ad a7f63df5aa194415b0a1b56b9f6835ad] 10.0.0.71 "DELETE /resource_providers/bd83061c-432d-4640-99f1-d80a4e3bdbb9" status: 404 len: 246 microversion: 1.1 [pid: 7|app: 0|req: 378/751] 10.0.0.71 () {34 vars in 814 bytes} [Thu Apr 23 09:33:53 2026] DELETE /resource_providers/bd83061c-432d-4640-99f1-d80a4e3bdbb9 => generated 246 bytes in 7 msecs (HTTP/1.1 404) 6 headers in 231 bytes (1 switches on core 0)
2026-04-23 09:33:53.482 8 INFO placement.requestlog [None req-b1d6a956-49b4-4fed-b097-1f0971097187 55ebb88cb9904d61872fe173c522f4b2 4adc3b9d00c749668e2bf6d335ba48d5 - - a7f63df5aa194415b0a1b56b9f6835ad a7f63df5aa194415b0a1b56b9f6835ad] 10.0.0.71 "DELETE /resource_providers/bd83061c-432d-4640-99f1-d80a4e3bdbb9" status: 404 len: 246 microversion: 1.1 [pid: 8|app: 0|req: 374/752] 10.0.0.71 () {34 vars in 814 bytes} [Thu Apr 23 09:33:53 2026] DELETE /resource_providers/bd83061c-432d-4640-99f1-d80a4e3bdbb9 => generated 246 bytes in 14 msecs (HTTP/1.1 404) 6 headers in 231 bytes (1 switches on core 0)
2026-04-23 09:33:53.658 7 INFO placement.requestlog [req-96bceb64-3acb-4d2a-b85e-23dd4789cc37 req-2794d401-7a1e-4f52-a2ed-5a99c6035ecc 50c85623908f44f6af86b1a3c6561027 4adc3b9d00c749668e2bf6d335ba48d5 - - a7f63df5aa194415b0a1b56b9f6835ad a7f63df5aa194415b0a1b56b9f6835ad] 199.204.45.89 "GET /resource_providers/083bff35-bfea-49fb-8983-fa7d06186d56/allocations" status: 200 len: 54 microversion: 1.0 [pid: 7|app: 0|req: 379/753] 199.204.45.89 () {32 vars in 855 bytes} [Thu Apr 23 09:33:53 2026] GET /resource_providers/083bff35-bfea-49fb-8983-fa7d06186d56/allocations => generated 54 bytes in 16 msecs (HTTP/1.1 200) 6 headers in 223 bytes (1 switches on core 0)
2026-04-23 09:33:53.677 8 INFO placement.requestlog [req-96bceb64-3acb-4d2a-b85e-23dd4789cc37 req-f55c521e-7454-4249-a48b-4032a609514c 50c85623908f44f6af86b1a3c6561027 4adc3b9d00c749668e2bf6d335ba48d5 - - a7f63df5aa194415b0a1b56b9f6835ad a7f63df5aa194415b0a1b56b9f6835ad] 199.204.45.89 "GET /resource_providers/083bff35-bfea-49fb-8983-fa7d06186d56/allocations" status: 200 len: 54 microversion: 1.0 [pid: 8|app: 0|req: 375/754] 199.204.45.89 () {32 vars in 855 bytes} [Thu Apr 23 09:33:53 2026] GET /resource_providers/083bff35-bfea-49fb-8983-fa7d06186d56/allocations => generated 54 bytes in 14 msecs (HTTP/1.1 200) 6 headers in 223 bytes (1 switches on core 0)
2026-04-23 09:33:56.724 7 INFO placement.requestlog [None req-abbc1a97-aa8d-4baf-8b0d-895401b16ea7 55ebb88cb9904d61872fe173c522f4b2 4adc3b9d00c749668e2bf6d335ba48d5 - - a7f63df5aa194415b0a1b56b9f6835ad a7f63df5aa194415b0a1b56b9f6835ad] 10.0.0.71 "GET /resource_providers/270c6b7e-3b2f-4391-b12b-dad1393f4d05/aggregates" status: 404 len: 235 microversion: 1.1 [pid: 7|app: 0|req: 380/755] 10.0.0.71 () {32 vars in 814 bytes} [Thu Apr 23 09:33:56 2026] GET /resource_providers/270c6b7e-3b2f-4391-b12b-dad1393f4d05/aggregates => generated 235 bytes in 11 msecs (HTTP/1.1 404) 5 headers in 202 bytes (1 switches on core 0)
2026-04-23 09:33:56.725 8 INFO placement.requestlog [None req-0985cde3-1ae3-4ecc-beab-abea5f822030 55ebb88cb9904d61872fe173c522f4b2 4adc3b9d00c749668e2bf6d335ba48d5 - - a7f63df5aa194415b0a1b56b9f6835ad a7f63df5aa194415b0a1b56b9f6835ad] 10.0.0.71 "GET /resource_providers/270c6b7e-3b2f-4391-b12b-dad1393f4d05/aggregates" status: 404 len: 235 microversion: 1.1 [pid: 8|app: 0|req: 376/756] 10.0.0.71 () {32 vars in 814 bytes} [Thu Apr 23 09:33:56 2026] GET /resource_providers/270c6b7e-3b2f-4391-b12b-dad1393f4d05/aggregates => generated 235 bytes in 12 msecs (HTTP/1.1 404) 5 headers in 202 bytes (1 switches on core 0)
2026-04-23 09:33:56.742 7 INFO placement.requestlog [None req-a7d8c757-e8fb-412e-9fbe-e44ccacbb643 55ebb88cb9904d61872fe173c522f4b2 4adc3b9d00c749668e2bf6d335ba48d5 - - a7f63df5aa194415b0a1b56b9f6835ad a7f63df5aa194415b0a1b56b9f6835ad] 10.0.0.71 "DELETE /resource_providers/270c6b7e-3b2f-4391-b12b-dad1393f4d05" status: 404 len: 246 microversion: 1.1 [pid: 7|app: 0|req: 381/757] 10.0.0.71 () {34 vars in 814 bytes} [Thu Apr 23 09:33:56 2026] DELETE /resource_providers/270c6b7e-3b2f-4391-b12b-dad1393f4d05 => generated 246 bytes in 6 msecs (HTTP/1.1 404) 6 headers in 231 bytes (1 switches on core 0)
2026-04-23 09:33:56.751 8 INFO placement.requestlog [None req-ecc0e973-25e1-4975-9fd0-19ede0f5a732 55ebb88cb9904d61872fe173c522f4b2 4adc3b9d00c749668e2bf6d335ba48d5 - - a7f63df5aa194415b0a1b56b9f6835ad a7f63df5aa194415b0a1b56b9f6835ad] 10.0.0.71 "DELETE /resource_providers/270c6b7e-3b2f-4391-b12b-dad1393f4d05" status: 404 len: 246 microversion: 1.1 [pid: 8|app: 0|req: 377/758] 10.0.0.71 () {34 vars in 814 bytes} [Thu Apr 23 09:33:56 2026] DELETE /resource_providers/270c6b7e-3b2f-4391-b12b-dad1393f4d05 => generated 246 bytes in 11 msecs (HTTP/1.1 404) 6 headers in 231 bytes (1 switches on core 0)
2026-04-23 09:33:59.061 7 INFO placement.requestlog [None req-e01efba3-c3fa-4082-afee-bef8dbde543d 55ebb88cb9904d61872fe173c522f4b2 4adc3b9d00c749668e2bf6d335ba48d5 - - a7f63df5aa194415b0a1b56b9f6835ad a7f63df5aa194415b0a1b56b9f6835ad] 10.0.0.71 "GET /resource_providers/5766c810-9861-4636-bba1-2e653dee5b55/aggregates" status: 404 len: 235 microversion: 1.1 [pid: 7|app: 0|req: 382/759] 10.0.0.71 () {32 vars in 814 bytes} [Thu Apr 23 09:33:59 2026] GET /resource_providers/5766c810-9861-4636-bba1-2e653dee5b55/aggregates => generated 235 bytes in 12 msecs (HTTP/1.1 404) 5 headers in 202 bytes (1 switches on core 0)
2026-04-23 09:33:59.066 8 INFO placement.requestlog [None req-ff9134a6-8f4c-4d3e-83df-77af8cdb25ee 55ebb88cb9904d61872fe173c522f4b2 4adc3b9d00c749668e2bf6d335ba48d5 - - a7f63df5aa194415b0a1b56b9f6835ad a7f63df5aa194415b0a1b56b9f6835ad] 10.0.0.71 "GET /resource_providers/5766c810-9861-4636-bba1-2e653dee5b55/aggregates" status: 404 len: 235 microversion: 1.1 [pid: 8|app: 0|req: 378/760] 10.0.0.71 () {32 vars in 814 bytes} [Thu Apr 23 09:33:59 2026] GET /resource_providers/5766c810-9861-4636-bba1-2e653dee5b55/aggregates => generated 235 bytes in 15 msecs (HTTP/1.1 404) 5 headers in 202 bytes (1 switches on core 0)
2026-04-23 09:33:59.091 7 INFO placement.requestlog [None req-5cfb926b-4a1d-4309-882b-41311c929e8c 55ebb88cb9904d61872fe173c522f4b2 4adc3b9d00c749668e2bf6d335ba48d5 - - a7f63df5aa194415b0a1b56b9f6835ad a7f63df5aa194415b0a1b56b9f6835ad] 10.0.0.71 "DELETE /resource_providers/5766c810-9861-4636-bba1-2e653dee5b55" status: 404 len: 246 microversion: 1.1 [pid: 7|app: 0|req: 383/761] 10.0.0.71 () {34 vars in 814 bytes} [Thu Apr 23 09:33:59 2026] DELETE /resource_providers/5766c810-9861-4636-bba1-2e653dee5b55 => generated 246 bytes in 15 msecs (HTTP/1.1 404) 6 headers in 231 bytes (1 switches on core 0)
2026-04-23 09:33:59.093 8 INFO placement.requestlog [None req-031023e8-fafa-4b9d-9b71-d09dd5254316 55ebb88cb9904d61872fe173c522f4b2 4adc3b9d00c749668e2bf6d335ba48d5 - - a7f63df5aa194415b0a1b56b9f6835ad a7f63df5aa194415b0a1b56b9f6835ad] 10.0.0.71 "DELETE /resource_providers/5766c810-9861-4636-bba1-2e653dee5b55" status: 404 len: 246 microversion: 1.1 [pid: 8|app: 0|req: 379/762] 10.0.0.71 () {34 vars in 814 bytes} [Thu Apr 23 09:33:59 2026] DELETE /resource_providers/5766c810-9861-4636-bba1-2e653dee5b55 => generated 246 bytes in 11 msecs (HTTP/1.1 404) 6 headers in 231 bytes (1 switches on core 0)
2026-04-23 09:33:59.833 7 INFO placement.requestlog [None req-264c4c63-2a1d-4c87-a381-bbbd77e8f162 - - - - - -] 10.0.0.56 "GET /" status: 200 len: 136 microversion: 1.0
2026-04-23 09:33:59.833 8 INFO placement.requestlog [None req-6e2fa7e3-9034-450d-9cff-afac8287563f - - - - - -] 10.0.0.56 "GET /" status: 200 len: 136 microversion: 1.0
2026-04-23 09:34:01.125 7 INFO placement.requestlog [None req-c8e4a0fb-9821-4110-b079-57ff8487534d 55ebb88cb9904d61872fe173c522f4b2 4adc3b9d00c749668e2bf6d335ba48d5 - - a7f63df5aa194415b0a1b56b9f6835ad a7f63df5aa194415b0a1b56b9f6835ad] 10.0.0.71 "GET /resource_providers/467fd300-d952-4821-ba72-16afa460e507/aggregates" status: 404 len: 235 microversion: 1.1 [pid: 7|app: 0|req: 385/765] 10.0.0.71 () {32 vars in 814 bytes} [Thu Apr 23 09:34:01 2026] GET /resource_providers/467fd300-d952-4821-ba72-16afa460e507/aggregates => generated 235 bytes in 13 msecs (HTTP/1.1 404) 5 headers in 202 bytes (1 switches on core 0)
2026-04-23 09:34:01.128 8 INFO placement.requestlog [None req-cb18ca9e-882b-4a0c-bdfd-5db5bec330f6 55ebb88cb9904d61872fe173c522f4b2 4adc3b9d00c749668e2bf6d335ba48d5 - - a7f63df5aa194415b0a1b56b9f6835ad a7f63df5aa194415b0a1b56b9f6835ad] 10.0.0.71 "GET /resource_providers/467fd300-d952-4821-ba72-16afa460e507/aggregates" status: 404 len: 235 microversion: 1.1 [pid: 8|app: 0|req: 381/766] 10.0.0.71 () {32 vars in 814 bytes} [Thu Apr 23 09:34:01 2026] GET /resource_providers/467fd300-d952-4821-ba72-16afa460e507/aggregates => generated 235 bytes in 14 msecs (HTTP/1.1 404) 5 headers in 202 bytes (1 switches on core 0)
