2026-04-23 09:33:56.112 8 INFO neutron.db.ovn_revision_numbers_db [None req-8bcc6c3a-9ccf-4170-946f-227d4894e892 8c8060caaf304b14ad53a3d059d5eb78 6baed0168fc14231b3edfea978285d7b - - default default] Successfully bumped revision number for resource bc6e1c45-438d-4c57-96a9-9eed08319368 (type: ports) to 1 [pid: 8|app: 0|req: 695/1356] 10.0.0.207 () {34 vars in 670 bytes} [Thu Apr 23 09:33:55 2026] POST /v2.0/networks => generated 673 bytes in 593 msecs (HTTP/1.1 201) 4 headers in 162 bytes (1 switches on core 0) [pid: 8|app: 0|req: 696/1357] 10.0.0.207 () {32 vars in 724 bytes} [Thu Apr 23 09:33:56 2026] DELETE /v2.0/subnets/36be69e8-5cef-471a-bd90-def850010ad4 => generated 0 bytes in 238 msecs (HTTP/1.1 204) 3 headers in 131 bytes (1 switches on core 0)
2026-04-23 09:33:56.518 8 INFO neutron_taas.services.taas.taas_plugin [None req-b9b1638d-6b6b-40db-9e41-243853b4f13d 5c4552b8d63849a289271eff333d2ba6 98ae51e026d344b1b6aecfc38012cd22 - - default default] TaaS: Handle Delete Port: 197e1fdd-a0b1-428a-a731-e26c0f98f4a7
2026-04-23 09:33:56.522 8 INFO neutron_taas.services.taas.tap_mirror_plugin [None req-b9b1638d-6b6b-40db-9e41-243853b4f13d 5c4552b8d63849a289271eff333d2ba6 98ae51e026d344b1b6aecfc38012cd22 - - default default] Tap Mirror: Handle Delete Port: 197e1fdd-a0b1-428a-a731-e26c0f98f4a7
2026-04-23 09:33:56.728 8 INFO neutron.services.segments.plugin [-] Segment 270c6b7e-3b2f-4391-b12b-dad1393f4d05 resource provider aggregate not found
2026-04-23 09:33:56.732 8 INFO neutron.services.segments.plugin [-] Segment 270c6b7e-3b2f-4391-b12b-dad1393f4d05 resource provider aggregate not found
2026-04-23 09:33:56.746 8 INFO neutron.services.segments.plugin [-] Segment 270c6b7e-3b2f-4391-b12b-dad1393f4d05 resource provider not found; error: Placement Client Error (4xx): {"errors": [{"status": 404, "title": "Not Found", "detail": "The resource could not be found.\n\n No resource provider with uuid 270c6b7e-3b2f-4391-b12b-dad1393f4d05 found for delete ", "request_id": "req-a7d8c757-e8fb-412e-9fbe-e44ccacbb643"}]}
2026-04-23 09:33:56.753 8 INFO neutron.services.segments.plugin [-] Segment 270c6b7e-3b2f-4391-b12b-dad1393f4d05 resource provider not found; error: Placement Client Error (4xx): {"errors": [{"status": 404, "title": "Not Found", "detail": "The resource could not be found.\n\n No resource provider with uuid 270c6b7e-3b2f-4391-b12b-dad1393f4d05 found for delete ", "request_id": "req-ecc0e973-25e1-4975-9fd0-19ede0f5a732"}]} [pid: 8|app: 0|req: 697/1358] 10.0.0.207 () {32 vars in 726 bytes} [Thu Apr 23 09:33:56 2026] DELETE /v2.0/networks/abeca4f1-ac48-4d6e-9a60-53a6e2b1812f => generated 0 bytes in 413 msecs (HTTP/1.1 204) 3 headers in 131 bytes (1 switches on core 0)
2026-04-23 09:33:56.918 7 INFO neutron_taas.services.taas.taas_plugin [None req-b7fec745-8713-4fca-b5f3-140e1a33bced 5bc21f599bd9415d9982bfea29948cf9 51d01d24d6bc43498676e4b1033907cb - - default default] TaaS: Handle Delete Port: 482c78bf-0851-4b61-a777-42208051ed2e
2026-04-23 09:33:56.923 7 INFO neutron_taas.services.taas.tap_mirror_plugin [None req-b7fec745-8713-4fca-b5f3-140e1a33bced 5bc21f599bd9415d9982bfea29948cf9 51d01d24d6bc43498676e4b1033907cb - - default default] Tap Mirror: Handle Delete Port: 482c78bf-0851-4b61-a777-42208051ed2e
2026-04-23 09:33:57.227 8 INFO neutron.db.ovn_revision_numbers_db [None req-456653f9-6421-46db-a596-755369242087 5c4552b8d63849a289271eff333d2ba6 98ae51e026d344b1b6aecfc38012cd22 - - default default] Successfully bumped revision number for resource b0d84a0c-859e-42e2-9739-56f20582cc05 (type: security_groups) to 1
2026-04-23 09:33:57.241 8 INFO neutron.db.ovn_revision_numbers_db [None req-456653f9-6421-46db-a596-755369242087 5c4552b8d63849a289271eff333d2ba6 98ae51e026d344b1b6aecfc38012cd22 - - default default] Successfully bumped revision number for resource 394823b9-a348-41a9-b92c-8d64a4c26131 (type: security_group_rules) to 0
2026-04-23 09:33:57.255 8 INFO neutron.db.ovn_revision_numbers_db [None req-456653f9-6421-46db-a596-755369242087 5c4552b8d63849a289271eff333d2ba6 98ae51e026d344b1b6aecfc38012cd22 - - default default] Successfully bumped revision number for resource 7f7a6e5c-701f-4e5b-926e-bc06a432d482 (type: security_group_rules) to 0
2026-04-23 09:33:57.269 8 INFO neutron.db.ovn_revision_numbers_db [None req-456653f9-6421-46db-a596-755369242087 5c4552b8d63849a289271eff333d2ba6 98ae51e026d344b1b6aecfc38012cd22 - - default default] Successfully bumped revision number for resource 8621656a-93d4-4512-a674-83ebcfe66b63 (type: security_group_rules) to 0
2026-04-23 09:33:57.281 8 INFO neutron.db.ovn_revision_numbers_db [None req-456653f9-6421-46db-a596-755369242087 5c4552b8d63849a289271eff333d2ba6 98ae51e026d344b1b6aecfc38012cd22 - - default default] Successfully bumped revision number for resource ce5c1aee-710a-43bd-aa1c-52a5ed1bdb69 (type: security_group_rules) to 0
2026-04-23 09:33:57.370 8 INFO neutron.db.segments_db [None req-456653f9-6421-46db-a596-755369242087 5c4552b8d63849a289271eff333d2ba6 98ae51e026d344b1b6aecfc38012cd22 - - default default] Added segment 6b4c6da8-7443-49ff-b9fc-dcaec2d0ebdf of type geneve for network df77f5d7-ebda-458c-9055-ee8750a7e5bb [pid: 7|app: 0|req: 662/1359] 10.0.0.207 () {32 vars in 724 bytes} [Thu Apr 23 09:33:55 2026] DELETE /v2.0/routers/68bff8c8-86f4-4079-af00-111aae996d09 => generated 0 bytes in 1604 msecs (HTTP/1.1 204) 2 headers in 112 bytes (1 switches on core 0)
2026-04-23 09:33:57.518 8 INFO neutron.db.ovn_revision_numbers_db [None req-456653f9-6421-46db-a596-755369242087 5c4552b8d63849a289271eff333d2ba6 98ae51e026d344b1b6aecfc38012cd22 - - default default] Successfully bumped revision number for resource df77f5d7-ebda-458c-9055-ee8750a7e5bb (type: networks) to 1
2026-04-23 09:33:57.690 8 WARNING neutron.scheduler.dhcp_agent_scheduler [None req-456653f9-6421-46db-a596-755369242087 5c4552b8d63849a289271eff333d2ba6 98ae51e026d344b1b6aecfc38012cd22 - - default default] No more DHCP agents
2026-04-23 09:33:57.692 8 WARNING neutron.api.rpc.agentnotifiers.dhcp_rpc_agent_api [None req-456653f9-6421-46db-a596-755369242087 5c4552b8d63849a289271eff333d2ba6 98ae51e026d344b1b6aecfc38012cd22 - - default default] Unable to schedule network df77f5d7-ebda-458c-9055-ee8750a7e5bb: no agents available; will retry on subsequent port and subnet creation events.
2026-04-23 09:33:57.784 8 INFO neutron.db.ovn_revision_numbers_db [None req-456653f9-6421-46db-a596-755369242087 5c4552b8d63849a289271eff333d2ba6 98ae51e026d344b1b6aecfc38012cd22 - - default default] Successfully bumped revision number for resource ab0b2f4d-9f5d-4b9e-9f02-dc9aa66a5cdc (type: ports) to 1 [pid: 8|app: 0|req: 698/1360] 10.0.0.207 () {34 vars in 671 bytes} [Thu Apr 23 09:33:56 2026] POST /v2.0/networks => generated 767 bytes in 1011 msecs (HTTP/1.1 201) 4 headers in 162 bytes (1 switches on core 0)
2026-04-23 09:33:57.806 7 WARNING neutron.scheduler.dhcp_agent_scheduler [None req-952a6268-6b0c-45f9-9a8c-b569dc842da8 8c8060caaf304b14ad53a3d059d5eb78 6baed0168fc14231b3edfea978285d7b - - default default] No more DHCP agents
2026-04-23 09:33:57.809 7 WARNING neutron.api.rpc.agentnotifiers.dhcp_rpc_agent_api [None req-952a6268-6b0c-45f9-9a8c-b569dc842da8 8c8060caaf304b14ad53a3d059d5eb78 6baed0168fc14231b3edfea978285d7b - - default default] Unable to schedule network 70ec4132-ac3f-4f47-8fb3-5503a36e05f7: no agents available; will retry on subsequent port and subnet creation events. [pid: 8|app: 0|req: 699/1361] 10.0.0.207 () {32 vars in 774 bytes} [Thu Apr 23 09:33:57 2026] GET /v2.0/security-groups?tenant_id=91e4a6e9516e467f8155d7b8d2d39985&name=default => generated 2925 bytes in 28 msecs (HTTP/1.1 200) 4 headers in 158 bytes (1 switches on core 0)
2026-04-23 09:33:57.845 7 INFO neutron.db.ovn_revision_numbers_db [None req-952a6268-6b0c-45f9-9a8c-b569dc842da8 8c8060caaf304b14ad53a3d059d5eb78 6baed0168fc14231b3edfea978285d7b - - default default] Successfully bumped revision number for resource 107d14cf-3ec5-4717-bdfd-456ee1b0eac3 (type: subnets) to 0 [pid: 8|app: 0|req: 700/1362] 10.0.0.207 () {32 vars in 736 bytes} [Thu Apr 23 09:33:57 2026] GET /v2.0/ports?device_id=68bff8c8-86f4-4079-af00-111aae996d09 => generated 12 bytes in 22 msecs (HTTP/1.1 200) 4 headers in 156 bytes (1 switches on core 0)
2026-04-23 09:33:57.872 7 WARNING neutron.scheduler.dhcp_agent_scheduler [None req-952a6268-6b0c-45f9-9a8c-b569dc842da8 8c8060caaf304b14ad53a3d059d5eb78 6baed0168fc14231b3edfea978285d7b - - default default] No more DHCP agents
2026-04-23 09:33:57.874 7 WARNING neutron.api.rpc.agentnotifiers.dhcp_rpc_agent_api [None req-952a6268-6b0c-45f9-9a8c-b569dc842da8 8c8060caaf304b14ad53a3d059d5eb78 6baed0168fc14231b3edfea978285d7b - - default default] Unable to schedule network 23302574-f89c-47ff-b7d2-c4e4abdf1c74: no agents available; will retry on subsequent port and subnet creation events.
2026-04-23 09:33:57.913 7 INFO neutron.db.ovn_revision_numbers_db [None req-952a6268-6b0c-45f9-9a8c-b569dc842da8 8c8060caaf304b14ad53a3d059d5eb78 6baed0168fc14231b3edfea978285d7b - - default default] Successfully bumped revision number for resource ec655fce-02b6-44da-b6fa-8044dd1da59b (type: subnets) to 0 [pid: 7|app: 0|req: 663/1363] 10.0.0.207 () {34 vars in 669 bytes} [Thu Apr 23 09:33:57 2026] POST /v2.0/subnets => generated 1324 bytes in 530 msecs (HTTP/1.1 201) 4 headers in 163 bytes (1 switches on core 0)
2026-04-23 09:33:57.996 8 WARNING neutron.scheduler.dhcp_agent_scheduler [None req-b2e52946-5ea4-4a6d-9944-4f5e6739f842 5c4552b8d63849a289271eff333d2ba6 98ae51e026d344b1b6aecfc38012cd22 - - default default] No more DHCP agents
2026-04-23 09:33:57.998 8 WARNING neutron.api.rpc.agentnotifiers.dhcp_rpc_agent_api [None req-b2e52946-5ea4-4a6d-9944-4f5e6739f842 5c4552b8d63849a289271eff333d2ba6 98ae51e026d344b1b6aecfc38012cd22 - - default default] Unable to schedule network df77f5d7-ebda-458c-9055-ee8750a7e5bb: no agents available; will retry on subsequent port and subnet creation events. [pid: 7|app: 0|req: 664/1364] 10.0.0.207 () {32 vars in 740 bytes} [Thu Apr 23 09:33:57 2026] DELETE /v2.0/security-groups/a770a3ec-17f5-45e3-9861-4cfed6209284 => generated 0 bytes in 255 msecs (HTTP/1.1 204) 2 headers in 112 bytes (1 switches on core 0)
2026-04-23 09:33:58.207 7 INFO neutron.api.v2.resource [None req-17f29a03-6a81-468b-8c4c-4d0dcc2bfd8d 5bc21f599bd9415d9982bfea29948cf9 51d01d24d6bc43498676e4b1033907cb - - default default] delete failed (client error): The resource could not be found. [pid: 7|app: 0|req: 665/1365] 10.0.0.207 () {32 vars in 724 bytes} [Thu Apr 23 09:33:58 2026] DELETE /v2.0/routers/68bff8c8-86f4-4079-af00-111aae996d09 => generated 135 bytes in 21 msecs (HTTP/1.1 404) 4 headers in 164 bytes (1 switches on core 0) [pid: 7|app: 0|req: 666/1366] 10.0.0.207 () {32 vars in 647 bytes} [Thu Apr 23 09:33:58 2026] GET /v2.0/subnets => generated 1960 bytes in 30 msecs (HTTP/1.1 200) 4 headers in 158 bytes (1 switches on core 0) [pid: 7|app: 0|req: 667/1367] 10.0.0.207 () {32 vars in 736 bytes} [Thu Apr 23 09:33:58 2026] GET /v2.0/ports?device_id=9e24c4b6-99a6-4062-9e7e-8bc2dc44bd22 => generated 12 bytes in 17 msecs (HTTP/1.1 200) 4 headers in 156 bytes (1 switches on core 0) [pid: 7|app: 0|req: 668/1368] 10.0.0.207 () {32 vars in 724 bytes} [Thu Apr 23 09:33:58 2026] DELETE /v2.0/subnets/107d14cf-3ec5-4717-bdfd-456ee1b0eac3 => generated 0 bytes in 147 msecs (HTTP/1.1 204) 3 headers in 131 bytes (1 switches on core 0)
2026-04-23 09:33:58.422 7 INFO neutron.api.v2.resource [None req-44f74044-b3fe-4fbf-91ef-a7d2ae414080 5bc21f599bd9415d9982bfea29948cf9 51d01d24d6bc43498676e4b1033907cb - - default default] delete failed (client error): The resource could not be found. [pid: 7|app: 0|req: 669/1369] 10.0.0.207 () {32 vars in 724 bytes} [Thu Apr 23 09:33:58 2026] DELETE /v2.0/routers/9e24c4b6-99a6-4062-9e7e-8bc2dc44bd22 => generated 135 bytes in 19 msecs (HTTP/1.1 404) 4 headers in 164 bytes (1 switches on core 0)
2026-04-23 09:33:58.523 8 INFO neutron.db.ovn_revision_numbers_db [None req-b302b7f0-6817-483c-a8b3-fa8e158f741d - - - - - -] Successfully bumped revision number for resource ab0b2f4d-9f5d-4b9e-9f02-dc9aa66a5cdc (type: ports) to 2
2026-04-23 09:33:58.545 8 INFO neutron.db.ovn_revision_numbers_db [None req-b302b7f0-6817-483c-a8b3-fa8e158f741d - - - - - -] Successfully bumped revision number for resource 55a95e8f-755a-48c0-a9c0-2831405b9afe (type: subnets) to 0 [pid: 8|app: 0|req: 701/1370] 10.0.0.207 () {34 vars in 669 bytes} [Thu Apr 23 09:33:57 2026] POST /v2.0/subnets => generated 693 bytes in 703 msecs (HTTP/1.1 201) 4 headers in 162 bytes (1 switches on core 0)
2026-04-23 09:33:58.580 8 INFO neutron.pecan_wsgi.hooks.translation [None req-c6bbaee3-ddce-4e25-badc-463b1b94979a 5bc21f599bd9415d9982bfea29948cf9 51d01d24d6bc43498676e4b1033907cb - - default default] DELETE failed (client error): The resource could not be found. [pid: 8|app: 0|req: 702/1371] 10.0.0.207 () {32 vars in 724 bytes} [Thu Apr 23 09:33:58 2026] DELETE /v2.0/subnets/e63554fb-40a0-4728-bef1-845fe921ca39 => generated 136 bytes in 24 msecs (HTTP/1.1 404) 4 headers in 164 bytes (1 switches on core 0) [pid: 7|app: 0|req: 670/1372] 10.0.0.207 () {32 vars in 724 bytes} [Thu Apr 23 09:33:58 2026] DELETE /v2.0/subnets/ec655fce-02b6-44da-b6fa-8044dd1da59b => generated 0 bytes in 186 msecs (HTTP/1.1 204) 3 headers in 131 bytes (1 switches on core 0) [pid: 7|app: 0|req: 671/1373] 10.0.0.207 () {32 vars in 736 bytes} [Thu Apr 23 09:33:58 2026] GET /v2.0/ports?device_id=a3cb5712-3f81-4b8c-ab02-33504142bdb4 => generated 12 bytes in 53 msecs (HTTP/1.1 200) 4 headers in 156 bytes (1 switches on core 0) [pid: 7|app: 0|req: 672/1374] 10.0.0.207 () {32 vars in 647 bytes} [Thu Apr 23 09:33:58 2026] GET /v2.0/subnets => generated 649 bytes in 35 msecs (HTTP/1.1 200) 4 headers in 157 bytes (1 switches on core 0)
2026-04-23 09:33:58.724 7 INFO neutron.api.v2.resource [None req-dfe57dc0-5ad9-4d99-ac44-3a059dc6663d 5bc21f599bd9415d9982bfea29948cf9 51d01d24d6bc43498676e4b1033907cb - - default default] delete failed (client error): The resource could not be found. [pid: 7|app: 0|req: 673/1375] 10.0.0.207 () {32 vars in 724 bytes} [Thu Apr 23 09:33:58 2026] DELETE /v2.0/routers/a3cb5712-3f81-4b8c-ab02-33504142bdb4 => generated 135 bytes in 25 msecs (HTTP/1.1 404) 4 headers in 164 bytes (1 switches on core 0)
2026-04-23 09:33:58.853 7 INFO neutron_taas.services.taas.taas_plugin [None req-50ccc35f-d04a-4e9a-bbe4-aacba68ce440 8c8060caaf304b14ad53a3d059d5eb78 6baed0168fc14231b3edfea978285d7b - - default default] TaaS: Handle Delete Port: bc6e1c45-438d-4c57-96a9-9eed08319368
2026-04-23 09:33:58.856 7 INFO neutron_taas.services.taas.tap_mirror_plugin [None req-50ccc35f-d04a-4e9a-bbe4-aacba68ce440 8c8060caaf304b14ad53a3d059d5eb78 6baed0168fc14231b3edfea978285d7b - - default default] Tap Mirror: Handle Delete Port: bc6e1c45-438d-4c57-96a9-9eed08319368
2026-04-23 09:33:59.065 7 INFO neutron.services.segments.plugin [-] Segment 5766c810-9861-4636-bba1-2e653dee5b55 resource provider aggregate not found
2026-04-23 09:33:59.072 7 INFO neutron.services.segments.plugin [-] Segment 5766c810-9861-4636-bba1-2e653dee5b55 resource provider aggregate not found
2026-04-23 09:33:59.093 7 INFO neutron.services.segments.plugin [-] Segment 5766c810-9861-4636-bba1-2e653dee5b55 resource provider not found; error: Placement Client Error (4xx): {"errors": [{"status": 404, "title": "Not Found", "detail": "The resource could not be found.\n\n No resource provider with uuid 5766c810-9861-4636-bba1-2e653dee5b55 found for delete ", "request_id": "req-5cfb926b-4a1d-4309-882b-41311c929e8c"}]}
2026-04-23 09:33:59.095 7 INFO neutron.services.segments.plugin [-] Segment 5766c810-9861-4636-bba1-2e653dee5b55 resource provider not found; error: Placement Client Error (4xx): {"errors": [{"status": 404, "title": "Not Found", "detail": "The resource could not be found.\n\n No resource provider with uuid 5766c810-9861-4636-bba1-2e653dee5b55 found for delete ", "request_id": "req-031023e8-fafa-4b9d-9b71-d09dd5254316"}]}
2026-04-23 09:33:59.124 8 WARNING neutron.scheduler.dhcp_agent_scheduler [None req-bb54630d-99ba-4f7d-9458-db97981dde56 5c4552b8d63849a289271eff333d2ba6 98ae51e026d344b1b6aecfc38012cd22 - - default default] No more DHCP agents
2026-04-23 09:33:59.128 8 WARNING neutron.api.rpc.agentnotifiers.dhcp_rpc_agent_api [None req-bb54630d-99ba-4f7d-9458-db97981dde56 5c4552b8d63849a289271eff333d2ba6 98ae51e026d344b1b6aecfc38012cd22 - - default default] Unable to schedule network 5b262937-8593-4283-b435-c0ea2c49df39: no agents available; will retry on subsequent port and subnet creation events. [pid: 7|app: 0|req: 674/1376] 10.0.0.207 () {32 vars in 726 bytes} [Thu Apr 23 09:33:58 2026] DELETE /v2.0/networks/23302574-f89c-47ff-b7d2-c4e4abdf1c74 => generated 0 bytes in 414 msecs (HTTP/1.1 204) 3 headers in 131 bytes (1 switches on core 0)
2026-04-23 09:33:59.153 7 INFO neutron.pecan_wsgi.hooks.translation [None req-9287148e-4785-4e5a-bada-cefb0bfc09b3 5bc21f599bd9415d9982bfea29948cf9 51d01d24d6bc43498676e4b1033907cb - - default default] DELETE failed (client error): The resource could not be found. [pid: 7|app: 0|req: 675/1377] 10.0.0.207 () {32 vars in 724 bytes} [Thu Apr 23 09:33:59 2026] DELETE /v2.0/subnets/40259eec-ae67-41c7-b766-640f3c8d7f58 => generated 136 bytes in 15 msecs (HTTP/1.1 404) 4 headers in 164 bytes (1 switches on core 0)
2026-04-23 09:33:59.325 8 INFO neutron.db.ovn_revision_numbers_db [None req-bb54630d-99ba-4f7d-9458-db97981dde56 5c4552b8d63849a289271eff333d2ba6 98ae51e026d344b1b6aecfc38012cd22 - - default default] Successfully bumped revision number for resource 4ade9629-b19e-43bb-b638-060737d54dd4 (type: ports) to 1
2026-04-23 09:33:59.341 7 INFO neutron_taas.services.taas.taas_plugin [None req-7b07b8c1-b7de-4cf8-972c-52aaece8944d 8c8060caaf304b14ad53a3d059d5eb78 6baed0168fc14231b3edfea978285d7b - - default default] TaaS: Handle Delete Port: 7645909c-02ba-484a-92ff-428159ae92b7
2026-04-23 09:33:59.344 7 INFO neutron_taas.services.taas.tap_mirror_plugin [None req-7b07b8c1-b7de-4cf8-972c-52aaece8944d 8c8060caaf304b14ad53a3d059d5eb78 6baed0168fc14231b3edfea978285d7b - - default default] Tap Mirror: Handle Delete Port: 7645909c-02ba-484a-92ff-428159ae92b7 [pid: 7|app: 0|req: 676/1378] 10.0.0.207 () {32 vars in 726 bytes} [Thu Apr 23 09:33:59 2026] DELETE /v2.0/networks/70ec4132-ac3f-4f47-8fb3-5503a36e05f7 => generated 0 bytes in 420 msecs (HTTP/1.1 204) 3 headers in 131 bytes (1 switches on core 0) [pid: 7|app: 0|req: 677/1379] 10.0.0.207 () {32 vars in 736 bytes} [Thu Apr 23 09:33:59 2026] GET /v2.0/ports?device_id=52b30e0c-9bc8-47ef-a9a9-fe5e512b4990 => generated 12 bytes in 21 msecs (HTTP/1.1 200) 4 headers in 156 bytes (1 switches on core 0)
2026-04-23 09:33:59.750 7 INFO neutron_taas.services.taas.taas_plugin [None req-c5eafc96-fdbd-49c8-88df-792bf5b9fbca 8c8060caaf304b14ad53a3d059d5eb78 6baed0168fc14231b3edfea978285d7b - - default default] TaaS: Handle Delete Port: 59def6db-96f5-46a9-99e8-cff517781494
2026-04-23 09:33:59.752 7 INFO neutron_taas.services.taas.tap_mirror_plugin [None req-c5eafc96-fdbd-49c8-88df-792bf5b9fbca 8c8060caaf304b14ad53a3d059d5eb78 6baed0168fc14231b3edfea978285d7b - - default default] Tap Mirror: Handle Delete Port: 59def6db-96f5-46a9-99e8-cff517781494 [pid: 7|app: 0|req: 678/1380] 10.0.0.207 () {32 vars in 726 bytes} [Thu Apr 23 09:33:59 2026] DELETE /v2.0/networks/bb3fb32d-eb72-4f02-97e4-07b444660622 => generated 0 bytes in 405 msecs (HTTP/1.1 204) 3 headers in 131 bytes (1 switches on core 0)
2026-04-23 09:34:00.024 7 INFO neutron.api.v2.resource [None req-cb0851ae-5c38-4e9c-91ae-65c18a52d3f6 5bc21f599bd9415d9982bfea29948cf9 51d01d24d6bc43498676e4b1033907cb - - default default] delete failed (client error): The resource could not be found. [pid: 7|app: 0|req: 679/1381] 10.0.0.207 () {32 vars in 724 bytes} [Thu Apr 23 09:34:00 2026] DELETE /v2.0/routers/52b30e0c-9bc8-47ef-a9a9-fe5e512b4990 => generated 135 bytes in 22 msecs (HTTP/1.1 404) 4 headers in 164 bytes (1 switches on core 0)
2026-04-23 09:34:00.098 8 INFO neutron.plugins.ml2.drivers.ovn.mech_driver.ovsdb.commands [None req-96c3907b-1cab-4ce4-8da5-6ab4790ce99c - - - - - -] Schedule LRP lrp-4ade9629-b19e-43bb-b638-060737d54dd4 on gateway 8751c881-c874-4e58-8b3d-49b38b27b845 with priority 1
2026-04-23 09:34:00.204 8 INFO neutron.db.ovn_revision_numbers_db [None req-bb54630d-99ba-4f7d-9458-db97981dde56 5c4552b8d63849a289271eff333d2ba6 98ae51e026d344b1b6aecfc38012cd22 - - default default] Successfully bumped revision number for resource 4ade9629-b19e-43bb-b638-060737d54dd4 (type: router_ports) to 1
2026-04-23 09:34:00.208 7 INFO neutron.plugins.ml2.drivers.ovn.mech_driver.ovsdb.ovsdb_monitor [None req-44bac501-fa31-42cf-bd7c-c57c6884ff4d - - - - - -] Router 020ee6a5-4d08-4b92-a06e-c4f661f871af is bound to host instance
2026-04-23 09:34:00.266 7 INFO neutron_taas.services.taas.taas_plugin [None req-ea5e2feb-080e-4a3a-a776-abb805a3aeb8 8c8060caaf304b14ad53a3d059d5eb78 6baed0168fc14231b3edfea978285d7b - - default default] TaaS: Handle Delete Port: bed8a5c5-1fe8-410d-ae21-6b89b61c8371
2026-04-23 09:34:00.271 7 INFO neutron_taas.services.taas.tap_mirror_plugin [None req-ea5e2feb-080e-4a3a-a776-abb805a3aeb8 8c8060caaf304b14ad53a3d059d5eb78 6baed0168fc14231b3edfea978285d7b - - default default] Tap Mirror: Handle Delete Port: bed8a5c5-1fe8-410d-ae21-6b89b61c8371
2026-04-23 09:34:00.279 8 INFO neutron.db.ovn_revision_numbers_db [None req-bb54630d-99ba-4f7d-9458-db97981dde56 5c4552b8d63849a289271eff333d2ba6 98ae51e026d344b1b6aecfc38012cd22 - - default default] Successfully bumped revision number for resource 020ee6a5-4d08-4b92-a06e-c4f661f871af (type: routers) to 2 [pid: 8|app: 0|req: 703/1382] 10.0.0.207 () {34 vars in 669 bytes} [Thu Apr 23 09:33:58 2026] POST /v2.0/routers => generated 971 bytes in 1717 msecs (HTTP/1.1 201) 4 headers in 162 bytes (1 switches on core 0)
2026-04-23 09:34:00.316 8 INFO neutron.pecan_wsgi.hooks.translation [None req-bfee13ce-f868-4035-b6d8-fcea3cf9bb4e 5bc21f599bd9415d9982bfea29948cf9 51d01d24d6bc43498676e4b1033907cb - - default default] DELETE failed (client error): The resource could not be found. [pid: 8|app: 0|req: 704/1383] 10.0.0.207 () {32 vars in 724 bytes} [Thu Apr 23 09:34:00 2026] DELETE /v2.0/subnets/21de00fe-0067-4877-8519-e54f1e7f75de => generated 136 bytes in 15 msecs (HTTP/1.1 404) 4 headers in 164 bytes (1 switches on core 0)
2026-04-23 09:34:00.513 7 WARNING neutron.plugins.ml2.drivers.ovn.mech_driver.ovsdb.ovn_client [None req-fef08fc3-bd16-43dc-b270-0d4ef61209bd - - - - - -] No port found with ID 482c78bf-0851-4b61-a777-42208051ed2e: RuntimeError: No port found with ID 482c78bf-0851-4b61-a777-42208051ed2e
2026-04-23 09:34:00.513 7 INFO neutron.plugins.ml2.drivers.ovn.mech_driver.mech_driver [None req-fef08fc3-bd16-43dc-b270-0d4ef61209bd - - - - - -] OVN reports status down for port: 0bf6d478-423e-4957-bdcc-25cbdd4638a4
2026-04-23 09:34:00.534 7 INFO neutron.plugins.ml2.drivers.ovn.mech_driver.mech_driver [None req-fef08fc3-bd16-43dc-b270-0d4ef61209bd - - - - - -] OVN reports status down for port: 7645909c-02ba-484a-92ff-428159ae92b7
2026-04-23 09:34:00.577 7 INFO neutron.plugins.ml2.drivers.ovn.mech_driver.mech_driver [None req-fef08fc3-bd16-43dc-b270-0d4ef61209bd - - - - - -] OVN reports status down for port: bc6e1c45-438d-4c57-96a9-9eed08319368
2026-04-23 09:34:00.620 7 INFO neutron.plugins.ml2.drivers.ovn.mech_driver.mech_driver [None req-fef08fc3-bd16-43dc-b270-0d4ef61209bd - - - - - -] OVN reports status down for port: ab0b2f4d-9f5d-4b9e-9f02-dc9aa66a5cdc
2026-04-23 09:34:00.780 8 WARNING neutron.scheduler.dhcp_agent_scheduler [None req-4d5a809b-e02d-4a8e-836e-a0454412005f 5c4552b8d63849a289271eff333d2ba6 98ae51e026d344b1b6aecfc38012cd22 - - default default] No more DHCP agents
2026-04-23 09:34:00.783 8 WARNING neutron.api.rpc.agentnotifiers.dhcp_rpc_agent_api [None req-4d5a809b-e02d-4a8e-836e-a0454412005f 5c4552b8d63849a289271eff333d2ba6 98ae51e026d344b1b6aecfc38012cd22 - - default default] Unable to schedule network df77f5d7-ebda-458c-9055-ee8750a7e5bb: no agents available; will retry on subsequent port and subnet creation events.
2026-04-23 09:34:00.814 7 INFO neutron.plugins.ml2.drivers.ovn.mech_driver.mech_driver [None req-fef08fc3-bd16-43dc-b270-0d4ef61209bd - - - - - -] OVN reports status down for port: 4ade9629-b19e-43bb-b638-060737d54dd4 [pid: 7|app: 0|req: 680/1384] 10.0.0.207 () {32 vars in 726 bytes} [Thu Apr 23 09:34:00 2026] DELETE /v2.0/networks/66f6e0ec-ac1d-4628-8acb-1890b50e4210 => generated 0 bytes in 904 msecs (HTTP/1.1 204) 3 headers in 131 bytes (1 switches on core 0)
2026-04-23 09:34:00.970 8 INFO neutron.db.ovn_revision_numbers_db [None req-4d5a809b-e02d-4a8e-836e-a0454412005f 5c4552b8d63849a289271eff333d2ba6 98ae51e026d344b1b6aecfc38012cd22 - - default default] Successfully bumped revision number for resource 305221d9-2bc7-4194-92e4-37757a9817e9 (type: ports) to 1
2026-04-23 09:34:01.024 7 INFO neutron.pecan_wsgi.hooks.translation [None req-f7159e79-29c6-4669-8a19-40dd906932ea 5bc21f599bd9415d9982bfea29948cf9 51d01d24d6bc43498676e4b1033907cb - - default default] DELETE failed (client error): The resource could not be found. [pid: 7|app: 0|req: 681/1385] 10.0.0.207 () {32 vars in 724 bytes} [Thu Apr 23 09:34:00 2026] DELETE /v2.0/subnets/3783e902-2d21-4ca2-a79a-eb7e09f1b32d => generated 136 bytes in 103 msecs (HTTP/1.1 404) 4 headers in 164 bytes (1 switches on core 0)
2026-04-23 09:34:01.071 7 WARNING neutron.plugins.ml2.drivers.ovn.mech_driver.ovsdb.ovn_client [None req-fef08fc3-bd16-43dc-b270-0d4ef61209bd - - - - - -] Logical_Switch_Port %s host information not removed, the port state is up
2026-04-23 09:34:01.075 7 INFO neutron.plugins.ml2.drivers.ovn.mech_driver.mech_driver [None req-fef08fc3-bd16-43dc-b270-0d4ef61209bd - - - - - -] OVN reports status up for port: 4ade9629-b19e-43bb-b638-060737d54dd4
2026-04-23 09:34:01.107 7 INFO neutron.plugins.ml2.plugin [None req-fef08fc3-bd16-43dc-b270-0d4ef61209bd - - - - - -] Attempt 1 to provision port 4ade9629-b19e-43bb-b638-060737d54dd4
2026-04-23 09:34:01.137 7 INFO neutron.services.segments.plugin [-] Segment 467fd300-d952-4821-ba72-16afa460e507 resource provider aggregate not found
2026-04-23 09:34:01.147 7 INFO neutron.services.segments.plugin [-] Segment 467fd300-d952-4821-ba72-16afa460e507 resource provider aggregate not found
2026-04-23 09:34:01.189 7 INFO neutron.services.segments.plugin [-] Segment 467fd300-d952-4821-ba72-16afa460e507 resource provider not found; error: Placement Client Error (4xx): {"errors": [{"status": 404, "title": "Not Found", "detail": "The resource could not be found.\n\n No resource provider with uuid 467fd300-d952-4821-ba72-16afa460e507 found for delete ", "request_id": "req-5b52c429-9b49-4456-a002-a3c127970c97"}]}
2026-04-23 09:34:01.190 7 INFO neutron.services.segments.plugin [-] Segment 467fd300-d952-4821-ba72-16afa460e507 resource provider not found; error: Placement Client Error (4xx): {"errors": [{"status": 404, "title": "Not Found", "detail": "The resource could not be found.\n\n No resource provider with uuid 467fd300-d952-4821-ba72-16afa460e507 found for delete ", "request_id": "req-b9d53985-fb03-45aa-89a9-446275fd78a8"}]}
2026-04-23 09:34:01.224 7 INFO neutron.services.segments.plugin [-] Segment 4c810d41-2c2f-4f6c-9083-9de74dec2690 resource provider aggregate not found
2026-04-23 09:34:01.233 7 INFO neutron.services.segments.plugin [-] Segment 4c810d41-2c2f-4f6c-9083-9de74dec2690 resource provider aggregate not found
2026-04-23 09:34:01.259 7 INFO neutron.services.segments.plugin [-] Segment 4c810d41-2c2f-4f6c-9083-9de74dec2690 resource provider not found; error: Placement Client Error (4xx): {"errors": [{"status": 404, "title": "Not Found", "detail": "The resource could not be found.\n\n No resource provider with uuid 4c810d41-2c2f-4f6c-9083-9de74dec2690 found for delete ", "request_id": "req-e0400118-1321-4960-9996-ee3ed63cbb22"}]}
2026-04-23 09:34:01.307 7 INFO neutron.services.segments.plugin [-] Segment 32b5f349-5941-4fdd-9969-177e3e2c5850 resource provider aggregate not found
2026-04-23 09:34:01.315 7 INFO neutron.services.segments.plugin [-] Segment 4c810d41-2c2f-4f6c-9083-9de74dec2690 resource provider not found; error: Placement Client Error (4xx): {"errors": [{"status": 404, "title": "Not Found", "detail": "The resource could not be found.\n\n No resource provider with uuid 4c810d41-2c2f-4f6c-9083-9de74dec2690 found for delete ", "request_id": "req-d7af59dd-ae9c-4a5b-a2f1-cb13465fc203"}]}
2026-04-23 09:34:01.346 7 INFO neutron.services.segments.plugin [-] Segment 32b5f349-5941-4fdd-9969-177e3e2c5850 resource provider not found; error: Placement Client Error (4xx): {"errors": [{"status": 404, "title": "Not Found", "detail": "The resource could not be found.\n\n No resource provider with uuid 32b5f349-5941-4fdd-9969-177e3e2c5850 found for delete ", "request_id": "req-b8d9db99-4e01-4e42-93fb-4eeafa31f62f"}]}
2026-04-23 09:34:01.363 7 INFO neutron.services.segments.plugin [-] Segment 32b5f349-5941-4fdd-9969-177e3e2c5850 resource provider aggregate not found
2026-04-23 09:34:01.396 7 INFO neutron.plugins.ml2.drivers.ovn.mech_driver.mech_driver [None req-fef08fc3-bd16-43dc-b270-0d4ef61209bd - - - - - -] OVN reports status down for port: 305221d9-2bc7-4194-92e4-37757a9817e9
2026-04-23 09:34:01.400 7 INFO neutron.services.segments.plugin [-] Segment 32b5f349-5941-4fdd-9969-177e3e2c5850 resource provider not found; error: Placement Client Error (4xx): {"errors": [{"status": 404, "title": "Not Found", "detail": "The resource could not be found.\n\n No resource provider with uuid 32b5f349-5941-4fdd-9969-177e3e2c5850 found for delete ", "request_id": "req-17b96979-4589-4eb3-af89-5a4ca5d917ef"}]}
2026-04-23 09:34:01.734 7 INFO neutron.plugins.ml2.drivers.ovn.mech_driver.mech_driver [None req-fef08fc3-bd16-43dc-b270-0d4ef61209bd - - - - - -] OVN reports status up for port: 305221d9-2bc7-4194-92e4-37757a9817e9
2026-04-23 09:34:01.777 8 WARNING neutron.scheduler.dhcp_agent_scheduler [None req-4d5a809b-e02d-4a8e-836e-a0454412005f 5c4552b8d63849a289271eff333d2ba6 98ae51e026d344b1b6aecfc38012cd22 - - default default] No more DHCP agents
2026-04-23 09:34:01.778 8 WARNING neutron.api.rpc.agentnotifiers.dhcp_rpc_agent_api [None req-4d5a809b-e02d-4a8e-836e-a0454412005f 5c4552b8d63849a289271eff333d2ba6 98ae51e026d344b1b6aecfc38012cd22 - - default default] Unable to schedule network df77f5d7-ebda-458c-9055-ee8750a7e5bb: no agents available; will retry on subsequent port and subnet creation events.
2026-04-23 09:34:01.789 7 INFO neutron.plugins.ml2.plugin [None req-fef08fc3-bd16-43dc-b270-0d4ef61209bd - - - - - -] Attempt 1 to provision port 305221d9-2bc7-4194-92e4-37757a9817e9 [pid: 7|app: 0|req: 684/1388] 10.0.0.207 () {32 vars in 774 bytes} [Thu Apr 23 09:34:01 2026] GET /v2.0/security-groups?tenant_id=6baed0168fc14231b3edfea978285d7b&name=default => generated 2925 bytes in 345 msecs (HTTP/1.1 200) 4 headers in 158 bytes (1 switches on core 0) [pid: 7|app: 0|req: 685/1389] 10.0.0.207 () {32 vars in 774 bytes} [Thu Apr 23 09:34:01 2026] GET /v2.0/security-groups?tenant_id=51d01d24d6bc43498676e4b1033907cb&name=default => generated 2925 bytes in 147 msecs (HTTP/1.1 200) 4 headers in 158 bytes (1 switches on core 0)
2026-04-23 09:34:02.186 7 INFO neutron.db.ovn_revision_numbers_db [None req-1e1b9200-a143-44e3-bf2a-5d507f6dfce6 - - - - - -] Successfully bumped revision number for resource 4ade9629-b19e-43bb-b638-060737d54dd4 (type: ports) to 4
2026-04-23 09:34:02.290 8 INFO neutron.db.ovn_revision_numbers_db [None req-4d5a809b-e02d-4a8e-836e-a0454412005f 5c4552b8d63849a289271eff333d2ba6 98ae51e026d344b1b6aecfc38012cd22 - - default default] Successfully bumped revision number for resource 305221d9-2bc7-4194-92e4-37757a9817e9 (type: router_ports) to 1 [pid: 8|app: 0|req: 705/1390] 10.0.0.207 () {34 vars in 783 bytes} [Thu Apr 23 09:34:00 2026] PUT /v2.0/routers/020ee6a5-4d08-4b92-a06e-c4f661f871af/add_router_interface => generated 309 bytes in 1979 msecs (HTTP/1.1 200) 4 headers in 157 bytes (1 switches on core 0) [pid: 8|app: 0|req: 706/1391] 10.0.0.207 () {32 vars in 740 bytes} [Thu Apr 23 09:34:02 2026] DELETE /v2.0/security-groups/cef6786f-3133-4d22-8680-bc493e5cc42b => generated 0 bytes in 339 msecs (HTTP/1.1 204) 2 headers in 112 bytes (1 switches on core 0) [pid: 7|app: 0|req: 686/1392] 10.0.0.207 () {32 vars in 740 bytes} [Thu Apr 23 09:34:01 2026] DELETE /v2.0/security-groups/a05da416-e4a5-42ae-a22a-163ae770d204 => generated 0 bytes in 1064 msecs (HTTP/1.1 204) 2 headers in 112 bytes (1 switches on core 0)
2026-04-23 09:34:03.174 7 INFO neutron.db.ovn_revision_numbers_db [None req-fef08fc3-bd16-43dc-b270-0d4ef61209bd - - - - - -] Successfully bumped revision number for resource 305221d9-2bc7-4194-92e4-37757a9817e9 (type: ports) to 2
2026-04-23 09:34:03.207 8 INFO neutron.db.ovn_revision_numbers_db [None req-ae8937be-3003-4cf5-b591-7c5eed96493f 5c4552b8d63849a289271eff333d2ba6 98ae51e026d344b1b6aecfc38012cd22 - - default default] Successfully bumped revision number for resource 16f71d06-cd39-4b2b-9c8a-eb793acf5adb (type: security_groups) to 1
2026-04-23 09:34:03.221 8 INFO neutron.db.ovn_revision_numbers_db [None req-ae8937be-3003-4cf5-b591-7c5eed96493f 5c4552b8d63849a289271eff333d2ba6 98ae51e026d344b1b6aecfc38012cd22 - - default default] Successfully bumped revision number for resource 01112175-0c6e-4db7-8e28-7c9874b96ad9 (type: security_group_rules) to 0
2026-04-23 09:34:03.233 8 INFO neutron.db.ovn_revision_numbers_db [None req-ae8937be-3003-4cf5-b591-7c5eed96493f 5c4552b8d63849a289271eff333d2ba6 98ae51e026d344b1b6aecfc38012cd22 - - default default] Successfully bumped revision number for resource 11686089-118d-47b9-8a31-cfab6711afc0 (type: security_group_rules) to 0
2026-04-23 09:34:03.248 8 INFO neutron.db.ovn_revision_numbers_db [None req-ae8937be-3003-4cf5-b591-7c5eed96493f 5c4552b8d63849a289271eff333d2ba6 98ae51e026d344b1b6aecfc38012cd22 - - default default] Successfully bumped revision number for resource 297a5852-5863-444d-a358-9a96ac47addc (type: security_group_rules) to 0
2026-04-23 09:34:03.264 8 INFO neutron.db.ovn_revision_numbers_db [None req-ae8937be-3003-4cf5-b591-7c5eed96493f 5c4552b8d63849a289271eff333d2ba6 98ae51e026d344b1b6aecfc38012cd22 - - default default] Successfully bumped revision number for resource b55cfb95-b483-4bda-9184-b34e003a06c2 (type: security_group_rules) to 0 [pid: 8|app: 0|req: 707/1393] 10.0.0.207 () {32 vars in 774 bytes} [Thu Apr 23 09:34:02 2026] GET /v2.0/security-groups?tenant_id=cf40ed72bf5741d99820000ee67151f7&name=default => generated 2925 bytes in 520 msecs (HTTP/1.1 200) 4 headers in 158 bytes (1 switches on core 0)
2026-04-23 09:34:03.489 7 INFO neutron.db.ovn_revision_numbers_db [None req-1e1b9200-a143-44e3-bf2a-5d507f6dfce6 - - - - - -] Successfully bumped revision number for resource 4ade9629-b19e-43bb-b638-060737d54dd4 (type: ports) to 5 [pid: 8|app: 0|req: 708/1394] 10.0.0.202 () {34 vars in 982 bytes} [Thu Apr 23 09:34:03 2026] GET /v2.0/networks?id=df77f5d7-ebda-458c-9055-ee8750a7e5bb => generated 716 bytes in 38 msecs (HTTP/1.1 200) 4 headers in 157 bytes (1 switches on core 0) [pid: 8|app: 0|req: 709/1395] 10.0.0.202 () {34 vars in 965 bytes} [Thu Apr 23 09:34:03 2026] GET /v2.0/quotas/0431a699f48a4a17a01cfc9589a3e457 => generated 292 bytes in 16 msecs (HTTP/1.1 200) 4 headers in 157 bytes (1 switches on core 0) [pid: 8|app: 0|req: 710/1396] 10.0.0.202 () {34 vars in 1002 bytes} [Thu Apr 23 09:34:03 2026] GET /v2.0/ports?tenant_id=0431a699f48a4a17a01cfc9589a3e457&fields=id => generated 103 bytes in 90 msecs (HTTP/1.1 200) 4 headers in 157 bytes (1 switches on core 0) [pid: 8|app: 0|req: 711/1397] 10.0.0.202 () {34 vars in 1008 bytes} [Thu Apr 23 09:34:03 2026] GET /v2.0/networks/df77f5d7-ebda-458c-9055-ee8750a7e5bb?fields=segments => generated 14 bytes in 40 msecs (HTTP/1.1 200) 4 headers in 156 bytes (1 switches on core 0) [pid: 8|app: 0|req: 712/1398] 10.0.0.202 () {34 vars in 1108 bytes} [Thu Apr 23 09:34:03 2026] GET /v2.0/networks/df77f5d7-ebda-458c-9055-ee8750a7e5bb?fields=provider%3Aphysical_network&fields=provider%3Anetwork_type => generated 79 bytes in 38 msecs (HTTP/1.1 200) 4 headers in 156 bytes (1 switches on core 0) [pid: 7|app: 0|req: 687/1399] 10.0.0.207 () {32 vars in 740 bytes} [Thu Apr 23 09:34:03 2026] DELETE /v2.0/security-groups/16f71d06-cd39-4b2b-9c8a-eb793acf5adb => generated 0 bytes in 466 msecs (HTTP/1.1 204) 2 headers in 112 bytes (1 switches on core 0) [pid: 8|app: 0|req: 713/1400] 10.0.0.202 () {34 vars in 990 bytes} [Thu Apr 23 09:34:03 2026] GET /v2.0/ports?device_id=0ac01700-2b60-40f9-a4db-ddeda071c7ee => generated 12 bytes in 25 msecs (HTTP/1.1 200) 4 headers in 156 bytes (1 switches on core 0)
2026-04-23 09:34:04.085 7 INFO neutron.db.ovn_revision_numbers_db [None req-611a8af5-394b-4dfb-a75f-abfb1eb2d186 5c4552b8d63849a289271eff333d2ba6 98ae51e026d344b1b6aecfc38012cd22 - - default default] Successfully bumped revision number for resource 05cc7279-afc1-4940-9fb2-8611e5c19a42 (type: security_groups) to 1
2026-04-23 09:34:04.097 7 INFO neutron.db.ovn_revision_numbers_db [None req-611a8af5-394b-4dfb-a75f-abfb1eb2d186 5c4552b8d63849a289271eff333d2ba6 98ae51e026d344b1b6aecfc38012cd22 - - default default] Successfully bumped revision number for resource 2c814c45-e425-4b05-bb19-75947c20199c (type: security_group_rules) to 0
2026-04-23 09:34:04.111 7 INFO neutron.db.ovn_revision_numbers_db [None req-611a8af5-394b-4dfb-a75f-abfb1eb2d186 5c4552b8d63849a289271eff333d2ba6 98ae51e026d344b1b6aecfc38012cd22 - - default default] Successfully bumped revision number for resource a7086d70-fe3e-469f-85c3-c8cca216daa8 (type: security_group_rules) to 0
2026-04-23 09:34:04.125 7 INFO neutron.db.ovn_revision_numbers_db [None req-611a8af5-394b-4dfb-a75f-abfb1eb2d186 5c4552b8d63849a289271eff333d2ba6 98ae51e026d344b1b6aecfc38012cd22 - - default default] Successfully bumped revision number for resource c773b11f-660e-4901-9bc7-ee38dfe0a738 (type: security_group_rules) to 0
2026-04-23 09:34:04.142 7 INFO neutron.db.ovn_revision_numbers_db [None req-611a8af5-394b-4dfb-a75f-abfb1eb2d186 5c4552b8d63849a289271eff333d2ba6 98ae51e026d344b1b6aecfc38012cd22 - - default default] Successfully bumped revision number for resource f87a0a13-4065-4846-9e80-7baad89a56d9 (type: security_group_rules) to 0 [pid: 7|app: 0|req: 688/1401] 10.0.0.207 () {32 vars in 774 bytes} [Thu Apr 23 09:34:03 2026] GET /v2.0/security-groups?tenant_id=4e278271a3f642c1a2d88616efb44004&name=default => generated 2925 bytes in 297 msecs (HTTP/1.1 200) 4 headers in 158 bytes (1 switches on core 0) [pid: 8|app: 0|req: 714/1402] 10.0.0.207 () {32 vars in 740 bytes} [Thu Apr 23 09:34:04 2026] DELETE /v2.0/security-groups/05cc7279-afc1-4940-9fb2-8611e5c19a42 => generated 0 bytes in 243 msecs (HTTP/1.1 204) 2 headers in 112 bytes (1 switches on core 0)
2026-04-23 09:34:04.972 7 INFO neutron.db.ovn_revision_numbers_db [None req-19830b85-c6bc-4b61-bb17-ccf2b81d2f25 4f4b8f2094dd4604a9ee0180e48672f7 ad637b1762af447f8f7cc605fa79c2b5 - - default default] Successfully bumped revision number for resource b2f99b3c-5a97-41f5-a72f-d423cf69a5aa (type: security_groups) to 1
2026-04-23 09:34:04.985 7 INFO neutron.db.ovn_revision_numbers_db [None req-19830b85-c6bc-4b61-bb17-ccf2b81d2f25 4f4b8f2094dd4604a9ee0180e48672f7 ad637b1762af447f8f7cc605fa79c2b5 - - default default] Successfully bumped revision number for resource 219eb261-40cb-4934-bdd3-27e017506058 (type: security_group_rules) to 0 [pid: 8|app: 0|req: 715/1403] 10.0.0.202 () {34 vars in 990 bytes} [Thu Apr 23 09:34:04 2026] GET /v2.0/ports?device_id=0ac01700-2b60-40f9-a4db-ddeda071c7ee => generated 12 bytes in 26 msecs (HTTP/1.1 200) 4 headers in 156 bytes (1 switches on core 0)
2026-04-23 09:34:04.996 7 INFO neutron.db.ovn_revision_numbers_db [None req-19830b85-c6bc-4b61-bb17-ccf2b81d2f25 4f4b8f2094dd4604a9ee0180e48672f7 ad637b1762af447f8f7cc605fa79c2b5 - - default default] Successfully bumped revision number for resource bed43cf8-8145-4fab-a228-4948113b801b (type: security_group_rules) to 0
2026-04-23 09:34:05.008 7 INFO neutron.db.ovn_revision_numbers_db [None req-19830b85-c6bc-4b61-bb17-ccf2b81d2f25 4f4b8f2094dd4604a9ee0180e48672f7 ad637b1762af447f8f7cc605fa79c2b5 - - default default] Successfully bumped revision number for resource d942b058-e195-4562-bb77-c047c559b560 (type: security_group_rules) to 0
2026-04-23 09:34:05.025 7 INFO neutron.db.ovn_revision_numbers_db [None req-19830b85-c6bc-4b61-bb17-ccf2b81d2f25 4f4b8f2094dd4604a9ee0180e48672f7 ad637b1762af447f8f7cc605fa79c2b5 - - default default] Successfully bumped revision number for resource e70ba526-7ad6-4626-84af-1f2631406014 (type: security_group_rules) to 0
2026-04-23 09:34:05.169 7 INFO neutron.db.ovn_revision_numbers_db [None req-19830b85-c6bc-4b61-bb17-ccf2b81d2f25 4f4b8f2094dd4604a9ee0180e48672f7 ad637b1762af447f8f7cc605fa79c2b5 - - default default] Successfully bumped revision number for resource f7b54794-3788-4282-8619-4af2e7e4e16d (type: security_groups) to 1
2026-04-23 09:34:05.182 7 INFO neutron.db.ovn_revision_numbers_db [None req-19830b85-c6bc-4b61-bb17-ccf2b81d2f25 4f4b8f2094dd4604a9ee0180e48672f7 ad637b1762af447f8f7cc605fa79c2b5 - - default default] Successfully bumped revision number for resource 3f455bab-d39e-44fb-aaea-7e0eb0cd72f6 (type: security_group_rules) to 0
2026-04-23 09:34:05.199 7 INFO neutron.db.ovn_revision_numbers_db [None req-19830b85-c6bc-4b61-bb17-ccf2b81d2f25 4f4b8f2094dd4604a9ee0180e48672f7 ad637b1762af447f8f7cc605fa79c2b5 - - default default] Successfully bumped revision number for resource a964450f-8786-4452-8d5c-96d8aa59f39c (type: security_group_rules) to 0 [pid: 7|app: 0|req: 689/1404] 10.0.0.207 () {34 vars in 684 bytes} [Thu Apr 23 09:34:04 2026] POST /v2.0/security-groups => generated 1624 bytes in 707 msecs (HTTP/1.1 201) 4 headers in 163 bytes (1 switches on core 0)
2026-04-23 09:34:05.280 8 INFO neutron.db.ovn_revision_numbers_db [None req-f02c0d83-ad46-407f-8127-b768d43b2ee2 36b633ef3bda49eb802a9f7adc9c0cab 5cfff42e489040138de7db55b776366d - - default default] Successfully bumped revision number for resource 8ba20c40-18d4-4549-9332-f0ce6a1b22af (type: security_groups) to 1
2026-04-23 09:34:05.295 8 INFO neutron.db.ovn_revision_numbers_db [None req-f02c0d83-ad46-407f-8127-b768d43b2ee2 36b633ef3bda49eb802a9f7adc9c0cab 5cfff42e489040138de7db55b776366d - - default default] Successfully bumped revision number for resource 04f8da6d-cea1-4da8-8f2e-aff1e9d4a5a4 (type: security_group_rules) to 0 [pid: 7|app: 0|req: 690/1405] 10.0.0.207 () {32 vars in 663 bytes} [Thu Apr 23 09:34:05 2026] GET /v2.0/security-groups => generated 4529 bytes in 57 msecs (HTTP/1.1 200) 4 headers in 158 bytes (1 switches on core 0)
2026-04-23 09:34:05.312 8 INFO neutron.db.ovn_revision_numbers_db [None req-f02c0d83-ad46-407f-8127-b768d43b2ee2 36b633ef3bda49eb802a9f7adc9c0cab 5cfff42e489040138de7db55b776366d - - default default] Successfully bumped revision number for resource 090f02c2-6a13-4a27-aef0-eca85bc3b734 (type: security_group_rules) to 0
2026-04-23 09:34:05.331 8 INFO neutron.db.ovn_revision_numbers_db [None req-f02c0d83-ad46-407f-8127-b768d43b2ee2 36b633ef3bda49eb802a9f7adc9c0cab 5cfff42e489040138de7db55b776366d - - default default] Successfully bumped revision number for resource b7ea463c-709f-48a9-870a-6e7a41192233 (type: security_group_rules) to 0
2026-04-23 09:34:05.348 8 INFO neutron.db.ovn_revision_numbers_db [None req-f02c0d83-ad46-407f-8127-b768d43b2ee2 36b633ef3bda49eb802a9f7adc9c0cab 5cfff42e489040138de7db55b776366d - - default default] Successfully bumped revision number for resource f61da190-b416-4d53-bf08-7b062ecd16a2 (type: security_group_rules) to 0
2026-04-23 09:34:05.392 7 INFO neutron.db.ovn_revision_numbers_db [None req-e223f3e0-a901-4a54-a577-7fed26d69ac7 4f4b8f2094dd4604a9ee0180e48672f7 ad637b1762af447f8f7cc605fa79c2b5 - - default default] Successfully bumped revision number for resource f7b54794-3788-4282-8619-4af2e7e4e16d (type: security_groups) to 2 [pid: 7|app: 0|req: 691/1406] 10.0.0.207 () {34 vars in 758 bytes} [Thu Apr 23 09:34:05 2026] PUT /v2.0/security-groups/f7b54794-3788-4282-8619-4af2e7e4e16d => generated 1664 bytes in 100 msecs (HTTP/1.1 200) 4 headers in 158 bytes (1 switches on core 0)
2026-04-23 09:34:05.437 8 INFO neutron.db.segments_db [None req-f02c0d83-ad46-407f-8127-b768d43b2ee2 36b633ef3bda49eb802a9f7adc9c0cab 5cfff42e489040138de7db55b776366d - - default default] Added segment a9d17eda-f680-4dea-9479-1bda8e59891e of type geneve for network c2c3d74d-0fe3-413f-843a-b5b5271c02c9 [pid: 7|app: 0|req: 692/1407] 10.0.0.207 () {32 vars in 737 bytes} [Thu Apr 23 09:34:05 2026] GET /v2.0/security-groups/f7b54794-3788-4282-8619-4af2e7e4e16d => generated 1664 bytes in 26 msecs (HTTP/1.1 200) 4 headers in 158 bytes (1 switches on core 0)
2026-04-23 09:34:05.517 8 INFO neutron.db.segments_db [None req-f02c0d83-ad46-407f-8127-b768d43b2ee2 36b633ef3bda49eb802a9f7adc9c0cab 5cfff42e489040138de7db55b776366d - - default default] Added segment 52744958-e846-47d9-90c6-2ed6ffa13190 of type geneve for network 1b782681-450b-4441-bfeb-02297131c603 [pid: 7|app: 0|req: 693/1408] 10.0.0.207 () {32 vars in 740 bytes} [Thu Apr 23 09:34:05 2026] DELETE /v2.0/security-groups/f7b54794-3788-4282-8619-4af2e7e4e16d => generated 0 bytes in 157 msecs (HTTP/1.1 204) 2 headers in 112 bytes (1 switches on core 0) [pid: 7|app: 0|req: 694/1409] 10.0.0.207 () {32 vars in 663 bytes} [Thu Apr 23 09:34:05 2026] GET /v2.0/security-groups => generated 2925 bytes in 41 msecs (HTTP/1.1 200) 4 headers in 158 bytes (1 switches on core 0)
2026-04-23 09:34:05.673 7 INFO neutron.api.v2.resource [None req-8222cf67-eed5-43b2-bcd8-89ae61ff6701 4f4b8f2094dd4604a9ee0180e48672f7 ad637b1762af447f8f7cc605fa79c2b5 - - default default] delete failed (client error): The resource could not be found. [pid: 7|app: 0|req: 695/1410] 10.0.0.207 () {32 vars in 740 bytes} [Thu Apr 23 09:34:05 2026] DELETE /v2.0/security-groups/f7b54794-3788-4282-8619-4af2e7e4e16d => generated 146 bytes in 16 msecs (HTTP/1.1 404) 4 headers in 164 bytes (1 switches on core 0)
2026-04-23 09:34:05.684 8 INFO neutron.db.ovn_revision_numbers_db [None req-f02c0d83-ad46-407f-8127-b768d43b2ee2 36b633ef3bda49eb802a9f7adc9c0cab 5cfff42e489040138de7db55b776366d - - default default] Successfully bumped revision number for resource c2c3d74d-0fe3-413f-843a-b5b5271c02c9 (type: networks) to 1
2026-04-23 09:34:05.877 7 INFO neutron.db.ovn_revision_numbers_db [None req-63c0560d-803e-4720-934e-a0a7c643d640 4f4b8f2094dd4604a9ee0180e48672f7 ad637b1762af447f8f7cc605fa79c2b5 - - default default] Successfully bumped revision number for resource 2b63d4f5-dcbe-43b3-9f90-e6e2593f1ca0 (type: security_groups) to 1
2026-04-23 09:34:05.894 8 WARNING neutron.scheduler.dhcp_agent_scheduler [None req-f02c0d83-ad46-407f-8127-b768d43b2ee2 36b633ef3bda49eb802a9f7adc9c0cab 5cfff42e489040138de7db55b776366d - - default default] No more DHCP agents
2026-04-23 09:34:05.895 7 INFO neutron.db.ovn_revision_numbers_db [None req-63c0560d-803e-4720-934e-a0a7c643d640 4f4b8f2094dd4604a9ee0180e48672f7 ad637b1762af447f8f7cc605fa79c2b5 - - default default] Successfully bumped revision number for resource a1414051-e242-49ef-aa39-7bbca8b87998 (type: security_group_rules) to 0
2026-04-23 09:34:05.896 8 WARNING neutron.api.rpc.agentnotifiers.dhcp_rpc_agent_api [None req-f02c0d83-ad46-407f-8127-b768d43b2ee2 36b633ef3bda49eb802a9f7adc9c0cab 5cfff42e489040138de7db55b776366d - - default default] Unable to schedule network c2c3d74d-0fe3-413f-843a-b5b5271c02c9: no agents available; will retry on subsequent port and subnet creation events.
2026-04-23 09:34:05.911 7 INFO neutron.db.ovn_revision_numbers_db [None req-63c0560d-803e-4720-934e-a0a7c643d640 4f4b8f2094dd4604a9ee0180e48672f7 ad637b1762af447f8f7cc605fa79c2b5 - - default default] Successfully bumped revision number for resource b8a7102c-34c9-4b37-85b6-b7baf56faa9e (type: security_group_rules) to 0 [pid: 7|app: 0|req: 696/1411] 10.0.0.207 () {34 vars in 684 bytes} [Thu Apr 23 09:34:05 2026] POST /v2.0/security-groups => generated 1625 bytes in 304 msecs (HTTP/1.1 201) 4 headers in 163 bytes (1 switches on core 0)
2026-04-23 09:34:05.993 8 INFO neutron.db.ovn_revision_numbers_db [None req-f02c0d83-ad46-407f-8127-b768d43b2ee2 36b633ef3bda49eb802a9f7adc9c0cab 5cfff42e489040138de7db55b776366d - - default default] Successfully bumped revision number for resource 65dcd241-1f82-4296-820e-0ba5abc59dfb (type: ports) to 1
2026-04-23 09:34:06.083 8 INFO neutron.db.ovn_revision_numbers_db [None req-f02c0d83-ad46-407f-8127-b768d43b2ee2 36b633ef3bda49eb802a9f7adc9c0cab 5cfff42e489040138de7db55b776366d - - default default] Successfully bumped revision number for resource 1b782681-450b-4441-bfeb-02297131c603 (type: networks) to 1
2026-04-23 09:34:06.166 7 INFO neutron.db.ovn_revision_numbers_db [None req-43fcb4cc-b68e-4a07-86ec-8a923db47195 4f4b8f2094dd4604a9ee0180e48672f7 ad637b1762af447f8f7cc605fa79c2b5 - - default default] Successfully bumped revision number for resource 86c51dee-7954-42c5-880c-c2b63a0195c3 (type: security_group_rules) to 0 [pid: 7|app: 0|req: 697/1412] 10.0.0.207 () {34 vars in 695 bytes} [Thu Apr 23 09:34:05 2026] POST /v2.0/security-group-rules => generated 601 bytes in 213 msecs (HTTP/1.1 201) 4 headers in 162 bytes (1 switches on core 0) [pid: 7|app: 0|req: 698/1413] 10.0.0.202 () {34 vars in 990 bytes} [Thu Apr 23 09:34:06 2026] GET /v2.0/ports?device_id=0ac01700-2b60-40f9-a4db-ddeda071c7ee => generated 12 bytes in 22 msecs (HTTP/1.1 200) 4 headers in 156 bytes (1 switches on core 0) [pid: 7|app: 0|req: 699/1414] 10.0.0.207 () {32 vars in 747 bytes} [Thu Apr 23 09:34:06 2026] GET /v2.0/security-group-rules/86c51dee-7954-42c5-880c-c2b63a0195c3 => generated 601 bytes in 22 msecs (HTTP/1.1 200) 4 headers in 157 bytes (1 switches on core 0)
