2026-04-16 01:28:12.111 8 INFO neutron.db.ovn_revision_numbers_db [None req-20f91994-1473-4f84-874a-940c0e91fe29 f4c85fd23b7746f1a7e983e514023be9 6ed16e9513a640a28ac0d4fbb6829113 - - default default] Successfully bumped revision number for resource 8a36b9a4-4fc5-46ba-8f33-3c4e048ac27f (type: networks) to 1 [pid: 7|app: 0|req: 1034/2114] 10.0.0.217 () {34 vars in 753 bytes} [Thu Apr 16 01:28:12 2026] PUT /v2.0/networks/ff860898-f557-4a32-92d2-90b5683a107a/tags => generated 19 bytes in 48 msecs (HTTP/1.1 200) 4 headers in 156 bytes (1 switches on core 0) [pid: 7|app: 0|req: 1035/2115] 10.0.0.217 () {32 vars in 733 bytes} [Thu Apr 16 01:28:12 2026] GET /v2.0/policies/758374e4-473a-4c82-9bf2-0685c50d46bd/tags => generated 30 bytes in 30 msecs (HTTP/1.1 200) 4 headers in 156 bytes (1 switches on core 0) [pid: 7|app: 0|req: 1036/2116] 10.0.0.217 () {32 vars in 666 bytes} [Thu Apr 16 01:28:12 2026] GET /v2.0/networks?tags=red => generated 1988 bytes in 46 msecs (HTTP/1.1 200) 4 headers in 158 bytes (1 switches on core 0)
2026-04-16 01:28:12.255 7 INFO neutron.api.v2.resource [None req-24a3731c-bfdd-468e-b949-dd218150876d 44791d9064b5487188eebf1fe6b22b8b d55af5d2d7dd432a9d44f8162082be65 - - default default] delete failed (client error): The resource could not be found. [pid: 7|app: 0|req: 1037/2117] 10.0.0.217 () {32 vars in 748 bytes} [Thu Apr 16 01:28:12 2026] DELETE /v2.0/policies/758374e4-473a-4c82-9bf2-0685c50d46bd/tags/green => generated 99 bytes in 35 msecs (HTTP/1.1 404) 4 headers in 163 bytes (1 switches on core 0)
2026-04-16 01:28:12.274 8 WARNING neutron.scheduler.dhcp_agent_scheduler [None req-20f91994-1473-4f84-874a-940c0e91fe29 f4c85fd23b7746f1a7e983e514023be9 6ed16e9513a640a28ac0d4fbb6829113 - - default default] No more DHCP agents
2026-04-16 01:28:12.278 8 WARNING neutron.api.rpc.agentnotifiers.dhcp_rpc_agent_api [None req-20f91994-1473-4f84-874a-940c0e91fe29 f4c85fd23b7746f1a7e983e514023be9 6ed16e9513a640a28ac0d4fbb6829113 - - default default] Unable to schedule network 8a36b9a4-4fc5-46ba-8f33-3c4e048ac27f: no agents available; will retry on subsequent port and subnet creation events. [pid: 7|app: 0|req: 1038/2118] 10.0.0.217 () {32 vars in 680 bytes} [Thu Apr 16 01:28:12 2026] GET /v2.0/networks?tags=red%2Cblue => generated 1337 bytes in 45 msecs (HTTP/1.1 200) 4 headers in 158 bytes (1 switches on core 0)
2026-04-16 01:28:12.335 8 INFO neutron.plugins.ml2.drivers.ovn.mech_driver.mech_driver [None req-d6ad48e8-3915-40d8-baba-0e97fb59489d - - - - - -] OVN reports status down for port: 0b1918fc-b182-41b4-8863-328aa82ab8ed
2026-04-16 01:28:12.395 8 INFO neutron.db.ovn_revision_numbers_db [None req-20f91994-1473-4f84-874a-940c0e91fe29 f4c85fd23b7746f1a7e983e514023be9 6ed16e9513a640a28ac0d4fbb6829113 - - default default] Successfully bumped revision number for resource 0b1918fc-b182-41b4-8863-328aa82ab8ed (type: ports) to 1 [pid: 7|app: 0|req: 1039/2119] 10.0.0.217 () {32 vars in 736 bytes} [Thu Apr 16 01:28:12 2026] DELETE /v2.0/policies/758374e4-473a-4c82-9bf2-0685c50d46bd/tags => generated 0 bytes in 95 msecs (HTTP/1.1 204) 2 headers in 112 bytes (1 switches on core 0) [pid: 8|app: 0|req: 1081/2120] 10.0.0.217 () {34 vars in 670 bytes} [Thu Apr 16 01:28:11 2026] POST /v2.0/networks => generated 658 bytes in 837 msecs (HTTP/1.1 201) 4 headers in 162 bytes (1 switches on core 0) [pid: 7|app: 0|req: 1040/2121] 10.0.0.217 () {32 vars in 676 bytes} [Thu Apr 16 01:28:12 2026] GET /v2.0/networks?tags-any=blue => generated 1337 bytes in 65 msecs (HTTP/1.1 200) 4 headers in 158 bytes (1 switches on core 0) [pid: 8|app: 0|req: 1082/2122] 10.0.0.217 () {32 vars in 733 bytes} [Thu Apr 16 01:28:12 2026] GET /v2.0/policies/758374e4-473a-4c82-9bf2-0685c50d46bd/tags => generated 12 bytes in 37 msecs (HTTP/1.1 200) 4 headers in 156 bytes (1 switches on core 0) [pid: 8|app: 0|req: 1083/2123] 10.0.0.217 () {32 vars in 688 bytes} [Thu Apr 16 01:28:12 2026] GET /v2.0/networks?tags-any=red%2Cblue => generated 1988 bytes in 74 msecs (HTTP/1.1 200) 4 headers in 158 bytes (1 switches on core 0) [pid: 8|app: 0|req: 1084/2124] 10.0.0.217 () {32 vars in 734 bytes} [Thu Apr 16 01:28:12 2026] DELETE /v2.0/qos/policies/758374e4-473a-4c82-9bf2-0685c50d46bd => generated 0 bytes in 48 msecs (HTTP/1.1 204) 2 headers in 112 bytes (1 switches on core 0) [pid: 8|app: 0|req: 1085/2125] 10.0.0.217 () {32 vars in 674 bytes} [Thu Apr 16 01:28:12 2026] GET /v2.0/networks?not-tags=red => generated 1986 bytes in 61 msecs (HTTP/1.1 200) 4 headers in 158 bytes (1 switches on core 0)
2026-04-16 01:28:12.669 7 WARNING neutron.scheduler.dhcp_agent_scheduler [None req-60d60c79-6607-4dda-b8ea-9ee3a21982e1 f4c85fd23b7746f1a7e983e514023be9 6ed16e9513a640a28ac0d4fbb6829113 - - default default] No more DHCP agents
2026-04-16 01:28:12.672 7 WARNING neutron.api.rpc.agentnotifiers.dhcp_rpc_agent_api [None req-60d60c79-6607-4dda-b8ea-9ee3a21982e1 f4c85fd23b7746f1a7e983e514023be9 6ed16e9513a640a28ac0d4fbb6829113 - - default default] Unable to schedule network 8a36b9a4-4fc5-46ba-8f33-3c4e048ac27f: no agents available; will retry on subsequent port and subnet creation events. [pid: 8|app: 0|req: 1086/2126] 10.0.0.217 () {32 vars in 688 bytes} [Thu Apr 16 01:28:12 2026] GET /v2.0/networks?not-tags=red%2Cblue => generated 2637 bytes in 67 msecs (HTTP/1.1 200) 4 headers in 158 bytes (1 switches on core 0) [pid: 8|app: 0|req: 1087/2127] 10.0.0.217 () {32 vars in 684 bytes} [Thu Apr 16 01:28:12 2026] GET /v2.0/networks?not-tags-any=blue => generated 2637 bytes in 61 msecs (HTTP/1.1 200) 4 headers in 158 bytes (1 switches on core 0) [pid: 8|app: 0|req: 1088/2128] 10.0.0.217 () {32 vars in 696 bytes} [Thu Apr 16 01:28:12 2026] GET /v2.0/networks?not-tags-any=red%2Cblue => generated 1986 bytes in 65 msecs (HTTP/1.1 200) 4 headers in 158 bytes (1 switches on core 0)
2026-04-16 01:28:12.994 8 INFO neutron_taas.services.taas.taas_plugin [None req-670b73cc-d721-44b2-8387-91e1d8eeb230 77b1cf0cd37b415e955992e45e125a33 d1d0fa79842c450687b7e960d06e56a0 - - default default] TaaS: Handle Delete Port: e50e995a-9c1a-4354-94a6-f0a425f44b6d
2026-04-16 01:28:12.996 8 INFO neutron_taas.services.taas.tap_mirror_plugin [None req-670b73cc-d721-44b2-8387-91e1d8eeb230 77b1cf0cd37b415e955992e45e125a33 d1d0fa79842c450687b7e960d06e56a0 - - default default] Tap Mirror: Handle Delete Port: e50e995a-9c1a-4354-94a6-f0a425f44b6d
2026-04-16 01:28:13.177 7 INFO neutron.db.ovn_revision_numbers_db [None req-ba808a9f-de08-4802-bbf2-5f358589b7a2 - - - - - -] Successfully bumped revision number for resource 0b1918fc-b182-41b4-8863-328aa82ab8ed (type: ports) to 2
2026-04-16 01:28:13.223 7 INFO neutron.db.ovn_revision_numbers_db [None req-ba808a9f-de08-4802-bbf2-5f358589b7a2 - - - - - -] Successfully bumped revision number for resource 3b584487-06bf-4e51-bc19-a727724ef671 (type: subnets) to 0
2026-04-16 01:28:13.231 8 INFO neutron.services.segments.plugin [-] Segment bc1b1640-6395-4fd9-97bf-7c600e112d27 resource provider aggregate not found
2026-04-16 01:28:13.236 8 INFO neutron.services.segments.plugin [-] Segment bc1b1640-6395-4fd9-97bf-7c600e112d27 resource provider aggregate not found
2026-04-16 01:28:13.252 8 INFO neutron.services.segments.plugin [-] Segment bc1b1640-6395-4fd9-97bf-7c600e112d27 resource provider not found; error: Placement Client Error (4xx): {"errors": [{"status": 404, "title": "Not Found", "detail": "The resource could not be found.\n\n No resource provider with uuid bc1b1640-6395-4fd9-97bf-7c600e112d27 found for delete ", "request_id": "req-076018c0-ab23-4d65-b670-a96c2b33abd3"}]}
2026-04-16 01:28:13.252 8 INFO neutron.services.segments.plugin [-] Segment bc1b1640-6395-4fd9-97bf-7c600e112d27 resource provider not found; error: Placement Client Error (4xx): {"errors": [{"status": 404, "title": "Not Found", "detail": "The resource could not be found.\n\n No resource provider with uuid bc1b1640-6395-4fd9-97bf-7c600e112d27 found for delete ", "request_id": "req-d86f3ee8-7e20-4da3-8cbb-f808e3c05340"}]} [pid: 7|app: 0|req: 1041/2129] 10.0.0.217 () {34 vars in 669 bytes} [Thu Apr 16 01:28:12 2026] POST /v2.0/subnets => generated 657 bytes in 789 msecs (HTTP/1.1 201) 4 headers in 162 bytes (1 switches on core 0) [pid: 8|app: 0|req: 1089/2130] 10.0.0.217 () {32 vars in 726 bytes} [Thu Apr 16 01:28:12 2026] DELETE /v2.0/networks/441ac964-89a2-437e-8285-cf2087e88a2d => generated 0 bytes in 411 msecs (HTTP/1.1 204) 3 headers in 131 bytes (1 switches on core 0) [pid: 7|app: 0|req: 1042/2131] 10.0.0.217 () {32 vars in 722 bytes} [Thu Apr 16 01:28:13 2026] GET /v2.0/subnetpools?name=shared-default-subnetpool-v6 => generated 19 bytes in 164 msecs (HTTP/1.1 200) 4 headers in 156 bytes (1 switches on core 0)
2026-04-16 01:28:13.440 8 INFO neutron_taas.services.taas.taas_plugin [None req-b9683eb3-c631-4562-a8d9-e9b9b5216601 77b1cf0cd37b415e955992e45e125a33 d1d0fa79842c450687b7e960d06e56a0 - - default default] TaaS: Handle Delete Port: eb027273-7875-4392-9ffd-a2f6792c32ea
2026-04-16 01:28:13.443 8 INFO neutron_taas.services.taas.tap_mirror_plugin [None req-b9683eb3-c631-4562-a8d9-e9b9b5216601 77b1cf0cd37b415e955992e45e125a33 d1d0fa79842c450687b7e960d06e56a0 - - default default] Tap Mirror: Handle Delete Port: eb027273-7875-4392-9ffd-a2f6792c32ea [pid: 8|app: 0|req: 1090/2132] 10.0.0.217 () {32 vars in 726 bytes} [Thu Apr 16 01:28:13 2026] DELETE /v2.0/networks/a3d6dfba-e819-4d03-a8de-d63ce870cd97 => generated 0 bytes in 376 msecs (HTTP/1.1 204) 3 headers in 131 bytes (1 switches on core 0)
2026-04-16 01:28:13.698 7 INFO neutron.db.ovn_revision_numbers_db [None req-756ffb78-2ae0-4457-ba4b-31a3386a35ce 16a0675e968b4111b1307eb71a010f68 6393861d7a624ad89cceb2a77d4d6e61 - - default default] Successfully bumped revision number for resource 790220fb-7c9b-4426-b60d-3f5d7a5bfcd3 (type: security_groups) to 1
2026-04-16 01:28:13.708 7 INFO neutron.db.ovn_revision_numbers_db [None req-756ffb78-2ae0-4457-ba4b-31a3386a35ce 16a0675e968b4111b1307eb71a010f68 6393861d7a624ad89cceb2a77d4d6e61 - - default default] Successfully bumped revision number for resource 3ca6479b-24a3-4231-b0c5-43eca37d8dba (type: security_group_rules) to 0
2026-04-16 01:28:13.719 7 INFO neutron.db.ovn_revision_numbers_db [None req-756ffb78-2ae0-4457-ba4b-31a3386a35ce 16a0675e968b4111b1307eb71a010f68 6393861d7a624ad89cceb2a77d4d6e61 - - default default] Successfully bumped revision number for resource 4d9183c5-7ccb-43d0-8378-2d3db489db05 (type: security_group_rules) to 0
2026-04-16 01:28:13.730 7 INFO neutron.db.ovn_revision_numbers_db [None req-756ffb78-2ae0-4457-ba4b-31a3386a35ce 16a0675e968b4111b1307eb71a010f68 6393861d7a624ad89cceb2a77d4d6e61 - - default default] Successfully bumped revision number for resource 7fc58799-ed05-479e-bd6c-79730fa8b3c2 (type: security_group_rules) to 0
2026-04-16 01:28:13.741 7 INFO neutron.db.ovn_revision_numbers_db [None req-756ffb78-2ae0-4457-ba4b-31a3386a35ce 16a0675e968b4111b1307eb71a010f68 6393861d7a624ad89cceb2a77d4d6e61 - - default default] Successfully bumped revision number for resource 94f7432d-b51a-470e-a6ed-1faa07332ecf (type: security_group_rules) to 0 [pid: 7|app: 0|req: 1043/2133] 10.0.0.217 () {32 vars in 774 bytes} [Thu Apr 16 01:28:13 2026] GET /v2.0/security-groups?tenant_id=9e7840feec67413e80334b7b970a8025&name=default => generated 2925 bytes in 356 msecs (HTTP/1.1 200) 4 headers in 158 bytes (1 switches on core 0)
2026-04-16 01:28:13.867 8 WARNING neutron.scheduler.dhcp_agent_scheduler [None req-a27eda65-163e-4890-bd93-201d192aaf77 f4c85fd23b7746f1a7e983e514023be9 6ed16e9513a640a28ac0d4fbb6829113 - - default default] No more DHCP agents
2026-04-16 01:28:13.868 8 WARNING neutron.api.rpc.agentnotifiers.dhcp_rpc_agent_api [None req-a27eda65-163e-4890-bd93-201d192aaf77 f4c85fd23b7746f1a7e983e514023be9 6ed16e9513a640a28ac0d4fbb6829113 - - default default] Unable to schedule network 8a36b9a4-4fc5-46ba-8f33-3c4e048ac27f: no agents available; will retry on subsequent port and subnet creation events.
2026-04-16 01:28:13.887 7 INFO neutron_taas.services.taas.taas_plugin [None req-dd007349-2207-4955-a051-fb054302cd27 77b1cf0cd37b415e955992e45e125a33 d1d0fa79842c450687b7e960d06e56a0 - - default default] TaaS: Handle Delete Port: fb5be5a6-cf94-4f16-a5e1-11b91832c6a3
2026-04-16 01:28:13.891 7 INFO neutron_taas.services.taas.tap_mirror_plugin [None req-dd007349-2207-4955-a051-fb054302cd27 77b1cf0cd37b415e955992e45e125a33 d1d0fa79842c450687b7e960d06e56a0 - - default default] Tap Mirror: Handle Delete Port: fb5be5a6-cf94-4f16-a5e1-11b91832c6a3
2026-04-16 01:28:13.893 8 INFO neutron.db.ovn_revision_numbers_db [None req-a27eda65-163e-4890-bd93-201d192aaf77 f4c85fd23b7746f1a7e983e514023be9 6ed16e9513a640a28ac0d4fbb6829113 - - default default] Successfully bumped revision number for resource 7a88c481-0a3b-43cb-b36e-034d88b0b393 (type: subnets) to 0 [pid: 8|app: 0|req: 1091/2134] 10.0.0.217 () {34 vars in 669 bytes} [Thu Apr 16 01:28:13 2026] POST /v2.0/subnets => generated 732 bytes in 235 msecs (HTTP/1.1 201) 4 headers in 162 bytes (1 switches on core 0)
2026-04-16 01:28:14.078 7 INFO neutron.services.segments.plugin [-] Segment 136b8363-5ca6-4d65-b864-44f93960f016 resource provider aggregate not found
2026-04-16 01:28:14.086 7 INFO neutron.services.segments.plugin [-] Segment 136b8363-5ca6-4d65-b864-44f93960f016 resource provider aggregate not found
2026-04-16 01:28:14.099 7 INFO neutron.services.segments.plugin [-] Segment 136b8363-5ca6-4d65-b864-44f93960f016 resource provider not found; error: Placement Client Error (4xx): {"errors": [{"status": 404, "title": "Not Found", "detail": "The resource could not be found.\n\n No resource provider with uuid 136b8363-5ca6-4d65-b864-44f93960f016 found for delete ", "request_id": "req-dc784b78-efd0-4f99-91f9-59299612bd5a"}]}
2026-04-16 01:28:14.106 7 INFO neutron.services.segments.plugin [-] Segment 136b8363-5ca6-4d65-b864-44f93960f016 resource provider not found; error: Placement Client Error (4xx): {"errors": [{"status": 404, "title": "Not Found", "detail": "The resource could not be found.\n\n No resource provider with uuid 136b8363-5ca6-4d65-b864-44f93960f016 found for delete ", "request_id": "req-ba6b84d6-ab50-4e6a-91b9-025b1a26b02d"}]} [pid: 7|app: 0|req: 1044/2135] 10.0.0.217 () {32 vars in 726 bytes} [Thu Apr 16 01:28:13 2026] DELETE /v2.0/networks/6ca2cbfb-9e7e-4286-b40a-8d7c1ed9b9e8 => generated 0 bytes in 363 msecs (HTTP/1.1 204) 3 headers in 131 bytes (1 switches on core 0) [pid: 8|app: 0|req: 1092/2136] 10.0.0.217 () {32 vars in 740 bytes} [Thu Apr 16 01:28:13 2026] DELETE /v2.0/security-groups/790220fb-7c9b-4426-b60d-3f5d7a5bfcd3 => generated 0 bytes in 245 msecs (HTTP/1.1 204) 2 headers in 112 bytes (1 switches on core 0)
2026-04-16 01:28:14.229 7 INFO neutron.db.segments_db [None req-caddb86b-d835-48a3-af12-d89c593361d8 f4c85fd23b7746f1a7e983e514023be9 6ed16e9513a640a28ac0d4fbb6829113 - - default default] Added segment 391d7755-3860-41a2-9d58-1b5504a43617 of type geneve for network 18159079-c99c-459a-b429-4007061583a9
2026-04-16 01:28:14.268 8 INFO neutron_taas.services.taas.taas_plugin [None req-00046230-5b4c-4480-9ffa-4d5974fbbfba 77b1cf0cd37b415e955992e45e125a33 d1d0fa79842c450687b7e960d06e56a0 - - default default] TaaS: Handle Delete Port: 2be0b56c-5eee-409e-b7f6-ec243f74906d
2026-04-16 01:28:14.271 8 INFO neutron_taas.services.taas.tap_mirror_plugin [None req-00046230-5b4c-4480-9ffa-4d5974fbbfba 77b1cf0cd37b415e955992e45e125a33 d1d0fa79842c450687b7e960d06e56a0 - - default default] Tap Mirror: Handle Delete Port: 2be0b56c-5eee-409e-b7f6-ec243f74906d
2026-04-16 01:28:14.325 7 INFO neutron.db.ovn_revision_numbers_db [None req-caddb86b-d835-48a3-af12-d89c593361d8 f4c85fd23b7746f1a7e983e514023be9 6ed16e9513a640a28ac0d4fbb6829113 - - default default] Successfully bumped revision number for resource 18159079-c99c-459a-b429-4007061583a9 (type: networks) to 1 [pid: 8|app: 0|req: 1093/2137] 10.0.0.217 () {32 vars in 726 bytes} [Thu Apr 16 01:28:14 2026] DELETE /v2.0/networks/ff860898-f557-4a32-92d2-90b5683a107a => generated 0 bytes in 312 msecs (HTTP/1.1 204) 3 headers in 131 bytes (1 switches on core 0)
2026-04-16 01:28:14.508 7 WARNING neutron.scheduler.dhcp_agent_scheduler [None req-caddb86b-d835-48a3-af12-d89c593361d8 f4c85fd23b7746f1a7e983e514023be9 6ed16e9513a640a28ac0d4fbb6829113 - - default default] No more DHCP agents
2026-04-16 01:28:14.509 7 WARNING neutron.api.rpc.agentnotifiers.dhcp_rpc_agent_api [None req-caddb86b-d835-48a3-af12-d89c593361d8 f4c85fd23b7746f1a7e983e514023be9 6ed16e9513a640a28ac0d4fbb6829113 - - default default] Unable to schedule network 18159079-c99c-459a-b429-4007061583a9: no agents available; will retry on subsequent port and subnet creation events.
2026-04-16 01:28:14.578 8 INFO neutron.plugins.ml2.drivers.ovn.mech_driver.mech_driver [None req-d6ad48e8-3915-40d8-baba-0e97fb59489d - - - - - -] OVN reports status down for port: 22c3f070-d663-4799-9c15-d38017d4ed71
2026-04-16 01:28:14.618 8 INFO neutron.db.ovn_revision_numbers_db [None req-00091ffb-b91f-48c1-81f4-deb3bb3e318e 16a0675e968b4111b1307eb71a010f68 6393861d7a624ad89cceb2a77d4d6e61 - - default default] Successfully bumped revision number for resource 362e4683-1694-40c2-ac68-f000dee0aaf3 (type: security_groups) to 1
2026-04-16 01:28:14.636 8 INFO neutron.db.ovn_revision_numbers_db [None req-00091ffb-b91f-48c1-81f4-deb3bb3e318e 16a0675e968b4111b1307eb71a010f68 6393861d7a624ad89cceb2a77d4d6e61 - - default default] Successfully bumped revision number for resource 2586bba8-655c-462a-a4e4-e93939e0dc8c (type: security_group_rules) to 0
2026-04-16 01:28:14.639 7 INFO neutron.db.ovn_revision_numbers_db [None req-caddb86b-d835-48a3-af12-d89c593361d8 f4c85fd23b7746f1a7e983e514023be9 6ed16e9513a640a28ac0d4fbb6829113 - - default default] Successfully bumped revision number for resource 22c3f070-d663-4799-9c15-d38017d4ed71 (type: ports) to 1
2026-04-16 01:28:14.651 8 INFO neutron.db.ovn_revision_numbers_db [None req-00091ffb-b91f-48c1-81f4-deb3bb3e318e 16a0675e968b4111b1307eb71a010f68 6393861d7a624ad89cceb2a77d4d6e61 - - default default] Successfully bumped revision number for resource c2c9f5a5-2047-4bf2-839c-2b97457d3325 (type: security_group_rules) to 0 [pid: 7|app: 0|req: 1045/2138] 10.0.0.217 () {34 vars in 670 bytes} [Thu Apr 16 01:28:14 2026] POST /v2.0/networks => generated 657 bytes in 524 msecs (HTTP/1.1 201) 4 headers in 162 bytes (1 switches on core 0)
2026-04-16 01:28:14.675 8 INFO neutron.db.ovn_revision_numbers_db [None req-00091ffb-b91f-48c1-81f4-deb3bb3e318e 16a0675e968b4111b1307eb71a010f68 6393861d7a624ad89cceb2a77d4d6e61 - - default default] Successfully bumped revision number for resource ccd9052c-02e0-456d-91f1-32184291553e (type: security_group_rules) to 0
2026-04-16 01:28:14.690 8 INFO neutron.db.ovn_revision_numbers_db [None req-00091ffb-b91f-48c1-81f4-deb3bb3e318e 16a0675e968b4111b1307eb71a010f68 6393861d7a624ad89cceb2a77d4d6e61 - - default default] Successfully bumped revision number for resource e69a6b4c-b064-4ae2-ad57-90d5ad76517b (type: security_group_rules) to 0 [pid: 8|app: 0|req: 1094/2139] 10.0.0.217 () {32 vars in 774 bytes} [Thu Apr 16 01:28:14 2026] GET /v2.0/security-groups?tenant_id=d55af5d2d7dd432a9d44f8162082be65&name=default => generated 2925 bytes in 266 msecs (HTTP/1.1 200) 4 headers in 158 bytes (1 switches on core 0)
2026-04-16 01:28:14.774 7 INFO neutron_taas.services.taas.taas_plugin [None req-e96194bd-f64b-4110-b879-cff76a7f5dfc 77b1cf0cd37b415e955992e45e125a33 d1d0fa79842c450687b7e960d06e56a0 - - default default] TaaS: Handle Delete Port: dc1f0603-2462-448e-a974-a0172d879629
2026-04-16 01:28:14.779 7 INFO neutron_taas.services.taas.tap_mirror_plugin [None req-e96194bd-f64b-4110-b879-cff76a7f5dfc 77b1cf0cd37b415e955992e45e125a33 d1d0fa79842c450687b7e960d06e56a0 - - default default] Tap Mirror: Handle Delete Port: dc1f0603-2462-448e-a974-a0172d879629
2026-04-16 01:28:14.944 8 WARNING neutron.scheduler.dhcp_agent_scheduler [None req-9e6a51d1-b9ae-47fb-8a22-4359194ac8a6 f4c85fd23b7746f1a7e983e514023be9 6ed16e9513a640a28ac0d4fbb6829113 - - default default] No more DHCP agents
2026-04-16 01:28:14.945 8 WARNING neutron.api.rpc.agentnotifiers.dhcp_rpc_agent_api [None req-9e6a51d1-b9ae-47fb-8a22-4359194ac8a6 f4c85fd23b7746f1a7e983e514023be9 6ed16e9513a640a28ac0d4fbb6829113 - - default default] Unable to schedule network 18159079-c99c-459a-b429-4007061583a9: no agents available; will retry on subsequent port and subnet creation events. [pid: 7|app: 0|req: 1046/2140] 10.0.0.217 () {32 vars in 726 bytes} [Thu Apr 16 01:28:14 2026] DELETE /v2.0/networks/1b47cc6e-511e-4330-ad26-3f9ca9a6c3c9 => generated 0 bytes in 280 msecs (HTTP/1.1 204) 3 headers in 131 bytes (1 switches on core 0) [pid: 7|app: 0|req: 1047/2141] 10.0.0.217 () {32 vars in 740 bytes} [Thu Apr 16 01:28:14 2026] DELETE /v2.0/security-groups/362e4683-1694-40c2-ac68-f000dee0aaf3 => generated 0 bytes in 216 msecs (HTTP/1.1 204) 2 headers in 112 bytes (1 switches on core 0)
2026-04-16 01:28:15.287 8 INFO neutron.services.segments.plugin [-] Segment 5fb7cd6c-8695-4219-bf6e-2de42bdf31d1 resource provider aggregate not found
2026-04-16 01:28:15.301 8 INFO neutron.services.segments.plugin [-] Segment 5fb7cd6c-8695-4219-bf6e-2de42bdf31d1 resource provider aggregate not found
2026-04-16 01:28:15.311 8 INFO neutron.services.segments.plugin [-] Segment 5fb7cd6c-8695-4219-bf6e-2de42bdf31d1 resource provider not found; error: Placement Client Error (4xx): {"errors": [{"status": 404, "title": "Not Found", "detail": "The resource could not be found.\n\n No resource provider with uuid 5fb7cd6c-8695-4219-bf6e-2de42bdf31d1 found for delete ", "request_id": "req-2048eee2-0488-40dd-9cc6-15d15a4ac843"}]}
2026-04-16 01:28:15.328 8 INFO neutron.services.segments.plugin [-] Segment 5fb7cd6c-8695-4219-bf6e-2de42bdf31d1 resource provider not found; error: Placement Client Error (4xx): {"errors": [{"status": 404, "title": "Not Found", "detail": "The resource could not be found.\n\n No resource provider with uuid 5fb7cd6c-8695-4219-bf6e-2de42bdf31d1 found for delete ", "request_id": "req-1e4b84e0-7ed7-483a-90a8-90e456bd787c"}]}
2026-04-16 01:28:15.335 8 INFO neutron.services.segments.plugin [-] Segment 33afed7a-74e8-4900-8be4-040a8e00b0b9 resource provider aggregate not found
2026-04-16 01:28:15.349 8 INFO neutron.services.segments.plugin [-] Segment 33afed7a-74e8-4900-8be4-040a8e00b0b9 resource provider aggregate not found
2026-04-16 01:28:15.360 8 INFO neutron.services.segments.plugin [-] Segment 33afed7a-74e8-4900-8be4-040a8e00b0b9 resource provider not found; error: Placement Client Error (4xx): {"errors": [{"status": 404, "title": "Not Found", "detail": "The resource could not be found.\n\n No resource provider with uuid 33afed7a-74e8-4900-8be4-040a8e00b0b9 found for delete ", "request_id": "req-0ffaf52c-03f1-45d4-8e19-ce4f20fa60f7"}]}
2026-04-16 01:28:15.398 8 INFO neutron.services.segments.plugin [-] Segment 33afed7a-74e8-4900-8be4-040a8e00b0b9 resource provider not found; error: Placement Client Error (4xx): {"errors": [{"status": 404, "title": "Not Found", "detail": "The resource could not be found.\n\n No resource provider with uuid 33afed7a-74e8-4900-8be4-040a8e00b0b9 found for delete ", "request_id": "req-a4c304ba-4dfd-4438-b0ed-2e108421f211"}]} [pid: 7|app: 0|req: 1048/2142] 10.0.0.107 () {34 vars in 990 bytes} [Thu Apr 16 01:28:15 2026] GET /v2.0/ports?device_id=ee82ddaa-8687-48ca-8ee5-79f2fda3c0a9 => generated 1209 bytes in 36 msecs (HTTP/1.1 200) 4 headers in 158 bytes (1 switches on core 0)
2026-04-16 01:28:15.441 8 INFO neutron.db.ovn_revision_numbers_db [None req-58292172-0734-454d-a628-c7ec31c3f038 - - - - - -] Successfully bumped revision number for resource 22c3f070-d663-4799-9c15-d38017d4ed71 (type: ports) to 2 [pid: 7|app: 0|req: 1049/2143] 10.0.0.107 () {34 vars in 1040 bytes} [Thu Apr 16 01:28:15 2026] GET /v2.0/security-groups?id=d2254b0e-52e0-43cb-b92a-831a28d1ca9d&fields=id&fields=name => generated 114 bytes in 29 msecs (HTTP/1.1 200) 4 headers in 157 bytes (1 switches on core 0)
2026-04-16 01:28:15.483 8 INFO neutron.db.ovn_revision_numbers_db [None req-58292172-0734-454d-a628-c7ec31c3f038 - - - - - -] Successfully bumped revision number for resource dbde0c3a-9167-4d39-9ce6-b809b6a274ef (type: subnets) to 0 [pid: 8|app: 0|req: 1095/2144] 10.0.0.217 () {34 vars in 669 bytes} [Thu Apr 16 01:28:14 2026] POST /v2.0/subnets => generated 656 bytes in 768 msecs (HTTP/1.1 201) 4 headers in 162 bytes (1 switches on core 0)
2026-04-16 01:28:15.795 7 WARNING neutron.scheduler.dhcp_agent_scheduler [None req-b010a7a3-a315-4179-82d2-a74abdb54e73 f4c85fd23b7746f1a7e983e514023be9 6ed16e9513a640a28ac0d4fbb6829113 - - default default] No more DHCP agents
2026-04-16 01:28:15.796 7 WARNING neutron.api.rpc.agentnotifiers.dhcp_rpc_agent_api [None req-b010a7a3-a315-4179-82d2-a74abdb54e73 f4c85fd23b7746f1a7e983e514023be9 6ed16e9513a640a28ac0d4fbb6829113 - - default default] Unable to schedule network 18159079-c99c-459a-b429-4007061583a9: no agents available; will retry on subsequent port and subnet creation events.
2026-04-16 01:28:15.844 7 INFO neutron.db.ovn_revision_numbers_db [None req-b010a7a3-a315-4179-82d2-a74abdb54e73 f4c85fd23b7746f1a7e983e514023be9 6ed16e9513a640a28ac0d4fbb6829113 - - default default] Successfully bumped revision number for resource d6bf8d36-25dd-4a88-ba23-50907f9c1de3 (type: subnets) to 0 [pid: 7|app: 0|req: 1050/2145] 10.0.0.217 () {34 vars in 669 bytes} [Thu Apr 16 01:28:15 2026] POST /v2.0/subnets => generated 726 bytes in 334 msecs (HTTP/1.1 201) 4 headers in 162 bytes (1 switches on core 0) [pid: 8|app: 0|req: 1096/2146] 10.0.0.217 () {32 vars in 774 bytes} [Thu Apr 16 01:28:15 2026] GET /v2.0/security-groups?tenant_id=d1d0fa79842c450687b7e960d06e56a0&name=default => generated 2925 bytes in 146 msecs (HTTP/1.1 200) 4 headers in 158 bytes (1 switches on core 0)
2026-04-16 01:28:15.956 7 INFO neutron.db.segments_db [None req-51dd128d-51ce-486d-88b5-854549d4b832 f4c85fd23b7746f1a7e983e514023be9 6ed16e9513a640a28ac0d4fbb6829113 - - default default] Added segment 6c0e909d-591f-46bc-93ab-6845cd5d2a64 of type geneve for network af4a5b31-c087-46c9-ba33-ef8adc0e0b54
2026-04-16 01:28:16.079 7 INFO neutron.db.ovn_revision_numbers_db [None req-51dd128d-51ce-486d-88b5-854549d4b832 f4c85fd23b7746f1a7e983e514023be9 6ed16e9513a640a28ac0d4fbb6829113 - - default default] Successfully bumped revision number for resource af4a5b31-c087-46c9-ba33-ef8adc0e0b54 (type: networks) to 1
2026-04-16 01:28:16.142 7 INFO neutron.services.segments.plugin [-] Segment c201973d-b3e2-47fe-9dc1-2acb0600ddce resource provider aggregate not found
2026-04-16 01:28:16.145 7 INFO neutron.services.segments.plugin [-] Segment c201973d-b3e2-47fe-9dc1-2acb0600ddce resource provider aggregate not found [pid: 8|app: 0|req: 1097/2147] 10.0.0.217 () {32 vars in 740 bytes} [Thu Apr 16 01:28:15 2026] DELETE /v2.0/security-groups/895ceb24-d41b-4b54-8070-85f6565d22db => generated 0 bytes in 298 msecs (HTTP/1.1 204) 2 headers in 112 bytes (1 switches on core 0)
2026-04-16 01:28:16.175 7 INFO neutron.services.segments.plugin [-] Segment c201973d-b3e2-47fe-9dc1-2acb0600ddce resource provider not found; error: Placement Client Error (4xx): {"errors": [{"status": 404, "title": "Not Found", "detail": "The resource could not be found.\n\n No resource provider with uuid c201973d-b3e2-47fe-9dc1-2acb0600ddce found for delete ", "request_id": "req-fa92f5d8-3de9-4b40-9dc6-3d07f3476517"}]}
2026-04-16 01:28:16.179 7 INFO neutron.services.segments.plugin [-] Segment c201973d-b3e2-47fe-9dc1-2acb0600ddce resource provider not found; error: Placement Client Error (4xx): {"errors": [{"status": 404, "title": "Not Found", "detail": "The resource could not be found.\n\n No resource provider with uuid c201973d-b3e2-47fe-9dc1-2acb0600ddce found for delete ", "request_id": "req-b2bf71e5-647c-4c5b-89e4-cdab3aaf42d6"}]}
2026-04-16 01:28:16.280 7 WARNING neutron.scheduler.dhcp_agent_scheduler [None req-51dd128d-51ce-486d-88b5-854549d4b832 f4c85fd23b7746f1a7e983e514023be9 6ed16e9513a640a28ac0d4fbb6829113 - - default default] No more DHCP agents
2026-04-16 01:28:16.281 7 WARNING neutron.api.rpc.agentnotifiers.dhcp_rpc_agent_api [None req-51dd128d-51ce-486d-88b5-854549d4b832 f4c85fd23b7746f1a7e983e514023be9 6ed16e9513a640a28ac0d4fbb6829113 - - default default] Unable to schedule network af4a5b31-c087-46c9-ba33-ef8adc0e0b54: no agents available; will retry on subsequent port and subnet creation events.
2026-04-16 01:28:16.351 8 INFO neutron.plugins.ml2.drivers.ovn.mech_driver.mech_driver [None req-d6ad48e8-3915-40d8-baba-0e97fb59489d - - - - - -] OVN reports status down for port: 8cfe2278-7a9f-4255-961b-7d6aa76c42f1
2026-04-16 01:28:16.371 7 INFO neutron.db.ovn_revision_numbers_db [None req-51dd128d-51ce-486d-88b5-854549d4b832 f4c85fd23b7746f1a7e983e514023be9 6ed16e9513a640a28ac0d4fbb6829113 - - default default] Successfully bumped revision number for resource 8cfe2278-7a9f-4255-961b-7d6aa76c42f1 (type: ports) to 1 [pid: 7|app: 0|req: 1051/2148] 10.0.0.217 () {34 vars in 670 bytes} [Thu Apr 16 01:28:15 2026] POST /v2.0/networks => generated 657 bytes in 536 msecs (HTTP/1.1 201) 4 headers in 162 bytes (1 switches on core 0)
2026-04-16 01:28:16.439 8 INFO neutron.db.ovn_revision_numbers_db [None req-0346432a-5c06-4801-be06-c3d3393f19da 16a0675e968b4111b1307eb71a010f68 6393861d7a624ad89cceb2a77d4d6e61 - - default default] Successfully bumped revision number for resource 9c489219-2de1-4a5f-b22c-e5980c33040f (type: security_groups) to 1
2026-04-16 01:28:16.463 8 INFO neutron.db.ovn_revision_numbers_db [None req-0346432a-5c06-4801-be06-c3d3393f19da 16a0675e968b4111b1307eb71a010f68 6393861d7a624ad89cceb2a77d4d6e61 - - default default] Successfully bumped revision number for resource 7e76c6ab-4b83-43d5-bc4e-5b93eaec35c7 (type: security_group_rules) to 0
2026-04-16 01:28:16.477 8 INFO neutron.db.ovn_revision_numbers_db [None req-0346432a-5c06-4801-be06-c3d3393f19da 16a0675e968b4111b1307eb71a010f68 6393861d7a624ad89cceb2a77d4d6e61 - - default default] Successfully bumped revision number for resource 7f946c16-6e7a-4ae7-806c-7a65e6b9fa33 (type: security_group_rules) to 0
2026-04-16 01:28:16.488 8 INFO neutron.db.ovn_revision_numbers_db [None req-0346432a-5c06-4801-be06-c3d3393f19da 16a0675e968b4111b1307eb71a010f68 6393861d7a624ad89cceb2a77d4d6e61 - - default default] Successfully bumped revision number for resource 7fc197ac-8110-4236-ab1b-ca092153ff54 (type: security_group_rules) to 0
2026-04-16 01:28:16.499 8 INFO neutron.db.ovn_revision_numbers_db [None req-0346432a-5c06-4801-be06-c3d3393f19da 16a0675e968b4111b1307eb71a010f68 6393861d7a624ad89cceb2a77d4d6e61 - - default default] Successfully bumped revision number for resource 993eb8cd-5e97-40a9-be3c-3c83dac936f4 (type: security_group_rules) to 0 [pid: 8|app: 0|req: 1098/2149] 10.0.0.217 () {32 vars in 774 bytes} [Thu Apr 16 01:28:16 2026] GET /v2.0/security-groups?tenant_id=2318be06ada247508ed2ad01cb98f094&name=default => generated 2925 bytes in 295 msecs (HTTP/1.1 200) 4 headers in 158 bytes (1 switches on core 0)
2026-04-16 01:28:16.615 7 WARNING neutron.scheduler.dhcp_agent_scheduler [None req-1535ab40-7382-4f21-98a6-e1f74f6fbe1e f4c85fd23b7746f1a7e983e514023be9 6ed16e9513a640a28ac0d4fbb6829113 - - default default] No more DHCP agents
2026-04-16 01:28:16.616 7 WARNING neutron.api.rpc.agentnotifiers.dhcp_rpc_agent_api [None req-1535ab40-7382-4f21-98a6-e1f74f6fbe1e f4c85fd23b7746f1a7e983e514023be9 6ed16e9513a640a28ac0d4fbb6829113 - - default default] Unable to schedule network af4a5b31-c087-46c9-ba33-ef8adc0e0b54: no agents available; will retry on subsequent port and subnet creation events. [pid: 8|app: 0|req: 1099/2150] 10.0.0.217 () {32 vars in 740 bytes} [Thu Apr 16 01:28:16 2026] DELETE /v2.0/security-groups/9c489219-2de1-4a5f-b22c-e5980c33040f => generated 0 bytes in 260 msecs (HTTP/1.1 204) 2 headers in 112 bytes (1 switches on core 0)
2026-04-16 01:28:17.087 8 INFO neutron.db.ovn_revision_numbers_db [None req-5d3cd8de-c0ab-417e-8596-4b80dd2c87d1 16a0675e968b4111b1307eb71a010f68 6393861d7a624ad89cceb2a77d4d6e61 - - default default] Successfully bumped revision number for resource 8b145725-b9e9-4a8c-bbef-eb9306edea7f (type: security_groups) to 1
2026-04-16 01:28:17.100 7 INFO neutron.db.ovn_revision_numbers_db [None req-32d4f6d4-99f6-4537-8193-88a1c5a0d30a - - - - - -] Successfully bumped revision number for resource 8cfe2278-7a9f-4255-961b-7d6aa76c42f1 (type: ports) to 2
2026-04-16 01:28:17.100 8 INFO neutron.db.ovn_revision_numbers_db [None req-5d3cd8de-c0ab-417e-8596-4b80dd2c87d1 16a0675e968b4111b1307eb71a010f68 6393861d7a624ad89cceb2a77d4d6e61 - - default default] Successfully bumped revision number for resource 205159f2-f89d-41b6-8d52-7e7200327406 (type: security_group_rules) to 0
2026-04-16 01:28:17.112 8 INFO neutron.db.ovn_revision_numbers_db [None req-5d3cd8de-c0ab-417e-8596-4b80dd2c87d1 16a0675e968b4111b1307eb71a010f68 6393861d7a624ad89cceb2a77d4d6e61 - - default default] Successfully bumped revision number for resource 44ab0fc9-2328-4a12-8473-48c65d6ca25c (type: security_group_rules) to 0
2026-04-16 01:28:17.127 8 INFO neutron.db.ovn_revision_numbers_db [None req-5d3cd8de-c0ab-417e-8596-4b80dd2c87d1 16a0675e968b4111b1307eb71a010f68 6393861d7a624ad89cceb2a77d4d6e61 - - default default] Successfully bumped revision number for resource 5e5aac3e-2919-4930-a3a3-cf6f4952e91e (type: security_group_rules) to 0
2026-04-16 01:28:17.138 8 INFO neutron.db.ovn_revision_numbers_db [None req-5d3cd8de-c0ab-417e-8596-4b80dd2c87d1 16a0675e968b4111b1307eb71a010f68 6393861d7a624ad89cceb2a77d4d6e61 - - default default] Successfully bumped revision number for resource e104dd2d-6c05-4988-a778-331997d32aee (type: security_group_rules) to 0
2026-04-16 01:28:17.140 7 INFO neutron.db.ovn_revision_numbers_db [None req-32d4f6d4-99f6-4537-8193-88a1c5a0d30a - - - - - -] Successfully bumped revision number for resource 9362505e-f588-42b2-a736-3744f0776ac2 (type: subnets) to 0 [pid: 7|app: 0|req: 1052/2151] 10.0.0.217 () {34 vars in 669 bytes} [Thu Apr 16 01:28:16 2026] POST /v2.0/subnets => generated 656 bytes in 748 msecs (HTTP/1.1 201) 4 headers in 162 bytes (1 switches on core 0) [pid: 8|app: 0|req: 1100/2152] 10.0.0.217 () {32 vars in 774 bytes} [Thu Apr 16 01:28:16 2026] GET /v2.0/security-groups?tenant_id=86e8f08114b34e478a1c2ecea6269993&name=default => generated 2925 bytes in 251 msecs (HTTP/1.1 200) 4 headers in 158 bytes (1 switches on core 0) [pid: 8|app: 0|req: 1101/2153] 10.0.0.122 () {34 vars in 990 bytes} [Thu Apr 16 01:28:17 2026] GET /v2.0/ports?device_id=ee82ddaa-8687-48ca-8ee5-79f2fda3c0a9 => generated 971 bytes in 67 msecs (HTTP/1.1 200) 4 headers in 157 bytes (1 switches on core 0)
2026-04-16 01:28:17.347 7 WARNING neutron.scheduler.dhcp_agent_scheduler [None req-be39cac9-7096-45ba-a47d-1224e9ab46c9 f4c85fd23b7746f1a7e983e514023be9 6ed16e9513a640a28ac0d4fbb6829113 - - default default] No more DHCP agents
2026-04-16 01:28:17.358 7 WARNING neutron.api.rpc.agentnotifiers.dhcp_rpc_agent_api [None req-be39cac9-7096-45ba-a47d-1224e9ab46c9 f4c85fd23b7746f1a7e983e514023be9 6ed16e9513a640a28ac0d4fbb6829113 - - default default] Unable to schedule network af4a5b31-c087-46c9-ba33-ef8adc0e0b54: no agents available; will retry on subsequent port and subnet creation events.
2026-04-16 01:28:17.382 7 INFO neutron.db.ovn_revision_numbers_db [None req-be39cac9-7096-45ba-a47d-1224e9ab46c9 f4c85fd23b7746f1a7e983e514023be9 6ed16e9513a640a28ac0d4fbb6829113 - - default default] Successfully bumped revision number for resource 5b5943c6-e375-43e1-be21-da6a6ca55cf0 (type: subnets) to 0 [pid: 7|app: 0|req: 1053/2154] 10.0.0.217 () {34 vars in 669 bytes} [Thu Apr 16 01:28:17 2026] POST /v2.0/subnets => generated 729 bytes in 240 msecs (HTTP/1.1 201) 4 headers in 162 bytes (1 switches on core 0) [pid: 7|app: 0|req: 1054/2155] 10.0.0.122 () {34 vars in 1040 bytes} [Thu Apr 16 01:28:17 2026] GET /v2.0/security-groups?id=d2254b0e-52e0-43cb-b92a-831a28d1ca9d&fields=id&fields=name => generated 114 bytes in 28 msecs (HTTP/1.1 200) 4 headers in 157 bytes (1 switches on core 0) [pid: 8|app: 0|req: 1102/2156] 10.0.0.217 () {32 vars in 740 bytes} [Thu Apr 16 01:28:17 2026] DELETE /v2.0/security-groups/8b145725-b9e9-4a8c-bbef-eb9306edea7f => generated 0 bytes in 233 msecs (HTTP/1.1 204) 2 headers in 112 bytes (1 switches on core 0)
2026-04-16 01:28:17.842 7 WARNING neutron.scheduler.dhcp_agent_scheduler [None req-439234aa-3305-41e0-9c75-cd440315eaef f4c85fd23b7746f1a7e983e514023be9 6ed16e9513a640a28ac0d4fbb6829113 - - default default] No more DHCP agents
2026-04-16 01:28:17.846 7 WARNING neutron.api.rpc.agentnotifiers.dhcp_rpc_agent_api [None req-439234aa-3305-41e0-9c75-cd440315eaef f4c85fd23b7746f1a7e983e514023be9 6ed16e9513a640a28ac0d4fbb6829113 - - default default] Unable to schedule network 2d18d42d-59e2-45ee-ad3b-938140fc3af2: no agents available; will retry on subsequent port and subnet creation events.
2026-04-16 01:28:17.967 8 INFO neutron.plugins.ml2.drivers.ovn.mech_driver.mech_driver [None req-d6ad48e8-3915-40d8-baba-0e97fb59489d - - - - - -] OVN reports status down for port: 9bc8cd80-5573-4377-93c1-ec12ea1415e2
2026-04-16 01:28:17.977 7 INFO neutron.db.ovn_revision_numbers_db [None req-439234aa-3305-41e0-9c75-cd440315eaef f4c85fd23b7746f1a7e983e514023be9 6ed16e9513a640a28ac0d4fbb6829113 - - default default] Successfully bumped revision number for resource 9bc8cd80-5573-4377-93c1-ec12ea1415e2 (type: ports) to 1
2026-04-16 01:28:18.705 7 INFO neutron.plugins.ml2.drivers.ovn.mech_driver.mech_driver [None req-79526631-c969-43b7-88e9-9d53d08ff485 - - - - - -] OVN reports status down for port: 0d76a3af-0941-482e-824e-96ad0a0694fc
2026-04-16 01:28:18.740 8 INFO neutron.db.ovn_revision_numbers_db [None req-a23979d6-986e-4606-9ddb-af4948b78f18 01c93c05a08a4fa89a51d1c0fd4eb507 1e8089bd35ab477d9555ad968c450e28 - - default default] Successfully bumped revision number for resource b6829914-9c6d-4848-a9b5-490224e9e723 (type: security_groups) to 1
2026-04-16 01:28:18.750 8 INFO neutron.db.ovn_revision_numbers_db [None req-a23979d6-986e-4606-9ddb-af4948b78f18 01c93c05a08a4fa89a51d1c0fd4eb507 1e8089bd35ab477d9555ad968c450e28 - - default default] Successfully bumped revision number for resource 45c59ee1-f965-4ae4-914a-70761c09092c (type: security_group_rules) to 0
2026-04-16 01:28:18.763 8 INFO neutron.db.ovn_revision_numbers_db [None req-a23979d6-986e-4606-9ddb-af4948b78f18 01c93c05a08a4fa89a51d1c0fd4eb507 1e8089bd35ab477d9555ad968c450e28 - - default default] Successfully bumped revision number for resource 5f5eafbf-a71a-4b45-aa88-7c76df986da2 (type: security_group_rules) to 0
2026-04-16 01:28:18.774 8 INFO neutron.db.ovn_revision_numbers_db [None req-a23979d6-986e-4606-9ddb-af4948b78f18 01c93c05a08a4fa89a51d1c0fd4eb507 1e8089bd35ab477d9555ad968c450e28 - - default default] Successfully bumped revision number for resource 80d390f8-df85-461a-a051-95be3421f59e (type: security_group_rules) to 0
2026-04-16 01:28:18.785 8 INFO neutron.db.ovn_revision_numbers_db [None req-a23979d6-986e-4606-9ddb-af4948b78f18 01c93c05a08a4fa89a51d1c0fd4eb507 1e8089bd35ab477d9555ad968c450e28 - - default default] Successfully bumped revision number for resource 9f34e04f-2a8e-437a-a38a-f87a5c59bf83 (type: security_group_rules) to 0
2026-04-16 01:28:18.852 8 INFO neutron.db.segments_db [None req-a23979d6-986e-4606-9ddb-af4948b78f18 01c93c05a08a4fa89a51d1c0fd4eb507 1e8089bd35ab477d9555ad968c450e28 - - default default] Added segment 0059f079-85ea-4b3f-be60-0cba49dfcaca of type geneve for network ebb2d390-66ad-4396-b334-56c9bf8cc467
2026-04-16 01:28:18.904 7 INFO neutron.notifiers.nova [-] Nova event matching ['req-539c8d62-d0f6-4b03-ad26-01823d6e6491'] response: {'server_uuid': 'ee82ddaa-8687-48ca-8ee5-79f2fda3c0a9', 'name': 'network-vif-unplugged', 'status': 'completed', 'tag': '0d76a3af-0941-482e-824e-96ad0a0694fc', 'code': 200}
2026-04-16 01:28:18.964 8 INFO neutron.db.ovn_revision_numbers_db [None req-a23979d6-986e-4606-9ddb-af4948b78f18 01c93c05a08a4fa89a51d1c0fd4eb507 1e8089bd35ab477d9555ad968c450e28 - - default default] Successfully bumped revision number for resource ebb2d390-66ad-4396-b334-56c9bf8cc467 (type: networks) to 1
2026-04-16 01:28:19.109 7 INFO neutron.db.ovn_revision_numbers_db [None req-79526631-c969-43b7-88e9-9d53d08ff485 - - - - - -] Successfully bumped revision number for resource 0d76a3af-0941-482e-824e-96ad0a0694fc (type: ports) to 6
2026-04-16 01:28:19.129 8 WARNING neutron.scheduler.dhcp_agent_scheduler [None req-a23979d6-986e-4606-9ddb-af4948b78f18 01c93c05a08a4fa89a51d1c0fd4eb507 1e8089bd35ab477d9555ad968c450e28 - - default default] No more DHCP agents
2026-04-16 01:28:19.130 8 WARNING neutron.api.rpc.agentnotifiers.dhcp_rpc_agent_api [None req-a23979d6-986e-4606-9ddb-af4948b78f18 01c93c05a08a4fa89a51d1c0fd4eb507 1e8089bd35ab477d9555ad968c450e28 - - default default] Unable to schedule network ebb2d390-66ad-4396-b334-56c9bf8cc467: no agents available; will retry on subsequent port and subnet creation events.
2026-04-16 01:28:19.191 8 INFO neutron.plugins.ml2.drivers.ovn.mech_driver.mech_driver [None req-d6ad48e8-3915-40d8-baba-0e97fb59489d - - - - - -] OVN reports status down for port: 41116830-50e1-412f-9354-6d44cdc5c93a
2026-04-16 01:28:19.227 7 INFO neutron.plugins.ml2.drivers.ovn.mech_driver.ovsdb.commands [None req-78ecd966-0a51-4d95-97cf-04b98a7bdec7 - - - - - -] Schedule LRP lrp-9bc8cd80-5573-4377-93c1-ec12ea1415e2 on gateway a2955e81-b9ae-4634-bd9a-87f0a5561177 with priority 1
2026-04-16 01:28:19.278 8 INFO neutron.db.ovn_revision_numbers_db [None req-a23979d6-986e-4606-9ddb-af4948b78f18 01c93c05a08a4fa89a51d1c0fd4eb507 1e8089bd35ab477d9555ad968c450e28 - - default default] Successfully bumped revision number for resource 41116830-50e1-412f-9354-6d44cdc5c93a (type: ports) to 1
2026-04-16 01:28:19.294 7 INFO neutron.plugins.ml2.drivers.ovn.mech_driver.ovsdb.ovsdb_monitor [None req-5b7b418e-9afd-4ceb-9360-9bf222f102fb - - - - - -] Router c2e012d4-b1de-4fb7-90bb-2645a157f433 is bound to host instance
2026-04-16 01:28:19.305 7 INFO neutron.db.ovn_revision_numbers_db [None req-439234aa-3305-41e0-9c75-cd440315eaef f4c85fd23b7746f1a7e983e514023be9 6ed16e9513a640a28ac0d4fbb6829113 - - default default] Successfully bumped revision number for resource 9bc8cd80-5573-4377-93c1-ec12ea1415e2 (type: router_ports) to 1
2026-04-16 01:28:19.323 8 INFO neutron.plugins.ml2.drivers.ovn.mech_driver.mech_driver [None req-d6ad48e8-3915-40d8-baba-0e97fb59489d - - - - - -] OVN reports status up for port: 9bc8cd80-5573-4377-93c1-ec12ea1415e2 [pid: 8|app: 0|req: 1103/2157] 10.0.0.217 () {34 vars in 670 bytes} [Thu Apr 16 01:28:18 2026] POST /v2.0/networks => generated 651 bytes in 944 msecs (HTTP/1.1 201) 4 headers in 162 bytes (1 switches on core 0)
2026-04-16 01:28:19.336 8 INFO neutron.plugins.ml2.plugin [None req-d6ad48e8-3915-40d8-baba-0e97fb59489d - - - - - -] Attempt 1 to provision port 9bc8cd80-5573-4377-93c1-ec12ea1415e2 [pid: 8|app: 0|req: 1104/2158] 10.0.0.122 () {34 vars in 990 bytes} [Thu Apr 16 01:28:19 2026] GET /v2.0/ports?device_id=ee82ddaa-8687-48ca-8ee5-79f2fda3c0a9 => generated 969 bytes in 54 msecs (HTTP/1.1 200) 4 headers in 157 bytes (1 switches on core 0)
2026-04-16 01:28:19.421 7 INFO neutron.db.ovn_revision_numbers_db [None req-439234aa-3305-41e0-9c75-cd440315eaef f4c85fd23b7746f1a7e983e514023be9 6ed16e9513a640a28ac0d4fbb6829113 - - default default] Successfully bumped revision number for resource c2e012d4-b1de-4fb7-90bb-2645a157f433 (type: routers) to 2 [pid: 7|app: 0|req: 1055/2159] 10.0.0.217 () {34 vars in 669 bytes} [Thu Apr 16 01:28:17 2026] POST /v2.0/routers => generated 944 bytes in 2030 msecs (HTTP/1.1 201) 4 headers in 162 bytes (1 switches on core 0) /var/lib/openstack/lib/python3.12/site-packages/pycadf/identifier.py:70: UserWarning: Invalid uuid: neutron. To ensure interoperability, identifiers should be a valid uuid. warnings.warn(('Invalid uuid: %s. To ensure interoperability, ' [pid: 7|app: 0|req: 1056/2160] 10.0.0.122 () {34 vars in 1040 bytes} [Thu Apr 16 01:28:19 2026] GET /v2.0/security-groups?id=d2254b0e-52e0-43cb-b92a-831a28d1ca9d&fields=id&fields=name => generated 114 bytes in 61 msecs (HTTP/1.1 200) 4 headers in 157 bytes (1 switches on core 0)
2026-04-16 01:28:19.584 8 WARNING neutron.scheduler.dhcp_agent_scheduler [None req-20b5848d-dd6f-4980-b5da-2fdf13dc6935 01c93c05a08a4fa89a51d1c0fd4eb507 1e8089bd35ab477d9555ad968c450e28 - - default default] No more DHCP agents
2026-04-16 01:28:19.585 8 WARNING neutron.api.rpc.agentnotifiers.dhcp_rpc_agent_api [None req-20b5848d-dd6f-4980-b5da-2fdf13dc6935 01c93c05a08a4fa89a51d1c0fd4eb507 1e8089bd35ab477d9555ad968c450e28 - - default default] Unable to schedule network ebb2d390-66ad-4396-b334-56c9bf8cc467: no agents available; will retry on subsequent port and subnet creation events. [pid: 7|app: 0|req: 1057/2161] 199.204.45.4 () {34 vars in 992 bytes} [Thu Apr 16 01:28:19 2026] GET /v2.0/ports?device_id=ee82ddaa-8687-48ca-8ee5-79f2fda3c0a9 => generated 969 bytes in 157 msecs (HTTP/1.1 200) 4 headers in 157 bytes (1 switches on core 0)
2026-04-16 01:28:19.941 8 INFO neutron.db.ovn_revision_numbers_db [None req-cb2a9b05-a6d3-4d85-a2b0-0fc1a7c1eb64 - - - - - -] Successfully bumped revision number for resource 41116830-50e1-412f-9354-6d44cdc5c93a (type: ports) to 2
2026-04-16 01:28:19.972 8 INFO neutron.db.ovn_revision_numbers_db [None req-cb2a9b05-a6d3-4d85-a2b0-0fc1a7c1eb64 - - - - - -] Successfully bumped revision number for resource 68829e51-55da-4912-b9cc-df974a2f81a2 (type: subnets) to 0 [pid: 8|app: 0|req: 1105/2162] 10.0.0.217 () {34 vars in 669 bytes} [Thu Apr 16 01:28:19 2026] POST /v2.0/subnets => generated 626 bytes in 602 msecs (HTTP/1.1 201) 4 headers in 162 bytes (1 switches on core 0)
2026-04-16 01:28:20.103 8 INFO neutron_taas.services.taas.taas_plugin [req-e081e9f5-d475-4696-a091-0415f90c7190 req-85b04900-5ff2-47f2-ae62-7faa8f84c1a9 c7e8659b59b64bc28341221125f016fd e64ab2bee1ea4b7da8cb6b02cdd55a34 - - default default] TaaS: Handle Delete Port: 0d76a3af-0941-482e-824e-96ad0a0694fc
2026-04-16 01:28:20.108 8 INFO neutron_taas.services.taas.tap_mirror_plugin [req-e081e9f5-d475-4696-a091-0415f90c7190 req-85b04900-5ff2-47f2-ae62-7faa8f84c1a9 c7e8659b59b64bc28341221125f016fd e64ab2bee1ea4b7da8cb6b02cdd55a34 - - default default] Tap Mirror: Handle Delete Port: 0d76a3af-0941-482e-824e-96ad0a0694fc
2026-04-16 01:28:20.267 8 INFO neutron.db.l3_db [req-e081e9f5-d475-4696-a091-0415f90c7190 req-85b04900-5ff2-47f2-ae62-7faa8f84c1a9 c7e8659b59b64bc28341221125f016fd e64ab2bee1ea4b7da8cb6b02cdd55a34 - - default default] Floating IP 9ddcce9a-bb78-46a7-95b8-12662271c179 disassociated. External IP: 10.96.250.202, port: 0d76a3af-0941-482e-824e-96ad0a0694fc. [pid: 8|app: 0|req: 1106/2163] 199.204.45.4 () {36 vars in 995 bytes} [Thu Apr 16 01:28:19 2026] DELETE /v2.0/ports/0d76a3af-0941-482e-824e-96ad0a0694fc => generated 0 bytes in 432 msecs (HTTP/1.1 204) 3 headers in 131 bytes (1 switches on core 0)
2026-04-16 01:28:20.465 8 INFO neutron.notifiers.nova [-] Nova event matching ['req-c5af98b9-c757-4256-937c-ab27944c458f'] response: {'server_uuid': 'ee82ddaa-8687-48ca-8ee5-79f2fda3c0a9', 'name': 'network-vif-deleted', 'tag': '0d76a3af-0941-482e-824e-96ad0a0694fc', 'status': 'completed', 'code': 200} [pid: 8|app: 0|req: 1107/2164] 10.0.0.217 () {34 vars in 751 bytes} [Thu Apr 16 01:28:20 2026] PUT /v2.0/subnets/68829e51-55da-4912-b9cc-df974a2f81a2/tags => generated 25 bytes in 65 msecs (HTTP/1.1 200) 4 headers in 156 bytes (1 switches on core 0) [pid: 8|app: 0|req: 1108/2165] 10.0.0.217 () {32 vars in 731 bytes} [Thu Apr 16 01:28:20 2026] GET /v2.0/subnets/68829e51-55da-4912-b9cc-df974a2f81a2/tags => generated 25 bytes in 37 msecs (HTTP/1.1 200) 4 headers in 156 bytes (1 switches on core 0) [pid: 8|app: 0|req: 1109/2166] 10.0.0.217 () {34 vars in 762 bytes} [Thu Apr 16 01:28:20 2026] PUT /v2.0/subnets/68829e51-55da-4912-b9cc-df974a2f81a2/tags/green => generated 4 bytes in 53 msecs (HTTP/1.1 201) 4 headers in 160 bytes (1 switches on core 0) [pid: 8|app: 0|req: 1110/2167] 10.0.0.122 () {34 vars in 990 bytes} [Thu Apr 16 01:28:20 2026] GET /v2.0/ports?device_id=ee82ddaa-8687-48ca-8ee5-79f2fda3c0a9 => generated 12 bytes in 17 msecs (HTTP/1.1 200) 4 headers in 156 bytes (1 switches on core 0) [pid: 8|app: 0|req: 1111/2168] 10.0.0.217 () {32 vars in 731 bytes} [Thu Apr 16 01:28:20 2026] GET /v2.0/subnets/68829e51-55da-4912-b9cc-df974a2f81a2/tags => generated 34 bytes in 34 msecs (HTTP/1.1 200) 4 headers in 156 bytes (1 switches on core 0)
2026-04-16 01:28:20.688 7 WARNING neutron.scheduler.dhcp_agent_scheduler [None req-62a33d42-d8b5-4a08-a34c-87c33b3da9c2 f4c85fd23b7746f1a7e983e514023be9 6ed16e9513a640a28ac0d4fbb6829113 - - default default] No more DHCP agents
