2026-04-16 01:25:44.464 8 WARNING neutron.api.rpc.agentnotifiers.dhcp_rpc_agent_api [None req-29881ed9-2f36-462c-805f-28a025fa4c0f 6638cc8558cc46b28d0f2b11877615c8 289a31bc96cd47a586c37b6fd6403306 - - default default] Unable to schedule network 165ce9fc-ec51-44d5-9d0a-e161b6f41a47: no agents available; will retry on subsequent port and subnet creation events.
2026-04-16 01:25:44.553 7 INFO neutron.plugins.ml2.drivers.ovn.mech_driver.mech_driver [None req-b6d0ae1e-9d3f-4515-a8f3-dca34e1aef0d - - - - - -] OVN reports status down for port: 6c6bbc16-d203-4ccf-bb53-6a0fbf56bd7c
2026-04-16 01:25:44.555 8 INFO neutron.plugins.ml2.drivers.ovn.mech_driver.mech_driver [None req-8fabb7b4-9a53-4daf-846d-312a54dfe3dc - - - - - -] OVN reports status down for port: 8d825a97-6985-462c-bb5f-2a8e28e4c7cc
2026-04-16 01:25:44.616 8 INFO neutron.db.ovn_revision_numbers_db [None req-29881ed9-2f36-462c-805f-28a025fa4c0f 6638cc8558cc46b28d0f2b11877615c8 289a31bc96cd47a586c37b6fd6403306 - - default default] Successfully bumped revision number for resource 6c6bbc16-d203-4ccf-bb53-6a0fbf56bd7c (type: ports) to 1 [pid: 8|app: 0|req: 514/1005] 10.0.0.217 () {34 vars in 670 bytes} [Thu Apr 16 01:25:43 2026] POST /v2.0/networks => generated 653 bytes in 694 msecs (HTTP/1.1 201) 4 headers in 162 bytes (1 switches on core 0) [pid: 7|app: 0|req: 492/1006] 10.0.0.122 () {34 vars in 990 bytes} [Thu Apr 16 01:25:44 2026] GET /v2.0/ports?device_id=71fccbfd-639c-4ddf-b84d-302f9c6c1f6f => generated 971 bytes in 74 msecs (HTTP/1.1 200) 4 headers in 157 bytes (1 switches on core 0) [pid: 8|app: 0|req: 515/1007] 10.0.0.122 () {34 vars in 990 bytes} [Thu Apr 16 01:25:44 2026] GET /v2.0/ports?device_id=1c97671e-3a36-48d5-b684-e8757d9e8f86 => generated 971 bytes in 72 msecs (HTTP/1.1 200) 4 headers in 157 bytes (1 switches on core 0) [pid: 8|app: 0|req: 516/1008] 10.0.0.122 () {34 vars in 1040 bytes} [Thu Apr 16 01:25:44 2026] GET /v2.0/security-groups?id=3900f777-ffc4-4950-b70a-3b39fd27d0d5&fields=id&fields=name => generated 113 bytes in 53 msecs (HTTP/1.1 200) 4 headers in 157 bytes (1 switches on core 0)
2026-04-16 01:25:44.862 8 INFO neutron.notifiers.nova [-] Nova event matching ['req-beeedcac-abd1-4502-a50c-193022e8a9a2'] response: {'server_uuid': '1c97671e-3a36-48d5-b684-e8757d9e8f86', 'name': 'network-vif-unplugged', 'status': 'completed', 'tag': '8d825a97-6985-462c-bb5f-2a8e28e4c7cc', 'code': 200} [pid: 8|app: 0|req: 517/1009] 10.0.0.122 () {34 vars in 1040 bytes} [Thu Apr 16 01:25:44 2026] GET /v2.0/security-groups?id=f12ee331-04c9-4dd6-a7f6-85efbfd21d8e&fields=id&fields=name => generated 114 bytes in 49 msecs (HTTP/1.1 200) 4 headers in 157 bytes (1 switches on core 0)
2026-04-16 01:25:44.892 7 WARNING neutron.scheduler.dhcp_agent_scheduler [None req-1da018e6-990d-4f0e-b2b1-9bba642889e3 6638cc8558cc46b28d0f2b11877615c8 289a31bc96cd47a586c37b6fd6403306 - - default default] No more DHCP agents
2026-04-16 01:25:44.894 7 WARNING neutron.api.rpc.agentnotifiers.dhcp_rpc_agent_api [None req-1da018e6-990d-4f0e-b2b1-9bba642889e3 6638cc8558cc46b28d0f2b11877615c8 289a31bc96cd47a586c37b6fd6403306 - - default default] Unable to schedule network 165ce9fc-ec51-44d5-9d0a-e161b6f41a47: no agents available; will retry on subsequent port and subnet creation events.
2026-04-16 01:25:44.941 7 INFO neutron.db.ovn_revision_numbers_db [None req-1da018e6-990d-4f0e-b2b1-9bba642889e3 6638cc8558cc46b28d0f2b11877615c8 289a31bc96cd47a586c37b6fd6403306 - - default default] Successfully bumped revision number for resource 56e33a69-1bf7-42f6-b92e-a8bfe3d95416 (type: subnets) to 0
2026-04-16 01:25:44.964 8 INFO neutron.db.ovn_revision_numbers_db [None req-8fabb7b4-9a53-4daf-846d-312a54dfe3dc - - - - - -] Successfully bumped revision number for resource 8d825a97-6985-462c-bb5f-2a8e28e4c7cc (type: ports) to 6 [pid: 7|app: 0|req: 493/1010] 10.0.0.217 () {34 vars in 669 bytes} [Thu Apr 16 01:25:44 2026] POST /v2.0/subnets => generated 646 bytes in 270 msecs (HTTP/1.1 201) 4 headers in 162 bytes (1 switches on core 0)
2026-04-16 01:25:45.173 8 INFO neutron.db.ovn_revision_numbers_db [None req-495c6519-5f36-4694-aa3c-c07d0c5b89f5 16a0675e968b4111b1307eb71a010f68 6393861d7a624ad89cceb2a77d4d6e61 - - default default] Successfully bumped revision number for resource 99c42325-8ee2-495c-84ad-d4d10d704f7b (type: security_groups) to 1
2026-04-16 01:25:45.194 8 INFO neutron.db.ovn_revision_numbers_db [None req-495c6519-5f36-4694-aa3c-c07d0c5b89f5 16a0675e968b4111b1307eb71a010f68 6393861d7a624ad89cceb2a77d4d6e61 - - default default] Successfully bumped revision number for resource 03531ef4-5ff3-4fa3-a563-be0a293b31e0 (type: security_group_rules) to 0
2026-04-16 01:25:45.225 8 INFO neutron.db.ovn_revision_numbers_db [None req-495c6519-5f36-4694-aa3c-c07d0c5b89f5 16a0675e968b4111b1307eb71a010f68 6393861d7a624ad89cceb2a77d4d6e61 - - default default] Successfully bumped revision number for resource 84efe96c-a9eb-4c55-87db-3afa09c630e6 (type: security_group_rules) to 0
2026-04-16 01:25:45.249 8 INFO neutron.db.ovn_revision_numbers_db [None req-495c6519-5f36-4694-aa3c-c07d0c5b89f5 16a0675e968b4111b1307eb71a010f68 6393861d7a624ad89cceb2a77d4d6e61 - - default default] Successfully bumped revision number for resource 949657fd-db34-4928-8026-42885ffff53a (type: security_group_rules) to 0
2026-04-16 01:25:45.267 8 INFO neutron.db.ovn_revision_numbers_db [None req-495c6519-5f36-4694-aa3c-c07d0c5b89f5 16a0675e968b4111b1307eb71a010f68 6393861d7a624ad89cceb2a77d4d6e61 - - default default] Successfully bumped revision number for resource 976b49c8-116e-4450-b7e0-2d01d00c6897 (type: security_group_rules) to 0
2026-04-16 01:25:45.296 7 WARNING neutron.scheduler.dhcp_agent_scheduler [None req-d2e5b61a-f040-4bc2-ab50-9899f2b878a2 6638cc8558cc46b28d0f2b11877615c8 289a31bc96cd47a586c37b6fd6403306 - - default default] No more DHCP agents
2026-04-16 01:25:45.297 7 WARNING neutron.api.rpc.agentnotifiers.dhcp_rpc_agent_api [None req-d2e5b61a-f040-4bc2-ab50-9899f2b878a2 6638cc8558cc46b28d0f2b11877615c8 289a31bc96cd47a586c37b6fd6403306 - - default default] Unable to schedule network 165ce9fc-ec51-44d5-9d0a-e161b6f41a47: no agents available; will retry on subsequent port and subnet creation events. [pid: 8|app: 0|req: 518/1011] 10.0.0.217 () {32 vars in 774 bytes} [Thu Apr 16 01:25:44 2026] GET /v2.0/security-groups?tenant_id=c5232cf1c7ec405a8202567502925079&name=default => generated 2925 bytes in 426 msecs (HTTP/1.1 200) 4 headers in 158 bytes (1 switches on core 0) /var/lib/openstack/lib/python3.12/site-packages/pycadf/identifier.py:70: UserWarning: Invalid uuid: neutron. To ensure interoperability, identifiers should be a valid uuid. warnings.warn(('Invalid uuid: %s. To ensure interoperability, '
2026-04-16 01:25:45.398 8 INFO neutron.plugins.ml2.drivers.ovn.mech_driver.mech_driver [None req-dfdab352-8381-4ecf-9e34-fd7d922bbe78 - - - - - -] OVN reports status down for port: 66d6a07b-910f-4773-bbbb-e9a091f743fa
2026-04-16 01:25:45.410 7 INFO neutron.db.ovn_revision_numbers_db [None req-d2e5b61a-f040-4bc2-ab50-9899f2b878a2 6638cc8558cc46b28d0f2b11877615c8 289a31bc96cd47a586c37b6fd6403306 - - default default] Successfully bumped revision number for resource 66d6a07b-910f-4773-bbbb-e9a091f743fa (type: ports) to 1 [pid: 7|app: 0|req: 494/1012] 10.0.0.217 () {34 vars in 665 bytes} [Thu Apr 16 01:25:44 2026] POST /v2.0/ports => generated 961 bytes in 458 msecs (HTTP/1.1 201) 4 headers in 162 bytes (1 switches on core 0) /var/lib/openstack/lib/python3.12/site-packages/pycadf/identifier.py:70: UserWarning: Invalid uuid: neutron. To ensure interoperability, identifiers should be a valid uuid. warnings.warn(('Invalid uuid: %s. To ensure interoperability, '
2026-04-16 01:25:45.571 7 INFO neutron_taas.services.taas.taas_plugin [None req-6a19cb7d-e465-4091-bf43-be03a01071e1 6638cc8558cc46b28d0f2b11877615c8 289a31bc96cd47a586c37b6fd6403306 - - default default] TaaS: Handle Delete Port: 66d6a07b-910f-4773-bbbb-e9a091f743fa
2026-04-16 01:25:45.574 7 INFO neutron_taas.services.taas.tap_mirror_plugin [None req-6a19cb7d-e465-4091-bf43-be03a01071e1 6638cc8558cc46b28d0f2b11877615c8 289a31bc96cd47a586c37b6fd6403306 - - default default] Tap Mirror: Handle Delete Port: 66d6a07b-910f-4773-bbbb-e9a091f743fa [pid: 8|app: 0|req: 519/1013] 10.0.0.217 () {32 vars in 740 bytes} [Thu Apr 16 01:25:45 2026] DELETE /v2.0/security-groups/99c42325-8ee2-495c-84ad-d4d10d704f7b => generated 0 bytes in 302 msecs (HTTP/1.1 204) 2 headers in 112 bytes (1 switches on core 0)
2026-04-16 01:25:45.676 8 INFO neutron.plugins.ml2.drivers.ovn.mech_driver.mech_driver [None req-dfdab352-8381-4ecf-9e34-fd7d922bbe78 - - - - - -] OVN reports status down for port: ffc2242c-4f84-4df5-9e84-a2e030a480f1 [pid: 7|app: 0|req: 495/1014] 10.0.0.217 () {32 vars in 720 bytes} [Thu Apr 16 01:25:45 2026] DELETE /v2.0/ports/66d6a07b-910f-4773-bbbb-e9a091f743fa => generated 0 bytes in 285 msecs (HTTP/1.1 204) 3 headers in 131 bytes (1 switches on core 0)
2026-04-16 01:25:45.751 7 INFO neutron.pecan_wsgi.hooks.translation [None req-e4818ed9-1323-4121-a129-dc9991f41ac0 6638cc8558cc46b28d0f2b11877615c8 289a31bc96cd47a586c37b6fd6403306 - - default default] DELETE failed (client error): The resource could not be found. [pid: 7|app: 0|req: 496/1015] 10.0.0.217 () {32 vars in 720 bytes} [Thu Apr 16 01:25:45 2026] DELETE /v2.0/ports/66d6a07b-910f-4773-bbbb-e9a091f743fa => generated 132 bytes in 21 msecs (HTTP/1.1 404) 4 headers in 164 bytes (1 switches on core 0)
2026-04-16 01:25:45.769 7 INFO neutron.pecan_wsgi.hooks.translation [None req-49b7f14d-30ae-469c-bce1-e533ac9d983f 6638cc8558cc46b28d0f2b11877615c8 289a31bc96cd47a586c37b6fd6403306 - - default default] GET failed (client error): The resource could not be found. [pid: 7|app: 0|req: 497/1016] 10.0.0.217 () {32 vars in 717 bytes} [Thu Apr 16 01:25:45 2026] GET /v2.0/ports/66d6a07b-910f-4773-bbbb-e9a091f743fa => generated 132 bytes in 13 msecs (HTTP/1.1 404) 4 headers in 164 bytes (1 switches on core 0) [pid: 8|app: 0|req: 520/1017] 199.204.45.4 () {34 vars in 992 bytes} [Thu Apr 16 01:25:45 2026] GET /v2.0/ports?device_id=1c97671e-3a36-48d5-b684-e8757d9e8f86 => generated 969 bytes in 71 msecs (HTTP/1.1 200) 4 headers in 157 bytes (1 switches on core 0) [pid: 7|app: 0|req: 498/1018] 10.0.0.217 () {32 vars in 724 bytes} [Thu Apr 16 01:25:45 2026] DELETE /v2.0/subnets/56e33a69-1bf7-42f6-b92e-a8bfe3d95416 => generated 0 bytes in 174 msecs (HTTP/1.1 204) 3 headers in 131 bytes (1 switches on core 0) [pid: 7|app: 0|req: 499/1019] 10.0.0.122 () {34 vars in 990 bytes} [Thu Apr 16 01:25:45 2026] GET /v2.0/ports?device_id=71fccbfd-639c-4ddf-b84d-302f9c6c1f6f => generated 969 bytes in 43 msecs (HTTP/1.1 200) 4 headers in 157 bytes (1 switches on core 0)
2026-04-16 01:25:45.999 8 INFO neutron_taas.services.taas.taas_plugin [req-de0aba68-d7ca-40d1-b506-6b56b8883530 req-c23ab237-aaae-4e3a-a561-0a068029a991 f1bb43bbc988457298f9abbf184dc872 90801f0cf6704d35b0cd01a18582a528 - - default default] TaaS: Handle Delete Port: 8d825a97-6985-462c-bb5f-2a8e28e4c7cc
2026-04-16 01:25:46.007 8 INFO neutron_taas.services.taas.tap_mirror_plugin [req-de0aba68-d7ca-40d1-b506-6b56b8883530 req-c23ab237-aaae-4e3a-a561-0a068029a991 f1bb43bbc988457298f9abbf184dc872 90801f0cf6704d35b0cd01a18582a528 - - default default] Tap Mirror: Handle Delete Port: 8d825a97-6985-462c-bb5f-2a8e28e4c7cc [pid: 7|app: 0|req: 500/1020] 10.0.0.122 () {34 vars in 990 bytes} [Thu Apr 16 01:25:45 2026] GET /v2.0/ports?device_id=1c97671e-3a36-48d5-b684-e8757d9e8f86 => generated 969 bytes in 73 msecs (HTTP/1.1 200) 4 headers in 157 bytes (1 switches on core 0)
2026-04-16 01:25:46.096 8 INFO neutron.db.ovn_revision_numbers_db [None req-dfdab352-8381-4ecf-9e34-fd7d922bbe78 - - - - - -] Successfully bumped revision number for resource ffc2242c-4f84-4df5-9e84-a2e030a480f1 (type: ports) to 8
2026-04-16 01:25:46.161 7 INFO neutron_taas.services.taas.taas_plugin [None req-b140668e-cddc-4826-a93b-271bbdad04c8 6638cc8558cc46b28d0f2b11877615c8 289a31bc96cd47a586c37b6fd6403306 - - default default] TaaS: Handle Delete Port: 6c6bbc16-d203-4ccf-bb53-6a0fbf56bd7c
2026-04-16 01:25:46.164 7 INFO neutron_taas.services.taas.tap_mirror_plugin [None req-b140668e-cddc-4826-a93b-271bbdad04c8 6638cc8558cc46b28d0f2b11877615c8 289a31bc96cd47a586c37b6fd6403306 - - default default] Tap Mirror: Handle Delete Port: 6c6bbc16-d203-4ccf-bb53-6a0fbf56bd7c
2026-04-16 01:25:46.277 8 INFO neutron.db.l3_db [req-de0aba68-d7ca-40d1-b506-6b56b8883530 req-c23ab237-aaae-4e3a-a561-0a068029a991 f1bb43bbc988457298f9abbf184dc872 90801f0cf6704d35b0cd01a18582a528 - - default default] Floating IP 5fff088b-d9a2-4d10-83f3-c5e2f9eddf9b disassociated. External IP: 10.96.250.211, port: 8d825a97-6985-462c-bb5f-2a8e28e4c7cc.
2026-04-16 01:25:46.380 7 INFO neutron.services.segments.plugin [-] Segment f980b2ad-5094-450d-b8fa-b25cd251c86b resource provider aggregate not found
2026-04-16 01:25:46.384 7 INFO neutron.services.segments.plugin [-] Segment f980b2ad-5094-450d-b8fa-b25cd251c86b resource provider aggregate not found
2026-04-16 01:25:46.402 7 INFO neutron.services.segments.plugin [-] Segment f980b2ad-5094-450d-b8fa-b25cd251c86b resource provider not found; error: Placement Client Error (4xx): {"errors": [{"status": 404, "title": "Not Found", "detail": "The resource could not be found.\n\n No resource provider with uuid f980b2ad-5094-450d-b8fa-b25cd251c86b found for delete ", "request_id": "req-79991056-1984-4808-8677-572eff532ba0"}]}
2026-04-16 01:25:46.403 7 INFO neutron.services.segments.plugin [-] Segment f980b2ad-5094-450d-b8fa-b25cd251c86b resource provider not found; error: Placement Client Error (4xx): {"errors": [{"status": 404, "title": "Not Found", "detail": "The resource could not be found.\n\n No resource provider with uuid f980b2ad-5094-450d-b8fa-b25cd251c86b found for delete ", "request_id": "req-0b9e337d-8bbc-4903-986d-e0923e0ec837"}]} [pid: 7|app: 0|req: 501/1021] 10.0.0.217 () {32 vars in 726 bytes} [Thu Apr 16 01:25:46 2026] DELETE /v2.0/networks/165ce9fc-ec51-44d5-9d0a-e161b6f41a47 => generated 0 bytes in 360 msecs (HTTP/1.1 204) 3 headers in 131 bytes (1 switches on core 0) [pid: 8|app: 0|req: 521/1022] 199.204.45.4 () {36 vars in 995 bytes} [Thu Apr 16 01:25:45 2026] DELETE /v2.0/ports/8d825a97-6985-462c-bb5f-2a8e28e4c7cc => generated 0 bytes in 638 msecs (HTTP/1.1 204) 3 headers in 131 bytes (1 switches on core 0) /var/lib/openstack/lib/python3.12/site-packages/pycadf/identifier.py:70: UserWarning: Invalid uuid: neutron. To ensure interoperability, identifiers should be a valid uuid. warnings.warn(('Invalid uuid: %s. To ensure interoperability, ' [pid: 7|app: 0|req: 502/1023] 10.0.0.122 () {34 vars in 1040 bytes} [Thu Apr 16 01:25:46 2026] GET /v2.0/security-groups?id=3900f777-ffc4-4950-b70a-3b39fd27d0d5&fields=id&fields=name => generated 113 bytes in 32 msecs (HTTP/1.1 200) 4 headers in 157 bytes (1 switches on core 0) [pid: 8|app: 0|req: 522/1024] 10.0.0.122 () {34 vars in 1040 bytes} [Thu Apr 16 01:25:46 2026] GET /v2.0/security-groups?id=f12ee331-04c9-4dd6-a7f6-85efbfd21d8e&fields=id&fields=name => generated 114 bytes in 27 msecs (HTTP/1.1 200) 4 headers in 157 bytes (1 switches on core 0)
2026-04-16 01:25:46.538 7 INFO neutron.db.segments_db [None req-654778b7-9c2b-4037-8f1a-a5c2bbf2ea3e 6638cc8558cc46b28d0f2b11877615c8 289a31bc96cd47a586c37b6fd6403306 - - default default] Added segment b68bbff1-11d8-49d8-9b2f-966b04805912 of type geneve for network 1112d90c-c6cd-4916-b24c-3fd121d2796c
2026-04-16 01:25:46.635 7 INFO neutron.db.ovn_revision_numbers_db [None req-654778b7-9c2b-4037-8f1a-a5c2bbf2ea3e 6638cc8558cc46b28d0f2b11877615c8 289a31bc96cd47a586c37b6fd6403306 - - default default] Successfully bumped revision number for resource 1112d90c-c6cd-4916-b24c-3fd121d2796c (type: networks) to 1
2026-04-16 01:25:46.784 7 WARNING neutron.scheduler.dhcp_agent_scheduler [None req-654778b7-9c2b-4037-8f1a-a5c2bbf2ea3e 6638cc8558cc46b28d0f2b11877615c8 289a31bc96cd47a586c37b6fd6403306 - - default default] No more DHCP agents
2026-04-16 01:25:46.785 7 WARNING neutron.api.rpc.agentnotifiers.dhcp_rpc_agent_api [None req-654778b7-9c2b-4037-8f1a-a5c2bbf2ea3e 6638cc8558cc46b28d0f2b11877615c8 289a31bc96cd47a586c37b6fd6403306 - - default default] Unable to schedule network 1112d90c-c6cd-4916-b24c-3fd121d2796c: no agents available; will retry on subsequent port and subnet creation events.
2026-04-16 01:25:46.836 8 INFO neutron.plugins.ml2.drivers.ovn.mech_driver.mech_driver [None req-90ce7363-4db4-41e5-bef2-baa0f8f17fbc - - - - - -] OVN reports status down for port: 9d4197da-aebb-4d5f-9de1-0c1f097371bf
2026-04-16 01:25:46.858 7 INFO neutron.db.ovn_revision_numbers_db [None req-654778b7-9c2b-4037-8f1a-a5c2bbf2ea3e 6638cc8558cc46b28d0f2b11877615c8 289a31bc96cd47a586c37b6fd6403306 - - default default] Successfully bumped revision number for resource 9d4197da-aebb-4d5f-9de1-0c1f097371bf (type: ports) to 1 [pid: 7|app: 0|req: 503/1025] 10.0.0.217 () {34 vars in 670 bytes} [Thu Apr 16 01:25:46 2026] POST /v2.0/networks => generated 655 bytes in 423 msecs (HTTP/1.1 201) 4 headers in 162 bytes (1 switches on core 0)
2026-04-16 01:25:46.930 8 INFO neutron.notifiers.nova [-] Nova event matching ['req-69d688c2-f3dd-4292-984e-60fc78425a37'] response: {'server_uuid': '1c97671e-3a36-48d5-b684-e8757d9e8f86', 'name': 'network-vif-unplugged', 'status': 'completed', 'tag': '8d825a97-6985-462c-bb5f-2a8e28e4c7cc', 'code': 200}
2026-04-16 01:25:46.930 8 INFO neutron.notifiers.nova [-] Nova event matching ['req-69d688c2-f3dd-4292-984e-60fc78425a37'] response: {'server_uuid': '71fccbfd-639c-4ddf-b84d-302f9c6c1f6f', 'name': 'network-vif-unplugged', 'status': 'completed', 'tag': 'ffc2242c-4f84-4df5-9e84-a2e030a480f1', 'code': 200}
2026-04-16 01:25:46.930 8 INFO neutron.notifiers.nova [-] Nova event matching ['req-69d688c2-f3dd-4292-984e-60fc78425a37'] response: {'server_uuid': '71fccbfd-639c-4ddf-b84d-302f9c6c1f6f', 'name': 'network-vif-unplugged', 'status': 'completed', 'tag': 'ffc2242c-4f84-4df5-9e84-a2e030a480f1', 'code': 200}
2026-04-16 01:25:46.930 8 INFO neutron.notifiers.nova [-] Nova event matching ['req-69d688c2-f3dd-4292-984e-60fc78425a37'] response: {'server_uuid': '1c97671e-3a36-48d5-b684-e8757d9e8f86', 'name': 'network-vif-deleted', 'tag': '8d825a97-6985-462c-bb5f-2a8e28e4c7cc', 'status': 'completed', 'code': 200} [pid: 8|app: 0|req: 523/1026] 199.204.45.4 () {34 vars in 992 bytes} [Thu Apr 16 01:25:46 2026] GET /v2.0/ports?device_id=71fccbfd-639c-4ddf-b84d-302f9c6c1f6f => generated 969 bytes in 115 msecs (HTTP/1.1 200) 4 headers in 157 bytes (1 switches on core 0)
2026-04-16 01:25:47.083 7 WARNING neutron.scheduler.dhcp_agent_scheduler [None req-f0e85635-0767-4653-b0fa-5a725174b23e 6638cc8558cc46b28d0f2b11877615c8 289a31bc96cd47a586c37b6fd6403306 - - default default] No more DHCP agents
2026-04-16 01:25:47.084 7 WARNING neutron.api.rpc.agentnotifiers.dhcp_rpc_agent_api [None req-f0e85635-0767-4653-b0fa-5a725174b23e 6638cc8558cc46b28d0f2b11877615c8 289a31bc96cd47a586c37b6fd6403306 - - default default] Unable to schedule network 1112d90c-c6cd-4916-b24c-3fd121d2796c: no agents available; will retry on subsequent port and subnet creation events.
2026-04-16 01:25:47.121 8 INFO neutron_taas.services.taas.taas_plugin [req-0bc2fcc8-8aca-4379-8a46-7773aa17ac0c req-7420c98a-ff6d-4979-9b5d-0f4e15a81a43 2dcea33648774bf498a712d11b53f54c 2e4fa45408994c4f938fb3cd50e34305 - - default default] TaaS: Handle Delete Port: ffc2242c-4f84-4df5-9e84-a2e030a480f1
2026-04-16 01:25:47.123 8 INFO neutron_taas.services.taas.tap_mirror_plugin [req-0bc2fcc8-8aca-4379-8a46-7773aa17ac0c req-7420c98a-ff6d-4979-9b5d-0f4e15a81a43 2dcea33648774bf498a712d11b53f54c 2e4fa45408994c4f938fb3cd50e34305 - - default default] Tap Mirror: Handle Delete Port: ffc2242c-4f84-4df5-9e84-a2e030a480f1
2026-04-16 01:25:47.133 7 INFO neutron.db.ovn_revision_numbers_db [None req-f0e85635-0767-4653-b0fa-5a725174b23e 6638cc8558cc46b28d0f2b11877615c8 289a31bc96cd47a586c37b6fd6403306 - - default default] Successfully bumped revision number for resource 34a62540-ca88-4ce5-86fe-c2bbf03e7a2d (type: subnets) to 0 [pid: 7|app: 0|req: 504/1027] 10.0.0.217 () {34 vars in 669 bytes} [Thu Apr 16 01:25:46 2026] POST /v2.0/subnets => generated 646 bytes in 274 msecs (HTTP/1.1 201) 4 headers in 162 bytes (1 switches on core 0)
2026-04-16 01:25:47.324 8 INFO neutron.db.l3_db [req-0bc2fcc8-8aca-4379-8a46-7773aa17ac0c req-7420c98a-ff6d-4979-9b5d-0f4e15a81a43 2dcea33648774bf498a712d11b53f54c 2e4fa45408994c4f938fb3cd50e34305 - - default default] Floating IP ea628785-ffcf-4432-8171-9fcb3f5a8c27 disassociated. External IP: 10.96.250.212, port: ffc2242c-4f84-4df5-9e84-a2e030a480f1.
2026-04-16 01:25:47.439 7 WARNING neutron.scheduler.dhcp_agent_scheduler [None req-57116359-f1aa-49c1-8905-1645b0fbe03f 6638cc8558cc46b28d0f2b11877615c8 289a31bc96cd47a586c37b6fd6403306 - - default default] No more DHCP agents
2026-04-16 01:25:47.447 7 WARNING neutron.api.rpc.agentnotifiers.dhcp_rpc_agent_api [None req-57116359-f1aa-49c1-8905-1645b0fbe03f 6638cc8558cc46b28d0f2b11877615c8 289a31bc96cd47a586c37b6fd6403306 - - default default] Unable to schedule network 1112d90c-c6cd-4916-b24c-3fd121d2796c: no agents available; will retry on subsequent port and subnet creation events. [pid: 8|app: 0|req: 524/1028] 199.204.45.4 () {36 vars in 995 bytes} [Thu Apr 16 01:25:46 2026] DELETE /v2.0/ports/ffc2242c-4f84-4df5-9e84-a2e030a480f1 => generated 0 bytes in 485 msecs (HTTP/1.1 204) 3 headers in 131 bytes (1 switches on core 0) /var/lib/openstack/lib/python3.12/site-packages/pycadf/identifier.py:70: UserWarning: Invalid uuid: neutron. To ensure interoperability, identifiers should be a valid uuid. warnings.warn(('Invalid uuid: %s. To ensure interoperability, '
2026-04-16 01:25:47.558 8 INFO neutron.plugins.ml2.drivers.ovn.mech_driver.mech_driver [None req-90ce7363-4db4-41e5-bef2-baa0f8f17fbc - - - - - -] OVN reports status down for port: cd975f78-dff3-4a41-8273-a710d07d696e [pid: 8|app: 0|req: 525/1029] 10.0.0.122 () {34 vars in 990 bytes} [Thu Apr 16 01:25:47 2026] GET /v2.0/ports?device_id=71fccbfd-639c-4ddf-b84d-302f9c6c1f6f => generated 12 bytes in 32 msecs (HTTP/1.1 200) 4 headers in 156 bytes (1 switches on core 0)
2026-04-16 01:25:47.597 7 INFO neutron.db.ovn_revision_numbers_db [None req-57116359-f1aa-49c1-8905-1645b0fbe03f 6638cc8558cc46b28d0f2b11877615c8 289a31bc96cd47a586c37b6fd6403306 - - default default] Successfully bumped revision number for resource cd975f78-dff3-4a41-8273-a710d07d696e (type: ports) to 1 [pid: 8|app: 0|req: 526/1030] 10.0.0.122 () {34 vars in 990 bytes} [Thu Apr 16 01:25:47 2026] GET /v2.0/ports?device_id=1c97671e-3a36-48d5-b684-e8757d9e8f86 => generated 12 bytes in 26 msecs (HTTP/1.1 200) 4 headers in 156 bytes (1 switches on core 0) [pid: 7|app: 0|req: 505/1031] 10.0.0.217 () {34 vars in 665 bytes} [Thu Apr 16 01:25:47 2026] POST /v2.0/ports => generated 928 bytes in 459 msecs (HTTP/1.1 201) 4 headers in 162 bytes (1 switches on core 0)
2026-04-16 01:25:47.806 8 INFO neutron_taas.services.taas.taas_plugin [None req-3845e5de-07f7-4e6d-a96f-879d4cf8a9bc 6638cc8558cc46b28d0f2b11877615c8 289a31bc96cd47a586c37b6fd6403306 - - default default] TaaS: Handle Delete Port: cd975f78-dff3-4a41-8273-a710d07d696e
2026-04-16 01:25:47.809 8 INFO neutron_taas.services.taas.tap_mirror_plugin [None req-3845e5de-07f7-4e6d-a96f-879d4cf8a9bc 6638cc8558cc46b28d0f2b11877615c8 289a31bc96cd47a586c37b6fd6403306 - - default default] Tap Mirror: Handle Delete Port: cd975f78-dff3-4a41-8273-a710d07d696e [pid: 8|app: 0|req: 527/1032] 10.0.0.217 () {32 vars in 720 bytes} [Thu Apr 16 01:25:47 2026] DELETE /v2.0/ports/cd975f78-dff3-4a41-8273-a710d07d696e => generated 0 bytes in 301 msecs (HTTP/1.1 204) 3 headers in 131 bytes (1 switches on core 0)
2026-04-16 01:25:47.961 7 INFO neutron.pecan_wsgi.hooks.translation [None req-a501f5f8-365e-48d3-aaea-bc1ddfdae2a8 6638cc8558cc46b28d0f2b11877615c8 289a31bc96cd47a586c37b6fd6403306 - - default default] GET failed (client error): The resource could not be found. [pid: 7|app: 0|req: 506/1033] 10.0.0.217 () {32 vars in 717 bytes} [Thu Apr 16 01:25:47 2026] GET /v2.0/ports/cd975f78-dff3-4a41-8273-a710d07d696e => generated 132 bytes in 19 msecs (HTTP/1.1 404) 4 headers in 164 bytes (1 switches on core 0) [pid: 8|app: 0|req: 528/1034] 10.0.0.217 () {32 vars in 724 bytes} [Thu Apr 16 01:25:47 2026] DELETE /v2.0/subnets/34a62540-ca88-4ce5-86fe-c2bbf03e7a2d => generated 0 bytes in 139 msecs (HTTP/1.1 204) 3 headers in 131 bytes (1 switches on core 0)
2026-04-16 01:25:48.284 7 INFO neutron_taas.services.taas.taas_plugin [None req-017b961b-dc9a-4021-b278-647ec5b39d44 6638cc8558cc46b28d0f2b11877615c8 289a31bc96cd47a586c37b6fd6403306 - - default default] TaaS: Handle Delete Port: 9d4197da-aebb-4d5f-9de1-0c1f097371bf
2026-04-16 01:25:48.286 7 INFO neutron_taas.services.taas.tap_mirror_plugin [None req-017b961b-dc9a-4021-b278-647ec5b39d44 6638cc8558cc46b28d0f2b11877615c8 289a31bc96cd47a586c37b6fd6403306 - - default default] Tap Mirror: Handle Delete Port: 9d4197da-aebb-4d5f-9de1-0c1f097371bf
2026-04-16 01:25:48.480 7 INFO neutron.services.segments.plugin [-] Segment b68bbff1-11d8-49d8-9b2f-966b04805912 resource provider aggregate not found
2026-04-16 01:25:48.484 7 INFO neutron.services.segments.plugin [-] Segment b68bbff1-11d8-49d8-9b2f-966b04805912 resource provider aggregate not found
2026-04-16 01:25:48.501 7 INFO neutron.services.segments.plugin [-] Segment b68bbff1-11d8-49d8-9b2f-966b04805912 resource provider not found; error: Placement Client Error (4xx): {"errors": [{"status": 404, "title": "Not Found", "detail": "The resource could not be found.\n\n No resource provider with uuid b68bbff1-11d8-49d8-9b2f-966b04805912 found for delete ", "request_id": "req-452f3729-39a0-4e45-bce4-f50ac65a350e"}]}
2026-04-16 01:25:48.502 7 INFO neutron.services.segments.plugin [-] Segment b68bbff1-11d8-49d8-9b2f-966b04805912 resource provider not found; error: Placement Client Error (4xx): {"errors": [{"status": 404, "title": "Not Found", "detail": "The resource could not be found.\n\n No resource provider with uuid b68bbff1-11d8-49d8-9b2f-966b04805912 found for delete ", "request_id": "req-67cdf58c-ca8e-4f95-ad66-bfa4e8416463"}]} [pid: 7|app: 0|req: 507/1035] 10.0.0.217 () {32 vars in 726 bytes} [Thu Apr 16 01:25:48 2026] DELETE /v2.0/networks/1112d90c-c6cd-4916-b24c-3fd121d2796c => generated 0 bytes in 450 msecs (HTTP/1.1 204) 3 headers in 131 bytes (1 switches on core 0) [pid: 7|app: 0|req: 508/1036] 10.0.0.11 () {32 vars in 801 bytes} [Thu Apr 16 01:25:48 2026] GET /v2.0/extensions => generated 20541 bytes in 102 msecs (HTTP/1.1 200) 4 headers in 159 bytes (1 switches on core 0) [pid: 7|app: 0|req: 509/1037] 10.0.0.122 () {34 vars in 990 bytes} [Thu Apr 16 01:25:48 2026] GET /v2.0/ports?device_id=71fccbfd-639c-4ddf-b84d-302f9c6c1f6f => generated 12 bytes in 18 msecs (HTTP/1.1 200) 4 headers in 156 bytes (1 switches on core 0) [pid: 7|app: 0|req: 510/1038] 10.0.0.122 () {34 vars in 990 bytes} [Thu Apr 16 01:25:48 2026] GET /v2.0/ports?device_id=1c97671e-3a36-48d5-b684-e8757d9e8f86 => generated 12 bytes in 13 msecs (HTTP/1.1 200) 4 headers in 156 bytes (1 switches on core 0)
2026-04-16 01:25:48.779 8 WARNING neutron.scheduler.dhcp_agent_scheduler [None req-9c1a94a6-3f91-4d5d-bc8d-8ac016d93cbd 6638cc8558cc46b28d0f2b11877615c8 289a31bc96cd47a586c37b6fd6403306 - - default default] No more DHCP agents
2026-04-16 01:25:48.779 8 WARNING neutron.api.rpc.agentnotifiers.dhcp_rpc_agent_api [None req-9c1a94a6-3f91-4d5d-bc8d-8ac016d93cbd 6638cc8558cc46b28d0f2b11877615c8 289a31bc96cd47a586c37b6fd6403306 - - default default] Unable to schedule network 84a1009b-71de-456a-b78a-9758333d0d3f: no agents available; will retry on subsequent port and subnet creation events.
2026-04-16 01:25:48.832 8 INFO neutron.plugins.ml2.drivers.ovn.mech_driver.mech_driver [None req-90ce7363-4db4-41e5-bef2-baa0f8f17fbc - - - - - -] OVN reports status down for port: 02639662-6272-4f36-9097-882eba3fb7c8
2026-04-16 01:25:48.894 8 INFO neutron.db.ovn_revision_numbers_db [None req-9c1a94a6-3f91-4d5d-bc8d-8ac016d93cbd 6638cc8558cc46b28d0f2b11877615c8 289a31bc96cd47a586c37b6fd6403306 - - default default] Successfully bumped revision number for resource 02639662-6272-4f36-9097-882eba3fb7c8 (type: ports) to 1 [pid: 8|app: 0|req: 529/1039] 10.0.0.217 () {34 vars in 665 bytes} [Thu Apr 16 01:25:48 2026] POST /v2.0/ports => generated 779 bytes in 372 msecs (HTTP/1.1 201) 4 headers in 162 bytes (1 switches on core 0) /var/lib/openstack/lib/python3.12/site-packages/pycadf/identifier.py:70: UserWarning: Invalid uuid: neutron. To ensure interoperability, identifiers should be a valid uuid. warnings.warn(('Invalid uuid: %s. To ensure interoperability, ' [pid: 7|app: 0|req: 511/1040] 10.0.0.11 () {30 vars in 723 bytes} [Thu Apr 16 01:25:48 2026] GET /v2.0/quotas/8cbb2c3aefe344c28d300a667afe85f3/details => generated 847 bytes in 85 msecs (HTTP/1.1 200) 4 headers in 157 bytes (1 switches on core 0)
2026-04-16 01:25:48.983 8 INFO neutron.notifiers.nova [-] Nova event matching ['req-e5b05a16-e66f-4aa5-80e7-a88f8d0440e7'] response: {'server_uuid': '71fccbfd-639c-4ddf-b84d-302f9c6c1f6f', 'name': 'network-vif-deleted', 'tag': 'ffc2242c-4f84-4df5-9e84-a2e030a480f1', 'status': 'completed', 'code': 200}
2026-04-16 01:25:49.163 8 INFO neutron.plugins.ml2.drivers.ovn.mech_driver.mech_driver [None req-90ce7363-4db4-41e5-bef2-baa0f8f17fbc - - - - - -] OVN reports status down for port: 02639662-6272-4f36-9097-882eba3fb7c8
2026-04-16 01:25:49.215 8 INFO neutron.db.ovn_revision_numbers_db [None req-44819c9c-5e73-4afa-b844-cffe0e9c2716 6638cc8558cc46b28d0f2b11877615c8 289a31bc96cd47a586c37b6fd6403306 - - default default] Successfully bumped revision number for resource 02639662-6272-4f36-9097-882eba3fb7c8 (type: ports) to 2 [pid: 8|app: 0|req: 530/1041] 10.0.0.217 () {34 vars in 737 bytes} [Thu Apr 16 01:25:48 2026] PUT /v2.0/ports/02639662-6272-4f36-9097-882eba3fb7c8 => generated 752 bytes in 343 msecs (HTTP/1.1 200) 4 headers in 157 bytes (1 switches on core 0)
2026-04-16 01:25:49.411 7 INFO neutron_taas.services.taas.taas_plugin [None req-63536440-276d-4fbd-b67c-846075b30a1a 6638cc8558cc46b28d0f2b11877615c8 289a31bc96cd47a586c37b6fd6403306 - - default default] TaaS: Handle Delete Port: 02639662-6272-4f36-9097-882eba3fb7c8
2026-04-16 01:25:49.414 7 INFO neutron_taas.services.taas.tap_mirror_plugin [None req-63536440-276d-4fbd-b67c-846075b30a1a 6638cc8558cc46b28d0f2b11877615c8 289a31bc96cd47a586c37b6fd6403306 - - default default] Tap Mirror: Handle Delete Port: 02639662-6272-4f36-9097-882eba3fb7c8 [pid: 7|app: 0|req: 512/1042] 10.0.0.217 () {32 vars in 720 bytes} [Thu Apr 16 01:25:49 2026] DELETE /v2.0/ports/02639662-6272-4f36-9097-882eba3fb7c8 => generated 0 bytes in 230 msecs (HTTP/1.1 204) 3 headers in 131 bytes (1 switches on core 0) /var/lib/openstack/lib/python3.12/site-packages/pycadf/identifier.py:70: UserWarning: Invalid uuid: neutron. To ensure interoperability, identifiers should be a valid uuid. warnings.warn(('Invalid uuid: %s. To ensure interoperability, ' [pid: 8|app: 0|req: 531/1043] 10.0.0.217 () {32 vars in 643 bytes} [Thu Apr 16 01:25:49 2026] GET /v2.0/ports => generated 1538 bytes in 47 msecs (HTTP/1.1 200) 4 headers in 158 bytes (1 switches on core 0)
2026-04-16 01:25:49.595 7 INFO neutron.pecan_wsgi.hooks.translation [None req-6e77246a-12e7-4d1e-97da-155ad9abb3dc 6638cc8558cc46b28d0f2b11877615c8 289a31bc96cd47a586c37b6fd6403306 - - default default] GET failed (client error): The resource could not be found. [pid: 7|app: 0|req: 513/1044] 10.0.0.217 () {32 vars in 717 bytes} [Thu Apr 16 01:25:49 2026] GET /v2.0/ports/02639662-6272-4f36-9097-882eba3fb7c8 => generated 132 bytes in 18 msecs (HTTP/1.1 404) 4 headers in 164 bytes (1 switches on core 0) [pid: 8|app: 0|req: 532/1045] 10.0.0.217 () {32 vars in 643 bytes} [Thu Apr 16 01:25:49 2026] GET /v2.0/ports => generated 1538 bytes in 41 msecs (HTTP/1.1 200) 4 headers in 158 bytes (1 switches on core 0) [pid: 7|app: 0|req: 514/1046] 10.0.0.217 () {32 vars in 717 bytes} [Thu Apr 16 01:25:49 2026] GET /v2.0/ports/76e9c252-8066-4d84-8172-394fccfa718d => generated 779 bytes in 34 msecs (HTTP/1.1 200) 4 headers in 157 bytes (1 switches on core 0)
2026-04-16 01:25:49.711 8 INFO neutron.pecan_wsgi.hooks.translation [None req-86f0e99e-8cd5-4fe0-9a67-db867c79d2fe 6638cc8558cc46b28d0f2b11877615c8 289a31bc96cd47a586c37b6fd6403306 - - default default] DELETE failed (client error): The resource could not be found. [pid: 8|app: 0|req: 533/1047] 10.0.0.217 () {32 vars in 720 bytes} [Thu Apr 16 01:25:49 2026] DELETE /v2.0/ports/cd975f78-dff3-4a41-8273-a710d07d696e => generated 132 bytes in 21 msecs (HTTP/1.1 404) 4 headers in 164 bytes (1 switches on core 0)
2026-04-16 01:25:49.733 7 INFO neutron.pecan_wsgi.hooks.translation [None req-4084d2ef-2a0f-411b-adec-25cffe70844e 6638cc8558cc46b28d0f2b11877615c8 289a31bc96cd47a586c37b6fd6403306 - - default default] DELETE failed (client error): The resource could not be found. [pid: 7|app: 0|req: 515/1048] 10.0.0.217 () {32 vars in 724 bytes} [Thu Apr 16 01:25:49 2026] DELETE /v2.0/subnets/34a62540-ca88-4ce5-86fe-c2bbf03e7a2d => generated 136 bytes in 17 msecs (HTTP/1.1 404) 4 headers in 164 bytes (1 switches on core 0)
2026-04-16 01:25:49.756 8 INFO neutron.pecan_wsgi.hooks.translation [None req-7006040b-9fb7-4fde-b4c0-55bee74ba00e 6638cc8558cc46b28d0f2b11877615c8 289a31bc96cd47a586c37b6fd6403306 - - default default] DELETE failed (client error): The resource could not be found. [pid: 8|app: 0|req: 534/1049] 10.0.0.217 () {32 vars in 724 bytes} [Thu Apr 16 01:25:49 2026] DELETE /v2.0/subnets/56e33a69-1bf7-42f6-b92e-a8bfe3d95416 => generated 136 bytes in 21 msecs (HTTP/1.1 404) 4 headers in 164 bytes (1 switches on core 0) [pid: 8|app: 0|req: 535/1050] 10.0.0.122 () {34 vars in 990 bytes} [Thu Apr 16 01:25:49 2026] GET /v2.0/ports?device_id=71fccbfd-639c-4ddf-b84d-302f9c6c1f6f => generated 12 bytes in 27 msecs (HTTP/1.1 200) 4 headers in 156 bytes (1 switches on core 0)
2026-04-16 01:25:49.873 7 INFO neutron_taas.services.taas.taas_plugin [None req-2fd3805d-f09e-4b11-b530-6b7178dde412 6638cc8558cc46b28d0f2b11877615c8 289a31bc96cd47a586c37b6fd6403306 - - default default] TaaS: Handle Delete Port: 76e9c252-8066-4d84-8172-394fccfa718d
2026-04-16 01:25:49.878 7 INFO neutron_taas.services.taas.tap_mirror_plugin [None req-2fd3805d-f09e-4b11-b530-6b7178dde412 6638cc8558cc46b28d0f2b11877615c8 289a31bc96cd47a586c37b6fd6403306 - - default default] Tap Mirror: Handle Delete Port: 76e9c252-8066-4d84-8172-394fccfa718d [pid: 8|app: 0|req: 536/1051] 10.0.0.217 () {32 vars in 740 bytes} [Thu Apr 16 01:25:49 2026] DELETE /v2.0/security-groups/f12ee331-04c9-4dd6-a7f6-85efbfd21d8e => generated 0 bytes in 130 msecs (HTTP/1.1 204) 2 headers in 112 bytes (1 switches on core 0)
2026-04-16 01:25:49.945 8 INFO neutron.api.v2.resource [None req-d196882d-6d7a-4731-9cb2-7d8cb9e29680 f1bb43bbc988457298f9abbf184dc872 90801f0cf6704d35b0cd01a18582a528 - - default default] show failed (client error): The resource could not be found. [pid: 8|app: 0|req: 537/1052] 10.0.0.217 () {32 vars in 737 bytes} [Thu Apr 16 01:25:49 2026] GET /v2.0/security-groups/f12ee331-04c9-4dd6-a7f6-85efbfd21d8e => generated 146 bytes in 12 msecs (HTTP/1.1 404) 4 headers in 164 bytes (1 switches on core 0) [pid: 7|app: 0|req: 516/1053] 10.0.0.217 () {32 vars in 720 bytes} [Thu Apr 16 01:25:49 2026] DELETE /v2.0/ports/76e9c252-8066-4d84-8172-394fccfa718d => generated 0 bytes in 243 msecs (HTTP/1.1 204) 3 headers in 131 bytes (1 switches on core 0)
2026-04-16 01:25:50.111 8 INFO neutron_taas.services.taas.taas_plugin [None req-b5af2b97-490c-4b68-b2d9-26f1b2870ca4 f1bb43bbc988457298f9abbf184dc872 90801f0cf6704d35b0cd01a18582a528 - - default default] TaaS: Handle Delete Port: ff7c7db5-166c-4425-82dd-b84d4d420c63
2026-04-16 01:25:50.114 8 INFO neutron_taas.services.taas.tap_mirror_plugin [None req-b5af2b97-490c-4b68-b2d9-26f1b2870ca4 f1bb43bbc988457298f9abbf184dc872 90801f0cf6704d35b0cd01a18582a528 - - default default] Tap Mirror: Handle Delete Port: ff7c7db5-166c-4425-82dd-b84d4d420c63
2026-04-16 01:25:50.150 7 INFO neutron_taas.services.taas.taas_plugin [None req-d35ab669-71a9-45c0-b8ec-fbeac503a0d6 6638cc8558cc46b28d0f2b11877615c8 289a31bc96cd47a586c37b6fd6403306 - - default default] TaaS: Handle Delete Port: 9cb6728d-d0b4-4354-a3fe-23faaec0082d
2026-04-16 01:25:50.154 7 INFO neutron_taas.services.taas.tap_mirror_plugin [None req-d35ab669-71a9-45c0-b8ec-fbeac503a0d6 6638cc8558cc46b28d0f2b11877615c8 289a31bc96cd47a586c37b6fd6403306 - - default default] Tap Mirror: Handle Delete Port: 9cb6728d-d0b4-4354-a3fe-23faaec0082d [pid: 8|app: 0|req: 538/1054] 10.0.0.217 () {32 vars in 732 bytes} [Thu Apr 16 01:25:49 2026] DELETE /v2.0/floatingips/5fff088b-d9a2-4d10-83f3-c5e2f9eddf9b => generated 0 bytes in 339 msecs (HTTP/1.1 204) 2 headers in 112 bytes (1 switches on core 0) [pid: 7|app: 0|req: 517/1055] 10.0.0.217 () {32 vars in 726 bytes} [Thu Apr 16 01:25:50 2026] DELETE /v2.0/networks/84a1009b-71de-456a-b78a-9758333d0d3f => generated 0 bytes in 332 msecs (HTTP/1.1 204) 3 headers in 131 bytes (1 switches on core 0)
2026-04-16 01:25:50.519 7 INFO neutron.services.segments.plugin [-] Segment e89ccafd-123d-4285-9a60-ad51cd20cb65 resource provider aggregate not found
2026-04-16 01:25:50.535 7 INFO neutron.services.segments.plugin [-] Segment e89ccafd-123d-4285-9a60-ad51cd20cb65 resource provider not found; error: Placement Client Error (4xx): {"errors": [{"status": 404, "title": "Not Found", "detail": "The resource could not be found.\n\n No resource provider with uuid e89ccafd-123d-4285-9a60-ad51cd20cb65 found for delete ", "request_id": "req-3e8d7915-0ec4-4f52-b54a-12e343586b95"}]}
2026-04-16 01:25:50.536 7 INFO neutron.services.segments.plugin [-] Segment e89ccafd-123d-4285-9a60-ad51cd20cb65 resource provider aggregate not found
2026-04-16 01:25:50.554 7 INFO neutron.services.segments.plugin [-] Segment e89ccafd-123d-4285-9a60-ad51cd20cb65 resource provider not found; error: Placement Client Error (4xx): {"errors": [{"status": 404, "title": "Not Found", "detail": "The resource could not be found.\n\n No resource provider with uuid e89ccafd-123d-4285-9a60-ad51cd20cb65 found for delete ", "request_id": "req-1b1317fa-d5a5-41eb-a1e7-76cea8d20d74"}]}
2026-04-16 01:25:50.572 8 INFO neutron_taas.services.taas.taas_plugin [None req-ae15f58f-7a30-401b-bd5c-51983db34b27 16a0675e968b4111b1307eb71a010f68 6393861d7a624ad89cceb2a77d4d6e61 - - default default] TaaS: Handle Delete Port: 919d0ef6-b3b0-4eb2-ad1f-2e677f024aac
2026-04-16 01:25:50.574 8 INFO neutron_taas.services.taas.tap_mirror_plugin [None req-ae15f58f-7a30-401b-bd5c-51983db34b27 16a0675e968b4111b1307eb71a010f68 6393861d7a624ad89cceb2a77d4d6e61 - - default default] Tap Mirror: Handle Delete Port: 919d0ef6-b3b0-4eb2-ad1f-2e677f024aac [pid: 7|app: 0|req: 518/1056] 10.0.0.217 () {32 vars in 740 bytes} [Thu Apr 16 01:25:50 2026] DELETE /v2.0/security-groups/3900f777-ffc4-4950-b70a-3b39fd27d0d5 => generated 0 bytes in 162 msecs (HTTP/1.1 204) 2 headers in 112 bytes (1 switches on core 0) [pid: 7|app: 0|req: 519/1057] 10.0.0.217 () {32 vars in 774 bytes} [Thu Apr 16 01:25:51 2026] GET /v2.0/security-groups?tenant_id=289a31bc96cd47a586c37b6fd6403306&name=default => generated 2925 bytes in 152 msecs (HTTP/1.1 200) 4 headers in 158 bytes (1 switches on core 0)
2026-04-16 01:25:51.209 7 INFO neutron.api.v2.resource [None req-c10374bd-1272-48cc-b6c6-0f33926342be 2dcea33648774bf498a712d11b53f54c 2e4fa45408994c4f938fb3cd50e34305 - - default default] show failed (client error): The resource could not be found. [pid: 7|app: 0|req: 520/1058] 10.0.0.217 () {32 vars in 737 bytes} [Thu Apr 16 01:25:51 2026] GET /v2.0/security-groups/3900f777-ffc4-4950-b70a-3b39fd27d0d5 => generated 146 bytes in 22 msecs (HTTP/1.1 404) 4 headers in 164 bytes (1 switches on core 0) [pid: 8|app: 0|req: 539/1059] 10.0.0.217 () {34 vars in 789 bytes} [Thu Apr 16 01:25:50 2026] PUT /v2.0/routers/bcae4c0c-b669-48b3-aa36-d4d1251d195e/remove_router_interface => generated 309 bytes in 934 msecs (HTTP/1.1 200) 4 headers in 157 bytes (1 switches on core 0) /var/lib/openstack/lib/python3.12/site-packages/pycadf/identifier.py:70: UserWarning: Invalid uuid: neutron. To ensure interoperability, identifiers should be a valid uuid. warnings.warn(('Invalid uuid: %s. To ensure interoperability, '
2026-04-16 01:25:51.404 8 INFO neutron_taas.services.taas.taas_plugin [None req-0db99a1e-1549-4118-923b-23333966e968 2dcea33648774bf498a712d11b53f54c 2e4fa45408994c4f938fb3cd50e34305 - - default default] TaaS: Handle Delete Port: 2b8789ad-b731-4227-ba80-4db901b41894
2026-04-16 01:25:51.407 8 INFO neutron_taas.services.taas.tap_mirror_plugin [None req-0db99a1e-1549-4118-923b-23333966e968 2dcea33648774bf498a712d11b53f54c 2e4fa45408994c4f938fb3cd50e34305 - - default default] Tap Mirror: Handle Delete Port: 2b8789ad-b731-4227-ba80-4db901b41894 [pid: 7|app: 0|req: 521/1060] 10.0.0.217 () {32 vars in 740 bytes} [Thu Apr 16 01:25:51 2026] DELETE /v2.0/security-groups/91cda2d3-1c8f-470f-89d2-7d382dd879d8 => generated 0 bytes in 256 msecs (HTTP/1.1 204) 2 headers in 112 bytes (1 switches on core 0) [pid: 8|app: 0|req: 540/1061] 10.0.0.217 () {32 vars in 732 bytes} [Thu Apr 16 01:25:51 2026] DELETE /v2.0/floatingips/ea628785-ffcf-4432-8171-9fcb3f5a8c27 => generated 0 bytes in 407 msecs (HTTP/1.1 204) 2 headers in 112 bytes (1 switches on core 0)
2026-04-16 01:25:51.894 7 INFO neutron_taas.services.taas.taas_plugin [None req-32534c5d-20f4-480f-90b0-207b4c8a8dac 16a0675e968b4111b1307eb71a010f68 6393861d7a624ad89cceb2a77d4d6e61 - - default default] TaaS: Handle Delete Port: df58b93b-5305-42de-805f-29d46a0ea845
2026-04-16 01:25:51.896 7 INFO neutron_taas.services.taas.tap_mirror_plugin [None req-32534c5d-20f4-480f-90b0-207b4c8a8dac 16a0675e968b4111b1307eb71a010f68 6393861d7a624ad89cceb2a77d4d6e61 - - default default] Tap Mirror: Handle Delete Port: df58b93b-5305-42de-805f-29d46a0ea845
2026-04-16 01:25:51.964 8 INFO neutron_taas.services.taas.taas_plugin [None req-4ba7aeae-72a7-4097-b01a-e53eda545301 16a0675e968b4111b1307eb71a010f68 6393861d7a624ad89cceb2a77d4d6e61 - - default default] TaaS: Handle Delete Port: dc02ba4c-7d61-4b35-aac6-0dd47a79c62c
2026-04-16 01:25:51.967 8 INFO neutron_taas.services.taas.tap_mirror_plugin [None req-4ba7aeae-72a7-4097-b01a-e53eda545301 16a0675e968b4111b1307eb71a010f68 6393861d7a624ad89cceb2a77d4d6e61 - - default default] Tap Mirror: Handle Delete Port: dc02ba4c-7d61-4b35-aac6-0dd47a79c62c [pid: 7|app: 0|req: 522/1062] 10.0.0.217 () {32 vars in 724 bytes} [Thu Apr 16 01:25:51 2026] DELETE /v2.0/routers/bcae4c0c-b669-48b3-aa36-d4d1251d195e => generated 0 bytes in 807 msecs (HTTP/1.1 204) 2 headers in 112 bytes (1 switches on core 0) [pid: 7|app: 0|req: 523/1063] 10.0.0.11 () {32 vars in 801 bytes} [Thu Apr 16 01:25:52 2026] GET /v2.0/extensions => generated 20541 bytes in 10 msecs (HTTP/1.1 200) 4 headers in 159 bytes (1 switches on core 0) [pid: 7|app: 0|req: 524/1064] 10.0.0.217 () {32 vars in 724 bytes} [Thu Apr 16 01:25:52 2026] DELETE /v2.0/subnets/8ac6c797-d8ae-4f8a-9927-3c48b0dda6e1 => generated 0 bytes in 178 msecs (HTTP/1.1 204) 3 headers in 131 bytes (1 switches on core 0) [pid: 7|app: 0|req: 525/1065] 10.0.0.11 () {30 vars in 723 bytes} [Thu Apr 16 01:25:52 2026] GET /v2.0/quotas/8cbb2c3aefe344c28d300a667afe85f3/details => generated 847 bytes in 73 msecs (HTTP/1.1 200) 4 headers in 157 bytes (1 switches on core 0) [pid: 8|app: 0|req: 541/1066] 10.0.0.217 () {34 vars in 789 bytes} [Thu Apr 16 01:25:51 2026] PUT /v2.0/routers/63b27c94-7df3-4985-b356-9e4c0d674308/remove_router_interface => generated 309 bytes in 994 msecs (HTTP/1.1 200) 4 headers in 157 bytes (1 switches on core 0) /var/lib/openstack/lib/python3.12/site-packages/pycadf/identifier.py:70: UserWarning: Invalid uuid: neutron. To ensure interoperability, identifiers should be a valid uuid. warnings.warn(('Invalid uuid: %s. To ensure interoperability, '
2026-04-16 01:25:52.692 7 INFO neutron_taas.services.taas.taas_plugin [None req-2c44f022-0925-414d-ada5-7dd74c395638 16a0675e968b4111b1307eb71a010f68 6393861d7a624ad89cceb2a77d4d6e61 - - default default] TaaS: Handle Delete Port: 7bf3d1c1-ccea-411d-8855-abdf72b6a518
2026-04-16 01:25:52.694 7 INFO neutron_taas.services.taas.tap_mirror_plugin [None req-2c44f022-0925-414d-ada5-7dd74c395638 16a0675e968b4111b1307eb71a010f68 6393861d7a624ad89cceb2a77d4d6e61 - - default default] Tap Mirror: Handle Delete Port: 7bf3d1c1-ccea-411d-8855-abdf72b6a518
2026-04-16 01:25:52.881 7 INFO neutron.services.segments.plugin [-] Segment 860de94b-8a49-4730-b9f5-d89a8c87e837 resource provider aggregate not found
2026-04-16 01:25:52.889 7 INFO neutron.services.segments.plugin [-] Segment 860de94b-8a49-4730-b9f5-d89a8c87e837 resource provider aggregate not found
2026-04-16 01:25:52.905 7 INFO neutron.services.segments.plugin [-] Segment 860de94b-8a49-4730-b9f5-d89a8c87e837 resource provider not found; error: Placement Client Error (4xx): {"errors": [{"status": 404, "title": "Not Found", "detail": "The resource could not be found.\n\n No resource provider with uuid 860de94b-8a49-4730-b9f5-d89a8c87e837 found for delete ", "request_id": "req-b79a0486-0307-4aca-99e9-f19663c281ca"}]}
2026-04-16 01:25:52.912 7 INFO neutron.services.segments.plugin [-] Segment 860de94b-8a49-4730-b9f5-d89a8c87e837 resource provider not found; error: Placement Client Error (4xx): {"errors": [{"status": 404, "title": "Not Found", "detail": "The resource could not be found.\n\n No resource provider with uuid 860de94b-8a49-4730-b9f5-d89a8c87e837 found for delete ", "request_id": "req-73a4049a-f294-4fb4-980b-8016c4ba8392"}]} [pid: 7|app: 0|req: 526/1067] 10.0.0.217 () {32 vars in 726 bytes} [Thu Apr 16 01:25:52 2026] DELETE /v2.0/networks/cb977efe-6d13-47d4-9e54-f38530eec0af => generated 0 bytes in 401 msecs (HTTP/1.1 204) 3 headers in 131 bytes (1 switches on core 0)
2026-04-16 01:25:52.957 8 INFO neutron_taas.services.taas.taas_plugin [None req-04eecb26-9419-451c-9cda-13d13d8a759e 16a0675e968b4111b1307eb71a010f68 6393861d7a624ad89cceb2a77d4d6e61 - - default default] TaaS: Handle Delete Port: 46b1759d-e0d8-4577-b81b-0d44ed5a2f4c
2026-04-16 01:25:52.960 8 INFO neutron_taas.services.taas.tap_mirror_plugin [None req-04eecb26-9419-451c-9cda-13d13d8a759e 16a0675e968b4111b1307eb71a010f68 6393861d7a624ad89cceb2a77d4d6e61 - - default default] Tap Mirror: Handle Delete Port: 46b1759d-e0d8-4577-b81b-0d44ed5a2f4c [pid: 7|app: 0|req: 527/1068] 10.0.0.217 () {32 vars in 774 bytes} [Thu Apr 16 01:25:53 2026] GET /v2.0/security-groups?tenant_id=90801f0cf6704d35b0cd01a18582a528&name=default => generated 2925 bytes in 30 msecs (HTTP/1.1 200) 4 headers in 158 bytes (1 switches on core 0) [pid: 8|app: 0|req: 542/1069] 10.0.0.217 () {32 vars in 724 bytes} [Thu Apr 16 01:25:52 2026] DELETE /v2.0/routers/63b27c94-7df3-4985-b356-9e4c0d674308 => generated 0 bytes in 716 msecs (HTTP/1.1 204) 2 headers in 112 bytes (1 switches on core 0) [pid: 7|app: 0|req: 528/1070] 10.0.0.217 () {32 vars in 740 bytes} [Thu Apr 16 01:25:53 2026] DELETE /v2.0/security-groups/98da6b57-e115-44c8-9b44-21ffc10349de => generated 0 bytes in 318 msecs (HTTP/1.1 204) 2 headers in 112 bytes (1 switches on core 0) [pid: 7|app: 0|req: 529/1071] 10.0.0.217 () {32 vars in 724 bytes} [Thu Apr 16 01:25:53 2026] DELETE /v2.0/subnets/48c45bd6-9ce7-4167-95e1-acd5add7078f => generated 0 bytes in 159 msecs (HTTP/1.1 204) 3 headers in 131 bytes (1 switches on core 0)
2026-04-16 01:25:53.675 8 INFO neutron.db.ovn_revision_numbers_db [None req-558b950f-23f1-4851-8f25-1680a0b928c7 e709d1619c0f422f910bd50d9c3651bd 385d1ba14ef04493833940bf3c09f118 - - default default] Successfully bumped revision number for resource fe23dda6-2dbe-4374-9687-1f9a56ac57a9 (type: security_groups) to 1
2026-04-16 01:25:53.690 8 INFO neutron.db.ovn_revision_numbers_db [None req-558b950f-23f1-4851-8f25-1680a0b928c7 e709d1619c0f422f910bd50d9c3651bd 385d1ba14ef04493833940bf3c09f118 - - default default] Successfully bumped revision number for resource 28db929e-a242-4f4d-aef8-a9bc1f0a9c3f (type: security_group_rules) to 0
2026-04-16 01:25:53.703 8 INFO neutron.db.ovn_revision_numbers_db [None req-558b950f-23f1-4851-8f25-1680a0b928c7 e709d1619c0f422f910bd50d9c3651bd 385d1ba14ef04493833940bf3c09f118 - - default default] Successfully bumped revision number for resource 97ace3a4-f1fd-49e5-9a1c-4d94b8ac8e7e (type: security_group_rules) to 0
2026-04-16 01:25:53.713 7 INFO neutron_taas.services.taas.taas_plugin [None req-c18ab523-0dc9-4f8c-b960-318818a3a8d9 16a0675e968b4111b1307eb71a010f68 6393861d7a624ad89cceb2a77d4d6e61 - - default default] TaaS: Handle Delete Port: 68fa5e8b-4590-4429-a130-059984fbfce2
2026-04-16 01:25:53.714 8 INFO neutron.db.ovn_revision_numbers_db [None req-558b950f-23f1-4851-8f25-1680a0b928c7 e709d1619c0f422f910bd50d9c3651bd 385d1ba14ef04493833940bf3c09f118 - - default default] Successfully bumped revision number for resource c4e12a82-f0bb-4a59-8bed-614af4137003 (type: security_group_rules) to 0
2026-04-16 01:25:53.715 7 INFO neutron_taas.services.taas.tap_mirror_plugin [None req-c18ab523-0dc9-4f8c-b960-318818a3a8d9 16a0675e968b4111b1307eb71a010f68 6393861d7a624ad89cceb2a77d4d6e61 - - default default] Tap Mirror: Handle Delete Port: 68fa5e8b-4590-4429-a130-059984fbfce2
2026-04-16 01:25:53.726 8 INFO neutron.db.ovn_revision_numbers_db [None req-558b950f-23f1-4851-8f25-1680a0b928c7 e709d1619c0f422f910bd50d9c3651bd 385d1ba14ef04493833940bf3c09f118 - - default default] Successfully bumped revision number for resource ce7a4c4d-7595-4986-b86a-0f6993bb915c (type: security_group_rules) to 0
2026-04-16 01:25:53.843 8 INFO neutron.db.ovn_revision_numbers_db [None req-558b950f-23f1-4851-8f25-1680a0b928c7 e709d1619c0f422f910bd50d9c3651bd 385d1ba14ef04493833940bf3c09f118 - - default default] Successfully bumped revision number for resource ac8353e2-c87c-49df-b051-c0a03989739f (type: security_groups) to 1
