2026-07-07 04:43:58.061 16 INFO neutron.plugins.ml2.plugin [None req-dc677351-e157-43c6-bd96-166f71a0bfd0 - - - - - -] Attempt 1 to provision port 275f7506-6da0-467b-b4e7-6aa2aebd3a2c
2026-07-07 04:43:58.614 16 INFO neutron.plugins.ml2.plugin [None req-dc677351-e157-43c6-bd96-166f71a0bfd0 - - - - - -] Attempt 1 to provision port 37c667da-357a-45dc-8804-cf519a0212f3
2026-07-07 04:44:00.839 13 INFO neutron.plugins.ml2.plugin [None req-dc677351-e157-43c6-bd96-166f71a0bfd0 - - - - - -] Attempt 1 to provision port 817b0262-e5fc-4453-97f3-21df2952e3c0
2026-07-07 04:44:00.983 16 INFO neutron.plugins.ml2.plugin [None req-e0b83311-3163-4f4c-9618-864f0b1ef4c0 - - - - - -] Attempt 1 to provision port 6751a8ae-a591-4a59-8740-015c10e88fc9
2026-07-07 04:44:01.111 16 INFO neutron.plugins.ml2.plugin [None req-e0b83311-3163-4f4c-9618-864f0b1ef4c0 - - - - - -] Attempt 1 to provision port a68838a4-93e1-457e-893a-acefc01db41b
2026-07-07 04:44:01.297 13 INFO neutron.plugins.ml2.plugin [None req-dc677351-e157-43c6-bd96-166f71a0bfd0 - - - - - -] Attempt 1 to provision port 37c667da-357a-45dc-8804-cf519a0212f3
2026-07-07 04:44:01.502 13 INFO neutron.plugins.ml2.plugin [None req-dc677351-e157-43c6-bd96-166f71a0bfd0 - - - - - -] Attempt 1 to provision port a68838a4-93e1-457e-893a-acefc01db41b
2026-07-07 04:44:01.682 13 INFO neutron.plugins.ml2.plugin [None req-dc677351-e157-43c6-bd96-166f71a0bfd0 - - - - - -] Attempt 1 to provision port 275f7506-6da0-467b-b4e7-6aa2aebd3a2c
2026-07-07 04:44:01.841 13 INFO neutron.plugins.ml2.plugin [None req-dc677351-e157-43c6-bd96-166f71a0bfd0 - - - - - -] Attempt 1 to provision port 6751a8ae-a591-4a59-8740-015c10e88fc9
2026-07-07 04:44:03.412 13 INFO neutron.plugins.ml2.plugin [None req-dc677351-e157-43c6-bd96-166f71a0bfd0 - - - - - -] Attempt 1 to provision port dc49e867-1f41-42aa-b9e3-da140e0585e0
2026-07-07 04:44:03.769 13 INFO neutron.plugins.ml2.plugin [None req-dc677351-e157-43c6-bd96-166f71a0bfd0 - - - - - -] Attempt 1 to provision port 817b0262-e5fc-4453-97f3-21df2952e3c0
2026-07-07 04:44:03.928 13 INFO neutron.plugins.ml2.plugin [None req-dc677351-e157-43c6-bd96-166f71a0bfd0 - - - - - -] Attempt 1 to provision port 6751a8ae-a591-4a59-8740-015c10e88fc9
2026-07-07 04:44:05.371 16 INFO neutron.plugins.ml2.plugin [None req-dc677351-e157-43c6-bd96-166f71a0bfd0 - - - - - -] Attempt 1 to provision port 29d4af7b-54e7-4ecc-9e27-83471c5f8a37
2026-07-07 04:44:05.732 16 INFO neutron.plugins.ml2.plugin [None req-dc677351-e157-43c6-bd96-166f71a0bfd0 - - - - - -] Attempt 1 to provision port 5f145904-6031-433f-8fb7-3a84213c55ba
2026-07-07 04:44:06.097 16 INFO neutron.plugins.ml2.plugin [None req-dc677351-e157-43c6-bd96-166f71a0bfd0 - - - - - -] Attempt 1 to provision port dc49e867-1f41-42aa-b9e3-da140e0585e0
2026-07-07 04:44:07.465 13 INFO neutron.plugins.ml2.plugin [None req-dc677351-e157-43c6-bd96-166f71a0bfd0 - - - - - -] Attempt 1 to provision port 5f145904-6031-433f-8fb7-3a84213c55ba
2026-07-07 04:44:07.892 13 INFO neutron.plugins.ml2.plugin [None req-dc677351-e157-43c6-bd96-166f71a0bfd0 - - - - - -] Attempt 1 to provision port 29d4af7b-54e7-4ecc-9e27-83471c5f8a37
2026-07-07 04:44:08.177 13 INFO neutron.plugins.ml2.plugin [None req-dc677351-e157-43c6-bd96-166f71a0bfd0 - - - - - -] Attempt 1 to provision port a654802b-1ab7-459a-aa3d-e1acfe892805
2026-07-07 04:44:09.288 16 INFO neutron.plugins.ml2.plugin [None req-dc677351-e157-43c6-bd96-166f71a0bfd0 - - - - - -] Attempt 1 to provision port a654802b-1ab7-459a-aa3d-e1acfe892805
2026-07-07 04:44:09.467 16 INFO neutron.plugins.ml2.plugin [None req-dc677351-e157-43c6-bd96-166f71a0bfd0 - - - - - -] Attempt 1 to provision port 8435e8dd-5333-4641-8905-45693d2ef83a
2026-07-07 04:44:10.229 16 INFO neutron.plugins.ml2.plugin [None req-b3092ac5-3fae-4528-bcaf-72ff20030249 - - - - - -] Attempt 1 to provision port 6751a8ae-a591-4a59-8740-015c10e88fc9
2026-07-07 04:44:10.290 16 INFO neutron.plugins.ml2.plugin [None req-b3092ac5-3fae-4528-bcaf-72ff20030249 - - - - - -] Attempt 1 to provision port c4817606-3ae8-4413-8505-5708de7fbb44
2026-07-07 04:44:10.315 16 INFO neutron.plugins.ml2.plugin [None req-b3092ac5-3fae-4528-bcaf-72ff20030249 - - - - - -] Attempt 1 to provision port 158c1cdc-0d6a-4140-b003-0fd97fe18b18
2026-07-07 04:44:10.343 16 INFO neutron.plugins.ml2.plugin [None req-b3092ac5-3fae-4528-bcaf-72ff20030249 - - - - - -] Attempt 1 to provision port a654802b-1ab7-459a-aa3d-e1acfe892805
2026-07-07 04:44:10.451 16 INFO neutron.plugins.ml2.plugin [None req-b3092ac5-3fae-4528-bcaf-72ff20030249 - - - - - -] Attempt 1 to provision port 29d4af7b-54e7-4ecc-9e27-83471c5f8a37
2026-07-07 04:44:10.510 16 INFO neutron.plugins.ml2.plugin [None req-b3092ac5-3fae-4528-bcaf-72ff20030249 - - - - - -] Attempt 1 to provision port b2af7ce3-a796-4ec6-85ee-60f232cb2444
2026-07-07 04:44:11.254 13 INFO neutron.plugins.ml2.plugin [None req-dc677351-e157-43c6-bd96-166f71a0bfd0 - - - - - -] Attempt 1 to provision port 8435e8dd-5333-4641-8905-45693d2ef83a
2026-07-07 04:44:13.190 16 INFO neutron.plugins.ml2.plugin [None req-dc677351-e157-43c6-bd96-166f71a0bfd0 - - - - - -] Attempt 1 to provision port 3f409b47-3145-4daa-94a2-9c88e89eabb9
2026-07-07 04:44:15.981 16 INFO neutron.plugins.ml2.plugin [None req-dc677351-e157-43c6-bd96-166f71a0bfd0 - - - - - -] Attempt 1 to provision port 0be1b324-9291-406c-be5e-20383f8a909a
2026-07-07 04:44:16.109 16 INFO neutron.notifiers.nova [-] Nova event matching ['req-d6f57f2d-8dae-466e-bdec-7afcaa9ec970'] response: {'server_uuid': 'dd004c24-62bb-44a5-8ed1-bb407747864e', 'name': 'network-vif-plugged', 'status': 'completed', 'tag': '0be1b324-9291-406c-be5e-20383f8a909a', 'code': 200}
2026-07-07 04:44:16.468 16 INFO neutron.plugins.ml2.plugin [None req-dc677351-e157-43c6-bd96-166f71a0bfd0 - - - - - -] Attempt 1 to provision port 3f409b47-3145-4daa-94a2-9c88e89eabb9
2026-07-07 04:44:17.998 16 INFO neutron.plugins.ml2.plugin [None req-dc677351-e157-43c6-bd96-166f71a0bfd0 - - - - - -] Attempt 1 to provision port 0be1b324-9291-406c-be5e-20383f8a909a
2026-07-07 04:44:19.055 16 INFO neutron.plugins.ml2.plugin [None req-a6f215af-da1c-4df6-9603-d28b45efe0f1 - - - - - -] Attempt 1 to provision port ef66a78b-9558-46e0-8fe6-7fbfe7205a12
2026-07-07 04:44:19.099 16 INFO neutron.plugins.ml2.plugin [None req-a6f215af-da1c-4df6-9603-d28b45efe0f1 - - - - - -] Attempt 1 to provision port 3f409b47-3145-4daa-94a2-9c88e89eabb9
2026-07-07 04:44:19.171 16 INFO neutron.plugins.ml2.plugin [None req-a6f215af-da1c-4df6-9603-d28b45efe0f1 - - - - - -] Attempt 1 to provision port f5142d3c-aeee-4ca9-b692-dfabee5ebe74
2026-07-07 04:44:19.212 16 INFO neutron.plugins.ml2.plugin [None req-a6f215af-da1c-4df6-9603-d28b45efe0f1 - - - - - -] Attempt 1 to provision port 29d4af7b-54e7-4ecc-9e27-83471c5f8a37
2026-07-07 04:44:19.281 16 INFO neutron.plugins.ml2.plugin [None req-a6f215af-da1c-4df6-9603-d28b45efe0f1 - - - - - -] Attempt 1 to provision port 0be1b324-9291-406c-be5e-20383f8a909a
2026-07-07 04:44:19.353 16 INFO neutron.plugins.ml2.plugin [None req-a6f215af-da1c-4df6-9603-d28b45efe0f1 - - - - - -] Attempt 1 to provision port b2af7ce3-a796-4ec6-85ee-60f232cb2444
2026-07-07 04:44:20.938 13 INFO neutron.plugins.ml2.plugin [None req-dc677351-e157-43c6-bd96-166f71a0bfd0 - - - - - -] Attempt 1 to provision port 6cdfcd2f-f3bf-4b83-913b-153596a8bd09
2026-07-07 04:44:21.043 13 INFO neutron.notifiers.nova [-] Nova event matching ['req-c7f2ac3a-c4c1-4218-8d1d-15c046d35a5d'] response: {'server_uuid': '387ce6c4-7254-4cd9-93e1-7d069d6b70f7', 'name': 'network-vif-plugged', 'status': 'completed', 'tag': '6cdfcd2f-f3bf-4b83-913b-153596a8bd09', 'code': 200}
2026-07-07 04:44:22.925 16 INFO neutron.plugins.ml2.plugin [None req-dc677351-e157-43c6-bd96-166f71a0bfd0 - - - - - -] Attempt 1 to provision port 7bbbb8a7-b750-46a9-a25d-abaf8037fdf3
2026-07-07 04:44:23.041 16 INFO neutron.notifiers.nova [-] Nova event matching ['req-c7e0842e-05ea-408b-ade3-54f823662444'] response: {'server_uuid': 'd9e30db4-2644-4c08-b46f-8025599e32ab', 'name': 'network-vif-plugged', 'status': 'completed', 'tag': '7bbbb8a7-b750-46a9-a25d-abaf8037fdf3', 'code': 200}
2026-07-07 04:44:23.366 16 INFO neutron.plugins.ml2.plugin [None req-dc677351-e157-43c6-bd96-166f71a0bfd0 - - - - - -] Attempt 1 to provision port 158c1cdc-0d6a-4140-b003-0fd97fe18b18
2026-07-07 04:44:23.624 16 INFO neutron.plugins.ml2.plugin [None req-dc677351-e157-43c6-bd96-166f71a0bfd0 - - - - - -] Attempt 1 to provision port 6cdfcd2f-f3bf-4b83-913b-153596a8bd09
2026-07-07 04:44:23.818 16 INFO neutron.plugins.ml2.plugin [None req-dc677351-e157-43c6-bd96-166f71a0bfd0 - - - - - -] Attempt 1 to provision port b2af7ce3-a796-4ec6-85ee-60f232cb2444
2026-07-07 04:44:25.119 13 INFO neutron.plugins.ml2.plugin [None req-dc677351-e157-43c6-bd96-166f71a0bfd0 - - - - - -] Attempt 1 to provision port 7bbbb8a7-b750-46a9-a25d-abaf8037fdf3
2026-07-07 04:44:25.369 13 INFO neutron.plugins.ml2.plugin [None req-dc677351-e157-43c6-bd96-166f71a0bfd0 - - - - - -] Attempt 1 to provision port 158c1cdc-0d6a-4140-b003-0fd97fe18b18
2026-07-07 04:44:25.523 13 INFO neutron.plugins.ml2.plugin [None req-dc677351-e157-43c6-bd96-166f71a0bfd0 - - - - - -] Attempt 1 to provision port b2af7ce3-a796-4ec6-85ee-60f232cb2444
2026-07-07 04:44:27.418 16 INFO neutron.plugins.ml2.plugin [None req-dc677351-e157-43c6-bd96-166f71a0bfd0 - - - - - -] Attempt 1 to provision port c4817606-3ae8-4413-8505-5708de7fbb44
2026-07-07 04:44:27.807 16 INFO neutron.plugins.ml2.plugin [None req-dc677351-e157-43c6-bd96-166f71a0bfd0 - - - - - -] Attempt 1 to provision port 073a0593-9577-469b-8a4b-eb039dce1679
2026-07-07 04:44:28.792 16 INFO neutron.plugins.ml2.plugin [None req-898258d3-e23c-4e07-b9c7-48e7b85d865a - - - - - -] Attempt 1 to provision port ef66a78b-9558-46e0-8fe6-7fbfe7205a12
2026-07-07 04:44:28.928 16 INFO neutron.plugins.ml2.plugin [None req-898258d3-e23c-4e07-b9c7-48e7b85d865a - - - - - -] Attempt 1 to provision port 0be1b324-9291-406c-be5e-20383f8a909a
2026-07-07 04:44:28.961 16 INFO neutron.plugins.ml2.plugin [None req-898258d3-e23c-4e07-b9c7-48e7b85d865a - - - - - -] Attempt 1 to provision port c4817606-3ae8-4413-8505-5708de7fbb44
2026-07-07 04:44:29.007 16 INFO neutron.plugins.ml2.plugin [None req-898258d3-e23c-4e07-b9c7-48e7b85d865a - - - - - -] Attempt 1 to provision port b2af7ce3-a796-4ec6-85ee-60f232cb2444
2026-07-07 04:44:29.383 13 INFO neutron.plugins.ml2.plugin [None req-dc677351-e157-43c6-bd96-166f71a0bfd0 - - - - - -] Attempt 1 to provision port ef66a78b-9558-46e0-8fe6-7fbfe7205a12
2026-07-07 04:44:29.567 13 INFO neutron.plugins.ml2.plugin [None req-dc677351-e157-43c6-bd96-166f71a0bfd0 - - - - - -] Attempt 1 to provision port c4817606-3ae8-4413-8505-5708de7fbb44
2026-07-07 04:44:29.824 13 INFO neutron.plugins.ml2.plugin [None req-dc677351-e157-43c6-bd96-166f71a0bfd0 - - - - - -] Attempt 1 to provision port f5142d3c-aeee-4ca9-b692-dfabee5ebe74
2026-07-07 04:44:30.081 13 INFO neutron.plugins.ml2.plugin [None req-dc677351-e157-43c6-bd96-166f71a0bfd0 - - - - - -] Attempt 1 to provision port 073a0593-9577-469b-8a4b-eb039dce1679
2026-07-07 04:44:31.342 13 INFO neutron.plugins.ml2.plugin [None req-dc677351-e157-43c6-bd96-166f71a0bfd0 - - - - - -] Attempt 1 to provision port f5142d3c-aeee-4ca9-b692-dfabee5ebe74
2026-07-07 04:44:33.342 16 INFO neutron.plugins.ml2.plugin [None req-d67dbb13-dac1-4b3e-8c12-5f5bb89ad2ed - - - - - -] Attempt 1 to provision port ef66a78b-9558-46e0-8fe6-7fbfe7205a12
2026-07-07 04:44:47.414 13 INFO neutron.notifiers.nova [-] Nova event matching ['req-e5e1c25a-0dcb-45d3-abc7-faddc839f1c1'] response: {'server_uuid': 'dd004c24-62bb-44a5-8ed1-bb407747864e', 'name': 'network-vif-unplugged', 'status': 'completed', 'tag': '0be1b324-9291-406c-be5e-20383f8a909a', 'code': 200}
2026-07-07 04:44:49.782 16 INFO neutron.plugins.ml2.plugin [None req-dc677351-e157-43c6-bd96-166f71a0bfd0 - - - - - -] Attempt 1 to provision port 0be1b324-9291-406c-be5e-20383f8a909a
2026-07-07 04:44:49.923 16 INFO neutron.notifiers.nova [-] Nova event matching ['req-beba8001-81c7-4419-a744-43959d2d0385'] response: {'server_uuid': 'dd004c24-62bb-44a5-8ed1-bb407747864e', 'name': 'network-vif-plugged', 'status': 'completed', 'tag': '0be1b324-9291-406c-be5e-20383f8a909a', 'code': 200}
2026-07-07 04:44:51.238 13 INFO neutron.plugins.ml2.plugin [None req-dc677351-e157-43c6-bd96-166f71a0bfd0 - - - - - -] Attempt 1 to provision port 0be1b324-9291-406c-be5e-20383f8a909a
2026-07-07 04:45:07.257 13 INFO neutron.plugins.ml2.plugin [None req-dc677351-e157-43c6-bd96-166f71a0bfd0 - - - - - -] Attempt 1 to provision port 8db1f7d3-81c4-449b-91c1-4ad256e7ea17
2026-07-07 04:45:09.128 16 INFO neutron.plugins.ml2.plugin [None req-721165aa-d88c-4dca-8d38-216881992361 - - - - - -] Attempt 1 to provision port 8db1f7d3-81c4-449b-91c1-4ad256e7ea17
2026-07-07 04:45:09.232 13 INFO neutron.plugins.ml2.plugin [None req-dc677351-e157-43c6-bd96-166f71a0bfd0 - - - - - -] Attempt 1 to provision port 8db1f7d3-81c4-449b-91c1-4ad256e7ea17
2026-07-07 04:45:11.367 16 INFO neutron.plugins.ml2.plugin [None req-dc677351-e157-43c6-bd96-166f71a0bfd0 - - - - - -] Attempt 1 to provision port 2e1218b4-1869-4ac9-b103-e38f8486297d
2026-07-07 04:45:42.451 13 INFO neutron.plugins.ml2.plugin [None req-18a49bb2-f88d-402c-9bb6-3bf6101f95e2 - - - - - -] Attempt 1 to provision port c5593c88-2f97-4f59-b2f9-a8f234af9319
2026-07-07 04:45:45.318 13 INFO neutron.plugins.ml2.plugin [None req-dc677351-e157-43c6-bd96-166f71a0bfd0 - - - - - -] Attempt 1 to provision port eb19987b-f209-4e32-8eb9-5ff8bac5f620
2026-07-07 04:45:45.675 13 INFO neutron.plugins.ml2.plugin [None req-dc677351-e157-43c6-bd96-166f71a0bfd0 - - - - - -] Attempt 1 to provision port 93f84137-dcd9-4fa9-9ff6-bab0b20b1227
2026-07-07 04:45:46.203 13 INFO neutron.plugins.ml2.plugin [None req-fbf14c26-907e-499b-b124-24ee0499f842 - - - - - -] Attempt 1 to provision port eb19987b-f209-4e32-8eb9-5ff8bac5f620
2026-07-07 04:45:46.263 13 INFO neutron.plugins.ml2.plugin [None req-fbf14c26-907e-499b-b124-24ee0499f842 - - - - - -] Attempt 1 to provision port 4e05aa05-76c3-469a-bc9a-4140a2df32d6
2026-07-07 04:45:47.246 13 INFO neutron.plugins.ml2.plugin [None req-dc677351-e157-43c6-bd96-166f71a0bfd0 - - - - - -] Attempt 1 to provision port eb19987b-f209-4e32-8eb9-5ff8bac5f620
2026-07-07 04:45:47.437 13 INFO neutron.plugins.ml2.plugin [None req-dc677351-e157-43c6-bd96-166f71a0bfd0 - - - - - -] Attempt 1 to provision port 93f84137-dcd9-4fa9-9ff6-bab0b20b1227
2026-07-07 04:45:47.976 13 INFO neutron.plugins.ml2.plugin [None req-6f101981-4bcb-430f-a91b-ca56bafe06fb - - - - - -] Attempt 1 to provision port eb19987b-f209-4e32-8eb9-5ff8bac5f620
2026-07-07 04:45:48.046 13 INFO neutron.plugins.ml2.plugin [None req-6f101981-4bcb-430f-a91b-ca56bafe06fb - - - - - -] Attempt 1 to provision port 4e05aa05-76c3-469a-bc9a-4140a2df32d6
2026-07-07 04:45:49.267 13 INFO neutron.plugins.ml2.plugin [None req-61e4e48d-7fae-48da-a685-1b739d8ff405 - - - - - -] Attempt 1 to provision port 4e05aa05-76c3-469a-bc9a-4140a2df32d6
2026-07-07 04:45:50.600 13 INFO neutron.plugins.ml2.plugin [None req-ef50a11e-ff6f-41f6-ac03-24fb27c3cb9d - - - - - -] Attempt 1 to provision port 4e05aa05-76c3-469a-bc9a-4140a2df32d6
2026-07-07 04:45:54.497 13 INFO neutron.plugins.ml2.plugin [None req-ee58f1ce-75af-4686-a212-882a75fc175f - - - - - -] Attempt 1 to provision port eed621b5-a35b-44ea-a5e4-00f20ac67e50
2026-07-07 04:45:55.760 13 INFO neutron.plugins.ml2.plugin [None req-dc677351-e157-43c6-bd96-166f71a0bfd0 - - - - - -] Attempt 1 to provision port 5c9d03fd-5dbe-4821-85f4-98f51de64901
2026-07-07 04:45:55.869 13 INFO neutron.notifiers.nova [-] Nova event matching ['req-eca9e032-f569-4311-aa46-f81fc153f799'] response: {'server_uuid': '416841e4-f924-4359-ae69-b2780d2c6729', 'name': 'network-vif-plugged', 'status': 'completed', 'tag': '5c9d03fd-5dbe-4821-85f4-98f51de64901', 'code': 200}
2026-07-07 04:45:57.241 16 INFO neutron.plugins.ml2.plugin [None req-dc677351-e157-43c6-bd96-166f71a0bfd0 - - - - - -] Attempt 1 to provision port 5c9d03fd-5dbe-4821-85f4-98f51de64901
2026-07-07 04:46:01.275 13 INFO neutron.plugins.ml2.plugin [None req-dc677351-e157-43c6-bd96-166f71a0bfd0 - - - - - -] Attempt 1 to provision port c5593c88-2f97-4f59-b2f9-a8f234af9319
2026-07-07 04:46:01.525 13 INFO neutron.plugins.ml2.plugin [None req-dc677351-e157-43c6-bd96-166f71a0bfd0 - - - - - -] Attempt 1 to provision port 4e05aa05-76c3-469a-bc9a-4140a2df32d6
2026-07-07 04:46:03.290 16 INFO neutron.plugins.ml2.plugin [None req-dc677351-e157-43c6-bd96-166f71a0bfd0 - - - - - -] Attempt 1 to provision port c5593c88-2f97-4f59-b2f9-a8f234af9319
2026-07-07 04:46:03.440 16 INFO neutron.plugins.ml2.plugin [None req-dc677351-e157-43c6-bd96-166f71a0bfd0 - - - - - -] Attempt 1 to provision port 4e05aa05-76c3-469a-bc9a-4140a2df32d6
2026-07-07 04:46:08.903 13 ERROR oslo_messaging.rpc.server [None req-5d055ce6-cf27-48d0-b537-0d6555376569 - - - - - -] Exception during message handling: neutron_lib.exceptions.PortNotFound: Port aa341671-bb62-4797-b5b0-4612e7453703 could not be found.
2026-07-07 04:46:08.903 13 ERROR oslo_messaging.rpc.server
Traceback (most recent call last):
2026-07-07 04:46:08.903 13 ERROR oslo_messaging.rpc.server
File "/var/lib/openstack/lib/python3.12/site-packages/neutron/db/db_base_plugin_common.py", line 292, in _get_port
2026-07-07 04:46:08.903 13 ERROR oslo_messaging.rpc.server port = model_query.get_by_id(context, models_v2.Port, id,
2026-07-07 04:46:08.903 13 ERROR oslo_messaging.rpc.server ^^^^^^^^^^^^^^^^^^^^^^^^^^^^^^^^^^^^^^^^^^^^^^^^^^
2026-07-07 04:46:08.903 13 ERROR oslo_messaging.rpc.server
File "/var/lib/openstack/lib/python3.12/site-packages/neutron_lib/db/model_query.py", line 211, in get_by_id
2026-07-07 04:46:08.903 13 ERROR oslo_messaging.rpc.server return query.filter(model.id == object_id).one()
2026-07-07 04:46:08.903 13 ERROR oslo_messaging.rpc.server ^^^^^^^^^^^^^^^^^^^^^^^^^^^^^^^^^^^^^^^^^
2026-07-07 04:46:08.903 13 ERROR oslo_messaging.rpc.server
File "/var/lib/openstack/lib/python3.12/site-packages/sqlalchemy/orm/query.py", line 2808, in one
2026-07-07 04:46:08.903 13 ERROR oslo_messaging.rpc.server return self._iter().one() # type: ignore
2026-07-07 04:46:08.903 13 ERROR oslo_messaging.rpc.server ^^^^^^^^^^^^^^^^^^
2026-07-07 04:46:08.903 13 ERROR oslo_messaging.rpc.server
File "/var/lib/openstack/lib/python3.12/site-packages/sqlalchemy/engine/result.py", line 1815, in one
2026-07-07 04:46:08.903 13 ERROR oslo_messaging.rpc.server return self._only_one_row(
2026-07-07 04:46:08.903 13 ERROR oslo_messaging.rpc.server ^^^^^^^^^^^^^^^^^^^
2026-07-07 04:46:08.903 13 ERROR oslo_messaging.rpc.server
File "/var/lib/openstack/lib/python3.12/site-packages/sqlalchemy/engine/result.py", line 760, in _only_one_row
2026-07-07 04:46:08.903 13 ERROR oslo_messaging.rpc.server raise exc.NoResultFound(
2026-07-07 04:46:08.903 13 ERROR oslo_messaging.rpc.server sqlalchemy.exc.NoResultFound: No row was found when one was required
2026-07-07 04:46:08.903 13 ERROR oslo_messaging.rpc.server
2026-07-07 04:46:08.903 13 ERROR oslo_messaging.rpc.server During handling of the above exception, another exception occurred:
2026-07-07 04:46:08.903 13 ERROR oslo_messaging.rpc.server
2026-07-07 04:46:08.903 13 ERROR oslo_messaging.rpc.server
Traceback (most recent call last):
2026-07-07 04:46:08.903 13 ERROR oslo_messaging.rpc.server
File "/var/lib/openstack/lib/python3.12/site-packages/oslo_messaging/rpc/server.py", line 174, in _process_incoming
2026-07-07 04:46:08.903 13 ERROR oslo_messaging.rpc.server res = self.dispatcher.dispatch(message)
2026-07-07 04:46:08.903 13 ERROR oslo_messaging.rpc.server ^^^^^^^^^^^^^^^^^^^^^^^^^^^^^^^^^
2026-07-07 04:46:08.903 13 ERROR oslo_messaging.rpc.server
File "/var/lib/openstack/lib/python3.12/site-packages/oslo_messaging/rpc/dispatcher.py", line 309, in dispatch
2026-07-07 04:46:08.903 13 ERROR oslo_messaging.rpc.server return self._do_dispatch(endpoint, method, ctxt, args)
2026-07-07 04:46:08.903 13 ERROR oslo_messaging.rpc.server ^^^^^^^^^^^^^^^^^^^^^^^^^^^^^^^^^^^^^^^^^^^^^^^
2026-07-07 04:46:08.903 13 ERROR oslo_messaging.rpc.server
File "/var/lib/openstack/lib/python3.12/site-packages/oslo_messaging/rpc/dispatcher.py", line 229, in _do_dispatch
2026-07-07 04:46:08.903 13 ERROR oslo_messaging.rpc.server result = func(ctxt, **new_args)
2026-07-07 04:46:08.903 13 ERROR oslo_messaging.rpc.server ^^^^^^^^^^^^^^^^^^^^^^
2026-07-07 04:46:08.903 13 ERROR oslo_messaging.rpc.server
File "/var/lib/openstack/lib/python3.12/site-packages/neutron_lib/db/api.py", line 137, in wrapped
2026-07-07 04:46:08.903 13 ERROR oslo_messaging.rpc.server with excutils.save_and_reraise_exception():
2026-07-07 04:46:08.903 13 ERROR oslo_messaging.rpc.server
File "/var/lib/openstack/lib/python3.12/site-packages/oslo_utils/excutils.py", line 227, in __exit__
2026-07-07 04:46:08.903 13 ERROR oslo_messaging.rpc.server self.force_reraise()
2026-07-07 04:46:08.903 13 ERROR oslo_messaging.rpc.server
File "/var/lib/openstack/lib/python3.12/site-packages/oslo_utils/excutils.py", line 200, in force_reraise
2026-07-07 04:46:08.903 13 ERROR oslo_messaging.rpc.server raise self.value
2026-07-07 04:46:08.903 13 ERROR oslo_messaging.rpc.server
File "/var/lib/openstack/lib/python3.12/site-packages/neutron_lib/db/api.py", line 135, in wrapped
2026-07-07 04:46:08.903 13 ERROR oslo_messaging.rpc.server return f(*args, **kwargs)
2026-07-07 04:46:08.903 13 ERROR oslo_messaging.rpc.server ^^^^^^^^^^^^^^^^^^
2026-07-07 04:46:08.903 13 ERROR oslo_messaging.rpc.server
File "/var/lib/openstack/lib/python3.12/site-packages/oslo_db/api.py", line 144, in wrapper
2026-07-07 04:46:08.903 13 ERROR oslo_messaging.rpc.server with excutils.save_and_reraise_exception() as ectxt:
2026-07-07 04:46:08.903 13 ERROR oslo_messaging.rpc.server
File "/var/lib/openstack/lib/python3.12/site-packages/oslo_utils/excutils.py", line 227, in __exit__
2026-07-07 04:46:08.903 13 ERROR oslo_messaging.rpc.server self.force_reraise()
2026-07-07 04:46:08.903 13 ERROR oslo_messaging.rpc.server
File "/var/lib/openstack/lib/python3.12/site-packages/oslo_utils/excutils.py", line 200, in force_reraise
2026-07-07 04:46:08.903 13 ERROR oslo_messaging.rpc.server raise self.value
2026-07-07 04:46:08.903 13 ERROR oslo_messaging.rpc.server
File "/var/lib/openstack/lib/python3.12/site-packages/oslo_db/api.py", line 142, in wrapper
2026-07-07 04:46:08.903 13 ERROR oslo_messaging.rpc.server return f(*args, **kwargs)
2026-07-07 04:46:08.903 13 ERROR oslo_messaging.rpc.server ^^^^^^^^^^^^^^^^^^
2026-07-07 04:46:08.903 13 ERROR oslo_messaging.rpc.server
File "/var/lib/openstack/lib/python3.12/site-packages/neutron_lib/db/api.py", line 183, in wrapped
2026-07-07 04:46:08.903 13 ERROR oslo_messaging.rpc.server with excutils.save_and_reraise_exception():
2026-07-07 04:46:08.903 13 ERROR oslo_messaging.rpc.server
File "/var/lib/openstack/lib/python3.12/site-packages/oslo_utils/excutils.py", line 227, in __exit__
2026-07-07 04:46:08.903 13 ERROR oslo_messaging.rpc.server self.force_reraise()
2026-07-07 04:46:08.903 13 ERROR oslo_messaging.rpc.server
File "/var/lib/openstack/lib/python3.12/site-packages/oslo_utils/excutils.py", line 200, in force_reraise
2026-07-07 04:46:08.903 13 ERROR oslo_messaging.rpc.server raise self.value
2026-07-07 04:46:08.903 13 ERROR oslo_messaging.rpc.server
File "/var/lib/openstack/lib/python3.12/site-packages/neutron_lib/db/api.py", line 181, in wrapped
2026-07-07 04:46:08.903 13 ERROR oslo_messaging.rpc.server return f(*dup_args, **dup_kwargs)
2026-07-07 04:46:08.903 13 ERROR oslo_messaging.rpc.server ^^^^^^^^^^^^^^^^^^^^^^^^^^
2026-07-07 04:46:08.903 13 ERROR oslo_messaging.rpc.server
File "/var/lib/openstack/lib/python3.12/site-packages/neutron/api/rpc/handlers/dhcp_rpc.py", line 340, in get_dhcp_port
2026-07-07 04:46:08.903 13 ERROR oslo_messaging.rpc.server return plugin.get_port(context, port_id)
2026-07-07 04:46:08.903 13 ERROR oslo_messaging.rpc.server ^^^^^^^^^^^^^^^^^^^^^^^^^^^^^^^^^
2026-07-07 04:46:08.903 13 ERROR oslo_messaging.rpc.server
File "/var/lib/openstack/lib/python3.12/site-packages/neutron_lib/db/api.py", line 223, in wrapped
2026-07-07 04:46:08.903 13 ERROR oslo_messaging.rpc.server return f_with_retry(*args, **kwargs,
2026-07-07 04:46:08.903 13 ERROR oslo_messaging.rpc.server ^^^^^^^^^^^^^^^^^^^^^^^^^^^^^
2026-07-07 04:46:08.903 13 ERROR oslo_messaging.rpc.server
File "/var/lib/openstack/lib/python3.12/site-packages/neutron_lib/db/api.py", line 137, in wrapped
2026-07-07 04:46:08.903 13 ERROR oslo_messaging.rpc.server with excutils.save_and_reraise_exception():
2026-07-07 04:46:08.903 13 ERROR oslo_messaging.rpc.server
File "/var/lib/openstack/lib/python3.12/site-packages/oslo_utils/excutils.py", line 227, in __exit__
2026-07-07 04:46:08.903 13 ERROR oslo_messaging.rpc.server self.force_reraise()
2026-07-07 04:46:08.903 13 ERROR oslo_messaging.rpc.server
File "/var/lib/openstack/lib/python3.12/site-packages/oslo_utils/excutils.py", line 200, in force_reraise
2026-07-07 04:46:08.903 13 ERROR oslo_messaging.rpc.server raise self.value
2026-07-07 04:46:08.903 13 ERROR oslo_messaging.rpc.server
File "/var/lib/openstack/lib/python3.12/site-packages/neutron_lib/db/api.py", line 135, in wrapped
2026-07-07 04:46:08.903 13 ERROR oslo_messaging.rpc.server return f(*args, **kwargs)
2026-07-07 04:46:08.903 13 ERROR oslo_messaging.rpc.server ^^^^^^^^^^^^^^^^^^
2026-07-07 04:46:08.903 13 ERROR oslo_messaging.rpc.server
File "/var/lib/openstack/lib/python3.12/site-packages/oslo_db/api.py", line 144, in wrapper
2026-07-07 04:46:08.903 13 ERROR oslo_messaging.rpc.server with excutils.save_and_reraise_exception() as ectxt:
2026-07-07 04:46:08.903 13 ERROR oslo_messaging.rpc.server
File "/var/lib/openstack/lib/python3.12/site-packages/oslo_utils/excutils.py", line 227, in __exit__
2026-07-07 04:46:08.903 13 ERROR oslo_messaging.rpc.server self.force_reraise()
2026-07-07 04:46:08.903 13 ERROR oslo_messaging.rpc.server
File "/var/lib/openstack/lib/python3.12/site-packages/oslo_utils/excutils.py", line 200, in force_reraise
2026-07-07 04:46:08.903 13 ERROR oslo_messaging.rpc.server raise self.value
2026-07-07 04:46:08.903 13 ERROR oslo_messaging.rpc.server
File "/var/lib/openstack/lib/python3.12/site-packages/oslo_db/api.py", line 142, in wrapper
2026-07-07 04:46:08.903 13 ERROR oslo_messaging.rpc.server return f(*args, **kwargs)
2026-07-07 04:46:08.903 13 ERROR oslo_messaging.rpc.server ^^^^^^^^^^^^^^^^^^
2026-07-07 04:46:08.903 13 ERROR oslo_messaging.rpc.server
File "/var/lib/openstack/lib/python3.12/site-packages/neutron_lib/db/api.py", line 183, in wrapped
2026-07-07 04:46:08.903 13 ERROR oslo_messaging.rpc.server with excutils.save_and_reraise_exception():
2026-07-07 04:46:08.903 13 ERROR oslo_messaging.rpc.server
File "/var/lib/openstack/lib/python3.12/site-packages/oslo_utils/excutils.py", line 227, in __exit__
2026-07-07 04:46:08.903 13 ERROR oslo_messaging.rpc.server self.force_reraise()
2026-07-07 04:46:08.903 13 ERROR oslo_messaging.rpc.server
File "/var/lib/openstack/lib/python3.12/site-packages/oslo_utils/excutils.py", line 200, in force_reraise
2026-07-07 04:46:08.903 13 ERROR oslo_messaging.rpc.server raise self.value
2026-07-07 04:46:08.903 13 ERROR oslo_messaging.rpc.server
File "/var/lib/openstack/lib/python3.12/site-packages/neutron_lib/db/api.py", line 181, in wrapped
2026-07-07 04:46:08.903 13 ERROR oslo_messaging.rpc.server return f(*dup_args, **dup_kwargs)
2026-07-07 04:46:08.903 13 ERROR oslo_messaging.rpc.server ^^^^^^^^^^^^^^^^^^^^^^^^^^
2026-07-07 04:46:08.903 13 ERROR oslo_messaging.rpc.server
File "/var/lib/openstack/lib/python3.12/site-packages/oslo_db/sqlalchemy/enginefacade.py", line 1183, in wrapper
2026-07-07 04:46:08.903 13 ERROR oslo_messaging.rpc.server return fn(*args, **kwargs)
2026-07-07 04:46:08.903 13 ERROR oslo_messaging.rpc.server ^^^^^^^^^^^^^^^^^^^
2026-07-07 04:46:08.903 13 ERROR oslo_messaging.rpc.server
File "/var/lib/openstack/lib/python3.12/site-packages/neutron/db/db_base_plugin_v2.py", line 1664, in get_port
2026-07-07 04:46:08.903 13 ERROR oslo_messaging.rpc.server port = self._get_port(context, id, lazy_fields=lazy_fields)
2026-07-07 04:46:08.903 13 ERROR oslo_messaging.rpc.server ^^^^^^^^^^^^^^^^^^^^^^^^^^^^^^^^^^^^^^^^^^^^^^^^^^^^
2026-07-07 04:46:08.903 13 ERROR oslo_messaging.rpc.server
File "/var/lib/openstack/lib/python3.12/site-packages/oslo_db/sqlalchemy/enginefacade.py", line 1183, in wrapper
2026-07-07 04:46:08.903 13 ERROR oslo_messaging.rpc.server return fn(*args, **kwargs)
2026-07-07 04:46:08.903 13 ERROR oslo_messaging.rpc.server ^^^^^^^^^^^^^^^^^^^
2026-07-07 04:46:08.903 13 ERROR oslo_messaging.rpc.server
File "/var/lib/openstack/lib/python3.12/site-packages/neutron/db/db_base_plugin_common.py", line 295, in _get_port
2026-07-07 04:46:08.903 13 ERROR oslo_messaging.rpc.server raise exceptions.PortNotFound(port_id=id)
2026-07-07 04:46:08.903 13 ERROR oslo_messaging.rpc.server neutron_lib.exceptions.PortNotFound: Port aa341671-bb62-4797-b5b0-4612e7453703 could not be found.
2026-07-07 04:46:08.903 13 ERROR oslo_messaging.rpc.server
2026-07-07 04:46:17.246 13 INFO neutron.plugins.ml2.plugin [None req-dc677351-e157-43c6-bd96-166f71a0bfd0 - - - - - -] Attempt 1 to provision port 3c939985-c8fa-4eb5-9b1d-51e473645312
2026-07-07 04:46:17.516 13 INFO neutron.plugins.ml2.plugin [None req-820bc002-00ad-4fea-9fe7-afd8134ceb91 - - - - - -] Attempt 1 to provision port 3c939985-c8fa-4eb5-9b1d-51e473645312
2026-07-07 04:46:19.304 16 INFO neutron.plugins.ml2.plugin [None req-dc677351-e157-43c6-bd96-166f71a0bfd0 - - - - - -] Attempt 1 to provision port 3c939985-c8fa-4eb5-9b1d-51e473645312
2026-07-07 04:46:21.327 16 INFO neutron.plugins.ml2.plugin [None req-dc677351-e157-43c6-bd96-166f71a0bfd0 - - - - - -] Attempt 1 to provision port f1d3db3a-0d94-4487-b707-ba1ceec79fa6
2026-07-07 04:46:31.295 16 INFO neutron.plugins.ml2.plugin [None req-dc677351-e157-43c6-bd96-166f71a0bfd0 - - - - - -] Attempt 1 to provision port 88b39aa7-a013-41cd-a061-2db9fe407bd6
2026-07-07 04:46:33.962 16 INFO neutron.plugins.ml2.plugin [None req-dc677351-e157-43c6-bd96-166f71a0bfd0 - - - - - -] Attempt 1 to provision port 449c6e9b-a5d9-4d57-87f0-da6b437b8d97
2026-07-07 04:46:34.057 16 INFO neutron.notifiers.nova [-] Nova event matching ['req-a41074be-78a7-4e2f-9a23-10199f47618a'] response: {'server_uuid': '40ada3d8-fe90-4108-9fab-55190d856f39', 'name': 'network-vif-plugged', 'status': 'completed', 'tag': '449c6e9b-a5d9-4d57-87f0-da6b437b8d97', 'code': 200}
2026-07-07 04:46:35.284 13 INFO neutron.plugins.ml2.plugin [None req-dc677351-e157-43c6-bd96-166f71a0bfd0 - - - - - -] Attempt 1 to provision port 449c6e9b-a5d9-4d57-87f0-da6b437b8d97
2026-07-07 04:46:38.548 13 INFO neutron.plugins.ml2.plugin [None req-45ef3e4f-e908-4d81-bbdf-3be285e3c955 - - - - - -] Attempt 1 to provision port 449c6e9b-a5d9-4d57-87f0-da6b437b8d97
2026-07-07 04:47:49.315 16 INFO neutron.plugins.ml2.plugin [None req-dc677351-e157-43c6-bd96-166f71a0bfd0 - - - - - -] Attempt 1 to provision port cebb0ce0-ee40-4845-bbb7-95b6a0775fe6
2026-07-07 04:47:50.337 13 INFO neutron.plugins.ml2.plugin [None req-eb26d8f9-529e-4e3f-85aa-141d6437ccce - - - - - -] Attempt 1 to provision port cebb0ce0-ee40-4845-bbb7-95b6a0775fe6
2026-07-07 04:47:51.257 13 INFO neutron.plugins.ml2.plugin [None req-dc677351-e157-43c6-bd96-166f71a0bfd0 - - - - - -] Attempt 1 to provision port cebb0ce0-ee40-4845-bbb7-95b6a0775fe6
2026-07-07 04:47:53.342 13 INFO neutron.plugins.ml2.plugin [None req-dc677351-e157-43c6-bd96-166f71a0bfd0 - - - - - -] Attempt 1 to provision port c448b5c1-9083-4ddb-a609-7f0459f11ed9
2026-07-07 04:47:53.698 13 INFO neutron.plugins.ml2.plugin [None req-dc677351-e157-43c6-bd96-166f71a0bfd0 - - - - - -] Attempt 1 to provision port 4893c013-d50f-4e84-b420-588e5830fe36
2026-07-07 04:47:55.252 16 INFO neutron.plugins.ml2.plugin [None req-dc677351-e157-43c6-bd96-166f71a0bfd0 - - - - - -] Attempt 1 to provision port c448b5c1-9083-4ddb-a609-7f0459f11ed9
2026-07-07 04:47:55.445 16 INFO neutron.plugins.ml2.plugin [None req-dc677351-e157-43c6-bd96-166f71a0bfd0 - - - - - -] Attempt 1 to provision port 4893c013-d50f-4e84-b420-588e5830fe36
2026-07-07 04:47:57.299 13 INFO neutron.plugins.ml2.plugin [None req-dc677351-e157-43c6-bd96-166f71a0bfd0 - - - - - -] Attempt 1 to provision port f87e39cb-d355-411f-90ec-db60bcbac864
2026-07-07 04:47:59.315 16 INFO neutron.plugins.ml2.plugin [None req-dc677351-e157-43c6-bd96-166f71a0bfd0 - - - - - -] Attempt 1 to provision port f87e39cb-d355-411f-90ec-db60bcbac864
2026-07-07 04:48:01.303 16 INFO neutron.plugins.ml2.plugin [None req-dc677351-e157-43c6-bd96-166f71a0bfd0 - - - - - -] Attempt 1 to provision port cebb0ce0-ee40-4845-bbb7-95b6a0775fe6
2026-07-07 04:48:02.042 13 INFO neutron.plugins.ml2.plugin [None req-e407c3be-10b5-4931-b4aa-d2607b6af6fe - - - - - -] Attempt 1 to provision port cebb0ce0-ee40-4845-bbb7-95b6a0775fe6
2026-07-07 04:48:02.094 13 INFO neutron.plugins.ml2.plugin [None req-e407c3be-10b5-4931-b4aa-d2607b6af6fe - - - - - -] Attempt 1 to provision port 4893c013-d50f-4e84-b420-588e5830fe36
2026-07-07 04:48:02.147 13 INFO neutron.plugins.ml2.plugin [None req-e407c3be-10b5-4931-b4aa-d2607b6af6fe - - - - - -] Attempt 1 to provision port dc0dbe38-9356-4d71-a11e-6982d1662494
2026-07-07 04:48:02.179 13 INFO neutron.plugins.ml2.plugin [None req-e407c3be-10b5-4931-b4aa-d2607b6af6fe - - - - - -] Attempt 1 to provision port d8343d3a-6b91-4525-8799-c602411ff2ec
2026-07-07 04:48:02.203 13 INFO neutron.plugins.ml2.plugin [None req-e407c3be-10b5-4931-b4aa-d2607b6af6fe - - - - - -] Attempt 1 to provision port f87e39cb-d355-411f-90ec-db60bcbac864
2026-07-07 04:48:02.279 13 INFO neutron.plugins.ml2.plugin [None req-e407c3be-10b5-4931-b4aa-d2607b6af6fe - - - - - -] Attempt 1 to provision port 81877b4f-2c9b-4a1c-8513-d89440aca488
2026-07-07 04:48:07.275 16 INFO neutron.plugins.ml2.plugin [None req-be121ae3-dd5d-4658-a54e-3a6eeed9a61a - - - - - -] Attempt 1 to provision port cebb0ce0-ee40-4845-bbb7-95b6a0775fe6
2026-07-07 04:48:07.343 16 INFO neutron.plugins.ml2.plugin [None req-be121ae3-dd5d-4658-a54e-3a6eeed9a61a - - - - - -] Attempt 1 to provision port 9b6abd86-39cd-4bb8-a24c-92005e26db92
2026-07-07 04:48:07.367 16 INFO neutron.plugins.ml2.plugin [None req-be121ae3-dd5d-4658-a54e-3a6eeed9a61a - - - - - -] Attempt 1 to provision port 4893c013-d50f-4e84-b420-588e5830fe36
2026-07-07 04:48:07.409 16 INFO neutron.plugins.ml2.plugin [None req-be121ae3-dd5d-4658-a54e-3a6eeed9a61a - - - - - -] Attempt 1 to provision port d8343d3a-6b91-4525-8799-c602411ff2ec
2026-07-07 04:48:07.430 16 INFO neutron.plugins.ml2.plugin [None req-be121ae3-dd5d-4658-a54e-3a6eeed9a61a - - - - - -] Attempt 1 to provision port f87e39cb-d355-411f-90ec-db60bcbac864
2026-07-07 04:48:07.473 16 INFO neutron.plugins.ml2.plugin [None req-be121ae3-dd5d-4658-a54e-3a6eeed9a61a - - - - - -] Attempt 1 to provision port 81877b4f-2c9b-4a1c-8513-d89440aca488
2026-07-07 04:48:07.778 13 INFO neutron.plugins.ml2.plugin [None req-dc677351-e157-43c6-bd96-166f71a0bfd0 - - - - - -] Attempt 1 to provision port 50ade755-13c2-4df4-b4c6-2b91d0475fed
2026-07-07 04:48:07.896 13 INFO neutron.notifiers.nova [-] Nova event matching ['req-927bf1fa-4e63-449b-9cda-0132efbf521e'] response: {'server_uuid': '97316cb2-3670-41f6-8fa6-a22a4eeff3f3', 'name': 'network-vif-plugged', 'status': 'completed', 'tag': '50ade755-13c2-4df4-b4c6-2b91d0475fed', 'code': 200}
2026-07-07 04:48:09.259 13 INFO neutron.plugins.ml2.plugin [None req-dc677351-e157-43c6-bd96-166f71a0bfd0 - - - - - -] Attempt 1 to provision port 50ade755-13c2-4df4-b4c6-2b91d0475fed
2026-07-07 04:48:11.309 16 INFO neutron.plugins.ml2.plugin [None req-dc677351-e157-43c6-bd96-166f71a0bfd0 - - - - - -] Attempt 1 to provision port 81877b4f-2c9b-4a1c-8513-d89440aca488
2026-07-07 04:48:11.569 16 INFO neutron.plugins.ml2.plugin [None req-dc677351-e157-43c6-bd96-166f71a0bfd0 - - - - - -] Attempt 1 to provision port 9b6abd86-39cd-4bb8-a24c-92005e26db92
2026-07-07 04:48:13.328 13 INFO neutron.plugins.ml2.plugin [None req-dc677351-e157-43c6-bd96-166f71a0bfd0 - - - - - -] Attempt 1 to provision port 81877b4f-2c9b-4a1c-8513-d89440aca488
2026-07-07 04:48:13.483 13 INFO neutron.plugins.ml2.plugin [None req-dc677351-e157-43c6-bd96-166f71a0bfd0 - - - - - -] Attempt 1 to provision port d8343d3a-6b91-4525-8799-c602411ff2ec
2026-07-07 04:48:13.727 13 INFO neutron.plugins.ml2.plugin [None req-dc677351-e157-43c6-bd96-166f71a0bfd0 - - - - - -] Attempt 1 to provision port dc0dbe38-9356-4d71-a11e-6982d1662494
2026-07-07 04:48:13.937 13 INFO neutron.plugins.ml2.plugin [None req-dc677351-e157-43c6-bd96-166f71a0bfd0 - - - - - -] Attempt 1 to provision port 9b6abd86-39cd-4bb8-a24c-92005e26db92
2026-07-07 04:48:15.316 13 INFO neutron.plugins.ml2.plugin [None req-dc677351-e157-43c6-bd96-166f71a0bfd0 - - - - - -] Attempt 1 to provision port dc0dbe38-9356-4d71-a11e-6982d1662494
2026-07-07 04:48:15.461 13 INFO neutron.plugins.ml2.plugin [None req-dc677351-e157-43c6-bd96-166f71a0bfd0 - - - - - -] Attempt 1 to provision port d8343d3a-6b91-4525-8799-c602411ff2ec
2026-07-07 04:48:16.021 16 INFO neutron.plugins.ml2.plugin [None req-1b6a509a-5c3e-4584-8d50-3de2503d8e1b - - - - - -] Attempt 1 to provision port d8343d3a-6b91-4525-8799-c602411ff2ec
2026-07-07 04:48:16.149 16 INFO neutron.plugins.ml2.plugin [None req-1b6a509a-5c3e-4584-8d50-3de2503d8e1b - - - - - -] Attempt 1 to provision port 9b6abd86-39cd-4bb8-a24c-92005e26db92
2026-07-07 04:48:16.309 16 INFO neutron.plugins.ml2.plugin [None req-1b6a509a-5c3e-4584-8d50-3de2503d8e1b - - - - - -] Attempt 1 to provision port 4893c013-d50f-4e84-b420-588e5830fe36
2026-07-07 04:48:16.419 16 INFO neutron.plugins.ml2.plugin [None req-1b6a509a-5c3e-4584-8d50-3de2503d8e1b - - - - - -] Attempt 1 to provision port 50ade755-13c2-4df4-b4c6-2b91d0475fed
2026-07-07 04:48:16.494 16 INFO neutron.plugins.ml2.plugin [None req-1b6a509a-5c3e-4584-8d50-3de2503d8e1b - - - - - -] Attempt 1 to provision port f87e39cb-d355-411f-90ec-db60bcbac864
2026-07-07 04:48:16.542 16 INFO neutron.plugins.ml2.plugin [None req-1b6a509a-5c3e-4584-8d50-3de2503d8e1b - - - - - -] Attempt 1 to provision port 81877b4f-2c9b-4a1c-8513-d89440aca488
2026-07-07 04:48:17.931 16 INFO neutron.plugins.ml2.plugin [None req-e779b6fc-599c-4218-ba69-7bfc4aff081a - - - - - -] Attempt 1 to provision port 50ade755-13c2-4df4-b4c6-2b91d0475fed
2026-07-07 04:48:25.302 16 INFO neutron.plugins.ml2.plugin [None req-dc677351-e157-43c6-bd96-166f71a0bfd0 - - - - - -] Attempt 1 to provision port bccd9e48-9550-4f57-a9f0-5d4d20311118
2026-07-07 04:48:25.461 16 INFO neutron.notifiers.nova [-] Nova event matching ['req-39f67807-14ea-4671-8290-a1328b83a4b9'] response: {'server_uuid': '27d4c8e7-6212-4f79-a750-7d973ef490a3', 'name': 'network-vif-plugged', 'status': 'completed', 'tag': 'bccd9e48-9550-4f57-a9f0-5d4d20311118', 'code': 200}
2026-07-07 04:48:27.277 13 INFO neutron.plugins.ml2.plugin [None req-dc677351-e157-43c6-bd96-166f71a0bfd0 - - - - - -] Attempt 1 to provision port bccd9e48-9550-4f57-a9f0-5d4d20311118
2026-07-07 04:48:53.934 16 INFO neutron.plugins.ml2.plugin [None req-bddaf6f3-6a29-485f-a79e-f004c4bd97a2 - - - - - -] Attempt 1 to provision port e3e0db3a-2baa-464c-ad0c-ebcfa259ba9c
2026-07-07 04:49:17.829 16 INFO neutron.plugins.ml2.plugin [None req-dc677351-e157-43c6-bd96-166f71a0bfd0 - - - - - -] Attempt 1 to provision port 893c911b-afb5-4c45-9c5f-53371fddde4b
2026-07-07 04:49:17.932 16 INFO neutron.notifiers.nova [-] Nova event matching ['req-f5da8069-cca8-46d8-8f74-f86520ca02f9'] response: {'server_uuid': '51d5f9a1-24bd-4ef5-8a1c-7fc1f8bd0558', 'name': 'network-vif-plugged', 'status': 'completed', 'tag': '893c911b-afb5-4c45-9c5f-53371fddde4b', 'code': 200}
2026-07-07 04:49:19.321 13 INFO neutron.plugins.ml2.plugin [None req-dc677351-e157-43c6-bd96-166f71a0bfd0 - - - - - -] Attempt 1 to provision port 893c911b-afb5-4c45-9c5f-53371fddde4b
2026-07-07 04:49:57.899 13 INFO neutron.plugins.ml2.plugin [None req-aac5d1b9-7606-4bff-be9e-f83ec0570f95 - - - - - -] Attempt 1 to provision port 5ab2a19f-3644-47d4-8614-21ac1cd8badd
2026-07-07 04:50:03.371 16 INFO neutron.plugins.ml2.plugin [None req-dc677351-e157-43c6-bd96-166f71a0bfd0 - - - - - -] Attempt 1 to provision port 5ab2a19f-3644-47d4-8614-21ac1cd8badd
2026-07-07 04:50:03.716 16 INFO neutron.notifiers.nova [-] Nova event matching ['req-834b25ca-d21c-4413-a626-cc1cee553a52'] response: {'server_uuid': '51d5f9a1-24bd-4ef5-8a1c-7fc1f8bd0558', 'name': 'network-vif-plugged', 'status': 'completed', 'tag': '5ab2a19f-3644-47d4-8614-21ac1cd8badd', 'code': 200}
2026-07-07 04:50:05.349 13 INFO neutron.plugins.ml2.plugin [None req-dc677351-e157-43c6-bd96-166f71a0bfd0 - - - - - -] Attempt 1 to provision port 5ab2a19f-3644-47d4-8614-21ac1cd8badd
2026-07-07 04:50:07.841 13 INFO neutron.plugins.ml2.plugin [None req-dc677351-e157-43c6-bd96-166f71a0bfd0 - - - - - -] Attempt 1 to provision port 5ab2a19f-3644-47d4-8614-21ac1cd8badd
2026-07-07 04:50:33.688 13 INFO neutron.plugins.ml2.plugin [None req-3f2eecc0-beb0-4830-a47f-b8b26c636b0d - - - - - -] Attempt 1 to provision port 73d08072-768d-4716-9803-c94c1206ef97
2026-07-07 04:50:40.904 13 INFO neutron.plugins.ml2.plugin [None req-dc677351-e157-43c6-bd96-166f71a0bfd0 - - - - - -] Attempt 1 to provision port 73d08072-768d-4716-9803-c94c1206ef97
2026-07-07 04:50:41.045 13 INFO neutron.notifiers.nova [-] Nova event matching ['req-0ac1053b-216f-4b1e-961f-bf9687288599'] response: {'server_uuid': '51d5f9a1-24bd-4ef5-8a1c-7fc1f8bd0558', 'name': 'network-vif-plugged', 'status': 'completed', 'tag': '73d08072-768d-4716-9803-c94c1206ef97', 'code': 200}
2026-07-07 04:50:41.521 16 INFO neutron.plugins.ml2.plugin [None req-dc677351-e157-43c6-bd96-166f71a0bfd0 - - - - - -] Attempt 1 to provision port 73d08072-768d-4716-9803-c94c1206ef97
2026-07-07 04:50:54.694 16 INFO neutron.plugins.ml2.plugin [None req-c94550c2-ba81-42de-bc42-e4ec0962b6fb - - - - - -] Attempt 1 to provision port ee0d0f48-42ab-4d67-a39a-9f2ceea304fe
2026-07-07 04:51:01.566 13 INFO neutron.plugins.ml2.plugin [None req-dc677351-e157-43c6-bd96-166f71a0bfd0 - - - - - -] Attempt 1 to provision port ee0d0f48-42ab-4d67-a39a-9f2ceea304fe
2026-07-07 04:51:01.667 13 INFO neutron.notifiers.nova [-] Nova event matching ['req-24c88c49-3d50-4e83-a87e-45c8b7449a0c'] response: {'server_uuid': '51d5f9a1-24bd-4ef5-8a1c-7fc1f8bd0558', 'name': 'network-vif-plugged', 'status': 'completed', 'tag': 'ee0d0f48-42ab-4d67-a39a-9f2ceea304fe', 'code': 200}
2026-07-07 04:51:03.539 16 INFO neutron.plugins.ml2.plugin [None req-dc677351-e157-43c6-bd96-166f71a0bfd0 - - - - - -] Attempt 1 to provision port ee0d0f48-42ab-4d67-a39a-9f2ceea304fe
2026-07-07 04:51:04.960 16 INFO neutron.plugins.ml2.plugin [None req-dbf2fbf6-e431-40b5-ac45-ea10ee4c43e2 - - - - - -] Attempt 1 to provision port 73d08072-768d-4716-9803-c94c1206ef97
2026-07-07 04:51:05.594 13 INFO neutron.plugins.ml2.plugin [None req-dc677351-e157-43c6-bd96-166f71a0bfd0 - - - - - -] Attempt 1 to provision port 73d08072-768d-4716-9803-c94c1206ef97
2026-07-07 04:51:18.494 13 INFO neutron.plugins.ml2.plugin [None req-6596bce1-a881-4efa-9b3e-07b21664b67d - - - - - -] Attempt 1 to provision port ee0d0f48-42ab-4d67-a39a-9f2ceea304fe
2026-07-07 04:51:19.649 13 INFO neutron.plugins.ml2.plugin [None req-dc677351-e157-43c6-bd96-166f71a0bfd0 - - - - - -] Attempt 1 to provision port ee0d0f48-42ab-4d67-a39a-9f2ceea304fe
2026-07-07 04:51:19.955 16 INFO neutron.plugins.ml2.plugin [None req-2a1c6fd1-acba-4a93-a9a2-40e02c5b5551 - - - - - -] Attempt 1 to provision port ee0d0f48-42ab-4d67-a39a-9f2ceea304fe
2026-07-07 04:51:29.573 16 INFO neutron.plugins.ml2.plugin [None req-dc677351-e157-43c6-bd96-166f71a0bfd0 - - - - - -] Attempt 1 to provision port 73d08072-768d-4716-9803-c94c1206ef97
2026-07-07 04:51:29.580 13 INFO neutron.plugins.ml2.plugin [None req-5d5c9eb9-43c3-4b00-b337-ef125264475d - - - - - -] Attempt 1 to provision port 73d08072-768d-4716-9803-c94c1206ef97
2026-07-07 04:51:57.730 13 INFO neutron.notifiers.nova [-] Nova event matching ['req-0db991fc-4f57-42c9-9fa5-fee330c1841d'] response: {'server_uuid': '51d5f9a1-24bd-4ef5-8a1c-7fc1f8bd0558', 'name': 'network-vif-unplugged', 'status': 'completed', 'tag': '893c911b-afb5-4c45-9c5f-53371fddde4b', 'code': 200}
2026-07-07 04:52:01.718 13 INFO neutron.notifiers.nova [-] Nova event matching ['req-3c48a40b-6cca-4013-a153-57c553cbf500'] response: {'server_uuid': '27d4c8e7-6212-4f79-a750-7d973ef490a3', 'name': 'network-vif-unplugged', 'status': 'completed', 'tag': 'bccd9e48-9550-4f57-a9f0-5d4d20311118', 'code': 200}