2026-07-01 08:35:36.480 8 INFO placement.requestlog [req-e13f326b-18d9-4426-b40d-0e12aa7e6bf1 req-84cff543-a9ca-42a4-9ea4-093e537c2359 40dfe94988654780a93a17eb45df8ad1 9108d4d4cf4d463f827d698f2fad947c - - 6637fb82bf4d401aae4d36fd00c31ba8 6637fb82bf4d401aae4d36fd00c31ba8] 199.204.45.235 "DELETE /allocations/8a45a543-fce7-4f16-a1d1-fcae04efda32" status: 204 len: 0 microversion: 1.0 [pid: 8|app: 0|req: 421/849] 199.204.45.235 () {34 vars in 841 bytes} [Wed Jul 1 08:35:36 2026] DELETE /allocations/8a45a543-fce7-4f16-a1d1-fcae04efda32 => generated 0 bytes in 27 msecs (HTTP/1.1 204) 5 headers in 198 bytes (1 switches on core 0)
2026-07-01 08:35:37.024 7 INFO placement.requestlog [None req-ea98269c-527f-4a24-9514-358bee7beaf6 8e496516951c466da03049da1912698b 9108d4d4cf4d463f827d698f2fad947c - - 6637fb82bf4d401aae4d36fd00c31ba8 6637fb82bf4d401aae4d36fd00c31ba8] 10.0.0.3 "GET /resource_providers/45849cb8-07c9-4934-b74a-341c7bc94d7c/aggregates" status: 404 len: 235 microversion: 1.1 [pid: 7|app: 0|req: 429/850] 10.0.0.3 () {32 vars in 823 bytes} [Wed Jul 1 08:35:37 2026] GET /resource_providers/45849cb8-07c9-4934-b74a-341c7bc94d7c/aggregates => generated 235 bytes in 22 msecs (HTTP/1.1 404) 5 headers in 202 bytes (1 switches on core 0)
2026-07-01 08:35:37.031 8 INFO placement.requestlog [None req-b5c16a9c-4cf7-43da-8f91-7de8486e7a5d 8e496516951c466da03049da1912698b 9108d4d4cf4d463f827d698f2fad947c - - 6637fb82bf4d401aae4d36fd00c31ba8 6637fb82bf4d401aae4d36fd00c31ba8] 10.0.0.3 "GET /resource_providers/45849cb8-07c9-4934-b74a-341c7bc94d7c/aggregates" status: 404 len: 235 microversion: 1.1 [pid: 8|app: 0|req: 422/851] 10.0.0.3 () {32 vars in 823 bytes} [Wed Jul 1 08:35:37 2026] GET /resource_providers/45849cb8-07c9-4934-b74a-341c7bc94d7c/aggregates => generated 235 bytes in 28 msecs (HTTP/1.1 404) 5 headers in 202 bytes (1 switches on core 0)
2026-07-01 08:35:37.045 7 INFO placement.requestlog [None req-accaa8ff-ca90-4290-9852-51315307d8fe 8e496516951c466da03049da1912698b 9108d4d4cf4d463f827d698f2fad947c - - 6637fb82bf4d401aae4d36fd00c31ba8 6637fb82bf4d401aae4d36fd00c31ba8] 10.0.0.3 "DELETE /resource_providers/45849cb8-07c9-4934-b74a-341c7bc94d7c" status: 404 len: 246 microversion: 1.1 [pid: 7|app: 0|req: 430/852] 10.0.0.3 () {34 vars in 823 bytes} [Wed Jul 1 08:35:37 2026] DELETE /resource_providers/45849cb8-07c9-4934-b74a-341c7bc94d7c => generated 246 bytes in 12 msecs (HTTP/1.1 404) 6 headers in 231 bytes (1 switches on core 0)
2026-07-01 08:35:37.053 8 INFO placement.requestlog [None req-9a59553c-cd27-40e8-9bfe-e6d1395eae87 8e496516951c466da03049da1912698b 9108d4d4cf4d463f827d698f2fad947c - - 6637fb82bf4d401aae4d36fd00c31ba8 6637fb82bf4d401aae4d36fd00c31ba8] 10.0.0.3 "DELETE /resource_providers/45849cb8-07c9-4934-b74a-341c7bc94d7c" status: 404 len: 246 microversion: 1.1 [pid: 8|app: 0|req: 423/853] 10.0.0.3 () {34 vars in 823 bytes} [Wed Jul 1 08:35:37 2026] DELETE /resource_providers/45849cb8-07c9-4934-b74a-341c7bc94d7c => generated 246 bytes in 13 msecs (HTTP/1.1 404) 6 headers in 231 bytes (1 switches on core 0)
2026-07-01 08:35:39.754 7 INFO placement.requestlog [req-45b9e08a-137e-4019-b3f5-22571d6e9d05 req-e8479952-21e9-4971-bda5-ed3b81dc1503 40dfe94988654780a93a17eb45df8ad1 9108d4d4cf4d463f827d698f2fad947c - - 6637fb82bf4d401aae4d36fd00c31ba8 6637fb82bf4d401aae4d36fd00c31ba8] 199.204.45.235 "GET /resource_providers/3a590b48-39a0-4864-9b20-261f6ec41642/allocations" status: 200 len: 54 microversion: 1.0 [pid: 7|app: 0|req: 431/854] 199.204.45.235 () {32 vars in 857 bytes} [Wed Jul 1 08:35:39 2026] GET /resource_providers/3a590b48-39a0-4864-9b20-261f6ec41642/allocations => generated 54 bytes in 22 msecs (HTTP/1.1 200) 6 headers in 223 bytes (1 switches on core 0)
2026-07-01 08:35:39.786 8 INFO placement.requestlog [req-45b9e08a-137e-4019-b3f5-22571d6e9d05 req-8725ceb1-5678-4e1e-851e-236e75b8201c 40dfe94988654780a93a17eb45df8ad1 9108d4d4cf4d463f827d698f2fad947c - - 6637fb82bf4d401aae4d36fd00c31ba8 6637fb82bf4d401aae4d36fd00c31ba8] 199.204.45.235 "GET /resource_providers/3a590b48-39a0-4864-9b20-261f6ec41642/allocations" status: 200 len: 54 microversion: 1.0 [pid: 8|app: 0|req: 424/855] 199.204.45.235 () {32 vars in 857 bytes} [Wed Jul 1 08:35:39 2026] GET /resource_providers/3a590b48-39a0-4864-9b20-261f6ec41642/allocations => generated 54 bytes in 20 msecs (HTTP/1.1 200) 6 headers in 223 bytes (1 switches on core 0)
2026-07-01 08:35:41.481 8 INFO placement.requestlog [None req-37290d8e-de02-43de-9be2-9a491bf8217a 8e496516951c466da03049da1912698b 9108d4d4cf4d463f827d698f2fad947c - - 6637fb82bf4d401aae4d36fd00c31ba8 6637fb82bf4d401aae4d36fd00c31ba8] 10.0.0.3 "GET /resource_providers/2d023175-f709-4d32-a3ce-fb6f2c4974f0/aggregates" status: 404 len: 235 microversion: 1.1 [pid: 8|app: 0|req: 425/856] 10.0.0.3 () {32 vars in 823 bytes} [Wed Jul 1 08:35:41 2026] GET /resource_providers/2d023175-f709-4d32-a3ce-fb6f2c4974f0/aggregates => generated 235 bytes in 10 msecs (HTTP/1.1 404) 5 headers in 202 bytes (1 switches on core 0)
2026-07-01 08:35:41.486 7 INFO placement.requestlog [None req-70de9711-a967-41d4-960a-bd5d82e22716 8e496516951c466da03049da1912698b 9108d4d4cf4d463f827d698f2fad947c - - 6637fb82bf4d401aae4d36fd00c31ba8 6637fb82bf4d401aae4d36fd00c31ba8] 10.0.0.3 "GET /resource_providers/2d023175-f709-4d32-a3ce-fb6f2c4974f0/aggregates" status: 404 len: 235 microversion: 1.1 [pid: 7|app: 0|req: 432/857] 10.0.0.3 () {32 vars in 823 bytes} [Wed Jul 1 08:35:41 2026] GET /resource_providers/2d023175-f709-4d32-a3ce-fb6f2c4974f0/aggregates => generated 235 bytes in 17 msecs (HTTP/1.1 404) 5 headers in 202 bytes (1 switches on core 0)
2026-07-01 08:35:41.509 8 INFO placement.requestlog [None req-0cd810d0-df49-4fa7-836a-8d464e060bd3 8e496516951c466da03049da1912698b 9108d4d4cf4d463f827d698f2fad947c - - 6637fb82bf4d401aae4d36fd00c31ba8 6637fb82bf4d401aae4d36fd00c31ba8] 10.0.0.3 "DELETE /resource_providers/2d023175-f709-4d32-a3ce-fb6f2c4974f0" status: 404 len: 246 microversion: 1.1 [pid: 8|app: 0|req: 426/858] 10.0.0.3 () {34 vars in 823 bytes} [Wed Jul 1 08:35:41 2026] DELETE /resource_providers/2d023175-f709-4d32-a3ce-fb6f2c4974f0 => generated 246 bytes in 11 msecs (HTTP/1.1 404) 6 headers in 231 bytes (1 switches on core 0)
2026-07-01 08:35:41.510 7 INFO placement.requestlog [None req-c5b019e5-ce6e-43a5-bb03-12cd743e3eaf 8e496516951c466da03049da1912698b 9108d4d4cf4d463f827d698f2fad947c - - 6637fb82bf4d401aae4d36fd00c31ba8 6637fb82bf4d401aae4d36fd00c31ba8] 10.0.0.3 "DELETE /resource_providers/2d023175-f709-4d32-a3ce-fb6f2c4974f0" status: 404 len: 246 microversion: 1.1 [pid: 7|app: 0|req: 433/859] 10.0.0.3 () {34 vars in 823 bytes} [Wed Jul 1 08:35:41 2026] DELETE /resource_providers/2d023175-f709-4d32-a3ce-fb6f2c4974f0 => generated 246 bytes in 12 msecs (HTTP/1.1 404) 6 headers in 231 bytes (1 switches on core 0)
2026-07-01 08:35:41.942 7 INFO placement.requestlog [None req-a7ec48ff-944f-489c-9446-b2bcea0a31b5 - - - - - -] 10.0.0.131 "GET /" status: 200 len: 136 microversion: 1.0
2026-07-01 08:35:41.942 8 INFO placement.requestlog [None req-df8a8806-83ee-494c-9e2a-216ba33ea01b - - - - - -] 10.0.0.131 "GET /" status: 200 len: 136 microversion: 1.0
2026-07-01 08:35:51.943 7 INFO placement.requestlog [None req-d3c637f4-60e9-475a-af51-6aeee412659c - - - - - -] 10.0.0.131 "GET /" status: 200 len: 136 microversion: 1.0
2026-07-01 08:35:51.943 8 INFO placement.requestlog [None req-da5c3a91-149f-4f09-bc0d-232df59fe3c0 - - - - - -] 10.0.0.131 "GET /" status: 200 len: 136 microversion: 1.0
2026-07-01 08:36:01.943 7 INFO placement.requestlog [None req-1b5dace1-cebc-47c9-848b-df0c0dac09fd - - - - - -] 10.0.0.131 "GET /" status: 200 len: 136 microversion: 1.0
2026-07-01 08:36:01.943 8 INFO placement.requestlog [None req-9a7f4f28-b1c3-4380-939f-e6cd6c2af8a7 - - - - - -] 10.0.0.131 "GET /" status: 200 len: 136 microversion: 1.0
2026-07-01 08:36:03.966 7 INFO placement.requestlog [req-1cbcb41b-be57-4a10-90be-e50b061a4e64 req-3a6359d0-262d-4b15-b465-91ff32ecd7fc 40dfe94988654780a93a17eb45df8ad1 9108d4d4cf4d463f827d698f2fad947c - - 6637fb82bf4d401aae4d36fd00c31ba8 6637fb82bf4d401aae4d36fd00c31ba8] 10.0.0.224 "GET /allocation_candidates?limit=1000&resources=DISK_GB%3A1%2CMEMORY_MB%3A512%2CVCPU%3A1&root_required=%21COMPUTE_STATUS_DISABLED" status: 200 len: 2188 microversion: 1.36 [pid: 7|app: 0|req: 437/866] 10.0.0.224 () {34 vars in 1012 bytes} [Wed Jul 1 08:36:03 2026] GET /allocation_candidates?limit=1000&resources=DISK_GB%3A1%2CMEMORY_MB%3A512%2CVCPU%3A1&root_required=%21COMPUTE_STATUS_DISABLED => generated 2188 bytes in 60 msecs (HTTP/1.1 200) 8 headers in 297 bytes (1 switches on core 0)
2026-07-01 08:36:04.023 8 INFO placement.requestlog [req-1cbcb41b-be57-4a10-90be-e50b061a4e64 req-62929b99-c7ee-4c09-b92b-6df21fa67ed6 40dfe94988654780a93a17eb45df8ad1 9108d4d4cf4d463f827d698f2fad947c - - 6637fb82bf4d401aae4d36fd00c31ba8 6637fb82bf4d401aae4d36fd00c31ba8] 10.0.0.224 "GET /allocations/34ef0962-f28a-4845-9752-8ea72367155a" status: 200 len: 19 microversion: 1.28 [pid: 8|app: 0|req: 430/867] 10.0.0.224 () {34 vars in 861 bytes} [Wed Jul 1 08:36:04 2026] GET /allocations/34ef0962-f28a-4845-9752-8ea72367155a => generated 19 bytes in 18 msecs (HTTP/1.1 200) 8 headers in 295 bytes (1 switches on core 0)
2026-07-01 08:36:04.113 7 INFO placement.requestlog [req-1cbcb41b-be57-4a10-90be-e50b061a4e64 req-581a05ad-e3eb-4ee6-92a1-a653c332e800 40dfe94988654780a93a17eb45df8ad1 9108d4d4cf4d463f827d698f2fad947c - - 6637fb82bf4d401aae4d36fd00c31ba8 6637fb82bf4d401aae4d36fd00c31ba8] 10.0.0.224 "PUT /allocations/34ef0962-f28a-4845-9752-8ea72367155a" status: 204 len: 0 microversion: 1.36 [pid: 7|app: 0|req: 438/868] 10.0.0.224 () {38 vars in 914 bytes} [Wed Jul 1 08:36:04 2026] PUT /allocations/34ef0962-f28a-4845-9752-8ea72367155a => generated 0 bytes in 81 msecs (HTTP/1.1 204) 5 headers in 199 bytes (1 switches on core 0)
2026-07-01 08:36:04.380 8 INFO placement.requestlog [req-1cbcb41b-be57-4a10-90be-e50b061a4e64 req-654e8e1c-6e8a-4fef-8181-390e9d81362d 40dfe94988654780a93a17eb45df8ad1 9108d4d4cf4d463f827d698f2fad947c - - 6637fb82bf4d401aae4d36fd00c31ba8 6637fb82bf4d401aae4d36fd00c31ba8] 199.204.45.235 "GET /allocations/34ef0962-f28a-4845-9752-8ea72367155a" status: 200 len: 258 microversion: 1.28 [pid: 8|app: 0|req: 431/869] 199.204.45.235 () {34 vars in 863 bytes} [Wed Jul 1 08:36:04 2026] GET /allocations/34ef0962-f28a-4845-9752-8ea72367155a => generated 258 bytes in 19 msecs (HTTP/1.1 200) 8 headers in 296 bytes (1 switches on core 0)
2026-07-01 08:36:04.505 7 INFO placement.requestlog [req-1cbcb41b-be57-4a10-90be-e50b061a4e64 req-48370b47-b980-4c68-b20a-fe4a1155514e 40dfe94988654780a93a17eb45df8ad1 9108d4d4cf4d463f827d698f2fad947c - - 6637fb82bf4d401aae4d36fd00c31ba8 6637fb82bf4d401aae4d36fd00c31ba8] 199.204.45.235 "GET /resource_providers/3a590b48-39a0-4864-9b20-261f6ec41642/allocations" status: 200 len: 153 microversion: 1.0 [pid: 7|app: 0|req: 439/870] 199.204.45.235 () {32 vars in 857 bytes} [Wed Jul 1 08:36:04 2026] GET /resource_providers/3a590b48-39a0-4864-9b20-261f6ec41642/allocations => generated 153 bytes in 15 msecs (HTTP/1.1 200) 6 headers in 224 bytes (1 switches on core 0)
2026-07-01 08:36:04.531 8 INFO placement.requestlog [req-1cbcb41b-be57-4a10-90be-e50b061a4e64 req-530b41dd-14f3-4268-9a7e-f885d9506eb4 40dfe94988654780a93a17eb45df8ad1 9108d4d4cf4d463f827d698f2fad947c - - 6637fb82bf4d401aae4d36fd00c31ba8 6637fb82bf4d401aae4d36fd00c31ba8] 199.204.45.235 "GET /allocations/34ef0962-f28a-4845-9752-8ea72367155a" status: 200 len: 258 microversion: 1.28 [pid: 8|app: 0|req: 432/871] 199.204.45.235 () {34 vars in 863 bytes} [Wed Jul 1 08:36:04 2026] GET /allocations/34ef0962-f28a-4845-9752-8ea72367155a => generated 258 bytes in 18 msecs (HTTP/1.1 200) 8 headers in 296 bytes (1 switches on core 0)
2026-07-01 08:36:11.944 7 INFO placement.requestlog [None req-d4e55845-af51-46ef-ada7-22db1dcdff35 - - - - - -] 10.0.0.131 "GET /" status: 200 len: 136 microversion: 1.0
2026-07-01 08:36:11.944 8 INFO placement.requestlog [None req-2dc28da1-3be0-47cf-a9eb-898279d52b38 - - - - - -] 10.0.0.131 "GET /" status: 200 len: 136 microversion: 1.0
2026-07-01 08:36:14.510 8 INFO placement.requestlog [None req-de987c78-c616-49f9-b210-1667d04e3b8e 8e496516951c466da03049da1912698b 9108d4d4cf4d463f827d698f2fad947c - - 6637fb82bf4d401aae4d36fd00c31ba8 6637fb82bf4d401aae4d36fd00c31ba8] 10.0.0.3 "GET /resource_providers/024a6784-2544-47e3-9f62-8df344e3a808/aggregates" status: 404 len: 235 microversion: 1.1
2026-07-01 08:36:14.511 7 INFO placement.requestlog [None req-69fc22de-a8f0-4c1e-9bd5-7155224d6dbf 8e496516951c466da03049da1912698b 9108d4d4cf4d463f827d698f2fad947c - - 6637fb82bf4d401aae4d36fd00c31ba8 6637fb82bf4d401aae4d36fd00c31ba8] 10.0.0.3 "GET /resource_providers/024a6784-2544-47e3-9f62-8df344e3a808/aggregates" status: 404 len: 235 microversion: 1.1 [pid: 8|app: 0|req: 434/874] 10.0.0.3 () {32 vars in 823 bytes} [Wed Jul 1 08:36:14 2026] GET /resource_providers/024a6784-2544-47e3-9f62-8df344e3a808/aggregates => generated 235 bytes in 12 msecs (HTTP/1.1 404) 5 headers in 202 bytes (1 switches on core 0) [pid: 7|app: 0|req: 441/875] 10.0.0.3 () {32 vars in 823 bytes} [Wed Jul 1 08:36:14 2026] GET /resource_providers/024a6784-2544-47e3-9f62-8df344e3a808/aggregates => generated 235 bytes in 18 msecs (HTTP/1.1 404) 5 headers in 202 bytes (1 switches on core 0)
2026-07-01 08:36:14.539 7 INFO placement.requestlog [None req-9353c644-34ec-4486-8889-1fbd04a10747 8e496516951c466da03049da1912698b 9108d4d4cf4d463f827d698f2fad947c - - 6637fb82bf4d401aae4d36fd00c31ba8 6637fb82bf4d401aae4d36fd00c31ba8] 10.0.0.3 "DELETE /resource_providers/024a6784-2544-47e3-9f62-8df344e3a808" status: 404 len: 246 microversion: 1.1 [pid: 7|app: 0|req: 442/876] 10.0.0.3 () {34 vars in 823 bytes} [Wed Jul 1 08:36:14 2026] DELETE /resource_providers/024a6784-2544-47e3-9f62-8df344e3a808 => generated 246 bytes in 12 msecs (HTTP/1.1 404) 6 headers in 231 bytes (1 switches on core 0)
2026-07-01 08:36:14.551 8 INFO placement.requestlog [None req-5a75726c-0749-4c9e-9ff6-1c4d3a30906c 8e496516951c466da03049da1912698b 9108d4d4cf4d463f827d698f2fad947c - - 6637fb82bf4d401aae4d36fd00c31ba8 6637fb82bf4d401aae4d36fd00c31ba8] 10.0.0.3 "DELETE /resource_providers/024a6784-2544-47e3-9f62-8df344e3a808" status: 404 len: 246 microversion: 1.1 [pid: 8|app: 0|req: 435/877] 10.0.0.3 () {34 vars in 823 bytes} [Wed Jul 1 08:36:14 2026] DELETE /resource_providers/024a6784-2544-47e3-9f62-8df344e3a808 => generated 246 bytes in 27 msecs (HTTP/1.1 404) 6 headers in 231 bytes (1 switches on core 0)
2026-07-01 08:36:14.992 8 INFO placement.requestlog [None req-631adf53-6464-4c8a-86c4-4f2e5e41f887 8e496516951c466da03049da1912698b 9108d4d4cf4d463f827d698f2fad947c - - 6637fb82bf4d401aae4d36fd00c31ba8 6637fb82bf4d401aae4d36fd00c31ba8] 10.0.0.3 "GET /resource_providers/2c3201ea-69b7-421f-8fae-38c71a75bf5f/aggregates" status: 404 len: 235 microversion: 1.1 [pid: 8|app: 0|req: 436/878] 10.0.0.3 () {32 vars in 823 bytes} [Wed Jul 1 08:36:14 2026] GET /resource_providers/2c3201ea-69b7-421f-8fae-38c71a75bf5f/aggregates => generated 235 bytes in 13 msecs (HTTP/1.1 404) 5 headers in 202 bytes (1 switches on core 0)
2026-07-01 08:36:14.993 7 INFO placement.requestlog [None req-20f455ac-ffb4-4a4b-a077-beee7785c65b 8e496516951c466da03049da1912698b 9108d4d4cf4d463f827d698f2fad947c - - 6637fb82bf4d401aae4d36fd00c31ba8 6637fb82bf4d401aae4d36fd00c31ba8] 10.0.0.3 "GET /resource_providers/2c3201ea-69b7-421f-8fae-38c71a75bf5f/aggregates" status: 404 len: 235 microversion: 1.1 [pid: 7|app: 0|req: 443/879] 10.0.0.3 () {32 vars in 823 bytes} [Wed Jul 1 08:36:14 2026] GET /resource_providers/2c3201ea-69b7-421f-8fae-38c71a75bf5f/aggregates => generated 235 bytes in 14 msecs (HTTP/1.1 404) 5 headers in 202 bytes (1 switches on core 0)
2026-07-01 08:36:15.028 8 INFO placement.requestlog [None req-6d1dffff-99a0-418a-ae98-25e2dae2f614 8e496516951c466da03049da1912698b 9108d4d4cf4d463f827d698f2fad947c - - 6637fb82bf4d401aae4d36fd00c31ba8 6637fb82bf4d401aae4d36fd00c31ba8] 10.0.0.3 "DELETE /resource_providers/2c3201ea-69b7-421f-8fae-38c71a75bf5f" status: 404 len: 246 microversion: 1.1 [pid: 8|app: 0|req: 437/880] 10.0.0.3 () {34 vars in 823 bytes} [Wed Jul 1 08:36:15 2026] DELETE /resource_providers/2c3201ea-69b7-421f-8fae-38c71a75bf5f => generated 246 bytes in 11 msecs (HTTP/1.1 404) 6 headers in 231 bytes (1 switches on core 0)
2026-07-01 08:36:15.029 7 INFO placement.requestlog [None req-401bb32b-c61a-4900-bd38-16a1ac3f9ca7 8e496516951c466da03049da1912698b 9108d4d4cf4d463f827d698f2fad947c - - 6637fb82bf4d401aae4d36fd00c31ba8 6637fb82bf4d401aae4d36fd00c31ba8] 10.0.0.3 "DELETE /resource_providers/2c3201ea-69b7-421f-8fae-38c71a75bf5f" status: 404 len: 246 microversion: 1.1 [pid: 7|app: 0|req: 444/881] 10.0.0.3 () {34 vars in 823 bytes} [Wed Jul 1 08:36:15 2026] DELETE /resource_providers/2c3201ea-69b7-421f-8fae-38c71a75bf5f => generated 246 bytes in 12 msecs (HTTP/1.1 404) 6 headers in 231 bytes (1 switches on core 0)
2026-07-01 08:36:16.563 8 INFO placement.requestlog [None req-3e54248a-cefe-4224-92de-7308ecfdeea4 8e496516951c466da03049da1912698b 9108d4d4cf4d463f827d698f2fad947c - - 6637fb82bf4d401aae4d36fd00c31ba8 6637fb82bf4d401aae4d36fd00c31ba8] 10.0.0.3 "GET /resource_providers/d29b625c-b70b-4fb1-b009-8ce2930c4d7a/aggregates" status: 404 len: 235 microversion: 1.1 [pid: 8|app: 0|req: 438/882] 10.0.0.3 () {32 vars in 823 bytes} [Wed Jul 1 08:36:16 2026] GET /resource_providers/d29b625c-b70b-4fb1-b009-8ce2930c4d7a/aggregates => generated 235 bytes in 15 msecs (HTTP/1.1 404) 5 headers in 202 bytes (1 switches on core 0)
2026-07-01 08:36:16.577 7 INFO placement.requestlog [None req-f2827056-a3c7-4004-a663-edee4b7029d5 8e496516951c466da03049da1912698b 9108d4d4cf4d463f827d698f2fad947c - - 6637fb82bf4d401aae4d36fd00c31ba8 6637fb82bf4d401aae4d36fd00c31ba8] 10.0.0.3 "GET /resource_providers/d29b625c-b70b-4fb1-b009-8ce2930c4d7a/aggregates" status: 404 len: 235 microversion: 1.1 [pid: 7|app: 0|req: 445/883] 10.0.0.3 () {32 vars in 823 bytes} [Wed Jul 1 08:36:16 2026] GET /resource_providers/d29b625c-b70b-4fb1-b009-8ce2930c4d7a/aggregates => generated 235 bytes in 13 msecs (HTTP/1.1 404) 5 headers in 202 bytes (1 switches on core 0)
2026-07-01 08:36:16.581 8 INFO placement.requestlog [None req-abc38448-71fa-486c-af65-6cdf4b968ddb 8e496516951c466da03049da1912698b 9108d4d4cf4d463f827d698f2fad947c - - 6637fb82bf4d401aae4d36fd00c31ba8 6637fb82bf4d401aae4d36fd00c31ba8] 10.0.0.3 "DELETE /resource_providers/d29b625c-b70b-4fb1-b009-8ce2930c4d7a" status: 404 len: 246 microversion: 1.1 [pid: 8|app: 0|req: 439/884] 10.0.0.3 () {34 vars in 823 bytes} [Wed Jul 1 08:36:16 2026] DELETE /resource_providers/d29b625c-b70b-4fb1-b009-8ce2930c4d7a => generated 246 bytes in 12 msecs (HTTP/1.1 404) 6 headers in 231 bytes (1 switches on core 0)
2026-07-01 08:36:16.604 8 INFO placement.requestlog [None req-4c427973-ed98-4106-ace0-72287f9a4969 8e496516951c466da03049da1912698b 9108d4d4cf4d463f827d698f2fad947c - - 6637fb82bf4d401aae4d36fd00c31ba8 6637fb82bf4d401aae4d36fd00c31ba8] 10.0.0.3 "GET /resource_providers/0fd1673b-b051-4163-8d04-556489d22edd/aggregates" status: 404 len: 235 microversion: 1.1 [pid: 8|app: 0|req: 440/885] 10.0.0.3 () {32 vars in 823 bytes} [Wed Jul 1 08:36:16 2026] GET /resource_providers/0fd1673b-b051-4163-8d04-556489d22edd/aggregates => generated 235 bytes in 12 msecs (HTTP/1.1 404) 5 headers in 202 bytes (1 switches on core 0)
2026-07-01 08:36:16.610 7 INFO placement.requestlog [None req-f696374b-2f87-4eba-abea-455db29b7f7b 8e496516951c466da03049da1912698b 9108d4d4cf4d463f827d698f2fad947c - - 6637fb82bf4d401aae4d36fd00c31ba8 6637fb82bf4d401aae4d36fd00c31ba8] 10.0.0.3 "DELETE /resource_providers/d29b625c-b70b-4fb1-b009-8ce2930c4d7a" status: 404 len: 246 microversion: 1.1 [pid: 7|app: 0|req: 446/886] 10.0.0.3 () {34 vars in 823 bytes} [Wed Jul 1 08:36:16 2026] DELETE /resource_providers/d29b625c-b70b-4fb1-b009-8ce2930c4d7a => generated 246 bytes in 18 msecs (HTTP/1.1 404) 6 headers in 231 bytes (1 switches on core 0)
2026-07-01 08:36:16.641 7 INFO placement.requestlog [None req-fc6b9583-a639-4cc8-9ffa-9010b6e7b71a 8e496516951c466da03049da1912698b 9108d4d4cf4d463f827d698f2fad947c - - 6637fb82bf4d401aae4d36fd00c31ba8 6637fb82bf4d401aae4d36fd00c31ba8] 10.0.0.3 "GET /resource_providers/0fd1673b-b051-4163-8d04-556489d22edd/aggregates" status: 404 len: 235 microversion: 1.1 [pid: 7|app: 0|req: 447/887] 10.0.0.3 () {32 vars in 823 bytes} [Wed Jul 1 08:36:16 2026] GET /resource_providers/0fd1673b-b051-4163-8d04-556489d22edd/aggregates => generated 235 bytes in 12 msecs (HTTP/1.1 404) 5 headers in 202 bytes (1 switches on core 0)
2026-07-01 08:36:16.642 8 INFO placement.requestlog [None req-3d89edf7-c546-480f-a778-cee1c5d9ec69 8e496516951c466da03049da1912698b 9108d4d4cf4d463f827d698f2fad947c - - 6637fb82bf4d401aae4d36fd00c31ba8 6637fb82bf4d401aae4d36fd00c31ba8] 10.0.0.3 "DELETE /resource_providers/0fd1673b-b051-4163-8d04-556489d22edd" status: 404 len: 246 microversion: 1.1 [pid: 8|app: 0|req: 441/888] 10.0.0.3 () {34 vars in 823 bytes} [Wed Jul 1 08:36:16 2026] DELETE /resource_providers/0fd1673b-b051-4163-8d04-556489d22edd => generated 246 bytes in 15 msecs (HTTP/1.1 404) 6 headers in 231 bytes (1 switches on core 0)
2026-07-01 08:36:16.659 7 INFO placement.requestlog [None req-af962049-8fe1-4dba-ae91-f4e3a71111ef 8e496516951c466da03049da1912698b 9108d4d4cf4d463f827d698f2fad947c - - 6637fb82bf4d401aae4d36fd00c31ba8 6637fb82bf4d401aae4d36fd00c31ba8] 10.0.0.3 "DELETE /resource_providers/0fd1673b-b051-4163-8d04-556489d22edd" status: 404 len: 246 microversion: 1.1 [pid: 7|app: 0|req: 448/889] 10.0.0.3 () {34 vars in 823 bytes} [Wed Jul 1 08:36:16 2026] DELETE /resource_providers/0fd1673b-b051-4163-8d04-556489d22edd => generated 246 bytes in 9 msecs (HTTP/1.1 404) 6 headers in 231 bytes (1 switches on core 0)
2026-07-01 08:36:17.061 8 INFO placement.requestlog [None req-bb6791d9-7fde-4bf0-bddd-86ddb42e7b9f 8e496516951c466da03049da1912698b 9108d4d4cf4d463f827d698f2fad947c - - 6637fb82bf4d401aae4d36fd00c31ba8 6637fb82bf4d401aae4d36fd00c31ba8] 10.0.0.3 "GET /resource_providers/994fb10e-4dc7-4a86-bcae-f76af5f373d8/aggregates" status: 404 len: 235 microversion: 1.1 [pid: 8|app: 0|req: 442/890] 10.0.0.3 () {32 vars in 823 bytes} [Wed Jul 1 08:36:17 2026] GET /resource_providers/994fb10e-4dc7-4a86-bcae-f76af5f373d8/aggregates => generated 235 bytes in 14 msecs (HTTP/1.1 404) 5 headers in 202 bytes (1 switches on core 0)
2026-07-01 08:36:17.063 7 INFO placement.requestlog [None req-ee746ad2-655f-424c-b92c-3dec125644c5 8e496516951c466da03049da1912698b 9108d4d4cf4d463f827d698f2fad947c - - 6637fb82bf4d401aae4d36fd00c31ba8 6637fb82bf4d401aae4d36fd00c31ba8] 10.0.0.3 "GET /resource_providers/994fb10e-4dc7-4a86-bcae-f76af5f373d8/aggregates" status: 404 len: 235 microversion: 1.1 [pid: 7|app: 0|req: 449/891] 10.0.0.3 () {32 vars in 823 bytes} [Wed Jul 1 08:36:17 2026] GET /resource_providers/994fb10e-4dc7-4a86-bcae-f76af5f373d8/aggregates => generated 235 bytes in 12 msecs (HTTP/1.1 404) 5 headers in 202 bytes (1 switches on core 0)
2026-07-01 08:36:17.080 8 INFO placement.requestlog [None req-3be4e863-1796-4799-b125-371a319c12b2 8e496516951c466da03049da1912698b 9108d4d4cf4d463f827d698f2fad947c - - 6637fb82bf4d401aae4d36fd00c31ba8 6637fb82bf4d401aae4d36fd00c31ba8] 10.0.0.3 "DELETE /resource_providers/994fb10e-4dc7-4a86-bcae-f76af5f373d8" status: 404 len: 246 microversion: 1.1 [pid: 8|app: 0|req: 443/892] 10.0.0.3 () {34 vars in 823 bytes} [Wed Jul 1 08:36:17 2026] DELETE /resource_providers/994fb10e-4dc7-4a86-bcae-f76af5f373d8 => generated 246 bytes in 12 msecs (HTTP/1.1 404) 6 headers in 231 bytes (1 switches on core 0)
2026-07-01 08:36:17.082 7 INFO placement.requestlog [None req-def49901-73fd-427a-a58d-2f6e558998ec 8e496516951c466da03049da1912698b 9108d4d4cf4d463f827d698f2fad947c - - 6637fb82bf4d401aae4d36fd00c31ba8 6637fb82bf4d401aae4d36fd00c31ba8] 10.0.0.3 "DELETE /resource_providers/994fb10e-4dc7-4a86-bcae-f76af5f373d8" status: 404 len: 246 microversion: 1.1 [pid: 7|app: 0|req: 450/893] 10.0.0.3 () {34 vars in 823 bytes} [Wed Jul 1 08:36:17 2026] DELETE /resource_providers/994fb10e-4dc7-4a86-bcae-f76af5f373d8 => generated 246 bytes in 8 msecs (HTTP/1.1 404) 6 headers in 231 bytes (1 switches on core 0)
2026-07-01 08:36:21.942 8 INFO placement.requestlog [None req-1157d5a1-f625-4582-9dc4-b1dd35de1c32 - - - - - -] 10.0.0.131 "GET /" status: 200 len: 136 microversion: 1.0
2026-07-01 08:36:21.944 7 INFO placement.requestlog [None req-a7dce799-c6ec-4c24-8a50-6f4bfdfb4500 - - - - - -] 10.0.0.131 "GET /" status: 200 len: 136 microversion: 1.0
2026-07-01 08:36:27.218 8 INFO placement.requestlog [req-4f4a79df-298d-434a-8ec9-054dfd5e280a req-31fa0daa-98ad-4849-85ac-61a503f3bb72 40dfe94988654780a93a17eb45df8ad1 9108d4d4cf4d463f827d698f2fad947c - - 6637fb82bf4d401aae4d36fd00c31ba8 6637fb82bf4d401aae4d36fd00c31ba8] 10.0.0.224 "GET /allocation_candidates?limit=1000&resources=DISK_GB%3A1%2CMEMORY_MB%3A512%2CVCPU%3A1&root_required=%21COMPUTE_STATUS_DISABLED" status: 200 len: 2190 microversion: 1.36 [pid: 8|app: 0|req: 445/896] 10.0.0.224 () {34 vars in 1012 bytes} [Wed Jul 1 08:36:27 2026] GET /allocation_candidates?limit=1000&resources=DISK_GB%3A1%2CMEMORY_MB%3A512%2CVCPU%3A1&root_required=%21COMPUTE_STATUS_DISABLED => generated 2190 bytes in 42 msecs (HTTP/1.1 200) 8 headers in 297 bytes (1 switches on core 0)
2026-07-01 08:36:27.254 7 INFO placement.requestlog [req-4f4a79df-298d-434a-8ec9-054dfd5e280a req-00f4275d-1754-4bae-8cc1-2f8c2de372b7 40dfe94988654780a93a17eb45df8ad1 9108d4d4cf4d463f827d698f2fad947c - - 6637fb82bf4d401aae4d36fd00c31ba8 6637fb82bf4d401aae4d36fd00c31ba8] 10.0.0.224 "GET /allocations/d4335eb4-6683-4b6c-a329-04a0e4483a99" status: 200 len: 19 microversion: 1.28 [pid: 7|app: 0|req: 452/897] 10.0.0.224 () {34 vars in 861 bytes} [Wed Jul 1 08:36:27 2026] GET /allocations/d4335eb4-6683-4b6c-a329-04a0e4483a99 => generated 19 bytes in 14 msecs (HTTP/1.1 200) 8 headers in 295 bytes (1 switches on core 0)
2026-07-01 08:36:27.335 8 INFO placement.requestlog [req-4f4a79df-298d-434a-8ec9-054dfd5e280a req-22345708-e633-47d7-afce-655b2463ac71 40dfe94988654780a93a17eb45df8ad1 9108d4d4cf4d463f827d698f2fad947c - - 6637fb82bf4d401aae4d36fd00c31ba8 6637fb82bf4d401aae4d36fd00c31ba8] 10.0.0.224 "PUT /allocations/d4335eb4-6683-4b6c-a329-04a0e4483a99" status: 204 len: 0 microversion: 1.36 [pid: 8|app: 0|req: 446/898] 10.0.0.224 () {38 vars in 914 bytes} [Wed Jul 1 08:36:27 2026] PUT /allocations/d4335eb4-6683-4b6c-a329-04a0e4483a99 => generated 0 bytes in 70 msecs (HTTP/1.1 204) 5 headers in 199 bytes (1 switches on core 0)
2026-07-01 08:36:27.633 7 INFO placement.requestlog [req-4f4a79df-298d-434a-8ec9-054dfd5e280a req-caf9fd4f-3936-44cc-b342-fe49e3d966d3 40dfe94988654780a93a17eb45df8ad1 9108d4d4cf4d463f827d698f2fad947c - - 6637fb82bf4d401aae4d36fd00c31ba8 6637fb82bf4d401aae4d36fd00c31ba8] 199.204.45.235 "GET /allocations/d4335eb4-6683-4b6c-a329-04a0e4483a99" status: 200 len: 258 microversion: 1.28 [pid: 7|app: 0|req: 453/899] 199.204.45.235 () {34 vars in 863 bytes} [Wed Jul 1 08:36:27 2026] GET /allocations/d4335eb4-6683-4b6c-a329-04a0e4483a99 => generated 258 bytes in 16 msecs (HTTP/1.1 200) 8 headers in 296 bytes (1 switches on core 0)
2026-07-01 08:36:27.772 8 INFO placement.requestlog [req-4f4a79df-298d-434a-8ec9-054dfd5e280a req-76106687-e914-4fcc-afdf-9bfa539a600f 40dfe94988654780a93a17eb45df8ad1 9108d4d4cf4d463f827d698f2fad947c - - 6637fb82bf4d401aae4d36fd00c31ba8 6637fb82bf4d401aae4d36fd00c31ba8] 199.204.45.235 "GET /resource_providers/3a590b48-39a0-4864-9b20-261f6ec41642/allocations" status: 200 len: 253 microversion: 1.0 [pid: 8|app: 0|req: 447/900] 199.204.45.235 () {32 vars in 857 bytes} [Wed Jul 1 08:36:27 2026] GET /resource_providers/3a590b48-39a0-4864-9b20-261f6ec41642/allocations => generated 253 bytes in 23 msecs (HTTP/1.1 200) 6 headers in 224 bytes (1 switches on core 0)
2026-07-01 08:36:27.809 7 INFO placement.requestlog [req-4f4a79df-298d-434a-8ec9-054dfd5e280a req-0b0eaab0-c488-4e58-a990-f963043873e7 40dfe94988654780a93a17eb45df8ad1 9108d4d4cf4d463f827d698f2fad947c - - 6637fb82bf4d401aae4d36fd00c31ba8 6637fb82bf4d401aae4d36fd00c31ba8] 199.204.45.235 "GET /allocations/34ef0962-f28a-4845-9752-8ea72367155a" status: 200 len: 258 microversion: 1.28 [pid: 7|app: 0|req: 454/901] 199.204.45.235 () {34 vars in 863 bytes} [Wed Jul 1 08:36:27 2026] GET /allocations/34ef0962-f28a-4845-9752-8ea72367155a => generated 258 bytes in 29 msecs (HTTP/1.1 200) 8 headers in 296 bytes (1 switches on core 0)
2026-07-01 08:36:27.830 8 INFO placement.requestlog [req-4f4a79df-298d-434a-8ec9-054dfd5e280a req-c878a891-757d-4f36-b6f0-d21ab3022dae 40dfe94988654780a93a17eb45df8ad1 9108d4d4cf4d463f827d698f2fad947c - - 6637fb82bf4d401aae4d36fd00c31ba8 6637fb82bf4d401aae4d36fd00c31ba8] 199.204.45.235 "GET /allocations/d4335eb4-6683-4b6c-a329-04a0e4483a99" status: 200 len: 258 microversion: 1.28 [pid: 8|app: 0|req: 448/902] 199.204.45.235 () {34 vars in 863 bytes} [Wed Jul 1 08:36:27 2026] GET /allocations/d4335eb4-6683-4b6c-a329-04a0e4483a99 => generated 258 bytes in 13 msecs (HTTP/1.1 200) 8 headers in 296 bytes (1 switches on core 0)
2026-07-01 08:36:31.311 7 INFO placement.requestlog [req-9ccb0396-da51-4ac2-8e92-6469e23141f1 req-ad0c2692-22a9-46da-bf4a-4a6a04120547 40dfe94988654780a93a17eb45df8ad1 9108d4d4cf4d463f827d698f2fad947c - - 6637fb82bf4d401aae4d36fd00c31ba8 6637fb82bf4d401aae4d36fd00c31ba8] 10.0.0.224 "GET /allocation_candidates?limit=1000&resources=DISK_GB%3A1%2CMEMORY_MB%3A512%2CVCPU%3A1&root_required=%21COMPUTE_STATUS_DISABLED" status: 200 len: 2191 microversion: 1.36 [pid: 7|app: 0|req: 455/903] 10.0.0.224 () {34 vars in 1012 bytes} [Wed Jul 1 08:36:31 2026] GET /allocation_candidates?limit=1000&resources=DISK_GB%3A1%2CMEMORY_MB%3A512%2CVCPU%3A1&root_required=%21COMPUTE_STATUS_DISABLED => generated 2191 bytes in 58 msecs (HTTP/1.1 200) 8 headers in 297 bytes (1 switches on core 0)
2026-07-01 08:36:31.354 8 INFO placement.requestlog [req-9ccb0396-da51-4ac2-8e92-6469e23141f1 req-c5e1e4b6-5d2a-42a7-94f1-2a52c837a3e3 40dfe94988654780a93a17eb45df8ad1 9108d4d4cf4d463f827d698f2fad947c - - 6637fb82bf4d401aae4d36fd00c31ba8 6637fb82bf4d401aae4d36fd00c31ba8] 10.0.0.224 "GET /allocations/ad70bf87-98bc-4ad6-bff5-af87ee476189" status: 200 len: 19 microversion: 1.28 [pid: 8|app: 0|req: 449/904] 10.0.0.224 () {34 vars in 861 bytes} [Wed Jul 1 08:36:31 2026] GET /allocations/ad70bf87-98bc-4ad6-bff5-af87ee476189 => generated 19 bytes in 11 msecs (HTTP/1.1 200) 8 headers in 295 bytes (1 switches on core 0)
2026-07-01 08:36:31.406 7 INFO placement.requestlog [req-9ccb0396-da51-4ac2-8e92-6469e23141f1 req-5a783645-92b4-48c4-b85f-e06dd0190303 40dfe94988654780a93a17eb45df8ad1 9108d4d4cf4d463f827d698f2fad947c - - 6637fb82bf4d401aae4d36fd00c31ba8 6637fb82bf4d401aae4d36fd00c31ba8] 10.0.0.224 "PUT /allocations/ad70bf87-98bc-4ad6-bff5-af87ee476189" status: 204 len: 0 microversion: 1.36 [pid: 7|app: 0|req: 456/905] 10.0.0.224 () {38 vars in 914 bytes} [Wed Jul 1 08:36:31 2026] PUT /allocations/ad70bf87-98bc-4ad6-bff5-af87ee476189 => generated 0 bytes in 47 msecs (HTTP/1.1 204) 5 headers in 199 bytes (1 switches on core 0)
2026-07-01 08:36:31.849 8 INFO placement.requestlog [req-9ccb0396-da51-4ac2-8e92-6469e23141f1 req-47a3fc98-18ce-4d39-9f38-770eacda6f9a 40dfe94988654780a93a17eb45df8ad1 9108d4d4cf4d463f827d698f2fad947c - - 6637fb82bf4d401aae4d36fd00c31ba8 6637fb82bf4d401aae4d36fd00c31ba8] 199.204.45.235 "GET /allocations/ad70bf87-98bc-4ad6-bff5-af87ee476189" status: 200 len: 258 microversion: 1.28 [pid: 8|app: 0|req: 450/906] 199.204.45.235 () {34 vars in 863 bytes} [Wed Jul 1 08:36:31 2026] GET /allocations/ad70bf87-98bc-4ad6-bff5-af87ee476189 => generated 258 bytes in 18 msecs (HTTP/1.1 200) 8 headers in 296 bytes (1 switches on core 0)
2026-07-01 08:36:31.943 7 INFO placement.requestlog [None req-178ffe11-1c35-4c78-81e4-945c54b99c8b - - - - - -] 10.0.0.131 "GET /" status: 200 len: 136 microversion: 1.0
2026-07-01 08:36:31.943 8 INFO placement.requestlog [None req-d682b013-94ca-4ced-aab3-1453065b0043 - - - - - -] 10.0.0.131 "GET /" status: 200 len: 136 microversion: 1.0
2026-07-01 08:36:31.969 7 INFO placement.requestlog [req-9ccb0396-da51-4ac2-8e92-6469e23141f1 req-3684eb9d-d557-4bc1-b1d0-a330313a1af7 40dfe94988654780a93a17eb45df8ad1 9108d4d4cf4d463f827d698f2fad947c - - 6637fb82bf4d401aae4d36fd00c31ba8 6637fb82bf4d401aae4d36fd00c31ba8] 199.204.45.235 "GET /resource_providers/3a590b48-39a0-4864-9b20-261f6ec41642/allocations" status: 200 len: 353 microversion: 1.0 [pid: 7|app: 0|req: 458/909] 199.204.45.235 () {32 vars in 857 bytes} [Wed Jul 1 08:36:31 2026] GET /resource_providers/3a590b48-39a0-4864-9b20-261f6ec41642/allocations => generated 353 bytes in 23 msecs (HTTP/1.1 200) 6 headers in 224 bytes (1 switches on core 0)
2026-07-01 08:36:32.028 8 INFO placement.requestlog [req-9ccb0396-da51-4ac2-8e92-6469e23141f1 req-b6258aa2-7a5e-429e-9653-af528628812f 40dfe94988654780a93a17eb45df8ad1 9108d4d4cf4d463f827d698f2fad947c - - 6637fb82bf4d401aae4d36fd00c31ba8 6637fb82bf4d401aae4d36fd00c31ba8] 199.204.45.235 "GET /allocations/34ef0962-f28a-4845-9752-8ea72367155a" status: 200 len: 258 microversion: 1.28 [pid: 8|app: 0|req: 452/910] 199.204.45.235 () {34 vars in 863 bytes} [Wed Jul 1 08:36:31 2026] GET /allocations/34ef0962-f28a-4845-9752-8ea72367155a => generated 258 bytes in 46 msecs (HTTP/1.1 200) 8 headers in 296 bytes (1 switches on core 0)
2026-07-01 08:36:32.055 7 INFO placement.requestlog [req-9ccb0396-da51-4ac2-8e92-6469e23141f1 req-2650c935-3de1-45d0-ad87-ca70ce1e07a2 40dfe94988654780a93a17eb45df8ad1 9108d4d4cf4d463f827d698f2fad947c - - 6637fb82bf4d401aae4d36fd00c31ba8 6637fb82bf4d401aae4d36fd00c31ba8] 199.204.45.235 "GET /allocations/ad70bf87-98bc-4ad6-bff5-af87ee476189" status: 200 len: 258 microversion: 1.28 [pid: 7|app: 0|req: 459/911] 199.204.45.235 () {34 vars in 863 bytes} [Wed Jul 1 08:36:32 2026] GET /allocations/ad70bf87-98bc-4ad6-bff5-af87ee476189 => generated 258 bytes in 17 msecs (HTTP/1.1 200) 8 headers in 296 bytes (1 switches on core 0)
2026-07-01 08:36:32.085 8 INFO placement.requestlog [req-9ccb0396-da51-4ac2-8e92-6469e23141f1 req-fb268fe9-66ab-459e-8fe3-716b80b7ec3d 40dfe94988654780a93a17eb45df8ad1 9108d4d4cf4d463f827d698f2fad947c - - 6637fb82bf4d401aae4d36fd00c31ba8 6637fb82bf4d401aae4d36fd00c31ba8] 199.204.45.235 "GET /allocations/d4335eb4-6683-4b6c-a329-04a0e4483a99" status: 200 len: 258 microversion: 1.28 [pid: 8|app: 0|req: 453/912] 199.204.45.235 () {34 vars in 863 bytes} [Wed Jul 1 08:36:32 2026] GET /allocations/d4335eb4-6683-4b6c-a329-04a0e4483a99 => generated 258 bytes in 19 msecs (HTTP/1.1 200) 8 headers in 296 bytes (1 switches on core 0)
2026-07-01 08:36:37.228 7 INFO placement.requestlog [None req-d1cd8b87-ac2a-4c5f-8964-cf76b85d5a3c 8e496516951c466da03049da1912698b 9108d4d4cf4d463f827d698f2fad947c - - 6637fb82bf4d401aae4d36fd00c31ba8 6637fb82bf4d401aae4d36fd00c31ba8] 10.0.0.3 "GET /resource_providers/c0873400-5948-428f-83ba-db6e20f67e0e/aggregates" status: 404 len: 235 microversion: 1.1 [pid: 7|app: 0|req: 460/913] 10.0.0.3 () {32 vars in 823 bytes} [Wed Jul 1 08:36:37 2026] GET /resource_providers/c0873400-5948-428f-83ba-db6e20f67e0e/aggregates => generated 235 bytes in 12 msecs (HTTP/1.1 404) 5 headers in 202 bytes (1 switches on core 0)
2026-07-01 08:36:37.231 8 INFO placement.requestlog [None req-a4065ae9-17d7-4b6a-b84b-bdeb73edbd90 8e496516951c466da03049da1912698b 9108d4d4cf4d463f827d698f2fad947c - - 6637fb82bf4d401aae4d36fd00c31ba8 6637fb82bf4d401aae4d36fd00c31ba8] 10.0.0.3 "GET /resource_providers/c0873400-5948-428f-83ba-db6e20f67e0e/aggregates" status: 404 len: 235 microversion: 1.1 [pid: 8|app: 0|req: 454/914] 10.0.0.3 () {32 vars in 823 bytes} [Wed Jul 1 08:36:37 2026] GET /resource_providers/c0873400-5948-428f-83ba-db6e20f67e0e/aggregates => generated 235 bytes in 14 msecs (HTTP/1.1 404) 5 headers in 202 bytes (1 switches on core 0)
2026-07-01 08:36:37.249 7 INFO placement.requestlog [None req-ea8be3c1-15af-413c-a2be-bcae26430f08 8e496516951c466da03049da1912698b 9108d4d4cf4d463f827d698f2fad947c - - 6637fb82bf4d401aae4d36fd00c31ba8 6637fb82bf4d401aae4d36fd00c31ba8] 10.0.0.3 "DELETE /resource_providers/c0873400-5948-428f-83ba-db6e20f67e0e" status: 404 len: 246 microversion: 1.1 [pid: 7|app: 0|req: 461/915] 10.0.0.3 () {34 vars in 823 bytes} [Wed Jul 1 08:36:37 2026] DELETE /resource_providers/c0873400-5948-428f-83ba-db6e20f67e0e => generated 246 bytes in 9 msecs (HTTP/1.1 404) 6 headers in 231 bytes (1 switches on core 0)
2026-07-01 08:36:37.273 8 INFO placement.requestlog [None req-76ca26cd-0962-4dff-a412-a2582f642495 8e496516951c466da03049da1912698b 9108d4d4cf4d463f827d698f2fad947c - - 6637fb82bf4d401aae4d36fd00c31ba8 6637fb82bf4d401aae4d36fd00c31ba8] 10.0.0.3 "DELETE /resource_providers/c0873400-5948-428f-83ba-db6e20f67e0e" status: 404 len: 246 microversion: 1.1 [pid: 8|app: 0|req: 455/916] 10.0.0.3 () {34 vars in 823 bytes} [Wed Jul 1 08:36:37 2026] DELETE /resource_providers/c0873400-5948-428f-83ba-db6e20f67e0e => generated 246 bytes in 12 msecs (HTTP/1.1 404) 6 headers in 231 bytes (1 switches on core 0)
2026-07-01 08:36:40.361 7 INFO placement.requestlog [req-321d014e-6169-40ee-9d1a-46e6a35edfcc req-a6361342-07e9-4d7a-a065-7cc57758d6ae 40dfe94988654780a93a17eb45df8ad1 9108d4d4cf4d463f827d698f2fad947c - - 6637fb82bf4d401aae4d36fd00c31ba8 6637fb82bf4d401aae4d36fd00c31ba8] 199.204.45.235 "GET /resource_providers/3a590b48-39a0-4864-9b20-261f6ec41642/allocations" status: 200 len: 353 microversion: 1.0 [pid: 7|app: 0|req: 462/917] 199.204.45.235 () {32 vars in 857 bytes} [Wed Jul 1 08:36:40 2026] GET /resource_providers/3a590b48-39a0-4864-9b20-261f6ec41642/allocations => generated 353 bytes in 279 msecs (HTTP/1.1 200) 6 headers in 224 bytes (1 switches on core 0)
2026-07-01 08:36:40.386 8 INFO placement.requestlog [req-321d014e-6169-40ee-9d1a-46e6a35edfcc req-95a179b2-b495-4a7b-b047-dc47c1477ab2 40dfe94988654780a93a17eb45df8ad1 9108d4d4cf4d463f827d698f2fad947c - - 6637fb82bf4d401aae4d36fd00c31ba8 6637fb82bf4d401aae4d36fd00c31ba8] 199.204.45.235 "GET /resource_providers?in_tree=3a590b48-39a0-4864-9b20-261f6ec41642" status: 200 len: 798 microversion: 1.14 [pid: 8|app: 0|req: 456/918] 199.204.45.235 () {34 vars in 892 bytes} [Wed Jul 1 08:36:40 2026] GET /resource_providers?in_tree=3a590b48-39a0-4864-9b20-261f6ec41642 => generated 798 bytes in 19 msecs (HTTP/1.1 200) 6 headers in 225 bytes (1 switches on core 0)
2026-07-01 08:36:40.413 7 INFO placement.requestlog [req-321d014e-6169-40ee-9d1a-46e6a35edfcc req-6b523fc7-eb4b-46e0-aabf-b7d5f3d9b829 40dfe94988654780a93a17eb45df8ad1 9108d4d4cf4d463f827d698f2fad947c - - 6637fb82bf4d401aae4d36fd00c31ba8 6637fb82bf4d401aae4d36fd00c31ba8] 199.204.45.235 "GET /resource_providers/3a590b48-39a0-4864-9b20-261f6ec41642/inventories" status: 200 len: 401 microversion: 1.0 [pid: 7|app: 0|req: 463/919] 199.204.45.235 () {32 vars in 857 bytes} [Wed Jul 1 08:36:40 2026] GET /resource_providers/3a590b48-39a0-4864-9b20-261f6ec41642/inventories => generated 401 bytes in 18 msecs (HTTP/1.1 200) 6 headers in 224 bytes (1 switches on core 0)
2026-07-01 08:36:40.440 8 INFO placement.requestlog [req-321d014e-6169-40ee-9d1a-46e6a35edfcc req-d091818f-47da-443a-9d4d-fb7868e2888a 40dfe94988654780a93a17eb45df8ad1 9108d4d4cf4d463f827d698f2fad947c - - 6637fb82bf4d401aae4d36fd00c31ba8 6637fb82bf4d401aae4d36fd00c31ba8] 199.204.45.235 "GET /resource_providers/3a590b48-39a0-4864-9b20-261f6ec41642/aggregates" status: 200 len: 54 microversion: 1.19 [pid: 8|app: 0|req: 457/920] 199.204.45.235 () {34 vars in 899 bytes} [Wed Jul 1 08:36:40 2026] GET /resource_providers/3a590b48-39a0-4864-9b20-261f6ec41642/aggregates => generated 54 bytes in 17 msecs (HTTP/1.1 200) 8 headers in 295 bytes (1 switches on core 0)
2026-07-01 08:36:40.548 7 INFO placement.requestlog [req-321d014e-6169-40ee-9d1a-46e6a35edfcc req-f0a797ff-e34a-490f-ad3f-eeebc81a563d 40dfe94988654780a93a17eb45df8ad1 9108d4d4cf4d463f827d698f2fad947c - - 6637fb82bf4d401aae4d36fd00c31ba8 6637fb82bf4d401aae4d36fd00c31ba8] 199.204.45.235 "GET /resource_providers/3a590b48-39a0-4864-9b20-261f6ec41642/traits" status: 200 len: 1724 microversion: 1.6 [pid: 7|app: 0|req: 464/921] 199.204.45.235 () {34 vars in 890 bytes} [Wed Jul 1 08:36:40 2026] GET /resource_providers/3a590b48-39a0-4864-9b20-261f6ec41642/traits => generated 1724 bytes in 100 msecs (HTTP/1.1 200) 6 headers in 225 bytes (1 switches on core 0)
2026-07-01 08:36:40.575 8 INFO placement.requestlog [req-321d014e-6169-40ee-9d1a-46e6a35edfcc req-b811098f-b1c3-434e-a3e2-5dc7723e1bc4 40dfe94988654780a93a17eb45df8ad1 9108d4d4cf4d463f827d698f2fad947c - - 6637fb82bf4d401aae4d36fd00c31ba8 6637fb82bf4d401aae4d36fd00c31ba8] 199.204.45.235 "GET /resource_providers/3a590b48-39a0-4864-9b20-261f6ec41642/allocations" status: 200 len: 353 microversion: 1.0 [pid: 8|app: 0|req: 458/922] 199.204.45.235 () {32 vars in 857 bytes} [Wed Jul 1 08:36:40 2026] GET /resource_providers/3a590b48-39a0-4864-9b20-261f6ec41642/allocations => generated 353 bytes in 19 msecs (HTTP/1.1 200) 6 headers in 224 bytes (1 switches on core 0)
2026-07-01 08:36:40.594 7 INFO placement.requestlog [req-321d014e-6169-40ee-9d1a-46e6a35edfcc req-afc9e163-9783-4b90-b2d2-5eebe8d5b6fc 40dfe94988654780a93a17eb45df8ad1 9108d4d4cf4d463f827d698f2fad947c - - 6637fb82bf4d401aae4d36fd00c31ba8 6637fb82bf4d401aae4d36fd00c31ba8] 199.204.45.235 "GET /allocations/34ef0962-f28a-4845-9752-8ea72367155a" status: 200 len: 258 microversion: 1.28 [pid: 7|app: 0|req: 465/923] 199.204.45.235 () {34 vars in 863 bytes} [Wed Jul 1 08:36:40 2026] GET /allocations/34ef0962-f28a-4845-9752-8ea72367155a => generated 258 bytes in 13 msecs (HTTP/1.1 200) 8 headers in 296 bytes (1 switches on core 0)
2026-07-01 08:36:40.622 8 INFO placement.requestlog [req-321d014e-6169-40ee-9d1a-46e6a35edfcc req-98494de8-9657-4c51-bb69-60bf0bb6fecb 40dfe94988654780a93a17eb45df8ad1 9108d4d4cf4d463f827d698f2fad947c - - 6637fb82bf4d401aae4d36fd00c31ba8 6637fb82bf4d401aae4d36fd00c31ba8] 199.204.45.235 "GET /allocations/ad70bf87-98bc-4ad6-bff5-af87ee476189" status: 200 len: 258 microversion: 1.28 [pid: 8|app: 0|req: 459/924] 199.204.45.235 () {34 vars in 863 bytes} [Wed Jul 1 08:36:40 2026] GET /allocations/ad70bf87-98bc-4ad6-bff5-af87ee476189 => generated 258 bytes in 20 msecs (HTTP/1.1 200) 8 headers in 296 bytes (1 switches on core 0)
2026-07-01 08:36:40.648 7 INFO placement.requestlog [req-321d014e-6169-40ee-9d1a-46e6a35edfcc req-8c96a210-5c1d-4e3d-81e0-b0c07cac0eb2 40dfe94988654780a93a17eb45df8ad1 9108d4d4cf4d463f827d698f2fad947c - - 6637fb82bf4d401aae4d36fd00c31ba8 6637fb82bf4d401aae4d36fd00c31ba8] 199.204.45.235 "GET /allocations/d4335eb4-6683-4b6c-a329-04a0e4483a99" status: 200 len: 258 microversion: 1.28 [pid: 7|app: 0|req: 466/925] 199.204.45.235 () {34 vars in 863 bytes} [Wed Jul 1 08:36:40 2026] GET /allocations/d4335eb4-6683-4b6c-a329-04a0e4483a99 => generated 258 bytes in 13 msecs (HTTP/1.1 200) 8 headers in 296 bytes (1 switches on core 0)
2026-07-01 08:36:41.943 8 INFO placement.requestlog [None req-720ab704-df76-4d2a-abb8-e099ba34c537 - - - - - -] 10.0.0.131 "GET /" status: 200 len: 136 microversion: 1.0
2026-07-01 08:36:41.944 7 INFO placement.requestlog [None req-ef664bb1-f5e8-4a67-aedd-e8926123e4aa - - - - - -] 10.0.0.131 "GET /" status: 200 len: 136 microversion: 1.0
2026-07-01 08:36:43.837 8 INFO placement.requestlog [req-874b33af-6c01-4873-bdca-cd70138320fd req-63d8f476-9cda-40c2-ab9a-498d9560469a 40dfe94988654780a93a17eb45df8ad1 9108d4d4cf4d463f827d698f2fad947c - - 6637fb82bf4d401aae4d36fd00c31ba8 6637fb82bf4d401aae4d36fd00c31ba8] 10.0.0.224 "GET /allocation_candidates?limit=1000&resources=DISK_GB%3A1%2CMEMORY_MB%3A512%2CVCPU%3A1&root_required=%21COMPUTE_STATUS_DISABLED" status: 200 len: 2191 microversion: 1.36 [pid: 8|app: 0|req: 461/928] 10.0.0.224 () {34 vars in 1012 bytes} [Wed Jul 1 08:36:43 2026] GET /allocation_candidates?limit=1000&resources=DISK_GB%3A1%2CMEMORY_MB%3A512%2CVCPU%3A1&root_required=%21COMPUTE_STATUS_DISABLED => generated 2191 bytes in 122 msecs (HTTP/1.1 200) 8 headers in 297 bytes (1 switches on core 0)
2026-07-01 08:36:43.872 7 INFO placement.requestlog [req-874b33af-6c01-4873-bdca-cd70138320fd req-40b5bf0f-6a8e-447f-90b1-0784d7d1eecd 40dfe94988654780a93a17eb45df8ad1 9108d4d4cf4d463f827d698f2fad947c - - 6637fb82bf4d401aae4d36fd00c31ba8 6637fb82bf4d401aae4d36fd00c31ba8] 10.0.0.224 "GET /allocations/c15da1e6-24a8-426b-b414-f23a77626560" status: 200 len: 19 microversion: 1.28 [pid: 7|app: 0|req: 468/929] 10.0.0.224 () {34 vars in 861 bytes} [Wed Jul 1 08:36:43 2026] GET /allocations/c15da1e6-24a8-426b-b414-f23a77626560 => generated 19 bytes in 12 msecs (HTTP/1.1 200) 8 headers in 295 bytes (1 switches on core 0)
2026-07-01 08:36:43.961 8 INFO placement.requestlog [req-874b33af-6c01-4873-bdca-cd70138320fd req-a5f5c82b-9170-4a30-8b73-62a027752b4e 40dfe94988654780a93a17eb45df8ad1 9108d4d4cf4d463f827d698f2fad947c - - 6637fb82bf4d401aae4d36fd00c31ba8 6637fb82bf4d401aae4d36fd00c31ba8] 10.0.0.224 "PUT /allocations/c15da1e6-24a8-426b-b414-f23a77626560" status: 204 len: 0 microversion: 1.36 [pid: 8|app: 0|req: 462/930] 10.0.0.224 () {38 vars in 914 bytes} [Wed Jul 1 08:36:43 2026] PUT /allocations/c15da1e6-24a8-426b-b414-f23a77626560 => generated 0 bytes in 83 msecs (HTTP/1.1 204) 5 headers in 199 bytes (1 switches on core 0)
2026-07-01 08:36:44.252 7 INFO placement.requestlog [req-874b33af-6c01-4873-bdca-cd70138320fd req-5baf5a01-b407-4700-95cb-6f73427093b9 40dfe94988654780a93a17eb45df8ad1 9108d4d4cf4d463f827d698f2fad947c - - 6637fb82bf4d401aae4d36fd00c31ba8 6637fb82bf4d401aae4d36fd00c31ba8] 199.204.45.235 "GET /allocations/c15da1e6-24a8-426b-b414-f23a77626560" status: 200 len: 258 microversion: 1.28 [pid: 7|app: 0|req: 469/931] 199.204.45.235 () {34 vars in 863 bytes} [Wed Jul 1 08:36:44 2026] GET /allocations/c15da1e6-24a8-426b-b414-f23a77626560 => generated 258 bytes in 14 msecs (HTTP/1.1 200) 8 headers in 296 bytes (1 switches on core 0)
2026-07-01 08:36:44.374 8 INFO placement.requestlog [req-874b33af-6c01-4873-bdca-cd70138320fd req-071fb9b2-8a2e-40b3-bd17-3b46494bae07 40dfe94988654780a93a17eb45df8ad1 9108d4d4cf4d463f827d698f2fad947c - - 6637fb82bf4d401aae4d36fd00c31ba8 6637fb82bf4d401aae4d36fd00c31ba8] 199.204.45.235 "GET /resource_providers/3a590b48-39a0-4864-9b20-261f6ec41642/allocations" status: 200 len: 453 microversion: 1.0 [pid: 8|app: 0|req: 463/932] 199.204.45.235 () {32 vars in 857 bytes} [Wed Jul 1 08:36:44 2026] GET /resource_providers/3a590b48-39a0-4864-9b20-261f6ec41642/allocations => generated 453 bytes in 22 msecs (HTTP/1.1 200) 6 headers in 224 bytes (1 switches on core 0)
2026-07-01 08:36:44.396 7 INFO placement.requestlog [req-874b33af-6c01-4873-bdca-cd70138320fd req-3cd31090-a097-4449-816c-4f5127949638 40dfe94988654780a93a17eb45df8ad1 9108d4d4cf4d463f827d698f2fad947c - - 6637fb82bf4d401aae4d36fd00c31ba8 6637fb82bf4d401aae4d36fd00c31ba8] 199.204.45.235 "GET /allocations/c15da1e6-24a8-426b-b414-f23a77626560" status: 200 len: 258 microversion: 1.28 [pid: 7|app: 0|req: 470/933] 199.204.45.235 () {34 vars in 863 bytes} [Wed Jul 1 08:36:44 2026] GET /allocations/c15da1e6-24a8-426b-b414-f23a77626560 => generated 258 bytes in 16 msecs (HTTP/1.1 200) 8 headers in 296 bytes (1 switches on core 0)
2026-07-01 08:36:44.421 8 INFO placement.requestlog [req-874b33af-6c01-4873-bdca-cd70138320fd req-670a2bcb-62eb-4584-a8cc-faaf642a2da5 40dfe94988654780a93a17eb45df8ad1 9108d4d4cf4d463f827d698f2fad947c - - 6637fb82bf4d401aae4d36fd00c31ba8 6637fb82bf4d401aae4d36fd00c31ba8] 199.204.45.235 "GET /allocations/34ef0962-f28a-4845-9752-8ea72367155a" status: 200 len: 258 microversion: 1.28 [pid: 8|app: 0|req: 464/934] 199.204.45.235 () {34 vars in 863 bytes} [Wed Jul 1 08:36:44 2026] GET /allocations/34ef0962-f28a-4845-9752-8ea72367155a => generated 258 bytes in 17 msecs (HTTP/1.1 200) 8 headers in 296 bytes (1 switches on core 0)
2026-07-01 08:36:44.445 7 INFO placement.requestlog [req-874b33af-6c01-4873-bdca-cd70138320fd req-ffff6e5c-1f9e-4b28-b4ca-74ec80ff35f4 40dfe94988654780a93a17eb45df8ad1 9108d4d4cf4d463f827d698f2fad947c - - 6637fb82bf4d401aae4d36fd00c31ba8 6637fb82bf4d401aae4d36fd00c31ba8] 199.204.45.235 "GET /allocations/ad70bf87-98bc-4ad6-bff5-af87ee476189" status: 200 len: 258 microversion: 1.28 [pid: 7|app: 0|req: 471/935] 199.204.45.235 () {34 vars in 863 bytes} [Wed Jul 1 08:36:44 2026] GET /allocations/ad70bf87-98bc-4ad6-bff5-af87ee476189 => generated 258 bytes in 17 msecs (HTTP/1.1 200) 8 headers in 296 bytes (1 switches on core 0)
2026-07-01 08:36:44.468 8 INFO placement.requestlog [req-874b33af-6c01-4873-bdca-cd70138320fd req-cac05ffc-7f60-4acc-ac3e-ae0f74c5ce88 40dfe94988654780a93a17eb45df8ad1 9108d4d4cf4d463f827d698f2fad947c - - 6637fb82bf4d401aae4d36fd00c31ba8 6637fb82bf4d401aae4d36fd00c31ba8] 199.204.45.235 "GET /allocations/d4335eb4-6683-4b6c-a329-04a0e4483a99" status: 200 len: 258 microversion: 1.28 [pid: 8|app: 0|req: 465/936] 199.204.45.235 () {34 vars in 863 bytes} [Wed Jul 1 08:36:44 2026] GET /allocations/d4335eb4-6683-4b6c-a329-04a0e4483a99 => generated 258 bytes in 15 msecs (HTTP/1.1 200) 8 headers in 296 bytes (1 switches on core 0)
2026-07-01 08:36:51.662 7 INFO placement.requestlog [req-90fbc650-993a-4e63-bb54-20ec764df8da req-84e5edcc-7dc3-4cb1-b1ef-28a1a4dca318 40dfe94988654780a93a17eb45df8ad1 9108d4d4cf4d463f827d698f2fad947c - - 6637fb82bf4d401aae4d36fd00c31ba8 6637fb82bf4d401aae4d36fd00c31ba8] 199.204.45.235 "GET /resource_providers/3a590b48-39a0-4864-9b20-261f6ec41642/allocations" status: 200 len: 453 microversion: 1.0 [pid: 7|app: 0|req: 472/937] 199.204.45.235 () {32 vars in 857 bytes} [Wed Jul 1 08:36:51 2026] GET /resource_providers/3a590b48-39a0-4864-9b20-261f6ec41642/allocations => generated 453 bytes in 21 msecs (HTTP/1.1 200) 6 headers in 224 bytes (1 switches on core 0)
