2026-07-01 08:37:24.376 10 INFO neutron.wsgi [None req-c1a29e68-7d8b-4d38-a778-87255f247dc8 f81bed60eea14ca5adefc06593ec4cf7 270910ef85004fcda8ef3e548abfd8d2 - - default default] 10.0.0.205 "GET /v2.0/policies/2710ceb6-91e4-45c2-96c2-4d9f238c595d/tags HTTP/1.1" status: 200 len: 205 time: 0.0260584
2026-07-01 08:37:24.434 9 INFO neutron.db.ovn_revision_numbers_db [None req-0a81a333-a335-4d6e-8bbc-310ee395d6e1 afb23f587cdc4b73922ba4ed0dde211e 332974626fa9403c92791c85cdd18eeb - - default default] Successfully bumped revision number for resource 3677b940-a2ee-429a-a36a-aefd29a2345e (type: routers) to 1
2026-07-01 08:37:24.449 9 INFO neutron.wsgi [None req-0a81a333-a335-4d6e-8bbc-310ee395d6e1 afb23f587cdc4b73922ba4ed0dde211e 332974626fa9403c92791c85cdd18eeb - - default default] 10.0.0.205 "POST /v2.0/routers HTTP/1.1" status: 201 len: 654 time: 0.2488248
2026-07-01 08:37:24.464 10 WARNING neutron_lib.context [None req-426b82a0-48f5-4c2c-9e4f-883710a28f48 afb23f587cdc4b73922ba4ed0dde211e 332974626fa9403c92791c85cdd18eeb - - default default] Method 'is_advsvc' is deprecated since 2023.2 release (neutron-lib 3.8.0) and will be removed once support for the old RBAC API policies will be removed from Neutron. Please use method 'is_service_role' instead.
2026-07-01 08:37:24.471 9 INFO neutron.wsgi [None req-85959ac6-f303-43fa-b289-1dd194f10acc f81bed60eea14ca5adefc06593ec4cf7 270910ef85004fcda8ef3e548abfd8d2 - - default default] 10.0.0.205 "DELETE /v2.0/qos/policies/2710ceb6-91e4-45c2-96c2-4d9f238c595d HTTP/1.1" status: 204 len: 168 time: 0.0887542
2026-07-01 08:37:24.612 10 INFO neutron.db.ovn_revision_numbers_db [None req-426b82a0-48f5-4c2c-9e4f-883710a28f48 afb23f587cdc4b73922ba4ed0dde211e 332974626fa9403c92791c85cdd18eeb - - default default] Successfully bumped revision number for resource b806d23b-51f5-4aa9-93bf-a66ee02978a5 (type: routers) to 1
2026-07-01 08:37:24.627 10 INFO neutron.wsgi [None req-426b82a0-48f5-4c2c-9e4f-883710a28f48 afb23f587cdc4b73922ba4ed0dde211e 332974626fa9403c92791c85cdd18eeb - - default default] 10.0.0.205 "POST /v2.0/routers HTTP/1.1" status: 201 len: 654 time: 0.1711907
2026-07-01 08:37:24.638 10 WARNING neutron_lib.context [None req-2e7e1ab8-9d84-4f66-9794-5734b4c02b40 afb23f587cdc4b73922ba4ed0dde211e 332974626fa9403c92791c85cdd18eeb - - default default] Method 'is_advsvc' is deprecated since 2023.2 release (neutron-lib 3.8.0) and will be removed once support for the old RBAC API policies will be removed from Neutron. Please use method 'is_service_role' instead.
2026-07-01 08:37:24.782 10 INFO neutron.db.ovn_revision_numbers_db [None req-2e7e1ab8-9d84-4f66-9794-5734b4c02b40 afb23f587cdc4b73922ba4ed0dde211e 332974626fa9403c92791c85cdd18eeb - - default default] Successfully bumped revision number for resource d4334244-bf34-4fa1-8e10-9ecdafdf8fb2 (type: routers) to 1
2026-07-01 08:37:24.809 10 INFO neutron.wsgi [None req-2e7e1ab8-9d84-4f66-9794-5734b4c02b40 afb23f587cdc4b73922ba4ed0dde211e 332974626fa9403c92791c85cdd18eeb - - default default] 10.0.0.205 "POST /v2.0/routers HTTP/1.1" status: 201 len: 654 time: 0.1757040
2026-07-01 08:37:24.820 10 WARNING neutron_lib.context [None req-69ff03d4-deeb-4569-ac31-26fbbd45e136 afb23f587cdc4b73922ba4ed0dde211e 332974626fa9403c92791c85cdd18eeb - - default default] Method 'is_advsvc' is deprecated since 2023.2 release (neutron-lib 3.8.0) and will be removed once support for the old RBAC API policies will be removed from Neutron. Please use method 'is_service_role' instead.
2026-07-01 08:37:24.979 10 INFO neutron.db.ovn_revision_numbers_db [None req-69ff03d4-deeb-4569-ac31-26fbbd45e136 afb23f587cdc4b73922ba4ed0dde211e 332974626fa9403c92791c85cdd18eeb - - default default] Successfully bumped revision number for resource 617c5488-4888-4dcd-a40e-7afd39cc31a9 (type: routers) to 1
2026-07-01 08:37:24.997 10 INFO neutron.wsgi [None req-69ff03d4-deeb-4569-ac31-26fbbd45e136 afb23f587cdc4b73922ba4ed0dde211e 332974626fa9403c92791c85cdd18eeb - - default default] 10.0.0.205 "POST /v2.0/routers HTTP/1.1" status: 201 len: 654 time: 0.1835163
2026-07-01 08:37:25.023 9 WARNING neutron_lib.context [None req-ab06e30d-5c22-466f-a9ab-a53e5ac67e21 afb23f587cdc4b73922ba4ed0dde211e 332974626fa9403c92791c85cdd18eeb - - default default] Method 'is_advsvc' is deprecated since 2023.2 release (neutron-lib 3.8.0) and will be removed once support for the old RBAC API policies will be removed from Neutron. Please use method 'is_service_role' instead.
2026-07-01 08:37:25.192 9 INFO neutron.db.ovn_revision_numbers_db [None req-ab06e30d-5c22-466f-a9ab-a53e5ac67e21 afb23f587cdc4b73922ba4ed0dde211e 332974626fa9403c92791c85cdd18eeb - - default default] Successfully bumped revision number for resource 035a020d-96c9-4ac6-a670-0ae873772bce (type: routers) to 1
2026-07-01 08:37:25.206 9 INFO neutron.wsgi [None req-ab06e30d-5c22-466f-a9ab-a53e5ac67e21 afb23f587cdc4b73922ba4ed0dde211e 332974626fa9403c92791c85cdd18eeb - - default default] 10.0.0.205 "POST /v2.0/routers HTTP/1.1" status: 201 len: 654 time: 0.1939914
2026-07-01 08:37:25.268 9 INFO neutron.wsgi [None req-219b2753-1312-494f-8c01-9d0128720652 afb23f587cdc4b73922ba4ed0dde211e 332974626fa9403c92791c85cdd18eeb - - default default] 10.0.0.205 "PUT /v2.0/routers/3677b940-a2ee-429a-a36a-aefd29a2345e/tags HTTP/1.1" status: 200 len: 210 time: 0.0547316
2026-07-01 08:37:25.319 10 INFO neutron.db.ovn_revision_numbers_db [None req-9165f63b-50d3-413b-a4b9-bed58ed5d8e1 d304297cc5d34d8b86439095a51d7958 af37a0cc71c24db9840a2d1e68c45ecf - - default default] Successfully bumped revision number for resource f11c0812-e3b7-419a-a268-c95b75a76226 (type: security_groups) to 1
2026-07-01 08:37:25.329 9 INFO neutron.wsgi [None req-3f30c827-f74f-4625-9a40-5c397b996877 afb23f587cdc4b73922ba4ed0dde211e 332974626fa9403c92791c85cdd18eeb - - default default] 10.0.0.205 "PUT /v2.0/routers/b806d23b-51f5-4aa9-93bf-a66ee02978a5/tags HTTP/1.1" status: 200 len: 218 time: 0.0555613
2026-07-01 08:37:25.332 10 INFO neutron.db.ovn_revision_numbers_db [None req-9165f63b-50d3-413b-a4b9-bed58ed5d8e1 d304297cc5d34d8b86439095a51d7958 af37a0cc71c24db9840a2d1e68c45ecf - - default default] Successfully bumped revision number for resource 2b19cd2f-51dd-4d16-8dda-fffd030cffa5 (type: security_group_rules) to 0
2026-07-01 08:37:25.345 10 INFO neutron.db.ovn_revision_numbers_db [None req-9165f63b-50d3-413b-a4b9-bed58ed5d8e1 d304297cc5d34d8b86439095a51d7958 af37a0cc71c24db9840a2d1e68c45ecf - - default default] Successfully bumped revision number for resource 89180779-69bb-4aee-89fe-8dcdb1f73e87 (type: security_group_rules) to 0
2026-07-01 08:37:25.359 10 INFO neutron.db.ovn_revision_numbers_db [None req-9165f63b-50d3-413b-a4b9-bed58ed5d8e1 d304297cc5d34d8b86439095a51d7958 af37a0cc71c24db9840a2d1e68c45ecf - - default default] Successfully bumped revision number for resource b1784e56-6db0-466c-be0c-93193e1015f4 (type: security_group_rules) to 0
2026-07-01 08:37:25.370 10 INFO neutron.db.ovn_revision_numbers_db [None req-9165f63b-50d3-413b-a4b9-bed58ed5d8e1 d304297cc5d34d8b86439095a51d7958 af37a0cc71c24db9840a2d1e68c45ecf - - default default] Successfully bumped revision number for resource e01e5820-d5b4-4b69-838a-63998068f2a5 (type: security_group_rules) to 0
2026-07-01 08:37:25.393 9 INFO neutron.wsgi [None req-b8783db6-d6f3-4797-b2f6-6e3a5f27abaa afb23f587cdc4b73922ba4ed0dde211e 332974626fa9403c92791c85cdd18eeb - - default default] 10.0.0.205 "PUT /v2.0/routers/d4334244-bf34-4fa1-8e10-9ecdafdf8fb2/tags HTTP/1.1" status: 200 len: 227 time: 0.0564616
2026-07-01 08:37:25.394 10 INFO neutron.wsgi [None req-9165f63b-50d3-413b-a4b9-bed58ed5d8e1 d304297cc5d34d8b86439095a51d7958 af37a0cc71c24db9840a2d1e68c45ecf - - default default] 10.0.0.205 "GET /v2.0/security-groups?tenant_id=d191604936d54e788e86b412d7754780&name=default HTTP/1.1" status: 200 len: 2996 time: 0.2799320
2026-07-01 08:37:25.466 10 INFO neutron.wsgi [None req-6813c09a-c2dd-482c-a100-7d75d85acbd4 afb23f587cdc4b73922ba4ed0dde211e 332974626fa9403c92791c85cdd18eeb - - default default] 10.0.0.205 "PUT /v2.0/routers/617c5488-4888-4dcd-a40e-7afd39cc31a9/tags HTTP/1.1" status: 200 len: 212 time: 0.0681849
2026-07-01 08:37:25.547 10 INFO neutron.wsgi [None req-2ba79098-06ba-4604-952f-f96f9d3b6f1e afb23f587cdc4b73922ba4ed0dde211e 332974626fa9403c92791c85cdd18eeb - - default default] 10.0.0.205 "GET /v2.0/routers?tags=red HTTP/1.1" status: 200 len: 1601 time: 0.0739241
2026-07-01 08:37:25.566 9 INFO neutron.wsgi [req-d10e6665-fcc9-409b-b9b6-013b50fc77a1 req-1929098e-7912-4f83-90a8-20c6a4dd3723 8e496516951c466da03049da1912698b 9108d4d4cf4d463f827d698f2fad947c - - 6637fb82bf4d401aae4d36fd00c31ba8 6637fb82bf4d401aae4d36fd00c31ba8] 199.204.45.235 "GET /v2.0/ports?device_id=c15da1e6-24a8-426b-b414-f23a77626560&fields=binding%3Ahost_id&fields=binding%3Avif_type HTTP/1.1" status: 200 len: 265 time: 0.0455384
2026-07-01 08:37:25.627 10 INFO neutron.wsgi [None req-2e7e55a6-df35-42d3-80aa-5c3dc4255352 afb23f587cdc4b73922ba4ed0dde211e 332974626fa9403c92791c85cdd18eeb - - default default] 10.0.0.205 "GET /v2.0/routers?tags=red%2Cblue HTTP/1.1" status: 200 len: 1144 time: 0.0726178
2026-07-01 08:37:25.628 9 INFO neutron.wsgi [None req-91455548-4f90-4f80-868e-7790f5212e02 d304297cc5d34d8b86439095a51d7958 af37a0cc71c24db9840a2d1e68c45ecf - - default default] 10.0.0.205 "DELETE /v2.0/security-groups/f11c0812-e3b7-419a-a268-c95b75a76226 HTTP/1.1" status: 204 len: 168 time: 0.2288067
2026-07-01 08:37:25.643 9 INFO neutron.wsgi [req-d10e6665-fcc9-409b-b9b6-013b50fc77a1 req-aff6052f-c835-4737-8f68-b4f81def2b57 8e496516951c466da03049da1912698b 9108d4d4cf4d463f827d698f2fad947c - - 6637fb82bf4d401aae4d36fd00c31ba8 6637fb82bf4d401aae4d36fd00c31ba8] 199.204.45.235 "GET /v2.0/ports?tenant_id=420c0bea433246f99cb6aa60129a7cec&device_id=c15da1e6-24a8-426b-b414-f23a77626560 HTTP/1.1" status: 200 len: 1634 time: 0.0356205
2026-07-01 08:37:25.703 10 INFO neutron.wsgi [None req-89a3a00e-1992-4f5c-8a3c-21c240cca758 afb23f587cdc4b73922ba4ed0dde211e 332974626fa9403c92791c85cdd18eeb - - default default] 10.0.0.205 "GET /v2.0/routers?tags-any=blue HTTP/1.1" status: 200 len: 1144 time: 0.0718060
2026-07-01 08:37:25.721 9 INFO neutron.wsgi [req-d10e6665-fcc9-409b-b9b6-013b50fc77a1 req-7ffb09eb-33ef-41c6-b820-7708cb990c18 8e496516951c466da03049da1912698b 9108d4d4cf4d463f827d698f2fad947c - - 6637fb82bf4d401aae4d36fd00c31ba8 6637fb82bf4d401aae4d36fd00c31ba8] 199.204.45.235 "GET /v2.0/networks?id=c8b69755-80b4-4933-b583-d4e9a413c5a2 HTTP/1.1" status: 200 len: 1002 time: 0.0582514
2026-07-01 08:37:25.766 10 INFO neutron.wsgi [None req-3f5a0c9c-9978-4db4-8677-d3a7ff4a8847 afb23f587cdc4b73922ba4ed0dde211e 332974626fa9403c92791c85cdd18eeb - - default default] 10.0.0.205 "GET /v2.0/routers?tags-any=red%2Cblue HTTP/1.1" status: 200 len: 1601 time: 0.0575149
2026-07-01 08:37:25.782 9 INFO neutron.wsgi [req-d10e6665-fcc9-409b-b9b6-013b50fc77a1 req-17fdeee0-a2de-43d8-8199-16b24eb0c38f 8e496516951c466da03049da1912698b 9108d4d4cf4d463f827d698f2fad947c - - 6637fb82bf4d401aae4d36fd00c31ba8 6637fb82bf4d401aae4d36fd00c31ba8] 199.204.45.235 "GET /v2.0/floatingips?fixed_ip_address=10.2.1.122&port_id=e1ba03f4-c35b-48ab-8e6d-c1769d339c48 HTTP/1.1" status: 200 len: 1059 time: 0.0492718
2026-07-01 08:37:25.815 9 INFO neutron.wsgi [req-d10e6665-fcc9-409b-b9b6-013b50fc77a1 req-5ddd3e72-dc9a-4b7d-bab3-eacec5fb9d64 8e496516951c466da03049da1912698b 9108d4d4cf4d463f827d698f2fad947c - - 6637fb82bf4d401aae4d36fd00c31ba8 6637fb82bf4d401aae4d36fd00c31ba8] 199.204.45.235 "GET /v2.0/floatingips?fixed_ip_address=fd7b%3Af9f7%3Afff%3A4eca%3A%3Ab3&port_id=e1ba03f4-c35b-48ab-8e6d-c1769d339c48 HTTP/1.1" status: 200 len: 217 time: 0.0261893
2026-07-01 08:37:25.867 9 INFO neutron.wsgi [req-d10e6665-fcc9-409b-b9b6-013b50fc77a1 req-03d09974-d053-45af-afb6-5dbae68459bb 8e496516951c466da03049da1912698b 9108d4d4cf4d463f827d698f2fad947c - - 6637fb82bf4d401aae4d36fd00c31ba8 6637fb82bf4d401aae4d36fd00c31ba8] 199.204.45.235 "GET /v2.0/subnets?id=7f1c452d-af56-43c9-a311-3f46f7476f1c&id=0da673c1-4e18-4d3a-b2b5-08f4778e423e HTTP/1.1" status: 200 len: 1562 time: 0.0459242
2026-07-01 08:37:25.898 9 INFO neutron.wsgi [req-d10e6665-fcc9-409b-b9b6-013b50fc77a1 req-3a8c3650-d3eb-4d0a-9b45-f77125d94167 8e496516951c466da03049da1912698b 9108d4d4cf4d463f827d698f2fad947c - - 6637fb82bf4d401aae4d36fd00c31ba8 6637fb82bf4d401aae4d36fd00c31ba8] 199.204.45.235 "GET /v2.0/ports?network_id=c8b69755-80b4-4933-b583-d4e9a413c5a2&device_owner=network%3Adhcp HTTP/1.1" status: 200 len: 210 time: 0.0214763
2026-07-01 08:37:25.917 9 INFO neutron.db.ovn_revision_numbers_db [None req-6e878e17-9b5b-4661-8be8-3ae22cbe892d d304297cc5d34d8b86439095a51d7958 af37a0cc71c24db9840a2d1e68c45ecf - - default default] Successfully bumped revision number for resource fc3214de-366b-4b44-8c29-15aac1e493ef (type: security_groups) to 1
2026-07-01 08:37:25.920 9 INFO neutron.wsgi [req-d10e6665-fcc9-409b-b9b6-013b50fc77a1 req-55be29b6-5655-4eec-bf1d-1720b9177a32 8e496516951c466da03049da1912698b 9108d4d4cf4d463f827d698f2fad947c - - 6637fb82bf4d401aae4d36fd00c31ba8 6637fb82bf4d401aae4d36fd00c31ba8] 199.204.45.235 "GET /v2.0/ports?network_id=c8b69755-80b4-4933-b583-d4e9a413c5a2&device_owner=network%3Adhcp HTTP/1.1" status: 200 len: 210 time: 0.0177748
2026-07-01 08:37:25.965 9 INFO neutron.db.ovn_revision_numbers_db [None req-6e878e17-9b5b-4661-8be8-3ae22cbe892d d304297cc5d34d8b86439095a51d7958 af37a0cc71c24db9840a2d1e68c45ecf - - default default] Successfully bumped revision number for resource 1fd5dfed-1491-48dc-8c71-e7bf515922a3 (type: security_group_rules) to 0
2026-07-01 08:37:26.009 9 INFO neutron.db.ovn_revision_numbers_db [None req-6e878e17-9b5b-4661-8be8-3ae22cbe892d d304297cc5d34d8b86439095a51d7958 af37a0cc71c24db9840a2d1e68c45ecf - - default default] Successfully bumped revision number for resource 411b8c83-da38-4a00-9abd-a5c6d8d201fb (type: security_group_rules) to 0
2026-07-01 08:37:26.036 9 INFO neutron.db.ovn_revision_numbers_db [None req-6e878e17-9b5b-4661-8be8-3ae22cbe892d d304297cc5d34d8b86439095a51d7958 af37a0cc71c24db9840a2d1e68c45ecf - - default default] Successfully bumped revision number for resource 6a4b1e02-7c74-49fa-9802-04690ecbdcbb (type: security_group_rules) to 0
2026-07-01 08:37:26.043 9 INFO neutron.wsgi [req-d10e6665-fcc9-409b-b9b6-013b50fc77a1 req-330e4198-62d9-4d65-94b0-426f82435bd1 8e496516951c466da03049da1912698b 9108d4d4cf4d463f827d698f2fad947c - - 6637fb82bf4d401aae4d36fd00c31ba8 6637fb82bf4d401aae4d36fd00c31ba8] 199.204.45.235 "GET /v2.0/networks/c8b69755-80b4-4933-b583-d4e9a413c5a2?fields=segments HTTP/1.1" status: 200 len: 212 time: 0.1111820
2026-07-01 08:37:26.059 9 INFO neutron.db.ovn_revision_numbers_db [None req-6e878e17-9b5b-4661-8be8-3ae22cbe892d d304297cc5d34d8b86439095a51d7958 af37a0cc71c24db9840a2d1e68c45ecf - - default default] Successfully bumped revision number for resource 9dda1988-834f-400a-aa0c-e69dfb47048e (type: security_group_rules) to 0
2026-07-01 08:37:26.099 9 INFO neutron.wsgi [None req-6e878e17-9b5b-4661-8be8-3ae22cbe892d d304297cc5d34d8b86439095a51d7958 af37a0cc71c24db9840a2d1e68c45ecf - - default default] 10.0.0.205 "GET /v2.0/security-groups?tenant_id=270910ef85004fcda8ef3e548abfd8d2&name=default HTTP/1.1" status: 200 len: 2996 time: 0.3725140
2026-07-01 08:37:26.134 9 INFO neutron.wsgi [req-d10e6665-fcc9-409b-b9b6-013b50fc77a1 req-9853b912-45db-4ade-81f0-18dd40fb5998 8e496516951c466da03049da1912698b 9108d4d4cf4d463f827d698f2fad947c - - 6637fb82bf4d401aae4d36fd00c31ba8 6637fb82bf4d401aae4d36fd00c31ba8] 199.204.45.235 "GET /v2.0/networks/c8b69755-80b4-4933-b583-d4e9a413c5a2?fields=provider%3Aphysical_network&fields=provider%3Anetwork_type HTTP/1.1" status: 200 len: 277 time: 0.0834241
2026-07-01 08:37:26.311 9 INFO neutron.wsgi [None req-a19e4986-87bb-42e1-a4c7-f04dc53ed1d8 d304297cc5d34d8b86439095a51d7958 af37a0cc71c24db9840a2d1e68c45ecf - - default default] 10.0.0.205 "DELETE /v2.0/security-groups/fc3214de-366b-4b44-8c29-15aac1e493ef HTTP/1.1" status: 204 len: 168 time: 0.2051077
2026-07-01 08:37:26.335 10 INFO neutron.wsgi [None req-f3a41598-91a9-4b43-b699-b2383af553f6 afb23f587cdc4b73922ba4ed0dde211e 332974626fa9403c92791c85cdd18eeb - - default default] 10.0.0.205 "GET /v2.0/routers?not-tags=red HTTP/1.1" status: 200 len: 1116 time: 0.5619259
2026-07-01 08:37:26.445 10 INFO neutron.wsgi [None req-93a72381-eee3-4ef3-ac9c-2c9b96c0d6dd afb23f587cdc4b73922ba4ed0dde211e 332974626fa9403c92791c85cdd18eeb - - default default] 10.0.0.205 "GET /v2.0/routers?not-tags=red%2Cblue HTTP/1.1" status: 200 len: 1573 time: 0.1044686
2026-07-01 08:37:26.520 10 INFO neutron.wsgi [None req-0383d4ee-197f-4ef8-9f23-b1e86f12b629 afb23f587cdc4b73922ba4ed0dde211e 332974626fa9403c92791c85cdd18eeb - - default default] 10.0.0.205 "GET /v2.0/routers?not-tags-any=blue HTTP/1.1" status: 200 len: 1573 time: 0.0684671
2026-07-01 08:37:26.583 10 INFO neutron.wsgi [None req-3424b476-c5bd-4e89-b0db-8e9456bd9024 afb23f587cdc4b73922ba4ed0dde211e 332974626fa9403c92791c85cdd18eeb - - default default] 10.0.0.205 "GET /v2.0/routers?not-tags-any=red%2Cblue HTTP/1.1" status: 200 len: 1116 time: 0.0574450
2026-07-01 08:37:26.640 10 INFO neutron.wsgi [None req-6bbf643a-d6df-48db-a08d-d97a33171939 afb23f587cdc4b73922ba4ed0dde211e 332974626fa9403c92791c85cdd18eeb - - default default] 10.0.0.205 "GET /v2.0/routers/3677b940-a2ee-429a-a36a-aefd29a2345e HTTP/1.1" status: 200 len: 660 time: 0.0508962
2026-07-01 08:37:26.830 10 INFO neutron.wsgi [None req-ffa46f3e-e494-4e87-9b0e-fec6644580a1 d304297cc5d34d8b86439095a51d7958 af37a0cc71c24db9840a2d1e68c45ecf - - default default] 10.0.0.18 "GET /v2.0/ports HTTP/1.1" status: 200 len: 18699 time: 0.2540705
2026-07-01 08:37:26.962 10 INFO neutron.wsgi [None req-42df6b6e-bf87-4b82-8c64-d15938346d16 d304297cc5d34d8b86439095a51d7958 af37a0cc71c24db9840a2d1e68c45ecf - - default default] 10.0.0.18 "GET /v2.0/floatingips HTTP/1.1" status: 200 len: 1878 time: 0.1006649
2026-07-01 08:37:27.106 10 INFO neutron.wsgi [None req-6262ba3a-52fb-4d0e-9fc5-ff332f2b7645 d304297cc5d34d8b86439095a51d7958 af37a0cc71c24db9840a2d1e68c45ecf - - default default] 10.0.0.18 "GET /v2.0/security-groups HTTP/1.1" status: 200 len: 29069 time: 0.1429238
2026-07-01 08:37:27.187 10 INFO neutron.wsgi [None req-ed6ba150-a841-4191-8540-896c1889371d d304297cc5d34d8b86439095a51d7958 af37a0cc71c24db9840a2d1e68c45ecf - - default default] 10.0.0.18 "GET /v2.0/subnets HTTP/1.1" status: 200 len: 5496 time: 0.0746546
2026-07-01 08:37:27.216 10 INFO neutron.wsgi [None req-995385f2-27d1-490b-9204-86cf76144b2b d304297cc5d34d8b86439095a51d7958 af37a0cc71c24db9840a2d1e68c45ecf - - default default] 10.0.0.18 "GET /v2.0/network-ip-availabilities HTTP/1.1" status: 200 len: 3361 time: 0.0278342
2026-07-01 08:37:27.366 10 INFO neutron.wsgi [None req-028d05c0-c509-4715-9aa0-d46e44ddec40 d304297cc5d34d8b86439095a51d7958 af37a0cc71c24db9840a2d1e68c45ecf - - default default] 10.0.0.18 "GET /v2.0/networks HTTP/1.1" status: 200 len: 4718 time: 0.1478872
2026-07-01 08:37:27.496 10 INFO neutron.db.ovn_revision_numbers_db [None req-a90ff745-1a91-4e52-b4f2-a31ce0d4a0ee afb23f587cdc4b73922ba4ed0dde211e 332974626fa9403c92791c85cdd18eeb - - default default] Successfully bumped revision number for resource 3677b940-a2ee-429a-a36a-aefd29a2345e (type: routers) to 2
2026-07-01 08:37:27.499 10 INFO neutron.wsgi [None req-a90ff745-1a91-4e52-b4f2-a31ce0d4a0ee afb23f587cdc4b73922ba4ed0dde211e 332974626fa9403c92791c85cdd18eeb - - default default] 10.0.0.205 "PUT /v2.0/routers/3677b940-a2ee-429a-a36a-aefd29a2345e HTTP/1.1" status: 200 len: 660 time: 0.8546724
2026-07-01 08:37:27.528 9 INFO neutron.wsgi [None req-92ff5961-af75-48e2-8fc9-2a35bc2e36d0 afb23f587cdc4b73922ba4ed0dde211e 332974626fa9403c92791c85cdd18eeb - - default default] 10.0.0.205 "GET /v2.0/ports?device_id=3677b940-a2ee-429a-a36a-aefd29a2345e HTTP/1.1" status: 200 len: 205 time: 0.0230923
2026-07-01 08:37:27.816 9 INFO neutron.wsgi [None req-c2986e5d-a6ee-4a63-a178-b016fbcf6ff6 afb23f587cdc4b73922ba4ed0dde211e 332974626fa9403c92791c85cdd18eeb - - default default] 10.0.0.205 "DELETE /v2.0/routers/3677b940-a2ee-429a-a36a-aefd29a2345e HTTP/1.1" status: 204 len: 168 time: 0.2842596
2026-07-01 08:37:27.873 9 INFO neutron.wsgi [None req-fb8d301f-ab89-4a93-aa83-4d3d3a90e2e0 afb23f587cdc4b73922ba4ed0dde211e 332974626fa9403c92791c85cdd18eeb - - default default] 10.0.0.205 "GET /v2.0/routers/b806d23b-51f5-4aa9-93bf-a66ee02978a5 HTTP/1.1" status: 200 len: 668 time: 0.0504286
2026-07-01 08:37:27.943 10 INFO neutron.wsgi [None req-22ca2a74-1cb8-4099-9927-8a9d5bd5b2e4 d304297cc5d34d8b86439095a51d7958 af37a0cc71c24db9840a2d1e68c45ecf - - default default] 10.0.0.18 "GET /v2.0/routers HTTP/1.1" status: 200 len: 3146 time: 0.5665803
2026-07-01 08:37:27.964 10 INFO neutron.wsgi [None req-12e8163b-e6d7-432c-8f4e-3b4a2eae62d3 d304297cc5d34d8b86439095a51d7958 af37a0cc71c24db9840a2d1e68c45ecf - - default default] 10.0.0.18 "GET /v2.0/agents?binary=ovn-controller HTTP/1.1" status: 200 len: 591 time: 0.0191908
2026-07-01 08:37:27.985 10 INFO neutron.wsgi [None req-419f1952-7ffd-4a7e-a323-38fda5a9e759 d304297cc5d34d8b86439095a51d7958 af37a0cc71c24db9840a2d1e68c45ecf - - default default] 10.0.0.18 "GET /v2.0/agents HTTP/1.1" status: 200 len: 997 time: 0.0208411
2026-07-01 08:37:28.058 10 INFO neutron.wsgi [None req-d5b1003c-47a7-46db-b13e-842f955d35c2 d304297cc5d34d8b86439095a51d7958 af37a0cc71c24db9840a2d1e68c45ecf - - default default] 10.0.0.18 "GET /v2.0/subnets HTTP/1.1" status: 200 len: 5496 time: 0.0694063
2026-07-01 08:37:28.074 10 INFO neutron.wsgi [None req-01c21cca-af77-47d5-9a21-5a7da45d3b19 d304297cc5d34d8b86439095a51d7958 af37a0cc71c24db9840a2d1e68c45ecf - - default default] 10.0.0.18 "GET /v2.0/subnetpools HTTP/1.1" status: 200 len: 193 time: 0.0135112
2026-07-01 08:37:28.700 9 INFO neutron.db.ovn_revision_numbers_db [None req-631d9d94-0c40-4440-94c4-860bbad64ac1 afb23f587cdc4b73922ba4ed0dde211e 332974626fa9403c92791c85cdd18eeb - - default default] Successfully bumped revision number for resource b806d23b-51f5-4aa9-93bf-a66ee02978a5 (type: routers) to 2
2026-07-01 08:37:28.704 9 INFO neutron.wsgi [None req-631d9d94-0c40-4440-94c4-860bbad64ac1 afb23f587cdc4b73922ba4ed0dde211e 332974626fa9403c92791c85cdd18eeb - - default default] 10.0.0.205 "PUT /v2.0/routers/b806d23b-51f5-4aa9-93bf-a66ee02978a5 HTTP/1.1" status: 200 len: 668 time: 0.8226204
2026-07-01 08:37:28.731 9 INFO neutron.wsgi [None req-d181473b-0562-4a3f-805a-7f0b6cc14992 afb23f587cdc4b73922ba4ed0dde211e 332974626fa9403c92791c85cdd18eeb - - default default] 10.0.0.205 "GET /v2.0/ports?device_id=b806d23b-51f5-4aa9-93bf-a66ee02978a5 HTTP/1.1" status: 200 len: 205 time: 0.0204554
2026-07-01 08:37:29.049 9 INFO neutron.wsgi [None req-77b37369-4b08-4644-8567-6bb8a30edd74 afb23f587cdc4b73922ba4ed0dde211e 332974626fa9403c92791c85cdd18eeb - - default default] 10.0.0.205 "DELETE /v2.0/routers/b806d23b-51f5-4aa9-93bf-a66ee02978a5 HTTP/1.1" status: 204 len: 168 time: 0.3109763
2026-07-01 08:37:29.115 9 INFO neutron.wsgi [None req-874120a0-c38f-405e-bb82-9988639697fd afb23f587cdc4b73922ba4ed0dde211e 332974626fa9403c92791c85cdd18eeb - - default default] 10.0.0.205 "GET /v2.0/routers/d4334244-bf34-4fa1-8e10-9ecdafdf8fb2 HTTP/1.1" status: 200 len: 677 time: 0.0568924
2026-07-01 08:37:29.454 9 INFO neutron.wsgi [req-331dd98c-0ca4-46a9-a729-033d7f41b533 req-5e6d6fe3-6d1a-4b33-88e6-e68bcdb56bab d304297cc5d34d8b86439095a51d7958 af37a0cc71c24db9840a2d1e68c45ecf - - default default] 10.0.0.16 "GET /v2.0/security-groups?id=3dffe8ee-ca27-40eb-9969-a153f0b315b3&fields=id HTTP/1.1" status: 200 len: 267 time: 0.0323493
2026-07-01 08:37:29.516 9 INFO neutron.wsgi [req-331dd98c-0ca4-46a9-a729-033d7f41b533 req-b8bb2e59-2ee7-4319-a513-c0003042c385 d304297cc5d34d8b86439095a51d7958 af37a0cc71c24db9840a2d1e68c45ecf - - default default] 10.0.0.16 "GET /v2.0/networks?id=d5d34f44-3dc5-4983-8d9a-732b689f3376 HTTP/1.1" status: 200 len: 937 time: 0.0544784
2026-07-01 08:37:29.532 9 INFO neutron.wsgi [req-331dd98c-0ca4-46a9-a729-033d7f41b533 req-e1f8c2b6-eb60-4b62-81f6-1846e9390445 d304297cc5d34d8b86439095a51d7958 af37a0cc71c24db9840a2d1e68c45ecf - - default default] 10.0.0.16 "GET /v2.0/quotas/af37a0cc71c24db9840a2d1e68c45ecf HTTP/1.1" status: 200 len: 385 time: 0.0085282
2026-07-01 08:37:29.590 9 INFO neutron.wsgi [req-331dd98c-0ca4-46a9-a729-033d7f41b533 req-a683e670-ae3d-478a-b84a-f06d399855f2 d304297cc5d34d8b86439095a51d7958 af37a0cc71c24db9840a2d1e68c45ecf - - default default] 10.0.0.16 "GET /v2.0/ports?tenant_id=af37a0cc71c24db9840a2d1e68c45ecf&fields=id HTTP/1.1" status: 200 len: 348 time: 0.0492585
2026-07-01 08:37:29.602 10 INFO neutron.db.ovn_revision_numbers_db [None req-b2b14d40-9cc7-44d7-813a-895f46b0ef3b afb23f587cdc4b73922ba4ed0dde211e 332974626fa9403c92791c85cdd18eeb - - default default] Successfully bumped revision number for resource d4334244-bf34-4fa1-8e10-9ecdafdf8fb2 (type: routers) to 2
2026-07-01 08:37:29.605 10 INFO neutron.wsgi [None req-b2b14d40-9cc7-44d7-813a-895f46b0ef3b afb23f587cdc4b73922ba4ed0dde211e 332974626fa9403c92791c85cdd18eeb - - default default] 10.0.0.205 "PUT /v2.0/routers/d4334244-bf34-4fa1-8e10-9ecdafdf8fb2 HTTP/1.1" status: 200 len: 677 time: 0.4837627
2026-07-01 08:37:29.631 10 INFO neutron.wsgi [None req-61ff46a2-9649-45a0-8823-8f261efb9496 afb23f587cdc4b73922ba4ed0dde211e 332974626fa9403c92791c85cdd18eeb - - default default] 10.0.0.205 "GET /v2.0/ports?device_id=d4334244-bf34-4fa1-8e10-9ecdafdf8fb2 HTTP/1.1" status: 200 len: 205 time: 0.0189033
2026-07-01 08:37:29.675 9 INFO neutron.wsgi [req-331dd98c-0ca4-46a9-a729-033d7f41b533 req-2cca9e75-dea3-409b-b25a-4a3ba29aa4bf 8e496516951c466da03049da1912698b 9108d4d4cf4d463f827d698f2fad947c - - 6637fb82bf4d401aae4d36fd00c31ba8 6637fb82bf4d401aae4d36fd00c31ba8] 10.0.0.16 "GET /v2.0/networks/d5d34f44-3dc5-4983-8d9a-732b689f3376?fields=segments HTTP/1.1" status: 200 len: 212 time: 0.0686212
2026-07-01 08:37:29.725 9 INFO neutron.wsgi [req-331dd98c-0ca4-46a9-a729-033d7f41b533 req-0fc91a16-bf5f-4bf3-af67-21ba54d7db10 8e496516951c466da03049da1912698b 9108d4d4cf4d463f827d698f2fad947c - - 6637fb82bf4d401aae4d36fd00c31ba8 6637fb82bf4d401aae4d36fd00c31ba8] 10.0.0.16 "GET /v2.0/networks/d5d34f44-3dc5-4983-8d9a-732b689f3376?fields=provider%3Aphysical_network&fields=provider%3Anetwork_type HTTP/1.1" status: 200 len: 277 time: 0.0462933
2026-07-01 08:37:29.782 9 WARNING neutron_lib.context [None req-cfdeb476-f273-499e-9e5d-20b3fec733c2 a5da220f7331473d9847acd91e18917e ebe26e12aff04f6b8c901fc181202a6a - - default default] Method 'is_advsvc' is deprecated since 2023.2 release (neutron-lib 3.8.0) and will be removed once support for the old RBAC API policies will be removed from Neutron. Please use method 'is_service_role' instead.
2026-07-01 08:37:29.841 9 INFO neutron.wsgi [-] 10.0.0.131 "GET / HTTP/1.1" status: 200 len: 245 time: 0.0014770
2026-07-01 08:37:29.842 9 INFO neutron.wsgi [-] 10.0.0.131 "GET / HTTP/1.1" status: 200 len: 245 time: 0.0012476
2026-07-01 08:37:29.937 10 INFO neutron.wsgi [None req-6aec46d2-f960-4da1-87f9-d01b70e32f1d afb23f587cdc4b73922ba4ed0dde211e 332974626fa9403c92791c85cdd18eeb - - default default] 10.0.0.205 "DELETE /v2.0/routers/d4334244-bf34-4fa1-8e10-9ecdafdf8fb2 HTTP/1.1" status: 204 len: 168 time: 0.3008478
2026-07-01 08:37:29.942 9 INFO neutron.db.ovn_revision_numbers_db [None req-cfdeb476-f273-499e-9e5d-20b3fec733c2 a5da220f7331473d9847acd91e18917e ebe26e12aff04f6b8c901fc181202a6a - - default default] Successfully bumped revision number for resource e70effdb-66a7-4902-b6f3-6e8d75b26a28 (type: security_groups) to 1
2026-07-01 08:37:29.964 9 INFO neutron.db.ovn_revision_numbers_db [None req-cfdeb476-f273-499e-9e5d-20b3fec733c2 a5da220f7331473d9847acd91e18917e ebe26e12aff04f6b8c901fc181202a6a - - default default] Successfully bumped revision number for resource 2ab6f6fa-3708-4ae1-a51f-f0a4a16f317e (type: security_group_rules) to 0
2026-07-01 08:37:29.998 10 INFO neutron.wsgi [None req-f9b23182-7f2b-42ea-8259-98915a4288c6 afb23f587cdc4b73922ba4ed0dde211e 332974626fa9403c92791c85cdd18eeb - - default default] 10.0.0.205 "GET /v2.0/routers/617c5488-4888-4dcd-a40e-7afd39cc31a9 HTTP/1.1" status: 200 len: 662 time: 0.0547872
2026-07-01 08:37:29.997 9 INFO neutron.db.ovn_revision_numbers_db [None req-cfdeb476-f273-499e-9e5d-20b3fec733c2 a5da220f7331473d9847acd91e18917e ebe26e12aff04f6b8c901fc181202a6a - - default default] Successfully bumped revision number for resource 4ee64c5b-3a29-4eb7-8feb-7fb3095057ee (type: security_group_rules) to 0
2026-07-01 08:37:30.017 9 INFO neutron.db.ovn_revision_numbers_db [None req-cfdeb476-f273-499e-9e5d-20b3fec733c2 a5da220f7331473d9847acd91e18917e ebe26e12aff04f6b8c901fc181202a6a - - default default] Successfully bumped revision number for resource 79f16c07-ad0b-4a35-927c-393490813301 (type: security_group_rules) to 0
2026-07-01 08:37:30.039 9 INFO neutron.db.ovn_revision_numbers_db [None req-cfdeb476-f273-499e-9e5d-20b3fec733c2 a5da220f7331473d9847acd91e18917e ebe26e12aff04f6b8c901fc181202a6a - - default default] Successfully bumped revision number for resource a787c3f9-9b89-4061-a3af-bc9e3bb91980 (type: security_group_rules) to 0
2026-07-01 08:37:30.103 9 INFO neutron.db.segments_db [None req-cfdeb476-f273-499e-9e5d-20b3fec733c2 a5da220f7331473d9847acd91e18917e ebe26e12aff04f6b8c901fc181202a6a - - default default] Added segment 97a5e926-01a9-45bd-b04a-bf8f72bdf682 of type geneve for network ef88be17-4cb2-477e-b655-2d9313491d73
2026-07-01 08:37:30.290 9 INFO neutron.db.ovn_revision_numbers_db [None req-cfdeb476-f273-499e-9e5d-20b3fec733c2 a5da220f7331473d9847acd91e18917e ebe26e12aff04f6b8c901fc181202a6a - - default default] Successfully bumped revision number for resource ef88be17-4cb2-477e-b655-2d9313491d73 (type: networks) to 1
2026-07-01 08:37:30.316 10 INFO neutron.wsgi [req-ae4de627-3242-4cb5-9e1d-84d79ccf25e3 req-643a896a-924a-461c-9051-4d8658a5905c d304297cc5d34d8b86439095a51d7958 af37a0cc71c24db9840a2d1e68c45ecf - - default default] 10.0.0.16 "GET /v2.0/ports?device_id=045d8402-5cd8-44c1-9806-68f6a8af4130 HTTP/1.1" status: 200 len: 210 time: 0.0331292
2026-07-01 08:37:30.440 9 INFO neutron.wsgi [req-04369062-61ea-463d-afbb-69bd62ee78bb req-dea496a5-93d0-4a8c-ad02-53c36b627e38 d304297cc5d34d8b86439095a51d7958 af37a0cc71c24db9840a2d1e68c45ecf - - default default] 10.0.0.16 "GET /v2.0/ports?device_id=045d8402-5cd8-44c1-9806-68f6a8af4130 HTTP/1.1" status: 200 len: 210 time: 0.0303984
2026-07-01 08:37:30.486 10 INFO neutron.db.ovn_revision_numbers_db [None req-3c610bba-f7ea-47f6-8a9b-09e7a7077fa0 afb23f587cdc4b73922ba4ed0dde211e 332974626fa9403c92791c85cdd18eeb - - default default] Successfully bumped revision number for resource 617c5488-4888-4dcd-a40e-7afd39cc31a9 (type: routers) to 2
2026-07-01 08:37:30.492 10 INFO neutron.wsgi [None req-3c610bba-f7ea-47f6-8a9b-09e7a7077fa0 afb23f587cdc4b73922ba4ed0dde211e 332974626fa9403c92791c85cdd18eeb - - default default] 10.0.0.205 "PUT /v2.0/routers/617c5488-4888-4dcd-a40e-7afd39cc31a9 HTTP/1.1" status: 200 len: 662 time: 0.4869254
2026-07-01 08:37:30.517 10 INFO neutron.wsgi [None req-c87a9dc2-2d4c-4f0c-adea-ac13bd4ef95d afb23f587cdc4b73922ba4ed0dde211e 332974626fa9403c92791c85cdd18eeb - - default default] 10.0.0.205 "GET /v2.0/ports?device_id=617c5488-4888-4dcd-a40e-7afd39cc31a9 HTTP/1.1" status: 200 len: 205 time: 0.0203586
2026-07-01 08:37:30.521 9 WARNING neutron.scheduler.dhcp_agent_scheduler [None req-cfdeb476-f273-499e-9e5d-20b3fec733c2 a5da220f7331473d9847acd91e18917e ebe26e12aff04f6b8c901fc181202a6a - - default default] No more DHCP agents
2026-07-01 08:37:30.523 9 WARNING neutron.api.rpc.agentnotifiers.dhcp_rpc_agent_api [None req-cfdeb476-f273-499e-9e5d-20b3fec733c2 a5da220f7331473d9847acd91e18917e ebe26e12aff04f6b8c901fc181202a6a - - default default] Unable to schedule network ef88be17-4cb2-477e-b655-2d9313491d73: no agents available; will retry on subsequent port and subnet creation events.
2026-07-01 08:37:30.615 9 INFO neutron.db.ovn_revision_numbers_db [None req-cfdeb476-f273-499e-9e5d-20b3fec733c2 a5da220f7331473d9847acd91e18917e ebe26e12aff04f6b8c901fc181202a6a - - default default] Successfully bumped revision number for resource 4b4b07ed-b567-4c1c-bbc6-02d6d633db20 (type: ports) to 1
2026-07-01 08:37:30.645 9 INFO neutron.wsgi [None req-cfdeb476-f273-499e-9e5d-20b3fec733c2 a5da220f7331473d9847acd91e18917e ebe26e12aff04f6b8c901fc181202a6a - - default default] 10.0.0.205 "POST /v2.0/networks HTTP/1.1" status: 201 len: 831 time: 0.9954288
2026-07-01 08:37:30.655 9 WARNING neutron_lib.context [None req-8423813d-aa9a-4c38-8a8f-3b666e5f7b27 a5da220f7331473d9847acd91e18917e ebe26e12aff04f6b8c901fc181202a6a - - default default] Method 'is_advsvc' is deprecated since 2023.2 release (neutron-lib 3.8.0) and will be removed once support for the old RBAC API policies will be removed from Neutron. Please use method 'is_service_role' instead.
2026-07-01 08:37:30.750 9 INFO neutron.db.segments_db [None req-8423813d-aa9a-4c38-8a8f-3b666e5f7b27 a5da220f7331473d9847acd91e18917e ebe26e12aff04f6b8c901fc181202a6a - - default default] Added segment 7a6a5542-c940-4616-8c4b-58efa2d0220f of type geneve for network e38845e4-7b96-48ef-98d5-5ce08aa599a8
2026-07-01 08:37:30.966 9 INFO neutron.db.ovn_revision_numbers_db [None req-8423813d-aa9a-4c38-8a8f-3b666e5f7b27 a5da220f7331473d9847acd91e18917e ebe26e12aff04f6b8c901fc181202a6a - - default default] Successfully bumped revision number for resource e38845e4-7b96-48ef-98d5-5ce08aa599a8 (type: networks) to 1
2026-07-01 08:37:30.975 9 INFO neutron.wsgi [req-331dd98c-0ca4-46a9-a729-033d7f41b533 req-03d80963-9b6c-43c4-bd68-66ed1c41a25c d304297cc5d34d8b86439095a51d7958 af37a0cc71c24db9840a2d1e68c45ecf - - default default] 199.204.45.235 "GET /v2.0/networks?id=d5d34f44-3dc5-4983-8d9a-732b689f3376 HTTP/1.1" status: 200 len: 937 time: 0.1312175
2026-07-01 08:37:31.069 9 INFO neutron.wsgi [req-331dd98c-0ca4-46a9-a729-033d7f41b533 req-45475496-2378-4d95-b79d-96aff5f7d91c d304297cc5d34d8b86439095a51d7958 af37a0cc71c24db9840a2d1e68c45ecf - - default default] 199.204.45.235 "GET /v2.0/security-groups?fields=id&fields=name&tenant_id=af37a0cc71c24db9840a2d1e68c45ecf HTTP/1.1" status: 200 len: 542 time: 0.0876007
2026-07-01 08:37:31.126 10 INFO neutron.wsgi [None req-4580b61b-d4d0-4376-ac9e-94ac306c29d8 afb23f587cdc4b73922ba4ed0dde211e 332974626fa9403c92791c85cdd18eeb - - default default] 10.0.0.205 "DELETE /v2.0/routers/617c5488-4888-4dcd-a40e-7afd39cc31a9 HTTP/1.1" status: 204 len: 168 time: 0.6028221
2026-07-01 08:37:31.174 10 INFO neutron.wsgi [None req-4cf12c73-f71a-40d2-98a2-22b822845359 afb23f587cdc4b73922ba4ed0dde211e 332974626fa9403c92791c85cdd18eeb - - default default] 10.0.0.205 "GET /v2.0/routers/035a020d-96c9-4ac6-a670-0ae873772bce HTTP/1.1" status: 200 len: 655 time: 0.0422685
2026-07-01 08:37:31.503 9 WARNING neutron.scheduler.dhcp_agent_scheduler [None req-8423813d-aa9a-4c38-8a8f-3b666e5f7b27 a5da220f7331473d9847acd91e18917e ebe26e12aff04f6b8c901fc181202a6a - - default default] No more DHCP agents
2026-07-01 08:37:31.511 9 WARNING neutron.api.rpc.agentnotifiers.dhcp_rpc_agent_api [None req-8423813d-aa9a-4c38-8a8f-3b666e5f7b27 a5da220f7331473d9847acd91e18917e ebe26e12aff04f6b8c901fc181202a6a - - default default] Unable to schedule network e38845e4-7b96-48ef-98d5-5ce08aa599a8: no agents available; will retry on subsequent port and subnet creation events.
2026-07-01 08:37:31.577 10 INFO neutron.wsgi [None req-29f14c25-f03f-4685-bd71-a28df8713b1c afb23f587cdc4b73922ba4ed0dde211e 332974626fa9403c92791c85cdd18eeb - - default default] 10.0.0.205 "PUT /v2.0/routers/035a020d-96c9-4ac6-a670-0ae873772bce HTTP/1.1" status: 200 len: 655 time: 0.3906810
2026-07-01 08:37:31.608 10 INFO neutron.wsgi [None req-c3acfa97-631a-4eb6-9568-177e5ac6e36a afb23f587cdc4b73922ba4ed0dde211e 332974626fa9403c92791c85cdd18eeb - - default default] 10.0.0.205 "GET /v2.0/ports?device_id=035a020d-96c9-4ac6-a670-0ae873772bce HTTP/1.1" status: 200 len: 205 time: 0.0219457
2026-07-01 08:37:31.639 9 INFO neutron.db.ovn_revision_numbers_db [None req-8423813d-aa9a-4c38-8a8f-3b666e5f7b27 a5da220f7331473d9847acd91e18917e ebe26e12aff04f6b8c901fc181202a6a - - default default] Successfully bumped revision number for resource 8f50702e-c4e1-4441-9706-cd1a639a7060 (type: ports) to 1
2026-07-01 08:37:31.683 9 WARNING neutron.scheduler.dhcp_agent_scheduler [req-331dd98c-0ca4-46a9-a729-033d7f41b533 req-08d7f5cf-6657-4b4d-9ae2-c4eda8dff76f d304297cc5d34d8b86439095a51d7958 af37a0cc71c24db9840a2d1e68c45ecf - - default default] No more DHCP agents
2026-07-01 08:37:31.686 9 INFO neutron.wsgi [None req-8423813d-aa9a-4c38-8a8f-3b666e5f7b27 a5da220f7331473d9847acd91e18917e ebe26e12aff04f6b8c901fc181202a6a - - default default] 10.0.0.205 "POST /v2.0/networks HTTP/1.1" status: 201 len: 831 time: 1.0367165
2026-07-01 08:37:31.691 9 WARNING neutron.api.rpc.agentnotifiers.dhcp_rpc_agent_api [req-331dd98c-0ca4-46a9-a729-033d7f41b533 req-08d7f5cf-6657-4b4d-9ae2-c4eda8dff76f d304297cc5d34d8b86439095a51d7958 af37a0cc71c24db9840a2d1e68c45ecf - - default default] Unable to schedule network d5d34f44-3dc5-4983-8d9a-732b689f3376: no agents available; will retry on subsequent port and subnet creation events. /var/lib/openstack/lib/python3.10/site-packages/pycadf/identifier.py:71: UserWarning: Invalid uuid: neutron. To ensure interoperability, identifiers should be a valid uuid. warnings.warn(('Invalid uuid: %s. To ensure interoperability, '
2026-07-01 08:37:31.778 9 INFO neutron.wsgi [None req-ffe051ce-948e-4239-bd6c-cd00bea47ccc a5da220f7331473d9847acd91e18917e ebe26e12aff04f6b8c901fc181202a6a - - default default] 10.0.0.205 "PUT /v2.0/networks/ef88be17-4cb2-477e-b655-2d9313491d73/tags HTTP/1.1" status: 200 len: 218 time: 0.0727727
2026-07-01 08:37:31.879 10 INFO neutron.wsgi [None req-78907c52-04c9-4ea4-af09-183626127b4a a5da220f7331473d9847acd91e18917e ebe26e12aff04f6b8c901fc181202a6a - - default default] 10.0.0.205 "GET /v2.0/networks/ef88be17-4cb2-477e-b655-2d9313491d73/tags HTTP/1.1" status: 200 len: 218 time: 0.0941162
2026-07-01 08:37:31.924 10 INFO neutron.wsgi [None req-075fa2eb-00d3-49ef-855c-2069bd7e7f3a afb23f587cdc4b73922ba4ed0dde211e 332974626fa9403c92791c85cdd18eeb - - default default] 10.0.0.205 "DELETE /v2.0/routers/035a020d-96c9-4ac6-a670-0ae873772bce HTTP/1.1" status: 204 len: 168 time: 0.3088312
2026-07-01 08:37:31.933 9 INFO neutron.db.ovn_revision_numbers_db [req-331dd98c-0ca4-46a9-a729-033d7f41b533 req-08d7f5cf-6657-4b4d-9ae2-c4eda8dff76f d304297cc5d34d8b86439095a51d7958 af37a0cc71c24db9840a2d1e68c45ecf - - default default] Successfully bumped revision number for resource b35d336f-02a6-4096-9a91-08724eb2d119 (type: ports) to 1
2026-07-01 08:37:31.952 9 INFO neutron.wsgi [None req-f56f3e9f-cc59-4d9c-b9a2-a915f0ef2fe7 a5da220f7331473d9847acd91e18917e ebe26e12aff04f6b8c901fc181202a6a - - default default] 10.0.0.205 "PUT /v2.0/networks/e38845e4-7b96-48ef-98d5-5ce08aa599a8/tags HTTP/1.1" status: 200 len: 210 time: 0.0629649
2026-07-01 08:37:31.966 9 INFO neutron.wsgi [req-331dd98c-0ca4-46a9-a729-033d7f41b533 req-08d7f5cf-6657-4b4d-9ae2-c4eda8dff76f d304297cc5d34d8b86439095a51d7958 af37a0cc71c24db9840a2d1e68c45ecf - - default default] 199.204.45.235 "POST /v2.0/ports HTTP/1.1" status: 201 len: 1287 time: 0.8923521
2026-07-01 08:37:32.031 9 INFO neutron.wsgi [None req-7c3a5b2c-142f-464c-b3bb-22ac1425f685 a5da220f7331473d9847acd91e18917e ebe26e12aff04f6b8c901fc181202a6a - - default default] 10.0.0.205 "GET /v2.0/networks/e38845e4-7b96-48ef-98d5-5ce08aa599a8/tags HTTP/1.1" status: 200 len: 210 time: 0.0727522
2026-07-01 08:37:32.095 10 INFO neutron.wsgi [None req-80ea28e8-06ef-4584-bce1-36dbaef240af a5da220f7331473d9847acd91e18917e ebe26e12aff04f6b8c901fc181202a6a - - default default] 10.0.0.205 "PUT /v2.0/networks/e38845e4-7b96-48ef-98d5-5ce08aa599a8/tags HTTP/1.1" status: 200 len: 205 time: 0.0575676
2026-07-01 08:37:32.143 10 INFO neutron.wsgi [None req-3959db13-506a-4eaa-873c-9f18a28941f2 a5da220f7331473d9847acd91e18917e ebe26e12aff04f6b8c901fc181202a6a - - default default] 10.0.0.205 "GET /v2.0/networks/e38845e4-7b96-48ef-98d5-5ce08aa599a8/tags HTTP/1.1" status: 200 len: 205 time: 0.0423012
2026-07-01 08:37:32.194 10 INFO neutron.wsgi [None req-76dc3bc8-b0de-495c-ad7d-32e09e1daf38 a5da220f7331473d9847acd91e18917e ebe26e12aff04f6b8c901fc181202a6a - - default default] 10.0.0.205 "GET /v2.0/networks/ef88be17-4cb2-477e-b655-2d9313491d73/tags HTTP/1.1" status: 200 len: 218 time: 0.0457730
2026-07-01 08:37:32.429 9 INFO neutron.db.ovn_revision_numbers_db [req-331dd98c-0ca4-46a9-a729-033d7f41b533 req-735154ff-ac27-404b-b072-66e0da55729b 8e496516951c466da03049da1912698b 9108d4d4cf4d463f827d698f2fad947c - - 6637fb82bf4d401aae4d36fd00c31ba8 6637fb82bf4d401aae4d36fd00c31ba8] Successfully bumped revision number for resource b35d336f-02a6-4096-9a91-08724eb2d119 (type: ports) to 2
2026-07-01 08:37:32.590 10 INFO neutron.services.segments.plugin [-] Segment 97a5e926-01a9-45bd-b04a-bf8f72bdf682 resource provider aggregate not found
2026-07-01 08:37:32.596 10 INFO neutron.services.segments.plugin [-] Segment 97a5e926-01a9-45bd-b04a-bf8f72bdf682 resource provider aggregate not found
2026-07-01 08:37:32.606 10 INFO neutron.services.segments.plugin [-] Segment 97a5e926-01a9-45bd-b04a-bf8f72bdf682 resource provider not found; error: Placement Client Error (4xx): {"errors": [{"status": 404, "title": "Not Found", "detail": "The resource could not be found.\n\n No resource provider with uuid 97a5e926-01a9-45bd-b04a-bf8f72bdf682 found for delete ", "request_id": "req-273199b8-c6e7-4a5d-b458-ae4b4d48b122"}]}
2026-07-01 08:37:32.616 10 INFO neutron.services.segments.plugin [-] Segment 97a5e926-01a9-45bd-b04a-bf8f72bdf682 resource provider not found; error: Placement Client Error (4xx): {"errors": [{"status": 404, "title": "Not Found", "detail": "The resource could not be found.\n\n No resource provider with uuid 97a5e926-01a9-45bd-b04a-bf8f72bdf682 found for delete ", "request_id": "req-adbb9cee-243b-49b1-b937-8a83ade6dfc9"}]}
2026-07-01 08:37:32.631 9 INFO neutron.db.ovn_revision_numbers_db [req-331dd98c-0ca4-46a9-a729-033d7f41b533 req-735154ff-ac27-404b-b072-66e0da55729b 8e496516951c466da03049da1912698b 9108d4d4cf4d463f827d698f2fad947c - - 6637fb82bf4d401aae4d36fd00c31ba8 6637fb82bf4d401aae4d36fd00c31ba8] Successfully bumped revision number for resource b35d336f-02a6-4096-9a91-08724eb2d119 (type: ports) to 2
2026-07-01 08:37:32.641 10 INFO neutron.wsgi [None req-d5d01d1e-dc4d-4236-9796-6c4c58a77eff a5da220f7331473d9847acd91e18917e ebe26e12aff04f6b8c901fc181202a6a - - default default] 10.0.0.205 "DELETE /v2.0/networks/ef88be17-4cb2-477e-b655-2d9313491d73 HTTP/1.1" status: 204 len: 168 time: 0.4285786
2026-07-01 08:37:32.654 9 INFO neutron.wsgi [req-331dd98c-0ca4-46a9-a729-033d7f41b533 req-735154ff-ac27-404b-b072-66e0da55729b 8e496516951c466da03049da1912698b 9108d4d4cf4d463f827d698f2fad947c - - 6637fb82bf4d401aae4d36fd00c31ba8 6637fb82bf4d401aae4d36fd00c31ba8] 199.204.45.235 "PUT /v2.0/ports/b35d336f-02a6-4096-9a91-08724eb2d119 HTTP/1.1" status: 200 len: 1384 time: 0.6826742
2026-07-01 08:37:32.700 9 INFO neutron.notifiers.nova [-] Nova event matching ['req-0e537934-7a67-458b-aea6-02a9bd1d012c'] response: {'name': 'network-changed', 'server_uuid': '045d8402-5cd8-44c1-9806-68f6a8af4130', 'tag': 'b35d336f-02a6-4096-9a91-08724eb2d119', 'status': 'completed', 'code': 200} /var/lib/openstack/lib/python3.10/site-packages/pycadf/identifier.py:71: UserWarning: Invalid uuid: neutron. To ensure interoperability, identifiers should be a valid uuid. warnings.warn(('Invalid uuid: %s. To ensure interoperability, '
2026-07-01 08:37:32.738 9 INFO neutron.wsgi [req-331dd98c-0ca4-46a9-a729-033d7f41b533 req-a14a2800-5dab-4c29-a948-3bc1eec0d022 8e496516951c466da03049da1912698b 9108d4d4cf4d463f827d698f2fad947c - - 6637fb82bf4d401aae4d36fd00c31ba8 6637fb82bf4d401aae4d36fd00c31ba8] 199.204.45.235 "GET /v2.0/ports?tenant_id=af37a0cc71c24db9840a2d1e68c45ecf&device_id=045d8402-5cd8-44c1-9806-68f6a8af4130 HTTP/1.1" status: 200 len: 1415 time: 0.0338547
2026-07-01 08:37:32.770 9 INFO neutron.wsgi [req-331dd98c-0ca4-46a9-a729-033d7f41b533 req-dfb4cd61-50c0-436b-b712-341c0c0916d3 8e496516951c466da03049da1912698b 9108d4d4cf4d463f827d698f2fad947c - - 6637fb82bf4d401aae4d36fd00c31ba8 6637fb82bf4d401aae4d36fd00c31ba8] 199.204.45.235 "GET /v2.0/floatingips?fixed_ip_address=172.24.3.118&port_id=b35d336f-02a6-4096-9a91-08724eb2d119 HTTP/1.1" status: 200 len: 217 time: 0.0263898
2026-07-01 08:37:32.805 9 INFO neutron.wsgi [req-331dd98c-0ca4-46a9-a729-033d7f41b533 req-8e4f6b2f-d988-4da7-a64a-1d4725f8d8ea 8e496516951c466da03049da1912698b 9108d4d4cf4d463f827d698f2fad947c - - 6637fb82bf4d401aae4d36fd00c31ba8 6637fb82bf4d401aae4d36fd00c31ba8] 199.204.45.235 "GET /v2.0/subnets?id=6c1aa79b-9968-46d1-8985-fd2620737d2a HTTP/1.1" status: 200 len: 829 time: 0.0307097
2026-07-01 08:37:32.833 9 INFO neutron.wsgi [req-331dd98c-0ca4-46a9-a729-033d7f41b533 req-1cd3f64c-7758-4654-bf3c-73a0575b0a3e 8e496516951c466da03049da1912698b 9108d4d4cf4d463f827d698f2fad947c - - 6637fb82bf4d401aae4d36fd00c31ba8 6637fb82bf4d401aae4d36fd00c31ba8] 199.204.45.235 "GET /v2.0/ports?network_id=d5d34f44-3dc5-4983-8d9a-732b689f3376&device_owner=network%3Adhcp HTTP/1.1" status: 200 len: 210 time: 0.0205393
2026-07-01 08:37:32.905 9 INFO neutron.wsgi [req-331dd98c-0ca4-46a9-a729-033d7f41b533 req-4564a766-95d3-4884-a7b0-7231127bf131 8e496516951c466da03049da1912698b 9108d4d4cf4d463f827d698f2fad947c - - 6637fb82bf4d401aae4d36fd00c31ba8 6637fb82bf4d401aae4d36fd00c31ba8] 199.204.45.235 "GET /v2.0/networks/d5d34f44-3dc5-4983-8d9a-732b689f3376?fields=segments HTTP/1.1" status: 200 len: 212 time: 0.0638111
2026-07-01 08:37:33.014 9 INFO neutron.wsgi [req-331dd98c-0ca4-46a9-a729-033d7f41b533 req-e394890d-47ff-4114-b7a6-ee2971bd159b 8e496516951c466da03049da1912698b 9108d4d4cf4d463f827d698f2fad947c - - 6637fb82bf4d401aae4d36fd00c31ba8 6637fb82bf4d401aae4d36fd00c31ba8] 199.204.45.235 "GET /v2.0/networks/d5d34f44-3dc5-4983-8d9a-732b689f3376?fields=provider%3Aphysical_network&fields=provider%3Anetwork_type HTTP/1.1" status: 200 len: 277 time: 0.1030035
2026-07-01 08:37:33.119 10 INFO neutron.wsgi [None req-38ea3912-be31-43f9-90b2-9ec8feee589d a5da220f7331473d9847acd91e18917e ebe26e12aff04f6b8c901fc181202a6a - - default default] 10.0.0.205 "DELETE /v2.0/networks/e38845e4-7b96-48ef-98d5-5ce08aa599a8 HTTP/1.1" status: 204 len: 168 time: 0.4708591
2026-07-01 08:37:33.138 9 INFO neutron.wsgi [req-d97fe2ec-24c5-4a0d-a0c8-810f50bae361 req-697c5320-d552-41d2-b2f9-608ecbdd8e5b 8e496516951c466da03049da1912698b 9108d4d4cf4d463f827d698f2fad947c - - 6637fb82bf4d401aae4d36fd00c31ba8 6637fb82bf4d401aae4d36fd00c31ba8] 199.204.45.235 "GET /v2.0/ports?tenant_id=af37a0cc71c24db9840a2d1e68c45ecf&device_id=045d8402-5cd8-44c1-9806-68f6a8af4130 HTTP/1.1" status: 200 len: 1415 time: 0.0761619
2026-07-01 08:37:33.196 9 INFO neutron.db.ovn_revision_numbers_db [None req-04e6e30a-e5b9-43e1-b86c-7ed76290fe77 d304297cc5d34d8b86439095a51d7958 af37a0cc71c24db9840a2d1e68c45ecf - - default default] Successfully bumped revision number for resource e980f0c2-b453-40e8-b14c-7a06c1c01dbc (type: security_groups) to 1
2026-07-01 08:37:33.218 9 INFO neutron.db.ovn_revision_numbers_db [None req-04e6e30a-e5b9-43e1-b86c-7ed76290fe77 d304297cc5d34d8b86439095a51d7958 af37a0cc71c24db9840a2d1e68c45ecf - - default default] Successfully bumped revision number for resource 166ea9cf-96b4-4927-b7ff-e6b9df9f0427 (type: security_group_rules) to 0
2026-07-01 08:37:33.268 9 INFO neutron.wsgi [req-d97fe2ec-24c5-4a0d-a0c8-810f50bae361 req-727f1897-4ccd-4239-a7bd-e3ce06c03a68 8e496516951c466da03049da1912698b 9108d4d4cf4d463f827d698f2fad947c - - 6637fb82bf4d401aae4d36fd00c31ba8 6637fb82bf4d401aae4d36fd00c31ba8] 199.204.45.235 "GET /v2.0/networks?id=d5d34f44-3dc5-4983-8d9a-732b689f3376 HTTP/1.1" status: 200 len: 937 time: 0.1205041
2026-07-01 08:37:33.269 9 INFO neutron.db.ovn_revision_numbers_db [None req-04e6e30a-e5b9-43e1-b86c-7ed76290fe77 d304297cc5d34d8b86439095a51d7958 af37a0cc71c24db9840a2d1e68c45ecf - - default default] Successfully bumped revision number for resource 4d46f9c9-4c5a-4301-97f6-268a84f0a88f (type: security_group_rules) to 0
2026-07-01 08:37:33.291 9 INFO neutron.wsgi [req-04877193-3337-4b36-aeae-8e2d8702fb6e req-b5365d2b-25a2-4eb1-8ca5-236491fa05d2 8e496516951c466da03049da1912698b 9108d4d4cf4d463f827d698f2fad947c - - 6637fb82bf4d401aae4d36fd00c31ba8 6637fb82bf4d401aae4d36fd00c31ba8] 199.204.45.235 "GET /v2.0/ports?device_id=045d8402-5cd8-44c1-9806-68f6a8af4130 HTTP/1.1" status: 200 len: 1415 time: 0.0629377
2026-07-01 08:37:33.314 9 INFO neutron.wsgi [req-d97fe2ec-24c5-4a0d-a0c8-810f50bae361 req-66b50f0a-0e7b-45bc-89ee-18fbd2d3c9d9 8e496516951c466da03049da1912698b 9108d4d4cf4d463f827d698f2fad947c - - 6637fb82bf4d401aae4d36fd00c31ba8 6637fb82bf4d401aae4d36fd00c31ba8] 199.204.45.235 "GET /v2.0/floatingips?fixed_ip_address=172.24.3.118&port_id=b35d336f-02a6-4096-9a91-08724eb2d119 HTTP/1.1" status: 200 len: 217 time: 0.0367448
2026-07-01 08:37:33.315 9 INFO neutron.db.ovn_revision_numbers_db [None req-04e6e30a-e5b9-43e1-b86c-7ed76290fe77 d304297cc5d34d8b86439095a51d7958 af37a0cc71c24db9840a2d1e68c45ecf - - default default] Successfully bumped revision number for resource d09a73b3-87b4-40f8-a31e-89c0a8c6ae0b (type: security_group_rules) to 0
2026-07-01 08:37:33.331 10 INFO neutron.wsgi [req-78549e42-7d77-42c5-9d29-1bce344035ee req-9e7689aa-6539-40aa-85bd-5150f2f3a1d0 d304297cc5d34d8b86439095a51d7958 af37a0cc71c24db9840a2d1e68c45ecf - - default default] 10.0.0.16 "GET /v2.0/ports?device_id=045d8402-5cd8-44c1-9806-68f6a8af4130 HTTP/1.1" status: 200 len: 1415 time: 0.0422907
2026-07-01 08:37:33.345 9 INFO neutron.db.ovn_revision_numbers_db [None req-04e6e30a-e5b9-43e1-b86c-7ed76290fe77 d304297cc5d34d8b86439095a51d7958 af37a0cc71c24db9840a2d1e68c45ecf - - default default] Successfully bumped revision number for resource dc922213-b508-4b48-bb3e-4f33a3465e57 (type: security_group_rules) to 0
