2026-07-01 08:36:55.793 9 INFO neutron.notifiers.nova [-] Nova event matching ['req-37298248-56e7-447c-975e-d670bcc01b80'] response: {'server_uuid': 'd4335eb4-6683-4b6c-a329-04a0e4483a99', 'name': 'network-vif-deleted', 'tag': 'f9c8961d-e96b-416d-b039-d2109c9c5c50', 'status': 'completed', 'code': 200}
2026-07-01 08:36:56.003 9 INFO neutron.wsgi [None req-8db12879-83a8-4bd3-acdf-9fe0fe95464d 9374107880ac40839e722d551fa1b12c c722d9c5eeeb42fabfbe6a199ee42974 - - default default] 10.0.0.205 "DELETE /v2.0/security-groups/c71cb011-0889-4f68-a91b-196eac222eee HTTP/1.1" status: 204 len: 168 time: 0.2710140
2026-07-01 08:36:56.046 9 INFO neutron.api.v2.resource [None req-0bb25776-32d7-4a5c-8fe1-7a80b03f3f94 9374107880ac40839e722d551fa1b12c c722d9c5eeeb42fabfbe6a199ee42974 - - default default] show failed (client error): The resource could not be found.
2026-07-01 08:36:56.047 9 INFO neutron.wsgi [None req-0bb25776-32d7-4a5c-8fe1-7a80b03f3f94 9374107880ac40839e722d551fa1b12c c722d9c5eeeb42fabfbe6a199ee42974 - - default default] 10.0.0.205 "GET /v2.0/security-groups/c71cb011-0889-4f68-a91b-196eac222eee HTTP/1.1" status: 404 len: 347 time: 0.0334899
2026-07-01 08:36:56.177 9 INFO neutron.db.ovn_revision_numbers_db [None req-aa695e8c-ebc2-4ae9-8756-61460255505c - - - - - -] Successfully bumped revision number for resource 997da0ad-30aa-46b5-ae60-37a36730b538 (type: ports) to 4
2026-07-01 08:36:56.224 9 INFO neutron.wsgi [None req-02ddbed9-a252-4fcf-8757-5dbe9276e8ea ac806972f3654df79e52c0ea6cd1cebc c6d31feadfe74e43a5895a8f8d133ea5 - - default default] 10.0.0.205 "DELETE /v2.0/security-groups/ce7ebde2-8c43-43e5-97ae-994f7799f943 HTTP/1.1" status: 204 len: 168 time: 0.2883623 /var/lib/openstack/lib/python3.10/site-packages/pycadf/identifier.py:71: UserWarning: Invalid uuid: neutron. To ensure interoperability, identifiers should be a valid uuid. warnings.warn(('Invalid uuid: %s. To ensure interoperability, '
2026-07-01 08:36:56.473 10 INFO neutron.wsgi [None req-57a01a1c-3fdc-41dd-9051-c33ca27dbbaf 9374107880ac40839e722d551fa1b12c c722d9c5eeeb42fabfbe6a199ee42974 - - default default] 10.0.0.205 "DELETE /v2.0/floatingips/d7b4b81c-e677-493b-8f2c-7a0eedb77bca HTTP/1.1" status: 204 len: 168 time: 0.4166048
2026-07-01 08:36:56.660 10 INFO neutron.wsgi [None req-93176a77-2bf5-4f2d-bdf1-6440cc0bdf6d 9374107880ac40839e722d551fa1b12c c722d9c5eeeb42fabfbe6a199ee42974 - - default default] 10.0.0.205 "DELETE /v2.0/security-groups/6ed03fb2-a7a4-4826-8f21-a261a61315ca HTTP/1.1" status: 204 len: 168 time: 0.1800773
2026-07-01 08:36:56.718 10 INFO neutron.notifiers.nova [-] Nova event matching ['req-f0ef49d9-9c20-43c7-9e91-e42009624a4b'] response: {'name': 'network-changed', 'server_uuid': '8edd1079-9c73-4a78-af93-1d21f0c6cd7b', 'tag': '997da0ad-30aa-46b5-ae60-37a36730b538', 'status': 'completed', 'code': 200}
2026-07-01 08:36:56.791 9 INFO neutron.wsgi [req-c1654d99-666e-4a15-bd89-0b6581670d0f req-dc64fda3-bc53-4659-bd53-eef284a77d3e 8e496516951c466da03049da1912698b 9108d4d4cf4d463f827d698f2fad947c - - 6637fb82bf4d401aae4d36fd00c31ba8 6637fb82bf4d401aae4d36fd00c31ba8] 199.204.45.235 "GET /v2.0/ports?tenant_id=420c0bea433246f99cb6aa60129a7cec&device_id=8edd1079-9c73-4a78-af93-1d21f0c6cd7b HTTP/1.1" status: 200 len: 1634 time: 0.0518556
2026-07-01 08:36:56.903 9 INFO neutron.wsgi [req-c1654d99-666e-4a15-bd89-0b6581670d0f req-a0c337b4-d01f-4b0a-a00e-98f2094208e0 8e496516951c466da03049da1912698b 9108d4d4cf4d463f827d698f2fad947c - - 6637fb82bf4d401aae4d36fd00c31ba8 6637fb82bf4d401aae4d36fd00c31ba8] 199.204.45.235 "GET /v2.0/networks?id=27188d4f-e799-40d8-bec0-cfcbd27c97c9 HTTP/1.1" status: 200 len: 1000 time: 0.1049862
2026-07-01 08:36:56.947 9 INFO neutron.wsgi [req-c1654d99-666e-4a15-bd89-0b6581670d0f req-e75905bb-abce-4ca2-acb1-b9a9670575fc 8e496516951c466da03049da1912698b 9108d4d4cf4d463f827d698f2fad947c - - 6637fb82bf4d401aae4d36fd00c31ba8 6637fb82bf4d401aae4d36fd00c31ba8] 199.204.45.235 "GET /v2.0/floatingips?fixed_ip_address=10.2.2.14&port_id=997da0ad-30aa-46b5-ae60-37a36730b538 HTTP/1.1" status: 200 len: 217 time: 0.0368845
2026-07-01 08:36:56.998 9 INFO neutron.wsgi [req-c1654d99-666e-4a15-bd89-0b6581670d0f req-7bc88b5c-6301-42e3-8534-5bb611c3442d 8e496516951c466da03049da1912698b 9108d4d4cf4d463f827d698f2fad947c - - 6637fb82bf4d401aae4d36fd00c31ba8 6637fb82bf4d401aae4d36fd00c31ba8] 199.204.45.235 "GET /v2.0/floatingips?fixed_ip_address=fd77%3A1457%3A4cf0%3A26a8%3A%3A1a&port_id=997da0ad-30aa-46b5-ae60-37a36730b538 HTTP/1.1" status: 200 len: 217 time: 0.0351708
2026-07-01 08:36:57.057 10 INFO neutron.wsgi [req-097ec09d-f524-430d-925d-11f13cf1e056 req-ebb9d3f4-612d-4fea-be95-b53c662dc04a 746af7b062f34760ab1bb01c086d8949 420c0bea433246f99cb6aa60129a7cec - - default default] 10.0.0.16 "GET /v2.0/ports?device_id=8edd1079-9c73-4a78-af93-1d21f0c6cd7b HTTP/1.1" status: 200 len: 1396 time: 0.1911938
2026-07-01 08:36:57.066 9 INFO neutron.wsgi [req-c1654d99-666e-4a15-bd89-0b6581670d0f req-a0e3f7fb-b817-413d-b612-cfd68185a5dd 8e496516951c466da03049da1912698b 9108d4d4cf4d463f827d698f2fad947c - - 6637fb82bf4d401aae4d36fd00c31ba8 6637fb82bf4d401aae4d36fd00c31ba8] 199.204.45.235 "GET /v2.0/subnets?id=5168e74b-3355-4663-9fb0-f25a76548ac5&id=24f6d2b2-1256-4bf6-bbed-db20da2799ed HTTP/1.1" status: 200 len: 1567 time: 0.0575628
2026-07-01 08:36:57.123 10 INFO neutron.wsgi [req-097ec09d-f524-430d-925d-11f13cf1e056 req-90e4c752-6752-4393-aeea-715389aad850 746af7b062f34760ab1bb01c086d8949 420c0bea433246f99cb6aa60129a7cec - - default default] 10.0.0.16 "GET /v2.0/security-groups?id=969401dc-dee9-44ef-b4b0-b587e83ec681&fields=id&fields=name HTTP/1.1" status: 200 len: 311 time: 0.0570967
2026-07-01 08:36:57.505 9 INFO neutron.wsgi [req-c1654d99-666e-4a15-bd89-0b6581670d0f req-650e8e38-2dfb-4faa-ba18-282c490ed7c9 8e496516951c466da03049da1912698b 9108d4d4cf4d463f827d698f2fad947c - - 6637fb82bf4d401aae4d36fd00c31ba8 6637fb82bf4d401aae4d36fd00c31ba8] 199.204.45.235 "GET /v2.0/ports?network_id=27188d4f-e799-40d8-bec0-cfcbd27c97c9&device_owner=network%3Adhcp HTTP/1.1" status: 200 len: 210 time: 0.4210069
2026-07-01 08:36:57.531 9 INFO neutron.wsgi [req-c1654d99-666e-4a15-bd89-0b6581670d0f req-86a1b20e-f59b-45c1-ba25-0f28278f43f4 8e496516951c466da03049da1912698b 9108d4d4cf4d463f827d698f2fad947c - - 6637fb82bf4d401aae4d36fd00c31ba8 6637fb82bf4d401aae4d36fd00c31ba8] 199.204.45.235 "GET /v2.0/ports?network_id=27188d4f-e799-40d8-bec0-cfcbd27c97c9&device_owner=network%3Adhcp HTTP/1.1" status: 200 len: 210 time: 0.0188468
2026-07-01 08:36:57.621 9 INFO neutron.wsgi [req-c1654d99-666e-4a15-bd89-0b6581670d0f req-22a134ee-1227-47c7-8288-62e75e6df262 8e496516951c466da03049da1912698b 9108d4d4cf4d463f827d698f2fad947c - - 6637fb82bf4d401aae4d36fd00c31ba8 6637fb82bf4d401aae4d36fd00c31ba8] 199.204.45.235 "GET /v2.0/networks/27188d4f-e799-40d8-bec0-cfcbd27c97c9?fields=segments HTTP/1.1" status: 200 len: 212 time: 0.0819805
2026-07-01 08:36:57.703 9 INFO neutron.wsgi [req-c1654d99-666e-4a15-bd89-0b6581670d0f req-ded91c7b-6380-4bd9-94a3-87d0afb64ca3 8e496516951c466da03049da1912698b 9108d4d4cf4d463f827d698f2fad947c - - 6637fb82bf4d401aae4d36fd00c31ba8 6637fb82bf4d401aae4d36fd00c31ba8] 199.204.45.235 "GET /v2.0/networks/27188d4f-e799-40d8-bec0-cfcbd27c97c9?fields=provider%3Aphysical_network&fields=provider%3Anetwork_type HTTP/1.1" status: 200 len: 277 time: 0.0753677
2026-07-01 08:36:57.847 9 INFO neutron.notifiers.nova [-] Nova event matching ['req-d12f2e0a-80a9-415e-b4f9-83ed5f605599'] response: {'server_uuid': '8edd1079-9c73-4a78-af93-1d21f0c6cd7b', 'name': 'network-vif-plugged', 'status': 'completed', 'tag': '997da0ad-30aa-46b5-ae60-37a36730b538', 'code': 200}
2026-07-01 08:36:57.848 9 INFO neutron.notifiers.nova [-] Nova event matching ['req-d12f2e0a-80a9-415e-b4f9-83ed5f605599'] response: {'server_uuid': '8edd1079-9c73-4a78-af93-1d21f0c6cd7b', 'name': 'network-vif-plugged', 'status': 'completed', 'tag': '997da0ad-30aa-46b5-ae60-37a36730b538', 'code': 200}
2026-07-01 08:36:57.859 9 INFO neutron.wsgi [None req-621830e8-d06d-452e-805b-86743d518811 ac806972f3654df79e52c0ea6cd1cebc c6d31feadfe74e43a5895a8f8d133ea5 - - default default] 10.0.0.205 "PUT /v2.0/routers/fb01cab8-741e-4555-9e39-86f6766199fd/remove_router_interface HTTP/1.1" status: 200 len: 503 time: 1.5947583 /var/lib/openstack/lib/python3.10/site-packages/pycadf/identifier.py:71: UserWarning: Invalid uuid: neutron. To ensure interoperability, identifiers should be a valid uuid. warnings.warn(('Invalid uuid: %s. To ensure interoperability, '
2026-07-01 08:36:58.152 9 INFO neutron.wsgi [None req-ce7dfca6-d963-4220-9575-766bf77b7f5d ac806972f3654df79e52c0ea6cd1cebc c6d31feadfe74e43a5895a8f8d133ea5 - - default default] 10.0.0.205 "DELETE /v2.0/subnets/76f5a005-6144-4309-a12a-a0add2a7c0cf HTTP/1.1" status: 204 len: 168 time: 0.2857563
2026-07-01 08:36:58.874 10 INFO neutron.wsgi [None req-a0b6be3b-6ab7-495e-ab3f-9ff9ad0be6d5 d304297cc5d34d8b86439095a51d7958 af37a0cc71c24db9840a2d1e68c45ecf - - default default] 10.0.0.205 "PUT /v2.0/routers/2d291497-ad6e-44d9-8644-4e70de391209/remove_router_interface HTTP/1.1" status: 200 len: 503 time: 2.1633427 /var/lib/openstack/lib/python3.10/site-packages/pycadf/identifier.py:71: UserWarning: Invalid uuid: neutron. To ensure interoperability, identifiers should be a valid uuid. warnings.warn(('Invalid uuid: %s. To ensure interoperability, '
2026-07-01 08:36:59.183 9 INFO neutron.wsgi [None req-0c696bf0-8381-4739-b551-ab3f0d9291b2 ac806972f3654df79e52c0ea6cd1cebc c6d31feadfe74e43a5895a8f8d133ea5 - - default default] 10.0.0.205 "DELETE /v2.0/routers/fb01cab8-741e-4555-9e39-86f6766199fd HTTP/1.1" status: 204 len: 168 time: 1.0250456
2026-07-01 08:36:59.203 10 INFO neutron.wsgi [req-9a33486f-4114-432c-98fd-15983705afa4 req-6d722137-874b-4699-8ee3-49b3cd6775e3 8e496516951c466da03049da1912698b 9108d4d4cf4d463f827d698f2fad947c - - 6637fb82bf4d401aae4d36fd00c31ba8 6637fb82bf4d401aae4d36fd00c31ba8] 10.0.0.178 "GET /v2.0/ports?device_id=c15da1e6-24a8-426b-b414-f23a77626560 HTTP/1.1" status: 200 len: 1634 time: 0.0490365
2026-07-01 08:36:59.269 10 INFO neutron.wsgi [req-9a33486f-4114-432c-98fd-15983705afa4 req-31fcb0af-e446-4e7c-9ff5-92b1f6c63ccf 8e496516951c466da03049da1912698b 9108d4d4cf4d463f827d698f2fad947c - - 6637fb82bf4d401aae4d36fd00c31ba8 6637fb82bf4d401aae4d36fd00c31ba8] 10.0.0.178 "GET /v2.0/security-groups?id=969401dc-dee9-44ef-b4b0-b587e83ec681&fields=id&fields=name HTTP/1.1" status: 200 len: 311 time: 0.0565116
2026-07-01 08:36:59.640 10 INFO neutron.services.segments.plugin [-] Segment 07b723c9-35b3-4a45-8581-fc1d8cf91b5b resource provider aggregate not found
2026-07-01 08:36:59.646 10 INFO neutron.services.segments.plugin [-] Segment 07b723c9-35b3-4a45-8581-fc1d8cf91b5b resource provider aggregate not found
2026-07-01 08:36:59.662 10 INFO neutron.services.segments.plugin [-] Segment 07b723c9-35b3-4a45-8581-fc1d8cf91b5b resource provider not found; error: Placement Client Error (4xx): {"errors": [{"status": 404, "title": "Not Found", "detail": "The resource could not be found.\n\n No resource provider with uuid 07b723c9-35b3-4a45-8581-fc1d8cf91b5b found for delete ", "request_id": "req-7173050e-d081-49fb-a894-02e1ea00b928"}]}
2026-07-01 08:36:59.669 10 INFO neutron.services.segments.plugin [-] Segment 07b723c9-35b3-4a45-8581-fc1d8cf91b5b resource provider not found; error: Placement Client Error (4xx): {"errors": [{"status": 404, "title": "Not Found", "detail": "The resource could not be found.\n\n No resource provider with uuid 07b723c9-35b3-4a45-8581-fc1d8cf91b5b found for delete ", "request_id": "req-449521cf-bebf-4686-8fbc-849d64d82d38"}]}
2026-07-01 08:36:59.685 10 INFO neutron.wsgi [None req-b954d433-10e0-462a-994a-9350cff712a7 ac806972f3654df79e52c0ea6cd1cebc c6d31feadfe74e43a5895a8f8d133ea5 - - default default] 10.0.0.205 "DELETE /v2.0/networks/0773067b-e365-4bf4-ac30-6a306935f0be HTTP/1.1" status: 204 len: 168 time: 0.4940546
2026-07-01 08:36:59.842 10 INFO neutron.wsgi [-] 10.0.0.131 "GET / HTTP/1.1" status: 200 len: 245 time: 0.0028129
2026-07-01 08:36:59.845 10 INFO neutron.wsgi [-] 10.0.0.131 "GET / HTTP/1.1" status: 200 len: 245 time: 0.0014200
2026-07-01 08:37:00.072 9 INFO neutron.wsgi [None req-6f6e31d5-6339-46a7-b35a-fcf913dd0725 d304297cc5d34d8b86439095a51d7958 af37a0cc71c24db9840a2d1e68c45ecf - - default default] 10.0.0.205 "DELETE /v2.0/routers/2d291497-ad6e-44d9-8644-4e70de391209 HTTP/1.1" status: 204 len: 168 time: 1.1930130
2026-07-01 08:37:00.329 10 INFO neutron.wsgi [None req-bd947343-4bda-4436-ace5-d522a52095fa d304297cc5d34d8b86439095a51d7958 af37a0cc71c24db9840a2d1e68c45ecf - - default default] 10.0.0.205 "DELETE /v2.0/subnets/2ff35adf-b946-40e3-9aae-6ec9412773dd HTTP/1.1" status: 204 len: 168 time: 0.2618685
2026-07-01 08:37:00.674 10 INFO neutron.wsgi [None req-7281e2c4-747f-45b7-96c6-d88864b88971 d304297cc5d34d8b86439095a51d7958 af37a0cc71c24db9840a2d1e68c45ecf - - default default] 10.0.0.205 "DELETE /v2.0/networks/63d63919-cb60-4b05-a7f9-5348ea27a1b9 HTTP/1.1" status: 204 len: 168 time: 0.3381064
2026-07-01 08:37:00.758 9 INFO neutron.db.ovn_revision_numbers_db [None req-c2c45ae4-c36c-4dda-aefa-e638b0c53fdd d304297cc5d34d8b86439095a51d7958 af37a0cc71c24db9840a2d1e68c45ecf - - default default] Successfully bumped revision number for resource 7ac0c976-3393-4f14-b426-a3f537b37648 (type: security_groups) to 1
2026-07-01 08:37:00.784 9 INFO neutron.db.ovn_revision_numbers_db [None req-c2c45ae4-c36c-4dda-aefa-e638b0c53fdd d304297cc5d34d8b86439095a51d7958 af37a0cc71c24db9840a2d1e68c45ecf - - default default] Successfully bumped revision number for resource 29890191-0e10-4a40-924f-131ec747526e (type: security_group_rules) to 0
2026-07-01 08:37:01.280 9 INFO neutron.db.ovn_revision_numbers_db [None req-c2c45ae4-c36c-4dda-aefa-e638b0c53fdd d304297cc5d34d8b86439095a51d7958 af37a0cc71c24db9840a2d1e68c45ecf - - default default] Successfully bumped revision number for resource ecf65d5f-c4d2-4a85-bc05-9f78792ff9c4 (type: security_group_rules) to 0
2026-07-01 08:37:01.303 9 INFO neutron.db.ovn_revision_numbers_db [None req-c2c45ae4-c36c-4dda-aefa-e638b0c53fdd d304297cc5d34d8b86439095a51d7958 af37a0cc71c24db9840a2d1e68c45ecf - - default default] Successfully bumped revision number for resource f83521c1-dab2-4501-bc5f-dbf661d51973 (type: security_group_rules) to 0
2026-07-01 08:37:01.328 9 INFO neutron.db.ovn_revision_numbers_db [None req-c2c45ae4-c36c-4dda-aefa-e638b0c53fdd d304297cc5d34d8b86439095a51d7958 af37a0cc71c24db9840a2d1e68c45ecf - - default default] Successfully bumped revision number for resource fa01308c-08fe-4220-8d12-311068023864 (type: security_group_rules) to 0
2026-07-01 08:37:01.381 9 INFO neutron.wsgi [None req-c2c45ae4-c36c-4dda-aefa-e638b0c53fdd d304297cc5d34d8b86439095a51d7958 af37a0cc71c24db9840a2d1e68c45ecf - - default default] 10.0.0.205 "GET /v2.0/security-groups?tenant_id=ea6fc2df9b9d49b9a2b381f23745dc40&name=default HTTP/1.1" status: 200 len: 2996 time: 0.9231634
2026-07-01 08:37:01.616 10 INFO neutron.wsgi [None req-251f26ff-73d9-499e-93bc-c417faf7d2cd d304297cc5d34d8b86439095a51d7958 af37a0cc71c24db9840a2d1e68c45ecf - - default default] 10.0.0.205 "DELETE /v2.0/security-groups/7ac0c976-3393-4f14-b426-a3f537b37648 HTTP/1.1" status: 204 len: 168 time: 0.2287159
2026-07-01 08:37:01.693 10 INFO neutron.services.segments.plugin [-] Segment 2288da42-e1f1-4e51-829f-71cbfe8676d3 resource provider aggregate not found
2026-07-01 08:37:01.700 10 INFO neutron.services.segments.plugin [-] Segment 2288da42-e1f1-4e51-829f-71cbfe8676d3 resource provider aggregate not found
2026-07-01 08:37:01.722 10 INFO neutron.services.segments.plugin [-] Segment 2288da42-e1f1-4e51-829f-71cbfe8676d3 resource provider not found; error: Placement Client Error (4xx): {"errors": [{"status": 404, "title": "Not Found", "detail": "The resource could not be found.\n\n No resource provider with uuid 2288da42-e1f1-4e51-829f-71cbfe8676d3 found for delete ", "request_id": "req-081f3407-4b0a-4fbb-9e5e-ab02fda0770b"}]}
2026-07-01 08:37:01.723 10 INFO neutron.services.segments.plugin [-] Segment 2288da42-e1f1-4e51-829f-71cbfe8676d3 resource provider not found; error: Placement Client Error (4xx): {"errors": [{"status": 404, "title": "Not Found", "detail": "The resource could not be found.\n\n No resource provider with uuid 2288da42-e1f1-4e51-829f-71cbfe8676d3 found for delete ", "request_id": "req-b1caaefe-844f-4e36-bb30-90f49f15cf2c"}]}
2026-07-01 08:37:01.821 10 INFO neutron.wsgi [None req-166e7bab-0fa9-4b1e-8e89-5442094a79ef d304297cc5d34d8b86439095a51d7958 af37a0cc71c24db9840a2d1e68c45ecf - - default default] 10.0.0.205 "GET /v2.0/security-groups?tenant_id=c6d31feadfe74e43a5895a8f8d133ea5&name=default HTTP/1.1" status: 200 len: 2996 time: 0.0506473
2026-07-01 08:37:02.068 10 INFO neutron.wsgi [None req-6ff97d93-1c5d-48c8-9075-03fc2d20ba61 d304297cc5d34d8b86439095a51d7958 af37a0cc71c24db9840a2d1e68c45ecf - - default default] 10.0.0.205 "DELETE /v2.0/security-groups/034ee5bf-35d9-4d38-9695-ccaf054288bb HTTP/1.1" status: 204 len: 168 time: 0.2391691
2026-07-01 08:37:02.278 10 INFO neutron.wsgi [req-8e5d7052-906d-4950-91f6-3b235d5b3cb3 req-f2c79a55-44f4-4c5d-b7d9-9717adb6f8ef 746af7b062f34760ab1bb01c086d8949 420c0bea433246f99cb6aa60129a7cec - - default default] 10.0.0.16 "GET /v2.0/ports?device_id=8edd1079-9c73-4a78-af93-1d21f0c6cd7b HTTP/1.1" status: 200 len: 1396 time: 0.0790849
2026-07-01 08:37:02.315 10 INFO neutron.wsgi [req-8e5d7052-906d-4950-91f6-3b235d5b3cb3 req-1de05027-7fab-4314-abc4-55d206e44dca 746af7b062f34760ab1bb01c086d8949 420c0bea433246f99cb6aa60129a7cec - - default default] 10.0.0.16 "GET /v2.0/security-groups?id=969401dc-dee9-44ef-b4b0-b587e83ec681&fields=id&fields=name HTTP/1.1" status: 200 len: 311 time: 0.0308127
2026-07-01 08:37:02.390 10 INFO neutron.wsgi [None req-ee6ec33e-cd37-4a2f-bc0e-1efeb18a1782 746af7b062f34760ab1bb01c086d8949 420c0bea433246f99cb6aa60129a7cec - - default default] 10.0.0.205 "GET /v2.0/ports?network_id=27188d4f-e799-40d8-bec0-cfcbd27c97c9&mac_address=fa%3A16%3A3e%3A33%3A04%3A34 HTTP/1.1" status: 200 len: 1391 time: 0.0485559
2026-07-01 08:37:02.402 10 WARNING neutron_lib.context [None req-f5539a98-b9ea-4c81-8c92-8dd8511abe41 746af7b062f34760ab1bb01c086d8949 420c0bea433246f99cb6aa60129a7cec - - default default] Method 'is_advsvc' is deprecated since 2023.2 release (neutron-lib 3.8.0) and will be removed once support for the old RBAC API policies will be removed from Neutron. Please use method 'is_service_role' instead.
2026-07-01 08:37:02.421 9 INFO neutron.wsgi [None req-cd81265e-56b9-49d7-87d4-5614c0fd3d24 d304297cc5d34d8b86439095a51d7958 af37a0cc71c24db9840a2d1e68c45ecf - - default default] 10.0.0.205 "PUT /v2.0/routers/fb7614d3-3617-492a-8303-08c85b7b2c0a/remove_router_interface HTTP/1.1" status: 200 len: 503 time: 1.7394006 /var/lib/openstack/lib/python3.10/site-packages/pycadf/identifier.py:71: UserWarning: Invalid uuid: neutron. To ensure interoperability, identifiers should be a valid uuid. warnings.warn(('Invalid uuid: %s. To ensure interoperability, '
2026-07-01 08:37:02.646 10 WARNING neutron.scheduler.dhcp_agent_scheduler [None req-f5539a98-b9ea-4c81-8c92-8dd8511abe41 746af7b062f34760ab1bb01c086d8949 420c0bea433246f99cb6aa60129a7cec - - default default] No more DHCP agents
2026-07-01 08:37:02.648 10 WARNING neutron.api.rpc.agentnotifiers.dhcp_rpc_agent_api [None req-f5539a98-b9ea-4c81-8c92-8dd8511abe41 746af7b062f34760ab1bb01c086d8949 420c0bea433246f99cb6aa60129a7cec - - default default] Unable to schedule network 0dde9d4f-6d3b-41c9-b4a3-98c9341a0a7c: no agents available; will retry on subsequent port and subnet creation events.
2026-07-01 08:37:03.208 10 INFO neutron.db.l3_db [None req-f5539a98-b9ea-4c81-8c92-8dd8511abe41 746af7b062f34760ab1bb01c086d8949 420c0bea433246f99cb6aa60129a7cec - - default default] Floating IP fa09a60f-a3a5-4174-8f36-fc8c38334b57 associated. External IP: 10.96.250.210, port: 997da0ad-30aa-46b5-ae60-37a36730b538.
2026-07-01 08:37:03.403 9 INFO neutron.wsgi [None req-5da395ea-c1d8-446f-a217-93bcc892d654 d304297cc5d34d8b86439095a51d7958 af37a0cc71c24db9840a2d1e68c45ecf - - default default] 10.0.0.205 "DELETE /v2.0/routers/fb7614d3-3617-492a-8303-08c85b7b2c0a HTTP/1.1" status: 204 len: 168 time: 0.9763753
2026-07-01 08:37:03.468 10 INFO neutron.db.ovn_revision_numbers_db [None req-f5539a98-b9ea-4c81-8c92-8dd8511abe41 746af7b062f34760ab1bb01c086d8949 420c0bea433246f99cb6aa60129a7cec - - default default] Successfully bumped revision number for resource fa09a60f-a3a5-4174-8f36-fc8c38334b57 (type: floatingips) to 0
2026-07-01 08:37:03.603 10 INFO neutron.db.ovn_revision_numbers_db [None req-f5539a98-b9ea-4c81-8c92-8dd8511abe41 746af7b062f34760ab1bb01c086d8949 420c0bea433246f99cb6aa60129a7cec - - default default] Successfully bumped revision number for resource fa09a60f-a3a5-4174-8f36-fc8c38334b57 (type: floatingips) to 1
2026-07-01 08:37:03.617 9 INFO neutron.wsgi [None req-43266018-7229-41d5-b884-24d8371f256d d304297cc5d34d8b86439095a51d7958 af37a0cc71c24db9840a2d1e68c45ecf - - default default] 10.0.0.205 "DELETE /v2.0/subnets/1d0938d2-69f0-44d3-8fb5-40d3a96272d8 HTTP/1.1" status: 204 len: 168 time: 0.2006691
2026-07-01 08:37:03.648 10 INFO neutron.wsgi [None req-f5539a98-b9ea-4c81-8c92-8dd8511abe41 746af7b062f34760ab1bb01c086d8949 420c0bea433246f99cb6aa60129a7cec - - default default] 10.0.0.205 "POST /v2.0/floatingips HTTP/1.1" status: 201 len: 1053 time: 1.2497098
2026-07-01 08:37:03.739 10 INFO neutron.notifiers.nova [-] Nova event matching ['req-aae18ad5-27f5-4c31-83ea-09c2861836f3'] response: {'name': 'network-changed', 'server_uuid': '8edd1079-9c73-4a78-af93-1d21f0c6cd7b', 'tag': '997da0ad-30aa-46b5-ae60-37a36730b538', 'status': 'completed', 'code': 200}
2026-07-01 08:37:03.813 9 INFO neutron.wsgi [req-98f3a8f2-b96d-4755-9198-aea5cf01256b req-39bc5af4-3fb5-4fcb-bf1e-e32df0d16034 8e496516951c466da03049da1912698b 9108d4d4cf4d463f827d698f2fad947c - - 6637fb82bf4d401aae4d36fd00c31ba8 6637fb82bf4d401aae4d36fd00c31ba8] 199.204.45.235 "GET /v2.0/ports?tenant_id=420c0bea433246f99cb6aa60129a7cec&device_id=8edd1079-9c73-4a78-af93-1d21f0c6cd7b HTTP/1.1" status: 200 len: 1634 time: 0.0529618
2026-07-01 08:37:03.918 9 INFO neutron.wsgi [req-98f3a8f2-b96d-4755-9198-aea5cf01256b req-0511e5e9-84ae-43a1-bec8-2608467698cd 8e496516951c466da03049da1912698b 9108d4d4cf4d463f827d698f2fad947c - - 6637fb82bf4d401aae4d36fd00c31ba8 6637fb82bf4d401aae4d36fd00c31ba8] 199.204.45.235 "GET /v2.0/networks?id=27188d4f-e799-40d8-bec0-cfcbd27c97c9 HTTP/1.1" status: 200 len: 1000 time: 0.0876706
2026-07-01 08:37:03.993 9 INFO neutron.wsgi [req-98f3a8f2-b96d-4755-9198-aea5cf01256b req-198ee3ec-4d42-4a84-a6fc-d17ed62d1370 8e496516951c466da03049da1912698b 9108d4d4cf4d463f827d698f2fad947c - - 6637fb82bf4d401aae4d36fd00c31ba8 6637fb82bf4d401aae4d36fd00c31ba8] 199.204.45.235 "GET /v2.0/floatingips?fixed_ip_address=10.2.2.14&port_id=997da0ad-30aa-46b5-ae60-37a36730b538 HTTP/1.1" status: 200 len: 1058 time: 0.0637617
2026-07-01 08:37:04.023 9 INFO neutron.wsgi [req-98f3a8f2-b96d-4755-9198-aea5cf01256b req-0a7e3fdb-6d52-4fde-8f3b-85f44832b356 8e496516951c466da03049da1912698b 9108d4d4cf4d463f827d698f2fad947c - - 6637fb82bf4d401aae4d36fd00c31ba8 6637fb82bf4d401aae4d36fd00c31ba8] 199.204.45.235 "GET /v2.0/floatingips?fixed_ip_address=fd77%3A1457%3A4cf0%3A26a8%3A%3A1a&port_id=997da0ad-30aa-46b5-ae60-37a36730b538 HTTP/1.1" status: 200 len: 217 time: 0.0242152
2026-07-01 08:37:04.113 9 INFO neutron.services.segments.plugin [-] Segment e322062f-0dbc-412c-8315-8c9e3313c353 resource provider aggregate not found
2026-07-01 08:37:04.118 9 INFO neutron.services.segments.plugin [-] Segment e322062f-0dbc-412c-8315-8c9e3313c353 resource provider aggregate not found
2026-07-01 08:37:04.128 9 INFO neutron.wsgi [req-98f3a8f2-b96d-4755-9198-aea5cf01256b req-e66c8b68-028e-421d-8e10-804e08ea0b70 8e496516951c466da03049da1912698b 9108d4d4cf4d463f827d698f2fad947c - - 6637fb82bf4d401aae4d36fd00c31ba8 6637fb82bf4d401aae4d36fd00c31ba8] 199.204.45.235 "GET /v2.0/subnets?id=5168e74b-3355-4663-9fb0-f25a76548ac5&id=24f6d2b2-1256-4bf6-bbed-db20da2799ed HTTP/1.1" status: 200 len: 1567 time: 0.0989196
2026-07-01 08:37:04.131 9 INFO neutron.services.segments.plugin [-] Segment e322062f-0dbc-412c-8315-8c9e3313c353 resource provider not found; error: Placement Client Error (4xx): {"errors": [{"status": 404, "title": "Not Found", "detail": "The resource could not be found.\n\n No resource provider with uuid e322062f-0dbc-412c-8315-8c9e3313c353 found for delete ", "request_id": "req-453e5acd-173b-4cc5-bef9-4b021b8c768e"}]}
2026-07-01 08:37:04.137 9 INFO neutron.services.segments.plugin [-] Segment e322062f-0dbc-412c-8315-8c9e3313c353 resource provider not found; error: Placement Client Error (4xx): {"errors": [{"status": 404, "title": "Not Found", "detail": "The resource could not be found.\n\n No resource provider with uuid e322062f-0dbc-412c-8315-8c9e3313c353 found for delete ", "request_id": "req-59db8b2f-d739-4ff9-a8e5-d0e6bdf8d123"}]}
2026-07-01 08:37:04.157 9 INFO neutron.wsgi [req-98f3a8f2-b96d-4755-9198-aea5cf01256b req-56498527-fae6-4dfb-8327-f5533f9e8a78 8e496516951c466da03049da1912698b 9108d4d4cf4d463f827d698f2fad947c - - 6637fb82bf4d401aae4d36fd00c31ba8 6637fb82bf4d401aae4d36fd00c31ba8] 199.204.45.235 "GET /v2.0/ports?network_id=27188d4f-e799-40d8-bec0-cfcbd27c97c9&device_owner=network%3Adhcp HTTP/1.1" status: 200 len: 210 time: 0.0210550
2026-07-01 08:37:04.177 9 INFO neutron.wsgi [None req-152bf6bc-516b-40d3-a5dc-150dcee1061f d304297cc5d34d8b86439095a51d7958 af37a0cc71c24db9840a2d1e68c45ecf - - default default] 10.0.0.205 "DELETE /v2.0/networks/71920986-2639-418f-8733-7f30e9743b15 HTTP/1.1" status: 204 len: 168 time: 0.5535822
2026-07-01 08:37:04.195 9 INFO neutron.wsgi [req-98f3a8f2-b96d-4755-9198-aea5cf01256b req-497cb4bd-380d-497f-a5cf-a745ab0cd528 8e496516951c466da03049da1912698b 9108d4d4cf4d463f827d698f2fad947c - - 6637fb82bf4d401aae4d36fd00c31ba8 6637fb82bf4d401aae4d36fd00c31ba8] 199.204.45.235 "GET /v2.0/ports?network_id=27188d4f-e799-40d8-bec0-cfcbd27c97c9&device_owner=network%3Adhcp HTTP/1.1" status: 200 len: 210 time: 0.0320852
2026-07-01 08:37:04.264 9 INFO neutron.wsgi [req-98f3a8f2-b96d-4755-9198-aea5cf01256b req-fb2eb0b3-af74-4b2b-b196-52d3ecce320f 8e496516951c466da03049da1912698b 9108d4d4cf4d463f827d698f2fad947c - - 6637fb82bf4d401aae4d36fd00c31ba8 6637fb82bf4d401aae4d36fd00c31ba8] 199.204.45.235 "GET /v2.0/networks/27188d4f-e799-40d8-bec0-cfcbd27c97c9?fields=segments HTTP/1.1" status: 200 len: 212 time: 0.0612180
2026-07-01 08:37:04.329 9 INFO neutron.wsgi [req-98f3a8f2-b96d-4755-9198-aea5cf01256b req-e105456b-7da8-4ca1-a00b-ac188b254f9c 8e496516951c466da03049da1912698b 9108d4d4cf4d463f827d698f2fad947c - - 6637fb82bf4d401aae4d36fd00c31ba8 6637fb82bf4d401aae4d36fd00c31ba8] 199.204.45.235 "GET /v2.0/networks/27188d4f-e799-40d8-bec0-cfcbd27c97c9?fields=provider%3Aphysical_network&fields=provider%3Anetwork_type HTTP/1.1" status: 200 len: 277 time: 0.0601380 /var/lib/openstack/lib/python3.10/site-packages/pycadf/identifier.py:71: UserWarning: Invalid uuid: neutron. To ensure interoperability, identifiers should be a valid uuid. warnings.warn(('Invalid uuid: %s. To ensure interoperability, '
2026-07-01 08:37:04.510 10 INFO neutron.wsgi [None req-37d7608f-e3f4-4a5b-93b1-7cd6e7bf1951 d304297cc5d34d8b86439095a51d7958 af37a0cc71c24db9840a2d1e68c45ecf - - default default] 10.0.0.205 "GET /v2.0/security-groups?tenant_id=e578b95e65aa4c7589615167d143b84c&name=default HTTP/1.1" status: 200 len: 2996 time: 0.0369909
2026-07-01 08:37:04.738 10 INFO neutron.wsgi [None req-ecb5c17c-f8fe-44ab-81f0-4b3c429d6e6e d304297cc5d34d8b86439095a51d7958 af37a0cc71c24db9840a2d1e68c45ecf - - default default] 10.0.0.205 "DELETE /v2.0/security-groups/7e694522-556a-422e-992a-645e49153d62 HTTP/1.1" status: 204 len: 168 time: 0.2205684
2026-07-01 08:37:04.937 9 INFO neutron.wsgi [None req-6ec87964-638b-4a3b-8a4d-c4088eddfbd3 d304297cc5d34d8b86439095a51d7958 af37a0cc71c24db9840a2d1e68c45ecf - - default default] 10.0.0.205 "GET /v2.0/security-groups?tenant_id=c722d9c5eeeb42fabfbe6a199ee42974&name=default HTTP/1.1" status: 200 len: 2996 time: 0.0393474
2026-07-01 08:37:05.185 9 INFO neutron.wsgi [None req-2a5c4dc7-a035-4cca-bdd7-6157e0bbb672 d304297cc5d34d8b86439095a51d7958 af37a0cc71c24db9840a2d1e68c45ecf - - default default] 10.0.0.205 "DELETE /v2.0/security-groups/b1cbf6c4-25de-4476-8c32-91971fed125d HTTP/1.1" status: 204 len: 168 time: 0.2408183
2026-07-01 08:37:06.854 9 WARNING neutron_lib.context [None req-fd632767-ea23-411e-9fae-f727f9786f26 300ddd5aa84241e59ba3a61c88e3b5f8 965f60c628a842e58dcfa7a2cb543a5e - - default default] Method 'is_advsvc' is deprecated since 2023.2 release (neutron-lib 3.8.0) and will be removed once support for the old RBAC API policies will be removed from Neutron. Please use method 'is_service_role' instead.
2026-07-01 08:37:07.011 9 INFO neutron.db.ovn_revision_numbers_db [None req-fd632767-ea23-411e-9fae-f727f9786f26 300ddd5aa84241e59ba3a61c88e3b5f8 965f60c628a842e58dcfa7a2cb543a5e - - default default] Successfully bumped revision number for resource 7285d1e1-336f-4303-b8d0-605a6f7f9536 (type: security_groups) to 1
2026-07-01 08:37:07.033 9 INFO neutron.db.ovn_revision_numbers_db [None req-fd632767-ea23-411e-9fae-f727f9786f26 300ddd5aa84241e59ba3a61c88e3b5f8 965f60c628a842e58dcfa7a2cb543a5e - - default default] Successfully bumped revision number for resource 0dd772b4-28bb-4a9d-88db-adea1a1017da (type: security_group_rules) to 0
2026-07-01 08:37:07.055 9 INFO neutron.db.ovn_revision_numbers_db [None req-fd632767-ea23-411e-9fae-f727f9786f26 300ddd5aa84241e59ba3a61c88e3b5f8 965f60c628a842e58dcfa7a2cb543a5e - - default default] Successfully bumped revision number for resource 89c0967a-62c3-4e7f-abe9-3bcdec81bc32 (type: security_group_rules) to 0
2026-07-01 08:37:07.074 9 INFO neutron.db.ovn_revision_numbers_db [None req-fd632767-ea23-411e-9fae-f727f9786f26 300ddd5aa84241e59ba3a61c88e3b5f8 965f60c628a842e58dcfa7a2cb543a5e - - default default] Successfully bumped revision number for resource b1d40700-a528-4177-a59d-55afe1117cff (type: security_group_rules) to 0
2026-07-01 08:37:07.089 9 INFO neutron.db.ovn_revision_numbers_db [None req-fd632767-ea23-411e-9fae-f727f9786f26 300ddd5aa84241e59ba3a61c88e3b5f8 965f60c628a842e58dcfa7a2cb543a5e - - default default] Successfully bumped revision number for resource eacf06ca-6281-4bc5-b8ef-298895f63930 (type: security_group_rules) to 0
2026-07-01 08:37:07.177 9 INFO neutron.db.ovn_revision_numbers_db [None req-fd632767-ea23-411e-9fae-f727f9786f26 300ddd5aa84241e59ba3a61c88e3b5f8 965f60c628a842e58dcfa7a2cb543a5e - - default default] Successfully bumped revision number for resource adb46f28-ee91-4eb7-b665-e4d82a8cdcef (type: security_groups) to 1
2026-07-01 08:37:07.192 9 INFO neutron.db.ovn_revision_numbers_db [None req-fd632767-ea23-411e-9fae-f727f9786f26 300ddd5aa84241e59ba3a61c88e3b5f8 965f60c628a842e58dcfa7a2cb543a5e - - default default] Successfully bumped revision number for resource 5aa42b9e-da65-4a1b-95ba-7f46913cef59 (type: security_group_rules) to 0
2026-07-01 08:37:07.208 9 INFO neutron.db.ovn_revision_numbers_db [None req-fd632767-ea23-411e-9fae-f727f9786f26 300ddd5aa84241e59ba3a61c88e3b5f8 965f60c628a842e58dcfa7a2cb543a5e - - default default] Successfully bumped revision number for resource c2d405e6-1755-4317-a4b5-30149d83f60e (type: security_group_rules) to 0
2026-07-01 08:37:07.230 9 INFO neutron.wsgi [None req-fd632767-ea23-411e-9fae-f727f9786f26 300ddd5aa84241e59ba3a61c88e3b5f8 965f60c628a842e58dcfa7a2cb543a5e - - default default] 10.0.0.205 "POST /v2.0/security-groups HTTP/1.1" status: 201 len: 1737 time: 0.5818212
2026-07-01 08:37:07.241 9 WARNING neutron_lib.context [None req-63e40fe0-c4d8-4501-a9e3-a74da952f15e 300ddd5aa84241e59ba3a61c88e3b5f8 965f60c628a842e58dcfa7a2cb543a5e - - default default] Method 'is_advsvc' is deprecated since 2023.2 release (neutron-lib 3.8.0) and will be removed once support for the old RBAC API policies will be removed from Neutron. Please use method 'is_service_role' instead.
2026-07-01 08:37:07.359 9 INFO neutron.db.ovn_revision_numbers_db [None req-63e40fe0-c4d8-4501-a9e3-a74da952f15e 300ddd5aa84241e59ba3a61c88e3b5f8 965f60c628a842e58dcfa7a2cb543a5e - - default default] Successfully bumped revision number for resource 4fce6511-8654-4724-b15b-d5118b834533 (type: security_groups) to 1
2026-07-01 08:37:07.374 9 INFO neutron.db.ovn_revision_numbers_db [None req-63e40fe0-c4d8-4501-a9e3-a74da952f15e 300ddd5aa84241e59ba3a61c88e3b5f8 965f60c628a842e58dcfa7a2cb543a5e - - default default] Successfully bumped revision number for resource adb9a557-01c9-4e8b-80b5-4f6874985471 (type: security_group_rules) to 0
2026-07-01 08:37:07.388 9 INFO neutron.db.ovn_revision_numbers_db [None req-63e40fe0-c4d8-4501-a9e3-a74da952f15e 300ddd5aa84241e59ba3a61c88e3b5f8 965f60c628a842e58dcfa7a2cb543a5e - - default default] Successfully bumped revision number for resource d37cfa9b-4d89-4e7a-9ebc-10e761a0b623 (type: security_group_rules) to 0
2026-07-01 08:37:07.411 9 INFO neutron.wsgi [None req-63e40fe0-c4d8-4501-a9e3-a74da952f15e 300ddd5aa84241e59ba3a61c88e3b5f8 965f60c628a842e58dcfa7a2cb543a5e - - default default] 10.0.0.205 "POST /v2.0/security-groups HTTP/1.1" status: 201 len: 1737 time: 0.1750290
2026-07-01 08:37:07.424 10 WARNING neutron_lib.context [None req-47a1d790-c24a-44bf-876c-45b3f096b7f3 300ddd5aa84241e59ba3a61c88e3b5f8 965f60c628a842e58dcfa7a2cb543a5e - - default default] Method 'is_advsvc' is deprecated since 2023.2 release (neutron-lib 3.8.0) and will be removed once support for the old RBAC API policies will be removed from Neutron. Please use method 'is_service_role' instead.
2026-07-01 08:37:07.537 10 INFO neutron.db.ovn_revision_numbers_db [None req-47a1d790-c24a-44bf-876c-45b3f096b7f3 300ddd5aa84241e59ba3a61c88e3b5f8 965f60c628a842e58dcfa7a2cb543a5e - - default default] Successfully bumped revision number for resource fe350ab9-fc0e-4e4c-b8e7-1499a489c7ab (type: security_groups) to 1
2026-07-01 08:37:07.552 10 INFO neutron.db.ovn_revision_numbers_db [None req-47a1d790-c24a-44bf-876c-45b3f096b7f3 300ddd5aa84241e59ba3a61c88e3b5f8 965f60c628a842e58dcfa7a2cb543a5e - - default default] Successfully bumped revision number for resource d7a7de09-08f1-4501-a0f3-81c5e6a29336 (type: security_group_rules) to 0
2026-07-01 08:37:07.567 10 INFO neutron.db.ovn_revision_numbers_db [None req-47a1d790-c24a-44bf-876c-45b3f096b7f3 300ddd5aa84241e59ba3a61c88e3b5f8 965f60c628a842e58dcfa7a2cb543a5e - - default default] Successfully bumped revision number for resource d952d986-2a98-49b0-b7dc-3d1f38feaa45 (type: security_group_rules) to 0
2026-07-01 08:37:07.586 10 INFO neutron.wsgi [None req-47a1d790-c24a-44bf-876c-45b3f096b7f3 300ddd5aa84241e59ba3a61c88e3b5f8 965f60c628a842e58dcfa7a2cb543a5e - - default default] 10.0.0.205 "POST /v2.0/security-groups HTTP/1.1" status: 201 len: 1737 time: 0.1684127
2026-07-01 08:37:07.599 10 WARNING neutron_lib.context [None req-4ee79055-61aa-4377-8c96-09a6249773f7 300ddd5aa84241e59ba3a61c88e3b5f8 965f60c628a842e58dcfa7a2cb543a5e - - default default] Method 'is_advsvc' is deprecated since 2023.2 release (neutron-lib 3.8.0) and will be removed once support for the old RBAC API policies will be removed from Neutron. Please use method 'is_service_role' instead.
2026-07-01 08:37:07.728 10 INFO neutron.db.ovn_revision_numbers_db [None req-4ee79055-61aa-4377-8c96-09a6249773f7 300ddd5aa84241e59ba3a61c88e3b5f8 965f60c628a842e58dcfa7a2cb543a5e - - default default] Successfully bumped revision number for resource f8216990-8caf-47b9-a08e-b196a5406d32 (type: security_groups) to 1
2026-07-01 08:37:07.741 10 INFO neutron.db.ovn_revision_numbers_db [None req-4ee79055-61aa-4377-8c96-09a6249773f7 300ddd5aa84241e59ba3a61c88e3b5f8 965f60c628a842e58dcfa7a2cb543a5e - - default default] Successfully bumped revision number for resource 209dce88-d8b3-42d9-a87f-a8922c80dabc (type: security_group_rules) to 0
2026-07-01 08:37:07.754 10 INFO neutron.db.ovn_revision_numbers_db [None req-4ee79055-61aa-4377-8c96-09a6249773f7 300ddd5aa84241e59ba3a61c88e3b5f8 965f60c628a842e58dcfa7a2cb543a5e - - default default] Successfully bumped revision number for resource dbab1259-440e-4e10-a9e5-1abb11e31630 (type: security_group_rules) to 0
2026-07-01 08:37:07.773 10 INFO neutron.wsgi [None req-4ee79055-61aa-4377-8c96-09a6249773f7 300ddd5aa84241e59ba3a61c88e3b5f8 965f60c628a842e58dcfa7a2cb543a5e - - default default] 10.0.0.205 "POST /v2.0/security-groups HTTP/1.1" status: 201 len: 1737 time: 0.1783020
2026-07-01 08:37:07.784 10 WARNING neutron_lib.context [None req-50e0a59f-1bc3-4f01-b8f2-09f37fd05be7 300ddd5aa84241e59ba3a61c88e3b5f8 965f60c628a842e58dcfa7a2cb543a5e - - default default] Method 'is_advsvc' is deprecated since 2023.2 release (neutron-lib 3.8.0) and will be removed once support for the old RBAC API policies will be removed from Neutron. Please use method 'is_service_role' instead.
2026-07-01 08:37:07.894 10 INFO neutron.db.ovn_revision_numbers_db [None req-50e0a59f-1bc3-4f01-b8f2-09f37fd05be7 300ddd5aa84241e59ba3a61c88e3b5f8 965f60c628a842e58dcfa7a2cb543a5e - - default default] Successfully bumped revision number for resource d9291f07-eef9-4d46-926d-f071662de381 (type: security_groups) to 1
2026-07-01 08:37:07.907 10 INFO neutron.db.ovn_revision_numbers_db [None req-50e0a59f-1bc3-4f01-b8f2-09f37fd05be7 300ddd5aa84241e59ba3a61c88e3b5f8 965f60c628a842e58dcfa7a2cb543a5e - - default default] Successfully bumped revision number for resource 52a6e2c1-cd35-46c8-8344-903b8cbbf70d (type: security_group_rules) to 0
2026-07-01 08:37:07.924 10 INFO neutron.db.ovn_revision_numbers_db [None req-50e0a59f-1bc3-4f01-b8f2-09f37fd05be7 300ddd5aa84241e59ba3a61c88e3b5f8 965f60c628a842e58dcfa7a2cb543a5e - - default default] Successfully bumped revision number for resource 671b0e68-2156-4046-9cfc-7166fc0e695e (type: security_group_rules) to 0
2026-07-01 08:37:07.948 10 INFO neutron.wsgi [None req-50e0a59f-1bc3-4f01-b8f2-09f37fd05be7 300ddd5aa84241e59ba3a61c88e3b5f8 965f60c628a842e58dcfa7a2cb543a5e - - default default] 10.0.0.205 "POST /v2.0/security-groups HTTP/1.1" status: 201 len: 1737 time: 0.1692386
2026-07-01 08:37:08.359 10 INFO neutron.wsgi [None req-0956d2c7-43ad-4c5d-9245-524a1b652a13 300ddd5aa84241e59ba3a61c88e3b5f8 965f60c628a842e58dcfa7a2cb543a5e - - default default] 10.0.0.205 "PUT /v2.0/security-groups/adb46f28-ee91-4eb7-b665-e4d82a8cdcef/tags HTTP/1.1" status: 200 len: 210 time: 0.3981977
2026-07-01 08:37:08.402 10 INFO neutron.wsgi [None req-8d1f99e4-10ae-4ea3-9e7b-6f45758e2b79 300ddd5aa84241e59ba3a61c88e3b5f8 965f60c628a842e58dcfa7a2cb543a5e - - default default] 10.0.0.205 "PUT /v2.0/security-groups/4fce6511-8654-4724-b15b-d5118b834533/tags HTTP/1.1" status: 200 len: 218 time: 0.0381613
2026-07-01 08:37:08.440 10 INFO neutron.wsgi [None req-0b678a6d-f822-4943-9478-7a38b30a3a07 300ddd5aa84241e59ba3a61c88e3b5f8 965f60c628a842e58dcfa7a2cb543a5e - - default default] 10.0.0.205 "PUT /v2.0/security-groups/fe350ab9-fc0e-4e4c-b8e7-1499a489c7ab/tags HTTP/1.1" status: 200 len: 227 time: 0.0305886
2026-07-01 08:37:08.480 10 INFO neutron.wsgi [None req-60b00646-e5d0-4f8b-b13e-76f8cd7154f4 300ddd5aa84241e59ba3a61c88e3b5f8 965f60c628a842e58dcfa7a2cb543a5e - - default default] 10.0.0.205 "PUT /v2.0/security-groups/f8216990-8caf-47b9-a08e-b196a5406d32/tags HTTP/1.1" status: 200 len: 212 time: 0.0341995
2026-07-01 08:37:08.533 10 INFO neutron.wsgi [None req-e25af589-17f4-4d16-a786-a6c00a9ae186 300ddd5aa84241e59ba3a61c88e3b5f8 965f60c628a842e58dcfa7a2cb543a5e - - default default] 10.0.0.205 "GET /v2.0/security-groups?tags=red HTTP/1.1" status: 200 len: 4813 time: 0.0469079
2026-07-01 08:37:08.581 10 INFO neutron.wsgi [None req-3535a4ee-0f12-42a9-b942-aab169dc9ddb 300ddd5aa84241e59ba3a61c88e3b5f8 965f60c628a842e58dcfa7a2cb543a5e - - default default] 10.0.0.205 "GET /v2.0/security-groups?tags=red%2Cblue HTTP/1.1" status: 200 len: 3289 time: 0.0416365
2026-07-01 08:37:08.637 10 INFO neutron.wsgi [None req-bd206f5c-0604-46ea-a67a-11ebef2fc663 300ddd5aa84241e59ba3a61c88e3b5f8 965f60c628a842e58dcfa7a2cb543a5e - - default default] 10.0.0.205 "GET /v2.0/security-groups?tags-any=blue HTTP/1.1" status: 200 len: 3289 time: 0.0504165
2026-07-01 08:37:08.692 10 INFO neutron.wsgi [None req-fc6f9538-ef5b-4eb9-8d0f-26b18a44683c 300ddd5aa84241e59ba3a61c88e3b5f8 965f60c628a842e58dcfa7a2cb543a5e - - default default] 10.0.0.205 "GET /v2.0/security-groups?tags-any=red%2Cblue HTTP/1.1" status: 200 len: 4813 time: 0.0494673
2026-07-01 08:37:08.753 10 INFO neutron.wsgi [None req-aa6deba6-8e16-4a57-80b2-013100f53dbe 300ddd5aa84241e59ba3a61c88e3b5f8 965f60c628a842e58dcfa7a2cb543a5e - - default default] 10.0.0.205 "GET /v2.0/security-groups?not-tags=red HTTP/1.1" status: 200 len: 6041 time: 0.0550191
2026-07-01 08:37:08.812 10 INFO neutron.wsgi [None req-c2b5aa51-3854-42c8-80bb-3904d2789662 300ddd5aa84241e59ba3a61c88e3b5f8 965f60c628a842e58dcfa7a2cb543a5e - - default default] 10.0.0.205 "GET /v2.0/security-groups?not-tags=red%2Cblue HTTP/1.1" status: 200 len: 7565 time: 0.0545347
2026-07-01 08:37:08.869 10 INFO neutron.wsgi [None req-9b3e1d11-0b70-43ac-8ddc-818f7ffb4c40 300ddd5aa84241e59ba3a61c88e3b5f8 965f60c628a842e58dcfa7a2cb543a5e - - default default] 10.0.0.205 "GET /v2.0/security-groups?not-tags-any=blue HTTP/1.1" status: 200 len: 7565 time: 0.0508542
2026-07-01 08:37:08.933 10 INFO neutron.wsgi [None req-a6c7d2d0-9fa1-49e1-a373-a38050b1484e 300ddd5aa84241e59ba3a61c88e3b5f8 965f60c628a842e58dcfa7a2cb543a5e - - default default] 10.0.0.205 "GET /v2.0/security-groups?not-tags-any=red%2Cblue HTTP/1.1" status: 200 len: 6041 time: 0.0578983
2026-07-01 08:37:09.064 10 INFO neutron.wsgi [None req-d4b81a2e-d7ea-4fcc-a067-e99fceed2693 300ddd5aa84241e59ba3a61c88e3b5f8 965f60c628a842e58dcfa7a2cb543a5e - - default default] 10.0.0.205 "DELETE /v2.0/security-groups/adb46f28-ee91-4eb7-b665-e4d82a8cdcef HTTP/1.1" status: 204 len: 168 time: 0.1240242
2026-07-01 08:37:09.178 10 INFO neutron.wsgi [None req-fa02b460-497a-4826-b7da-c63d27c1f6a3 300ddd5aa84241e59ba3a61c88e3b5f8 965f60c628a842e58dcfa7a2cb543a5e - - default default] 10.0.0.205 "DELETE /v2.0/security-groups/4fce6511-8654-4724-b15b-d5118b834533 HTTP/1.1" status: 204 len: 168 time: 0.1060224
2026-07-01 08:37:09.275 10 INFO neutron.wsgi [None req-09667cb3-125d-42a3-bb90-b7dfc7c01a42 300ddd5aa84241e59ba3a61c88e3b5f8 965f60c628a842e58dcfa7a2cb543a5e - - default default] 10.0.0.205 "DELETE /v2.0/security-groups/fe350ab9-fc0e-4e4c-b8e7-1499a489c7ab HTTP/1.1" status: 204 len: 168 time: 0.0911663
2026-07-01 08:37:09.396 10 INFO neutron.wsgi [None req-a7282d24-63fa-4d8f-a32f-6d5672535c77 300ddd5aa84241e59ba3a61c88e3b5f8 965f60c628a842e58dcfa7a2cb543a5e - - default default] 10.0.0.205 "DELETE /v2.0/security-groups/f8216990-8caf-47b9-a08e-b196a5406d32 HTTP/1.1" status: 204 len: 168 time: 0.1158106
2026-07-01 08:37:09.528 10 INFO neutron.wsgi [None req-896c2830-9efa-4ab0-8bfa-99d32dad034b 300ddd5aa84241e59ba3a61c88e3b5f8 965f60c628a842e58dcfa7a2cb543a5e - - default default] 10.0.0.205 "DELETE /v2.0/security-groups/d9291f07-eef9-4d46-926d-f071662de381 HTTP/1.1" status: 204 len: 168 time: 0.1263845
2026-07-01 08:37:09.920 10 WARNING neutron_lib.context [None req-eb5348a7-a61d-4554-ada6-5f24b8f6bfdb 971fad73fa4c4721b201155e06b05bd2 e19c1c53dfde4a5ba15992c634e256be - - default default] Method 'is_advsvc' is deprecated since 2023.2 release (neutron-lib 3.8.0) and will be removed once support for the old RBAC API policies will be removed from Neutron. Please use method 'is_service_role' instead.
2026-07-01 08:37:10.298 10 WARNING neutron.scheduler.dhcp_agent_scheduler [None req-eb5348a7-a61d-4554-ada6-5f24b8f6bfdb 971fad73fa4c4721b201155e06b05bd2 e19c1c53dfde4a5ba15992c634e256be - - default default] No more DHCP agents
2026-07-01 08:37:10.299 10 WARNING neutron.api.rpc.agentnotifiers.dhcp_rpc_agent_api [None req-eb5348a7-a61d-4554-ada6-5f24b8f6bfdb 971fad73fa4c4721b201155e06b05bd2 e19c1c53dfde4a5ba15992c634e256be - - default default] Unable to schedule network 0dde9d4f-6d3b-41c9-b4a3-98c9341a0a7c: no agents available; will retry on subsequent port and subnet creation events.
2026-07-01 08:37:10.357 10 INFO neutron.wsgi [req-fc06dc42-5cef-4266-a300-9460afd71f00 req-b241da3d-4b0d-4c3a-a598-82a3dc7e4dd3 8e496516951c466da03049da1912698b 9108d4d4cf4d463f827d698f2fad947c - - 6637fb82bf4d401aae4d36fd00c31ba8 6637fb82bf4d401aae4d36fd00c31ba8] 10.0.0.178 "GET /v2.0/ports?device_id=8edd1079-9c73-4a78-af93-1d21f0c6cd7b HTTP/1.1" status: 200 len: 1634 time: 0.0460110
2026-07-01 08:37:10.413 10 INFO neutron.wsgi [req-fc06dc42-5cef-4266-a300-9460afd71f00 req-9921d693-1664-4506-b7f0-e223b8714b9f 8e496516951c466da03049da1912698b 9108d4d4cf4d463f827d698f2fad947c - - 6637fb82bf4d401aae4d36fd00c31ba8 6637fb82bf4d401aae4d36fd00c31ba8] 10.0.0.178 "GET /v2.0/security-groups?id=969401dc-dee9-44ef-b4b0-b587e83ec681&fields=id&fields=name HTTP/1.1" status: 200 len: 311 time: 0.0475855
2026-07-01 08:37:10.654 9 INFO neutron.wsgi [None req-616a0c2e-940a-46c5-bc2b-c229114a82f8 d304297cc5d34d8b86439095a51d7958 af37a0cc71c24db9840a2d1e68c45ecf - - default default] 10.0.0.205 "GET /v2.0/security-groups?tenant_id=965f60c628a842e58dcfa7a2cb543a5e&name=default HTTP/1.1" status: 200 len: 2996 time: 0.2192783
2026-07-01 08:37:10.697 10 INFO neutron.db.ovn_revision_numbers_db [None req-eb5348a7-a61d-4554-ada6-5f24b8f6bfdb 971fad73fa4c4721b201155e06b05bd2 e19c1c53dfde4a5ba15992c634e256be - - default default] Successfully bumped revision number for resource b6a78ca8-37c7-4788-a069-5b86dddb70e8 (type: floatingips) to 0
2026-07-01 08:37:10.714 10 INFO neutron.wsgi [None req-eb5348a7-a61d-4554-ada6-5f24b8f6bfdb 971fad73fa4c4721b201155e06b05bd2 e19c1c53dfde4a5ba15992c634e256be - - default default] 10.0.0.205 "POST /v2.0/floatingips HTTP/1.1" status: 201 len: 751 time: 1.0171258
2026-07-01 08:37:10.728 9 WARNING neutron_lib.context [None req-fd7aaa46-ad43-4a32-b7c4-9e57c96e5c83 971fad73fa4c4721b201155e06b05bd2 e19c1c53dfde4a5ba15992c634e256be - - default default] Method 'is_advsvc' is deprecated since 2023.2 release (neutron-lib 3.8.0) and will be removed once support for the old RBAC API policies will be removed from Neutron. Please use method 'is_service_role' instead.
2026-07-01 08:37:10.872 10 INFO neutron.wsgi [None req-3e273598-94d6-42fe-91bc-0894db183d0a d304297cc5d34d8b86439095a51d7958 af37a0cc71c24db9840a2d1e68c45ecf - - default default] 10.0.0.205 "DELETE /v2.0/security-groups/7285d1e1-336f-4303-b8d0-605a6f7f9536 HTTP/1.1" status: 204 len: 168 time: 0.2116251
2026-07-01 08:37:11.063 9 WARNING neutron.scheduler.dhcp_agent_scheduler [None req-fd7aaa46-ad43-4a32-b7c4-9e57c96e5c83 971fad73fa4c4721b201155e06b05bd2 e19c1c53dfde4a5ba15992c634e256be - - default default] No more DHCP agents
2026-07-01 08:37:11.065 9 WARNING neutron.api.rpc.agentnotifiers.dhcp_rpc_agent_api [None req-fd7aaa46-ad43-4a32-b7c4-9e57c96e5c83 971fad73fa4c4721b201155e06b05bd2 e19c1c53dfde4a5ba15992c634e256be - - default default] Unable to schedule network 0dde9d4f-6d3b-41c9-b4a3-98c9341a0a7c: no agents available; will retry on subsequent port and subnet creation events.
2026-07-01 08:37:11.108 10 INFO neutron.db.ovn_revision_numbers_db [None req-ad814a69-a474-482d-b8c4-72f95479a7c4 d304297cc5d34d8b86439095a51d7958 af37a0cc71c24db9840a2d1e68c45ecf - - default default] Successfully bumped revision number for resource 73a38e61-540d-457e-99be-547f341e1d96 (type: security_groups) to 1
2026-07-01 08:37:11.123 10 INFO neutron.db.ovn_revision_numbers_db [None req-ad814a69-a474-482d-b8c4-72f95479a7c4 d304297cc5d34d8b86439095a51d7958 af37a0cc71c24db9840a2d1e68c45ecf - - default default] Successfully bumped revision number for resource 0fa67952-2d4e-4b0b-9372-4d5f3306dec9 (type: security_group_rules) to 0
2026-07-01 08:37:11.136 10 INFO neutron.db.ovn_revision_numbers_db [None req-ad814a69-a474-482d-b8c4-72f95479a7c4 d304297cc5d34d8b86439095a51d7958 af37a0cc71c24db9840a2d1e68c45ecf - - default default] Successfully bumped revision number for resource 471cb0d2-42e1-4687-9f47-f2de8cef6e48 (type: security_group_rules) to 0
2026-07-01 08:37:11.151 10 INFO neutron.db.ovn_revision_numbers_db [None req-ad814a69-a474-482d-b8c4-72f95479a7c4 d304297cc5d34d8b86439095a51d7958 af37a0cc71c24db9840a2d1e68c45ecf - - default default] Successfully bumped revision number for resource 9faa2a60-cf74-40ce-9e0e-28474f46185e (type: security_group_rules) to 0
2026-07-01 08:37:11.164 10 INFO neutron.db.ovn_revision_numbers_db [None req-ad814a69-a474-482d-b8c4-72f95479a7c4 d304297cc5d34d8b86439095a51d7958 af37a0cc71c24db9840a2d1e68c45ecf - - default default] Successfully bumped revision number for resource bfca5a61-2ef1-4bda-ad2f-39ca13bd8513 (type: security_group_rules) to 0
2026-07-01 08:37:11.189 10 INFO neutron.wsgi [None req-ad814a69-a474-482d-b8c4-72f95479a7c4 d304297cc5d34d8b86439095a51d7958 af37a0cc71c24db9840a2d1e68c45ecf - - default default] 10.0.0.205 "GET /v2.0/security-groups?tenant_id=0995102fa47d47fabcbb58783c3c6415&name=default HTTP/1.1" status: 200 len: 2996 time: 0.2048123
2026-07-01 08:37:11.432 9 INFO neutron.db.ovn_revision_numbers_db [None req-fd7aaa46-ad43-4a32-b7c4-9e57c96e5c83 971fad73fa4c4721b201155e06b05bd2 e19c1c53dfde4a5ba15992c634e256be - - default default] Successfully bumped revision number for resource fb016142-6693-4efc-91c0-6cb55e50bc2e (type: floatingips) to 0
2026-07-01 08:37:11.445 9 INFO neutron.wsgi [None req-fd7aaa46-ad43-4a32-b7c4-9e57c96e5c83 971fad73fa4c4721b201155e06b05bd2 e19c1c53dfde4a5ba15992c634e256be - - default default] 10.0.0.205 "POST /v2.0/floatingips HTTP/1.1" status: 201 len: 751 time: 0.7247272
2026-07-01 08:37:11.456 9 WARNING neutron_lib.context [None req-633b6d4c-74e6-4a56-ae1e-08e96774aeaa 971fad73fa4c4721b201155e06b05bd2 e19c1c53dfde4a5ba15992c634e256be - - default default] Method 'is_advsvc' is deprecated since 2023.2 release (neutron-lib 3.8.0) and will be removed once support for the old RBAC API policies will be removed from Neutron. Please use method 'is_service_role' instead.
