2026-07-01 08:36:36.177 9 INFO neutron.wsgi [req-92368566-fb16-4471-920e-a90fd7c8c0b7 req-f6163681-3d64-49cf-ba43-77dc3fb437d2 8e496516951c466da03049da1912698b 9108d4d4cf4d463f827d698f2fad947c - - 6637fb82bf4d401aae4d36fd00c31ba8 6637fb82bf4d401aae4d36fd00c31ba8] 199.204.45.235 "GET /v2.0/ports?network_id=0773067b-e365-4bf4-ac30-6a306935f0be&device_owner=network%3Adhcp HTTP/1.1" status: 200 len: 210 time: 0.0491645
2026-07-01 08:36:36.197 10 INFO neutron.notifiers.nova [-] Nova event matching ['req-668d4098-311c-4a54-a345-de4d52f64dad'] response: {'name': 'network-changed', 'server_uuid': 'd4335eb4-6683-4b6c-a329-04a0e4483a99', 'tag': 'f9c8961d-e96b-416d-b039-d2109c9c5c50', 'status': 'completed', 'code': 200}
2026-07-01 08:36:36.197 10 INFO neutron.notifiers.nova [-] Nova event matching ['req-668d4098-311c-4a54-a345-de4d52f64dad'] response: {'server_uuid': 'ad70bf87-98bc-4ad6-bff5-af87ee476189', 'name': 'network-vif-plugged', 'status': 'completed', 'tag': '1deb6548-3025-4775-b300-e578ed5095ac', 'code': 200}
2026-07-01 08:36:36.197 10 INFO neutron.notifiers.nova [-] Nova event matching ['req-668d4098-311c-4a54-a345-de4d52f64dad'] response: {'server_uuid': 'ad70bf87-98bc-4ad6-bff5-af87ee476189', 'name': 'network-vif-plugged', 'status': 'completed', 'tag': '1deb6548-3025-4775-b300-e578ed5095ac', 'code': 200}
2026-07-01 08:36:36.246 10 INFO neutron.wsgi [None req-50f6bef3-ced8-4394-9d44-9c12adaec99c 84692ccdc8ca4e98a4d4bf7a7eebce71 39740a4d2f4c4a4d8b5bfac04395c767 - - default default] 10.0.0.205 "DELETE /v2.0/networks/bf40e376-a1a9-48ab-95dc-c86a5e59306c/tags/red HTTP/1.1" status: 204 len: 168 time: 0.0745423
2026-07-01 08:36:36.267 9 INFO neutron.wsgi [req-b820e5f7-11ed-4d1e-9479-5d9d0be43fdc req-8c448c1d-e641-41b0-af1f-3f175aaa519c ac806972f3654df79e52c0ea6cd1cebc c6d31feadfe74e43a5895a8f8d133ea5 - - default default] 10.0.0.16 "GET /v2.0/ports?device_id=ad70bf87-98bc-4ad6-bff5-af87ee476189 HTTP/1.1" status: 200 len: 1174 time: 0.2091818
2026-07-01 08:36:36.288 10 INFO neutron.wsgi [req-316e688e-0966-47d0-bc5a-a2825e840e8d req-4b354989-f20e-4eba-a28a-8be32dd983d7 8e496516951c466da03049da1912698b 9108d4d4cf4d463f827d698f2fad947c - - 6637fb82bf4d401aae4d36fd00c31ba8 6637fb82bf4d401aae4d36fd00c31ba8] 199.204.45.235 "GET /v2.0/ports?tenant_id=c722d9c5eeeb42fabfbe6a199ee42974&device_id=d4335eb4-6683-4b6c-a329-04a0e4483a99 HTTP/1.1" status: 200 len: 1452 time: 0.0624201
2026-07-01 08:36:36.293 9 WARNING neutron.scheduler.dhcp_agent_scheduler [None req-ca87727a-6c6e-4d3d-b580-867a08d311a5 746af7b062f34760ab1bb01c086d8949 420c0bea433246f99cb6aa60129a7cec - - default default] No more DHCP agents
2026-07-01 08:36:36.304 9 WARNING neutron.api.rpc.agentnotifiers.dhcp_rpc_agent_api [None req-ca87727a-6c6e-4d3d-b580-867a08d311a5 746af7b062f34760ab1bb01c086d8949 420c0bea433246f99cb6aa60129a7cec - - default default] Unable to schedule network c8b69755-80b4-4933-b583-d4e9a413c5a2: no agents available; will retry on subsequent port and subnet creation events.
2026-07-01 08:36:36.329 9 INFO neutron.wsgi [req-92368566-fb16-4471-920e-a90fd7c8c0b7 req-285b70aa-fcbc-41c1-8a35-3871da172c51 8e496516951c466da03049da1912698b 9108d4d4cf4d463f827d698f2fad947c - - 6637fb82bf4d401aae4d36fd00c31ba8 6637fb82bf4d401aae4d36fd00c31ba8] 199.204.45.235 "GET /v2.0/networks/0773067b-e365-4bf4-ac30-6a306935f0be?fields=segments HTTP/1.1" status: 200 len: 212 time: 0.1372437
2026-07-01 08:36:36.332 9 INFO neutron.wsgi [None req-ff3a92c7-54e6-4943-afe4-cc58745274b9 84692ccdc8ca4e98a4d4bf7a7eebce71 39740a4d2f4c4a4d8b5bfac04395c767 - - default default] 10.0.0.205 "GET /v2.0/networks/bf40e376-a1a9-48ab-95dc-c86a5e59306c/tags HTTP/1.1" status: 200 len: 223 time: 0.0779967
2026-07-01 08:36:36.370 10 INFO neutron.wsgi [req-316e688e-0966-47d0-bc5a-a2825e840e8d req-b32a811e-ba72-4697-ad4a-3b56de3e0f5f 8e496516951c466da03049da1912698b 9108d4d4cf4d463f827d698f2fad947c - - 6637fb82bf4d401aae4d36fd00c31ba8 6637fb82bf4d401aae4d36fd00c31ba8] 199.204.45.235 "GET /v2.0/networks?id=63d63919-cb60-4b05-a7f9-5348ea27a1b9 HTTP/1.1" status: 200 len: 971 time: 0.0747774
2026-07-01 08:36:36.375 9 INFO neutron.wsgi [req-b820e5f7-11ed-4d1e-9479-5d9d0be43fdc req-ce80334d-7958-4bb9-a691-3a84ebcdccd7 ac806972f3654df79e52c0ea6cd1cebc c6d31feadfe74e43a5895a8f8d133ea5 - - default default] 10.0.0.16 "GET /v2.0/security-groups?id=19283581-d0dd-453f-aabc-81683f361c70&fields=id&fields=name HTTP/1.1" status: 200 len: 312 time: 0.0995243
2026-07-01 08:36:36.422 10 INFO neutron.api.v2.resource [None req-a72e618c-8cd2-47aa-b334-c435e7e3ccc9 84692ccdc8ca4e98a4d4bf7a7eebce71 39740a4d2f4c4a4d8b5bfac04395c767 - - default default] delete failed (client error): The resource could not be found.
2026-07-01 08:36:36.424 10 INFO neutron.wsgi [None req-a72e618c-8cd2-47aa-b334-c435e7e3ccc9 84692ccdc8ca4e98a4d4bf7a7eebce71 39740a4d2f4c4a4d8b5bfac04395c767 - - default default] 10.0.0.205 "DELETE /v2.0/networks/bf40e376-a1a9-48ab-95dc-c86a5e59306c/tags/green HTTP/1.1" status: 404 len: 299 time: 0.0839629
2026-07-01 08:36:36.447 10 INFO neutron.wsgi [req-316e688e-0966-47d0-bc5a-a2825e840e8d req-cf2117eb-537d-4989-a38c-117406243be7 8e496516951c466da03049da1912698b 9108d4d4cf4d463f827d698f2fad947c - - 6637fb82bf4d401aae4d36fd00c31ba8 6637fb82bf4d401aae4d36fd00c31ba8] 199.204.45.235 "GET /v2.0/floatingips?fixed_ip_address=10.100.0.14&port_id=f9c8961d-e96b-416d-b039-d2109c9c5c50 HTTP/1.1" status: 200 len: 1060 time: 0.0664511
2026-07-01 08:36:36.473 9 INFO neutron.wsgi [req-92368566-fb16-4471-920e-a90fd7c8c0b7 req-4205c80b-f3b0-4d0d-9ed1-5aa241afb544 8e496516951c466da03049da1912698b 9108d4d4cf4d463f827d698f2fad947c - - 6637fb82bf4d401aae4d36fd00c31ba8 6637fb82bf4d401aae4d36fd00c31ba8] 199.204.45.235 "GET /v2.0/networks/0773067b-e365-4bf4-ac30-6a306935f0be?fields=provider%3Aphysical_network&fields=provider%3Anetwork_type HTTP/1.1" status: 200 len: 277 time: 0.1384971
2026-07-01 08:36:36.520 10 INFO neutron.wsgi [req-316e688e-0966-47d0-bc5a-a2825e840e8d req-d008c1ef-53c2-4f6e-9611-adc0b97f5ff9 8e496516951c466da03049da1912698b 9108d4d4cf4d463f827d698f2fad947c - - 6637fb82bf4d401aae4d36fd00c31ba8 6637fb82bf4d401aae4d36fd00c31ba8] 199.204.45.235 "GET /v2.0/subnets?id=2ff35adf-b946-40e3-9aae-6ec9412773dd HTTP/1.1" status: 200 len: 866 time: 0.0669408
2026-07-01 08:36:36.540 10 INFO neutron.wsgi [None req-c65ffaa9-7da1-44fa-beda-4b7bb1601655 84692ccdc8ca4e98a4d4bf7a7eebce71 39740a4d2f4c4a4d8b5bfac04395c767 - - default default] 10.0.0.205 "DELETE /v2.0/networks/bf40e376-a1a9-48ab-95dc-c86a5e59306c/tags HTTP/1.1" status: 204 len: 168 time: 0.1079826
2026-07-01 08:36:36.564 10 INFO neutron.wsgi [req-316e688e-0966-47d0-bc5a-a2825e840e8d req-a91915bb-199f-4003-b99c-8664ba2021c5 8e496516951c466da03049da1912698b 9108d4d4cf4d463f827d698f2fad947c - - 6637fb82bf4d401aae4d36fd00c31ba8 6637fb82bf4d401aae4d36fd00c31ba8] 199.204.45.235 "GET /v2.0/ports?network_id=63d63919-cb60-4b05-a7f9-5348ea27a1b9&device_owner=network%3Adhcp HTTP/1.1" status: 200 len: 210 time: 0.0365727
2026-07-01 08:36:36.636 10 INFO neutron.wsgi [req-316e688e-0966-47d0-bc5a-a2825e840e8d req-29bbc3cd-3ce3-4933-a498-600e4d02b7c3 8e496516951c466da03049da1912698b 9108d4d4cf4d463f827d698f2fad947c - - 6637fb82bf4d401aae4d36fd00c31ba8 6637fb82bf4d401aae4d36fd00c31ba8] 199.204.45.235 "GET /v2.0/networks/63d63919-cb60-4b05-a7f9-5348ea27a1b9?fields=segments HTTP/1.1" status: 200 len: 212 time: 0.0658934
2026-07-01 08:36:36.647 9 INFO neutron.wsgi [None req-904314b0-595e-45fa-817d-bccd234e0ed6 84692ccdc8ca4e98a4d4bf7a7eebce71 39740a4d2f4c4a4d8b5bfac04395c767 - - default default] 10.0.0.205 "GET /v2.0/networks/bf40e376-a1a9-48ab-95dc-c86a5e59306c/tags HTTP/1.1" status: 200 len: 205 time: 0.0985613
2026-07-01 08:36:36.706 10 INFO neutron.wsgi [req-316e688e-0966-47d0-bc5a-a2825e840e8d req-93732cc2-be68-40b8-95c1-4cb9feca757e 8e496516951c466da03049da1912698b 9108d4d4cf4d463f827d698f2fad947c - - 6637fb82bf4d401aae4d36fd00c31ba8 6637fb82bf4d401aae4d36fd00c31ba8] 199.204.45.235 "GET /v2.0/networks/63d63919-cb60-4b05-a7f9-5348ea27a1b9?fields=provider%3Aphysical_network&fields=provider%3Anetwork_type HTTP/1.1" status: 200 len: 277 time: 0.0628171
2026-07-01 08:36:36.792 9 INFO neutron.db.ovn_revision_numbers_db [None req-ca87727a-6c6e-4d3d-b580-867a08d311a5 746af7b062f34760ab1bb01c086d8949 420c0bea433246f99cb6aa60129a7cec - - default default] Successfully bumped revision number for resource 3b1671bb-b149-4abe-99ea-e65ce1fbf395 (type: router_ports) to 1
2026-07-01 08:36:36.795 9 INFO neutron.wsgi [None req-ca87727a-6c6e-4d3d-b580-867a08d311a5 746af7b062f34760ab1bb01c086d8949 420c0bea433246f99cb6aa60129a7cec - - default default] 10.0.0.205 "PUT /v2.0/routers/50dd1aa8-3848-4c13-ab50-e0d76e11a611/add_router_interface HTTP/1.1" status: 200 len: 503 time: 3.7400684
2026-07-01 08:36:37.230 9 INFO neutron.services.segments.plugin [-] Segment c0873400-5948-428f-83ba-db6e20f67e0e resource provider aggregate not found
2026-07-01 08:36:37.241 9 INFO neutron.services.segments.plugin [-] Segment c0873400-5948-428f-83ba-db6e20f67e0e resource provider aggregate not found
2026-07-01 08:36:37.263 9 INFO neutron.services.segments.plugin [-] Segment c0873400-5948-428f-83ba-db6e20f67e0e resource provider not found; error: Placement Client Error (4xx): {"errors": [{"status": 404, "title": "Not Found", "detail": "The resource could not be found.\n\n No resource provider with uuid c0873400-5948-428f-83ba-db6e20f67e0e found for delete ", "request_id": "req-ea8be3c1-15af-413c-a2be-bcae26430f08"}]}
2026-07-01 08:36:37.276 9 INFO neutron.services.segments.plugin [-] Segment c0873400-5948-428f-83ba-db6e20f67e0e resource provider not found; error: Placement Client Error (4xx): {"errors": [{"status": 404, "title": "Not Found", "detail": "The resource could not be found.\n\n No resource provider with uuid c0873400-5948-428f-83ba-db6e20f67e0e found for delete ", "request_id": "req-76ca26cd-0962-4dff-a412-a2582f642495"}]}
2026-07-01 08:36:37.337 9 INFO neutron.wsgi [None req-cb2581a2-9d78-4389-89fa-df6f8dfae35e 84692ccdc8ca4e98a4d4bf7a7eebce71 39740a4d2f4c4a4d8b5bfac04395c767 - - default default] 10.0.0.205 "DELETE /v2.0/networks/bf40e376-a1a9-48ab-95dc-c86a5e59306c HTTP/1.1" status: 204 len: 168 time: 0.6837375
2026-07-01 08:36:37.547 10 INFO neutron.wsgi [req-7fe2ef58-849b-4ba6-9c93-1a70b4577251 req-975d0e1b-7966-48c1-be3a-b77277cf4762 ac806972f3654df79e52c0ea6cd1cebc c6d31feadfe74e43a5895a8f8d133ea5 - - default default] 10.0.0.16 "GET /v2.0/ports?device_id=ad70bf87-98bc-4ad6-bff5-af87ee476189 HTTP/1.1" status: 200 len: 1174 time: 0.1010225
2026-07-01 08:36:37.594 10 INFO neutron.wsgi [req-7fe2ef58-849b-4ba6-9c93-1a70b4577251 req-78f62065-2108-46c1-bf77-9a98d73c9c31 ac806972f3654df79e52c0ea6cd1cebc c6d31feadfe74e43a5895a8f8d133ea5 - - default default] 10.0.0.16 "GET /v2.0/security-groups?id=19283581-d0dd-453f-aabc-81683f361c70&fields=id&fields=name HTTP/1.1" status: 200 len: 312 time: 0.0389552
2026-07-01 08:36:37.680 9 WARNING neutron.scheduler.dhcp_agent_scheduler [None req-ce5010b7-712e-43d3-b9a9-95d2ce8fdb35 746af7b062f34760ab1bb01c086d8949 420c0bea433246f99cb6aa60129a7cec - - default default] No more DHCP agents
2026-07-01 08:36:37.692 9 WARNING neutron.api.rpc.agentnotifiers.dhcp_rpc_agent_api [None req-ce5010b7-712e-43d3-b9a9-95d2ce8fdb35 746af7b062f34760ab1bb01c086d8949 420c0bea433246f99cb6aa60129a7cec - - default default] Unable to schedule network 27188d4f-e799-40d8-bec0-cfcbd27c97c9: no agents available; will retry on subsequent port and subnet creation events.
2026-07-01 08:36:37.748 9 INFO neutron.wsgi [req-33841b81-d63a-4b60-a921-3cf208fb2781 req-dc768872-4d84-4fd7-9fd1-af64f7d8348d ac806972f3654df79e52c0ea6cd1cebc c6d31feadfe74e43a5895a8f8d133ea5 - - default default] 10.0.0.16 "GET /v2.0/ports?device_id=ad70bf87-98bc-4ad6-bff5-af87ee476189 HTTP/1.1" status: 200 len: 1174 time: 0.0722783
2026-07-01 08:36:37.829 9 INFO neutron.wsgi [req-33841b81-d63a-4b60-a921-3cf208fb2781 req-5c16b8a0-1a2a-4113-b05b-c66b3171e499 ac806972f3654df79e52c0ea6cd1cebc c6d31feadfe74e43a5895a8f8d133ea5 - - default default] 10.0.0.16 "GET /v2.0/security-groups?id=19283581-d0dd-453f-aabc-81683f361c70&fields=id&fields=name HTTP/1.1" status: 200 len: 312 time: 0.0728204
2026-07-01 08:36:37.918 10 INFO neutron.wsgi [None req-b298e7f2-a594-49ae-b1c0-134684e3d3df 41a0aa8fe25141378cc53fef3134e1f4 ea6fc2df9b9d49b9a2b381f23745dc40 - - default default] 10.0.0.205 "GET /v2.0/ports?device_id=ad70bf87-98bc-4ad6-bff5-af87ee476189 HTTP/1.1" status: 200 len: 1408 time: 0.0551093
2026-07-01 08:36:37.925 9 INFO neutron.db.ovn_revision_numbers_db [None req-ce5010b7-712e-43d3-b9a9-95d2ce8fdb35 746af7b062f34760ab1bb01c086d8949 420c0bea433246f99cb6aa60129a7cec - - default default] Successfully bumped revision number for resource 37d74361-d9e2-4007-adbb-7426af3e81f3 (type: ports) to 1
2026-07-01 08:36:38.288 10 INFO neutron.wsgi [None req-38493a13-9bfc-4a70-ae7b-bb6d056831d3 d304297cc5d34d8b86439095a51d7958 af37a0cc71c24db9840a2d1e68c45ecf - - default default] 10.0.0.205 "GET /v2.0/security-groups?tenant_id=39740a4d2f4c4a4d8b5bfac04395c767&name=default HTTP/1.1" status: 200 len: 2996 time: 0.1495552
2026-07-01 08:36:38.301 9 INFO neutron.db.l3_db [None req-bbb50bb4-9b75-473b-9c8e-88db3f3739c5 ac806972f3654df79e52c0ea6cd1cebc c6d31feadfe74e43a5895a8f8d133ea5 - - default default] Floating IP 11546cc6-3e4b-4a94-9187-53a94f3c3e14 associated. External IP: 10.96.250.214, port: 1deb6548-3025-4775-b300-e578ed5095ac.
2026-07-01 08:36:38.353 9 WARNING neutron.plugins.ml2.drivers.ovn.mech_driver.ovsdb.ovn_client [None req-aa695e8c-ebc2-4ae9-8756-61460255505c - - - - - -] No hosting information found for port 5e5c6d87-f5a8-4582-905f-f7f2f19e4e86: RuntimeError: No hosting information found for port 5e5c6d87-f5a8-4582-905f-f7f2f19e4e86
2026-07-01 08:36:38.403 9 INFO neutron.plugins.ml2.drivers.ovn.mech_driver.mech_driver [None req-aa695e8c-ebc2-4ae9-8756-61460255505c - - - - - -] OVN reports status up for port: 3b1671bb-b149-4abe-99ea-e65ce1fbf395
2026-07-01 08:36:38.426 9 INFO neutron.plugins.ml2.plugin [None req-aa695e8c-ebc2-4ae9-8756-61460255505c - - - - - -] Attempt 1 to provision port 3b1671bb-b149-4abe-99ea-e65ce1fbf395
2026-07-01 08:36:38.503 10 INFO neutron.wsgi [None req-259f9284-566a-44af-98f5-5a789dd082aa d304297cc5d34d8b86439095a51d7958 af37a0cc71c24db9840a2d1e68c45ecf - - default default] 10.0.0.205 "DELETE /v2.0/security-groups/e85ab5b9-56d0-47b6-a18e-5c36bf730eff HTTP/1.1" status: 204 len: 168 time: 0.2088292
2026-07-01 08:36:38.756 10 INFO neutron.db.ovn_revision_numbers_db [None req-9d7bef78-9a32-4c50-b500-151f0b66123b d304297cc5d34d8b86439095a51d7958 af37a0cc71c24db9840a2d1e68c45ecf - - default default] Successfully bumped revision number for resource ad889498-9e0b-45df-a32c-1378d959eab4 (type: security_groups) to 1
2026-07-01 08:36:38.771 10 INFO neutron.db.ovn_revision_numbers_db [None req-9d7bef78-9a32-4c50-b500-151f0b66123b d304297cc5d34d8b86439095a51d7958 af37a0cc71c24db9840a2d1e68c45ecf - - default default] Successfully bumped revision number for resource 56558f94-52dd-4ad9-a623-d8f2131d462b (type: security_group_rules) to 0
2026-07-01 08:36:38.790 10 INFO neutron.db.ovn_revision_numbers_db [None req-9d7bef78-9a32-4c50-b500-151f0b66123b d304297cc5d34d8b86439095a51d7958 af37a0cc71c24db9840a2d1e68c45ecf - - default default] Successfully bumped revision number for resource 817a5990-b7ab-441b-a04c-9af3d0783896 (type: security_group_rules) to 0
2026-07-01 08:36:38.817 10 INFO neutron.db.ovn_revision_numbers_db [None req-9d7bef78-9a32-4c50-b500-151f0b66123b d304297cc5d34d8b86439095a51d7958 af37a0cc71c24db9840a2d1e68c45ecf - - default default] Successfully bumped revision number for resource b88fd6d6-83a9-49b6-a733-31d003332ca6 (type: security_group_rules) to 0
2026-07-01 08:36:38.836 10 INFO neutron.db.ovn_revision_numbers_db [None req-9d7bef78-9a32-4c50-b500-151f0b66123b d304297cc5d34d8b86439095a51d7958 af37a0cc71c24db9840a2d1e68c45ecf - - default default] Successfully bumped revision number for resource cf8ecc26-5c72-4699-ae60-de98e40a79cb (type: security_group_rules) to 0
2026-07-01 08:36:38.868 10 INFO neutron.wsgi [None req-9d7bef78-9a32-4c50-b500-151f0b66123b d304297cc5d34d8b86439095a51d7958 af37a0cc71c24db9840a2d1e68c45ecf - - default default] 10.0.0.205 "GET /v2.0/security-groups?tenant_id=93ff4bc6fa18450d900f902d8ec6dff3&name=default HTTP/1.1" status: 200 len: 2996 time: 0.2390385
2026-07-01 08:36:39.145 10 INFO neutron.wsgi [None req-ce0ecb07-fd37-4e5e-9e72-f8436e6f7bcd d304297cc5d34d8b86439095a51d7958 af37a0cc71c24db9840a2d1e68c45ecf - - default default] 10.0.0.205 "DELETE /v2.0/security-groups/ad889498-9e0b-45df-a32c-1378d959eab4 HTTP/1.1" status: 204 len: 168 time: 0.2713985
2026-07-01 08:36:39.150 9 INFO neutron.db.ovn_revision_numbers_db [None req-bbb50bb4-9b75-473b-9c8e-88db3f3739c5 ac806972f3654df79e52c0ea6cd1cebc c6d31feadfe74e43a5895a8f8d133ea5 - - default default] Successfully bumped revision number for resource 11546cc6-3e4b-4a94-9187-53a94f3c3e14 (type: floatingips) to 4
2026-07-01 08:36:39.421 9 INFO neutron.db.ovn_revision_numbers_db [None req-bbb50bb4-9b75-473b-9c8e-88db3f3739c5 ac806972f3654df79e52c0ea6cd1cebc c6d31feadfe74e43a5895a8f8d133ea5 - - default default] Successfully bumped revision number for resource 11546cc6-3e4b-4a94-9187-53a94f3c3e14 (type: floatingips) to 5
2026-07-01 08:36:39.467 10 INFO neutron.plugins.ml2.drivers.ovn.mech_driver.mech_driver [None req-1a7dfe54-e8bf-4cd1-a3fa-fa7bbabf8714 - - - - - -] OVN reports status up for port: 37d74361-d9e2-4007-adbb-7426af3e81f3
2026-07-01 08:36:39.478 9 INFO neutron.wsgi [None req-bbb50bb4-9b75-473b-9c8e-88db3f3739c5 ac806972f3654df79e52c0ea6cd1cebc c6d31feadfe74e43a5895a8f8d133ea5 - - default default] 10.0.0.205 "PUT /v2.0/floatingips/11546cc6-3e4b-4a94-9187-53a94f3c3e14 HTTP/1.1" status: 200 len: 1050 time: 1.5474749
2026-07-01 08:36:39.488 9 INFO neutron.db.ovn_revision_numbers_db [None req-aa695e8c-ebc2-4ae9-8756-61460255505c - - - - - -] Successfully bumped revision number for resource 3b1671bb-b149-4abe-99ea-e65ce1fbf395 (type: ports) to 2
2026-07-01 08:36:39.493 10 INFO neutron.plugins.ml2.plugin [None req-1a7dfe54-e8bf-4cd1-a3fa-fa7bbabf8714 - - - - - -] Attempt 1 to provision port 37d74361-d9e2-4007-adbb-7426af3e81f3
2026-07-01 08:36:39.520 9 INFO neutron.db.ovn_revision_numbers_db [None req-ce5010b7-712e-43d3-b9a9-95d2ce8fdb35 746af7b062f34760ab1bb01c086d8949 420c0bea433246f99cb6aa60129a7cec - - default default] Successfully bumped revision number for resource 37d74361-d9e2-4007-adbb-7426af3e81f3 (type: router_ports) to 1
2026-07-01 08:36:39.524 9 INFO neutron.notifiers.nova [-] Nova event matching ['req-a897129f-6b5f-4d8f-ab3a-b6216be36844'] response: {'name': 'network-changed', 'server_uuid': 'ad70bf87-98bc-4ad6-bff5-af87ee476189', 'tag': '1deb6548-3025-4775-b300-e578ed5095ac', 'status': 'completed', 'code': 200}
2026-07-01 08:36:39.548 10 INFO neutron.wsgi [None req-69734a87-1af1-4e7a-b871-13821769a894 ac806972f3654df79e52c0ea6cd1cebc c6d31feadfe74e43a5895a8f8d133ea5 - - default default] 10.0.0.205 "GET /v2.0/floatingips/11546cc6-3e4b-4a94-9187-53a94f3c3e14 HTTP/1.1" status: 200 len: 1052 time: 0.0621490
2026-07-01 08:36:39.616 10 INFO neutron.wsgi [req-82c77617-ee02-44dd-8364-9ff0d7805e47 req-133fb9ad-2ad7-49b0-81fd-ae50d1c3bf79 8e496516951c466da03049da1912698b 9108d4d4cf4d463f827d698f2fad947c - - 6637fb82bf4d401aae4d36fd00c31ba8 6637fb82bf4d401aae4d36fd00c31ba8] 199.204.45.235 "GET /v2.0/ports?tenant_id=c6d31feadfe74e43a5895a8f8d133ea5&device_id=ad70bf87-98bc-4ad6-bff5-af87ee476189 HTTP/1.1" status: 200 len: 1413 time: 0.0587437
2026-07-01 08:36:39.620 9 INFO neutron.db.ovn_revision_numbers_db [None req-aa695e8c-ebc2-4ae9-8756-61460255505c - - - - - -] Successfully bumped revision number for resource 3b1671bb-b149-4abe-99ea-e65ce1fbf395 (type: router_ports) to 2
2026-07-01 08:36:39.730 10 INFO neutron.wsgi [req-82c77617-ee02-44dd-8364-9ff0d7805e47 req-28f5ac7f-c6ea-41bc-bc03-8b72856aafc9 8e496516951c466da03049da1912698b 9108d4d4cf4d463f827d698f2fad947c - - 6637fb82bf4d401aae4d36fd00c31ba8 6637fb82bf4d401aae4d36fd00c31ba8] 199.204.45.235 "GET /v2.0/networks?id=0773067b-e365-4bf4-ac30-6a306935f0be HTTP/1.1" status: 200 len: 958 time: 0.1063509
2026-07-01 08:36:39.741 9 INFO neutron.db.ovn_revision_numbers_db [None req-ce5010b7-712e-43d3-b9a9-95d2ce8fdb35 746af7b062f34760ab1bb01c086d8949 420c0bea433246f99cb6aa60129a7cec - - default default] Successfully bumped revision number for resource 37d74361-d9e2-4007-adbb-7426af3e81f3 (type: ports) to 1
2026-07-01 08:36:39.801 10 INFO neutron.wsgi [req-82c77617-ee02-44dd-8364-9ff0d7805e47 req-6e6b797d-6a36-46c4-a355-a2236ced5548 8e496516951c466da03049da1912698b 9108d4d4cf4d463f827d698f2fad947c - - 6637fb82bf4d401aae4d36fd00c31ba8 6637fb82bf4d401aae4d36fd00c31ba8] 199.204.45.235 "GET /v2.0/floatingips?fixed_ip_address=10.100.0.12&port_id=1deb6548-3025-4775-b300-e578ed5095ac HTTP/1.1" status: 200 len: 1060 time: 0.0651112
2026-07-01 08:36:39.804 9 WARNING neutron.scheduler.dhcp_agent_scheduler [None req-ce5010b7-712e-43d3-b9a9-95d2ce8fdb35 746af7b062f34760ab1bb01c086d8949 420c0bea433246f99cb6aa60129a7cec - - default default] No more DHCP agents
2026-07-01 08:36:39.805 9 WARNING neutron.api.rpc.agentnotifiers.dhcp_rpc_agent_api [None req-ce5010b7-712e-43d3-b9a9-95d2ce8fdb35 746af7b062f34760ab1bb01c086d8949 420c0bea433246f99cb6aa60129a7cec - - default default] Unable to schedule network 27188d4f-e799-40d8-bec0-cfcbd27c97c9: no agents available; will retry on subsequent port and subnet creation events.
2026-07-01 08:36:39.856 10 INFO neutron.wsgi [req-82c77617-ee02-44dd-8364-9ff0d7805e47 req-d54e8c11-e3d5-4113-bff9-6c2acd8cee11 8e496516951c466da03049da1912698b 9108d4d4cf4d463f827d698f2fad947c - - 6637fb82bf4d401aae4d36fd00c31ba8 6637fb82bf4d401aae4d36fd00c31ba8] 199.204.45.235 "GET /v2.0/subnets?id=76f5a005-6144-4309-a12a-a0add2a7c0cf HTTP/1.1" status: 200 len: 853 time: 0.0439053
2026-07-01 08:36:39.890 10 INFO neutron.wsgi [req-82c77617-ee02-44dd-8364-9ff0d7805e47 req-e5dc169c-545c-4761-a24f-e7eb62363c94 8e496516951c466da03049da1912698b 9108d4d4cf4d463f827d698f2fad947c - - 6637fb82bf4d401aae4d36fd00c31ba8 6637fb82bf4d401aae4d36fd00c31ba8] 199.204.45.235 "GET /v2.0/ports?network_id=0773067b-e365-4bf4-ac30-6a306935f0be&device_owner=network%3Adhcp HTTP/1.1" status: 200 len: 210 time: 0.0286479
2026-07-01 08:36:40.093 9 INFO neutron.db.ovn_revision_numbers_db [None req-ce5010b7-712e-43d3-b9a9-95d2ce8fdb35 746af7b062f34760ab1bb01c086d8949 420c0bea433246f99cb6aa60129a7cec - - default default] Successfully bumped revision number for resource 37d74361-d9e2-4007-adbb-7426af3e81f3 (type: router_ports) to 2
2026-07-01 08:36:40.096 9 INFO neutron.wsgi [None req-ce5010b7-712e-43d3-b9a9-95d2ce8fdb35 746af7b062f34760ab1bb01c086d8949 420c0bea433246f99cb6aa60129a7cec - - default default] 10.0.0.205 "PUT /v2.0/routers/50dd1aa8-3848-4c13-ab50-e0d76e11a611/add_router_interface HTTP/1.1" status: 200 len: 503 time: 3.2952013 /var/lib/openstack/lib/python3.10/site-packages/pycadf/identifier.py:71: UserWarning: Invalid uuid: neutron. To ensure interoperability, identifiers should be a valid uuid. warnings.warn(('Invalid uuid: %s. To ensure interoperability, '
2026-07-01 08:36:40.166 9 WARNING neutron_lib.context [None req-a5e9e65b-1e63-471a-9ca9-e8bc5ca6add7 746af7b062f34760ab1bb01c086d8949 420c0bea433246f99cb6aa60129a7cec - - default default] Method 'is_advsvc' is deprecated since 2023.2 release (neutron-lib 3.8.0) and will be removed once support for the old RBAC API policies will be removed from Neutron. Please use method 'is_service_role' instead.
2026-07-01 08:36:40.287 9 INFO neutron.db.ovn_revision_numbers_db [None req-a5e9e65b-1e63-471a-9ca9-e8bc5ca6add7 746af7b062f34760ab1bb01c086d8949 420c0bea433246f99cb6aa60129a7cec - - default default] Successfully bumped revision number for resource 969401dc-dee9-44ef-b4b0-b587e83ec681 (type: security_groups) to 1
2026-07-01 08:36:40.297 10 INFO neutron.wsgi [req-82c77617-ee02-44dd-8364-9ff0d7805e47 req-56010c5b-f2b3-479d-bbf7-32b4cf31bcd8 8e496516951c466da03049da1912698b 9108d4d4cf4d463f827d698f2fad947c - - 6637fb82bf4d401aae4d36fd00c31ba8 6637fb82bf4d401aae4d36fd00c31ba8] 199.204.45.235 "GET /v2.0/networks/0773067b-e365-4bf4-ac30-6a306935f0be?fields=segments HTTP/1.1" status: 200 len: 212 time: 0.4011655
2026-07-01 08:36:40.301 9 INFO neutron.db.ovn_revision_numbers_db [None req-a5e9e65b-1e63-471a-9ca9-e8bc5ca6add7 746af7b062f34760ab1bb01c086d8949 420c0bea433246f99cb6aa60129a7cec - - default default] Successfully bumped revision number for resource 623ecc18-38c2-4284-ac2f-eb269a00ec36 (type: security_group_rules) to 0
2026-07-01 08:36:40.302 10 INFO neutron.db.ovn_revision_numbers_db [None req-1a7dfe54-e8bf-4cd1-a3fa-fa7bbabf8714 - - - - - -] Successfully bumped revision number for resource 37d74361-d9e2-4007-adbb-7426af3e81f3 (type: ports) to 2
2026-07-01 08:36:40.317 9 INFO neutron.db.ovn_revision_numbers_db [None req-a5e9e65b-1e63-471a-9ca9-e8bc5ca6add7 746af7b062f34760ab1bb01c086d8949 420c0bea433246f99cb6aa60129a7cec - - default default] Successfully bumped revision number for resource dde13b34-848a-4072-922a-32a8d446312d (type: security_group_rules) to 0
2026-07-01 08:36:40.348 9 INFO neutron.wsgi [None req-a5e9e65b-1e63-471a-9ca9-e8bc5ca6add7 746af7b062f34760ab1bb01c086d8949 420c0bea433246f99cb6aa60129a7cec - - default default] 10.0.0.205 "POST /v2.0/security-groups HTTP/1.1" status: 201 len: 1764 time: 0.1896083
2026-07-01 08:36:40.359 9 WARNING neutron_lib.context [None req-6f32c07c-9ce2-49f8-8d5d-84f0260871d9 746af7b062f34760ab1bb01c086d8949 420c0bea433246f99cb6aa60129a7cec - - default default] Method 'is_advsvc' is deprecated since 2023.2 release (neutron-lib 3.8.0) and will be removed once support for the old RBAC API policies will be removed from Neutron. Please use method 'is_service_role' instead.
2026-07-01 08:36:40.413 10 INFO neutron.wsgi [req-82c77617-ee02-44dd-8364-9ff0d7805e47 req-3d9af333-d79f-467d-95b3-f8db0a1b0952 8e496516951c466da03049da1912698b 9108d4d4cf4d463f827d698f2fad947c - - 6637fb82bf4d401aae4d36fd00c31ba8 6637fb82bf4d401aae4d36fd00c31ba8] 199.204.45.235 "GET /v2.0/networks/0773067b-e365-4bf4-ac30-6a306935f0be?fields=provider%3Aphysical_network&fields=provider%3Anetwork_type HTTP/1.1" status: 200 len: 277 time: 0.1063910
2026-07-01 08:36:40.510 9 INFO neutron.db.ovn_revision_numbers_db [None req-6f32c07c-9ce2-49f8-8d5d-84f0260871d9 746af7b062f34760ab1bb01c086d8949 420c0bea433246f99cb6aa60129a7cec - - default default] Successfully bumped revision number for resource 9b966719-bfe9-4aa6-b028-e5f69515aa50 (type: security_group_rules) to 0
2026-07-01 08:36:40.535 9 INFO neutron.wsgi [None req-6f32c07c-9ce2-49f8-8d5d-84f0260871d9 746af7b062f34760ab1bb01c086d8949 420c0bea433246f99cb6aa60129a7cec - - default default] 10.0.0.205 "POST /v2.0/security-group-rules HTTP/1.1" status: 201 len: 764 time: 0.1813698
2026-07-01 08:36:40.549 10 WARNING neutron_lib.context [None req-30554a0f-1399-4f38-8887-34b5a4453056 746af7b062f34760ab1bb01c086d8949 420c0bea433246f99cb6aa60129a7cec - - default default] Method 'is_advsvc' is deprecated since 2023.2 release (neutron-lib 3.8.0) and will be removed once support for the old RBAC API policies will be removed from Neutron. Please use method 'is_service_role' instead.
2026-07-01 08:36:40.712 10 INFO neutron.db.ovn_revision_numbers_db [None req-30554a0f-1399-4f38-8887-34b5a4453056 746af7b062f34760ab1bb01c086d8949 420c0bea433246f99cb6aa60129a7cec - - default default] Successfully bumped revision number for resource 51222f12-a2f5-4725-a657-86fd92d7481a (type: security_group_rules) to 0
2026-07-01 08:36:40.745 10 INFO neutron.wsgi [None req-30554a0f-1399-4f38-8887-34b5a4453056 746af7b062f34760ab1bb01c086d8949 420c0bea433246f99cb6aa60129a7cec - - default default] 10.0.0.205 "POST /v2.0/security-group-rules HTTP/1.1" status: 201 len: 764 time: 0.2046704
2026-07-01 08:36:40.758 10 WARNING neutron_lib.context [None req-fc372461-8355-4b84-adec-fb12a89b4041 746af7b062f34760ab1bb01c086d8949 420c0bea433246f99cb6aa60129a7cec - - default default] Method 'is_advsvc' is deprecated since 2023.2 release (neutron-lib 3.8.0) and will be removed once support for the old RBAC API policies will be removed from Neutron. Please use method 'is_service_role' instead.
2026-07-01 08:36:40.897 10 INFO neutron.db.ovn_revision_numbers_db [None req-fc372461-8355-4b84-adec-fb12a89b4041 746af7b062f34760ab1bb01c086d8949 420c0bea433246f99cb6aa60129a7cec - - default default] Successfully bumped revision number for resource 356e8d4b-ce95-4762-bda5-0d15fb81585b (type: security_group_rules) to 0
2026-07-01 08:36:40.936 10 INFO neutron.wsgi [None req-fc372461-8355-4b84-adec-fb12a89b4041 746af7b062f34760ab1bb01c086d8949 420c0bea433246f99cb6aa60129a7cec - - default default] 10.0.0.205 "POST /v2.0/security-group-rules HTTP/1.1" status: 201 len: 766 time: 0.1844900
2026-07-01 08:36:40.948 9 WARNING neutron_lib.context [None req-67ea246b-15d8-4918-8ad7-01dd49527c6b 746af7b062f34760ab1bb01c086d8949 420c0bea433246f99cb6aa60129a7cec - - default default] Method 'is_advsvc' is deprecated since 2023.2 release (neutron-lib 3.8.0) and will be removed once support for the old RBAC API policies will be removed from Neutron. Please use method 'is_service_role' instead.
2026-07-01 08:36:41.105 9 INFO neutron.db.ovn_revision_numbers_db [None req-67ea246b-15d8-4918-8ad7-01dd49527c6b 746af7b062f34760ab1bb01c086d8949 420c0bea433246f99cb6aa60129a7cec - - default default] Successfully bumped revision number for resource 0fa72a9c-dadc-49c2-a193-eff0d1774750 (type: security_group_rules) to 0
2026-07-01 08:36:41.131 9 INFO neutron.wsgi [None req-67ea246b-15d8-4918-8ad7-01dd49527c6b 746af7b062f34760ab1bb01c086d8949 420c0bea433246f99cb6aa60129a7cec - - default default] 10.0.0.205 "POST /v2.0/security-group-rules HTTP/1.1" status: 201 len: 768 time: 0.1884151
2026-07-01 08:36:41.142 9 WARNING neutron_lib.context [None req-bcaaa191-3e6f-406d-aa65-1aa96e7b945d 746af7b062f34760ab1bb01c086d8949 420c0bea433246f99cb6aa60129a7cec - - default default] Method 'is_advsvc' is deprecated since 2023.2 release (neutron-lib 3.8.0) and will be removed once support for the old RBAC API policies will be removed from Neutron. Please use method 'is_service_role' instead.
2026-07-01 08:36:41.275 9 INFO neutron.db.ovn_revision_numbers_db [None req-bcaaa191-3e6f-406d-aa65-1aa96e7b945d 746af7b062f34760ab1bb01c086d8949 420c0bea433246f99cb6aa60129a7cec - - default default] Successfully bumped revision number for resource 89ae767b-5b14-455c-9436-21847865fa74 (type: security_group_rules) to 0
2026-07-01 08:36:41.302 9 INFO neutron.wsgi [None req-bcaaa191-3e6f-406d-aa65-1aa96e7b945d 746af7b062f34760ab1bb01c086d8949 420c0bea433246f99cb6aa60129a7cec - - default default] 10.0.0.205 "POST /v2.0/security-group-rules HTTP/1.1" status: 201 len: 768 time: 0.1660771
2026-07-01 08:36:41.313 9 WARNING neutron_lib.context [None req-b19aef39-d0f4-4784-8ba5-00bcaa2b72fc 746af7b062f34760ab1bb01c086d8949 420c0bea433246f99cb6aa60129a7cec - - default default] Method 'is_advsvc' is deprecated since 2023.2 release (neutron-lib 3.8.0) and will be removed once support for the old RBAC API policies will be removed from Neutron. Please use method 'is_service_role' instead.
2026-07-01 08:36:41.486 9 INFO neutron.db.ovn_revision_numbers_db [None req-b19aef39-d0f4-4784-8ba5-00bcaa2b72fc 746af7b062f34760ab1bb01c086d8949 420c0bea433246f99cb6aa60129a7cec - - default default] Successfully bumped revision number for resource d1ee82be-eb7c-46d9-bee5-18fb1628ee4b (type: security_group_rules) to 0
2026-07-01 08:36:41.518 9 INFO neutron.wsgi [None req-b19aef39-d0f4-4784-8ba5-00bcaa2b72fc 746af7b062f34760ab1bb01c086d8949 420c0bea433246f99cb6aa60129a7cec - - default default] 10.0.0.205 "POST /v2.0/security-group-rules HTTP/1.1" status: 201 len: 764 time: 0.2104499
2026-07-01 08:36:41.532 10 WARNING neutron_lib.context [None req-d07870c7-6e4d-41b2-a0b5-884dc192cda4 746af7b062f34760ab1bb01c086d8949 420c0bea433246f99cb6aa60129a7cec - - default default] Method 'is_advsvc' is deprecated since 2023.2 release (neutron-lib 3.8.0) and will be removed once support for the old RBAC API policies will be removed from Neutron. Please use method 'is_service_role' instead.
2026-07-01 08:36:41.694 10 INFO neutron.db.ovn_revision_numbers_db [None req-d07870c7-6e4d-41b2-a0b5-884dc192cda4 746af7b062f34760ab1bb01c086d8949 420c0bea433246f99cb6aa60129a7cec - - default default] Successfully bumped revision number for resource 8cba65b3-c78d-4bf2-aab4-3b21ac72e515 (type: security_group_rules) to 0
2026-07-01 08:36:41.723 10 INFO neutron.wsgi [None req-d07870c7-6e4d-41b2-a0b5-884dc192cda4 746af7b062f34760ab1bb01c086d8949 420c0bea433246f99cb6aa60129a7cec - - default default] 10.0.0.205 "POST /v2.0/security-group-rules HTTP/1.1" status: 201 len: 764 time: 0.2001750
2026-07-01 08:36:41.735 10 WARNING neutron_lib.context [None req-664451b9-a69d-4cf8-8e71-b320dbafaa09 746af7b062f34760ab1bb01c086d8949 420c0bea433246f99cb6aa60129a7cec - - default default] Method 'is_advsvc' is deprecated since 2023.2 release (neutron-lib 3.8.0) and will be removed once support for the old RBAC API policies will be removed from Neutron. Please use method 'is_service_role' instead.
2026-07-01 08:36:41.892 10 INFO neutron.db.ovn_revision_numbers_db [None req-664451b9-a69d-4cf8-8e71-b320dbafaa09 746af7b062f34760ab1bb01c086d8949 420c0bea433246f99cb6aa60129a7cec - - default default] Successfully bumped revision number for resource 4d86b9b8-a54b-4def-9b80-349b19da7b48 (type: security_group_rules) to 0
2026-07-01 08:36:41.916 10 INFO neutron.wsgi [None req-664451b9-a69d-4cf8-8e71-b320dbafaa09 746af7b062f34760ab1bb01c086d8949 420c0bea433246f99cb6aa60129a7cec - - default default] 10.0.0.205 "POST /v2.0/security-group-rules HTTP/1.1" status: 201 len: 764 time: 0.1872778
2026-07-01 08:36:41.927 10 WARNING neutron_lib.context [None req-b71511fd-6b4c-482c-b80c-7dd8870dd70c 746af7b062f34760ab1bb01c086d8949 420c0bea433246f99cb6aa60129a7cec - - default default] Method 'is_advsvc' is deprecated since 2023.2 release (neutron-lib 3.8.0) and will be removed once support for the old RBAC API policies will be removed from Neutron. Please use method 'is_service_role' instead.
2026-07-01 08:36:42.058 10 INFO neutron.db.ovn_revision_numbers_db [None req-b71511fd-6b4c-482c-b80c-7dd8870dd70c 746af7b062f34760ab1bb01c086d8949 420c0bea433246f99cb6aa60129a7cec - - default default] Successfully bumped revision number for resource c103d167-e855-4a74-aa8d-2f066c5b6715 (type: security_group_rules) to 0
2026-07-01 08:36:42.098 10 INFO neutron.wsgi [None req-b71511fd-6b4c-482c-b80c-7dd8870dd70c 746af7b062f34760ab1bb01c086d8949 420c0bea433246f99cb6aa60129a7cec - - default default] 10.0.0.205 "POST /v2.0/security-group-rules HTTP/1.1" status: 201 len: 766 time: 0.1751714
2026-07-01 08:36:42.108 10 WARNING neutron_lib.context [None req-132fba5c-31f0-42ca-9024-a7133cc88635 746af7b062f34760ab1bb01c086d8949 420c0bea433246f99cb6aa60129a7cec - - default default] Method 'is_advsvc' is deprecated since 2023.2 release (neutron-lib 3.8.0) and will be removed once support for the old RBAC API policies will be removed from Neutron. Please use method 'is_service_role' instead.
2026-07-01 08:36:42.244 10 INFO neutron.db.ovn_revision_numbers_db [None req-132fba5c-31f0-42ca-9024-a7133cc88635 746af7b062f34760ab1bb01c086d8949 420c0bea433246f99cb6aa60129a7cec - - default default] Successfully bumped revision number for resource f7fd4c4b-980d-4530-865f-d95bb8753f80 (type: security_group_rules) to 0
2026-07-01 08:36:42.270 10 INFO neutron.wsgi [None req-132fba5c-31f0-42ca-9024-a7133cc88635 746af7b062f34760ab1bb01c086d8949 420c0bea433246f99cb6aa60129a7cec - - default default] 10.0.0.205 "POST /v2.0/security-group-rules HTTP/1.1" status: 201 len: 768 time: 0.1662450
2026-07-01 08:36:42.283 10 WARNING neutron_lib.context [None req-3dfe78bd-261d-44f9-b075-cb7cf18d5766 746af7b062f34760ab1bb01c086d8949 420c0bea433246f99cb6aa60129a7cec - - default default] Method 'is_advsvc' is deprecated since 2023.2 release (neutron-lib 3.8.0) and will be removed once support for the old RBAC API policies will be removed from Neutron. Please use method 'is_service_role' instead.
2026-07-01 08:36:42.494 10 INFO neutron.db.ovn_revision_numbers_db [None req-3dfe78bd-261d-44f9-b075-cb7cf18d5766 746af7b062f34760ab1bb01c086d8949 420c0bea433246f99cb6aa60129a7cec - - default default] Successfully bumped revision number for resource 96bc38f9-281d-450a-8794-9a1c93a69e4d (type: security_group_rules) to 0
2026-07-01 08:36:42.537 10 INFO neutron.wsgi [None req-3dfe78bd-261d-44f9-b075-cb7cf18d5766 746af7b062f34760ab1bb01c086d8949 420c0bea433246f99cb6aa60129a7cec - - default default] 10.0.0.205 "POST /v2.0/security-group-rules HTTP/1.1" status: 201 len: 764 time: 0.2595646
2026-07-01 08:36:42.835 10 WARNING neutron_lib.context [None req-fa3897ca-5613-4aec-9e00-3288b198e88e 33974a49698d4271b9151ccc66e294c9 b10a00d9a1344530a39108aeff8e3139 - - default default] Method 'is_advsvc' is deprecated since 2023.2 release (neutron-lib 3.8.0) and will be removed once support for the old RBAC API policies will be removed from Neutron. Please use method 'is_service_role' instead.
2026-07-01 08:36:43.043 10 INFO neutron.wsgi [req-874b33af-6c01-4873-bdca-cd70138320fd req-26c2c6b1-4798-48c6-8098-068f74a4d360 746af7b062f34760ab1bb01c086d8949 420c0bea433246f99cb6aa60129a7cec - - default default] 10.0.0.16 "GET /v2.0/security-groups?name=tempest-lb_member_SG-1997247888&fields=id&tenant_id=420c0bea433246f99cb6aa60129a7cec HTTP/1.1" status: 200 len: 267 time: 0.1081405
2026-07-01 08:36:43.044 10 INFO neutron.db.ovn_revision_numbers_db [None req-fa3897ca-5613-4aec-9e00-3288b198e88e 33974a49698d4271b9151ccc66e294c9 b10a00d9a1344530a39108aeff8e3139 - - default default] Successfully bumped revision number for resource a3ccfcb2-2fdf-434e-ac7b-36b95b5685b8 (type: routers) to 1
2026-07-01 08:36:43.073 10 INFO neutron.wsgi [None req-fa3897ca-5613-4aec-9e00-3288b198e88e 33974a49698d4271b9151ccc66e294c9 b10a00d9a1344530a39108aeff8e3139 - - default default] 10.0.0.205 "POST /v2.0/routers HTTP/1.1" status: 201 len: 654 time: 0.4666817
2026-07-01 08:36:43.158 10 INFO neutron.wsgi [req-874b33af-6c01-4873-bdca-cd70138320fd req-7e5638ba-e74d-4553-a0a2-fb014eedaeb4 746af7b062f34760ab1bb01c086d8949 420c0bea433246f99cb6aa60129a7cec - - default default] 10.0.0.16 "GET /v2.0/networks?id=c8b69755-80b4-4933-b583-d4e9a413c5a2 HTTP/1.1" status: 200 len: 903 time: 0.1078997
2026-07-01 08:36:43.175 9 INFO neutron.wsgi [None req-4e94f2b3-5d16-4a9d-ba74-c8eb8db88d85 33974a49698d4271b9151ccc66e294c9 b10a00d9a1344530a39108aeff8e3139 - - default default] 10.0.0.205 "PUT /v2.0/routers/a3ccfcb2-2fdf-434e-ac7b-36b95b5685b8/tags HTTP/1.1" status: 200 len: 218 time: 0.0823345
2026-07-01 08:36:43.178 10 INFO neutron.wsgi [req-874b33af-6c01-4873-bdca-cd70138320fd req-4a1b505b-7878-469e-b103-26764d86406d 746af7b062f34760ab1bb01c086d8949 420c0bea433246f99cb6aa60129a7cec - - default default] 10.0.0.16 "GET /v2.0/quotas/420c0bea433246f99cb6aa60129a7cec HTTP/1.1" status: 200 len: 386 time: 0.0125470
2026-07-01 08:36:43.250 10 INFO neutron.wsgi [None req-5d432de5-4c92-420f-8f5a-78bf9d80fc88 33974a49698d4271b9151ccc66e294c9 b10a00d9a1344530a39108aeff8e3139 - - default default] 10.0.0.205 "GET /v2.0/routers/a3ccfcb2-2fdf-434e-ac7b-36b95b5685b8/tags HTTP/1.1" status: 200 len: 218 time: 0.0678763
2026-07-01 08:36:43.330 9 INFO neutron.wsgi [None req-1210a063-f989-40a3-95d2-207e40f8d4a3 33974a49698d4271b9151ccc66e294c9 b10a00d9a1344530a39108aeff8e3139 - - default default] 10.0.0.205 "PUT /v2.0/routers/a3ccfcb2-2fdf-434e-ac7b-36b95b5685b8/tags/green HTTP/1.1" status: 201 len: 201 time: 0.0732272
2026-07-01 08:36:43.392 9 INFO neutron.wsgi [None req-7f3f9764-31aa-4501-8c69-4c504d0e21ea 33974a49698d4271b9151ccc66e294c9 b10a00d9a1344530a39108aeff8e3139 - - default default] 10.0.0.205 "GET /v2.0/routers/a3ccfcb2-2fdf-434e-ac7b-36b95b5685b8/tags HTTP/1.1" status: 200 len: 227 time: 0.0568402
2026-07-01 08:36:43.433 10 INFO neutron.wsgi [req-874b33af-6c01-4873-bdca-cd70138320fd req-6fd26a4a-3f28-403f-8a7b-5113452064b5 746af7b062f34760ab1bb01c086d8949 420c0bea433246f99cb6aa60129a7cec - - default default] 10.0.0.16 "GET /v2.0/ports?tenant_id=420c0bea433246f99cb6aa60129a7cec&fields=id HTTP/1.1" status: 200 len: 486 time: 0.2443092
2026-07-01 08:36:43.457 9 INFO neutron.wsgi [None req-36103080-83e2-4009-a202-7e2675041691 33974a49698d4271b9151ccc66e294c9 b10a00d9a1344530a39108aeff8e3139 - - default default] 10.0.0.205 "PUT /v2.0/routers/a3ccfcb2-2fdf-434e-ac7b-36b95b5685b8/tags/red HTTP/1.1" status: 201 len: 201 time: 0.0595078
2026-07-01 08:36:43.528 10 INFO neutron.wsgi [None req-7ccb5539-e812-4af4-afde-ba0b83d4a4a4 33974a49698d4271b9151ccc66e294c9 b10a00d9a1344530a39108aeff8e3139 - - default default] 10.0.0.205 "GET /v2.0/routers/a3ccfcb2-2fdf-434e-ac7b-36b95b5685b8/tags HTTP/1.1" status: 200 len: 227 time: 0.0654547
2026-07-01 08:36:43.540 10 INFO neutron.wsgi [req-874b33af-6c01-4873-bdca-cd70138320fd req-8fcf4720-1810-4644-b20c-7a2914984d08 8e496516951c466da03049da1912698b 9108d4d4cf4d463f827d698f2fad947c - - 6637fb82bf4d401aae4d36fd00c31ba8 6637fb82bf4d401aae4d36fd00c31ba8] 10.0.0.16 "GET /v2.0/networks/c8b69755-80b4-4933-b583-d4e9a413c5a2?fields=segments HTTP/1.1" status: 200 len: 212 time: 0.0950134
2026-07-01 08:36:43.602 9 INFO neutron.wsgi [None req-97bc605c-ff56-41e3-b49c-0feed18377b9 33974a49698d4271b9151ccc66e294c9 b10a00d9a1344530a39108aeff8e3139 - - default default] 10.0.0.205 "PUT /v2.0/routers/a3ccfcb2-2fdf-434e-ac7b-36b95b5685b8/tags/black.or.white HTTP/1.1" status: 201 len: 201 time: 0.0661950
2026-07-01 08:36:43.615 10 INFO neutron.wsgi [req-874b33af-6c01-4873-bdca-cd70138320fd req-bdc0218d-c69b-42ad-9baa-3197c11b02d1 8e496516951c466da03049da1912698b 9108d4d4cf4d463f827d698f2fad947c - - 6637fb82bf4d401aae4d36fd00c31ba8 6637fb82bf4d401aae4d36fd00c31ba8] 10.0.0.16 "GET /v2.0/networks/c8b69755-80b4-4933-b583-d4e9a413c5a2?fields=provider%3Aphysical_network&fields=provider%3Anetwork_type HTTP/1.1" status: 200 len: 277 time: 0.0659685
2026-07-01 08:36:43.657 9 INFO neutron.wsgi [None req-9a158fe5-44ab-4930-a68d-775fa5e573e9 33974a49698d4271b9151ccc66e294c9 b10a00d9a1344530a39108aeff8e3139 - - default default] 10.0.0.205 "GET /v2.0/routers/a3ccfcb2-2fdf-434e-ac7b-36b95b5685b8/tags HTTP/1.1" status: 200 len: 245 time: 0.0490875
2026-07-01 08:36:43.720 9 INFO neutron.wsgi [None req-7fe47a40-11ce-4a9e-b3e0-83bd6c93cf71 33974a49698d4271b9151ccc66e294c9 b10a00d9a1344530a39108aeff8e3139 - - default default] 10.0.0.205 "PUT /v2.0/routers/a3ccfcb2-2fdf-434e-ac7b-36b95b5685b8/tags HTTP/1.1" status: 200 len: 230 time: 0.0574780
2026-07-01 08:36:43.744 9 INFO neutron.wsgi [req-39b04117-1093-4efe-8f94-afd5d079caf4 req-ec5e9f46-a6b5-4352-823e-fb0104f37f96 746af7b062f34760ab1bb01c086d8949 420c0bea433246f99cb6aa60129a7cec - - default default] 10.0.0.16 "GET /v2.0/ports?device_id=c15da1e6-24a8-426b-b414-f23a77626560 HTTP/1.1" status: 200 len: 210 time: 0.0231442
2026-07-01 08:36:43.780 10 INFO neutron.wsgi [None req-0e262bdf-b392-435e-9d89-e16690f62958 33974a49698d4271b9151ccc66e294c9 b10a00d9a1344530a39108aeff8e3139 - - default default] 10.0.0.205 "GET /v2.0/routers/a3ccfcb2-2fdf-434e-ac7b-36b95b5685b8/tags HTTP/1.1" status: 200 len: 230 time: 0.0533478
2026-07-01 08:36:43.833 10 INFO neutron.wsgi [None req-397e743b-2cdc-4085-b0ac-b6925a21690f 33974a49698d4271b9151ccc66e294c9 b10a00d9a1344530a39108aeff8e3139 - - default default] 10.0.0.205 "GET /v2.0/routers/a3ccfcb2-2fdf-434e-ac7b-36b95b5685b8/tags/red HTTP/1.1" status: 204 len: 168 time: 0.0472007
2026-07-01 08:36:43.891 10 INFO neutron.api.v2.resource [None req-0a2e2ec9-6986-48f2-bf61-65c9f614c5ff 33974a49698d4271b9151ccc66e294c9 b10a00d9a1344530a39108aeff8e3139 - - default default] show failed (client error): The resource could not be found.
2026-07-01 08:36:43.892 10 INFO neutron.wsgi [None req-0a2e2ec9-6986-48f2-bf61-65c9f614c5ff 33974a49698d4271b9151ccc66e294c9 b10a00d9a1344530a39108aeff8e3139 - - default default] 10.0.0.205 "GET /v2.0/routers/a3ccfcb2-2fdf-434e-ac7b-36b95b5685b8/tags/green HTTP/1.1" status: 404 len: 299 time: 0.0534439
2026-07-01 08:36:43.974 10 INFO neutron.wsgi [None req-df59b9bf-825b-42a8-bc8d-0641c45ff72a 33974a49698d4271b9151ccc66e294c9 b10a00d9a1344530a39108aeff8e3139 - - default default] 10.0.0.205 "DELETE /v2.0/routers/a3ccfcb2-2fdf-434e-ac7b-36b95b5685b8/tags/red HTTP/1.1" status: 204 len: 168 time: 0.0758572
2026-07-01 08:36:44.056 9 INFO neutron.wsgi [None req-4646c576-5e7d-405e-9b63-ede38d18905f 33974a49698d4271b9151ccc66e294c9 b10a00d9a1344530a39108aeff8e3139 - - default default] 10.0.0.205 "GET /v2.0/routers/a3ccfcb2-2fdf-434e-ac7b-36b95b5685b8/tags HTTP/1.1" status: 200 len: 223 time: 0.0726352
2026-07-01 08:36:44.132 10 INFO neutron.api.v2.resource [None req-488a3332-2fd1-4011-8d5a-5531d3010905 33974a49698d4271b9151ccc66e294c9 b10a00d9a1344530a39108aeff8e3139 - - default default] delete failed (client error): The resource could not be found.
2026-07-01 08:36:44.134 10 INFO neutron.wsgi [None req-488a3332-2fd1-4011-8d5a-5531d3010905 33974a49698d4271b9151ccc66e294c9 b10a00d9a1344530a39108aeff8e3139 - - default default] 10.0.0.205 "DELETE /v2.0/routers/a3ccfcb2-2fdf-434e-ac7b-36b95b5685b8/tags/green HTTP/1.1" status: 404 len: 299 time: 0.0675933
2026-07-01 08:36:44.214 10 INFO neutron.wsgi [None req-3cf56eac-38f2-4373-a472-de9437d3766d 33974a49698d4271b9151ccc66e294c9 b10a00d9a1344530a39108aeff8e3139 - - default default] 10.0.0.205 "DELETE /v2.0/routers/a3ccfcb2-2fdf-434e-ac7b-36b95b5685b8/tags HTTP/1.1" status: 204 len: 168 time: 0.0692189
2026-07-01 08:36:44.274 10 INFO neutron.wsgi [None req-16d37f53-cef9-4392-a796-0d2245d33263 33974a49698d4271b9151ccc66e294c9 b10a00d9a1344530a39108aeff8e3139 - - default default] 10.0.0.205 "GET /v2.0/routers/a3ccfcb2-2fdf-434e-ac7b-36b95b5685b8/tags HTTP/1.1" status: 200 len: 205 time: 0.0538361
2026-07-01 08:36:44.358 9 INFO neutron.wsgi [None req-361af5b5-273d-4f9e-b3ac-919712d741c0 33974a49698d4271b9151ccc66e294c9 b10a00d9a1344530a39108aeff8e3139 - - default default] 10.0.0.205 "GET /v2.0/routers/a3ccfcb2-2fdf-434e-ac7b-36b95b5685b8 HTTP/1.1" status: 200 len: 655 time: 0.0659230
2026-07-01 08:36:44.677 10 INFO neutron.wsgi [req-874b33af-6c01-4873-bdca-cd70138320fd req-667b14c5-5a10-4d68-9569-bcd5715e8e71 746af7b062f34760ab1bb01c086d8949 420c0bea433246f99cb6aa60129a7cec - - default default] 199.204.45.235 "GET /v2.0/networks?id=c8b69755-80b4-4933-b583-d4e9a413c5a2 HTTP/1.1" status: 200 len: 903 time: 0.0937874
2026-07-01 08:36:44.724 10 INFO neutron.wsgi [req-874b33af-6c01-4873-bdca-cd70138320fd req-595aecef-7456-4b82-8a5a-8f9abdf1b765 746af7b062f34760ab1bb01c086d8949 420c0bea433246f99cb6aa60129a7cec - - default default] 199.204.45.235 "GET /v2.0/security-groups?fields=id&fields=name&tenant_id=420c0bea433246f99cb6aa60129a7cec HTTP/1.1" status: 200 len: 378 time: 0.0432298
2026-07-01 08:36:44.752 10 WARNING neutron_lib.context [req-874b33af-6c01-4873-bdca-cd70138320fd req-cc32afdd-779e-4aa4-b11a-5cd185bafe05 746af7b062f34760ab1bb01c086d8949 420c0bea433246f99cb6aa60129a7cec - - default default] Method 'is_advsvc' is deprecated since 2023.2 release (neutron-lib 3.8.0) and will be removed once support for the old RBAC API policies will be removed from Neutron. Please use method 'is_service_role' instead.
2026-07-01 08:36:44.840 10 INFO neutron.wsgi [-] 10.0.0.131 "GET / HTTP/1.1" status: 200 len: 245 time: 0.0011606
2026-07-01 08:36:44.841 10 INFO neutron.wsgi [-] 10.0.0.131 "GET / HTTP/1.1" status: 200 len: 245 time: 0.0010860
2026-07-01 08:36:45.093 9 WARNING neutron.plugins.ml2.drivers.ovn.mech_driver.ovsdb.ovn_client [None req-aa695e8c-ebc2-4ae9-8756-61460255505c - - - - - -] No hosting information found for port 3b1671bb-b149-4abe-99ea-e65ce1fbf395: RuntimeError: No hosting information found for port 3b1671bb-b149-4abe-99ea-e65ce1fbf395
2026-07-01 08:36:45.121 10 WARNING neutron.scheduler.dhcp_agent_scheduler [req-874b33af-6c01-4873-bdca-cd70138320fd req-cc32afdd-779e-4aa4-b11a-5cd185bafe05 746af7b062f34760ab1bb01c086d8949 420c0bea433246f99cb6aa60129a7cec - - default default] No more DHCP agents
2026-07-01 08:36:45.124 10 WARNING neutron.api.rpc.agentnotifiers.dhcp_rpc_agent_api [req-874b33af-6c01-4873-bdca-cd70138320fd req-cc32afdd-779e-4aa4-b11a-5cd185bafe05 746af7b062f34760ab1bb01c086d8949 420c0bea433246f99cb6aa60129a7cec - - default default] Unable to schedule network c8b69755-80b4-4933-b583-d4e9a413c5a2: no agents available; will retry on subsequent port and subnet creation events.
2026-07-01 08:36:45.199 10 WARNING neutron.plugins.ml2.drivers.ovn.mech_driver.ovsdb.ovn_client [None req-1a7dfe54-e8bf-4cd1-a3fa-fa7bbabf8714 - - - - - -] No hosting information found for port 37d74361-d9e2-4007-adbb-7426af3e81f3: RuntimeError: No hosting information found for port 37d74361-d9e2-4007-adbb-7426af3e81f3
2026-07-01 08:36:45.290 9 INFO neutron.db.ovn_revision_numbers_db [None req-e53a01d2-39a3-463d-b419-eef137137a5d 33974a49698d4271b9151ccc66e294c9 b10a00d9a1344530a39108aeff8e3139 - - default default] Successfully bumped revision number for resource a3ccfcb2-2fdf-434e-ac7b-36b95b5685b8 (type: routers) to 7
2026-07-01 08:36:45.293 9 INFO neutron.wsgi [None req-e53a01d2-39a3-463d-b419-eef137137a5d 33974a49698d4271b9151ccc66e294c9 b10a00d9a1344530a39108aeff8e3139 - - default default] 10.0.0.205 "PUT /v2.0/routers/a3ccfcb2-2fdf-434e-ac7b-36b95b5685b8 HTTP/1.1" status: 200 len: 655 time: 0.9309056
