2026-07-01 08:33:36.940 9 INFO neutron.services.segments.plugin [-] Segment 34f3bc6b-f28b-416e-90ff-cc8c6b7529db resource provider aggregate not found
2026-07-01 08:33:36.956 9 INFO neutron.services.segments.plugin [-] Segment 34f3bc6b-f28b-416e-90ff-cc8c6b7529db resource provider not found; error: Placement Client Error (4xx): {"errors": [{"status": 404, "title": "Not Found", "detail": "The resource could not be found.\n\n No resource provider with uuid 34f3bc6b-f28b-416e-90ff-cc8c6b7529db found for delete ", "request_id": "req-25ea89d5-ddb8-4c56-bd58-12816f762070"}]}
2026-07-01 08:33:36.957 9 INFO neutron.services.segments.plugin [-] Segment 34f3bc6b-f28b-416e-90ff-cc8c6b7529db resource provider not found; error: Placement Client Error (4xx): {"errors": [{"status": 404, "title": "Not Found", "detail": "The resource could not be found.\n\n No resource provider with uuid 34f3bc6b-f28b-416e-90ff-cc8c6b7529db found for delete ", "request_id": "req-6ddb2346-1e88-4b98-9e20-0ac0442fe046"}]}
2026-07-01 08:33:37.005 9 INFO neutron.wsgi [None req-afbc5a63-4dd6-4ce7-897e-67cb0e97c174 d304297cc5d34d8b86439095a51d7958 af37a0cc71c24db9840a2d1e68c45ecf - - default default] 10.0.0.205 "DELETE /v2.0/networks/a42f9010-8022-402b-8a90-b6348c197d80 HTTP/1.1" status: 204 len: 168 time: 0.5291667
2026-07-01 08:33:37.082 9 INFO neutron.db.ovn_revision_numbers_db [None req-eea97384-5144-42fd-bed6-7b7bc26df256 d304297cc5d34d8b86439095a51d7958 af37a0cc71c24db9840a2d1e68c45ecf - - default default] Successfully bumped revision number for resource 35e2cfc6-4df4-4ae7-9eae-33831b4ffce5 (type: ports) to 1
2026-07-01 08:33:37.153 9 WARNING neutron.scheduler.dhcp_agent_scheduler [None req-eea97384-5144-42fd-bed6-7b7bc26df256 d304297cc5d34d8b86439095a51d7958 af37a0cc71c24db9840a2d1e68c45ecf - - default default] No more DHCP agents
2026-07-01 08:33:37.155 9 WARNING neutron.api.rpc.agentnotifiers.dhcp_rpc_agent_api [None req-eea97384-5144-42fd-bed6-7b7bc26df256 d304297cc5d34d8b86439095a51d7958 af37a0cc71c24db9840a2d1e68c45ecf - - default default] Unable to schedule network 73a60b6f-4958-4b56-a1e4-065296954e18: no agents available; will retry on subsequent port and subnet creation events. /var/lib/openstack/lib/python3.10/site-packages/pycadf/identifier.py:71: UserWarning: Invalid uuid: neutron. To ensure interoperability, identifiers should be a valid uuid. warnings.warn(('Invalid uuid: %s. To ensure interoperability, '
2026-07-01 08:33:37.257 10 INFO neutron.wsgi [None req-d64043db-491b-4c92-b8ad-12b3ee438372 d304297cc5d34d8b86439095a51d7958 af37a0cc71c24db9840a2d1e68c45ecf - - default default] 10.0.0.205 "GET /v2.0/security-groups?tenant_id=c9132311d6f14739a3639c826ab8637b&name=default HTTP/1.1" status: 200 len: 2992 time: 0.0479834
2026-07-01 08:33:37.489 10 INFO neutron.wsgi [None req-6ac0edd1-2cec-433a-a09f-645c55682cc6 d304297cc5d34d8b86439095a51d7958 af37a0cc71c24db9840a2d1e68c45ecf - - default default] 10.0.0.205 "DELETE /v2.0/security-groups/b3371515-ea5d-4904-afcf-3682bac131d6 HTTP/1.1" status: 204 len: 168 time: 0.2255208
2026-07-01 08:33:37.744 10 INFO neutron.plugins.ml2.drivers.ovn.mech_driver.mech_driver [None req-1a7dfe54-e8bf-4cd1-a3fa-fa7bbabf8714 - - - - - -] OVN reports status up for port: 35e2cfc6-4df4-4ae7-9eae-33831b4ffce5
2026-07-01 08:33:37.761 10 INFO neutron.plugins.ml2.plugin [None req-1a7dfe54-e8bf-4cd1-a3fa-fa7bbabf8714 - - - - - -] Attempt 1 to provision port 35e2cfc6-4df4-4ae7-9eae-33831b4ffce5
2026-07-01 08:33:37.776 9 INFO neutron.db.ovn_revision_numbers_db [None req-eea97384-5144-42fd-bed6-7b7bc26df256 d304297cc5d34d8b86439095a51d7958 af37a0cc71c24db9840a2d1e68c45ecf - - default default] Successfully bumped revision number for resource 35e2cfc6-4df4-4ae7-9eae-33831b4ffce5 (type: router_ports) to 1
2026-07-01 08:33:37.779 9 INFO neutron.wsgi [None req-eea97384-5144-42fd-bed6-7b7bc26df256 d304297cc5d34d8b86439095a51d7958 af37a0cc71c24db9840a2d1e68c45ecf - - default default] 10.0.0.205 "PUT /v2.0/routers/df874d16-ce54-4fee-9208-517bfe7f9002/add_router_interface HTTP/1.1" status: 200 len: 503 time: 2.7261655
2026-07-01 08:33:38.135 10 INFO neutron.db.ovn_revision_numbers_db [None req-1a7dfe54-e8bf-4cd1-a3fa-fa7bbabf8714 - - - - - -] Successfully bumped revision number for resource 35e2cfc6-4df4-4ae7-9eae-33831b4ffce5 (type: ports) to 2
2026-07-01 08:33:38.221 10 INFO neutron.db.ovn_revision_numbers_db [None req-1a7dfe54-e8bf-4cd1-a3fa-fa7bbabf8714 - - - - - -] Successfully bumped revision number for resource 35e2cfc6-4df4-4ae7-9eae-33831b4ffce5 (type: router_ports) to 2
2026-07-01 08:33:38.622 10 WARNING neutron_lib.context [None req-23df2226-fc1e-4102-a8eb-ad0867a29ee2 032fa2bf3eb44a92a7ac5af9d040378e eb43edfb18c44f789fce8e4efde7557d - - default default] Method 'is_advsvc' is deprecated since 2023.2 release (neutron-lib 3.8.0) and will be removed once support for the old RBAC API policies will be removed from Neutron. Please use method 'is_service_role' instead.
2026-07-01 08:33:38.746 10 INFO neutron.db.ovn_revision_numbers_db [None req-23df2226-fc1e-4102-a8eb-ad0867a29ee2 032fa2bf3eb44a92a7ac5af9d040378e eb43edfb18c44f789fce8e4efde7557d - - default default] Successfully bumped revision number for resource 7b9fd148-c6e1-4e00-b193-ccad569fedc4 (type: security_groups) to 1
2026-07-01 08:33:38.766 10 INFO neutron.db.ovn_revision_numbers_db [None req-23df2226-fc1e-4102-a8eb-ad0867a29ee2 032fa2bf3eb44a92a7ac5af9d040378e eb43edfb18c44f789fce8e4efde7557d - - default default] Successfully bumped revision number for resource be4752c6-c62c-4889-b3de-6216f88b3b27 (type: security_group_rules) to 0
2026-07-01 08:33:38.781 10 INFO neutron.db.ovn_revision_numbers_db [None req-23df2226-fc1e-4102-a8eb-ad0867a29ee2 032fa2bf3eb44a92a7ac5af9d040378e eb43edfb18c44f789fce8e4efde7557d - - default default] Successfully bumped revision number for resource d854f360-242c-474c-943c-af7818f662bf (type: security_group_rules) to 0
2026-07-01 08:33:38.808 10 INFO neutron.wsgi [None req-23df2226-fc1e-4102-a8eb-ad0867a29ee2 032fa2bf3eb44a92a7ac5af9d040378e eb43edfb18c44f789fce8e4efde7557d - - default default] 10.0.0.205 "POST /v2.0/security-groups HTTP/1.1" status: 201 len: 1796 time: 0.1920402
2026-07-01 08:33:38.818 10 WARNING neutron_lib.context [None req-21217996-4fb1-4b5c-860c-c3b76af5b28b 032fa2bf3eb44a92a7ac5af9d040378e eb43edfb18c44f789fce8e4efde7557d - - default default] Method 'is_advsvc' is deprecated since 2023.2 release (neutron-lib 3.8.0) and will be removed once support for the old RBAC API policies will be removed from Neutron. Please use method 'is_service_role' instead.
2026-07-01 08:33:38.965 10 INFO neutron.db.ovn_revision_numbers_db [None req-21217996-4fb1-4b5c-860c-c3b76af5b28b 032fa2bf3eb44a92a7ac5af9d040378e eb43edfb18c44f789fce8e4efde7557d - - default default] Successfully bumped revision number for resource f7c38200-a66e-4004-accb-bb028abf62d1 (type: security_group_rules) to 0
2026-07-01 08:33:39.010 10 INFO neutron.wsgi [None req-21217996-4fb1-4b5c-860c-c3b76af5b28b 032fa2bf3eb44a92a7ac5af9d040378e eb43edfb18c44f789fce8e4efde7557d - - default default] 10.0.0.205 "POST /v2.0/security-group-rules HTTP/1.1" status: 201 len: 764 time: 0.1963441
2026-07-01 08:33:39.026 9 WARNING neutron_lib.context [None req-d3f3f822-8c15-48de-8a37-9f2d69d9abbf 032fa2bf3eb44a92a7ac5af9d040378e eb43edfb18c44f789fce8e4efde7557d - - default default] Method 'is_advsvc' is deprecated since 2023.2 release (neutron-lib 3.8.0) and will be removed once support for the old RBAC API policies will be removed from Neutron. Please use method 'is_service_role' instead.
2026-07-01 08:33:39.224 9 INFO neutron.db.ovn_revision_numbers_db [None req-d3f3f822-8c15-48de-8a37-9f2d69d9abbf 032fa2bf3eb44a92a7ac5af9d040378e eb43edfb18c44f789fce8e4efde7557d - - default default] Successfully bumped revision number for resource 2bc4fd9e-a1de-411e-95c6-907df2655706 (type: security_group_rules) to 0
2026-07-01 08:33:39.270 9 INFO neutron.wsgi [None req-d3f3f822-8c15-48de-8a37-9f2d69d9abbf 032fa2bf3eb44a92a7ac5af9d040378e eb43edfb18c44f789fce8e4efde7557d - - default default] 10.0.0.205 "POST /v2.0/security-group-rules HTTP/1.1" status: 201 len: 769 time: 0.2520564
2026-07-01 08:33:39.283 10 WARNING neutron_lib.context [None req-681d6ae4-b9c2-41c7-beeb-8da02a454176 032fa2bf3eb44a92a7ac5af9d040378e eb43edfb18c44f789fce8e4efde7557d - - default default] Method 'is_advsvc' is deprecated since 2023.2 release (neutron-lib 3.8.0) and will be removed once support for the old RBAC API policies will be removed from Neutron. Please use method 'is_service_role' instead.
2026-07-01 08:33:39.292 9 INFO neutron.db.ovn_revision_numbers_db [None req-500c176a-6c93-4911-b37b-842d3eed99f1 d304297cc5d34d8b86439095a51d7958 af37a0cc71c24db9840a2d1e68c45ecf - - default default] Successfully bumped revision number for resource 47720304-ded2-4af6-b031-903c182575f7 (type: security_groups) to 1
2026-07-01 08:33:39.309 9 INFO neutron.db.ovn_revision_numbers_db [None req-500c176a-6c93-4911-b37b-842d3eed99f1 d304297cc5d34d8b86439095a51d7958 af37a0cc71c24db9840a2d1e68c45ecf - - default default] Successfully bumped revision number for resource 10ba46d7-44df-4dac-bd83-8fa4ea32c596 (type: security_group_rules) to 0
2026-07-01 08:33:39.329 9 INFO neutron.db.ovn_revision_numbers_db [None req-500c176a-6c93-4911-b37b-842d3eed99f1 d304297cc5d34d8b86439095a51d7958 af37a0cc71c24db9840a2d1e68c45ecf - - default default] Successfully bumped revision number for resource 2f2eb012-258c-4631-9dc9-83fe13403dcd (type: security_group_rules) to 0
2026-07-01 08:33:39.352 9 INFO neutron.db.ovn_revision_numbers_db [None req-500c176a-6c93-4911-b37b-842d3eed99f1 d304297cc5d34d8b86439095a51d7958 af37a0cc71c24db9840a2d1e68c45ecf - - default default] Successfully bumped revision number for resource 638f48f6-20f8-4499-9fdd-0674bd79794d (type: security_group_rules) to 0
2026-07-01 08:33:39.368 9 INFO neutron.db.ovn_revision_numbers_db [None req-500c176a-6c93-4911-b37b-842d3eed99f1 d304297cc5d34d8b86439095a51d7958 af37a0cc71c24db9840a2d1e68c45ecf - - default default] Successfully bumped revision number for resource fb0478ce-0ca5-4196-9d43-de6bae0a8f6f (type: security_group_rules) to 0
2026-07-01 08:33:39.397 9 INFO neutron.wsgi [None req-500c176a-6c93-4911-b37b-842d3eed99f1 d304297cc5d34d8b86439095a51d7958 af37a0cc71c24db9840a2d1e68c45ecf - - default default] 10.0.0.205 "GET /v2.0/security-groups?tenant_id=cef398a3066d4ff5aeabf0d0220fee9d&name=default HTTP/1.1" status: 200 len: 2996 time: 0.5465202
2026-07-01 08:33:39.574 10 WARNING neutron.scheduler.dhcp_agent_scheduler [None req-681d6ae4-b9c2-41c7-beeb-8da02a454176 032fa2bf3eb44a92a7ac5af9d040378e eb43edfb18c44f789fce8e4efde7557d - - default default] No more DHCP agents
2026-07-01 08:33:39.583 10 WARNING neutron.api.rpc.agentnotifiers.dhcp_rpc_agent_api [None req-681d6ae4-b9c2-41c7-beeb-8da02a454176 032fa2bf3eb44a92a7ac5af9d040378e eb43edfb18c44f789fce8e4efde7557d - - default default] Unable to schedule network 0dde9d4f-6d3b-41c9-b4a3-98c9341a0a7c: no agents available; will retry on subsequent port and subnet creation events.
2026-07-01 08:33:39.595 9 INFO neutron.wsgi [None req-b7eb15cf-809d-4988-9076-8dc7d2ceca3e d304297cc5d34d8b86439095a51d7958 af37a0cc71c24db9840a2d1e68c45ecf - - default default] 10.0.0.205 "DELETE /v2.0/security-groups/47720304-ded2-4af6-b031-903c182575f7 HTTP/1.1" status: 204 len: 168 time: 0.1911192
2026-07-01 08:33:39.896 9 INFO neutron.db.ovn_revision_numbers_db [None req-e92c89ca-485a-4f75-97d6-6843d1e2fde5 d304297cc5d34d8b86439095a51d7958 af37a0cc71c24db9840a2d1e68c45ecf - - default default] Successfully bumped revision number for resource 27df613c-bb13-4bf7-9440-630b1a8ca984 (type: security_groups) to 1
2026-07-01 08:33:39.910 9 INFO neutron.db.ovn_revision_numbers_db [None req-e92c89ca-485a-4f75-97d6-6843d1e2fde5 d304297cc5d34d8b86439095a51d7958 af37a0cc71c24db9840a2d1e68c45ecf - - default default] Successfully bumped revision number for resource 4fc088c1-5814-4e7a-b6a5-af623cfdb272 (type: security_group_rules) to 0
2026-07-01 08:33:39.923 9 INFO neutron.db.ovn_revision_numbers_db [None req-e92c89ca-485a-4f75-97d6-6843d1e2fde5 d304297cc5d34d8b86439095a51d7958 af37a0cc71c24db9840a2d1e68c45ecf - - default default] Successfully bumped revision number for resource 86364686-745a-48f0-9be3-1c1d664dde82 (type: security_group_rules) to 0
2026-07-01 08:33:39.940 10 INFO neutron.db.ovn_revision_numbers_db [None req-681d6ae4-b9c2-41c7-beeb-8da02a454176 032fa2bf3eb44a92a7ac5af9d040378e eb43edfb18c44f789fce8e4efde7557d - - default default] Successfully bumped revision number for resource 2893c2ac-a01d-4559-aa57-83861914bdc8 (type: floatingips) to 0
2026-07-01 08:33:39.941 9 INFO neutron.db.ovn_revision_numbers_db [None req-e92c89ca-485a-4f75-97d6-6843d1e2fde5 d304297cc5d34d8b86439095a51d7958 af37a0cc71c24db9840a2d1e68c45ecf - - default default] Successfully bumped revision number for resource 91a094a1-a9d4-4cd3-80df-c89e0dc0c116 (type: security_group_rules) to 0
2026-07-01 08:33:39.958 10 INFO neutron.wsgi [None req-681d6ae4-b9c2-41c7-beeb-8da02a454176 032fa2bf3eb44a92a7ac5af9d040378e eb43edfb18c44f789fce8e4efde7557d - - default default] 10.0.0.205 "POST /v2.0/floatingips HTTP/1.1" status: 201 len: 751 time: 0.6821821
2026-07-01 08:33:39.959 9 INFO neutron.db.ovn_revision_numbers_db [None req-e92c89ca-485a-4f75-97d6-6843d1e2fde5 d304297cc5d34d8b86439095a51d7958 af37a0cc71c24db9840a2d1e68c45ecf - - default default] Successfully bumped revision number for resource be0030f5-063c-4924-89f5-3b8cf1fcef47 (type: security_group_rules) to 0
2026-07-01 08:33:39.990 9 INFO neutron.wsgi [None req-e92c89ca-485a-4f75-97d6-6843d1e2fde5 d304297cc5d34d8b86439095a51d7958 af37a0cc71c24db9840a2d1e68c45ecf - - default default] 10.0.0.205 "GET /v2.0/security-groups?tenant_id=a4d1238fe3c04183ac28cbcd199114b8&name=default HTTP/1.1" status: 200 len: 2996 time: 0.2261989
2026-07-01 08:33:40.229 9 INFO neutron.wsgi [None req-2bce51f2-5136-45ce-8132-a366dcee71f8 d304297cc5d34d8b86439095a51d7958 af37a0cc71c24db9840a2d1e68c45ecf - - default default] 10.0.0.205 "DELETE /v2.0/security-groups/27df613c-bb13-4bf7-9440-630b1a8ca984 HTTP/1.1" status: 204 len: 168 time: 0.2302115
2026-07-01 08:33:40.478 10 INFO neutron.wsgi [req-d7c45c3d-341d-42cb-bb76-efc4249c8050 req-5698c734-11cb-4882-b29c-c84782d05cd7 032fa2bf3eb44a92a7ac5af9d040378e eb43edfb18c44f789fce8e4efde7557d - - default default] 10.0.0.16 "GET /v2.0/security-groups?name=tempest-securitygroup--342375350&fields=id&tenant_id=eb43edfb18c44f789fce8e4efde7557d HTTP/1.1" status: 200 len: 267 time: 0.0447490
2026-07-01 08:33:40.563 10 INFO neutron.wsgi [req-d7c45c3d-341d-42cb-bb76-efc4249c8050 req-be610666-fa8b-45ed-8365-cbdec8539461 032fa2bf3eb44a92a7ac5af9d040378e eb43edfb18c44f789fce8e4efde7557d - - default default] 10.0.0.16 "GET /v2.0/networks?id=73a60b6f-4958-4b56-a1e4-065296954e18 HTTP/1.1" status: 200 len: 874 time: 0.0791042
2026-07-01 08:33:40.584 10 INFO neutron.wsgi [req-d7c45c3d-341d-42cb-bb76-efc4249c8050 req-0cc68b14-c2f2-479c-8264-db045dd2a5b5 032fa2bf3eb44a92a7ac5af9d040378e eb43edfb18c44f789fce8e4efde7557d - - default default] 10.0.0.16 "GET /v2.0/quotas/eb43edfb18c44f789fce8e4efde7557d HTTP/1.1" status: 200 len: 386 time: 0.0133502
2026-07-01 08:33:40.698 10 INFO neutron.wsgi [req-d7c45c3d-341d-42cb-bb76-efc4249c8050 req-2a198fe3-a22a-41ec-ad28-4d16d36cdb77 032fa2bf3eb44a92a7ac5af9d040378e eb43edfb18c44f789fce8e4efde7557d - - default default] 10.0.0.16 "GET /v2.0/ports?tenant_id=eb43edfb18c44f789fce8e4efde7557d&fields=id HTTP/1.1" status: 200 len: 302 time: 0.1073747
2026-07-01 08:33:41.050 10 INFO neutron.wsgi [req-d7c45c3d-341d-42cb-bb76-efc4249c8050 req-f067a712-5c68-4346-80bb-7b24126c41b3 8e496516951c466da03049da1912698b 9108d4d4cf4d463f827d698f2fad947c - - 6637fb82bf4d401aae4d36fd00c31ba8 6637fb82bf4d401aae4d36fd00c31ba8] 10.0.0.16 "GET /v2.0/networks/73a60b6f-4958-4b56-a1e4-065296954e18?fields=segments HTTP/1.1" status: 200 len: 212 time: 0.3373160
2026-07-01 08:33:41.132 10 INFO neutron.wsgi [req-d7c45c3d-341d-42cb-bb76-efc4249c8050 req-14222f43-b15a-4f81-9a6e-3cb38c85e773 8e496516951c466da03049da1912698b 9108d4d4cf4d463f827d698f2fad947c - - 6637fb82bf4d401aae4d36fd00c31ba8 6637fb82bf4d401aae4d36fd00c31ba8] 10.0.0.16 "GET /v2.0/networks/73a60b6f-4958-4b56-a1e4-065296954e18?fields=provider%3Aphysical_network&fields=provider%3Anetwork_type HTTP/1.1" status: 200 len: 277 time: 0.0738738
2026-07-01 08:33:41.269 9 INFO neutron.wsgi [req-dca35082-9ac5-4dc8-8c37-40f3a92d459a req-7d010b23-c67a-417d-ae07-327120750522 032fa2bf3eb44a92a7ac5af9d040378e eb43edfb18c44f789fce8e4efde7557d - - default default] 10.0.0.16 "GET /v2.0/ports?device_id=f233b430-ab97-4a4c-8e42-dcbf5b3aca74 HTTP/1.1" status: 200 len: 210 time: 0.0258152
2026-07-01 08:33:42.118 9 INFO neutron.wsgi [req-d7c45c3d-341d-42cb-bb76-efc4249c8050 req-916dbd43-0e01-4cf2-8f90-5a2d568af505 032fa2bf3eb44a92a7ac5af9d040378e eb43edfb18c44f789fce8e4efde7557d - - default default] 199.204.45.235 "GET /v2.0/networks?id=73a60b6f-4958-4b56-a1e4-065296954e18 HTTP/1.1" status: 200 len: 874 time: 0.0639157
2026-07-01 08:33:42.168 9 INFO neutron.wsgi [req-d7c45c3d-341d-42cb-bb76-efc4249c8050 req-094d6c30-d518-475e-afdb-a7db32eed664 032fa2bf3eb44a92a7ac5af9d040378e eb43edfb18c44f789fce8e4efde7557d - - default default] 199.204.45.235 "GET /v2.0/security-groups?fields=id&fields=name&tenant_id=eb43edfb18c44f789fce8e4efde7557d HTTP/1.1" status: 200 len: 379 time: 0.0455754
2026-07-01 08:33:42.178 9 WARNING neutron_lib.context [req-d7c45c3d-341d-42cb-bb76-efc4249c8050 req-c2969e97-3fcc-44c6-8f18-311897ffa33d 032fa2bf3eb44a92a7ac5af9d040378e eb43edfb18c44f789fce8e4efde7557d - - default default] Method 'is_advsvc' is deprecated since 2023.2 release (neutron-lib 3.8.0) and will be removed once support for the old RBAC API policies will be removed from Neutron. Please use method 'is_service_role' instead.
2026-07-01 08:33:42.334 10 INFO neutron.db.ovn_revision_numbers_db [None req-78b26b3e-10e9-408f-9874-26ad1a2af5c2 d304297cc5d34d8b86439095a51d7958 af37a0cc71c24db9840a2d1e68c45ecf - - default default] Successfully bumped revision number for resource 86532590-249c-4e4b-8622-cc6f32333451 (type: security_groups) to 1
2026-07-01 08:33:42.355 10 INFO neutron.db.ovn_revision_numbers_db [None req-78b26b3e-10e9-408f-9874-26ad1a2af5c2 d304297cc5d34d8b86439095a51d7958 af37a0cc71c24db9840a2d1e68c45ecf - - default default] Successfully bumped revision number for resource 0c7b16dd-06ff-4b36-95c6-648cadabfa1f (type: security_group_rules) to 0
2026-07-01 08:33:42.371 10 INFO neutron.wsgi [req-38578a83-ef4b-4861-95b1-4ba7cad61a94 req-0cb05ea1-e42e-4223-ac63-99d8032df9b8 032fa2bf3eb44a92a7ac5af9d040378e eb43edfb18c44f789fce8e4efde7557d - - default default] 10.0.0.16 "GET /v2.0/ports?device_id=f233b430-ab97-4a4c-8e42-dcbf5b3aca74 HTTP/1.1" status: 200 len: 210 time: 0.0272436
2026-07-01 08:33:42.381 10 INFO neutron.db.ovn_revision_numbers_db [None req-78b26b3e-10e9-408f-9874-26ad1a2af5c2 d304297cc5d34d8b86439095a51d7958 af37a0cc71c24db9840a2d1e68c45ecf - - default default] Successfully bumped revision number for resource 287705df-2023-4a58-b85a-850143760987 (type: security_group_rules) to 0
2026-07-01 08:33:42.399 10 INFO neutron.db.ovn_revision_numbers_db [None req-78b26b3e-10e9-408f-9874-26ad1a2af5c2 d304297cc5d34d8b86439095a51d7958 af37a0cc71c24db9840a2d1e68c45ecf - - default default] Successfully bumped revision number for resource 76f4e231-cd20-4380-831e-4f1089e6350b (type: security_group_rules) to 0
2026-07-01 08:33:42.431 10 INFO neutron.db.ovn_revision_numbers_db [None req-78b26b3e-10e9-408f-9874-26ad1a2af5c2 d304297cc5d34d8b86439095a51d7958 af37a0cc71c24db9840a2d1e68c45ecf - - default default] Successfully bumped revision number for resource 9f980e8d-099c-41a0-8bf8-e2bd509710db (type: security_group_rules) to 0
2026-07-01 08:33:42.459 10 INFO neutron.wsgi [None req-78b26b3e-10e9-408f-9874-26ad1a2af5c2 d304297cc5d34d8b86439095a51d7958 af37a0cc71c24db9840a2d1e68c45ecf - - default default] 10.0.0.205 "GET /v2.0/security-groups?tenant_id=599261a699b4428cb45c74c0d966bd21&name=default HTTP/1.1" status: 200 len: 2996 time: 0.4862270
2026-07-01 08:33:42.493 9 WARNING neutron.scheduler.dhcp_agent_scheduler [req-d7c45c3d-341d-42cb-bb76-efc4249c8050 req-c2969e97-3fcc-44c6-8f18-311897ffa33d 032fa2bf3eb44a92a7ac5af9d040378e eb43edfb18c44f789fce8e4efde7557d - - default default] No more DHCP agents
2026-07-01 08:33:42.496 9 WARNING neutron.api.rpc.agentnotifiers.dhcp_rpc_agent_api [req-d7c45c3d-341d-42cb-bb76-efc4249c8050 req-c2969e97-3fcc-44c6-8f18-311897ffa33d 032fa2bf3eb44a92a7ac5af9d040378e eb43edfb18c44f789fce8e4efde7557d - - default default] Unable to schedule network 73a60b6f-4958-4b56-a1e4-065296954e18: no agents available; will retry on subsequent port and subnet creation events.
2026-07-01 08:33:42.662 9 INFO neutron.db.ovn_revision_numbers_db [req-d7c45c3d-341d-42cb-bb76-efc4249c8050 req-c2969e97-3fcc-44c6-8f18-311897ffa33d 032fa2bf3eb44a92a7ac5af9d040378e eb43edfb18c44f789fce8e4efde7557d - - default default] Successfully bumped revision number for resource d53addb2-7ec6-4f8e-a5f7-9b7d03c87aea (type: ports) to 1
2026-07-01 08:33:42.686 9 INFO neutron.wsgi [req-d7c45c3d-341d-42cb-bb76-efc4249c8050 req-c2969e97-3fcc-44c6-8f18-311897ffa33d 032fa2bf3eb44a92a7ac5af9d040378e eb43edfb18c44f789fce8e4efde7557d - - default default] 199.204.45.235 "POST /v2.0/ports HTTP/1.1" status: 201 len: 1162 time: 0.5131712 /var/lib/openstack/lib/python3.10/site-packages/pycadf/identifier.py:71: UserWarning: Invalid uuid: neutron. To ensure interoperability, identifiers should be a valid uuid. warnings.warn(('Invalid uuid: %s. To ensure interoperability, '
2026-07-01 08:33:42.702 10 INFO neutron.wsgi [None req-0d53dae6-48ce-43b1-a3ab-4d7589e5cfe9 d304297cc5d34d8b86439095a51d7958 af37a0cc71c24db9840a2d1e68c45ecf - - default default] 10.0.0.205 "DELETE /v2.0/security-groups/86532590-249c-4e4b-8622-cc6f32333451 HTTP/1.1" status: 204 len: 168 time: 0.2233582
2026-07-01 08:33:43.009 10 INFO neutron.db.ovn_revision_numbers_db [None req-bf53a00e-1554-42bf-b2df-e4f244d99268 d304297cc5d34d8b86439095a51d7958 af37a0cc71c24db9840a2d1e68c45ecf - - default default] Successfully bumped revision number for resource 5af2c222-ac1f-4b7b-9658-1670d3ec2931 (type: security_groups) to 1
2026-07-01 08:33:43.029 10 INFO neutron.db.ovn_revision_numbers_db [None req-bf53a00e-1554-42bf-b2df-e4f244d99268 d304297cc5d34d8b86439095a51d7958 af37a0cc71c24db9840a2d1e68c45ecf - - default default] Successfully bumped revision number for resource 104ec361-7984-4318-989f-48ce8844bd1a (type: security_group_rules) to 0
2026-07-01 08:33:43.056 10 INFO neutron.db.ovn_revision_numbers_db [None req-bf53a00e-1554-42bf-b2df-e4f244d99268 d304297cc5d34d8b86439095a51d7958 af37a0cc71c24db9840a2d1e68c45ecf - - default default] Successfully bumped revision number for resource 525d7281-b540-42b9-9acc-b82867f430bd (type: security_group_rules) to 0
2026-07-01 08:33:43.063 10 WARNING neutron.plugins.ml2.drivers.ovn.mech_driver.ovsdb.ovn_client [None req-1a7dfe54-e8bf-4cd1-a3fa-fa7bbabf8714 - - - - - -] No hosting information found for port 35e2cfc6-4df4-4ae7-9eae-33831b4ffce5: RuntimeError: No hosting information found for port 35e2cfc6-4df4-4ae7-9eae-33831b4ffce5
2026-07-01 08:33:43.071 10 INFO neutron.db.ovn_revision_numbers_db [None req-bf53a00e-1554-42bf-b2df-e4f244d99268 d304297cc5d34d8b86439095a51d7958 af37a0cc71c24db9840a2d1e68c45ecf - - default default] Successfully bumped revision number for resource 6c5de158-fb0c-473c-a049-da191b113e8e (type: security_group_rules) to 0
2026-07-01 08:33:43.086 10 INFO neutron.db.ovn_revision_numbers_db [None req-bf53a00e-1554-42bf-b2df-e4f244d99268 d304297cc5d34d8b86439095a51d7958 af37a0cc71c24db9840a2d1e68c45ecf - - default default] Successfully bumped revision number for resource a22078fe-19ee-4f0e-a081-f8c6b5811ba5 (type: security_group_rules) to 0
2026-07-01 08:33:43.115 10 INFO neutron.wsgi [None req-bf53a00e-1554-42bf-b2df-e4f244d99268 d304297cc5d34d8b86439095a51d7958 af37a0cc71c24db9840a2d1e68c45ecf - - default default] 10.0.0.205 "GET /v2.0/security-groups?tenant_id=4b93700f8056446c92522b3d42553970&name=default HTTP/1.1" status: 200 len: 2996 time: 0.2529464
2026-07-01 08:33:43.301 10 INFO neutron.wsgi [None req-22f43a09-3295-4f7c-87a3-4a3e25accd91 d304297cc5d34d8b86439095a51d7958 af37a0cc71c24db9840a2d1e68c45ecf - - default default] 10.0.0.205 "DELETE /v2.0/security-groups/5af2c222-ac1f-4b7b-9658-1670d3ec2931 HTTP/1.1" status: 204 len: 168 time: 0.1810372
2026-07-01 08:33:43.437 9 INFO neutron.db.ovn_revision_numbers_db [req-d7c45c3d-341d-42cb-bb76-efc4249c8050 req-f6f1da74-f149-46fc-a242-c399842cbe47 8e496516951c466da03049da1912698b 9108d4d4cf4d463f827d698f2fad947c - - 6637fb82bf4d401aae4d36fd00c31ba8 6637fb82bf4d401aae4d36fd00c31ba8] Successfully bumped revision number for resource d53addb2-7ec6-4f8e-a5f7-9b7d03c87aea (type: ports) to 2 /var/lib/openstack/lib/python3.10/site-packages/pycadf/identifier.py:71: UserWarning: Invalid uuid: neutron. To ensure interoperability, identifiers should be a valid uuid. warnings.warn(('Invalid uuid: %s. To ensure interoperability, '
2026-07-01 08:33:43.556 9 INFO neutron.wsgi [req-d45df6c2-ece6-42e5-bd80-004a32e8291f req-e99e8a06-c1fd-48e4-90ae-e15417462723 032fa2bf3eb44a92a7ac5af9d040378e eb43edfb18c44f789fce8e4efde7557d - - default default] 10.0.0.16 "GET /v2.0/ports?device_id=f233b430-ab97-4a4c-8e42-dcbf5b3aca74 HTTP/1.1" status: 200 len: 1172 time: 0.1106298
2026-07-01 08:33:43.639 9 INFO neutron.wsgi [req-d45df6c2-ece6-42e5-bd80-004a32e8291f req-1a306e5d-9f87-477a-9753-76b531938bcc 032fa2bf3eb44a92a7ac5af9d040378e eb43edfb18c44f789fce8e4efde7557d - - default default] 10.0.0.16 "GET /v2.0/security-groups?id=7b9fd148-c6e1-4e00-b193-ccad569fedc4&fields=id&fields=name HTTP/1.1" status: 200 len: 312 time: 0.0779412
2026-07-01 08:33:43.685 9 INFO neutron.db.ovn_revision_numbers_db [req-d7c45c3d-341d-42cb-bb76-efc4249c8050 req-f6f1da74-f149-46fc-a242-c399842cbe47 8e496516951c466da03049da1912698b 9108d4d4cf4d463f827d698f2fad947c - - 6637fb82bf4d401aae4d36fd00c31ba8 6637fb82bf4d401aae4d36fd00c31ba8] Successfully bumped revision number for resource d53addb2-7ec6-4f8e-a5f7-9b7d03c87aea (type: ports) to 2
2026-07-01 08:33:43.701 9 INFO neutron.wsgi [req-d7c45c3d-341d-42cb-bb76-efc4249c8050 req-f6f1da74-f149-46fc-a242-c399842cbe47 8e496516951c466da03049da1912698b 9108d4d4cf4d463f827d698f2fad947c - - 6637fb82bf4d401aae4d36fd00c31ba8 6637fb82bf4d401aae4d36fd00c31ba8] 199.204.45.235 "PUT /v2.0/ports/d53addb2-7ec6-4f8e-a5f7-9b7d03c87aea HTTP/1.1" status: 200 len: 1380 time: 1.0070052 /var/lib/openstack/lib/python3.10/site-packages/pycadf/identifier.py:71: UserWarning: Invalid uuid: neutron. To ensure interoperability, identifiers should be a valid uuid. warnings.warn(('Invalid uuid: %s. To ensure interoperability, '
2026-07-01 08:33:43.755 9 INFO neutron.notifiers.nova [-] Nova event matching ['req-00d221b7-cda8-4060-913c-fd441ae721ff'] response: {'name': 'network-changed', 'server_uuid': 'f233b430-ab97-4a4c-8e42-dcbf5b3aca74', 'tag': 'd53addb2-7ec6-4f8e-a5f7-9b7d03c87aea', 'status': 'completed', 'code': 200}
2026-07-01 08:33:43.783 9 INFO neutron.wsgi [req-d7c45c3d-341d-42cb-bb76-efc4249c8050 req-fa5da467-f907-41f5-b660-36e05d09ddff 8e496516951c466da03049da1912698b 9108d4d4cf4d463f827d698f2fad947c - - 6637fb82bf4d401aae4d36fd00c31ba8 6637fb82bf4d401aae4d36fd00c31ba8] 199.204.45.235 "GET /v2.0/ports?tenant_id=eb43edfb18c44f789fce8e4efde7557d&device_id=f233b430-ab97-4a4c-8e42-dcbf5b3aca74 HTTP/1.1" status: 200 len: 1411 time: 0.0432911
2026-07-01 08:33:43.812 9 INFO neutron.wsgi [req-d7c45c3d-341d-42cb-bb76-efc4249c8050 req-f9b4526c-d23a-4eac-8398-396be0aed08f 8e496516951c466da03049da1912698b 9108d4d4cf4d463f827d698f2fad947c - - 6637fb82bf4d401aae4d36fd00c31ba8 6637fb82bf4d401aae4d36fd00c31ba8] 199.204.45.235 "GET /v2.0/floatingips?fixed_ip_address=10.100.0.10&port_id=d53addb2-7ec6-4f8e-a5f7-9b7d03c87aea HTTP/1.1" status: 200 len: 217 time: 0.0224411
2026-07-01 08:33:43.859 9 INFO neutron.wsgi [req-d7c45c3d-341d-42cb-bb76-efc4249c8050 req-659331dd-f31d-485d-94fc-8585de2705cc 8e496516951c466da03049da1912698b 9108d4d4cf4d463f827d698f2fad947c - - 6637fb82bf4d401aae4d36fd00c31ba8 6637fb82bf4d401aae4d36fd00c31ba8] 199.204.45.235 "GET /v2.0/subnets?id=dcee1481-758b-4027-9d27-a43181028328 HTTP/1.1" status: 200 len: 868 time: 0.0379319
2026-07-01 08:33:43.888 9 INFO neutron.wsgi [req-d7c45c3d-341d-42cb-bb76-efc4249c8050 req-372845ca-dccd-404a-9e3c-4d82bd3c1320 8e496516951c466da03049da1912698b 9108d4d4cf4d463f827d698f2fad947c - - 6637fb82bf4d401aae4d36fd00c31ba8 6637fb82bf4d401aae4d36fd00c31ba8] 199.204.45.235 "GET /v2.0/ports?network_id=73a60b6f-4958-4b56-a1e4-065296954e18&device_owner=network%3Adhcp HTTP/1.1" status: 200 len: 210 time: 0.0226319
2026-07-01 08:33:43.971 9 INFO neutron.wsgi [req-d7c45c3d-341d-42cb-bb76-efc4249c8050 req-e2754b34-0f8d-43b0-8503-414eacfbb541 8e496516951c466da03049da1912698b 9108d4d4cf4d463f827d698f2fad947c - - 6637fb82bf4d401aae4d36fd00c31ba8 6637fb82bf4d401aae4d36fd00c31ba8] 199.204.45.235 "GET /v2.0/networks/73a60b6f-4958-4b56-a1e4-065296954e18?fields=segments HTTP/1.1" status: 200 len: 212 time: 0.0775261
2026-07-01 08:33:44.067 9 INFO neutron.wsgi [req-d7c45c3d-341d-42cb-bb76-efc4249c8050 req-1ce8494a-75d0-4119-b3b0-1bdaf302ef82 8e496516951c466da03049da1912698b 9108d4d4cf4d463f827d698f2fad947c - - 6637fb82bf4d401aae4d36fd00c31ba8 6637fb82bf4d401aae4d36fd00c31ba8] 199.204.45.235 "GET /v2.0/networks/73a60b6f-4958-4b56-a1e4-065296954e18?fields=provider%3Aphysical_network&fields=provider%3Anetwork_type HTTP/1.1" status: 200 len: 277 time: 0.0883672
2026-07-01 08:33:44.099 10 INFO neutron.wsgi [req-ca4607dc-0c4e-4009-abe5-d5170f46ef4f req-7179d809-266a-4ebb-8558-124e45019157 8e496516951c466da03049da1912698b 9108d4d4cf4d463f827d698f2fad947c - - 6637fb82bf4d401aae4d36fd00c31ba8 6637fb82bf4d401aae4d36fd00c31ba8] 10.0.0.178 "GET /v2.0/ports?device_id=0decdfd0-327b-40e6-8ffa-06f3ddf22caa HTTP/1.1" status: 200 len: 1409 time: 0.2091551
2026-07-01 08:33:44.150 10 INFO neutron.wsgi [req-ca4607dc-0c4e-4009-abe5-d5170f46ef4f req-6deb3794-6325-4630-b79b-9d2068a83bb5 8e496516951c466da03049da1912698b 9108d4d4cf4d463f827d698f2fad947c - - 6637fb82bf4d401aae4d36fd00c31ba8 6637fb82bf4d401aae4d36fd00c31ba8] 10.0.0.178 "GET /v2.0/security-groups?id=300b8aea-1e63-436f-9ebe-6269e247a51d&fields=id&fields=name HTTP/1.1" status: 200 len: 312 time: 0.0412402
2026-07-01 08:33:44.187 9 INFO neutron.wsgi [req-eb097313-c2ad-4d15-b710-98d83fc2b6e1 req-c3fd9590-d8b0-4ac5-8fbe-e48af058466e 8e496516951c466da03049da1912698b 9108d4d4cf4d463f827d698f2fad947c - - 6637fb82bf4d401aae4d36fd00c31ba8 6637fb82bf4d401aae4d36fd00c31ba8] 199.204.45.235 "GET /v2.0/ports?tenant_id=eb43edfb18c44f789fce8e4efde7557d&device_id=f233b430-ab97-4a4c-8e42-dcbf5b3aca74 HTTP/1.1" status: 200 len: 1411 time: 0.0628359
2026-07-01 08:33:44.278 9 INFO neutron.wsgi [req-eb097313-c2ad-4d15-b710-98d83fc2b6e1 req-3cf7403a-a277-4a0c-a78a-8360a24afb89 8e496516951c466da03049da1912698b 9108d4d4cf4d463f827d698f2fad947c - - 6637fb82bf4d401aae4d36fd00c31ba8 6637fb82bf4d401aae4d36fd00c31ba8] 199.204.45.235 "GET /v2.0/networks?id=73a60b6f-4958-4b56-a1e4-065296954e18 HTTP/1.1" status: 200 len: 973 time: 0.0852277
2026-07-01 08:33:44.292 10 INFO neutron.db.ovn_revision_numbers_db [None req-b6521813-77e2-4cad-ba9a-6a8a05c5bda7 d304297cc5d34d8b86439095a51d7958 af37a0cc71c24db9840a2d1e68c45ecf - - default default] Successfully bumped revision number for resource ab017e0f-2242-4fdc-b511-cc194f738791 (type: security_groups) to 1
2026-07-01 08:33:44.317 9 INFO neutron.plugins.ml2.drivers.ovn.mech_driver.mech_driver [None req-aa695e8c-ebc2-4ae9-8756-61460255505c - - - - - -] OVN reports status up for port: d53addb2-7ec6-4f8e-a5f7-9b7d03c87aea
2026-07-01 08:33:44.322 10 INFO neutron.db.ovn_revision_numbers_db [None req-b6521813-77e2-4cad-ba9a-6a8a05c5bda7 d304297cc5d34d8b86439095a51d7958 af37a0cc71c24db9840a2d1e68c45ecf - - default default] Successfully bumped revision number for resource 43a304e9-bd0c-4172-bbb0-7386e8e8b6f2 (type: security_group_rules) to 0
2026-07-01 08:33:44.323 9 INFO neutron.wsgi [req-eb097313-c2ad-4d15-b710-98d83fc2b6e1 req-ec386c66-7e16-4115-a748-d6baa6b23c17 8e496516951c466da03049da1912698b 9108d4d4cf4d463f827d698f2fad947c - - 6637fb82bf4d401aae4d36fd00c31ba8 6637fb82bf4d401aae4d36fd00c31ba8] 199.204.45.235 "GET /v2.0/floatingips?fixed_ip_address=10.100.0.10&port_id=d53addb2-7ec6-4f8e-a5f7-9b7d03c87aea HTTP/1.1" status: 200 len: 217 time: 0.0364585
2026-07-01 08:33:44.340 10 INFO neutron.db.ovn_revision_numbers_db [None req-b6521813-77e2-4cad-ba9a-6a8a05c5bda7 d304297cc5d34d8b86439095a51d7958 af37a0cc71c24db9840a2d1e68c45ecf - - default default] Successfully bumped revision number for resource 8ae40f0e-a871-46b5-b500-b52ffdde9ac1 (type: security_group_rules) to 0
2026-07-01 08:33:44.348 9 INFO neutron.plugins.ml2.plugin [None req-aa695e8c-ebc2-4ae9-8756-61460255505c - - - - - -] Attempt 1 to provision port d53addb2-7ec6-4f8e-a5f7-9b7d03c87aea
2026-07-01 08:33:44.366 10 INFO neutron.db.ovn_revision_numbers_db [None req-b6521813-77e2-4cad-ba9a-6a8a05c5bda7 d304297cc5d34d8b86439095a51d7958 af37a0cc71c24db9840a2d1e68c45ecf - - default default] Successfully bumped revision number for resource b65ff4a1-d6fe-4633-82b0-e8fddc593dd7 (type: security_group_rules) to 0
2026-07-01 08:33:44.385 9 INFO neutron.wsgi [req-eb097313-c2ad-4d15-b710-98d83fc2b6e1 req-c5725a69-cde6-4370-b4ab-765e0a0ffc0f 8e496516951c466da03049da1912698b 9108d4d4cf4d463f827d698f2fad947c - - 6637fb82bf4d401aae4d36fd00c31ba8 6637fb82bf4d401aae4d36fd00c31ba8] 199.204.45.235 "GET /v2.0/subnets?id=dcee1481-758b-4027-9d27-a43181028328 HTTP/1.1" status: 200 len: 868 time: 0.0558145
2026-07-01 08:33:44.392 10 INFO neutron.db.ovn_revision_numbers_db [None req-b6521813-77e2-4cad-ba9a-6a8a05c5bda7 d304297cc5d34d8b86439095a51d7958 af37a0cc71c24db9840a2d1e68c45ecf - - default default] Successfully bumped revision number for resource e030049e-6866-46a9-b862-31d6f7619cb2 (type: security_group_rules) to 0
2026-07-01 08:33:44.417 9 INFO neutron.wsgi [req-eb097313-c2ad-4d15-b710-98d83fc2b6e1 req-b78ebf20-82f2-41e1-a16b-2bde658b0719 8e496516951c466da03049da1912698b 9108d4d4cf4d463f827d698f2fad947c - - 6637fb82bf4d401aae4d36fd00c31ba8 6637fb82bf4d401aae4d36fd00c31ba8] 199.204.45.235 "GET /v2.0/ports?network_id=73a60b6f-4958-4b56-a1e4-065296954e18&device_owner=network%3Adhcp HTTP/1.1" status: 200 len: 210 time: 0.0241599
2026-07-01 08:33:44.424 10 INFO neutron.wsgi [None req-b6521813-77e2-4cad-ba9a-6a8a05c5bda7 d304297cc5d34d8b86439095a51d7958 af37a0cc71c24db9840a2d1e68c45ecf - - default default] 10.0.0.205 "GET /v2.0/security-groups?tenant_id=cd096fb66aa34159be3b93ec14a433c6&name=default HTTP/1.1" status: 200 len: 2996 time: 0.2880950
2026-07-01 08:33:44.530 9 INFO neutron.wsgi [req-eb097313-c2ad-4d15-b710-98d83fc2b6e1 req-48fc5874-e6af-4b9a-b929-6139bde9bb9e 8e496516951c466da03049da1912698b 9108d4d4cf4d463f827d698f2fad947c - - 6637fb82bf4d401aae4d36fd00c31ba8 6637fb82bf4d401aae4d36fd00c31ba8] 199.204.45.235 "GET /v2.0/networks/73a60b6f-4958-4b56-a1e4-065296954e18?fields=segments HTTP/1.1" status: 200 len: 212 time: 0.1070509
2026-07-01 08:33:44.619 9 INFO neutron.wsgi [req-eb097313-c2ad-4d15-b710-98d83fc2b6e1 req-0aa1d418-5081-46e9-b0f7-8ccf7c3166b0 8e496516951c466da03049da1912698b 9108d4d4cf4d463f827d698f2fad947c - - 6637fb82bf4d401aae4d36fd00c31ba8 6637fb82bf4d401aae4d36fd00c31ba8] 199.204.45.235 "GET /v2.0/networks/73a60b6f-4958-4b56-a1e4-065296954e18?fields=provider%3Aphysical_network&fields=provider%3Anetwork_type HTTP/1.1" status: 200 len: 277 time: 0.0817461
2026-07-01 08:33:44.660 10 INFO neutron.wsgi [None req-99efe16d-9eaa-41c6-8193-6ae27b3ff2b1 d304297cc5d34d8b86439095a51d7958 af37a0cc71c24db9840a2d1e68c45ecf - - default default] 10.0.0.205 "DELETE /v2.0/security-groups/ab017e0f-2242-4fdc-b511-cc194f738791 HTTP/1.1" status: 204 len: 168 time: 0.2314107
2026-07-01 08:33:44.755 9 INFO neutron.wsgi [req-6c8188be-e7fa-489a-bf27-e778ed460eec req-943d9cf3-dd21-4167-a964-bb24cb7840f5 032fa2bf3eb44a92a7ac5af9d040378e eb43edfb18c44f789fce8e4efde7557d - - default default] 10.0.0.16 "GET /v2.0/ports?device_id=f233b430-ab97-4a4c-8e42-dcbf5b3aca74 HTTP/1.1" status: 200 len: 1174 time: 0.0369749
2026-07-01 08:33:44.756 9 INFO neutron.db.ovn_revision_numbers_db [None req-aa695e8c-ebc2-4ae9-8756-61460255505c - - - - - -] Successfully bumped revision number for resource d53addb2-7ec6-4f8e-a5f7-9b7d03c87aea (type: ports) to 4
2026-07-01 08:33:44.831 9 INFO neutron.wsgi [req-6c8188be-e7fa-489a-bf27-e778ed460eec req-fa58918b-98bc-47ba-87e7-9b8088febe7f 032fa2bf3eb44a92a7ac5af9d040378e eb43edfb18c44f789fce8e4efde7557d - - default default] 10.0.0.16 "GET /v2.0/security-groups?id=7b9fd148-c6e1-4e00-b193-ccad569fedc4&fields=id&fields=name HTTP/1.1" status: 200 len: 312 time: 0.0706065
2026-07-01 08:33:44.839 9 INFO neutron.wsgi [-] 10.0.0.131 "GET / HTTP/1.1" status: 200 len: 245 time: 0.0013659
2026-07-01 08:33:44.841 9 INFO neutron.wsgi [-] 10.0.0.131 "GET / HTTP/1.1" status: 200 len: 245 time: 0.0008588
2026-07-01 08:33:44.949 10 INFO neutron.db.ovn_revision_numbers_db [None req-389d1172-65f1-476f-b534-6f121dbd0d75 d304297cc5d34d8b86439095a51d7958 af37a0cc71c24db9840a2d1e68c45ecf - - default default] Successfully bumped revision number for resource 1bb5500d-24ae-4e53-b727-3809aa3c17b1 (type: security_groups) to 1
2026-07-01 08:33:44.971 10 INFO neutron.db.ovn_revision_numbers_db [None req-389d1172-65f1-476f-b534-6f121dbd0d75 d304297cc5d34d8b86439095a51d7958 af37a0cc71c24db9840a2d1e68c45ecf - - default default] Successfully bumped revision number for resource 91b6c45a-dd0d-419b-8ea5-839326a821c1 (type: security_group_rules) to 0
2026-07-01 08:33:45.002 10 INFO neutron.db.ovn_revision_numbers_db [None req-389d1172-65f1-476f-b534-6f121dbd0d75 d304297cc5d34d8b86439095a51d7958 af37a0cc71c24db9840a2d1e68c45ecf - - default default] Successfully bumped revision number for resource abb0072c-c4c1-4900-82a1-90eaf243ecac (type: security_group_rules) to 0
2026-07-01 08:33:45.029 10 INFO neutron.db.ovn_revision_numbers_db [None req-389d1172-65f1-476f-b534-6f121dbd0d75 d304297cc5d34d8b86439095a51d7958 af37a0cc71c24db9840a2d1e68c45ecf - - default default] Successfully bumped revision number for resource de35d136-1cf9-4b3e-ad48-60130a27f00e (type: security_group_rules) to 0
2026-07-01 08:33:45.056 10 INFO neutron.db.ovn_revision_numbers_db [None req-389d1172-65f1-476f-b534-6f121dbd0d75 d304297cc5d34d8b86439095a51d7958 af37a0cc71c24db9840a2d1e68c45ecf - - default default] Successfully bumped revision number for resource ee6efcb7-6875-48f0-aaf7-178d2b9b1f26 (type: security_group_rules) to 0
2026-07-01 08:33:45.093 10 INFO neutron.wsgi [None req-389d1172-65f1-476f-b534-6f121dbd0d75 d304297cc5d34d8b86439095a51d7958 af37a0cc71c24db9840a2d1e68c45ecf - - default default] 10.0.0.205 "GET /v2.0/security-groups?tenant_id=9cde6a085228429199ca6a30c1717d9c&name=default HTTP/1.1" status: 200 len: 2996 time: 0.2866349
2026-07-01 08:33:45.362 10 INFO neutron.wsgi [None req-310cdf77-cda3-45f1-a7a6-069dca8fefaf d304297cc5d34d8b86439095a51d7958 af37a0cc71c24db9840a2d1e68c45ecf - - default default] 10.0.0.205 "DELETE /v2.0/security-groups/1bb5500d-24ae-4e53-b727-3809aa3c17b1 HTTP/1.1" status: 204 len: 168 time: 0.2633598
2026-07-01 08:33:45.798 9 INFO neutron.notifiers.nova [-] Nova event matching ['req-fa6b8b92-1073-4897-9ae1-28b07b92b64e'] response: {'server_uuid': 'f233b430-ab97-4a4c-8e42-dcbf5b3aca74', 'name': 'network-vif-plugged', 'status': 'completed', 'tag': 'd53addb2-7ec6-4f8e-a5f7-9b7d03c87aea', 'code': 200}
2026-07-01 08:33:45.798 9 INFO neutron.notifiers.nova [-] Nova event matching ['req-fa6b8b92-1073-4897-9ae1-28b07b92b64e'] response: {'server_uuid': 'f233b430-ab97-4a4c-8e42-dcbf5b3aca74', 'name': 'network-vif-plugged', 'status': 'completed', 'tag': 'd53addb2-7ec6-4f8e-a5f7-9b7d03c87aea', 'code': 200} /var/lib/openstack/lib/python3.10/site-packages/pycadf/identifier.py:71: UserWarning: Invalid uuid: neutron. To ensure interoperability, identifiers should be a valid uuid. warnings.warn(('Invalid uuid: %s. To ensure interoperability, '
2026-07-01 08:33:45.982 9 INFO neutron.wsgi [req-68a688fe-642e-4a04-93ea-490fa922e18e req-00efa7f5-30e2-4b9e-a074-e6c99d8b40c1 032fa2bf3eb44a92a7ac5af9d040378e eb43edfb18c44f789fce8e4efde7557d - - default default] 10.0.0.16 "GET /v2.0/ports?device_id=f233b430-ab97-4a4c-8e42-dcbf5b3aca74 HTTP/1.1" status: 200 len: 1174 time: 0.0732110
2026-07-01 08:33:46.029 9 INFO neutron.wsgi [req-68a688fe-642e-4a04-93ea-490fa922e18e req-b0c6df45-fe10-40de-8f91-2cb5ca235d86 032fa2bf3eb44a92a7ac5af9d040378e eb43edfb18c44f789fce8e4efde7557d - - default default] 10.0.0.16 "GET /v2.0/security-groups?id=7b9fd148-c6e1-4e00-b193-ccad569fedc4&fields=id&fields=name HTTP/1.1" status: 200 len: 312 time: 0.0401561
2026-07-01 08:33:47.252 10 INFO neutron.wsgi [req-5e899ea4-6aaa-4637-b191-c54dc856e618 req-4698dd33-af03-44ec-b391-753f565bb3c2 032fa2bf3eb44a92a7ac5af9d040378e eb43edfb18c44f789fce8e4efde7557d - - default default] 10.0.0.16 "GET /v2.0/ports?device_id=f233b430-ab97-4a4c-8e42-dcbf5b3aca74 HTTP/1.1" status: 200 len: 1174 time: 0.1399200
2026-07-01 08:33:47.312 10 INFO neutron.wsgi [req-5e899ea4-6aaa-4637-b191-c54dc856e618 req-a254efce-dff1-4a5a-8a36-320fa6075d56 032fa2bf3eb44a92a7ac5af9d040378e eb43edfb18c44f789fce8e4efde7557d - - default default] 10.0.0.16 "GET /v2.0/security-groups?id=7b9fd148-c6e1-4e00-b193-ccad569fedc4&fields=id&fields=name HTTP/1.1" status: 200 len: 312 time: 0.0516179
2026-07-01 08:33:47.448 9 INFO neutron.wsgi [req-823e6cd5-8369-4c28-a4cf-807bb416795a req-286c55dd-312a-4a38-88a1-40a8e6fb0e73 032fa2bf3eb44a92a7ac5af9d040378e eb43edfb18c44f789fce8e4efde7557d - - default default] 10.0.0.16 "GET /v2.0/ports?device_id=f233b430-ab97-4a4c-8e42-dcbf5b3aca74 HTTP/1.1" status: 200 len: 1174 time: 0.0460122
2026-07-01 08:33:47.722 9 INFO neutron.db.l3_db [None req-d4d615fb-f7d1-4906-a3b5-9c50a505d3a6 032fa2bf3eb44a92a7ac5af9d040378e eb43edfb18c44f789fce8e4efde7557d - - default default] Floating IP 2893c2ac-a01d-4559-aa57-83861914bdc8 associated. External IP: 10.96.250.203, port: d53addb2-7ec6-4f8e-a5f7-9b7d03c87aea.
2026-07-01 08:33:47.975 9 INFO neutron.db.ovn_revision_numbers_db [None req-d4d615fb-f7d1-4906-a3b5-9c50a505d3a6 032fa2bf3eb44a92a7ac5af9d040378e eb43edfb18c44f789fce8e4efde7557d - - default default] Successfully bumped revision number for resource 2893c2ac-a01d-4559-aa57-83861914bdc8 (type: floatingips) to 1
2026-07-01 08:33:48.124 9 INFO neutron.db.ovn_revision_numbers_db [None req-d4d615fb-f7d1-4906-a3b5-9c50a505d3a6 032fa2bf3eb44a92a7ac5af9d040378e eb43edfb18c44f789fce8e4efde7557d - - default default] Successfully bumped revision number for resource 2893c2ac-a01d-4559-aa57-83861914bdc8 (type: floatingips) to 2
2026-07-01 08:33:48.156 9 INFO neutron.wsgi [None req-d4d615fb-f7d1-4906-a3b5-9c50a505d3a6 032fa2bf3eb44a92a7ac5af9d040378e eb43edfb18c44f789fce8e4efde7557d - - default default] 10.0.0.205 "PUT /v2.0/floatingips/2893c2ac-a01d-4559-aa57-83861914bdc8 HTTP/1.1" status: 200 len: 1050 time: 0.6929572
2026-07-01 08:33:48.200 9 INFO neutron.notifiers.nova [-] Nova event matching ['req-c701ec23-2439-4e83-93cb-85f14e91a538'] response: {'name': 'network-changed', 'server_uuid': 'f233b430-ab97-4a4c-8e42-dcbf5b3aca74', 'tag': 'd53addb2-7ec6-4f8e-a5f7-9b7d03c87aea', 'status': 'completed', 'code': 200}
2026-07-01 08:33:48.266 9 INFO neutron.wsgi [req-bb73dee5-389c-4870-a21c-53650467dd20 req-1333e8ea-29e8-43e5-83fd-c1f94a89fdd4 8e496516951c466da03049da1912698b 9108d4d4cf4d463f827d698f2fad947c - - 6637fb82bf4d401aae4d36fd00c31ba8 6637fb82bf4d401aae4d36fd00c31ba8] 199.204.45.235 "GET /v2.0/ports?tenant_id=eb43edfb18c44f789fce8e4efde7557d&device_id=f233b430-ab97-4a4c-8e42-dcbf5b3aca74 HTTP/1.1" status: 200 len: 1413 time: 0.0422316 /var/lib/openstack/lib/python3.10/site-packages/pycadf/identifier.py:71: UserWarning: Invalid uuid: neutron. To ensure interoperability, identifiers should be a valid uuid. warnings.warn(('Invalid uuid: %s. To ensure interoperability, '
2026-07-01 08:33:48.336 9 INFO neutron.wsgi [req-bb73dee5-389c-4870-a21c-53650467dd20 req-e94e3625-b89b-4c3c-88f0-a842dcf84034 8e496516951c466da03049da1912698b 9108d4d4cf4d463f827d698f2fad947c - - 6637fb82bf4d401aae4d36fd00c31ba8 6637fb82bf4d401aae4d36fd00c31ba8] 199.204.45.235 "GET /v2.0/networks?id=73a60b6f-4958-4b56-a1e4-065296954e18 HTTP/1.1" status: 200 len: 973 time: 0.0620141
2026-07-01 08:33:48.405 9 INFO neutron.wsgi [req-bb73dee5-389c-4870-a21c-53650467dd20 req-c6e48ffe-ebd6-4e5d-902e-47ddfcaecf30 8e496516951c466da03049da1912698b 9108d4d4cf4d463f827d698f2fad947c - - 6637fb82bf4d401aae4d36fd00c31ba8 6637fb82bf4d401aae4d36fd00c31ba8] 199.204.45.235 "GET /v2.0/floatingips?fixed_ip_address=10.100.0.10&port_id=d53addb2-7ec6-4f8e-a5f7-9b7d03c87aea HTTP/1.1" status: 200 len: 1060 time: 0.0580599
2026-07-01 08:33:48.433 10 INFO neutron.db.ovn_revision_numbers_db [None req-1696ae8e-e3ad-4e09-9c94-e2dc5a435668 d304297cc5d34d8b86439095a51d7958 af37a0cc71c24db9840a2d1e68c45ecf - - default default] Successfully bumped revision number for resource 6dd23c59-db4b-4f10-9987-23d19622b0b7 (type: security_groups) to 1
2026-07-01 08:33:48.446 10 INFO neutron.db.ovn_revision_numbers_db [None req-1696ae8e-e3ad-4e09-9c94-e2dc5a435668 d304297cc5d34d8b86439095a51d7958 af37a0cc71c24db9840a2d1e68c45ecf - - default default] Successfully bumped revision number for resource 542afceb-b2d8-409c-872a-e57dcede16bc (type: security_group_rules) to 0
2026-07-01 08:33:48.452 9 INFO neutron.wsgi [req-bb73dee5-389c-4870-a21c-53650467dd20 req-82024d11-8af5-4bf5-9f80-31a106483d12 8e496516951c466da03049da1912698b 9108d4d4cf4d463f827d698f2fad947c - - 6637fb82bf4d401aae4d36fd00c31ba8 6637fb82bf4d401aae4d36fd00c31ba8] 199.204.45.235 "GET /v2.0/subnets?id=dcee1481-758b-4027-9d27-a43181028328 HTTP/1.1" status: 200 len: 868 time: 0.0384545
2026-07-01 08:33:48.458 10 INFO neutron.db.ovn_revision_numbers_db [None req-1696ae8e-e3ad-4e09-9c94-e2dc5a435668 d304297cc5d34d8b86439095a51d7958 af37a0cc71c24db9840a2d1e68c45ecf - - default default] Successfully bumped revision number for resource 6f3a18be-b612-41da-8818-fe177d07edc5 (type: security_group_rules) to 0
2026-07-01 08:33:48.473 10 INFO neutron.db.ovn_revision_numbers_db [None req-1696ae8e-e3ad-4e09-9c94-e2dc5a435668 d304297cc5d34d8b86439095a51d7958 af37a0cc71c24db9840a2d1e68c45ecf - - default default] Successfully bumped revision number for resource 79c8ba90-56dc-4524-b68c-cadeaa264e52 (type: security_group_rules) to 0
2026-07-01 08:33:48.485 9 INFO neutron.wsgi [req-bb73dee5-389c-4870-a21c-53650467dd20 req-40e29933-db1c-428f-96eb-6d2d6bfb5690 8e496516951c466da03049da1912698b 9108d4d4cf4d463f827d698f2fad947c - - 6637fb82bf4d401aae4d36fd00c31ba8 6637fb82bf4d401aae4d36fd00c31ba8] 199.204.45.235 "GET /v2.0/ports?network_id=73a60b6f-4958-4b56-a1e4-065296954e18&device_owner=network%3Adhcp HTTP/1.1" status: 200 len: 210 time: 0.0244384
2026-07-01 08:33:48.492 10 INFO neutron.db.ovn_revision_numbers_db [None req-1696ae8e-e3ad-4e09-9c94-e2dc5a435668 d304297cc5d34d8b86439095a51d7958 af37a0cc71c24db9840a2d1e68c45ecf - - default default] Successfully bumped revision number for resource fade3bbe-edef-4e22-a148-56f7d175f967 (type: security_group_rules) to 0
2026-07-01 08:33:48.519 10 INFO neutron.wsgi [None req-1696ae8e-e3ad-4e09-9c94-e2dc5a435668 d304297cc5d34d8b86439095a51d7958 af37a0cc71c24db9840a2d1e68c45ecf - - default default] 10.0.0.205 "GET /v2.0/security-groups?tenant_id=22aee3899a5e4ac4b3a42852fffe2712&name=default HTTP/1.1" status: 200 len: 2996 time: 0.5275397
2026-07-01 08:33:48.561 9 INFO neutron.wsgi [req-bb73dee5-389c-4870-a21c-53650467dd20 req-8bcc3ba1-d9e1-4234-b305-67a074988c2c 8e496516951c466da03049da1912698b 9108d4d4cf4d463f827d698f2fad947c - - 6637fb82bf4d401aae4d36fd00c31ba8 6637fb82bf4d401aae4d36fd00c31ba8] 199.204.45.235 "GET /v2.0/networks/73a60b6f-4958-4b56-a1e4-065296954e18?fields=segments HTTP/1.1" status: 200 len: 212 time: 0.0658417
2026-07-01 08:33:48.627 9 INFO neutron.wsgi [req-bb73dee5-389c-4870-a21c-53650467dd20 req-be7803e6-ff81-497b-bdd9-24efaf31c8ee 8e496516951c466da03049da1912698b 9108d4d4cf4d463f827d698f2fad947c - - 6637fb82bf4d401aae4d36fd00c31ba8 6637fb82bf4d401aae4d36fd00c31ba8] 199.204.45.235 "GET /v2.0/networks/73a60b6f-4958-4b56-a1e4-065296954e18?fields=provider%3Aphysical_network&fields=provider%3Anetwork_type HTTP/1.1" status: 200 len: 277 time: 0.0561740
2026-07-01 08:33:48.747 10 INFO neutron.wsgi [None req-8a65cacd-18e4-4ee8-8e33-22ee79dde7b4 d304297cc5d34d8b86439095a51d7958 af37a0cc71c24db9840a2d1e68c45ecf - - default default] 10.0.0.205 "DELETE /v2.0/security-groups/6dd23c59-db4b-4f10-9987-23d19622b0b7 HTTP/1.1" status: 204 len: 168 time: 0.2221131
2026-07-01 08:33:49.084 9 INFO neutron.wsgi [req-8756fae6-f938-4b66-ad9f-f3c80dcebc3c req-f1f1f1d3-8216-4a5f-bd88-7e5b5cab1cb2 4f5bcc956fec49bb801a6b6a80c9a36c a8861c377eda4fa9b0b85d377188ce6f - - default default] 10.0.0.16 "GET /v2.0/ports?device_id=0decdfd0-327b-40e6-8ffa-06f3ddf22caa HTTP/1.1" status: 200 len: 1170 time: 0.1465561
2026-07-01 08:33:49.258 10 INFO neutron.wsgi [req-60127cd5-10a1-4580-bd54-bab737d0ee86 req-5a422267-de1a-4b70-8170-1d5cf1289985 4f5bcc956fec49bb801a6b6a80c9a36c a8861c377eda4fa9b0b85d377188ce6f - - default default] 10.0.0.16 "GET /v2.0/ports/7e42a461-26e2-49b5-8b04-30a9112ecbd6 HTTP/1.1" status: 200 len: 1167 time: 0.1223481
2026-07-01 08:33:49.490 9 INFO neutron.wsgi [req-70f1f08c-d962-493e-b65e-1555895f2cc2 req-df959e7c-a706-4c66-9d7a-12fd417eea3d 4f5bcc956fec49bb801a6b6a80c9a36c a8861c377eda4fa9b0b85d377188ce6f - - default default] 199.204.45.235 "GET /v2.0/subnets?network_id=0c1f72d4-fd05-4974-bfae-542e2734ef7b HTTP/1.1" status: 200 len: 859 time: 0.0657330
