2026-07-01 08:35:08.801 9 WARNING neutron.api.rpc.agentnotifiers.dhcp_rpc_agent_api [None req-41e81bcd-3688-430d-a9c9-a54231409468 d304297cc5d34d8b86439095a51d7958 af37a0cc71c24db9840a2d1e68c45ecf - - default default] Unable to schedule network 9799131f-92dd-4f6a-96fa-794769c21129: no agents available; will retry on subsequent port and subnet creation events. /var/lib/openstack/lib/python3.10/site-packages/pycadf/identifier.py:71: UserWarning: Invalid uuid: neutron. To ensure interoperability, identifiers should be a valid uuid. warnings.warn(('Invalid uuid: %s. To ensure interoperability, '
2026-07-01 08:35:08.900 10 WARNING neutron_lib.context [None req-0f4a3dbf-a0b1-40ad-aa4f-a9a78e7f5575 46bffdc8eecb435681f1e5d4acfb968b 97914ffb0cd9464585308b5a4a57e3a9 - - default default] Method 'is_advsvc' is deprecated since 2023.2 release (neutron-lib 3.8.0) and will be removed once support for the old RBAC API policies will be removed from Neutron. Please use method 'is_service_role' instead.
2026-07-01 08:35:09.074 10 INFO neutron.db.ovn_revision_numbers_db [None req-0f4a3dbf-a0b1-40ad-aa4f-a9a78e7f5575 46bffdc8eecb435681f1e5d4acfb968b 97914ffb0cd9464585308b5a4a57e3a9 - - default default] Successfully bumped revision number for resource a6061973-0f8c-447c-9889-70504e1a34a6 (type: security_groups) to 1
2026-07-01 08:35:09.094 10 INFO neutron.db.ovn_revision_numbers_db [None req-0f4a3dbf-a0b1-40ad-aa4f-a9a78e7f5575 46bffdc8eecb435681f1e5d4acfb968b 97914ffb0cd9464585308b5a4a57e3a9 - - default default] Successfully bumped revision number for resource 02a64040-c70c-450f-b042-928ef9819949 (type: security_group_rules) to 0
2026-07-01 08:35:09.115 10 INFO neutron.db.ovn_revision_numbers_db [None req-0f4a3dbf-a0b1-40ad-aa4f-a9a78e7f5575 46bffdc8eecb435681f1e5d4acfb968b 97914ffb0cd9464585308b5a4a57e3a9 - - default default] Successfully bumped revision number for resource 5bdbac0f-f98f-4f1a-9695-a245f3e5b052 (type: security_group_rules) to 0
2026-07-01 08:35:09.124 9 WARNING neutron_lib.context [None req-34d9e85c-f8d1-4d8e-a1ed-6ad6aba221bf 18152bcb24bb4c90a48e142baff1e474 41d78a10834f44779ee3a4eb240735ef - - default default] Method 'is_advsvc' is deprecated since 2023.2 release (neutron-lib 3.8.0) and will be removed once support for the old RBAC API policies will be removed from Neutron. Please use method 'is_service_role' instead.
2026-07-01 08:35:09.137 10 INFO neutron.db.ovn_revision_numbers_db [None req-0f4a3dbf-a0b1-40ad-aa4f-a9a78e7f5575 46bffdc8eecb435681f1e5d4acfb968b 97914ffb0cd9464585308b5a4a57e3a9 - - default default] Successfully bumped revision number for resource bca5cdc6-cca0-47ee-95ed-c4abb3764161 (type: security_group_rules) to 0
2026-07-01 08:35:09.157 10 INFO neutron.db.ovn_revision_numbers_db [None req-0f4a3dbf-a0b1-40ad-aa4f-a9a78e7f5575 46bffdc8eecb435681f1e5d4acfb968b 97914ffb0cd9464585308b5a4a57e3a9 - - default default] Successfully bumped revision number for resource e4772ba1-e7fa-434d-9151-c35a464cd553 (type: security_group_rules) to 0
2026-07-01 08:35:09.277 10 INFO neutron.db.ovn_revision_numbers_db [None req-0f4a3dbf-a0b1-40ad-aa4f-a9a78e7f5575 46bffdc8eecb435681f1e5d4acfb968b 97914ffb0cd9464585308b5a4a57e3a9 - - default default] Successfully bumped revision number for resource 1e796769-f8f8-4f6f-91e5-46b80cfb2109 (type: security_groups) to 1
2026-07-01 08:35:09.293 10 INFO neutron.db.ovn_revision_numbers_db [None req-0f4a3dbf-a0b1-40ad-aa4f-a9a78e7f5575 46bffdc8eecb435681f1e5d4acfb968b 97914ffb0cd9464585308b5a4a57e3a9 - - default default] Successfully bumped revision number for resource 41eab217-cb39-4e88-9432-5eb65c4a25e6 (type: security_group_rules) to 0
2026-07-01 08:35:09.308 10 INFO neutron.db.ovn_revision_numbers_db [None req-0f4a3dbf-a0b1-40ad-aa4f-a9a78e7f5575 46bffdc8eecb435681f1e5d4acfb968b 97914ffb0cd9464585308b5a4a57e3a9 - - default default] Successfully bumped revision number for resource 8230b5d6-4c90-4f02-b46e-175a7f244f0a (type: security_group_rules) to 0
2026-07-01 08:35:09.333 10 INFO neutron.wsgi [None req-0f4a3dbf-a0b1-40ad-aa4f-a9a78e7f5575 46bffdc8eecb435681f1e5d4acfb968b 97914ffb0cd9464585308b5a4a57e3a9 - - default default] 10.0.0.205 "POST /v2.0/security-groups HTTP/1.1" status: 201 len: 1760 time: 0.6217835
2026-07-01 08:35:09.382 10 INFO neutron.wsgi [None req-6ec6c57d-839a-477e-b443-e194477ae49b 46bffdc8eecb435681f1e5d4acfb968b 97914ffb0cd9464585308b5a4a57e3a9 - - default default] 10.0.0.205 "GET /v2.0/security-groups HTTP/1.1" status: 200 len: 4538 time: 0.0428796
2026-07-01 08:35:09.468 10 INFO neutron.db.ovn_revision_numbers_db [None req-469cca7d-d677-4a36-829e-95478c559621 46bffdc8eecb435681f1e5d4acfb968b 97914ffb0cd9464585308b5a4a57e3a9 - - default default] Successfully bumped revision number for resource 1e796769-f8f8-4f6f-91e5-46b80cfb2109 (type: security_groups) to 2
2026-07-01 08:35:09.471 9 INFO neutron.db.ovn_revision_numbers_db [None req-34d9e85c-f8d1-4d8e-a1ed-6ad6aba221bf 18152bcb24bb4c90a48e142baff1e474 41d78a10834f44779ee3a4eb240735ef - - default default] Successfully bumped revision number for resource 287f1ca6-0562-4953-9526-6cc19bb29acc (type: security_groups) to 1
2026-07-01 08:35:09.472 10 INFO neutron.wsgi [None req-469cca7d-d677-4a36-829e-95478c559621 46bffdc8eecb435681f1e5d4acfb968b 97914ffb0cd9464585308b5a4a57e3a9 - - default default] 10.0.0.205 "PUT /v2.0/security-groups/1e796769-f8f8-4f6f-91e5-46b80cfb2109 HTTP/1.1" status: 200 len: 1794 time: 0.0833218
2026-07-01 08:35:09.507 9 INFO neutron.db.ovn_revision_numbers_db [None req-34d9e85c-f8d1-4d8e-a1ed-6ad6aba221bf 18152bcb24bb4c90a48e142baff1e474 41d78a10834f44779ee3a4eb240735ef - - default default] Successfully bumped revision number for resource 753f5f7f-60ca-49f7-8816-09587ebcff06 (type: security_group_rules) to 0
2026-07-01 08:35:09.517 10 INFO neutron.wsgi [None req-1a30d528-0805-42d7-896d-c1da4ed92766 46bffdc8eecb435681f1e5d4acfb968b 97914ffb0cd9464585308b5a4a57e3a9 - - default default] 10.0.0.205 "GET /v2.0/security-groups/1e796769-f8f8-4f6f-91e5-46b80cfb2109 HTTP/1.1" status: 200 len: 1794 time: 0.0396736
2026-07-01 08:35:09.524 9 INFO neutron.db.ovn_revision_numbers_db [None req-2b38c244-dd45-473a-866d-70044320121f 6fe1a3e89d47470d9665206fccf86f2b d89216d77faa4003ad7e243c394cdcbb - - default default] Successfully bumped revision number for resource 213292c3-47b4-486c-821e-5127f9a70839 (type: ports) to 3
2026-07-01 08:35:09.528 9 INFO neutron.db.ovn_revision_numbers_db [None req-34d9e85c-f8d1-4d8e-a1ed-6ad6aba221bf 18152bcb24bb4c90a48e142baff1e474 41d78a10834f44779ee3a4eb240735ef - - default default] Successfully bumped revision number for resource 7daa16d3-78ba-4e90-9a0b-8d30773f1e00 (type: security_group_rules) to 0
2026-07-01 08:35:09.553 9 INFO neutron.db.ovn_revision_numbers_db [None req-34d9e85c-f8d1-4d8e-a1ed-6ad6aba221bf 18152bcb24bb4c90a48e142baff1e474 41d78a10834f44779ee3a4eb240735ef - - default default] Successfully bumped revision number for resource a6db2abf-a76e-4442-8b8f-00c1d8274be4 (type: security_group_rules) to 0
2026-07-01 08:35:09.630 10 INFO neutron.wsgi [None req-106e9835-540d-4723-a61a-77a379c49e48 46bffdc8eecb435681f1e5d4acfb968b 97914ffb0cd9464585308b5a4a57e3a9 - - default default] 10.0.0.205 "DELETE /v2.0/security-groups/1e796769-f8f8-4f6f-91e5-46b80cfb2109 HTTP/1.1" status: 204 len: 168 time: 0.1076033
2026-07-01 08:35:09.672 10 INFO neutron.wsgi [None req-32c60ae3-ef88-4646-ae0d-53b8e572abbd 46bffdc8eecb435681f1e5d4acfb968b 97914ffb0cd9464585308b5a4a57e3a9 - - default default] 10.0.0.205 "GET /v2.0/security-groups HTTP/1.1" status: 200 len: 2996 time: 0.0351298
2026-07-01 08:35:09.687 10 INFO neutron.api.v2.resource [None req-66fc4c46-cec7-4b37-991a-aa44f6ea1387 46bffdc8eecb435681f1e5d4acfb968b 97914ffb0cd9464585308b5a4a57e3a9 - - default default] delete failed (client error): The resource could not be found.
2026-07-01 08:35:09.688 10 INFO neutron.wsgi [None req-66fc4c46-cec7-4b37-991a-aa44f6ea1387 46bffdc8eecb435681f1e5d4acfb968b 97914ffb0cd9464585308b5a4a57e3a9 - - default default] 10.0.0.205 "DELETE /v2.0/security-groups/1e796769-f8f8-4f6f-91e5-46b80cfb2109 HTTP/1.1" status: 404 len: 347 time: 0.0107958
2026-07-01 08:35:09.703 10 WARNING neutron_lib.context [None req-0083d50b-df15-4b3b-a66f-55258218f626 46bffdc8eecb435681f1e5d4acfb968b 97914ffb0cd9464585308b5a4a57e3a9 - - default default] Method 'is_advsvc' is deprecated since 2023.2 release (neutron-lib 3.8.0) and will be removed once support for the old RBAC API policies will be removed from Neutron. Please use method 'is_service_role' instead.
2026-07-01 08:35:09.807 10 INFO neutron.db.ovn_revision_numbers_db [None req-0083d50b-df15-4b3b-a66f-55258218f626 46bffdc8eecb435681f1e5d4acfb968b 97914ffb0cd9464585308b5a4a57e3a9 - - default default] Successfully bumped revision number for resource 7aa5a979-5e72-47c8-93c0-d206658572d2 (type: security_groups) to 1
2026-07-01 08:35:09.820 10 INFO neutron.db.ovn_revision_numbers_db [None req-0083d50b-df15-4b3b-a66f-55258218f626 46bffdc8eecb435681f1e5d4acfb968b 97914ffb0cd9464585308b5a4a57e3a9 - - default default] Successfully bumped revision number for resource 399151cc-9e46-4a89-a7c7-530c489a16a9 (type: security_group_rules) to 0
2026-07-01 08:35:09.835 10 INFO neutron.db.ovn_revision_numbers_db [None req-0083d50b-df15-4b3b-a66f-55258218f626 46bffdc8eecb435681f1e5d4acfb968b 97914ffb0cd9464585308b5a4a57e3a9 - - default default] Successfully bumped revision number for resource 8427c5d0-8fee-4c69-bc23-742155f563de (type: security_group_rules) to 0
2026-07-01 08:35:09.856 10 INFO neutron.wsgi [None req-0083d50b-df15-4b3b-a66f-55258218f626 46bffdc8eecb435681f1e5d4acfb968b 97914ffb0cd9464585308b5a4a57e3a9 - - default default] 10.0.0.205 "POST /v2.0/security-groups HTTP/1.1" status: 201 len: 1761 time: 0.1608229
2026-07-01 08:35:09.872 10 WARNING neutron_lib.context [None req-1b06e0b0-0787-43f2-a570-24816abd917b 46bffdc8eecb435681f1e5d4acfb968b 97914ffb0cd9464585308b5a4a57e3a9 - - default default] Method 'is_advsvc' is deprecated since 2023.2 release (neutron-lib 3.8.0) and will be removed once support for the old RBAC API policies will be removed from Neutron. Please use method 'is_service_role' instead.
2026-07-01 08:35:09.922 9 INFO neutron.db.ovn_revision_numbers_db [None req-34d9e85c-f8d1-4d8e-a1ed-6ad6aba221bf 18152bcb24bb4c90a48e142baff1e474 41d78a10834f44779ee3a4eb240735ef - - default default] Successfully bumped revision number for resource a9cf63ce-0842-4c97-9752-685aeb9bf6af (type: security_group_rules) to 0
2026-07-01 08:35:09.962 9 WARNING neutron.scheduler.dhcp_agent_scheduler [None req-2b38c244-dd45-473a-866d-70044320121f 6fe1a3e89d47470d9665206fccf86f2b d89216d77faa4003ad7e243c394cdcbb - - default default] No more DHCP agents
2026-07-01 08:35:09.963 9 WARNING neutron.api.rpc.agentnotifiers.dhcp_rpc_agent_api [None req-2b38c244-dd45-473a-866d-70044320121f 6fe1a3e89d47470d9665206fccf86f2b d89216d77faa4003ad7e243c394cdcbb - - default default] Unable to schedule network 8ee19aa9-28a4-492e-8290-d2848fb82f87: no agents available; will retry on subsequent port and subnet creation events.
2026-07-01 08:35:10.008 9 INFO neutron.db.segments_db [None req-34d9e85c-f8d1-4d8e-a1ed-6ad6aba221bf 18152bcb24bb4c90a48e142baff1e474 41d78a10834f44779ee3a4eb240735ef - - default default] Added segment 7381813b-e2d5-4f02-aa82-0fa9d6c61343 of type geneve for network 95dbf285-5e4b-4029-ae30-497371be60b8
2026-07-01 08:35:10.029 9 INFO neutron.db.ovn_revision_numbers_db [None req-41e81bcd-3688-430d-a9c9-a54231409468 d304297cc5d34d8b86439095a51d7958 af37a0cc71c24db9840a2d1e68c45ecf - - default default] Successfully bumped revision number for resource 4fc95c63-fc81-4e12-937c-282100d1682d (type: ports) to 2
2026-07-01 08:35:10.049 10 INFO neutron.db.ovn_revision_numbers_db [None req-1b06e0b0-0787-43f2-a570-24816abd917b 46bffdc8eecb435681f1e5d4acfb968b 97914ffb0cd9464585308b5a4a57e3a9 - - default default] Successfully bumped revision number for resource 3528ca18-1709-4ee8-8e52-38ba3b4feb96 (type: security_group_rules) to 0
2026-07-01 08:35:10.079 10 INFO neutron.wsgi [None req-1b06e0b0-0787-43f2-a570-24816abd917b 46bffdc8eecb435681f1e5d4acfb968b 97914ffb0cd9464585308b5a4a57e3a9 - - default default] 10.0.0.205 "POST /v2.0/security-group-rules HTTP/1.1" status: 201 len: 768 time: 0.2143555
2026-07-01 08:35:10.106 10 INFO neutron.wsgi [None req-6522aefc-21cf-4cb5-a39c-38b6eb0ce244 46bffdc8eecb435681f1e5d4acfb968b 97914ffb0cd9464585308b5a4a57e3a9 - - default default] 10.0.0.205 "GET /v2.0/security-group-rules/3528ca18-1709-4ee8-8e52-38ba3b4feb96 HTTP/1.1" status: 200 len: 763 time: 0.0192451
2026-07-01 08:35:10.141 9 INFO neutron.db.ovn_revision_numbers_db [None req-41e81bcd-3688-430d-a9c9-a54231409468 d304297cc5d34d8b86439095a51d7958 af37a0cc71c24db9840a2d1e68c45ecf - - default default] Successfully bumped revision number for resource 08cb51db-349f-43b2-841a-30f01c725885 (type: subnets) to 0
2026-07-01 08:35:10.168 9 INFO neutron.wsgi [None req-41e81bcd-3688-430d-a9c9-a54231409468 d304297cc5d34d8b86439095a51d7958 af37a0cc71c24db9840a2d1e68c45ecf - - default default] 10.0.0.205 "POST /v2.0/subnets HTTP/1.1" status: 201 len: 866 time: 1.5868483
2026-07-01 08:35:10.171 10 INFO neutron.wsgi [None req-e2c63716-f5c3-4397-8233-6234c951ef10 46bffdc8eecb435681f1e5d4acfb968b 97914ffb0cd9464585308b5a4a57e3a9 - - default default] 10.0.0.205 "GET /v2.0/security-group-rules HTTP/1.1" status: 200 len: 4113 time: 0.0597219
2026-07-01 08:35:10.247 9 INFO neutron.db.ovn_revision_numbers_db [None req-34d9e85c-f8d1-4d8e-a1ed-6ad6aba221bf 18152bcb24bb4c90a48e142baff1e474 41d78a10834f44779ee3a4eb240735ef - - default default] Successfully bumped revision number for resource 95dbf285-5e4b-4029-ae30-497371be60b8 (type: networks) to 1
2026-07-01 08:35:10.257 9 INFO neutron.db.ovn_revision_numbers_db [None req-2b38c244-dd45-473a-866d-70044320121f 6fe1a3e89d47470d9665206fccf86f2b d89216d77faa4003ad7e243c394cdcbb - - default default] Successfully bumped revision number for resource 213292c3-47b4-486c-821e-5127f9a70839 (type: router_ports) to 3
2026-07-01 08:35:10.259 9 INFO neutron.wsgi [None req-2b38c244-dd45-473a-866d-70044320121f 6fe1a3e89d47470d9665206fccf86f2b d89216d77faa4003ad7e243c394cdcbb - - default default] 10.0.0.205 "PUT /v2.0/routers/4404763c-d506-44f5-8da9-9aea65cece7c/add_router_interface HTTP/1.1" status: 200 len: 503 time: 2.6118314 /var/lib/openstack/lib/python3.10/site-packages/pycadf/identifier.py:71: UserWarning: Invalid uuid: neutron. To ensure interoperability, identifiers should be a valid uuid. warnings.warn(('Invalid uuid: %s. To ensure interoperability, '
2026-07-01 08:35:10.321 9 INFO neutron.wsgi [None req-f05f3bac-0470-4edf-83b7-3453c7c4adcd 6fe1a3e89d47470d9665206fccf86f2b d89216d77faa4003ad7e243c394cdcbb - - default default] 10.0.0.205 "GET /v2.0/ports/213292c3-47b4-486c-821e-5127f9a70839 HTTP/1.1" status: 200 len: 1208 time: 0.0469241
2026-07-01 08:35:10.374 10 INFO neutron.wsgi [None req-fa531a33-a003-4532-b530-a907179a1284 46bffdc8eecb435681f1e5d4acfb968b 97914ffb0cd9464585308b5a4a57e3a9 - - default default] 10.0.0.205 "DELETE /v2.0/security-group-rules/3528ca18-1709-4ee8-8e52-38ba3b4feb96 HTTP/1.1" status: 204 len: 168 time: 0.1974957
2026-07-01 08:35:10.539 9 INFO neutron.wsgi [None req-bcb486cf-9e67-4ae7-9149-dd43a8d48733 46bffdc8eecb435681f1e5d4acfb968b 97914ffb0cd9464585308b5a4a57e3a9 - - default default] 10.0.0.205 "GET /v2.0/security-group-rules HTTP/1.1" status: 200 len: 3567 time: 0.1497512
2026-07-01 08:35:10.556 10 WARNING neutron_lib.context [None req-54a2b5dd-db76-4e5b-9645-37ec12155877 46bffdc8eecb435681f1e5d4acfb968b 97914ffb0cd9464585308b5a4a57e3a9 - - default default] Method 'is_advsvc' is deprecated since 2023.2 release (neutron-lib 3.8.0) and will be removed once support for the old RBAC API policies will be removed from Neutron. Please use method 'is_service_role' instead.
2026-07-01 08:35:10.561 9 WARNING neutron.scheduler.dhcp_agent_scheduler [None req-34d9e85c-f8d1-4d8e-a1ed-6ad6aba221bf 18152bcb24bb4c90a48e142baff1e474 41d78a10834f44779ee3a4eb240735ef - - default default] No more DHCP agents
2026-07-01 08:35:10.576 9 WARNING neutron.api.rpc.agentnotifiers.dhcp_rpc_agent_api [None req-34d9e85c-f8d1-4d8e-a1ed-6ad6aba221bf 18152bcb24bb4c90a48e142baff1e474 41d78a10834f44779ee3a4eb240735ef - - default default] Unable to schedule network 95dbf285-5e4b-4029-ae30-497371be60b8: no agents available; will retry on subsequent port and subnet creation events.
2026-07-01 08:35:10.704 9 INFO neutron.db.ovn_revision_numbers_db [None req-34d9e85c-f8d1-4d8e-a1ed-6ad6aba221bf 18152bcb24bb4c90a48e142baff1e474 41d78a10834f44779ee3a4eb240735ef - - default default] Successfully bumped revision number for resource 79e2546c-11df-41c3-8d26-cb2e79ef61dd (type: ports) to 1
2026-07-01 08:35:10.741 9 INFO neutron.wsgi [None req-34d9e85c-f8d1-4d8e-a1ed-6ad6aba221bf 18152bcb24bb4c90a48e142baff1e474 41d78a10834f44779ee3a4eb240735ef - - default default] 10.0.0.205 "POST /v2.0/networks HTTP/1.1" status: 201 len: 847 time: 1.7412281
2026-07-01 08:35:10.751 10 WARNING neutron.scheduler.dhcp_agent_scheduler [None req-3267ee49-df43-46fb-99c2-bf0378d4a3c7 d304297cc5d34d8b86439095a51d7958 af37a0cc71c24db9840a2d1e68c45ecf - - default default] No more DHCP agents
2026-07-01 08:35:10.754 10 INFO neutron.db.ovn_revision_numbers_db [None req-54a2b5dd-db76-4e5b-9645-37ec12155877 46bffdc8eecb435681f1e5d4acfb968b 97914ffb0cd9464585308b5a4a57e3a9 - - default default] Successfully bumped revision number for resource f5712777-d34a-467f-a6df-5bfe593b6071 (type: security_group_rules) to 0
2026-07-01 08:35:10.760 10 WARNING neutron.api.rpc.agentnotifiers.dhcp_rpc_agent_api [None req-3267ee49-df43-46fb-99c2-bf0378d4a3c7 d304297cc5d34d8b86439095a51d7958 af37a0cc71c24db9840a2d1e68c45ecf - - default default] Unable to schedule network 0dde9d4f-6d3b-41c9-b4a3-98c9341a0a7c: no agents available; will retry on subsequent port and subnet creation events.
2026-07-01 08:35:10.802 10 INFO neutron.wsgi [None req-54a2b5dd-db76-4e5b-9645-37ec12155877 46bffdc8eecb435681f1e5d4acfb968b 97914ffb0cd9464585308b5a4a57e3a9 - - default default] 10.0.0.205 "POST /v2.0/security-group-rules HTTP/1.1" status: 201 len: 768 time: 0.2557313 /var/lib/openstack/lib/python3.10/site-packages/pycadf/identifier.py:71: UserWarning: Invalid uuid: neutron. To ensure interoperability, identifiers should be a valid uuid. warnings.warn(('Invalid uuid: %s. To ensure interoperability, '
2026-07-01 08:35:10.829 9 INFO neutron.wsgi [None req-bbb8f0d2-9011-49bb-b3cb-b06f470070d7 46bffdc8eecb435681f1e5d4acfb968b 97914ffb0cd9464585308b5a4a57e3a9 - - default default] 10.0.0.205 "GET /v2.0/security-group-rules/f5712777-d34a-467f-a6df-5bfe593b6071 HTTP/1.1" status: 200 len: 763 time: 0.0186410
2026-07-01 08:35:10.886 9 INFO neutron.wsgi [None req-c25e9f98-d21e-4849-96b9-d8018de2e7bc 46bffdc8eecb435681f1e5d4acfb968b 97914ffb0cd9464585308b5a4a57e3a9 - - default default] 10.0.0.205 "GET /v2.0/security-group-rules HTTP/1.1" status: 200 len: 4113 time: 0.0518377
2026-07-01 08:35:10.956 10 INFO neutron.db.ovn_revision_numbers_db [None req-3267ee49-df43-46fb-99c2-bf0378d4a3c7 d304297cc5d34d8b86439095a51d7958 af37a0cc71c24db9840a2d1e68c45ecf - - default default] Successfully bumped revision number for resource 9ef613e2-f1d3-41c4-8c3f-93e40715f6fe (type: ports) to 1
2026-07-01 08:35:11.127 9 INFO neutron.wsgi [None req-81f338ac-e6ea-4587-9eed-92458663b7d0 46bffdc8eecb435681f1e5d4acfb968b 97914ffb0cd9464585308b5a4a57e3a9 - - default default] 10.0.0.205 "DELETE /v2.0/security-group-rules/f5712777-d34a-467f-a6df-5bfe593b6071 HTTP/1.1" status: 204 len: 168 time: 0.2331657
2026-07-01 08:35:11.195 9 INFO neutron.wsgi [None req-9a3d403a-4f48-45a4-94fe-d8197ace8d0b 46bffdc8eecb435681f1e5d4acfb968b 97914ffb0cd9464585308b5a4a57e3a9 - - default default] 10.0.0.205 "GET /v2.0/security-group-rules HTTP/1.1" status: 200 len: 3567 time: 0.0633473
2026-07-01 08:35:11.205 9 WARNING neutron_lib.context [None req-480bda05-3196-484f-ab67-e15b31a5ffac 46bffdc8eecb435681f1e5d4acfb968b 97914ffb0cd9464585308b5a4a57e3a9 - - default default] Method 'is_advsvc' is deprecated since 2023.2 release (neutron-lib 3.8.0) and will be removed once support for the old RBAC API policies will be removed from Neutron. Please use method 'is_service_role' instead.
2026-07-01 08:35:11.252 10 WARNING neutron_lib.context [None req-ed9b6fcc-c119-4dfb-9a23-731544da2641 18152bcb24bb4c90a48e142baff1e474 41d78a10834f44779ee3a4eb240735ef - - default default] Method 'is_advsvc' is deprecated since 2023.2 release (neutron-lib 3.8.0) and will be removed once support for the old RBAC API policies will be removed from Neutron. Please use method 'is_service_role' instead.
2026-07-01 08:35:11.280 9 INFO neutron.wsgi [None req-f0a03203-e30a-45e9-a8e4-1f37c8e30494 6fe1a3e89d47470d9665206fccf86f2b d89216d77faa4003ad7e243c394cdcbb - - default default] 10.0.0.205 "PUT /v2.0/routers/4404763c-d506-44f5-8da9-9aea65cece7c/remove_router_interface HTTP/1.1" status: 200 len: 503 time: 0.9510896
2026-07-01 08:35:11.282 9 INFO neutron.db.securitygroups_db [None req-480bda05-3196-484f-ab67-e15b31a5ffac 46bffdc8eecb435681f1e5d4acfb968b 97914ffb0cd9464585308b5a4a57e3a9 - - default default] Project 97914ffb0cd9464585308b5a4a57e3a9 added a security group rule with legacy IPv6 ICMP protocol name icmp, ipv6-icmp should be used instead. It was automatically converted. /var/lib/openstack/lib/python3.10/site-packages/pycadf/identifier.py:71: UserWarning: Invalid uuid: neutron. To ensure interoperability, identifiers should be a valid uuid. warnings.warn(('Invalid uuid: %s. To ensure interoperability, '
2026-07-01 08:35:11.351 9 INFO neutron.api.v2.resource [None req-df47a564-d559-499a-bd2e-d6ca2f23dc6f 6fe1a3e89d47470d9665206fccf86f2b d89216d77faa4003ad7e243c394cdcbb - - default default] remove_router_interface failed (client error): The resource could not be found.
2026-07-01 08:35:11.352 9 INFO neutron.wsgi [None req-df47a564-d559-499a-bd2e-d6ca2f23dc6f 6fe1a3e89d47470d9665206fccf86f2b d89216d77faa4003ad7e243c394cdcbb - - default default] 10.0.0.205 "PUT /v2.0/routers/4404763c-d506-44f5-8da9-9aea65cece7c/remove_router_interface HTTP/1.1" status: 404 len: 398 time: 0.0669324
2026-07-01 08:35:11.399 10 INFO neutron.wsgi [None req-13d48f95-8b22-442b-af31-d97e9cfded05 6fe1a3e89d47470d9665206fccf86f2b d89216d77faa4003ad7e243c394cdcbb - - default default] 10.0.0.205 "GET /v2.0/ports?device_id=4404763c-d506-44f5-8da9-9aea65cece7c HTTP/1.1" status: 200 len: 205 time: 0.0269144
2026-07-01 08:35:11.475 9 INFO neutron.db.ovn_revision_numbers_db [None req-480bda05-3196-484f-ab67-e15b31a5ffac 46bffdc8eecb435681f1e5d4acfb968b 97914ffb0cd9464585308b5a4a57e3a9 - - default default] Successfully bumped revision number for resource 88f7c71d-b866-4be7-92b1-8813b0d2e9d2 (type: security_group_rules) to 0
2026-07-01 08:35:11.520 9 INFO neutron.wsgi [None req-480bda05-3196-484f-ab67-e15b31a5ffac 46bffdc8eecb435681f1e5d4acfb968b 97914ffb0cd9464585308b5a4a57e3a9 - - default default] 10.0.0.205 "POST /v2.0/security-group-rules HTTP/1.1" status: 201 len: 774 time: 0.3193526
2026-07-01 08:35:11.566 10 INFO neutron.wsgi [None req-42e36e97-2747-4316-8fcf-84eaa938cb30 46bffdc8eecb435681f1e5d4acfb968b 97914ffb0cd9464585308b5a4a57e3a9 - - default default] 10.0.0.205 "GET /v2.0/security-group-rules/88f7c71d-b866-4be7-92b1-8813b0d2e9d2 HTTP/1.1" status: 200 len: 769 time: 0.0334749
2026-07-01 08:35:11.632 10 WARNING neutron.scheduler.dhcp_agent_scheduler [None req-ed9b6fcc-c119-4dfb-9a23-731544da2641 18152bcb24bb4c90a48e142baff1e474 41d78a10834f44779ee3a4eb240735ef - - default default] No more DHCP agents
2026-07-01 08:35:11.637 10 WARNING neutron.api.rpc.agentnotifiers.dhcp_rpc_agent_api [None req-ed9b6fcc-c119-4dfb-9a23-731544da2641 18152bcb24bb4c90a48e142baff1e474 41d78a10834f44779ee3a4eb240735ef - - default default] Unable to schedule network 95dbf285-5e4b-4029-ae30-497371be60b8: no agents available; will retry on subsequent port and subnet creation events.
2026-07-01 08:35:11.659 9 INFO neutron.wsgi [None req-7c3c8a09-ca0b-4a34-9722-01d8a7f56f7c 6fe1a3e89d47470d9665206fccf86f2b d89216d77faa4003ad7e243c394cdcbb - - default default] 10.0.0.205 "DELETE /v2.0/routers/4404763c-d506-44f5-8da9-9aea65cece7c HTTP/1.1" status: 204 len: 168 time: 0.2525432
2026-07-01 08:35:11.659 10 INFO neutron.wsgi [None req-b606457e-0b0f-4af0-9112-37c1849162ea 46bffdc8eecb435681f1e5d4acfb968b 97914ffb0cd9464585308b5a4a57e3a9 - - default default] 10.0.0.205 "GET /v2.0/security-group-rules HTTP/1.1" status: 200 len: 4119 time: 0.0853543
2026-07-01 08:35:11.703 10 INFO neutron.db.ovn_revision_numbers_db [None req-ed9b6fcc-c119-4dfb-9a23-731544da2641 18152bcb24bb4c90a48e142baff1e474 41d78a10834f44779ee3a4eb240735ef - - default default] Successfully bumped revision number for resource 22ffc394-24fe-469a-89f1-401c3b370b09 (type: subnets) to 0
2026-07-01 08:35:11.730 10 INFO neutron.wsgi [None req-ed9b6fcc-c119-4dfb-9a23-731544da2641 18152bcb24bb4c90a48e142baff1e474 41d78a10834f44779ee3a4eb240735ef - - default default] 10.0.0.205 "POST /v2.0/subnets HTTP/1.1" status: 201 len: 848 time: 0.4853272
2026-07-01 08:35:11.748 9 WARNING neutron_lib.context [None req-7d316205-f396-4f6b-9332-7fa8b71b6b59 18152bcb24bb4c90a48e142baff1e474 41d78a10834f44779ee3a4eb240735ef - - default default] Method 'is_advsvc' is deprecated since 2023.2 release (neutron-lib 3.8.0) and will be removed once support for the old RBAC API policies will be removed from Neutron. Please use method 'is_service_role' instead.
2026-07-01 08:35:11.797 9 INFO neutron.plugins.ml2.drivers.ovn.mech_driver.mech_driver [None req-aa695e8c-ebc2-4ae9-8756-61460255505c - - - - - -] OVN reports status up for port: 9ef613e2-f1d3-41c4-8c3f-93e40715f6fe
2026-07-01 08:35:11.810 9 INFO neutron.plugins.ml2.drivers.ovn.mech_driver.ovsdb.ovsdb_monitor [None req-ce3ee18d-d920-497b-8049-c9d173ca8e0d - - - - - -] Router 6ebb718c-aad5-4905-a72d-c0ce324579a0 is bound to host instance
2026-07-01 08:35:11.818 9 INFO neutron.plugins.ml2.plugin [None req-aa695e8c-ebc2-4ae9-8756-61460255505c - - - - - -] Attempt 1 to provision port 9ef613e2-f1d3-41c4-8c3f-93e40715f6fe
2026-07-01 08:35:11.834 10 INFO neutron.db.ovn_revision_numbers_db [None req-3267ee49-df43-46fb-99c2-bf0378d4a3c7 d304297cc5d34d8b86439095a51d7958 af37a0cc71c24db9840a2d1e68c45ecf - - default default] Successfully bumped revision number for resource 9ef613e2-f1d3-41c4-8c3f-93e40715f6fe (type: router_ports) to 1
2026-07-01 08:35:11.901 9 INFO neutron.db.segments_db [None req-7d316205-f396-4f6b-9332-7fa8b71b6b59 18152bcb24bb4c90a48e142baff1e474 41d78a10834f44779ee3a4eb240735ef - - default default] Added segment 8d3999ed-1617-4fef-83ef-42796dc19a46 of type geneve for network d3a892ab-9bdc-4807-a650-8acafb508f8f
2026-07-01 08:35:11.945 9 INFO neutron.wsgi [None req-bd023884-4a88-4cc6-8424-6ba78af8d071 46bffdc8eecb435681f1e5d4acfb968b 97914ffb0cd9464585308b5a4a57e3a9 - - default default] 10.0.0.205 "DELETE /v2.0/security-group-rules/88f7c71d-b866-4be7-92b1-8813b0d2e9d2 HTTP/1.1" status: 204 len: 168 time: 0.2723422
2026-07-01 08:35:12.072 9 INFO neutron.wsgi [None req-7c531a04-99d6-4881-84d2-9ecea653622d 46bffdc8eecb435681f1e5d4acfb968b 97914ffb0cd9464585308b5a4a57e3a9 - - default default] 10.0.0.205 "GET /v2.0/security-group-rules HTTP/1.1" status: 200 len: 3567 time: 0.1199214
2026-07-01 08:35:12.092 9 INFO neutron.wsgi [None req-64686b7d-41b4-47b6-ba22-9c5d1c495bc0 6fe1a3e89d47470d9665206fccf86f2b d89216d77faa4003ad7e243c394cdcbb - - default default] 10.0.0.205 "DELETE /v2.0/subnets/53bf29a3-84af-4390-91b0-a2767b85b575 HTTP/1.1" status: 204 len: 168 time: 0.4283497
2026-07-01 08:35:12.348 10 INFO neutron.db.ovn_revision_numbers_db [None req-3267ee49-df43-46fb-99c2-bf0378d4a3c7 d304297cc5d34d8b86439095a51d7958 af37a0cc71c24db9840a2d1e68c45ecf - - default default] Successfully bumped revision number for resource 6ebb718c-aad5-4905-a72d-c0ce324579a0 (type: routers) to 2
2026-07-01 08:35:12.368 10 INFO neutron.wsgi [None req-3267ee49-df43-46fb-99c2-bf0378d4a3c7 d304297cc5d34d8b86439095a51d7958 af37a0cc71c24db9840a2d1e68c45ecf - - default default] 10.0.0.205 "POST /v2.0/routers HTTP/1.1" status: 201 len: 877 time: 2.1923280
2026-07-01 08:35:12.707 9 INFO neutron.db.ovn_revision_numbers_db [None req-7d316205-f396-4f6b-9332-7fa8b71b6b59 18152bcb24bb4c90a48e142baff1e474 41d78a10834f44779ee3a4eb240735ef - - default default] Successfully bumped revision number for resource d3a892ab-9bdc-4807-a650-8acafb508f8f (type: networks) to 1
2026-07-01 08:35:12.775 10 WARNING neutron.scheduler.dhcp_agent_scheduler [None req-b7cd1bd8-9a45-442b-bde2-46f23fa58f0a d304297cc5d34d8b86439095a51d7958 af37a0cc71c24db9840a2d1e68c45ecf - - default default] No more DHCP agents
2026-07-01 08:35:12.777 10 WARNING neutron.api.rpc.agentnotifiers.dhcp_rpc_agent_api [None req-b7cd1bd8-9a45-442b-bde2-46f23fa58f0a d304297cc5d34d8b86439095a51d7958 af37a0cc71c24db9840a2d1e68c45ecf - - default default] Unable to schedule network 9799131f-92dd-4f6a-96fa-794769c21129: no agents available; will retry on subsequent port and subnet creation events.
2026-07-01 08:35:12.877 9 INFO neutron.wsgi [None req-5204061d-01da-49b7-84d1-c7ded00125ad 46bffdc8eecb435681f1e5d4acfb968b 97914ffb0cd9464585308b5a4a57e3a9 - - default default] 10.0.0.205 "DELETE /v2.0/security-groups/7aa5a979-5e72-47c8-93c0-d206658572d2 HTTP/1.1" status: 204 len: 168 time: 0.7940221
2026-07-01 08:35:12.942 10 INFO neutron.wsgi [None req-ff48d568-8839-495a-ad73-a27e9f5bb431 46bffdc8eecb435681f1e5d4acfb968b 97914ffb0cd9464585308b5a4a57e3a9 - - default default] 10.0.0.205 "GET /v2.0/security-groups HTTP/1.1" status: 200 len: 2996 time: 0.0597153
2026-07-01 08:35:12.981 10 INFO neutron.db.ovn_revision_numbers_db [None req-b7cd1bd8-9a45-442b-bde2-46f23fa58f0a d304297cc5d34d8b86439095a51d7958 af37a0cc71c24db9840a2d1e68c45ecf - - default default] Successfully bumped revision number for resource 171431f7-ba39-47c6-9796-7e36a7dcc29c (type: ports) to 1
2026-07-01 08:35:13.042 9 INFO neutron.wsgi [None req-c9bb1c99-3096-4532-bff3-569f94f033cd 46bffdc8eecb435681f1e5d4acfb968b 97914ffb0cd9464585308b5a4a57e3a9 - - default default] 10.0.0.205 "GET /v2.0/security-groups HTTP/1.1" status: 200 len: 2996 time: 0.0838015
2026-07-01 08:35:13.093 9 WARNING neutron.scheduler.dhcp_agent_scheduler [None req-7d316205-f396-4f6b-9332-7fa8b71b6b59 18152bcb24bb4c90a48e142baff1e474 41d78a10834f44779ee3a4eb240735ef - - default default] No more DHCP agents
2026-07-01 08:35:13.098 9 WARNING neutron.api.rpc.agentnotifiers.dhcp_rpc_agent_api [None req-7d316205-f396-4f6b-9332-7fa8b71b6b59 18152bcb24bb4c90a48e142baff1e474 41d78a10834f44779ee3a4eb240735ef - - default default] Unable to schedule network d3a892ab-9bdc-4807-a650-8acafb508f8f: no agents available; will retry on subsequent port and subnet creation events.
2026-07-01 08:35:13.273 9 INFO neutron.db.ovn_revision_numbers_db [None req-7d316205-f396-4f6b-9332-7fa8b71b6b59 18152bcb24bb4c90a48e142baff1e474 41d78a10834f44779ee3a4eb240735ef - - default default] Successfully bumped revision number for resource ec63d1e5-bd7a-41ad-bf92-b782d1f451b8 (type: ports) to 1
2026-07-01 08:35:13.295 9 INFO neutron.services.segments.plugin [-] Segment 67415a85-ab45-4bb0-bf70-41013105cfb6 resource provider aggregate not found
2026-07-01 08:35:13.301 9 INFO neutron.services.segments.plugin [-] Segment 67415a85-ab45-4bb0-bf70-41013105cfb6 resource provider aggregate not found
2026-07-01 08:35:13.322 9 INFO neutron.services.segments.plugin [-] Segment 67415a85-ab45-4bb0-bf70-41013105cfb6 resource provider not found; error: Placement Client Error (4xx): {"errors": [{"status": 404, "title": "Not Found", "detail": "The resource could not be found.\n\n No resource provider with uuid 67415a85-ab45-4bb0-bf70-41013105cfb6 found for delete ", "request_id": "req-c9b87a0a-8659-4c64-b3ea-03841829fe96"}]}
2026-07-01 08:35:13.337 9 INFO neutron.services.segments.plugin [-] Segment 67415a85-ab45-4bb0-bf70-41013105cfb6 resource provider not found; error: Placement Client Error (4xx): {"errors": [{"status": 404, "title": "Not Found", "detail": "The resource could not be found.\n\n No resource provider with uuid 67415a85-ab45-4bb0-bf70-41013105cfb6 found for delete ", "request_id": "req-1655cbeb-ee3f-419f-b93d-99256c2a710a"}]}
2026-07-01 08:35:13.376 9 INFO neutron.wsgi [None req-7d316205-f396-4f6b-9332-7fa8b71b6b59 18152bcb24bb4c90a48e142baff1e474 41d78a10834f44779ee3a4eb240735ef - - default default] 10.0.0.205 "POST /v2.0/networks HTTP/1.1" status: 201 len: 847 time: 1.6332982
2026-07-01 08:35:13.400 9 INFO neutron.wsgi [None req-bb99f23e-c9c5-41b1-bab8-28430230209a 6fe1a3e89d47470d9665206fccf86f2b d89216d77faa4003ad7e243c394cdcbb - - default default] 10.0.0.205 "DELETE /v2.0/networks/8ee19aa9-28a4-492e-8290-d2848fb82f87 HTTP/1.1" status: 204 len: 168 time: 1.2974505
2026-07-01 08:35:13.417 10 WARNING neutron_lib.context [None req-ad05a7a5-8f06-412c-a03e-9fda1d2417c5 6fe1a3e89d47470d9665206fccf86f2b d89216d77faa4003ad7e243c394cdcbb - - default default] Method 'is_advsvc' is deprecated since 2023.2 release (neutron-lib 3.8.0) and will be removed once support for the old RBAC API policies will be removed from Neutron. Please use method 'is_service_role' instead.
2026-07-01 08:35:13.418 9 INFO neutron.db.ovn_revision_numbers_db [None req-ce3ee18d-d920-497b-8049-c9d173ca8e0d - - - - - -] Successfully bumped revision number for resource 9ef613e2-f1d3-41c4-8c3f-93e40715f6fe (type: ports) to 1
2026-07-01 08:35:13.447 10 INFO neutron.db.ovn_revision_numbers_db [None req-b7cd1bd8-9a45-442b-bde2-46f23fa58f0a d304297cc5d34d8b86439095a51d7958 af37a0cc71c24db9840a2d1e68c45ecf - - default default] Successfully bumped revision number for resource 171431f7-ba39-47c6-9796-7e36a7dcc29c (type: router_ports) to 1
2026-07-01 08:35:13.553 10 INFO neutron.db.segments_db [None req-ad05a7a5-8f06-412c-a03e-9fda1d2417c5 6fe1a3e89d47470d9665206fccf86f2b d89216d77faa4003ad7e243c394cdcbb - - default default] Added segment ba99fca7-d090-4688-b4bd-b13b41691d7b of type geneve for network 4aea307a-9e1c-4d25-bba7-56197e6b774a
2026-07-01 08:35:13.722 9 INFO neutron.db.ovn_revision_numbers_db [None req-ce3ee18d-d920-497b-8049-c9d173ca8e0d - - - - - -] Successfully bumped revision number for resource 9ef613e2-f1d3-41c4-8c3f-93e40715f6fe (type: router_ports) to 3
2026-07-01 08:35:13.733 10 INFO neutron.db.ovn_revision_numbers_db [None req-15b5dea3-c38d-4eee-b001-2979bd622f0b 18152bcb24bb4c90a48e142baff1e474 41d78a10834f44779ee3a4eb240735ef - - default default] Successfully bumped revision number for resource d3a892ab-9bdc-4807-a650-8acafb508f8f (type: networks) to 2
2026-07-01 08:35:13.738 10 INFO neutron.wsgi [None req-15b5dea3-c38d-4eee-b001-2979bd622f0b 18152bcb24bb4c90a48e142baff1e474 41d78a10834f44779ee3a4eb240735ef - - default default] 10.0.0.205 "PUT /v2.0/networks/d3a892ab-9bdc-4807-a650-8acafb508f8f HTTP/1.1" status: 200 len: 792 time: 0.3524389
2026-07-01 08:35:13.753 9 WARNING neutron_lib.context [None req-297f2157-46d5-4a86-a248-86c46792fb0b 18152bcb24bb4c90a48e142baff1e474 41d78a10834f44779ee3a4eb240735ef - - default default] Method 'is_advsvc' is deprecated since 2023.2 release (neutron-lib 3.8.0) and will be removed once support for the old RBAC API policies will be removed from Neutron. Please use method 'is_service_role' instead.
2026-07-01 08:35:13.761 9 INFO neutron.wsgi [None req-75bec05e-f637-4961-b216-63e560941234 d304297cc5d34d8b86439095a51d7958 af37a0cc71c24db9840a2d1e68c45ecf - - default default] 10.0.0.205 "GET /v2.0/security-groups?tenant_id=97914ffb0cd9464585308b5a4a57e3a9&name=default HTTP/1.1" status: 200 len: 2996 time: 0.1624348
2026-07-01 08:35:13.783 10 INFO neutron.db.ovn_revision_numbers_db [None req-b7cd1bd8-9a45-442b-bde2-46f23fa58f0a d304297cc5d34d8b86439095a51d7958 af37a0cc71c24db9840a2d1e68c45ecf - - default default] Successfully bumped revision number for resource 171431f7-ba39-47c6-9796-7e36a7dcc29c (type: ports) to 1
2026-07-01 08:35:13.848 10 INFO neutron.db.ovn_revision_numbers_db [None req-ad05a7a5-8f06-412c-a03e-9fda1d2417c5 6fe1a3e89d47470d9665206fccf86f2b d89216d77faa4003ad7e243c394cdcbb - - default default] Successfully bumped revision number for resource 4aea307a-9e1c-4d25-bba7-56197e6b774a (type: networks) to 1
2026-07-01 08:35:13.935 10 WARNING neutron.plugins.ml2.drivers.ovn.mech_driver.ovsdb.ovn_client [None req-1a7dfe54-e8bf-4cd1-a3fa-fa7bbabf8714 - - - - - -] No port found with ID 213292c3-47b4-486c-821e-5127f9a70839: RuntimeError: No port found with ID 213292c3-47b4-486c-821e-5127f9a70839
2026-07-01 08:35:13.944 9 INFO neutron.db.ovn_revision_numbers_db [None req-ce3ee18d-d920-497b-8049-c9d173ca8e0d - - - - - -] Successfully bumped revision number for resource 9ef613e2-f1d3-41c4-8c3f-93e40715f6fe (type: ports) to 2
2026-07-01 08:35:13.953 10 WARNING neutron.scheduler.dhcp_agent_scheduler [None req-b7cd1bd8-9a45-442b-bde2-46f23fa58f0a d304297cc5d34d8b86439095a51d7958 af37a0cc71c24db9840a2d1e68c45ecf - - default default] No more DHCP agents
2026-07-01 08:35:13.969 10 WARNING neutron.api.rpc.agentnotifiers.dhcp_rpc_agent_api [None req-b7cd1bd8-9a45-442b-bde2-46f23fa58f0a d304297cc5d34d8b86439095a51d7958 af37a0cc71c24db9840a2d1e68c45ecf - - default default] Unable to schedule network 9799131f-92dd-4f6a-96fa-794769c21129: no agents available; will retry on subsequent port and subnet creation events.
2026-07-01 08:35:14.054 9 WARNING neutron.scheduler.dhcp_agent_scheduler [None req-297f2157-46d5-4a86-a248-86c46792fb0b 18152bcb24bb4c90a48e142baff1e474 41d78a10834f44779ee3a4eb240735ef - - default default] No more DHCP agents
2026-07-01 08:35:14.060 9 WARNING neutron.api.rpc.agentnotifiers.dhcp_rpc_agent_api [None req-297f2157-46d5-4a86-a248-86c46792fb0b 18152bcb24bb4c90a48e142baff1e474 41d78a10834f44779ee3a4eb240735ef - - default default] Unable to schedule network d3a892ab-9bdc-4807-a650-8acafb508f8f: no agents available; will retry on subsequent port and subnet creation events.
2026-07-01 08:35:14.132 9 INFO neutron.db.ovn_revision_numbers_db [None req-297f2157-46d5-4a86-a248-86c46792fb0b 18152bcb24bb4c90a48e142baff1e474 41d78a10834f44779ee3a4eb240735ef - - default default] Successfully bumped revision number for resource 308a0548-88bb-4aac-9e87-ced4bbfb7260 (type: subnets) to 0
2026-07-01 08:35:14.151 9 INFO neutron.wsgi [None req-297f2157-46d5-4a86-a248-86c46792fb0b 18152bcb24bb4c90a48e142baff1e474 41d78a10834f44779ee3a4eb240735ef - - default default] 10.0.0.205 "POST /v2.0/subnets HTTP/1.1" status: 201 len: 821 time: 0.4047370
2026-07-01 08:35:14.186 10 WARNING neutron.scheduler.dhcp_agent_scheduler [None req-ad05a7a5-8f06-412c-a03e-9fda1d2417c5 6fe1a3e89d47470d9665206fccf86f2b d89216d77faa4003ad7e243c394cdcbb - - default default] No more DHCP agents
2026-07-01 08:35:14.190 10 WARNING neutron.api.rpc.agentnotifiers.dhcp_rpc_agent_api [None req-ad05a7a5-8f06-412c-a03e-9fda1d2417c5 6fe1a3e89d47470d9665206fccf86f2b d89216d77faa4003ad7e243c394cdcbb - - default default] Unable to schedule network 4aea307a-9e1c-4d25-bba7-56197e6b774a: no agents available; will retry on subsequent port and subnet creation events.
2026-07-01 08:35:14.276 10 INFO neutron.wsgi [None req-983d2109-a448-4c70-8ba9-737b6ef0c408 d304297cc5d34d8b86439095a51d7958 af37a0cc71c24db9840a2d1e68c45ecf - - default default] 10.0.0.205 "DELETE /v2.0/security-groups/a6061973-0f8c-447c-9889-70504e1a34a6 HTTP/1.1" status: 204 len: 168 time: 0.5048032
2026-07-01 08:35:14.314 9 INFO neutron.plugins.ml2.drivers.ovn.mech_driver.mech_driver [None req-aa695e8c-ebc2-4ae9-8756-61460255505c - - - - - -] OVN reports status up for port: 171431f7-ba39-47c6-9796-7e36a7dcc29c
2026-07-01 08:35:14.332 9 INFO neutron.plugins.ml2.plugin [None req-aa695e8c-ebc2-4ae9-8756-61460255505c - - - - - -] Attempt 1 to provision port 171431f7-ba39-47c6-9796-7e36a7dcc29c
2026-07-01 08:35:14.335 10 INFO neutron.db.ovn_revision_numbers_db [None req-ad05a7a5-8f06-412c-a03e-9fda1d2417c5 6fe1a3e89d47470d9665206fccf86f2b d89216d77faa4003ad7e243c394cdcbb - - default default] Successfully bumped revision number for resource 031cd05c-c604-4011-abf5-045bd5e7e427 (type: ports) to 1
2026-07-01 08:35:14.369 9 INFO neutron.db.ovn_revision_numbers_db [None req-ce3ee18d-d920-497b-8049-c9d173ca8e0d - - - - - -] Successfully bumped revision number for resource 9ef613e2-f1d3-41c4-8c3f-93e40715f6fe (type: ports) to 4
2026-07-01 08:35:14.378 10 INFO neutron.wsgi [None req-ad05a7a5-8f06-412c-a03e-9fda1d2417c5 6fe1a3e89d47470d9665206fccf86f2b d89216d77faa4003ad7e243c394cdcbb - - default default] 10.0.0.205 "POST /v2.0/networks HTTP/1.1" status: 201 len: 829 time: 0.9656951
2026-07-01 08:35:14.406 10 WARNING neutron_lib.context [None req-3e33d31c-befb-44f7-93ed-f91c1f950f96 6fe1a3e89d47470d9665206fccf86f2b d89216d77faa4003ad7e243c394cdcbb - - default default] Method 'is_advsvc' is deprecated since 2023.2 release (neutron-lib 3.8.0) and will be removed once support for the old RBAC API policies will be removed from Neutron. Please use method 'is_service_role' instead.
2026-07-01 08:35:14.643 10 INFO neutron.db.ovn_revision_numbers_db [None req-b7cd1bd8-9a45-442b-bde2-46f23fa58f0a d304297cc5d34d8b86439095a51d7958 af37a0cc71c24db9840a2d1e68c45ecf - - default default] Successfully bumped revision number for resource 171431f7-ba39-47c6-9796-7e36a7dcc29c (type: router_ports) to 1
2026-07-01 08:35:14.646 10 INFO neutron.wsgi [None req-b7cd1bd8-9a45-442b-bde2-46f23fa58f0a d304297cc5d34d8b86439095a51d7958 af37a0cc71c24db9840a2d1e68c45ecf - - default default] 10.0.0.205 "PUT /v2.0/routers/6ebb718c-aad5-4905-a72d-c0ce324579a0/add_router_interface HTTP/1.1" status: 200 len: 503 time: 2.2710514
2026-07-01 08:35:14.767 10 WARNING neutron.scheduler.dhcp_agent_scheduler [None req-3e33d31c-befb-44f7-93ed-f91c1f950f96 6fe1a3e89d47470d9665206fccf86f2b d89216d77faa4003ad7e243c394cdcbb - - default default] No more DHCP agents
2026-07-01 08:35:14.770 10 WARNING neutron.api.rpc.agentnotifiers.dhcp_rpc_agent_api [None req-3e33d31c-befb-44f7-93ed-f91c1f950f96 6fe1a3e89d47470d9665206fccf86f2b d89216d77faa4003ad7e243c394cdcbb - - default default] Unable to schedule network 4aea307a-9e1c-4d25-bba7-56197e6b774a: no agents available; will retry on subsequent port and subnet creation events.
2026-07-01 08:35:14.841 10 INFO neutron.wsgi [-] 10.0.0.131 "GET / HTTP/1.1" status: 200 len: 245 time: 0.0020308
2026-07-01 08:35:14.842 10 INFO neutron.wsgi [-] 10.0.0.131 "GET / HTTP/1.1" status: 200 len: 245 time: 0.0009184
2026-07-01 08:35:15.132 9 INFO neutron.db.ovn_revision_numbers_db [None req-ce3ee18d-d920-497b-8049-c9d173ca8e0d - - - - - -] Successfully bumped revision number for resource 9ef613e2-f1d3-41c4-8c3f-93e40715f6fe (type: router_ports) to 4
2026-07-01 08:35:15.229 9 INFO neutron.db.ovn_revision_numbers_db [None req-aa695e8c-ebc2-4ae9-8756-61460255505c - - - - - -] Successfully bumped revision number for resource 171431f7-ba39-47c6-9796-7e36a7dcc29c (type: ports) to 2
2026-07-01 08:35:15.338 9 INFO neutron.db.ovn_revision_numbers_db [None req-aa695e8c-ebc2-4ae9-8756-61460255505c - - - - - -] Successfully bumped revision number for resource 171431f7-ba39-47c6-9796-7e36a7dcc29c (type: router_ports) to 2
2026-07-01 08:35:15.441 10 WARNING neutron_lib.context [None req-f1e65f26-0ec5-4d89-bb63-fba2029097dd f53cdd610c3246df831eedc49276f448 6aef75d99d41474ea5bac1669fa61f22 - - default default] Method 'is_advsvc' is deprecated since 2023.2 release (neutron-lib 3.8.0) and will be removed once support for the old RBAC API policies will be removed from Neutron. Please use method 'is_service_role' instead.
2026-07-01 08:35:15.473 10 INFO neutron.db.ovn_revision_numbers_db [None req-3e33d31c-befb-44f7-93ed-f91c1f950f96 6fe1a3e89d47470d9665206fccf86f2b d89216d77faa4003ad7e243c394cdcbb - - default default] Successfully bumped revision number for resource 031cd05c-c604-4011-abf5-045bd5e7e427 (type: ports) to 2
2026-07-01 08:35:15.559 10 INFO neutron.db.ovn_revision_numbers_db [None req-3e33d31c-befb-44f7-93ed-f91c1f950f96 6fe1a3e89d47470d9665206fccf86f2b d89216d77faa4003ad7e243c394cdcbb - - default default] Successfully bumped revision number for resource 21f5d5f7-48b4-4b0b-8675-cc5809800acc (type: subnets) to 0
2026-07-01 08:35:15.576 9 INFO neutron.db.ovn_revision_numbers_db [None req-18b55464-7879-4b27-bafc-2ed2b99fdeac 18152bcb24bb4c90a48e142baff1e474 41d78a10834f44779ee3a4eb240735ef - - default default] Successfully bumped revision number for resource ec63d1e5-bd7a-41ad-bf92-b782d1f451b8 (type: ports) to 2
2026-07-01 08:35:15.581 10 INFO neutron.wsgi [None req-3e33d31c-befb-44f7-93ed-f91c1f950f96 6fe1a3e89d47470d9665206fccf86f2b d89216d77faa4003ad7e243c394cdcbb - - default default] 10.0.0.205 "POST /v2.0/subnets HTTP/1.1" status: 201 len: 801 time: 1.1959782
2026-07-01 08:35:15.597 9 WARNING neutron_lib.context [None req-7e97eaad-9d8e-420e-8358-916bbba58be1 6fe1a3e89d47470d9665206fccf86f2b d89216d77faa4003ad7e243c394cdcbb - - default default] Method 'is_advsvc' is deprecated since 2023.2 release (neutron-lib 3.8.0) and will be removed once support for the old RBAC API policies will be removed from Neutron. Please use method 'is_service_role' instead.
2026-07-01 08:35:15.615 10 INFO neutron.db.ovn_revision_numbers_db [None req-f1e65f26-0ec5-4d89-bb63-fba2029097dd f53cdd610c3246df831eedc49276f448 6aef75d99d41474ea5bac1669fa61f22 - - default default] Successfully bumped revision number for resource 7cf282cb-e4b0-47ba-8074-1d953c4fece2 (type: security_groups) to 1
2026-07-01 08:35:15.622 9 INFO neutron.db.ovn_revision_numbers_db [None req-18b55464-7879-4b27-bafc-2ed2b99fdeac 18152bcb24bb4c90a48e142baff1e474 41d78a10834f44779ee3a4eb240735ef - - default default] Successfully bumped revision number for resource 308a0548-88bb-4aac-9e87-ced4bbfb7260 (type: subnets) to 1
2026-07-01 08:35:15.625 9 INFO neutron.wsgi [None req-18b55464-7879-4b27-bafc-2ed2b99fdeac 18152bcb24bb4c90a48e142baff1e474 41d78a10834f44779ee3a4eb240735ef - - default default] 10.0.0.205 "PUT /v2.0/subnets/308a0548-88bb-4aac-9e87-ced4bbfb7260 HTTP/1.1" status: 200 len: 826 time: 1.4695807
2026-07-01 08:35:15.630 10 INFO neutron.db.ovn_revision_numbers_db [None req-f1e65f26-0ec5-4d89-bb63-fba2029097dd f53cdd610c3246df831eedc49276f448 6aef75d99d41474ea5bac1669fa61f22 - - default default] Successfully bumped revision number for resource 883f03ba-9a28-4b10-a99f-65a8f16b66ab (type: security_group_rules) to 0
2026-07-01 08:35:15.644 10 INFO neutron.db.ovn_revision_numbers_db [None req-f1e65f26-0ec5-4d89-bb63-fba2029097dd f53cdd610c3246df831eedc49276f448 6aef75d99d41474ea5bac1669fa61f22 - - default default] Successfully bumped revision number for resource 89708979-544d-420b-940c-9c75e292fb12 (type: security_group_rules) to 0
2026-07-01 08:35:15.666 10 INFO neutron.wsgi [None req-f1e65f26-0ec5-4d89-bb63-fba2029097dd f53cdd610c3246df831eedc49276f448 6aef75d99d41474ea5bac1669fa61f22 - - default default] 10.0.0.205 "POST /v2.0/security-groups HTTP/1.1" status: 201 len: 1796 time: 0.2315469
2026-07-01 08:35:15.676 10 WARNING neutron_lib.context [None req-004a9f2e-f102-40dd-bc6a-d946660ccf7f f53cdd610c3246df831eedc49276f448 6aef75d99d41474ea5bac1669fa61f22 - - default default] Method 'is_advsvc' is deprecated since 2023.2 release (neutron-lib 3.8.0) and will be removed once support for the old RBAC API policies will be removed from Neutron. Please use method 'is_service_role' instead.
2026-07-01 08:35:15.812 9 INFO neutron.db.ovn_revision_numbers_db [None req-7e97eaad-9d8e-420e-8358-916bbba58be1 6fe1a3e89d47470d9665206fccf86f2b d89216d77faa4003ad7e243c394cdcbb - - default default] Successfully bumped revision number for resource fb8e0ebe-fbdd-42db-aee6-5b6b8f4cd22c (type: routers) to 1
2026-07-01 08:35:15.812 10 INFO neutron.db.ovn_revision_numbers_db [None req-004a9f2e-f102-40dd-bc6a-d946660ccf7f f53cdd610c3246df831eedc49276f448 6aef75d99d41474ea5bac1669fa61f22 - - default default] Successfully bumped revision number for resource afacbb80-9953-4a9b-8070-50d679e65798 (type: security_group_rules) to 0
2026-07-01 08:35:15.831 9 INFO neutron.wsgi [None req-7e97eaad-9d8e-420e-8358-916bbba58be1 6fe1a3e89d47470d9665206fccf86f2b d89216d77faa4003ad7e243c394cdcbb - - default default] 10.0.0.205 "POST /v2.0/routers HTTP/1.1" status: 201 len: 687 time: 0.2432613
2026-07-01 08:35:15.837 10 INFO neutron.wsgi [None req-004a9f2e-f102-40dd-bc6a-d946660ccf7f f53cdd610c3246df831eedc49276f448 6aef75d99d41474ea5bac1669fa61f22 - - default default] 10.0.0.205 "POST /v2.0/security-group-rules HTTP/1.1" status: 201 len: 764 time: 0.1657259
2026-07-01 08:35:15.850 9 WARNING neutron_lib.context [None req-cdfc8bbb-353f-48b8-a6e8-6d5b4691fa82 f53cdd610c3246df831eedc49276f448 6aef75d99d41474ea5bac1669fa61f22 - - default default] Method 'is_advsvc' is deprecated since 2023.2 release (neutron-lib 3.8.0) and will be removed once support for the old RBAC API policies will be removed from Neutron. Please use method 'is_service_role' instead.
2026-07-01 08:35:16.099 9 INFO neutron.db.ovn_revision_numbers_db [None req-cdfc8bbb-353f-48b8-a6e8-6d5b4691fa82 f53cdd610c3246df831eedc49276f448 6aef75d99d41474ea5bac1669fa61f22 - - default default] Successfully bumped revision number for resource 20a2abd9-ea9a-4ca0-a2e2-6175e3aac3ed (type: security_group_rules) to 0
2026-07-01 08:35:16.156 9 INFO neutron.wsgi [None req-cdfc8bbb-353f-48b8-a6e8-6d5b4691fa82 f53cdd610c3246df831eedc49276f448 6aef75d99d41474ea5bac1669fa61f22 - - default default] 10.0.0.205 "POST /v2.0/security-group-rules HTTP/1.1" status: 201 len: 769 time: 0.3121910
2026-07-01 08:35:16.168 9 WARNING neutron_lib.context [None req-89d6c3ee-b0d0-40bc-8d46-ad8e872beeeb f53cdd610c3246df831eedc49276f448 6aef75d99d41474ea5bac1669fa61f22 - - default default] Method 'is_advsvc' is deprecated since 2023.2 release (neutron-lib 3.8.0) and will be removed once support for the old RBAC API policies will be removed from Neutron. Please use method 'is_service_role' instead.
