2026-07-01 08:35:25.297 10 WARNING neutron.api.rpc.agentnotifiers.dhcp_rpc_agent_api [None req-1b67cf73-66b8-4500-a9e5-c673cc78174b d304297cc5d34d8b86439095a51d7958 af37a0cc71c24db9840a2d1e68c45ecf - - default default] Unable to schedule network 736b1b6b-bd93-4049-9641-c91b0c23132e: no agents available; will retry on subsequent port and subnet creation events.
2026-07-01 08:35:25.298 9 INFO neutron.wsgi [None req-4ffd1af7-9128-4345-b22b-5058bcb394e1 6fe1a3e89d47470d9665206fccf86f2b d89216d77faa4003ad7e243c394cdcbb - - default default] 10.0.0.205 "DELETE /v2.0/subnets/21f5d5f7-48b4-4b0b-8675-cc5809800acc HTTP/1.1" status: 204 len: 168 time: 0.2825339
2026-07-01 08:35:25.311 10 INFO neutron.db.ovn_revision_numbers_db [None req-403dde8e-4e96-4a75-b9e7-b4ddd48d40b8 - - - - - -] Successfully bumped revision number for resource 134cdda0-4835-4a5b-9e81-f834f8874d7e (type: router_ports) to 4
2026-07-01 08:35:25.403 9 INFO neutron.db.ovn_revision_numbers_db [None req-7aabaab7-be7f-41b7-961e-0b786fd7b0d1 0677e8ed405a440ca79b9a243037b3a9 550006e770f440e8a514207ee4c9ebf5 - - default default] Successfully bumped revision number for resource 997209d6-5a27-4df8-b84f-0b288f3ae57f (type: ports) to 2
2026-07-01 08:35:25.412 10 INFO neutron.db.ovn_revision_numbers_db [None req-1a7dfe54-e8bf-4cd1-a3fa-fa7bbabf8714 - - - - - -] Successfully bumped revision number for resource 00be7eca-dbed-4e51-930b-f8fda34fa028 (type: ports) to 2
2026-07-01 08:35:25.447 9 INFO neutron.db.ovn_revision_numbers_db [None req-7aabaab7-be7f-41b7-961e-0b786fd7b0d1 0677e8ed405a440ca79b9a243037b3a9 550006e770f440e8a514207ee4c9ebf5 - - default default] Successfully bumped revision number for resource 3a219d3e-d25d-4d8f-bfcf-40bd16aff4d9 (type: subnets) to 0
2026-07-01 08:35:25.466 9 INFO neutron.wsgi [None req-7aabaab7-be7f-41b7-961e-0b786fd7b0d1 0677e8ed405a440ca79b9a243037b3a9 550006e770f440e8a514207ee4c9ebf5 - - default default] 10.0.0.205 "POST /v2.0/subnets HTTP/1.1" status: 201 len: 801 time: 1.1531236
2026-07-01 08:35:25.539 10 INFO neutron.db.ovn_revision_numbers_db [None req-1a7dfe54-e8bf-4cd1-a3fa-fa7bbabf8714 - - - - - -] Successfully bumped revision number for resource 00be7eca-dbed-4e51-930b-f8fda34fa028 (type: router_ports) to 2
2026-07-01 08:35:25.658 9 INFO neutron.services.segments.plugin [-] Segment ba99fca7-d090-4688-b4bd-b13b41691d7b resource provider aggregate not found
2026-07-01 08:35:25.663 9 INFO neutron.services.segments.plugin [-] Segment ba99fca7-d090-4688-b4bd-b13b41691d7b resource provider aggregate not found
2026-07-01 08:35:25.681 9 INFO neutron.services.segments.plugin [-] Segment ba99fca7-d090-4688-b4bd-b13b41691d7b resource provider not found; error: Placement Client Error (4xx): {"errors": [{"status": 404, "title": "Not Found", "detail": "The resource could not be found.\n\n No resource provider with uuid ba99fca7-d090-4688-b4bd-b13b41691d7b found for delete ", "request_id": "req-cd235afa-d676-47ba-a033-997bdc0baacc"}]}
2026-07-01 08:35:25.682 9 INFO neutron.services.segments.plugin [-] Segment ba99fca7-d090-4688-b4bd-b13b41691d7b resource provider not found; error: Placement Client Error (4xx): {"errors": [{"status": 404, "title": "Not Found", "detail": "The resource could not be found.\n\n No resource provider with uuid ba99fca7-d090-4688-b4bd-b13b41691d7b found for delete ", "request_id": "req-f07de7f5-809c-4592-88c0-6501f56e65b0"}]}
2026-07-01 08:35:25.697 9 INFO neutron.wsgi [None req-7db07e62-4757-4ee5-94a6-ba5fdcd542f3 6fe1a3e89d47470d9665206fccf86f2b d89216d77faa4003ad7e243c394cdcbb - - default default] 10.0.0.205 "DELETE /v2.0/networks/4aea307a-9e1c-4d25-bba7-56197e6b774a HTTP/1.1" status: 204 len: 168 time: 0.3908100
2026-07-01 08:35:25.708 9 WARNING neutron_lib.context [None req-fe2a9724-43d1-4fcb-91b7-f61ecae7ea56 6fe1a3e89d47470d9665206fccf86f2b d89216d77faa4003ad7e243c394cdcbb - - default default] Method 'is_advsvc' is deprecated since 2023.2 release (neutron-lib 3.8.0) and will be removed once support for the old RBAC API policies will be removed from Neutron. Please use method 'is_service_role' instead.
2026-07-01 08:35:25.722 10 INFO neutron.wsgi [req-74e40cc7-3706-4d1a-8279-100d577c9c80 req-e5c9c27e-6918-4c36-8afa-a2dbf6518ab0 f53cdd610c3246df831eedc49276f448 6aef75d99d41474ea5bac1669fa61f22 - - default default] 10.0.0.16 "GET /v2.0/ports?device_id=79762217-6923-4555-be7c-4f5666fa1faa HTTP/1.1" status: 200 len: 1172 time: 0.0705137
2026-07-01 08:35:25.807 10 INFO neutron.wsgi [req-74e40cc7-3706-4d1a-8279-100d577c9c80 req-20a5ece2-0d04-47c8-a567-5735e2b1474e f53cdd610c3246df831eedc49276f448 6aef75d99d41474ea5bac1669fa61f22 - - default default] 10.0.0.16 "GET /v2.0/security-groups?id=7cf282cb-e4b0-47ba-8074-1d953c4fece2&fields=id&fields=name HTTP/1.1" status: 200 len: 312 time: 0.0695605
2026-07-01 08:35:26.006 10 INFO neutron.db.ovn_revision_numbers_db [None req-c93e6c8a-f110-45bd-91dc-55569a70c1e1 0677e8ed405a440ca79b9a243037b3a9 550006e770f440e8a514207ee4c9ebf5 - - default default] Successfully bumped revision number for resource 3a219d3e-d25d-4d8f-bfcf-40bd16aff4d9 (type: subnets) to 1
2026-07-01 08:35:26.012 10 INFO neutron.wsgi [None req-c93e6c8a-f110-45bd-91dc-55569a70c1e1 0677e8ed405a440ca79b9a243037b3a9 550006e770f440e8a514207ee4c9ebf5 - - default default] 10.0.0.205 "PUT /v2.0/subnets/3a219d3e-d25d-4d8f-bfcf-40bd16aff4d9 HTTP/1.1" status: 200 len: 806 time: 0.5253808
2026-07-01 08:35:26.119 10 INFO neutron.db.ovn_revision_numbers_db [None req-1b67cf73-66b8-4500-a9e5-c673cc78174b d304297cc5d34d8b86439095a51d7958 af37a0cc71c24db9840a2d1e68c45ecf - - default default] Successfully bumped revision number for resource 00be7eca-dbed-4e51-930b-f8fda34fa028 (type: router_ports) to 2
2026-07-01 08:35:26.125 10 INFO neutron.wsgi [None req-1b67cf73-66b8-4500-a9e5-c673cc78174b d304297cc5d34d8b86439095a51d7958 af37a0cc71c24db9840a2d1e68c45ecf - - default default] 10.0.0.205 "PUT /v2.0/routers/1016fdab-ae63-4087-b0c8-cb9883b811cb/add_router_interface HTTP/1.1" status: 200 len: 503 time: 4.6644466
2026-07-01 08:35:26.228 9 WARNING neutron.scheduler.dhcp_agent_scheduler [None req-fe2a9724-43d1-4fcb-91b7-f61ecae7ea56 6fe1a3e89d47470d9665206fccf86f2b d89216d77faa4003ad7e243c394cdcbb - - default default] No more DHCP agents
2026-07-01 08:35:26.232 9 WARNING neutron.api.rpc.agentnotifiers.dhcp_rpc_agent_api [None req-fe2a9724-43d1-4fcb-91b7-f61ecae7ea56 6fe1a3e89d47470d9665206fccf86f2b d89216d77faa4003ad7e243c394cdcbb - - default default] Unable to schedule network 0dde9d4f-6d3b-41c9-b4a3-98c9341a0a7c: no agents available; will retry on subsequent port and subnet creation events.
2026-07-01 08:35:26.699 10 INFO neutron.wsgi [None req-ece0afb0-c2a9-48b6-a212-55cb120d3621 d304297cc5d34d8b86439095a51d7958 af37a0cc71c24db9840a2d1e68c45ecf - - default default] 10.0.0.18 "GET /v2.0/routers HTTP/1.1" status: 200 len: 2011 time: 0.1536613
2026-07-01 08:35:26.712 10 INFO neutron.wsgi [None req-51432d2f-b862-439e-adcb-3a02b1660074 d304297cc5d34d8b86439095a51d7958 af37a0cc71c24db9840a2d1e68c45ecf - - default default] 10.0.0.18 "GET /v2.0/agents?binary=ovn-controller HTTP/1.1" status: 200 len: 591 time: 0.0114818
2026-07-01 08:35:26.753 10 INFO neutron.wsgi [None req-0e9e795c-12d0-49d5-a112-1a35f76df9c1 d304297cc5d34d8b86439095a51d7958 af37a0cc71c24db9840a2d1e68c45ecf - - default default] 10.0.0.18 "GET /v2.0/subnets HTTP/1.1" status: 200 len: 3992 time: 0.0389659
2026-07-01 08:35:26.765 10 INFO neutron.wsgi [None req-99c19d30-c8b5-4af6-843a-caed1e1b9da2 d304297cc5d34d8b86439095a51d7958 af37a0cc71c24db9840a2d1e68c45ecf - - default default] 10.0.0.18 "GET /v2.0/subnetpools HTTP/1.1" status: 200 len: 193 time: 0.0100868
2026-07-01 08:35:26.814 9 INFO neutron.db.ovn_revision_numbers_db [None req-fe2a9724-43d1-4fcb-91b7-f61ecae7ea56 6fe1a3e89d47470d9665206fccf86f2b d89216d77faa4003ad7e243c394cdcbb - - default default] Successfully bumped revision number for resource 26f36f07-81a6-4386-8467-0cc0c516c281 (type: ports) to 1
2026-07-01 08:35:26.863 10 INFO neutron.wsgi [None req-b93b91bc-920c-4d0d-8dd0-99b5b55a7ca4 d304297cc5d34d8b86439095a51d7958 af37a0cc71c24db9840a2d1e68c45ecf - - default default] 10.0.0.18 "GET /v2.0/networks HTTP/1.1" status: 200 len: 5345 time: 0.0974593
2026-07-01 08:35:26.903 10 INFO neutron.wsgi [None req-80ff24d1-06bb-43bf-9bdc-62502b76d729 d304297cc5d34d8b86439095a51d7958 af37a0cc71c24db9840a2d1e68c45ecf - - default default] 10.0.0.18 "GET /v2.0/floatingips HTTP/1.1" status: 200 len: 730 time: 0.0337856
2026-07-01 08:35:26.928 9 INFO neutron.wsgi [req-bee0aa56-32c3-4104-a3bc-059057ba87fc req-795e8d7a-fce1-4b54-9c60-c56a22fcd996 f53cdd610c3246df831eedc49276f448 6aef75d99d41474ea5bac1669fa61f22 - - default default] 10.0.0.16 "GET /v2.0/ports?device_id=79762217-6923-4555-be7c-4f5666fa1faa HTTP/1.1" status: 200 len: 1172 time: 0.0427997
2026-07-01 08:35:27.000 10 INFO neutron.wsgi [None req-13bb4915-1ff4-4289-8e8a-2c0ea268c835 d304297cc5d34d8b86439095a51d7958 af37a0cc71c24db9840a2d1e68c45ecf - - default default] 10.0.0.18 "GET /v2.0/ports HTTP/1.1" status: 200 len: 16062 time: 0.0965655
2026-07-01 08:35:27.017 9 INFO neutron.wsgi [req-bee0aa56-32c3-4104-a3bc-059057ba87fc req-85702759-e167-47b0-88d2-c9652629550d f53cdd610c3246df831eedc49276f448 6aef75d99d41474ea5bac1669fa61f22 - - default default] 10.0.0.16 "GET /v2.0/security-groups?id=7cf282cb-e4b0-47ba-8074-1d953c4fece2&fields=id&fields=name HTTP/1.1" status: 200 len: 312 time: 0.0686264
2026-07-01 08:35:27.040 10 INFO neutron.wsgi [None req-b6dc4f34-50b7-4f5e-b7d2-979bd6d85321 d304297cc5d34d8b86439095a51d7958 af37a0cc71c24db9840a2d1e68c45ecf - - default default] 10.0.0.18 "GET /v2.0/agents HTTP/1.1" status: 200 len: 997 time: 0.0114133
2026-07-01 08:35:27.082 10 INFO neutron.wsgi [None req-0f28f679-2f2a-4941-8ee6-f2916597fdc2 d304297cc5d34d8b86439095a51d7958 af37a0cc71c24db9840a2d1e68c45ecf - - default default] 10.0.0.18 "GET /v2.0/subnets HTTP/1.1" status: 200 len: 3372 time: 0.0401368
2026-07-01 08:35:27.166 10 INFO neutron.wsgi [None req-e94d7993-39dc-4619-95ee-902b50676b3d d304297cc5d34d8b86439095a51d7958 af37a0cc71c24db9840a2d1e68c45ecf - - default default] 10.0.0.18 "GET /v2.0/security-groups HTTP/1.1" status: 200 len: 30664 time: 0.0821006
2026-07-01 08:35:27.187 10 INFO neutron.wsgi [None req-2b20bec2-a7db-49ab-bb6e-635c6e3ff179 d304297cc5d34d8b86439095a51d7958 af37a0cc71c24db9840a2d1e68c45ecf - - default default] 10.0.0.18 "GET /v2.0/network-ip-availabilities HTTP/1.1" status: 200 len: 2906 time: 0.0152717
2026-07-01 08:35:27.248 9 INFO neutron.wsgi [None req-22349834-4603-4aac-920d-ac7d4cb3ad3d 0677e8ed405a440ca79b9a243037b3a9 550006e770f440e8a514207ee4c9ebf5 - - default default] 10.0.0.205 "DELETE /v2.0/networks/e07b7c53-7d05-447d-ab5c-831c087a2364 HTTP/1.1" status: 204 len: 168 time: 1.2300999
2026-07-01 08:35:27.276 10 INFO neutron.pecan_wsgi.hooks.translation [None req-098c996c-432b-4eef-9c9d-16a4bf261b18 0677e8ed405a440ca79b9a243037b3a9 550006e770f440e8a514207ee4c9ebf5 - - default default] DELETE failed (client error): The resource could not be found.
2026-07-01 08:35:27.279 10 INFO neutron.wsgi [None req-098c996c-432b-4eef-9c9d-16a4bf261b18 0677e8ed405a440ca79b9a243037b3a9 550006e770f440e8a514207ee4c9ebf5 - - default default] 10.0.0.205 "DELETE /v2.0/networks/e07b7c53-7d05-447d-ab5c-831c087a2364 HTTP/1.1" status: 404 len: 339 time: 0.0225675
2026-07-01 08:35:27.282 9 WARNING neutron.plugins.ml2.drivers.ovn.mech_driver.ovsdb.ovn_client [None req-aa695e8c-ebc2-4ae9-8756-61460255505c - - - - - -] No port found with ID c3d8dd30-99c5-4133-9179-27197e3879d0: RuntimeError: No port found with ID c3d8dd30-99c5-4133-9179-27197e3879d0
2026-07-01 08:35:27.282 9 INFO neutron.plugins.ml2.drivers.ovn.mech_driver.mech_driver [None req-aa695e8c-ebc2-4ae9-8756-61460255505c - - - - - -] OVN reports status up for port: a8994b55-b74d-455f-afa9-90ea498bb186
2026-07-01 08:35:27.305 9 INFO neutron.plugins.ml2.plugin [None req-aa695e8c-ebc2-4ae9-8756-61460255505c - - - - - -] Attempt 1 to provision port a8994b55-b74d-455f-afa9-90ea498bb186
2026-07-01 08:35:27.364 10 INFO neutron.wsgi [None req-227426e0-7f20-48ac-8e16-146cb07b751b 0677e8ed405a440ca79b9a243037b3a9 550006e770f440e8a514207ee4c9ebf5 - - default default] 10.0.0.205 "GET /v2.0/networks?router%3Aexternal=True HTTP/1.1" status: 200 len: 845 time: 0.0747230
2026-07-01 08:35:27.408 10 INFO neutron.wsgi [None req-cf49029a-c2d8-4c40-9fec-1811255c2e4c 0677e8ed405a440ca79b9a243037b3a9 550006e770f440e8a514207ee4c9ebf5 - - default default] 10.0.0.205 "GET /v2.0/subnets?network_id=0dde9d4f-6d3b-41c9-b4a3-98c9341a0a7c HTTP/1.1" status: 200 len: 820 time: 0.0374873
2026-07-01 08:35:27.418 10 INFO neutron.wsgi [None req-22897df8-6b55-4812-9ffe-819646010379 0677e8ed405a440ca79b9a243037b3a9 550006e770f440e8a514207ee4c9ebf5 - - default default] 10.0.0.205 "GET /v2.0/extensions HTTP/1.1" status: 200 len: 16975 time: 0.0044475
2026-07-01 08:35:27.434 9 INFO neutron.notifiers.nova [-] Nova event matching ['req-a13df3f5-7ee8-4733-8086-d023417595d4'] response: {'server_uuid': '79762217-6923-4555-be7c-4f5666fa1faa', 'name': 'network-vif-plugged', 'status': 'completed', 'tag': 'a8994b55-b74d-455f-afa9-90ea498bb186', 'code': 200}
2026-07-01 08:35:27.522 10 INFO neutron.wsgi [None req-62f173e3-ad3c-4fac-ae13-94e33ac4ec42 0677e8ed405a440ca79b9a243037b3a9 550006e770f440e8a514207ee4c9ebf5 - - default default] 10.0.0.205 "GET /v2.0/networks HTTP/1.1" status: 200 len: 1504 time: 0.0992310
2026-07-01 08:35:27.616 9 INFO neutron.wsgi [None req-30300ef2-765c-4e18-a64a-839103b19070 0677e8ed405a440ca79b9a243037b3a9 550006e770f440e8a514207ee4c9ebf5 - - default default] 10.0.0.205 "GET /v2.0/subnets HTTP/1.1" status: 200 len: 1428 time: 0.0868750
2026-07-01 08:35:27.672 9 INFO neutron.db.ovn_revision_numbers_db [None req-fe2a9724-43d1-4fcb-91b7-f61ecae7ea56 6fe1a3e89d47470d9665206fccf86f2b d89216d77faa4003ad7e243c394cdcbb - - default default] Successfully bumped revision number for resource 26f36f07-81a6-4386-8467-0cc0c516c281 (type: router_ports) to 1
2026-07-01 08:35:27.700 10 INFO neutron.wsgi [None req-1b0b4e09-b7e6-4c86-a245-10b538cbb1b5 0677e8ed405a440ca79b9a243037b3a9 550006e770f440e8a514207ee4c9ebf5 - - default default] 10.0.0.205 "GET /v2.0/networks/6691724e-9741-4000-90d6-a67efc42dec7 HTTP/1.1" status: 200 len: 863 time: 0.0757966
2026-07-01 08:35:27.711 9 INFO neutron.db.ovn_revision_numbers_db [None req-aa695e8c-ebc2-4ae9-8756-61460255505c - - - - - -] Successfully bumped revision number for resource a8994b55-b74d-455f-afa9-90ea498bb186 (type: ports) to 4
2026-07-01 08:35:27.735 9 INFO neutron.services.segments.plugin [-] Segment 69557382-d5c1-43ee-ba6e-755e0c7cd49e resource provider aggregate not found
2026-07-01 08:35:27.740 9 INFO neutron.services.segments.plugin [-] Segment 69557382-d5c1-43ee-ba6e-755e0c7cd49e resource provider aggregate not found
2026-07-01 08:35:27.764 10 INFO neutron.wsgi [None req-0cb29753-3280-4b11-901b-e7369c3505e8 0677e8ed405a440ca79b9a243037b3a9 550006e770f440e8a514207ee4c9ebf5 - - default default] 10.0.0.205 "GET /v2.0/subnets/086085f5-203e-4c3f-a519-16efd5683dee HTTP/1.1" status: 200 len: 811 time: 0.0447178
2026-07-01 08:35:27.764 9 INFO neutron.services.segments.plugin [-] Segment 69557382-d5c1-43ee-ba6e-755e0c7cd49e resource provider not found; error: Placement Client Error (4xx): {"errors": [{"status": 404, "title": "Not Found", "detail": "The resource could not be found.\n\n No resource provider with uuid 69557382-d5c1-43ee-ba6e-755e0c7cd49e found for delete ", "request_id": "req-85389bf0-742f-4486-b082-91289f86ac3d"}]}
2026-07-01 08:35:27.766 9 INFO neutron.services.segments.plugin [-] Segment 69557382-d5c1-43ee-ba6e-755e0c7cd49e resource provider not found; error: Placement Client Error (4xx): {"errors": [{"status": 404, "title": "Not Found", "detail": "The resource could not be found.\n\n No resource provider with uuid 69557382-d5c1-43ee-ba6e-755e0c7cd49e found for delete ", "request_id": "req-25557b2e-7496-4f69-a8fa-bbfa37d487c2"}]}
2026-07-01 08:35:27.792 10 INFO neutron.pecan_wsgi.hooks.translation [None req-8dafe242-1d0f-4d03-bdb0-f9bfee53e436 0677e8ed405a440ca79b9a243037b3a9 550006e770f440e8a514207ee4c9ebf5 - - default default] DELETE failed (client error): The resource could not be found.
2026-07-01 08:35:27.795 10 INFO neutron.wsgi [None req-8dafe242-1d0f-4d03-bdb0-f9bfee53e436 0677e8ed405a440ca79b9a243037b3a9 550006e770f440e8a514207ee4c9ebf5 - - default default] 10.0.0.205 "DELETE /v2.0/subnets/3a219d3e-d25d-4d8f-bfcf-40bd16aff4d9 HTTP/1.1" status: 404 len: 337 time: 0.0253329
2026-07-01 08:35:27.810 9 INFO neutron.plugins.ml2.drivers.ovn.mech_driver.mech_driver [None req-aa695e8c-ebc2-4ae9-8756-61460255505c - - - - - -] OVN reports status up for port: 26f36f07-81a6-4386-8467-0cc0c516c281
2026-07-01 08:35:27.821 9 INFO neutron.plugins.ml2.plugin [None req-aa695e8c-ebc2-4ae9-8756-61460255505c - - - - - -] Attempt 1 to provision port 26f36f07-81a6-4386-8467-0cc0c516c281
2026-07-01 08:35:27.822 9 INFO neutron.db.ovn_revision_numbers_db [None req-fe2a9724-43d1-4fcb-91b7-f61ecae7ea56 6fe1a3e89d47470d9665206fccf86f2b d89216d77faa4003ad7e243c394cdcbb - - default default] Successfully bumped revision number for resource 5b10fa16-f2f7-4df8-ba90-d417c5f8febb (type: routers) to 2
2026-07-01 08:35:27.823 10 INFO neutron.pecan_wsgi.hooks.translation [None req-0120b6fb-427f-4a6a-a3e2-b96a66722193 0677e8ed405a440ca79b9a243037b3a9 550006e770f440e8a514207ee4c9ebf5 - - default default] DELETE failed (client error): The resource could not be found.
2026-07-01 08:35:27.825 10 INFO neutron.wsgi [None req-0120b6fb-427f-4a6a-a3e2-b96a66722193 0677e8ed405a440ca79b9a243037b3a9 550006e770f440e8a514207ee4c9ebf5 - - default default] 10.0.0.205 "DELETE /v2.0/networks/e07b7c53-7d05-447d-ab5c-831c087a2364 HTTP/1.1" status: 404 len: 339 time: 0.0205479
2026-07-01 08:35:27.846 9 INFO neutron.wsgi [None req-fe2a9724-43d1-4fcb-91b7-f61ecae7ea56 6fe1a3e89d47470d9665206fccf86f2b d89216d77faa4003ad7e243c394cdcbb - - default default] 10.0.0.205 "POST /v2.0/routers HTTP/1.1" status: 201 len: 868 time: 2.1414721 /var/lib/openstack/lib/python3.10/site-packages/pycadf/identifier.py:71: UserWarning: Invalid uuid: neutron. To ensure interoperability, identifiers should be a valid uuid. warnings.warn(('Invalid uuid: %s. To ensure interoperability, '
2026-07-01 08:35:27.947 9 INFO neutron.wsgi [None req-f9ed77e1-c615-4d19-b836-5e4f6e22b932 6fe1a3e89d47470d9665206fccf86f2b d89216d77faa4003ad7e243c394cdcbb - - default default] 10.0.0.205 "GET /v2.0/routers/5b10fa16-f2f7-4df8-ba90-d417c5f8febb HTTP/1.1" status: 200 len: 869 time: 0.0955153
2026-07-01 08:35:28.079 10 INFO neutron.wsgi [None req-a6b6d496-f04d-45bf-a6ec-19a250d9ba5f 0677e8ed405a440ca79b9a243037b3a9 550006e770f440e8a514207ee4c9ebf5 - - default default] 10.0.0.205 "DELETE /v2.0/subnets/086085f5-203e-4c3f-a519-16efd5683dee HTTP/1.1" status: 204 len: 168 time: 0.2490001
2026-07-01 08:35:28.080 9 INFO neutron.wsgi [None req-24cb03c4-02ab-4bf2-b9b9-8eb147e0de04 6fe1a3e89d47470d9665206fccf86f2b d89216d77faa4003ad7e243c394cdcbb - - default default] 10.0.0.205 "GET /v2.0/routers HTTP/1.1" status: 200 len: 872 time: 0.1226637
2026-07-01 08:35:28.183 9 INFO neutron.wsgi [req-3d8cc41b-910c-4a5a-a491-b6a90bc759ff req-2d26093c-a630-4a34-bb46-348652b0b918 f53cdd610c3246df831eedc49276f448 6aef75d99d41474ea5bac1669fa61f22 - - default default] 10.0.0.16 "GET /v2.0/ports?device_id=79762217-6923-4555-be7c-4f5666fa1faa HTTP/1.1" status: 200 len: 1174 time: 0.0503237
2026-07-01 08:35:28.248 9 INFO neutron.wsgi [req-3d8cc41b-910c-4a5a-a491-b6a90bc759ff req-9d744c44-873b-44cf-950b-254acfc610ed f53cdd610c3246df831eedc49276f448 6aef75d99d41474ea5bac1669fa61f22 - - default default] 10.0.0.16 "GET /v2.0/security-groups?id=7cf282cb-e4b0-47ba-8074-1d953c4fece2&fields=id&fields=name HTTP/1.1" status: 200 len: 312 time: 0.0573211
2026-07-01 08:35:28.609 9 INFO neutron.wsgi [req-4f4e0996-f52f-4750-a0ea-a0cdf8c53278 req-8c3b6d57-1547-4b86-9c50-8038aac73071 2b2380237eb84edf87c94bd85de64e60 f05d149038314282a15ce52b7e41805c - - default default] 10.0.0.16 "GET /v2.0/networks?id=736b1b6b-bd93-4049-9641-c91b0c23132e HTTP/1.1" status: 200 len: 871 time: 0.0728805
2026-07-01 08:35:28.629 9 INFO neutron.wsgi [req-4f4e0996-f52f-4750-a0ea-a0cdf8c53278 req-9eac6209-ec7f-4a11-929c-550f2926fa09 2b2380237eb84edf87c94bd85de64e60 f05d149038314282a15ce52b7e41805c - - default default] 10.0.0.16 "GET /v2.0/quotas/f05d149038314282a15ce52b7e41805c HTTP/1.1" status: 200 len: 386 time: 0.0124280
2026-07-01 08:35:28.750 9 INFO neutron.wsgi [req-4f4e0996-f52f-4750-a0ea-a0cdf8c53278 req-80f22b28-0301-4e2b-bbc3-4b50cf137e49 2b2380237eb84edf87c94bd85de64e60 f05d149038314282a15ce52b7e41805c - - default default] 10.0.0.16 "GET /v2.0/ports?tenant_id=f05d149038314282a15ce52b7e41805c&fields=id HTTP/1.1" status: 200 len: 302 time: 0.1148660
2026-07-01 08:35:28.884 10 INFO neutron.wsgi [req-6b3c9d7d-66bb-4493-8551-ca6b3a2b7dfa req-37c37bda-feec-4f0b-b2ec-bba01d8c5b5d f53cdd610c3246df831eedc49276f448 6aef75d99d41474ea5bac1669fa61f22 - - default default] 10.0.0.16 "GET /v2.0/ports?device_id=79762217-6923-4555-be7c-4f5666fa1faa HTTP/1.1" status: 200 len: 1174 time: 0.5507884
2026-07-01 08:35:29.203 9 INFO neutron.wsgi [req-4f4e0996-f52f-4750-a0ea-a0cdf8c53278 req-85e8958e-ea65-4b5f-b6c7-859e85bb8905 8e496516951c466da03049da1912698b 9108d4d4cf4d463f827d698f2fad947c - - 6637fb82bf4d401aae4d36fd00c31ba8 6637fb82bf4d401aae4d36fd00c31ba8] 10.0.0.16 "GET /v2.0/networks/736b1b6b-bd93-4049-9641-c91b0c23132e?fields=segments HTTP/1.1" status: 200 len: 212 time: 0.4443107
2026-07-01 08:35:29.220 10 INFO neutron.services.segments.plugin [-] Segment 5edf8b77-3cf7-41db-a91a-deda1e156ffd resource provider aggregate not found
2026-07-01 08:35:29.228 10 INFO neutron.services.segments.plugin [-] Segment 5edf8b77-3cf7-41db-a91a-deda1e156ffd resource provider aggregate not found
2026-07-01 08:35:29.270 10 INFO neutron.services.segments.plugin [-] Segment 5edf8b77-3cf7-41db-a91a-deda1e156ffd resource provider not found; error: Placement Client Error (4xx): {"errors": [{"status": 404, "title": "Not Found", "detail": "The resource could not be found.\n\n No resource provider with uuid 5edf8b77-3cf7-41db-a91a-deda1e156ffd found for delete ", "request_id": "req-bb63fea2-0086-4c6a-8331-788d3b323bbf"}]}
2026-07-01 08:35:29.290 10 INFO neutron.services.segments.plugin [-] Segment 5edf8b77-3cf7-41db-a91a-deda1e156ffd resource provider not found; error: Placement Client Error (4xx): {"errors": [{"status": 404, "title": "Not Found", "detail": "The resource could not be found.\n\n No resource provider with uuid 5edf8b77-3cf7-41db-a91a-deda1e156ffd found for delete ", "request_id": "req-4b17bcb3-012a-4da0-9790-f4b47d28c569"}]}
2026-07-01 08:35:29.300 9 INFO neutron.wsgi [req-4f4e0996-f52f-4750-a0ea-a0cdf8c53278 req-9b7402d2-91c5-42ef-ab6e-7a6496c16df5 8e496516951c466da03049da1912698b 9108d4d4cf4d463f827d698f2fad947c - - 6637fb82bf4d401aae4d36fd00c31ba8 6637fb82bf4d401aae4d36fd00c31ba8] 10.0.0.16 "GET /v2.0/networks/736b1b6b-bd93-4049-9641-c91b0c23132e?fields=provider%3Aphysical_network&fields=provider%3Anetwork_type HTTP/1.1" status: 200 len: 277 time: 0.0900731
2026-07-01 08:35:29.321 10 INFO neutron.wsgi [None req-40e1d1d6-ae73-4e2e-aeea-a70e0c99c513 0677e8ed405a440ca79b9a243037b3a9 550006e770f440e8a514207ee4c9ebf5 - - default default] 10.0.0.205 "DELETE /v2.0/networks/6691724e-9741-4000-90d6-a67efc42dec7 HTTP/1.1" status: 204 len: 168 time: 1.2291260
2026-07-01 08:35:29.333 10 INFO neutron.db.ovn_revision_numbers_db [None req-a339a635-2feb-40fa-b339-10d02692cf06 6fe1a3e89d47470d9665206fccf86f2b d89216d77faa4003ad7e243c394cdcbb - - default default] Successfully bumped revision number for resource 5b10fa16-f2f7-4df8-ba90-d417c5f8febb (type: routers) to 3
2026-07-01 08:35:29.336 10 INFO neutron.wsgi [None req-a339a635-2feb-40fa-b339-10d02692cf06 6fe1a3e89d47470d9665206fccf86f2b d89216d77faa4003ad7e243c394cdcbb - - default default] 10.0.0.205 "PUT /v2.0/routers/5b10fa16-f2f7-4df8-ba90-d417c5f8febb HTTP/1.1" status: 200 len: 876 time: 1.2451384
2026-07-01 08:35:29.337 10 INFO neutron.db.l3_db [None req-2d55d91c-f717-4cbf-ba13-53eb592c3f39 f53cdd610c3246df831eedc49276f448 6aef75d99d41474ea5bac1669fa61f22 - - default default] Floating IP 973b8a8f-66bd-4c17-b2fd-e6948c6fef74 associated. External IP: 10.96.250.217, port: a8994b55-b74d-455f-afa9-90ea498bb186.
2026-07-01 08:35:29.466 9 INFO neutron.wsgi [None req-4c48d428-f181-4fe2-a97c-9b3c161a43e3 6fe1a3e89d47470d9665206fccf86f2b d89216d77faa4003ad7e243c394cdcbb - - default default] 10.0.0.205 "GET /v2.0/routers/5b10fa16-f2f7-4df8-ba90-d417c5f8febb HTTP/1.1" status: 200 len: 876 time: 0.1218135
2026-07-01 08:35:29.471 10 INFO neutron.wsgi [req-f7eac03d-bccf-40f3-9d69-d4ff9cefd634 req-05c8dac0-b32e-4efe-8993-27dd9fec5694 2b2380237eb84edf87c94bd85de64e60 f05d149038314282a15ce52b7e41805c - - default default] 10.0.0.16 "GET /v2.0/ports?device_id=8a45a543-fce7-4f16-a1d1-fcae04efda32 HTTP/1.1" status: 200 len: 210 time: 0.0537241
2026-07-01 08:35:29.491 9 INFO neutron.notifiers.nova [-] Nova event matching ['req-01b32870-71ca-4b9f-918b-32ee200fce4e'] response: {'server_uuid': '79762217-6923-4555-be7c-4f5666fa1faa', 'name': 'network-vif-plugged', 'status': 'completed', 'tag': 'a8994b55-b74d-455f-afa9-90ea498bb186', 'code': 200}
2026-07-01 08:35:29.506 9 INFO neutron.wsgi [None req-2fec7176-69f0-4865-bb24-f463efcaa6f9 6fe1a3e89d47470d9665206fccf86f2b d89216d77faa4003ad7e243c394cdcbb - - default default] 10.0.0.205 "GET /v2.0/ports?device_id=5b10fa16-f2f7-4df8-ba90-d417c5f8febb HTTP/1.1" status: 200 len: 205 time: 0.0316098
2026-07-01 08:35:29.575 10 INFO neutron.db.ovn_revision_numbers_db [None req-2d55d91c-f717-4cbf-ba13-53eb592c3f39 f53cdd610c3246df831eedc49276f448 6aef75d99d41474ea5bac1669fa61f22 - - default default] Successfully bumped revision number for resource 973b8a8f-66bd-4c17-b2fd-e6948c6fef74 (type: floatingips) to 1
2026-07-01 08:35:29.685 10 INFO neutron.db.ovn_revision_numbers_db [None req-2d55d91c-f717-4cbf-ba13-53eb592c3f39 f53cdd610c3246df831eedc49276f448 6aef75d99d41474ea5bac1669fa61f22 - - default default] Successfully bumped revision number for resource 973b8a8f-66bd-4c17-b2fd-e6948c6fef74 (type: floatingips) to 2
2026-07-01 08:35:29.725 10 INFO neutron.wsgi [None req-2d55d91c-f717-4cbf-ba13-53eb592c3f39 f53cdd610c3246df831eedc49276f448 6aef75d99d41474ea5bac1669fa61f22 - - default default] 10.0.0.205 "PUT /v2.0/floatingips/973b8a8f-66bd-4c17-b2fd-e6948c6fef74 HTTP/1.1" status: 200 len: 1050 time: 0.8120737
2026-07-01 08:35:29.762 10 INFO neutron.notifiers.nova [-] Nova event matching ['req-a96c1b6f-3ad4-4ddc-9394-7b70d2362257'] response: {'name': 'network-changed', 'server_uuid': '79762217-6923-4555-be7c-4f5666fa1faa', 'tag': 'a8994b55-b74d-455f-afa9-90ea498bb186', 'status': 'completed', 'code': 200}
2026-07-01 08:35:29.825 10 INFO neutron.wsgi [req-3e55bcd8-ad85-4858-9bee-c5b495e2f72d req-5ee07b70-6fd7-4ebe-b8cc-c9c09a234c9c 8e496516951c466da03049da1912698b 9108d4d4cf4d463f827d698f2fad947c - - 6637fb82bf4d401aae4d36fd00c31ba8 6637fb82bf4d401aae4d36fd00c31ba8] 199.204.45.235 "GET /v2.0/ports?tenant_id=6aef75d99d41474ea5bac1669fa61f22&device_id=79762217-6923-4555-be7c-4f5666fa1faa HTTP/1.1" status: 200 len: 1413 time: 0.0386279
2026-07-01 08:35:29.845 10 INFO neutron.wsgi [-] 10.0.0.131 "GET / HTTP/1.1" status: 200 len: 245 time: 0.0011265
2026-07-01 08:35:29.848 10 INFO neutron.wsgi [-] 10.0.0.131 "GET / HTTP/1.1" status: 200 len: 245 time: 0.0024374
2026-07-01 08:35:29.895 9 INFO neutron.wsgi [req-a59a2227-8d5f-40ab-8663-a53bc7cbcc41 req-86db93ed-3bf0-48a8-9b21-137e2eb6e380 f53cdd610c3246df831eedc49276f448 6aef75d99d41474ea5bac1669fa61f22 - - default default] 10.0.0.16 "GET /v2.0/ports?device_id=79762217-6923-4555-be7c-4f5666fa1faa HTTP/1.1" status: 200 len: 1174 time: 0.1189003
2026-07-01 08:35:29.895 10 INFO neutron.wsgi [req-3e55bcd8-ad85-4858-9bee-c5b495e2f72d req-85224cb9-ce39-409c-b72b-0d1804a78f64 8e496516951c466da03049da1912698b 9108d4d4cf4d463f827d698f2fad947c - - 6637fb82bf4d401aae4d36fd00c31ba8 6637fb82bf4d401aae4d36fd00c31ba8] 199.204.45.235 "GET /v2.0/networks?id=9799131f-92dd-4f6a-96fa-794769c21129 HTTP/1.1" status: 200 len: 972 time: 0.0615790
2026-07-01 08:35:29.952 9 INFO neutron.wsgi [req-a59a2227-8d5f-40ab-8663-a53bc7cbcc41 req-2259967f-e55a-48f5-9732-e068a092d39d f53cdd610c3246df831eedc49276f448 6aef75d99d41474ea5bac1669fa61f22 - - default default] 10.0.0.16 "GET /v2.0/security-groups?id=7cf282cb-e4b0-47ba-8074-1d953c4fece2&fields=id&fields=name HTTP/1.1" status: 200 len: 312 time: 0.0486743
2026-07-01 08:35:29.955 10 INFO neutron.wsgi [req-3e55bcd8-ad85-4858-9bee-c5b495e2f72d req-768bfdc2-75d1-4eb7-80c4-48b8a7c5520e 8e496516951c466da03049da1912698b 9108d4d4cf4d463f827d698f2fad947c - - 6637fb82bf4d401aae4d36fd00c31ba8 6637fb82bf4d401aae4d36fd00c31ba8] 199.204.45.235 "GET /v2.0/floatingips?fixed_ip_address=10.100.0.12&port_id=a8994b55-b74d-455f-afa9-90ea498bb186 HTTP/1.1" status: 200 len: 1060 time: 0.0513468
2026-07-01 08:35:30.016 10 INFO neutron.wsgi [req-3e55bcd8-ad85-4858-9bee-c5b495e2f72d req-21908c82-9823-4dc6-bd23-eff7be724feb 8e496516951c466da03049da1912698b 9108d4d4cf4d463f827d698f2fad947c - - 6637fb82bf4d401aae4d36fd00c31ba8 6637fb82bf4d401aae4d36fd00c31ba8] 199.204.45.235 "GET /v2.0/subnets?id=08cb51db-349f-43b2-841a-30f01c725885 HTTP/1.1" status: 200 len: 869 time: 0.0522985
2026-07-01 08:35:30.055 10 INFO neutron.wsgi [req-3e55bcd8-ad85-4858-9bee-c5b495e2f72d req-b66f9257-62ca-4a50-a41e-df84c19f152e 8e496516951c466da03049da1912698b 9108d4d4cf4d463f827d698f2fad947c - - 6637fb82bf4d401aae4d36fd00c31ba8 6637fb82bf4d401aae4d36fd00c31ba8] 199.204.45.235 "GET /v2.0/ports?network_id=9799131f-92dd-4f6a-96fa-794769c21129&device_owner=network%3Adhcp HTTP/1.1" status: 200 len: 210 time: 0.0319462
2026-07-01 08:35:30.090 10 INFO neutron.wsgi [None req-168fd5df-fad4-41a7-95e2-5dbd569eb896 d304297cc5d34d8b86439095a51d7958 af37a0cc71c24db9840a2d1e68c45ecf - - default default] 10.0.0.205 "GET /v2.0/security-groups?tenant_id=550006e770f440e8a514207ee4c9ebf5&name=default HTTP/1.1" status: 200 len: 2996 time: 0.2554803
2026-07-01 08:35:30.147 10 INFO neutron.wsgi [req-3e55bcd8-ad85-4858-9bee-c5b495e2f72d req-7e5112d0-046a-47ea-8a2c-f1f73aefba54 8e496516951c466da03049da1912698b 9108d4d4cf4d463f827d698f2fad947c - - 6637fb82bf4d401aae4d36fd00c31ba8 6637fb82bf4d401aae4d36fd00c31ba8] 199.204.45.235 "GET /v2.0/networks/9799131f-92dd-4f6a-96fa-794769c21129?fields=segments HTTP/1.1" status: 200 len: 212 time: 0.0843661
2026-07-01 08:35:30.228 10 INFO neutron.wsgi [req-3e55bcd8-ad85-4858-9bee-c5b495e2f72d req-b094e351-d469-4418-ab70-8f758d341de9 8e496516951c466da03049da1912698b 9108d4d4cf4d463f827d698f2fad947c - - 6637fb82bf4d401aae4d36fd00c31ba8 6637fb82bf4d401aae4d36fd00c31ba8] 199.204.45.235 "GET /v2.0/networks/9799131f-92dd-4f6a-96fa-794769c21129?fields=provider%3Aphysical_network&fields=provider%3Anetwork_type HTTP/1.1" status: 200 len: 277 time: 0.0688159
2026-07-01 08:35:30.311 10 INFO neutron.wsgi [req-74f58090-fad5-4e54-826b-6615e7aa12a7 req-86587e72-2c7f-48c7-ae0d-756bb97c1eac f53cdd610c3246df831eedc49276f448 6aef75d99d41474ea5bac1669fa61f22 - - default default] 10.0.0.16 "GET /v2.0/ports?device_id=79762217-6923-4555-be7c-4f5666fa1faa HTTP/1.1" status: 200 len: 1174 time: 0.0588632
2026-07-01 08:35:30.385 10 INFO neutron.wsgi [req-74f58090-fad5-4e54-826b-6615e7aa12a7 req-0e7e459a-419a-4478-9883-8cb2b23c3302 f53cdd610c3246df831eedc49276f448 6aef75d99d41474ea5bac1669fa61f22 - - default default] 10.0.0.16 "GET /v2.0/security-groups?id=7cf282cb-e4b0-47ba-8074-1d953c4fece2&fields=id&fields=name HTTP/1.1" status: 200 len: 312 time: 0.0629866
2026-07-01 08:35:30.412 10 INFO neutron.wsgi [req-4f4e0996-f52f-4750-a0ea-a0cdf8c53278 req-fe6dd743-60b6-410a-9583-88ae150da1a7 2b2380237eb84edf87c94bd85de64e60 f05d149038314282a15ce52b7e41805c - - default default] 199.204.45.235 "GET /v2.0/networks?id=736b1b6b-bd93-4049-9641-c91b0c23132e HTTP/1.1" status: 200 len: 871 time: 0.1285291
2026-07-01 08:35:30.428 10 WARNING neutron_lib.context [req-4f4e0996-f52f-4750-a0ea-a0cdf8c53278 req-b14ec447-dd0c-47c0-a82d-b77e3f54c832 2b2380237eb84edf87c94bd85de64e60 f05d149038314282a15ce52b7e41805c - - default default] Method 'is_advsvc' is deprecated since 2023.2 release (neutron-lib 3.8.0) and will be removed once support for the old RBAC API policies will be removed from Neutron. Please use method 'is_service_role' instead.
2026-07-01 08:35:30.457 10 INFO neutron.wsgi [None req-1de9837c-b129-4beb-af03-c9850e7bf36a d304297cc5d34d8b86439095a51d7958 af37a0cc71c24db9840a2d1e68c45ecf - - default default] 10.0.0.205 "DELETE /v2.0/security-groups/263ce9c1-21c4-4624-8f36-dde2d7af99c2 HTTP/1.1" status: 204 len: 168 time: 0.3608129
2026-07-01 08:35:30.502 9 INFO neutron.wsgi [None req-057771b4-f2e1-4262-94ac-282bc2d7704c 6fe1a3e89d47470d9665206fccf86f2b d89216d77faa4003ad7e243c394cdcbb - - default default] 10.0.0.205 "DELETE /v2.0/routers/5b10fa16-f2f7-4df8-ba90-d417c5f8febb HTTP/1.1" status: 204 len: 168 time: 0.9906063
2026-07-01 08:35:30.541 10 INFO neutron.wsgi [None req-e12fe345-0973-4313-bc6d-ce65466f4420 6fe1a3e89d47470d9665206fccf86f2b d89216d77faa4003ad7e243c394cdcbb - - default default] 10.0.0.205 "GET /v2.0/ports?device_id=5b10fa16-f2f7-4df8-ba90-d417c5f8febb HTTP/1.1" status: 200 len: 205 time: 0.0310121
2026-07-01 08:35:30.582 9 INFO neutron.api.v2.resource [None req-d008376c-f6d6-4c89-bd81-9d5c3c9028f9 6fe1a3e89d47470d9665206fccf86f2b d89216d77faa4003ad7e243c394cdcbb - - default default] delete failed (client error): The resource could not be found.
2026-07-01 08:35:30.583 9 INFO neutron.wsgi [None req-d008376c-f6d6-4c89-bd81-9d5c3c9028f9 6fe1a3e89d47470d9665206fccf86f2b d89216d77faa4003ad7e243c394cdcbb - - default default] 10.0.0.205 "DELETE /v2.0/routers/5b10fa16-f2f7-4df8-ba90-d417c5f8febb HTTP/1.1" status: 404 len: 336 time: 0.0363283
2026-07-01 08:35:30.593 9 INFO neutron.wsgi [req-95e24278-d106-4eae-bdd1-c9ff79aaa103 req-f7fffc43-ebf9-4b71-af93-b014ec38e23d 2b2380237eb84edf87c94bd85de64e60 f05d149038314282a15ce52b7e41805c - - default default] 10.0.0.16 "GET /v2.0/ports?device_id=8a45a543-fce7-4f16-a1d1-fcae04efda32 HTTP/1.1" status: 200 len: 210 time: 0.0380673
2026-07-01 08:35:30.614 10 INFO neutron.wsgi [None req-1a4df789-fec6-4ab6-96d1-32046c80bd3a 6fe1a3e89d47470d9665206fccf86f2b d89216d77faa4003ad7e243c394cdcbb - - default default] 10.0.0.205 "GET /v2.0/ports?device_id=fb8e0ebe-fbdd-42db-aee6-5b6b8f4cd22c HTTP/1.1" status: 200 len: 205 time: 0.0244348
2026-07-01 08:35:30.642 10 INFO neutron.api.v2.resource [None req-422fa832-8dd4-4ca6-a736-1dded9f80a3c 6fe1a3e89d47470d9665206fccf86f2b d89216d77faa4003ad7e243c394cdcbb - - default default] delete failed (client error): The resource could not be found.
2026-07-01 08:35:30.643 10 INFO neutron.wsgi [None req-422fa832-8dd4-4ca6-a736-1dded9f80a3c 6fe1a3e89d47470d9665206fccf86f2b d89216d77faa4003ad7e243c394cdcbb - - default default] 10.0.0.205 "DELETE /v2.0/routers/fb8e0ebe-fbdd-42db-aee6-5b6b8f4cd22c HTTP/1.1" status: 404 len: 336 time: 0.0240190
2026-07-01 08:35:30.665 9 INFO neutron.pecan_wsgi.hooks.translation [None req-b26d1523-84e7-4256-b5f9-cec02ab55ee0 6fe1a3e89d47470d9665206fccf86f2b d89216d77faa4003ad7e243c394cdcbb - - default default] DELETE failed (client error): The resource could not be found.
2026-07-01 08:35:30.667 9 INFO neutron.wsgi [None req-b26d1523-84e7-4256-b5f9-cec02ab55ee0 6fe1a3e89d47470d9665206fccf86f2b d89216d77faa4003ad7e243c394cdcbb - - default default] 10.0.0.205 "DELETE /v2.0/subnets/21f5d5f7-48b4-4b0b-8675-cc5809800acc HTTP/1.1" status: 404 len: 337 time: 0.0194507
2026-07-01 08:35:30.668 10 WARNING neutron.plugins.ml2.drivers.ovn.mech_driver.ovsdb.ovn_client [None req-1a7dfe54-e8bf-4cd1-a3fa-fa7bbabf8714 - - - - - -] No hosting information found for port 00be7eca-dbed-4e51-930b-f8fda34fa028: RuntimeError: No hosting information found for port 00be7eca-dbed-4e51-930b-f8fda34fa028
2026-07-01 08:35:30.691 9 INFO neutron.wsgi [None req-e4eab48d-022a-40f6-9ad5-35a463e4dcf1 6fe1a3e89d47470d9665206fccf86f2b d89216d77faa4003ad7e243c394cdcbb - - default default] 10.0.0.205 "GET /v2.0/ports?device_id=4404763c-d506-44f5-8da9-9aea65cece7c HTTP/1.1" status: 200 len: 205 time: 0.0191414 /var/lib/openstack/lib/python3.10/site-packages/pycadf/identifier.py:71: UserWarning: Invalid uuid: neutron. To ensure interoperability, identifiers should be a valid uuid. warnings.warn(('Invalid uuid: %s. To ensure interoperability, '
2026-07-01 08:35:30.728 9 INFO neutron.wsgi [req-0c27590e-8df6-4ed9-9994-bd868cef64f6 req-4461ad8e-2a60-4359-9821-a2729eca970c f53cdd610c3246df831eedc49276f448 6aef75d99d41474ea5bac1669fa61f22 - - default default] 199.204.45.235 "GET /v2.0/ports?device_id=79762217-6923-4555-be7c-4f5666fa1faa HTTP/1.1" status: 200 len: 1174 time: 0.0365644
2026-07-01 08:35:30.734 10 INFO neutron.api.v2.resource [None req-a55871dc-fc07-409b-99a0-c03c201b5794 6fe1a3e89d47470d9665206fccf86f2b d89216d77faa4003ad7e243c394cdcbb - - default default] delete failed (client error): The resource could not be found.
2026-07-01 08:35:30.735 10 INFO neutron.wsgi [None req-a55871dc-fc07-409b-99a0-c03c201b5794 6fe1a3e89d47470d9665206fccf86f2b d89216d77faa4003ad7e243c394cdcbb - - default default] 10.0.0.205 "DELETE /v2.0/routers/4404763c-d506-44f5-8da9-9aea65cece7c HTTP/1.1" status: 404 len: 336 time: 0.0332568
2026-07-01 08:35:30.766 10 INFO neutron.pecan_wsgi.hooks.translation [None req-2c3929ab-9a08-443e-8b30-e68c1959c731 6fe1a3e89d47470d9665206fccf86f2b d89216d77faa4003ad7e243c394cdcbb - - default default] DELETE failed (client error): The resource could not be found.
2026-07-01 08:35:30.768 10 INFO neutron.wsgi [None req-2c3929ab-9a08-443e-8b30-e68c1959c731 6fe1a3e89d47470d9665206fccf86f2b d89216d77faa4003ad7e243c394cdcbb - - default default] 10.0.0.205 "DELETE /v2.0/subnets/53bf29a3-84af-4390-91b0-a2767b85b575 HTTP/1.1" status: 404 len: 337 time: 0.0267105
2026-07-01 08:35:30.792 9 INFO neutron.wsgi [None req-fd43b3e8-86bf-458a-be4e-39a7bc54309f 6fe1a3e89d47470d9665206fccf86f2b d89216d77faa4003ad7e243c394cdcbb - - default default] 10.0.0.205 "GET /v2.0/ports?device_id=21684dab-1cce-4810-a074-deeae938ebe8 HTTP/1.1" status: 200 len: 205 time: 0.0187738
2026-07-01 08:35:30.824 9 INFO neutron.api.v2.resource [None req-93b1f28f-0499-46ef-9d14-0409cc40117e 6fe1a3e89d47470d9665206fccf86f2b d89216d77faa4003ad7e243c394cdcbb - - default default] delete failed (client error): The resource could not be found.
2026-07-01 08:35:30.825 9 INFO neutron.wsgi [None req-93b1f28f-0499-46ef-9d14-0409cc40117e 6fe1a3e89d47470d9665206fccf86f2b d89216d77faa4003ad7e243c394cdcbb - - default default] 10.0.0.205 "DELETE /v2.0/routers/21684dab-1cce-4810-a074-deeae938ebe8 HTTP/1.1" status: 404 len: 336 time: 0.0288258 /var/lib/openstack/lib/python3.10/site-packages/pycadf/identifier.py:71: UserWarning: Invalid uuid: neutron. To ensure interoperability, identifiers should be a valid uuid. warnings.warn(('Invalid uuid: %s. To ensure interoperability, '
2026-07-01 08:35:30.847 10 INFO neutron.pecan_wsgi.hooks.translation [None req-32888805-68e9-412f-8d4c-e281482a747b 6fe1a3e89d47470d9665206fccf86f2b d89216d77faa4003ad7e243c394cdcbb - - default default] DELETE failed (client error): The resource could not be found.
2026-07-01 08:35:30.849 10 INFO neutron.wsgi [None req-32888805-68e9-412f-8d4c-e281482a747b 6fe1a3e89d47470d9665206fccf86f2b d89216d77faa4003ad7e243c394cdcbb - - default default] 10.0.0.205 "DELETE /v2.0/subnets/6efe1c60-b3c4-44bb-91c2-75216f39c8e3 HTTP/1.1" status: 404 len: 337 time: 0.0184972
2026-07-01 08:35:30.865 10 WARNING neutron.scheduler.dhcp_agent_scheduler [req-4f4e0996-f52f-4750-a0ea-a0cdf8c53278 req-b14ec447-dd0c-47c0-a82d-b77e3f54c832 2b2380237eb84edf87c94bd85de64e60 f05d149038314282a15ce52b7e41805c - - default default] No more DHCP agents
2026-07-01 08:35:30.867 10 WARNING neutron.api.rpc.agentnotifiers.dhcp_rpc_agent_api [req-4f4e0996-f52f-4750-a0ea-a0cdf8c53278 req-b14ec447-dd0c-47c0-a82d-b77e3f54c832 2b2380237eb84edf87c94bd85de64e60 f05d149038314282a15ce52b7e41805c - - default default] Unable to schedule network 736b1b6b-bd93-4049-9641-c91b0c23132e: no agents available; will retry on subsequent port and subnet creation events.
2026-07-01 08:35:30.876 9 INFO neutron.pecan_wsgi.hooks.translation [None req-8c7cb5a4-8e57-48f8-928c-562c14cfd0c6 6fe1a3e89d47470d9665206fccf86f2b d89216d77faa4003ad7e243c394cdcbb - - default default] DELETE failed (client error): The resource could not be found.
2026-07-01 08:35:30.878 9 INFO neutron.wsgi [None req-8c7cb5a4-8e57-48f8-928c-562c14cfd0c6 6fe1a3e89d47470d9665206fccf86f2b d89216d77faa4003ad7e243c394cdcbb - - default default] 10.0.0.205 "DELETE /v2.0/subnets/37e06f9f-90c4-407d-a15e-1d4f00d3c88d HTTP/1.1" status: 404 len: 337 time: 0.0229220
2026-07-01 08:35:31.054 10 INFO neutron.db.ovn_revision_numbers_db [req-4f4e0996-f52f-4750-a0ea-a0cdf8c53278 req-b14ec447-dd0c-47c0-a82d-b77e3f54c832 2b2380237eb84edf87c94bd85de64e60 f05d149038314282a15ce52b7e41805c - - default default] Successfully bumped revision number for resource c7825d2d-6f49-464a-b788-164b89da40f7 (type: ports) to 1
2026-07-01 08:35:31.092 10 INFO neutron.wsgi [req-4f4e0996-f52f-4750-a0ea-a0cdf8c53278 req-b14ec447-dd0c-47c0-a82d-b77e3f54c832 2b2380237eb84edf87c94bd85de64e60 f05d149038314282a15ce52b7e41805c - - default default] 199.204.45.235 "POST /v2.0/ports HTTP/1.1" status: 201 len: 1158 time: 0.6698425 /var/lib/openstack/lib/python3.10/site-packages/pycadf/identifier.py:71: UserWarning: Invalid uuid: neutron. To ensure interoperability, identifiers should be a valid uuid. warnings.warn(('Invalid uuid: %s. To ensure interoperability, '
2026-07-01 08:35:31.162 9 INFO neutron.db.l3_db [req-0c27590e-8df6-4ed9-9994-bd868cef64f6 req-6592cb87-2d4b-4435-8ebd-961ef49cc24c f53cdd610c3246df831eedc49276f448 6aef75d99d41474ea5bac1669fa61f22 - - default default] Floating IP 973b8a8f-66bd-4c17-b2fd-e6948c6fef74 disassociated. External IP: 10.96.250.217, port: a8994b55-b74d-455f-afa9-90ea498bb186.
2026-07-01 08:35:31.343 9 INFO neutron.wsgi [req-0c27590e-8df6-4ed9-9994-bd868cef64f6 req-6592cb87-2d4b-4435-8ebd-961ef49cc24c f53cdd610c3246df831eedc49276f448 6aef75d99d41474ea5bac1669fa61f22 - - default default] 199.204.45.235 "DELETE /v2.0/ports/a8994b55-b74d-455f-afa9-90ea498bb186 HTTP/1.1" status: 204 len: 173 time: 0.5975945 /var/lib/openstack/lib/python3.10/site-packages/pycadf/identifier.py:71: UserWarning: Invalid uuid: neutron. To ensure interoperability, identifiers should be a valid uuid. warnings.warn(('Invalid uuid: %s. To ensure interoperability, '
2026-07-01 08:35:31.500 10 INFO neutron.wsgi [req-6fdb0627-ea28-4bd6-9cd4-7ea05dfdf3bd req-c47a8282-79ec-40db-a2e1-d2b054bd3c2e f53cdd610c3246df831eedc49276f448 6aef75d99d41474ea5bac1669fa61f22 - - default default] 10.0.0.16 "GET /v2.0/ports?device_id=79762217-6923-4555-be7c-4f5666fa1faa HTTP/1.1" status: 200 len: 210 time: 0.0280190
2026-07-01 08:35:31.542 9 INFO neutron.notifiers.nova [-] Nova event matching ['req-bfad22ff-691b-421c-a13e-64af04c85510'] response: {'server_uuid': '79762217-6923-4555-be7c-4f5666fa1faa', 'name': 'network-vif-deleted', 'tag': 'a8994b55-b74d-455f-afa9-90ea498bb186', 'status': 'completed', 'code': 200}
2026-07-01 08:35:31.659 9 INFO neutron.wsgi [None req-5894acfd-9c58-4d69-a7cb-d1a8b6e77ecd d304297cc5d34d8b86439095a51d7958 af37a0cc71c24db9840a2d1e68c45ecf - - default default] 10.0.0.205 "GET /v2.0/security-groups?tenant_id=d89216d77faa4003ad7e243c394cdcbb&name=default HTTP/1.1" status: 200 len: 2996 time: 0.2750802 /var/lib/openstack/lib/python3.10/site-packages/pycadf/identifier.py:71: UserWarning: Invalid uuid: neutron. To ensure interoperability, identifiers should be a valid uuid. warnings.warn(('Invalid uuid: %s. To ensure interoperability, '
2026-07-01 08:35:31.705 10 INFO neutron.db.ovn_revision_numbers_db [req-4f4e0996-f52f-4750-a0ea-a0cdf8c53278 req-a7477d20-c7d7-4444-8d7f-f8f73afd12c7 8e496516951c466da03049da1912698b 9108d4d4cf4d463f827d698f2fad947c - - 6637fb82bf4d401aae4d36fd00c31ba8 6637fb82bf4d401aae4d36fd00c31ba8] Successfully bumped revision number for resource c7825d2d-6f49-464a-b788-164b89da40f7 (type: ports) to 2
2026-07-01 08:35:31.823 10 INFO neutron.wsgi [req-0cc5f592-a705-495b-94ee-7a40b499bc4b req-b98c2b91-2f74-498b-a9c8-97f1fda4cbf6 2b2380237eb84edf87c94bd85de64e60 f05d149038314282a15ce52b7e41805c - - default default] 10.0.0.16 "GET /v2.0/ports?device_id=8a45a543-fce7-4f16-a1d1-fcae04efda32 HTTP/1.1" status: 200 len: 1168 time: 0.1646545
2026-07-01 08:35:31.894 10 INFO neutron.wsgi [req-0cc5f592-a705-495b-94ee-7a40b499bc4b req-e9b6a522-99d1-4163-bb05-5de2087921fc 2b2380237eb84edf87c94bd85de64e60 f05d149038314282a15ce52b7e41805c - - default default] 10.0.0.16 "GET /v2.0/security-groups?id=1740385a-8a47-479a-92e5-26c224f264d5&fields=id&fields=name HTTP/1.1" status: 200 len: 286 time: 0.0649984
2026-07-01 08:35:31.914 9 INFO neutron.wsgi [None req-8721e474-3f50-429d-b56e-16067f5f08ca d304297cc5d34d8b86439095a51d7958 af37a0cc71c24db9840a2d1e68c45ecf - - default default] 10.0.0.205 "DELETE /v2.0/security-groups/49f20625-f621-4538-8c15-50249d9eeb59 HTTP/1.1" status: 204 len: 168 time: 0.2456467
2026-07-01 08:35:31.997 10 INFO neutron.db.ovn_revision_numbers_db [req-4f4e0996-f52f-4750-a0ea-a0cdf8c53278 req-a7477d20-c7d7-4444-8d7f-f8f73afd12c7 8e496516951c466da03049da1912698b 9108d4d4cf4d463f827d698f2fad947c - - 6637fb82bf4d401aae4d36fd00c31ba8 6637fb82bf4d401aae4d36fd00c31ba8] Successfully bumped revision number for resource c7825d2d-6f49-464a-b788-164b89da40f7 (type: ports) to 2
2026-07-01 08:35:32.017 10 INFO neutron.wsgi [req-4f4e0996-f52f-4750-a0ea-a0cdf8c53278 req-a7477d20-c7d7-4444-8d7f-f8f73afd12c7 8e496516951c466da03049da1912698b 9108d4d4cf4d463f827d698f2fad947c - - 6637fb82bf4d401aae4d36fd00c31ba8 6637fb82bf4d401aae4d36fd00c31ba8] 199.204.45.235 "PUT /v2.0/ports/c7825d2d-6f49-464a-b788-164b89da40f7 HTTP/1.1" status: 200 len: 1376 time: 0.9180739
2026-07-01 08:35:32.063 10 INFO neutron.notifiers.nova [-] Nova event matching ['req-846b4905-07a5-453e-a09e-3f61b2bcc3d9'] response: {'name': 'network-changed', 'server_uuid': '8a45a543-fce7-4f16-a1d1-fcae04efda32', 'tag': 'c7825d2d-6f49-464a-b788-164b89da40f7', 'status': 'completed', 'code': 200} /var/lib/openstack/lib/python3.10/site-packages/pycadf/identifier.py:71: UserWarning: Invalid uuid: neutron. To ensure interoperability, identifiers should be a valid uuid. warnings.warn(('Invalid uuid: %s. To ensure interoperability, '
2026-07-01 08:35:32.126 10 INFO neutron.wsgi [req-4f4e0996-f52f-4750-a0ea-a0cdf8c53278 req-35b13135-3e21-4f70-b596-e21005e85d08 8e496516951c466da03049da1912698b 9108d4d4cf4d463f827d698f2fad947c - - 6637fb82bf4d401aae4d36fd00c31ba8 6637fb82bf4d401aae4d36fd00c31ba8] 199.204.45.235 "GET /v2.0/ports?tenant_id=f05d149038314282a15ce52b7e41805c&device_id=8a45a543-fce7-4f16-a1d1-fcae04efda32 HTTP/1.1" status: 200 len: 1407 time: 0.0520172
2026-07-01 08:35:32.151 10 INFO neutron.wsgi [req-4f4e0996-f52f-4750-a0ea-a0cdf8c53278 req-df63d371-52fa-4ba9-918b-a343c2c2fd61 8e496516951c466da03049da1912698b 9108d4d4cf4d463f827d698f2fad947c - - 6637fb82bf4d401aae4d36fd00c31ba8 6637fb82bf4d401aae4d36fd00c31ba8] 199.204.45.235 "GET /v2.0/floatingips?fixed_ip_address=10.100.0.7&port_id=c7825d2d-6f49-464a-b788-164b89da40f7 HTTP/1.1" status: 200 len: 217 time: 0.0207396
2026-07-01 08:35:32.189 10 INFO neutron.wsgi [req-4f4e0996-f52f-4750-a0ea-a0cdf8c53278 req-001846b4-e052-4611-ba08-6bbd7b961af1 8e496516951c466da03049da1912698b 9108d4d4cf4d463f827d698f2fad947c - - 6637fb82bf4d401aae4d36fd00c31ba8 6637fb82bf4d401aae4d36fd00c31ba8] 199.204.45.235 "GET /v2.0/subnets?id=1cb7bec1-cc1f-47c5-9829-3d1b278d4c7f HTTP/1.1" status: 200 len: 865 time: 0.0340621
2026-07-01 08:35:32.215 10 INFO neutron.wsgi [req-4f4e0996-f52f-4750-a0ea-a0cdf8c53278 req-93690752-4a30-4e16-b984-592abfdff693 8e496516951c466da03049da1912698b 9108d4d4cf4d463f827d698f2fad947c - - 6637fb82bf4d401aae4d36fd00c31ba8 6637fb82bf4d401aae4d36fd00c31ba8] 199.204.45.235 "GET /v2.0/ports?network_id=736b1b6b-bd93-4049-9641-c91b0c23132e&device_owner=network%3Adhcp HTTP/1.1" status: 200 len: 210 time: 0.0215399
2026-07-01 08:35:32.290 10 INFO neutron.wsgi [req-4f4e0996-f52f-4750-a0ea-a0cdf8c53278 req-32046498-c2dc-47e8-83af-af5171620080 8e496516951c466da03049da1912698b 9108d4d4cf4d463f827d698f2fad947c - - 6637fb82bf4d401aae4d36fd00c31ba8 6637fb82bf4d401aae4d36fd00c31ba8] 199.204.45.235 "GET /v2.0/networks/736b1b6b-bd93-4049-9641-c91b0c23132e?fields=segments HTTP/1.1" status: 200 len: 212 time: 0.0680757
2026-07-01 08:35:32.522 9 WARNING neutron_lib.context [None req-25bcb239-ba36-4174-89f3-e6ed69279c45 4235879429c1475ca78ccf6b7ff75b06 62f0fb0989b742bd88a4e88508be747e - - default default] Method 'is_advsvc' is deprecated since 2023.2 release (neutron-lib 3.8.0) and will be removed once support for the old RBAC API policies will be removed from Neutron. Please use method 'is_service_role' instead.
2026-07-01 08:35:32.581 9 INFO neutron.wsgi [None req-25bcb239-ba36-4174-89f3-e6ed69279c45 4235879429c1475ca78ccf6b7ff75b06 62f0fb0989b742bd88a4e88508be747e - - default default] 10.0.0.205 "POST /v2.0/subnetpools HTTP/1.1" status: 201 len: 747 time: 0.2500393
2026-07-01 08:35:32.627 9 INFO neutron.wsgi [None req-2258892f-e335-4ffd-8076-ae82762c34ab 4235879429c1475ca78ccf6b7ff75b06 62f0fb0989b742bd88a4e88508be747e - - default default] 10.0.0.205 "GET /v2.0/subnetpools/7a8954d5-eeb3-4fb0-ae8d-d4ceb2433f4f HTTP/1.1" status: 200 len: 742 time: 0.0406091
2026-07-01 08:35:32.724 9 INFO neutron.wsgi [None req-c794afc5-97f8-429c-a628-7968ac3ee08f 4235879429c1475ca78ccf6b7ff75b06 62f0fb0989b742bd88a4e88508be747e - - default default] 10.0.0.205 "PUT /v2.0/subnetpools/7a8954d5-eeb3-4fb0-ae8d-d4ceb2433f4f HTTP/1.1" status: 200 len: 694 time: 0.0901217
