2026-07-01 08:36:45.298 10 INFO neutron.db.ovn_revision_numbers_db [req-874b33af-6c01-4873-bdca-cd70138320fd req-cc32afdd-779e-4aa4-b11a-5cd185bafe05 746af7b062f34760ab1bb01c086d8949 420c0bea433246f99cb6aa60129a7cec - - default default] Successfully bumped revision number for resource e1ba03f4-c35b-48ab-8e6d-c1769d339c48 (type: ports) to 1 /var/lib/openstack/lib/python3.10/site-packages/pycadf/identifier.py:71: UserWarning: Invalid uuid: neutron. To ensure interoperability, identifiers should be a valid uuid. warnings.warn(('Invalid uuid: %s. To ensure interoperability, '
2026-07-01 08:36:45.323 9 INFO neutron.wsgi [None req-4c35f34c-7c00-43c3-bed6-2abe383c6d32 33974a49698d4271b9151ccc66e294c9 b10a00d9a1344530a39108aeff8e3139 - - default default] 10.0.0.205 "GET /v2.0/ports?device_id=a3ccfcb2-2fdf-434e-ac7b-36b95b5685b8 HTTP/1.1" status: 200 len: 205 time: 0.0223141
2026-07-01 08:36:45.323 10 INFO neutron.wsgi [req-874b33af-6c01-4873-bdca-cd70138320fd req-cc32afdd-779e-4aa4-b11a-5cd185bafe05 746af7b062f34760ab1bb01c086d8949 420c0bea433246f99cb6aa60129a7cec - - default default] 199.204.45.235 "POST /v2.0/ports HTTP/1.1" status: 201 len: 1384 time: 0.5784481 /var/lib/openstack/lib/python3.10/site-packages/pycadf/identifier.py:71: UserWarning: Invalid uuid: neutron. To ensure interoperability, identifiers should be a valid uuid. warnings.warn(('Invalid uuid: %s. To ensure interoperability, '
2026-07-01 08:36:45.605 9 INFO neutron.wsgi [None req-4cc7e1b8-3f4a-4c43-834a-46c8db227f4c 33974a49698d4271b9151ccc66e294c9 b10a00d9a1344530a39108aeff8e3139 - - default default] 10.0.0.205 "DELETE /v2.0/routers/a3ccfcb2-2fdf-434e-ac7b-36b95b5685b8 HTTP/1.1" status: 204 len: 168 time: 0.2773719
2026-07-01 08:36:46.170 10 INFO neutron.db.ovn_revision_numbers_db [req-874b33af-6c01-4873-bdca-cd70138320fd req-f632eb45-1436-44e3-a0bc-af2939f8c656 8e496516951c466da03049da1912698b 9108d4d4cf4d463f827d698f2fad947c - - 6637fb82bf4d401aae4d36fd00c31ba8 6637fb82bf4d401aae4d36fd00c31ba8] Successfully bumped revision number for resource e1ba03f4-c35b-48ab-8e6d-c1769d339c48 (type: ports) to 2
2026-07-01 08:36:46.409 10 INFO neutron.db.ovn_revision_numbers_db [req-874b33af-6c01-4873-bdca-cd70138320fd req-f632eb45-1436-44e3-a0bc-af2939f8c656 8e496516951c466da03049da1912698b 9108d4d4cf4d463f827d698f2fad947c - - 6637fb82bf4d401aae4d36fd00c31ba8 6637fb82bf4d401aae4d36fd00c31ba8] Successfully bumped revision number for resource e1ba03f4-c35b-48ab-8e6d-c1769d339c48 (type: ports) to 2
2026-07-01 08:36:46.433 10 INFO neutron.wsgi [req-874b33af-6c01-4873-bdca-cd70138320fd req-f632eb45-1436-44e3-a0bc-af2939f8c656 8e496516951c466da03049da1912698b 9108d4d4cf4d463f827d698f2fad947c - - 6637fb82bf4d401aae4d36fd00c31ba8 6637fb82bf4d401aae4d36fd00c31ba8] 199.204.45.235 "PUT /v2.0/ports/e1ba03f4-c35b-48ab-8e6d-c1769d339c48 HTTP/1.1" status: 200 len: 1601 time: 1.0997159
2026-07-01 08:36:46.471 10 INFO neutron.notifiers.nova [-] Nova event matching ['req-1e9908ec-8a95-40c8-8df6-34814444f57e'] response: {'name': 'network-changed', 'server_uuid': 'c15da1e6-24a8-426b-b414-f23a77626560', 'tag': 'e1ba03f4-c35b-48ab-8e6d-c1769d339c48', 'status': 'completed', 'code': 200} /var/lib/openstack/lib/python3.10/site-packages/pycadf/identifier.py:71: UserWarning: Invalid uuid: neutron. To ensure interoperability, identifiers should be a valid uuid. warnings.warn(('Invalid uuid: %s. To ensure interoperability, '
2026-07-01 08:36:46.520 10 INFO neutron.wsgi [req-874b33af-6c01-4873-bdca-cd70138320fd req-08c78e8e-51e0-4c63-a92e-8ef4629b496c 8e496516951c466da03049da1912698b 9108d4d4cf4d463f827d698f2fad947c - - 6637fb82bf4d401aae4d36fd00c31ba8 6637fb82bf4d401aae4d36fd00c31ba8] 199.204.45.235 "GET /v2.0/ports?tenant_id=420c0bea433246f99cb6aa60129a7cec&device_id=c15da1e6-24a8-426b-b414-f23a77626560 HTTP/1.1" status: 200 len: 1632 time: 0.0479069
2026-07-01 08:36:46.559 10 INFO neutron.wsgi [req-874b33af-6c01-4873-bdca-cd70138320fd req-1380a60d-0763-43ed-921f-56f4ba637ddc 8e496516951c466da03049da1912698b 9108d4d4cf4d463f827d698f2fad947c - - 6637fb82bf4d401aae4d36fd00c31ba8 6637fb82bf4d401aae4d36fd00c31ba8] 199.204.45.235 "GET /v2.0/floatingips?fixed_ip_address=10.2.1.122&port_id=e1ba03f4-c35b-48ab-8e6d-c1769d339c48 HTTP/1.1" status: 200 len: 217 time: 0.0304875
2026-07-01 08:36:46.596 10 INFO neutron.wsgi [req-874b33af-6c01-4873-bdca-cd70138320fd req-e685d7f9-a530-495d-8f30-c0bf90f4fefa 8e496516951c466da03049da1912698b 9108d4d4cf4d463f827d698f2fad947c - - 6637fb82bf4d401aae4d36fd00c31ba8 6637fb82bf4d401aae4d36fd00c31ba8] 199.204.45.235 "GET /v2.0/floatingips?fixed_ip_address=fd7b%3Af9f7%3Afff%3A4eca%3A%3Ab3&port_id=e1ba03f4-c35b-48ab-8e6d-c1769d339c48 HTTP/1.1" status: 200 len: 217 time: 0.0301502
2026-07-01 08:36:46.660 10 INFO neutron.wsgi [req-874b33af-6c01-4873-bdca-cd70138320fd req-39540ede-feaf-471f-8034-dec2fb1811cd 8e496516951c466da03049da1912698b 9108d4d4cf4d463f827d698f2fad947c - - 6637fb82bf4d401aae4d36fd00c31ba8 6637fb82bf4d401aae4d36fd00c31ba8] 199.204.45.235 "GET /v2.0/subnets?id=7f1c452d-af56-43c9-a311-3f46f7476f1c&id=0da673c1-4e18-4d3a-b2b5-08f4778e423e HTTP/1.1" status: 200 len: 1562 time: 0.0506027
2026-07-01 08:36:46.660 9 INFO neutron.db.ovn_revision_numbers_db [None req-1b23acaf-5ed6-4834-b158-2290c3867367 d304297cc5d34d8b86439095a51d7958 af37a0cc71c24db9840a2d1e68c45ecf - - default default] Successfully bumped revision number for resource 474e96e1-94e0-4564-b80b-51141ee19b4d (type: security_groups) to 1
2026-07-01 08:36:46.672 9 INFO neutron.db.ovn_revision_numbers_db [None req-1b23acaf-5ed6-4834-b158-2290c3867367 d304297cc5d34d8b86439095a51d7958 af37a0cc71c24db9840a2d1e68c45ecf - - default default] Successfully bumped revision number for resource 3c7f7c26-69cf-4c9f-8c94-4ce2a9d61c51 (type: security_group_rules) to 0
2026-07-01 08:36:46.686 9 INFO neutron.db.ovn_revision_numbers_db [None req-1b23acaf-5ed6-4834-b158-2290c3867367 d304297cc5d34d8b86439095a51d7958 af37a0cc71c24db9840a2d1e68c45ecf - - default default] Successfully bumped revision number for resource 6d71b12f-7056-4ab9-9bce-11b2d68d6818 (type: security_group_rules) to 0
2026-07-01 08:36:46.689 10 INFO neutron.wsgi [req-874b33af-6c01-4873-bdca-cd70138320fd req-97339b7c-b044-4f6b-8b33-57d58a53492b 8e496516951c466da03049da1912698b 9108d4d4cf4d463f827d698f2fad947c - - 6637fb82bf4d401aae4d36fd00c31ba8 6637fb82bf4d401aae4d36fd00c31ba8] 199.204.45.235 "GET /v2.0/ports?network_id=c8b69755-80b4-4933-b583-d4e9a413c5a2&device_owner=network%3Adhcp HTTP/1.1" status: 200 len: 210 time: 0.0194957
2026-07-01 08:36:46.703 9 INFO neutron.db.ovn_revision_numbers_db [None req-1b23acaf-5ed6-4834-b158-2290c3867367 d304297cc5d34d8b86439095a51d7958 af37a0cc71c24db9840a2d1e68c45ecf - - default default] Successfully bumped revision number for resource 952e41e6-de70-491b-9a23-61d2c2a7807a (type: security_group_rules) to 0
2026-07-01 08:36:46.720 10 INFO neutron.wsgi [req-874b33af-6c01-4873-bdca-cd70138320fd req-ea664ae4-7709-4eda-b9aa-ba2dfd0c8b61 8e496516951c466da03049da1912698b 9108d4d4cf4d463f827d698f2fad947c - - 6637fb82bf4d401aae4d36fd00c31ba8 6637fb82bf4d401aae4d36fd00c31ba8] 199.204.45.235 "GET /v2.0/ports?network_id=c8b69755-80b4-4933-b583-d4e9a413c5a2&device_owner=network%3Adhcp HTTP/1.1" status: 200 len: 210 time: 0.0230081
2026-07-01 08:36:46.721 9 INFO neutron.db.ovn_revision_numbers_db [None req-1b23acaf-5ed6-4834-b158-2290c3867367 d304297cc5d34d8b86439095a51d7958 af37a0cc71c24db9840a2d1e68c45ecf - - default default] Successfully bumped revision number for resource a055d77c-5a51-48dc-b0ce-f01791b96ede (type: security_group_rules) to 0
2026-07-01 08:36:46.751 9 INFO neutron.wsgi [None req-1b23acaf-5ed6-4834-b158-2290c3867367 d304297cc5d34d8b86439095a51d7958 af37a0cc71c24db9840a2d1e68c45ecf - - default default] 10.0.0.205 "GET /v2.0/security-groups?tenant_id=5b60236e0e3845089b8cdebe2797c75a&name=default HTTP/1.1" status: 200 len: 2996 time: 0.3332770
2026-07-01 08:36:46.798 10 INFO neutron.wsgi [req-874b33af-6c01-4873-bdca-cd70138320fd req-b397cac9-20ec-4ed3-b0ce-8a12f7eb52e7 8e496516951c466da03049da1912698b 9108d4d4cf4d463f827d698f2fad947c - - 6637fb82bf4d401aae4d36fd00c31ba8 6637fb82bf4d401aae4d36fd00c31ba8] 199.204.45.235 "GET /v2.0/networks/c8b69755-80b4-4933-b583-d4e9a413c5a2?fields=segments HTTP/1.1" status: 200 len: 212 time: 0.0700564
2026-07-01 08:36:46.868 10 INFO neutron.wsgi [req-874b33af-6c01-4873-bdca-cd70138320fd req-b58d1f9e-f8d3-4448-a5fd-1afd2c0907f2 8e496516951c466da03049da1912698b 9108d4d4cf4d463f827d698f2fad947c - - 6637fb82bf4d401aae4d36fd00c31ba8 6637fb82bf4d401aae4d36fd00c31ba8] 199.204.45.235 "GET /v2.0/networks/c8b69755-80b4-4933-b583-d4e9a413c5a2?fields=provider%3Aphysical_network&fields=provider%3Anetwork_type HTTP/1.1" status: 200 len: 277 time: 0.0644207
2026-07-01 08:36:46.968 10 INFO neutron.wsgi [req-8ae14d2b-f31a-4aa6-a21f-79234e89874a req-f42f5a27-ed06-444e-8bd8-3ce079cbc194 8e496516951c466da03049da1912698b 9108d4d4cf4d463f827d698f2fad947c - - 6637fb82bf4d401aae4d36fd00c31ba8 6637fb82bf4d401aae4d36fd00c31ba8] 199.204.45.235 "GET /v2.0/ports?tenant_id=420c0bea433246f99cb6aa60129a7cec&device_id=c15da1e6-24a8-426b-b414-f23a77626560 HTTP/1.1" status: 200 len: 1632 time: 0.0571318
2026-07-01 08:36:46.988 9 INFO neutron.wsgi [None req-4edc37c0-7a25-4640-9c3c-82d857f47cef d304297cc5d34d8b86439095a51d7958 af37a0cc71c24db9840a2d1e68c45ecf - - default default] 10.0.0.205 "DELETE /v2.0/security-groups/474e96e1-94e0-4564-b80b-51141ee19b4d HTTP/1.1" status: 204 len: 168 time: 0.2311919
2026-07-01 08:36:47.101 10 INFO neutron.plugins.ml2.drivers.ovn.mech_driver.mech_driver [None req-1a7dfe54-e8bf-4cd1-a3fa-fa7bbabf8714 - - - - - -] OVN reports status up for port: e1ba03f4-c35b-48ab-8e6d-c1769d339c48
2026-07-01 08:36:47.110 10 INFO neutron.wsgi [req-8ae14d2b-f31a-4aa6-a21f-79234e89874a req-be845a01-c64c-4541-aece-8767dd6ed5c8 8e496516951c466da03049da1912698b 9108d4d4cf4d463f827d698f2fad947c - - 6637fb82bf4d401aae4d36fd00c31ba8 6637fb82bf4d401aae4d36fd00c31ba8] 199.204.45.235 "GET /v2.0/networks?id=c8b69755-80b4-4933-b583-d4e9a413c5a2 HTTP/1.1" status: 200 len: 1002 time: 0.1338272
2026-07-01 08:36:47.124 10 INFO neutron.plugins.ml2.plugin [None req-1a7dfe54-e8bf-4cd1-a3fa-fa7bbabf8714 - - - - - -] Attempt 1 to provision port e1ba03f4-c35b-48ab-8e6d-c1769d339c48
2026-07-01 08:36:47.167 10 INFO neutron.wsgi [req-8ae14d2b-f31a-4aa6-a21f-79234e89874a req-f309d408-0dca-437e-bc58-71e45dfbd8a1 8e496516951c466da03049da1912698b 9108d4d4cf4d463f827d698f2fad947c - - 6637fb82bf4d401aae4d36fd00c31ba8 6637fb82bf4d401aae4d36fd00c31ba8] 199.204.45.235 "GET /v2.0/floatingips?fixed_ip_address=10.2.1.122&port_id=e1ba03f4-c35b-48ab-8e6d-c1769d339c48 HTTP/1.1" status: 200 len: 217 time: 0.0518425
2026-07-01 08:36:47.209 10 INFO neutron.wsgi [req-8ae14d2b-f31a-4aa6-a21f-79234e89874a req-0b1feae1-c33d-4c6d-9881-3a3b1894eff3 8e496516951c466da03049da1912698b 9108d4d4cf4d463f827d698f2fad947c - - 6637fb82bf4d401aae4d36fd00c31ba8 6637fb82bf4d401aae4d36fd00c31ba8] 199.204.45.235 "GET /v2.0/floatingips?fixed_ip_address=fd7b%3Af9f7%3Afff%3A4eca%3A%3Ab3&port_id=e1ba03f4-c35b-48ab-8e6d-c1769d339c48 HTTP/1.1" status: 200 len: 217 time: 0.0363648
2026-07-01 08:36:47.241 9 INFO neutron.db.ovn_revision_numbers_db [None req-ce647f61-b944-4421-b439-71a996706873 d304297cc5d34d8b86439095a51d7958 af37a0cc71c24db9840a2d1e68c45ecf - - default default] Successfully bumped revision number for resource 4211b956-7576-4628-8156-ce2b61d15c7a (type: security_groups) to 1
2026-07-01 08:36:47.257 9 INFO neutron.db.ovn_revision_numbers_db [None req-ce647f61-b944-4421-b439-71a996706873 d304297cc5d34d8b86439095a51d7958 af37a0cc71c24db9840a2d1e68c45ecf - - default default] Successfully bumped revision number for resource 0a39ac8b-044c-471b-9484-1eab83063e1e (type: security_group_rules) to 0
2026-07-01 08:36:47.275 9 INFO neutron.db.ovn_revision_numbers_db [None req-ce647f61-b944-4421-b439-71a996706873 d304297cc5d34d8b86439095a51d7958 af37a0cc71c24db9840a2d1e68c45ecf - - default default] Successfully bumped revision number for resource 4127ffe0-ed97-48e6-8be3-8b425a3b172e (type: security_group_rules) to 0
2026-07-01 08:36:47.279 10 INFO neutron.wsgi [req-8ae14d2b-f31a-4aa6-a21f-79234e89874a req-8b77e299-2c85-45b7-abc8-ea654aa7a339 8e496516951c466da03049da1912698b 9108d4d4cf4d463f827d698f2fad947c - - 6637fb82bf4d401aae4d36fd00c31ba8 6637fb82bf4d401aae4d36fd00c31ba8] 199.204.45.235 "GET /v2.0/subnets?id=7f1c452d-af56-43c9-a311-3f46f7476f1c&id=0da673c1-4e18-4d3a-b2b5-08f4778e423e HTTP/1.1" status: 200 len: 1562 time: 0.0630682
2026-07-01 08:36:47.295 9 INFO neutron.db.ovn_revision_numbers_db [None req-ce647f61-b944-4421-b439-71a996706873 d304297cc5d34d8b86439095a51d7958 af37a0cc71c24db9840a2d1e68c45ecf - - default default] Successfully bumped revision number for resource a1b4fb14-9362-48ba-895a-da29e659b4dd (type: security_group_rules) to 0
2026-07-01 08:36:47.314 10 INFO neutron.wsgi [req-8ae14d2b-f31a-4aa6-a21f-79234e89874a req-469605f3-f761-4b4b-a190-7f2a3f3a23b5 8e496516951c466da03049da1912698b 9108d4d4cf4d463f827d698f2fad947c - - 6637fb82bf4d401aae4d36fd00c31ba8 6637fb82bf4d401aae4d36fd00c31ba8] 199.204.45.235 "GET /v2.0/ports?network_id=c8b69755-80b4-4933-b583-d4e9a413c5a2&device_owner=network%3Adhcp HTTP/1.1" status: 200 len: 210 time: 0.0301974
2026-07-01 08:36:47.317 9 INFO neutron.db.ovn_revision_numbers_db [None req-ce647f61-b944-4421-b439-71a996706873 d304297cc5d34d8b86439095a51d7958 af37a0cc71c24db9840a2d1e68c45ecf - - default default] Successfully bumped revision number for resource af24b1a7-88b2-4aab-a67c-70353ba15602 (type: security_group_rules) to 0
2026-07-01 08:36:47.349 9 INFO neutron.wsgi [None req-ce647f61-b944-4421-b439-71a996706873 d304297cc5d34d8b86439095a51d7958 af37a0cc71c24db9840a2d1e68c45ecf - - default default] 10.0.0.205 "GET /v2.0/security-groups?tenant_id=b10a00d9a1344530a39108aeff8e3139&name=default HTTP/1.1" status: 200 len: 2996 time: 0.2221842
2026-07-01 08:36:47.382 10 INFO neutron.wsgi [req-8ae14d2b-f31a-4aa6-a21f-79234e89874a req-948c5392-1567-4599-8483-128b21d96514 8e496516951c466da03049da1912698b 9108d4d4cf4d463f827d698f2fad947c - - 6637fb82bf4d401aae4d36fd00c31ba8 6637fb82bf4d401aae4d36fd00c31ba8] 199.204.45.235 "GET /v2.0/ports?network_id=c8b69755-80b4-4933-b583-d4e9a413c5a2&device_owner=network%3Adhcp HTTP/1.1" status: 200 len: 210 time: 0.0546138
2026-07-01 08:36:47.469 10 INFO neutron.wsgi [req-8ae14d2b-f31a-4aa6-a21f-79234e89874a req-5e7e9767-050b-4c40-adf2-d03ecbadd75c 8e496516951c466da03049da1912698b 9108d4d4cf4d463f827d698f2fad947c - - 6637fb82bf4d401aae4d36fd00c31ba8 6637fb82bf4d401aae4d36fd00c31ba8] 199.204.45.235 "GET /v2.0/networks/c8b69755-80b4-4933-b583-d4e9a413c5a2?fields=segments HTTP/1.1" status: 200 len: 212 time: 0.0786066
2026-07-01 08:36:47.573 10 INFO neutron.wsgi [req-8ae14d2b-f31a-4aa6-a21f-79234e89874a req-04f550a8-e681-4de9-9605-2da422e61c37 8e496516951c466da03049da1912698b 9108d4d4cf4d463f827d698f2fad947c - - 6637fb82bf4d401aae4d36fd00c31ba8 6637fb82bf4d401aae4d36fd00c31ba8] 199.204.45.235 "GET /v2.0/networks/c8b69755-80b4-4933-b583-d4e9a413c5a2?fields=provider%3Aphysical_network&fields=provider%3Anetwork_type HTTP/1.1" status: 200 len: 277 time: 0.0989513
2026-07-01 08:36:47.638 9 INFO neutron.wsgi [None req-76c282da-3607-4919-8c49-9fdbc6b1c333 d304297cc5d34d8b86439095a51d7958 af37a0cc71c24db9840a2d1e68c45ecf - - default default] 10.0.0.205 "DELETE /v2.0/security-groups/4211b956-7576-4628-8156-ce2b61d15c7a HTTP/1.1" status: 204 len: 168 time: 0.2714670
2026-07-01 08:36:47.639 10 INFO neutron.db.ovn_revision_numbers_db [None req-1a7dfe54-e8bf-4cd1-a3fa-fa7bbabf8714 - - - - - -] Successfully bumped revision number for resource e1ba03f4-c35b-48ab-8e6d-c1769d339c48 (type: ports) to 4
2026-07-01 08:36:48.530 10 INFO neutron.notifiers.nova [-] Nova event matching ['req-3bc582ab-eee6-4642-a318-6dae586ff69a'] response: {'server_uuid': 'c15da1e6-24a8-426b-b414-f23a77626560', 'name': 'network-vif-plugged', 'status': 'completed', 'tag': 'e1ba03f4-c35b-48ab-8e6d-c1769d339c48', 'code': 200}
2026-07-01 08:36:48.531 10 INFO neutron.notifiers.nova [-] Nova event matching ['req-3bc582ab-eee6-4642-a318-6dae586ff69a'] response: {'server_uuid': 'c15da1e6-24a8-426b-b414-f23a77626560', 'name': 'network-vif-plugged', 'status': 'completed', 'tag': 'e1ba03f4-c35b-48ab-8e6d-c1769d339c48', 'code': 200} /var/lib/openstack/lib/python3.10/site-packages/pycadf/identifier.py:71: UserWarning: Invalid uuid: neutron. To ensure interoperability, identifiers should be a valid uuid. warnings.warn(('Invalid uuid: %s. To ensure interoperability, '
2026-07-01 08:36:48.922 10 INFO neutron.wsgi [req-a242f541-8d14-4b3b-8e10-4a47e91b1c68 req-dff2de9e-c4d6-402e-a9a4-d674788709ae 746af7b062f34760ab1bb01c086d8949 420c0bea433246f99cb6aa60129a7cec - - default default] 10.0.0.16 "GET /v2.0/ports?device_id=c15da1e6-24a8-426b-b414-f23a77626560 HTTP/1.1" status: 200 len: 1396 time: 0.1011670
2026-07-01 08:36:48.982 10 INFO neutron.wsgi [req-a242f541-8d14-4b3b-8e10-4a47e91b1c68 req-953b163a-d529-4b6d-bd13-1c3907446181 746af7b062f34760ab1bb01c086d8949 420c0bea433246f99cb6aa60129a7cec - - default default] 10.0.0.16 "GET /v2.0/security-groups?id=969401dc-dee9-44ef-b4b0-b587e83ec681&fields=id&fields=name HTTP/1.1" status: 200 len: 311 time: 0.0482192
2026-07-01 08:36:49.045 10 INFO neutron.wsgi [req-d2653769-4581-4e62-a132-1bad53d23948 req-28c170ee-7449-44a4-80a8-35e0ff3cf97e 8e496516951c466da03049da1912698b 9108d4d4cf4d463f827d698f2fad947c - - 6637fb82bf4d401aae4d36fd00c31ba8 6637fb82bf4d401aae4d36fd00c31ba8] 10.0.0.178 "GET /v2.0/ports?device_id=ad70bf87-98bc-4ad6-bff5-af87ee476189 HTTP/1.1" status: 200 len: 1413 time: 0.0622404
2026-07-01 08:36:49.093 10 INFO neutron.wsgi [req-d2653769-4581-4e62-a132-1bad53d23948 req-6f5e8510-deed-49fb-a159-be0be050a2fc 8e496516951c466da03049da1912698b 9108d4d4cf4d463f827d698f2fad947c - - 6637fb82bf4d401aae4d36fd00c31ba8 6637fb82bf4d401aae4d36fd00c31ba8] 10.0.0.178 "GET /v2.0/security-groups?id=19283581-d0dd-453f-aabc-81683f361c70&fields=id&fields=name HTTP/1.1" status: 200 len: 312 time: 0.0406296
2026-07-01 08:36:49.155 9 INFO neutron.wsgi [None req-834c80bf-b4f9-4d5e-b89e-1af7bbe75cbd 746af7b062f34760ab1bb01c086d8949 420c0bea433246f99cb6aa60129a7cec - - default default] 10.0.0.205 "GET /v2.0/ports?network_id=c8b69755-80b4-4933-b583-d4e9a413c5a2&mac_address=fa%3A16%3A3e%3A30%3A62%3A43 HTTP/1.1" status: 200 len: 1391 time: 0.1377997
2026-07-01 08:36:49.167 9 WARNING neutron_lib.context [None req-336c6483-fdfb-40c3-9f65-cd24814dda98 746af7b062f34760ab1bb01c086d8949 420c0bea433246f99cb6aa60129a7cec - - default default] Method 'is_advsvc' is deprecated since 2023.2 release (neutron-lib 3.8.0) and will be removed once support for the old RBAC API policies will be removed from Neutron. Please use method 'is_service_role' instead.
2026-07-01 08:36:49.478 9 WARNING neutron.scheduler.dhcp_agent_scheduler [None req-336c6483-fdfb-40c3-9f65-cd24814dda98 746af7b062f34760ab1bb01c086d8949 420c0bea433246f99cb6aa60129a7cec - - default default] No more DHCP agents
2026-07-01 08:36:49.481 9 WARNING neutron.api.rpc.agentnotifiers.dhcp_rpc_agent_api [None req-336c6483-fdfb-40c3-9f65-cd24814dda98 746af7b062f34760ab1bb01c086d8949 420c0bea433246f99cb6aa60129a7cec - - default default] Unable to schedule network 0dde9d4f-6d3b-41c9-b4a3-98c9341a0a7c: no agents available; will retry on subsequent port and subnet creation events.
2026-07-01 08:36:49.752 10 INFO neutron.wsgi [req-abcb944e-6901-488d-8b14-6750948f0a62 req-fa68b7c7-6d77-441b-8d5b-a01b5f47d30a 9374107880ac40839e722d551fa1b12c c722d9c5eeeb42fabfbe6a199ee42974 - - default default] 10.0.0.16 "GET /v2.0/ports?device_id=d4335eb4-6683-4b6c-a329-04a0e4483a99 HTTP/1.1" status: 200 len: 1214 time: 0.1163976
2026-07-01 08:36:49.833 10 INFO neutron.wsgi [req-abcb944e-6901-488d-8b14-6750948f0a62 req-1b4da5a3-06fb-4fd3-b77c-7ff4aac055a4 9374107880ac40839e722d551fa1b12c c722d9c5eeeb42fabfbe6a199ee42974 - - default default] 10.0.0.16 "GET /v2.0/security-groups?id=c71cb011-0889-4f68-a91b-196eac222eee&id=6ed03fb2-a7a4-4826-8f21-a261a61315ca&fields=id&fields=name HTTP/1.1" status: 200 len: 405 time: 0.0713253
2026-07-01 08:36:49.913 10 INFO neutron.plugins.ml2.drivers.ovn.mech_driver.mech_driver [None req-1a7dfe54-e8bf-4cd1-a3fa-fa7bbabf8714 - - - - - -] OVN reports status down for port: 1deb6548-3025-4775-b300-e578ed5095ac
2026-07-01 08:36:50.015 9 INFO neutron.wsgi [req-0ee4c18b-2e35-4af0-ac18-70bac9c76194 req-97d1cb57-b7f0-4cdd-bd60-7bc34f69884e ac806972f3654df79e52c0ea6cd1cebc c6d31feadfe74e43a5895a8f8d133ea5 - - default default] 10.0.0.16 "GET /v2.0/ports?device_id=ad70bf87-98bc-4ad6-bff5-af87ee476189 HTTP/1.1" status: 200 len: 1174 time: 0.1600320
2026-07-01 08:36:50.015 9 INFO neutron.db.l3_db [None req-336c6483-fdfb-40c3-9f65-cd24814dda98 746af7b062f34760ab1bb01c086d8949 420c0bea433246f99cb6aa60129a7cec - - default default] Floating IP b8389306-64e1-4720-961f-c7dd3775f49b associated. External IP: 10.96.250.209, port: e1ba03f4-c35b-48ab-8e6d-c1769d339c48.
2026-07-01 08:36:50.094 9 INFO neutron.wsgi [req-0ee4c18b-2e35-4af0-ac18-70bac9c76194 req-e8ed8869-1ba2-49e6-aa8c-1e6bd1c252ef ac806972f3654df79e52c0ea6cd1cebc c6d31feadfe74e43a5895a8f8d133ea5 - - default default] 10.0.0.16 "GET /v2.0/security-groups?id=19283581-d0dd-453f-aabc-81683f361c70&fields=id&fields=name HTTP/1.1" status: 200 len: 312 time: 0.0733490
2026-07-01 08:36:50.135 10 INFO neutron.wsgi [None req-978b09c8-6eb4-40fc-b36a-149010f6c98a 160ddf9209f24dd5869d03c18cfd1549 e578b95e65aa4c7589615167d143b84c - - default default] 10.0.0.205 "GET /v2.0/ports?device_id=d4335eb4-6683-4b6c-a329-04a0e4483a99 HTTP/1.1" status: 200 len: 1447 time: 0.2681291
2026-07-01 08:36:50.247 10 INFO neutron.wsgi [None req-812b2224-58f0-47ae-a9ff-4606e1a1b1c6 9374107880ac40839e722d551fa1b12c c722d9c5eeeb42fabfbe6a199ee42974 - - default default] 10.0.0.205 "GET /v2.0/floatingips?floating_network_id=0dde9d4f-6d3b-41c9-b4a3-98c9341a0a7c&port_id=f9c8961d-e96b-416d-b039-d2109c9c5c50 HTTP/1.1" status: 200 len: 1055 time: 0.1034908
2026-07-01 08:36:50.295 9 INFO neutron.db.ovn_revision_numbers_db [None req-336c6483-fdfb-40c3-9f65-cd24814dda98 746af7b062f34760ab1bb01c086d8949 420c0bea433246f99cb6aa60129a7cec - - default default] Successfully bumped revision number for resource b8389306-64e1-4720-961f-c7dd3775f49b (type: floatingips) to 0
2026-07-01 08:36:50.349 10 INFO neutron.wsgi [req-90fbc650-993a-4e63-bb54-20ec764df8da req-67d2694c-c6fe-4d5a-8de8-229d9fbc4bd0 ac806972f3654df79e52c0ea6cd1cebc c6d31feadfe74e43a5895a8f8d133ea5 - - default default] 199.204.45.235 "GET /v2.0/ports?device_id=ad70bf87-98bc-4ad6-bff5-af87ee476189 HTTP/1.1" status: 200 len: 1172 time: 0.1541944
2026-07-01 08:36:50.430 9 INFO neutron.db.ovn_revision_numbers_db [None req-336c6483-fdfb-40c3-9f65-cd24814dda98 746af7b062f34760ab1bb01c086d8949 420c0bea433246f99cb6aa60129a7cec - - default default] Successfully bumped revision number for resource b8389306-64e1-4720-961f-c7dd3775f49b (type: floatingips) to 1
2026-07-01 08:36:50.435 10 INFO neutron.db.ovn_revision_numbers_db [None req-1a7dfe54-e8bf-4cd1-a3fa-fa7bbabf8714 - - - - - -] Successfully bumped revision number for resource 1deb6548-3025-4775-b300-e578ed5095ac (type: ports) to 5
2026-07-01 08:36:50.474 9 INFO neutron.wsgi [None req-336c6483-fdfb-40c3-9f65-cd24814dda98 746af7b062f34760ab1bb01c086d8949 420c0bea433246f99cb6aa60129a7cec - - default default] 10.0.0.205 "POST /v2.0/floatingips HTTP/1.1" status: 201 len: 1054 time: 1.3117316
2026-07-01 08:36:50.508 10 INFO neutron.wsgi [req-bfc7536f-8d68-4041-987b-4480499c41d9 req-8a5ef014-6ea3-4133-a5f5-dd88e038b033 8e496516951c466da03049da1912698b 9108d4d4cf4d463f827d698f2fad947c - - 6637fb82bf4d401aae4d36fd00c31ba8 6637fb82bf4d401aae4d36fd00c31ba8] 10.0.0.178 "GET /v2.0/ports?device_id=d4335eb4-6683-4b6c-a329-04a0e4483a99 HTTP/1.1" status: 200 len: 1452 time: 0.0704501
2026-07-01 08:36:50.512 9 INFO neutron.notifiers.nova [-] Nova event matching ['req-dde68494-acc6-4e44-8fde-aa33865234c1'] response: {'name': 'network-changed', 'server_uuid': 'c15da1e6-24a8-426b-b414-f23a77626560', 'tag': 'e1ba03f4-c35b-48ab-8e6d-c1769d339c48', 'status': 'completed', 'code': 200} /var/lib/openstack/lib/python3.10/site-packages/pycadf/identifier.py:71: UserWarning: Invalid uuid: neutron. To ensure interoperability, identifiers should be a valid uuid. warnings.warn(('Invalid uuid: %s. To ensure interoperability, ' /var/lib/openstack/lib/python3.10/site-packages/pycadf/identifier.py:71: UserWarning: Invalid uuid: neutron. To ensure interoperability, identifiers should be a valid uuid. warnings.warn(('Invalid uuid: %s. To ensure interoperability, '
2026-07-01 08:36:50.583 10 INFO neutron.notifiers.nova [-] Nova event matching ['req-16653a74-0a27-4389-b760-ae12bdd0da20'] response: {'server_uuid': 'ad70bf87-98bc-4ad6-bff5-af87ee476189', 'name': 'network-vif-unplugged', 'status': 'completed', 'tag': '1deb6548-3025-4775-b300-e578ed5095ac', 'code': 200}
2026-07-01 08:36:50.583 10 INFO neutron.notifiers.nova [-] Nova event matching ['req-16653a74-0a27-4389-b760-ae12bdd0da20'] response: {'server_uuid': 'ad70bf87-98bc-4ad6-bff5-af87ee476189', 'name': 'network-vif-plugged', 'status': 'completed', 'tag': '1deb6548-3025-4775-b300-e578ed5095ac', 'code': 200}
2026-07-01 08:36:50.596 9 INFO neutron.wsgi [req-9b686620-8e36-48f8-9920-f43e6dcb7d56 req-059e3317-cc65-43fb-a90f-e854c9beb6f6 8e496516951c466da03049da1912698b 9108d4d4cf4d463f827d698f2fad947c - - 6637fb82bf4d401aae4d36fd00c31ba8 6637fb82bf4d401aae4d36fd00c31ba8] 199.204.45.235 "GET /v2.0/ports?tenant_id=420c0bea433246f99cb6aa60129a7cec&device_id=c15da1e6-24a8-426b-b414-f23a77626560 HTTP/1.1" status: 200 len: 1634 time: 0.0649230
2026-07-01 08:36:50.620 10 INFO neutron.wsgi [req-bfc7536f-8d68-4041-987b-4480499c41d9 req-19b7da67-80b2-4fe6-89a5-16d808a12e8f 8e496516951c466da03049da1912698b 9108d4d4cf4d463f827d698f2fad947c - - 6637fb82bf4d401aae4d36fd00c31ba8 6637fb82bf4d401aae4d36fd00c31ba8] 10.0.0.178 "GET /v2.0/security-groups?id=c71cb011-0889-4f68-a91b-196eac222eee&id=6ed03fb2-a7a4-4826-8f21-a261a61315ca&fields=id&fields=name HTTP/1.1" status: 200 len: 405 time: 0.0993493
2026-07-01 08:36:50.660 10 INFO neutron.wsgi [req-192a0e1d-921b-4ee0-a578-6891d36cc264 req-dff4eb5b-6175-45e3-bb39-84889b8932a9 746af7b062f34760ab1bb01c086d8949 420c0bea433246f99cb6aa60129a7cec - - default default] 10.0.0.16 "GET /v2.0/security-groups?name=tempest-lb_member_SG-1997247888&fields=id&tenant_id=420c0bea433246f99cb6aa60129a7cec HTTP/1.1" status: 200 len: 267 time: 0.0873060
2026-07-01 08:36:50.665 9 INFO neutron.wsgi [req-9b686620-8e36-48f8-9920-f43e6dcb7d56 req-189b876d-1025-4ac1-b7ec-d2d34234355d 8e496516951c466da03049da1912698b 9108d4d4cf4d463f827d698f2fad947c - - 6637fb82bf4d401aae4d36fd00c31ba8 6637fb82bf4d401aae4d36fd00c31ba8] 199.204.45.235 "GET /v2.0/networks?id=c8b69755-80b4-4933-b583-d4e9a413c5a2 HTTP/1.1" status: 200 len: 1002 time: 0.0623908
2026-07-01 08:36:50.750 9 INFO neutron.wsgi [req-9b686620-8e36-48f8-9920-f43e6dcb7d56 req-d5594e69-8fd7-4584-a7d2-f5fea1b68444 8e496516951c466da03049da1912698b 9108d4d4cf4d463f827d698f2fad947c - - 6637fb82bf4d401aae4d36fd00c31ba8 6637fb82bf4d401aae4d36fd00c31ba8] 199.204.45.235 "GET /v2.0/floatingips?fixed_ip_address=10.2.1.122&port_id=e1ba03f4-c35b-48ab-8e6d-c1769d339c48 HTTP/1.1" status: 200 len: 1059 time: 0.0756509
2026-07-01 08:36:50.792 10 INFO neutron.wsgi [req-192a0e1d-921b-4ee0-a578-6891d36cc264 req-9048ec03-471c-4245-bbd1-3c37f36fce41 746af7b062f34760ab1bb01c086d8949 420c0bea433246f99cb6aa60129a7cec - - default default] 10.0.0.16 "GET /v2.0/networks?id=27188d4f-e799-40d8-bec0-cfcbd27c97c9 HTTP/1.1" status: 200 len: 902 time: 0.1192777
2026-07-01 08:36:50.796 9 INFO neutron.wsgi [req-9b686620-8e36-48f8-9920-f43e6dcb7d56 req-63d0a102-9ff1-4770-aaa0-ff718d35b697 8e496516951c466da03049da1912698b 9108d4d4cf4d463f827d698f2fad947c - - 6637fb82bf4d401aae4d36fd00c31ba8 6637fb82bf4d401aae4d36fd00c31ba8] 199.204.45.235 "GET /v2.0/floatingips?fixed_ip_address=fd7b%3Af9f7%3Afff%3A4eca%3A%3Ab3&port_id=e1ba03f4-c35b-48ab-8e6d-c1769d339c48 HTTP/1.1" status: 200 len: 217 time: 0.0389440
2026-07-01 08:36:50.820 10 INFO neutron.wsgi [req-192a0e1d-921b-4ee0-a578-6891d36cc264 req-f48adca5-ed15-4f6a-a6f3-f6d31157ce9b 746af7b062f34760ab1bb01c086d8949 420c0bea433246f99cb6aa60129a7cec - - default default] 10.0.0.16 "GET /v2.0/quotas/420c0bea433246f99cb6aa60129a7cec HTTP/1.1" status: 200 len: 386 time: 0.0180295
2026-07-01 08:36:50.873 9 INFO neutron.wsgi [req-9b686620-8e36-48f8-9920-f43e6dcb7d56 req-74d3418a-4231-4dd0-8d5c-03591a4b7358 8e496516951c466da03049da1912698b 9108d4d4cf4d463f827d698f2fad947c - - 6637fb82bf4d401aae4d36fd00c31ba8 6637fb82bf4d401aae4d36fd00c31ba8] 199.204.45.235 "GET /v2.0/subnets?id=7f1c452d-af56-43c9-a311-3f46f7476f1c&id=0da673c1-4e18-4d3a-b2b5-08f4778e423e HTTP/1.1" status: 200 len: 1562 time: 0.0704801
2026-07-01 08:36:50.902 9 INFO neutron.wsgi [req-9b686620-8e36-48f8-9920-f43e6dcb7d56 req-d86d636f-214d-4a7d-a53f-8a3ecefeb986 8e496516951c466da03049da1912698b 9108d4d4cf4d463f827d698f2fad947c - - 6637fb82bf4d401aae4d36fd00c31ba8 6637fb82bf4d401aae4d36fd00c31ba8] 199.204.45.235 "GET /v2.0/ports?network_id=c8b69755-80b4-4933-b583-d4e9a413c5a2&device_owner=network%3Adhcp HTTP/1.1" status: 200 len: 210 time: 0.0238552
2026-07-01 08:36:50.944 9 INFO neutron.wsgi [req-9b686620-8e36-48f8-9920-f43e6dcb7d56 req-a85958a3-4415-4ce5-b66d-8da9d5a25509 8e496516951c466da03049da1912698b 9108d4d4cf4d463f827d698f2fad947c - - 6637fb82bf4d401aae4d36fd00c31ba8 6637fb82bf4d401aae4d36fd00c31ba8] 199.204.45.235 "GET /v2.0/ports?network_id=c8b69755-80b4-4933-b583-d4e9a413c5a2&device_owner=network%3Adhcp HTTP/1.1" status: 200 len: 210 time: 0.0354519
2026-07-01 08:36:51.038 9 INFO neutron.wsgi [req-9b686620-8e36-48f8-9920-f43e6dcb7d56 req-84b10783-2727-4543-b528-4b9a9180393f 8e496516951c466da03049da1912698b 9108d4d4cf4d463f827d698f2fad947c - - 6637fb82bf4d401aae4d36fd00c31ba8 6637fb82bf4d401aae4d36fd00c31ba8] 199.204.45.235 "GET /v2.0/networks/c8b69755-80b4-4933-b583-d4e9a413c5a2?fields=segments HTTP/1.1" status: 200 len: 212 time: 0.0864038
2026-07-01 08:36:51.148 9 INFO neutron.wsgi [req-9b686620-8e36-48f8-9920-f43e6dcb7d56 req-bb3a224e-7a4f-437c-b068-7ecc6438e852 8e496516951c466da03049da1912698b 9108d4d4cf4d463f827d698f2fad947c - - 6637fb82bf4d401aae4d36fd00c31ba8 6637fb82bf4d401aae4d36fd00c31ba8] 199.204.45.235 "GET /v2.0/networks/c8b69755-80b4-4933-b583-d4e9a413c5a2?fields=provider%3Aphysical_network&fields=provider%3Anetwork_type HTTP/1.1" status: 200 len: 277 time: 0.0990129
2026-07-01 08:36:51.240 9 INFO neutron.wsgi [req-530dcda7-8a68-48fe-8b18-551ac3f26b4a req-ddadc2bd-32f6-4aa0-a6a7-0cdc97882b2c ac806972f3654df79e52c0ea6cd1cebc c6d31feadfe74e43a5895a8f8d133ea5 - - default default] 10.0.0.16 "GET /v2.0/ports?device_id=ad70bf87-98bc-4ad6-bff5-af87ee476189 HTTP/1.1" status: 200 len: 1172 time: 0.0562568
2026-07-01 08:36:51.283 10 INFO neutron.db.l3_db [req-90fbc650-993a-4e63-bb54-20ec764df8da req-c6adeef7-321d-458c-ac36-0f17c1eafe3a ac806972f3654df79e52c0ea6cd1cebc c6d31feadfe74e43a5895a8f8d133ea5 - - default default] Floating IP 11546cc6-3e4b-4a94-9187-53a94f3c3e14 disassociated. External IP: 10.96.250.214, port: 1deb6548-3025-4775-b300-e578ed5095ac.
2026-07-01 08:36:51.348 9 INFO neutron.wsgi [req-530dcda7-8a68-48fe-8b18-551ac3f26b4a req-4cd8d850-164f-45e5-9e80-9bcedb7d59de ac806972f3654df79e52c0ea6cd1cebc c6d31feadfe74e43a5895a8f8d133ea5 - - default default] 10.0.0.16 "GET /v2.0/security-groups?id=19283581-d0dd-453f-aabc-81683f361c70&fields=id&fields=name HTTP/1.1" status: 200 len: 312 time: 0.1007509
2026-07-01 08:36:51.429 10 INFO neutron.wsgi [req-192a0e1d-921b-4ee0-a578-6891d36cc264 req-da47c7e7-2418-4518-ae55-c66d3d4edb2d 746af7b062f34760ab1bb01c086d8949 420c0bea433246f99cb6aa60129a7cec - - default default] 10.0.0.16 "GET /v2.0/ports?tenant_id=420c0bea433246f99cb6aa60129a7cec&fields=id HTTP/1.1" status: 200 len: 532 time: 0.5948095
2026-07-01 08:36:51.549 10 INFO neutron.wsgi [req-192a0e1d-921b-4ee0-a578-6891d36cc264 req-8939d74f-266c-46b0-ba99-6e31887ac8b4 8e496516951c466da03049da1912698b 9108d4d4cf4d463f827d698f2fad947c - - 6637fb82bf4d401aae4d36fd00c31ba8 6637fb82bf4d401aae4d36fd00c31ba8] 10.0.0.16 "GET /v2.0/networks/27188d4f-e799-40d8-bec0-cfcbd27c97c9?fields=segments HTTP/1.1" status: 200 len: 212 time: 0.0973742
2026-07-01 08:36:51.553 10 INFO neutron.wsgi [req-90fbc650-993a-4e63-bb54-20ec764df8da req-c6adeef7-321d-458c-ac36-0f17c1eafe3a ac806972f3654df79e52c0ea6cd1cebc c6d31feadfe74e43a5895a8f8d133ea5 - - default default] 199.204.45.235 "DELETE /v2.0/ports/1deb6548-3025-4775-b300-e578ed5095ac HTTP/1.1" status: 204 len: 173 time: 1.1978710
2026-07-01 08:36:51.629 10 INFO neutron.wsgi [req-192a0e1d-921b-4ee0-a578-6891d36cc264 req-95dcecd3-4775-40cc-8579-764ba763be1e 8e496516951c466da03049da1912698b 9108d4d4cf4d463f827d698f2fad947c - - 6637fb82bf4d401aae4d36fd00c31ba8 6637fb82bf4d401aae4d36fd00c31ba8] 10.0.0.16 "GET /v2.0/networks/27188d4f-e799-40d8-bec0-cfcbd27c97c9?fields=provider%3Aphysical_network&fields=provider%3Anetwork_type HTTP/1.1" status: 200 len: 277 time: 0.0692840 /var/lib/openstack/lib/python3.10/site-packages/pycadf/identifier.py:71: UserWarning: Invalid uuid: neutron. To ensure interoperability, identifiers should be a valid uuid. warnings.warn(('Invalid uuid: %s. To ensure interoperability, '
2026-07-01 08:36:51.803 9 INFO neutron.wsgi [req-5ebb086e-9767-4eb1-9683-30cfbc232f6b req-4cd848c8-4244-47d7-9fe7-614bb153cd85 746af7b062f34760ab1bb01c086d8949 420c0bea433246f99cb6aa60129a7cec - - default default] 10.0.0.16 "GET /v2.0/ports?device_id=8edd1079-9c73-4a78-af93-1d21f0c6cd7b HTTP/1.1" status: 200 len: 210 time: 0.0314226
2026-07-01 08:36:52.637 10 INFO neutron.notifiers.nova [-] Nova event matching ['req-b7b720a1-abf9-42d2-8fec-8e70ca36212f'] response: {'server_uuid': 'ad70bf87-98bc-4ad6-bff5-af87ee476189', 'name': 'network-vif-deleted', 'tag': '1deb6548-3025-4775-b300-e578ed5095ac', 'status': 'completed', 'code': 200}
2026-07-01 08:36:52.667 9 INFO neutron.wsgi [None req-28ad15c5-13f3-4b50-a0e3-bb23be106ffe ac806972f3654df79e52c0ea6cd1cebc c6d31feadfe74e43a5895a8f8d133ea5 - - default default] 10.0.0.205 "DELETE /v2.0/security-groups/19283581-d0dd-453f-aabc-81683f361c70 HTTP/1.1" status: 204 len: 168 time: 0.2333162
2026-07-01 08:36:52.731 10 INFO neutron.wsgi [req-192a0e1d-921b-4ee0-a578-6891d36cc264 req-98b1ec49-f376-4e53-a766-9a5f28a0a041 746af7b062f34760ab1bb01c086d8949 420c0bea433246f99cb6aa60129a7cec - - default default] 199.204.45.235 "GET /v2.0/networks?id=27188d4f-e799-40d8-bec0-cfcbd27c97c9 HTTP/1.1" status: 200 len: 902 time: 0.1272857
2026-07-01 08:36:52.808 10 INFO neutron.wsgi [req-192a0e1d-921b-4ee0-a578-6891d36cc264 req-ae428c2c-b379-4553-965b-6861ea3ac0cf 746af7b062f34760ab1bb01c086d8949 420c0bea433246f99cb6aa60129a7cec - - default default] 199.204.45.235 "GET /v2.0/security-groups?fields=id&fields=name&tenant_id=420c0bea433246f99cb6aa60129a7cec HTTP/1.1" status: 200 len: 378 time: 0.0630805
2026-07-01 08:36:52.820 10 WARNING neutron_lib.context [req-192a0e1d-921b-4ee0-a578-6891d36cc264 req-2a438b41-b420-4ac0-a45c-749b9d1a573d 746af7b062f34760ab1bb01c086d8949 420c0bea433246f99cb6aa60129a7cec - - default default] Method 'is_advsvc' is deprecated since 2023.2 release (neutron-lib 3.8.0) and will be removed once support for the old RBAC API policies will be removed from Neutron. Please use method 'is_service_role' instead.
2026-07-01 08:36:53.094 10 INFO neutron.plugins.ml2.drivers.ovn.mech_driver.mech_driver [None req-1a7dfe54-e8bf-4cd1-a3fa-fa7bbabf8714 - - - - - -] OVN reports status down for port: f9c8961d-e96b-416d-b039-d2109c9c5c50
2026-07-01 08:36:53.153 10 INFO neutron.wsgi [req-d5d8fbb2-6910-4c46-a3fb-92728726c63e req-55f3519e-a493-4b1b-8e76-27cdd640cb1a 9374107880ac40839e722d551fa1b12c c722d9c5eeeb42fabfbe6a199ee42974 - - default default] 10.0.0.16 "GET /v2.0/ports?device_id=d4335eb4-6683-4b6c-a329-04a0e4483a99 HTTP/1.1" status: 200 len: 1214 time: 0.0966234
2026-07-01 08:36:53.197 9 INFO neutron.wsgi [None req-8a77183d-25a6-4f34-9760-a23dabd266f3 ac806972f3654df79e52c0ea6cd1cebc c6d31feadfe74e43a5895a8f8d133ea5 - - default default] 10.0.0.205 "DELETE /v2.0/floatingips/11546cc6-3e4b-4a94-9187-53a94f3c3e14 HTTP/1.1" status: 204 len: 168 time: 0.4633975
2026-07-01 08:36:53.298 10 INFO neutron.wsgi [req-d5d8fbb2-6910-4c46-a3fb-92728726c63e req-ddc05d2f-b2f5-44f6-ac7d-776e2f868044 9374107880ac40839e722d551fa1b12c c722d9c5eeeb42fabfbe6a199ee42974 - - default default] 10.0.0.16 "GET /v2.0/security-groups?id=c71cb011-0889-4f68-a91b-196eac222eee&id=6ed03fb2-a7a4-4826-8f21-a261a61315ca&fields=id&fields=name HTTP/1.1" status: 200 len: 405 time: 0.1329501
2026-07-01 08:36:53.495 9 INFO neutron.plugins.ml2.drivers.ovn.mech_driver.mech_driver [None req-aa695e8c-ebc2-4ae9-8756-61460255505c - - - - - -] OVN reports status down for port: ea0e1bde-5bce-4f78-9b58-65d00cf2ef9c
2026-07-01 08:36:53.535 10 INFO neutron.wsgi [req-3b873f32-6d64-4b6b-8a1e-69b483c4be05 req-c23f9b81-5695-4bf3-916c-5bad3f17e662 ac806972f3654df79e52c0ea6cd1cebc c6d31feadfe74e43a5895a8f8d133ea5 - - default default] 10.0.0.16 "GET /v2.0/ports?device_id=34ef0962-f28a-4845-9752-8ea72367155a HTTP/1.1" status: 200 len: 1170 time: 0.0916779
2026-07-01 08:36:53.550 9 INFO neutron.wsgi [req-404ef849-dcb6-4a0b-aa4d-28a30e6ef056 req-346ca542-da92-4df5-aa8c-a912a805f330 9374107880ac40839e722d551fa1b12c c722d9c5eeeb42fabfbe6a199ee42974 - - default default] 199.204.45.235 "GET /v2.0/ports?device_id=d4335eb4-6683-4b6c-a329-04a0e4483a99 HTTP/1.1" status: 200 len: 1212 time: 0.1541495
2026-07-01 08:36:53.623 10 INFO neutron.wsgi [req-3b873f32-6d64-4b6b-8a1e-69b483c4be05 req-ad91cd1d-74ed-40a8-8a07-b8ecd090cf08 ac806972f3654df79e52c0ea6cd1cebc c6d31feadfe74e43a5895a8f8d133ea5 - - default default] 10.0.0.16 "GET /v2.0/security-groups?id=ce7ebde2-8c43-43e5-97ae-994f7799f943&fields=id&fields=name HTTP/1.1" status: 200 len: 313 time: 0.0775976
2026-07-01 08:36:53.641 10 WARNING neutron.scheduler.dhcp_agent_scheduler [req-192a0e1d-921b-4ee0-a578-6891d36cc264 req-2a438b41-b420-4ac0-a45c-749b9d1a573d 746af7b062f34760ab1bb01c086d8949 420c0bea433246f99cb6aa60129a7cec - - default default] No more DHCP agents
2026-07-01 08:36:53.643 10 WARNING neutron.api.rpc.agentnotifiers.dhcp_rpc_agent_api [req-192a0e1d-921b-4ee0-a578-6891d36cc264 req-2a438b41-b420-4ac0-a45c-749b9d1a573d 746af7b062f34760ab1bb01c086d8949 420c0bea433246f99cb6aa60129a7cec - - default default] Unable to schedule network 27188d4f-e799-40d8-bec0-cfcbd27c97c9: no agents available; will retry on subsequent port and subnet creation events.
2026-07-01 08:36:53.745 9 INFO neutron.notifiers.nova [-] Nova event matching ['req-2a39a405-e786-48a2-9fb6-4df2b5562f7b'] response: {'server_uuid': '34ef0962-f28a-4845-9752-8ea72367155a', 'name': 'network-vif-unplugged', 'status': 'completed', 'tag': 'ea0e1bde-5bce-4f78-9b58-65d00cf2ef9c', 'code': 200}
2026-07-01 08:36:53.775 10 INFO neutron.db.ovn_revision_numbers_db [None req-1a7dfe54-e8bf-4cd1-a3fa-fa7bbabf8714 - - - - - -] Successfully bumped revision number for resource f9c8961d-e96b-416d-b039-d2109c9c5c50 (type: ports) to 5
2026-07-01 08:36:53.927 10 INFO neutron.db.ovn_revision_numbers_db [req-192a0e1d-921b-4ee0-a578-6891d36cc264 req-2a438b41-b420-4ac0-a45c-749b9d1a573d 746af7b062f34760ab1bb01c086d8949 420c0bea433246f99cb6aa60129a7cec - - default default] Successfully bumped revision number for resource 997da0ad-30aa-46b5-ae60-37a36730b538 (type: ports) to 1
2026-07-01 08:36:53.973 10 INFO neutron.wsgi [req-192a0e1d-921b-4ee0-a578-6891d36cc264 req-2a438b41-b420-4ac0-a45c-749b9d1a573d 746af7b062f34760ab1bb01c086d8949 420c0bea433246f99cb6aa60129a7cec - - default default] 199.204.45.235 "POST /v2.0/ports HTTP/1.1" status: 201 len: 1384 time: 1.1599150 /var/lib/openstack/lib/python3.10/site-packages/pycadf/identifier.py:71: UserWarning: Invalid uuid: neutron. To ensure interoperability, identifiers should be a valid uuid. warnings.warn(('Invalid uuid: %s. To ensure interoperability, '
2026-07-01 08:36:54.217 9 INFO neutron.wsgi [req-9883fa6f-cbe5-4ae4-9359-87f219a3eeb8 req-1adc5bfb-8377-4b39-9315-dc097ba6eaac ac806972f3654df79e52c0ea6cd1cebc c6d31feadfe74e43a5895a8f8d133ea5 - - default default] 199.204.45.235 "GET /v2.0/ports?device_id=34ef0962-f28a-4845-9752-8ea72367155a HTTP/1.1" status: 200 len: 1168 time: 0.0615621 /var/lib/openstack/lib/python3.10/site-packages/pycadf/identifier.py:71: UserWarning: Invalid uuid: neutron. To ensure interoperability, identifiers should be a valid uuid. warnings.warn(('Invalid uuid: %s. To ensure interoperability, '
2026-07-01 08:36:54.438 10 INFO neutron.wsgi [req-15b5f1fe-c33d-49ed-af54-9e9be33387d3 req-c32ba9e7-91f0-42b3-849c-7fe025c85dc9 9374107880ac40839e722d551fa1b12c c722d9c5eeeb42fabfbe6a199ee42974 - - default default] 10.0.0.16 "GET /v2.0/ports?device_id=d4335eb4-6683-4b6c-a329-04a0e4483a99 HTTP/1.1" status: 200 len: 1212 time: 0.0502057
2026-07-01 08:36:54.519 10 INFO neutron.wsgi [req-15b5f1fe-c33d-49ed-af54-9e9be33387d3 req-37d6b72d-df9c-4d50-8582-06d549a1c326 9374107880ac40839e722d551fa1b12c c722d9c5eeeb42fabfbe6a199ee42974 - - default default] 10.0.0.16 "GET /v2.0/security-groups?id=c71cb011-0889-4f68-a91b-196eac222eee&id=6ed03fb2-a7a4-4826-8f21-a261a61315ca&fields=id&fields=name HTTP/1.1" status: 200 len: 405 time: 0.0722890
2026-07-01 08:36:54.571 9 INFO neutron.db.ovn_revision_numbers_db [None req-aa695e8c-ebc2-4ae9-8756-61460255505c - - - - - -] Successfully bumped revision number for resource ea0e1bde-5bce-4f78-9b58-65d00cf2ef9c (type: ports) to 5
2026-07-01 08:36:54.581 10 INFO neutron.db.ovn_revision_numbers_db [req-192a0e1d-921b-4ee0-a578-6891d36cc264 req-adefa9fd-33c6-4fcb-b4fb-07e60db735fd 8e496516951c466da03049da1912698b 9108d4d4cf4d463f827d698f2fad947c - - 6637fb82bf4d401aae4d36fd00c31ba8 6637fb82bf4d401aae4d36fd00c31ba8] Successfully bumped revision number for resource 997da0ad-30aa-46b5-ae60-37a36730b538 (type: ports) to 2
2026-07-01 08:36:54.676 10 INFO neutron.notifiers.nova [-] Nova event matching ['req-73c98a04-6ed0-4d58-bcd8-2f6ce37b0963'] response: {'server_uuid': 'd4335eb4-6683-4b6c-a329-04a0e4483a99', 'name': 'network-vif-unplugged', 'status': 'completed', 'tag': 'f9c8961d-e96b-416d-b039-d2109c9c5c50', 'code': 200}
2026-07-01 08:36:54.677 10 INFO neutron.notifiers.nova [-] Nova event matching ['req-73c98a04-6ed0-4d58-bcd8-2f6ce37b0963'] response: {'server_uuid': 'd4335eb4-6683-4b6c-a329-04a0e4483a99', 'name': 'network-vif-plugged', 'status': 'completed', 'tag': 'f9c8961d-e96b-416d-b039-d2109c9c5c50', 'code': 200}
2026-07-01 08:36:54.708 9 INFO neutron.db.l3_db [req-404ef849-dcb6-4a0b-aa4d-28a30e6ef056 req-e4433522-0d3e-4f1a-a964-26d95b15a4a2 9374107880ac40839e722d551fa1b12c c722d9c5eeeb42fabfbe6a199ee42974 - - default default] Floating IP d7b4b81c-e677-493b-8f2c-7a0eedb77bca disassociated. External IP: 10.96.250.210, port: f9c8961d-e96b-416d-b039-d2109c9c5c50.
2026-07-01 08:36:54.794 10 INFO neutron.wsgi [req-c266cff7-f1e8-4e92-ba80-36c35100e5df req-e1f45383-6ba3-4c5e-96cc-e4730cf69c56 ac806972f3654df79e52c0ea6cd1cebc c6d31feadfe74e43a5895a8f8d133ea5 - - default default] 10.0.0.16 "GET /v2.0/ports?device_id=34ef0962-f28a-4845-9752-8ea72367155a HTTP/1.1" status: 200 len: 1168 time: 0.0607247 /var/lib/openstack/lib/python3.10/site-packages/pycadf/identifier.py:71: UserWarning: Invalid uuid: neutron. To ensure interoperability, identifiers should be a valid uuid. warnings.warn(('Invalid uuid: %s. To ensure interoperability, '
2026-07-01 08:36:54.866 10 INFO neutron.wsgi [req-c266cff7-f1e8-4e92-ba80-36c35100e5df req-99c9d8a9-34e9-44ed-bd31-48a095278b95 ac806972f3654df79e52c0ea6cd1cebc c6d31feadfe74e43a5895a8f8d133ea5 - - default default] 10.0.0.16 "GET /v2.0/security-groups?id=ce7ebde2-8c43-43e5-97ae-994f7799f943&fields=id&fields=name HTTP/1.1" status: 200 len: 313 time: 0.0496578
2026-07-01 08:36:54.897 10 INFO neutron.db.ovn_revision_numbers_db [req-192a0e1d-921b-4ee0-a578-6891d36cc264 req-adefa9fd-33c6-4fcb-b4fb-07e60db735fd 8e496516951c466da03049da1912698b 9108d4d4cf4d463f827d698f2fad947c - - 6637fb82bf4d401aae4d36fd00c31ba8 6637fb82bf4d401aae4d36fd00c31ba8] Successfully bumped revision number for resource 997da0ad-30aa-46b5-ae60-37a36730b538 (type: ports) to 2
2026-07-01 08:36:54.916 10 INFO neutron.wsgi [req-192a0e1d-921b-4ee0-a578-6891d36cc264 req-adefa9fd-33c6-4fcb-b4fb-07e60db735fd 8e496516951c466da03049da1912698b 9108d4d4cf4d463f827d698f2fad947c - - 6637fb82bf4d401aae4d36fd00c31ba8 6637fb82bf4d401aae4d36fd00c31ba8] 199.204.45.235 "PUT /v2.0/ports/997da0ad-30aa-46b5-ae60-37a36730b538 HTTP/1.1" status: 200 len: 1601 time: 0.9350722
2026-07-01 08:36:54.941 9 INFO neutron.wsgi [req-9883fa6f-cbe5-4ae4-9359-87f219a3eeb8 req-7e11fba9-5c77-4e53-a033-946a998bcdde ac806972f3654df79e52c0ea6cd1cebc c6d31feadfe74e43a5895a8f8d133ea5 - - default default] 199.204.45.235 "DELETE /v2.0/ports/ea0e1bde-5bce-4f78-9b58-65d00cf2ef9c HTTP/1.1" status: 204 len: 173 time: 0.7173831 /var/lib/openstack/lib/python3.10/site-packages/pycadf/identifier.py:71: UserWarning: Invalid uuid: neutron. To ensure interoperability, identifiers should be a valid uuid. warnings.warn(('Invalid uuid: %s. To ensure interoperability, '
2026-07-01 08:36:55.046 9 INFO neutron.wsgi [req-192a0e1d-921b-4ee0-a578-6891d36cc264 req-837d9cba-14a2-4b9f-8b5d-ffbb3fb1020c 8e496516951c466da03049da1912698b 9108d4d4cf4d463f827d698f2fad947c - - 6637fb82bf4d401aae4d36fd00c31ba8 6637fb82bf4d401aae4d36fd00c31ba8] 199.204.45.235 "GET /v2.0/ports?tenant_id=420c0bea433246f99cb6aa60129a7cec&device_id=8edd1079-9c73-4a78-af93-1d21f0c6cd7b HTTP/1.1" status: 200 len: 1632 time: 0.0726860
2026-07-01 08:36:55.055 9 INFO neutron.wsgi [req-404ef849-dcb6-4a0b-aa4d-28a30e6ef056 req-e4433522-0d3e-4f1a-a964-26d95b15a4a2 9374107880ac40839e722d551fa1b12c c722d9c5eeeb42fabfbe6a199ee42974 - - default default] 199.204.45.235 "DELETE /v2.0/ports/f9c8961d-e96b-416d-b039-d2109c9c5c50 HTTP/1.1" status: 204 len: 173 time: 1.5003972
2026-07-01 08:36:55.083 9 INFO neutron.wsgi [req-192a0e1d-921b-4ee0-a578-6891d36cc264 req-29946642-c831-4caa-bb71-73863aea871b 8e496516951c466da03049da1912698b 9108d4d4cf4d463f827d698f2fad947c - - 6637fb82bf4d401aae4d36fd00c31ba8 6637fb82bf4d401aae4d36fd00c31ba8] 199.204.45.235 "GET /v2.0/floatingips?fixed_ip_address=10.2.2.14&port_id=997da0ad-30aa-46b5-ae60-37a36730b538 HTTP/1.1" status: 200 len: 217 time: 0.0269840
2026-07-01 08:36:55.126 9 INFO neutron.wsgi [req-192a0e1d-921b-4ee0-a578-6891d36cc264 req-74e4ac35-b596-4d9e-af1b-a84c6d587ace 8e496516951c466da03049da1912698b 9108d4d4cf4d463f827d698f2fad947c - - 6637fb82bf4d401aae4d36fd00c31ba8 6637fb82bf4d401aae4d36fd00c31ba8] 199.204.45.235 "GET /v2.0/floatingips?fixed_ip_address=fd77%3A1457%3A4cf0%3A26a8%3A%3A1a&port_id=997da0ad-30aa-46b5-ae60-37a36730b538 HTTP/1.1" status: 200 len: 217 time: 0.0326664
2026-07-01 08:36:55.191 9 INFO neutron.wsgi [req-192a0e1d-921b-4ee0-a578-6891d36cc264 req-bb5e0a9c-86f7-411b-bba2-722210e539e8 8e496516951c466da03049da1912698b 9108d4d4cf4d463f827d698f2fad947c - - 6637fb82bf4d401aae4d36fd00c31ba8 6637fb82bf4d401aae4d36fd00c31ba8] 199.204.45.235 "GET /v2.0/subnets?id=5168e74b-3355-4663-9fb0-f25a76548ac5&id=24f6d2b2-1256-4bf6-bbed-db20da2799ed HTTP/1.1" status: 200 len: 1567 time: 0.0535035
2026-07-01 08:36:55.223 9 INFO neutron.wsgi [req-192a0e1d-921b-4ee0-a578-6891d36cc264 req-203a9c9f-6433-4f0d-a803-211f65fab5aa 8e496516951c466da03049da1912698b 9108d4d4cf4d463f827d698f2fad947c - - 6637fb82bf4d401aae4d36fd00c31ba8 6637fb82bf4d401aae4d36fd00c31ba8] 199.204.45.235 "GET /v2.0/ports?network_id=27188d4f-e799-40d8-bec0-cfcbd27c97c9&device_owner=network%3Adhcp HTTP/1.1" status: 200 len: 210 time: 0.0221663
2026-07-01 08:36:55.252 9 INFO neutron.wsgi [req-192a0e1d-921b-4ee0-a578-6891d36cc264 req-61cfcda9-896b-4500-bc9c-f43abf3d83e9 8e496516951c466da03049da1912698b 9108d4d4cf4d463f827d698f2fad947c - - 6637fb82bf4d401aae4d36fd00c31ba8 6637fb82bf4d401aae4d36fd00c31ba8] 199.204.45.235 "GET /v2.0/ports?network_id=27188d4f-e799-40d8-bec0-cfcbd27c97c9&device_owner=network%3Adhcp HTTP/1.1" status: 200 len: 210 time: 0.0230541
2026-07-01 08:36:55.330 9 INFO neutron.wsgi [req-192a0e1d-921b-4ee0-a578-6891d36cc264 req-8213e6f4-a551-4124-8bfa-2900336ce385 8e496516951c466da03049da1912698b 9108d4d4cf4d463f827d698f2fad947c - - 6637fb82bf4d401aae4d36fd00c31ba8 6637fb82bf4d401aae4d36fd00c31ba8] 199.204.45.235 "GET /v2.0/networks/27188d4f-e799-40d8-bec0-cfcbd27c97c9?fields=segments HTTP/1.1" status: 200 len: 212 time: 0.0705206
2026-07-01 08:36:55.410 9 INFO neutron.wsgi [req-192a0e1d-921b-4ee0-a578-6891d36cc264 req-992e0cfe-8a37-4fec-a83a-bfdb54cd275c 8e496516951c466da03049da1912698b 9108d4d4cf4d463f827d698f2fad947c - - 6637fb82bf4d401aae4d36fd00c31ba8 6637fb82bf4d401aae4d36fd00c31ba8] 199.204.45.235 "GET /v2.0/networks/27188d4f-e799-40d8-bec0-cfcbd27c97c9?fields=provider%3Aphysical_network&fields=provider%3Anetwork_type HTTP/1.1" status: 200 len: 277 time: 0.0744801
2026-07-01 08:36:55.644 9 INFO neutron.plugins.ml2.drivers.ovn.mech_driver.mech_driver [None req-aa695e8c-ebc2-4ae9-8756-61460255505c - - - - - -] OVN reports status up for port: 997da0ad-30aa-46b5-ae60-37a36730b538
2026-07-01 08:36:55.659 9 INFO neutron.plugins.ml2.plugin [None req-aa695e8c-ebc2-4ae9-8756-61460255505c - - - - - -] Attempt 1 to provision port 997da0ad-30aa-46b5-ae60-37a36730b538
2026-07-01 08:36:55.793 9 INFO neutron.notifiers.nova [-] Nova event matching ['req-37298248-56e7-447c-975e-d670bcc01b80'] response: {'server_uuid': '34ef0962-f28a-4845-9752-8ea72367155a', 'name': 'network-vif-plugged', 'status': 'completed', 'tag': 'ea0e1bde-5bce-4f78-9b58-65d00cf2ef9c', 'code': 200}
2026-07-01 08:36:55.793 9 INFO neutron.notifiers.nova [-] Nova event matching ['req-37298248-56e7-447c-975e-d670bcc01b80'] response: {'server_uuid': '34ef0962-f28a-4845-9752-8ea72367155a', 'name': 'network-vif-deleted', 'tag': 'ea0e1bde-5bce-4f78-9b58-65d00cf2ef9c', 'status': 'completed', 'code': 200}
