2026-07-01 08:39:02.587 9 INFO neutron.wsgi [req-10e9fb56-1613-4bb7-b968-7fe534cc1363 req-e6af7a34-a85c-4844-ad09-8e7b02756f9a 8e496516951c466da03049da1912698b 9108d4d4cf4d463f827d698f2fad947c - - 6637fb82bf4d401aae4d36fd00c31ba8 6637fb82bf4d401aae4d36fd00c31ba8] 199.204.45.235 "GET /v2.0/networks/b19bb402-7118-41da-afa1-a1bf606845e2?fields=segments HTTP/1.1" status: 200 len: 212 time: 0.0623639
2026-07-01 08:39:02.652 9 INFO neutron.wsgi [req-10e9fb56-1613-4bb7-b968-7fe534cc1363 req-2b7515c0-6104-4b88-9c0f-7abc1f21872b 8e496516951c466da03049da1912698b 9108d4d4cf4d463f827d698f2fad947c - - 6637fb82bf4d401aae4d36fd00c31ba8 6637fb82bf4d401aae4d36fd00c31ba8] 199.204.45.235 "GET /v2.0/networks/b19bb402-7118-41da-afa1-a1bf606845e2?fields=provider%3Aphysical_network&fields=provider%3Anetwork_type HTTP/1.1" status: 200 len: 277 time: 0.0608308
2026-07-01 08:39:02.684 9 INFO neutron.wsgi [req-10e9fb56-1613-4bb7-b968-7fe534cc1363 req-fba381f6-4c79-437f-bfa2-f7ea453ccec1 8e496516951c466da03049da1912698b 9108d4d4cf4d463f827d698f2fad947c - - 6637fb82bf4d401aae4d36fd00c31ba8 6637fb82bf4d401aae4d36fd00c31ba8] 199.204.45.235 "GET /v2.0/floatingips?fixed_ip_address=10.2.1.247&port_id=ab96d4b4-6c59-4461-a052-38fc32611377 HTTP/1.1" status: 200 len: 217 time: 0.0239565
2026-07-01 08:39:02.732 9 INFO neutron.wsgi [req-10e9fb56-1613-4bb7-b968-7fe534cc1363 req-7bceb814-b277-4fa3-83ca-b90dcfc59700 8e496516951c466da03049da1912698b 9108d4d4cf4d463f827d698f2fad947c - - 6637fb82bf4d401aae4d36fd00c31ba8 6637fb82bf4d401aae4d36fd00c31ba8] 199.204.45.235 "GET /v2.0/subnets?id=0da673c1-4e18-4d3a-b2b5-08f4778e423e HTTP/1.1" status: 200 len: 851 time: 0.0399666
2026-07-01 08:39:02.761 9 INFO neutron.wsgi [req-10e9fb56-1613-4bb7-b968-7fe534cc1363 req-8b80d726-5cb4-47f0-ac15-8db0073e863b 8e496516951c466da03049da1912698b 9108d4d4cf4d463f827d698f2fad947c - - 6637fb82bf4d401aae4d36fd00c31ba8 6637fb82bf4d401aae4d36fd00c31ba8] 199.204.45.235 "GET /v2.0/ports?network_id=c8b69755-80b4-4933-b583-d4e9a413c5a2&device_owner=network%3Adhcp HTTP/1.1" status: 200 len: 210 time: 0.0213556
2026-07-01 08:39:02.825 9 INFO neutron.wsgi [req-10e9fb56-1613-4bb7-b968-7fe534cc1363 req-52e30f87-65b1-4bb1-825c-884130612f84 8e496516951c466da03049da1912698b 9108d4d4cf4d463f827d698f2fad947c - - 6637fb82bf4d401aae4d36fd00c31ba8 6637fb82bf4d401aae4d36fd00c31ba8] 199.204.45.235 "GET /v2.0/networks/c8b69755-80b4-4933-b583-d4e9a413c5a2?fields=segments HTTP/1.1" status: 200 len: 212 time: 0.0580819
2026-07-01 08:39:02.906 9 INFO neutron.wsgi [req-10e9fb56-1613-4bb7-b968-7fe534cc1363 req-404007d3-9592-4579-8519-7a69d59f07cc 8e496516951c466da03049da1912698b 9108d4d4cf4d463f827d698f2fad947c - - 6637fb82bf4d401aae4d36fd00c31ba8 6637fb82bf4d401aae4d36fd00c31ba8] 199.204.45.235 "GET /v2.0/networks/c8b69755-80b4-4933-b583-d4e9a413c5a2?fields=provider%3Aphysical_network&fields=provider%3Anetwork_type HTTP/1.1" status: 200 len: 277 time: 0.0730138
2026-07-01 08:39:02.943 9 INFO neutron.wsgi [req-10e9fb56-1613-4bb7-b968-7fe534cc1363 req-1e628bb2-95b0-4e7a-8d93-c323dec4afde 8e496516951c466da03049da1912698b 9108d4d4cf4d463f827d698f2fad947c - - 6637fb82bf4d401aae4d36fd00c31ba8 6637fb82bf4d401aae4d36fd00c31ba8] 199.204.45.235 "GET /v2.0/floatingips?fixed_ip_address=10.2.2.135&port_id=0d4b463e-5c53-42c9-ad6e-cfb7950b6454 HTTP/1.1" status: 200 len: 217 time: 0.0298944
2026-07-01 08:39:02.975 9 INFO neutron.wsgi [req-10e9fb56-1613-4bb7-b968-7fe534cc1363 req-322d8de4-e7f6-433e-8ad1-53adf9292dfb 8e496516951c466da03049da1912698b 9108d4d4cf4d463f827d698f2fad947c - - 6637fb82bf4d401aae4d36fd00c31ba8 6637fb82bf4d401aae4d36fd00c31ba8] 199.204.45.235 "GET /v2.0/floatingips?fixed_ip_address=fd77%3A1457%3A4cf0%3A26a8%3A%3A25d&port_id=0d4b463e-5c53-42c9-ad6e-cfb7950b6454 HTTP/1.1" status: 200 len: 217 time: 0.0271246
2026-07-01 08:39:03.037 9 INFO neutron.wsgi [req-10e9fb56-1613-4bb7-b968-7fe534cc1363 req-ac051828-f27b-4af6-9931-d262fd55833c 8e496516951c466da03049da1912698b 9108d4d4cf4d463f827d698f2fad947c - - 6637fb82bf4d401aae4d36fd00c31ba8 6637fb82bf4d401aae4d36fd00c31ba8] 199.204.45.235 "GET /v2.0/subnets?id=5168e74b-3355-4663-9fb0-f25a76548ac5&id=24f6d2b2-1256-4bf6-bbed-db20da2799ed HTTP/1.1" status: 200 len: 1567 time: 0.0561550
2026-07-01 08:39:03.069 9 INFO neutron.wsgi [req-10e9fb56-1613-4bb7-b968-7fe534cc1363 req-c97d9142-65b8-46a6-93c0-c7c84a319063 8e496516951c466da03049da1912698b 9108d4d4cf4d463f827d698f2fad947c - - 6637fb82bf4d401aae4d36fd00c31ba8 6637fb82bf4d401aae4d36fd00c31ba8] 199.204.45.235 "GET /v2.0/ports?network_id=27188d4f-e799-40d8-bec0-cfcbd27c97c9&device_owner=network%3Adhcp HTTP/1.1" status: 200 len: 210 time: 0.0250199
2026-07-01 08:39:03.111 9 INFO neutron.wsgi [req-10e9fb56-1613-4bb7-b968-7fe534cc1363 req-3881989f-04fd-43b5-9eff-954e32497bad 8e496516951c466da03049da1912698b 9108d4d4cf4d463f827d698f2fad947c - - 6637fb82bf4d401aae4d36fd00c31ba8 6637fb82bf4d401aae4d36fd00c31ba8] 199.204.45.235 "GET /v2.0/ports?network_id=27188d4f-e799-40d8-bec0-cfcbd27c97c9&device_owner=network%3Adhcp HTTP/1.1" status: 200 len: 210 time: 0.0318298
2026-07-01 08:39:03.201 9 INFO neutron.wsgi [req-10e9fb56-1613-4bb7-b968-7fe534cc1363 req-2c8eaf22-61d1-4d5e-957c-6ba0d76d40b8 8e496516951c466da03049da1912698b 9108d4d4cf4d463f827d698f2fad947c - - 6637fb82bf4d401aae4d36fd00c31ba8 6637fb82bf4d401aae4d36fd00c31ba8] 199.204.45.235 "GET /v2.0/networks/27188d4f-e799-40d8-bec0-cfcbd27c97c9?fields=segments HTTP/1.1" status: 200 len: 212 time: 0.0778451
2026-07-01 08:39:03.285 9 INFO neutron.wsgi [req-10e9fb56-1613-4bb7-b968-7fe534cc1363 req-70bf7789-f73e-4c2b-b5c5-b0d6733eedc3 8e496516951c466da03049da1912698b 9108d4d4cf4d463f827d698f2fad947c - - 6637fb82bf4d401aae4d36fd00c31ba8 6637fb82bf4d401aae4d36fd00c31ba8] 199.204.45.235 "GET /v2.0/networks/27188d4f-e799-40d8-bec0-cfcbd27c97c9?fields=provider%3Aphysical_network&fields=provider%3Anetwork_type HTTP/1.1" status: 200 len: 277 time: 0.0769801
2026-07-01 08:39:03.432 9 INFO neutron.wsgi [req-60e2f71e-c50d-403a-b57d-53a0dd43c205 req-af1a86ce-7bb0-459a-bb15-aa1fb4843167 8e496516951c466da03049da1912698b 9108d4d4cf4d463f827d698f2fad947c - - 6637fb82bf4d401aae4d36fd00c31ba8 6637fb82bf4d401aae4d36fd00c31ba8] 199.204.45.235 "GET /v2.0/ports?tenant_id=af37a0cc71c24db9840a2d1e68c45ecf&device_id=045d8402-5cd8-44c1-9806-68f6a8af4130 HTTP/1.1" status: 200 len: 5351 time: 0.0869925
2026-07-01 08:39:03.433 10 INFO neutron.plugins.ml2.drivers.ovn.mech_driver.mech_driver [None req-1a7dfe54-e8bf-4cd1-a3fa-fa7bbabf8714 - - - - - -] OVN reports status up for port: 0d4b463e-5c53-42c9-ad6e-cfb7950b6454
2026-07-01 08:39:03.455 10 INFO neutron.plugins.ml2.plugin [None req-1a7dfe54-e8bf-4cd1-a3fa-fa7bbabf8714 - - - - - -] Attempt 1 to provision port 0d4b463e-5c53-42c9-ad6e-cfb7950b6454
2026-07-01 08:39:03.533 9 INFO neutron.wsgi [req-60e2f71e-c50d-403a-b57d-53a0dd43c205 req-c99ee592-eb85-4a98-a3f8-b1212a9d071e 8e496516951c466da03049da1912698b 9108d4d4cf4d463f827d698f2fad947c - - 6637fb82bf4d401aae4d36fd00c31ba8 6637fb82bf4d401aae4d36fd00c31ba8] 199.204.45.235 "GET /v2.0/networks?id=27188d4f-e799-40d8-bec0-cfcbd27c97c9 HTTP/1.1" status: 200 len: 1000 time: 0.0935898
2026-07-01 08:39:03.575 9 INFO neutron.wsgi [req-60e2f71e-c50d-403a-b57d-53a0dd43c205 req-9811df17-04da-48f1-b763-33bf293c218a 8e496516951c466da03049da1912698b 9108d4d4cf4d463f827d698f2fad947c - - 6637fb82bf4d401aae4d36fd00c31ba8 6637fb82bf4d401aae4d36fd00c31ba8] 199.204.45.235 "GET /v2.0/floatingips?fixed_ip_address=10.2.2.135&port_id=0d4b463e-5c53-42c9-ad6e-cfb7950b6454 HTTP/1.1" status: 200 len: 217 time: 0.0330212
2026-07-01 08:39:03.635 9 INFO neutron.wsgi [req-60e2f71e-c50d-403a-b57d-53a0dd43c205 req-3f90e7ec-a073-435e-84c3-bbf1bc9ee371 8e496516951c466da03049da1912698b 9108d4d4cf4d463f827d698f2fad947c - - 6637fb82bf4d401aae4d36fd00c31ba8 6637fb82bf4d401aae4d36fd00c31ba8] 199.204.45.235 "GET /v2.0/floatingips?fixed_ip_address=fd77%3A1457%3A4cf0%3A26a8%3A%3A25d&port_id=0d4b463e-5c53-42c9-ad6e-cfb7950b6454 HTTP/1.1" status: 200 len: 217 time: 0.0514925
2026-07-01 08:39:03.643 10 INFO neutron.notifiers.nova [-] Nova event matching ['req-c423be22-7b8b-42cb-9913-c49db6b4064b'] response: {'server_uuid': '045d8402-5cd8-44c1-9806-68f6a8af4130', 'name': 'network-vif-plugged', 'status': 'completed', 'tag': '0d4b463e-5c53-42c9-ad6e-cfb7950b6454', 'code': 200}
2026-07-01 08:39:03.686 9 INFO neutron.wsgi [req-60e2f71e-c50d-403a-b57d-53a0dd43c205 req-9e61fe46-40bd-4af3-9a1d-707748a91c72 8e496516951c466da03049da1912698b 9108d4d4cf4d463f827d698f2fad947c - - 6637fb82bf4d401aae4d36fd00c31ba8 6637fb82bf4d401aae4d36fd00c31ba8] 199.204.45.235 "GET /v2.0/subnets?id=5168e74b-3355-4663-9fb0-f25a76548ac5&id=24f6d2b2-1256-4bf6-bbed-db20da2799ed HTTP/1.1" status: 200 len: 1567 time: 0.0426185
2026-07-01 08:39:03.719 9 INFO neutron.wsgi [req-60e2f71e-c50d-403a-b57d-53a0dd43c205 req-139bc9e8-15e0-4de0-b6b9-a50d948969fc 8e496516951c466da03049da1912698b 9108d4d4cf4d463f827d698f2fad947c - - 6637fb82bf4d401aae4d36fd00c31ba8 6637fb82bf4d401aae4d36fd00c31ba8] 199.204.45.235 "GET /v2.0/ports?network_id=27188d4f-e799-40d8-bec0-cfcbd27c97c9&device_owner=network%3Adhcp HTTP/1.1" status: 200 len: 210 time: 0.0251610
2026-07-01 08:39:03.750 9 INFO neutron.wsgi [req-60e2f71e-c50d-403a-b57d-53a0dd43c205 req-03bb93bd-d297-4fef-a3b4-a071196bece9 8e496516951c466da03049da1912698b 9108d4d4cf4d463f827d698f2fad947c - - 6637fb82bf4d401aae4d36fd00c31ba8 6637fb82bf4d401aae4d36fd00c31ba8] 199.204.45.235 "GET /v2.0/ports?network_id=27188d4f-e799-40d8-bec0-cfcbd27c97c9&device_owner=network%3Adhcp HTTP/1.1" status: 200 len: 210 time: 0.0235567
2026-07-01 08:39:03.752 10 INFO neutron.wsgi [req-10e9fb56-1613-4bb7-b968-7fe534cc1363 req-388a4ba6-6cb2-4d85-adb3-7c1a0eff1f9f d304297cc5d34d8b86439095a51d7958 af37a0cc71c24db9840a2d1e68c45ecf - - default default] 10.0.0.16 "GET /v2.0/ports/0d4b463e-5c53-42c9-ad6e-cfb7950b6454 HTTP/1.1" status: 200 len: 1639 time: 0.1139696
2026-07-01 08:39:03.833 9 INFO neutron.wsgi [None req-0adbeb98-82ca-435a-ae0a-d02661eb1183 d304297cc5d34d8b86439095a51d7958 af37a0cc71c24db9840a2d1e68c45ecf - - default default] 199.204.45.235 "GET /v2.0/ports/0d4b463e-5c53-42c9-ad6e-cfb7950b6454 HTTP/1.1" status: 200 len: 1639 time: 0.0662861
2026-07-01 08:39:03.841 10 INFO neutron.db.ovn_revision_numbers_db [None req-1a7dfe54-e8bf-4cd1-a3fa-fa7bbabf8714 - - - - - -] Successfully bumped revision number for resource 0d4b463e-5c53-42c9-ad6e-cfb7950b6454 (type: ports) to 4
2026-07-01 08:39:03.869 9 INFO neutron.wsgi [req-60e2f71e-c50d-403a-b57d-53a0dd43c205 req-7e6b5beb-367a-4507-8183-b5c4a47ed354 8e496516951c466da03049da1912698b 9108d4d4cf4d463f827d698f2fad947c - - 6637fb82bf4d401aae4d36fd00c31ba8 6637fb82bf4d401aae4d36fd00c31ba8] 199.204.45.235 "GET /v2.0/networks/27188d4f-e799-40d8-bec0-cfcbd27c97c9?fields=segments HTTP/1.1" status: 200 len: 212 time: 0.1109035
2026-07-01 08:39:03.892 9 INFO neutron.wsgi [None req-7a7a54d5-9c99-432f-b3d4-dc8ff314f13a d304297cc5d34d8b86439095a51d7958 af37a0cc71c24db9840a2d1e68c45ecf - - default default] 199.204.45.235 "GET /v2.0/ports/0d4b463e-5c53-42c9-ad6e-cfb7950b6454 HTTP/1.1" status: 200 len: 1639 time: 0.0490856
2026-07-01 08:39:03.986 9 INFO neutron.wsgi [req-60e2f71e-c50d-403a-b57d-53a0dd43c205 req-f985b5a7-04cf-4acb-aefc-f0994dc72a43 8e496516951c466da03049da1912698b 9108d4d4cf4d463f827d698f2fad947c - - 6637fb82bf4d401aae4d36fd00c31ba8 6637fb82bf4d401aae4d36fd00c31ba8] 199.204.45.235 "GET /v2.0/networks/27188d4f-e799-40d8-bec0-cfcbd27c97c9?fields=provider%3Aphysical_network&fields=provider%3Anetwork_type HTTP/1.1" status: 200 len: 277 time: 0.1095171
2026-07-01 08:39:04.448 9 INFO neutron.db.ovn_revision_numbers_db [None req-1d2ddcd9-97aa-4f3a-b521-96bf920a83b9 d304297cc5d34d8b86439095a51d7958 af37a0cc71c24db9840a2d1e68c45ecf - - default default] Successfully bumped revision number for resource 0d4b463e-5c53-42c9-ad6e-cfb7950b6454 (type: ports) to 5
2026-07-01 08:39:04.464 9 INFO neutron.wsgi [None req-1d2ddcd9-97aa-4f3a-b521-96bf920a83b9 d304297cc5d34d8b86439095a51d7958 af37a0cc71c24db9840a2d1e68c45ecf - - default default] 199.204.45.235 "PUT /v2.0/ports/0d4b463e-5c53-42c9-ad6e-cfb7950b6454 HTTP/1.1" status: 200 len: 1378 time: 0.5624168 /var/lib/openstack/lib/python3.10/site-packages/pycadf/identifier.py:71: UserWarning: Invalid uuid: neutron. To ensure interoperability, identifiers should be a valid uuid. warnings.warn(('Invalid uuid: %s. To ensure interoperability, '
2026-07-01 08:39:04.505 9 INFO neutron.notifiers.nova [-] Nova event matching ['req-384c0973-ad93-41ae-b411-1410fbd8c0f0'] response: {'name': 'network-changed', 'server_uuid': '045d8402-5cd8-44c1-9806-68f6a8af4130', 'tag': '0d4b463e-5c53-42c9-ad6e-cfb7950b6454', 'status': 'completed', 'code': 200}
2026-07-01 08:39:04.589 9 INFO neutron.wsgi [req-6895d5a7-c90c-42d4-af6c-8b5e025c7f70 req-67ed1237-fc96-457c-b667-1d2921f10d6c 8e496516951c466da03049da1912698b 9108d4d4cf4d463f827d698f2fad947c - - 6637fb82bf4d401aae4d36fd00c31ba8 6637fb82bf4d401aae4d36fd00c31ba8] 199.204.45.235 "GET /v2.0/ports?tenant_id=af37a0cc71c24db9840a2d1e68c45ecf&device_id=045d8402-5cd8-44c1-9806-68f6a8af4130 HTTP/1.1" status: 200 len: 5120 time: 0.0606804
2026-07-01 08:39:04.594 9 INFO neutron.wsgi [None req-8d782ea5-fabe-44d9-a7a3-4b137c10b361 d304297cc5d34d8b86439095a51d7958 af37a0cc71c24db9840a2d1e68c45ecf - - default default] 199.204.45.235 "GET /v2.0/networks/27188d4f-e799-40d8-bec0-cfcbd27c97c9 HTTP/1.1" status: 200 len: 997 time: 0.1212060
2026-07-01 08:39:04.667 9 INFO neutron.wsgi [None req-d7b65885-4a8b-4862-968f-81741c065f51 d304297cc5d34d8b86439095a51d7958 af37a0cc71c24db9840a2d1e68c45ecf - - default default] 199.204.45.235 "GET /v2.0/subnets/5168e74b-3355-4663-9fb0-f25a76548ac5 HTTP/1.1" status: 200 len: 849 time: 0.0633636
2026-07-01 08:39:04.694 9 INFO neutron.wsgi [req-6895d5a7-c90c-42d4-af6c-8b5e025c7f70 req-42d174b9-8839-48a0-8a85-8b931932280b 8e496516951c466da03049da1912698b 9108d4d4cf4d463f827d698f2fad947c - - 6637fb82bf4d401aae4d36fd00c31ba8 6637fb82bf4d401aae4d36fd00c31ba8] 199.204.45.235 "GET /v2.0/networks?id=27188d4f-e799-40d8-bec0-cfcbd27c97c9 HTTP/1.1" status: 200 len: 1000 time: 0.0982969
2026-07-01 08:39:04.735 9 INFO neutron.wsgi [req-6895d5a7-c90c-42d4-af6c-8b5e025c7f70 req-a8361e67-2da6-4d1a-b820-7f907920c494 8e496516951c466da03049da1912698b 9108d4d4cf4d463f827d698f2fad947c - - 6637fb82bf4d401aae4d36fd00c31ba8 6637fb82bf4d401aae4d36fd00c31ba8] 199.204.45.235 "GET /v2.0/floatingips?fixed_ip_address=10.2.2.135&port_id=0d4b463e-5c53-42c9-ad6e-cfb7950b6454 HTTP/1.1" status: 200 len: 217 time: 0.0329442
2026-07-01 08:39:04.777 9 INFO neutron.wsgi [None req-101bbecf-d8d1-4c1d-b595-efa055c333e2 d304297cc5d34d8b86439095a51d7958 af37a0cc71c24db9840a2d1e68c45ecf - - default default] 199.204.45.235 "GET /v2.0/extensions/security-group HTTP/1.1" status: 200 len: 369 time: 0.0080621
2026-07-01 08:39:04.788 9 INFO neutron.wsgi [None req-f25d320b-196c-4c3e-a1df-a3f8564321ef d304297cc5d34d8b86439095a51d7958 af37a0cc71c24db9840a2d1e68c45ecf - - default default] 199.204.45.235 "GET /v2.0/extensions/dns-integration HTTP/1.1" status: 200 len: 371 time: 0.0047128
2026-07-01 08:39:04.798 9 INFO neutron.wsgi [None req-53625fd8-79f6-41ff-9c53-1c33434e3cc7 d304297cc5d34d8b86439095a51d7958 af37a0cc71c24db9840a2d1e68c45ecf - - default default] 199.204.45.235 "GET /v2.0/extensions/qos HTTP/1.1" status: 200 len: 365 time: 0.0060639
2026-07-01 08:39:04.803 9 INFO neutron.wsgi [req-6895d5a7-c90c-42d4-af6c-8b5e025c7f70 req-58b3b68a-463b-4b8d-96a9-3f3967002357 8e496516951c466da03049da1912698b 9108d4d4cf4d463f827d698f2fad947c - - 6637fb82bf4d401aae4d36fd00c31ba8 6637fb82bf4d401aae4d36fd00c31ba8] 199.204.45.235 "GET /v2.0/subnets?id=5168e74b-3355-4663-9fb0-f25a76548ac5 HTTP/1.1" status: 200 len: 852 time: 0.0581882
2026-07-01 08:39:04.806 9 INFO neutron.wsgi [None req-1fca893c-c1e8-4c80-a54f-5641e8d93a59 d304297cc5d34d8b86439095a51d7958 af37a0cc71c24db9840a2d1e68c45ecf - - default default] 199.204.45.235 "GET /v2.0/extensions/allowed-address-pairs HTTP/1.1" status: 200 len: 383 time: 0.0033200
2026-07-01 08:39:04.864 9 INFO neutron.wsgi [req-6895d5a7-c90c-42d4-af6c-8b5e025c7f70 req-95f799ab-78b2-4052-8dab-fae41b8576e4 8e496516951c466da03049da1912698b 9108d4d4cf4d463f827d698f2fad947c - - 6637fb82bf4d401aae4d36fd00c31ba8 6637fb82bf4d401aae4d36fd00c31ba8] 199.204.45.235 "GET /v2.0/ports?network_id=27188d4f-e799-40d8-bec0-cfcbd27c97c9&device_owner=network%3Adhcp HTTP/1.1" status: 200 len: 210 time: 0.0532529
2026-07-01 08:39:04.877 9 INFO neutron.wsgi [None req-ef0ea5b7-8e09-415c-b030-3b5f793e7b89 d304297cc5d34d8b86439095a51d7958 af37a0cc71c24db9840a2d1e68c45ecf - - default default] 199.204.45.235 "GET /v2.0/subnets/a61f1755-2921-473a-8102-f38f2ce999cc HTTP/1.1" status: 200 len: 850 time: 0.0661325
2026-07-01 08:39:04.955 9 INFO neutron.wsgi [None req-bf81b660-c1fa-4d33-90b3-f184967c10f4 d304297cc5d34d8b86439095a51d7958 af37a0cc71c24db9840a2d1e68c45ecf - - default default] 199.204.45.235 "GET /v2.0/ports/c3ac84a0-99f7-4b03-ad33-50d6cdb9bdf2 HTTP/1.1" status: 200 len: 1340 time: 0.0713413
2026-07-01 08:39:05.008 9 INFO neutron.wsgi [req-6895d5a7-c90c-42d4-af6c-8b5e025c7f70 req-534f2100-97c2-41b2-bd8e-be16c6f95385 8e496516951c466da03049da1912698b 9108d4d4cf4d463f827d698f2fad947c - - 6637fb82bf4d401aae4d36fd00c31ba8 6637fb82bf4d401aae4d36fd00c31ba8] 199.204.45.235 "GET /v2.0/networks/27188d4f-e799-40d8-bec0-cfcbd27c97c9?fields=segments HTTP/1.1" status: 200 len: 212 time: 0.1362076
2026-07-01 08:39:05.024 9 INFO neutron.wsgi [None req-dc4e8a73-adc7-4fe0-845a-70e06888be85 d304297cc5d34d8b86439095a51d7958 af37a0cc71c24db9840a2d1e68c45ecf - - default default] 199.204.45.235 "GET /v2.0/ports/5d9a0717-67d7-40ca-aaaa-05652a369390 HTTP/1.1" status: 200 len: 1515 time: 0.0597820
2026-07-01 08:39:05.095 9 INFO neutron.wsgi [None req-9b6717bb-869b-4caa-bc59-9410c03c38f7 d304297cc5d34d8b86439095a51d7958 af37a0cc71c24db9840a2d1e68c45ecf - - default default] 199.204.45.235 "GET /v2.0/subnets/a61f1755-2921-473a-8102-f38f2ce999cc HTTP/1.1" status: 200 len: 850 time: 0.0622473
2026-07-01 08:39:05.140 9 INFO neutron.wsgi [req-6895d5a7-c90c-42d4-af6c-8b5e025c7f70 req-3f3bc1ff-a638-4613-9775-ce28ae09f122 8e496516951c466da03049da1912698b 9108d4d4cf4d463f827d698f2fad947c - - 6637fb82bf4d401aae4d36fd00c31ba8 6637fb82bf4d401aae4d36fd00c31ba8] 199.204.45.235 "GET /v2.0/networks/27188d4f-e799-40d8-bec0-cfcbd27c97c9?fields=provider%3Aphysical_network&fields=provider%3Anetwork_type HTTP/1.1" status: 200 len: 277 time: 0.1250815
2026-07-01 08:39:05.183 9 INFO neutron.wsgi [None req-a48053ef-4433-4372-9edd-788971214372 d304297cc5d34d8b86439095a51d7958 af37a0cc71c24db9840a2d1e68c45ecf - - default default] 199.204.45.235 "GET /v2.0/networks/b19bb402-7118-41da-afa1-a1bf606845e2 HTTP/1.1" status: 200 len: 1002 time: 0.0808039
2026-07-01 08:39:05.237 9 INFO neutron.wsgi [None req-fb39621a-1e7a-482d-8bb2-7fe2642f46fe d304297cc5d34d8b86439095a51d7958 af37a0cc71c24db9840a2d1e68c45ecf - - default default] 199.204.45.235 "GET /v2.0/ports/c3ac84a0-99f7-4b03-ad33-50d6cdb9bdf2 HTTP/1.1" status: 200 len: 1340 time: 0.0450177
2026-07-01 08:39:05.285 9 INFO neutron.wsgi [None req-87644d6c-9254-4e6f-a257-7626f0fa5e64 d304297cc5d34d8b86439095a51d7958 af37a0cc71c24db9840a2d1e68c45ecf - - default default] 199.204.45.235 "GET /v2.0/subnets/a61f1755-2921-473a-8102-f38f2ce999cc HTTP/1.1" status: 200 len: 850 time: 0.0405283
2026-07-01 08:39:05.691 10 INFO neutron.notifiers.nova [-] Nova event matching ['req-4fdbdb5f-08fd-4c83-aa80-fcab9b6d4a88'] response: {'server_uuid': '045d8402-5cd8-44c1-9806-68f6a8af4130', 'name': 'network-vif-plugged', 'status': 'completed', 'tag': '0d4b463e-5c53-42c9-ad6e-cfb7950b6454', 'code': 200}
2026-07-01 08:39:14.842 10 INFO neutron.wsgi [-] 10.0.0.131 "GET / HTTP/1.1" status: 200 len: 245 time: 0.0028667
2026-07-01 08:39:14.843 9 INFO neutron.wsgi [-] 10.0.0.131 "GET / HTTP/1.1" status: 200 len: 245 time: 0.0030737
2026-07-01 08:39:17.145 15 INFO neutron.db.ovn_revision_numbers_db [None req-cb8ac5a8-1bf6-4c21-9ea7-260490f2e391 - - - - - -] Successfully bumped revision number for resource b19bb402-7118-41da-afa1-a1bf606845e2 (type: networks) to 3
2026-07-01 08:39:17.255 15 INFO neutron.db.ovn_revision_numbers_db [None req-cb8ac5a8-1bf6-4c21-9ea7-260490f2e391 - - - - - -] Successfully bumped revision number for resource c8b69755-80b4-4933-b583-d4e9a413c5a2 (type: networks) to 3
2026-07-01 08:39:17.369 15 INFO neutron.db.ovn_revision_numbers_db [None req-cb8ac5a8-1bf6-4c21-9ea7-260490f2e391 - - - - - -] Successfully bumped revision number for resource 27188d4f-e799-40d8-bec0-cfcbd27c97c9 (type: networks) to 3
2026-07-01 08:39:17.420 15 INFO neutron.db.ovn_revision_numbers_db [None req-cb8ac5a8-1bf6-4c21-9ea7-260490f2e391 - - - - - -] Successfully bumped revision number for resource 969401dc-dee9-44ef-b4b0-b587e83ec681 (type: security_groups) to 12
2026-07-01 08:39:17.462 15 INFO neutron.db.ovn_revision_numbers_db [None req-cb8ac5a8-1bf6-4c21-9ea7-260490f2e391 - - - - - -] Successfully bumped revision number for resource 12981d9a-f8a3-4176-878b-5ba973209496 (type: security_groups) to 3
2026-07-01 08:39:17.889 15 INFO neutron.db.ovn_revision_numbers_db [None req-cb8ac5a8-1bf6-4c21-9ea7-260490f2e391 - - - - - -] Successfully bumped revision number for resource 50dd1aa8-3848-4c13-ab50-e0d76e11a611 (type: routers) to 5
2026-07-01 08:39:18.978 9 INFO neutron.wsgi [None req-594a0cc4-f2bf-454b-9b43-8c389ab087a4 d304297cc5d34d8b86439095a51d7958 af37a0cc71c24db9840a2d1e68c45ecf - - default default] 199.204.45.235 "GET /v2.0/extensions/security-group HTTP/1.1" status: 200 len: 369 time: 0.0095630
2026-07-01 08:39:18.990 9 INFO neutron.wsgi [None req-3511defd-68ae-4a18-9f07-2f994a0b542f d304297cc5d34d8b86439095a51d7958 af37a0cc71c24db9840a2d1e68c45ecf - - default default] 199.204.45.235 "GET /v2.0/extensions/dns-integration HTTP/1.1" status: 200 len: 371 time: 0.0048878
2026-07-01 08:39:19.002 9 INFO neutron.wsgi [None req-d2e02c28-f89f-4a06-a30f-effb134ab5e6 d304297cc5d34d8b86439095a51d7958 af37a0cc71c24db9840a2d1e68c45ecf - - default default] 199.204.45.235 "GET /v2.0/extensions/qos HTTP/1.1" status: 200 len: 365 time: 0.0090709
2026-07-01 08:39:19.016 9 INFO neutron.wsgi [None req-6bef7eb3-4050-408a-8b09-2323ded90d1d d304297cc5d34d8b86439095a51d7958 af37a0cc71c24db9840a2d1e68c45ecf - - default default] 199.204.45.235 "GET /v2.0/extensions/allowed-address-pairs HTTP/1.1" status: 200 len: 383 time: 0.0082409
2026-07-01 08:39:19.059 9 INFO neutron.wsgi [None req-9bac5dd1-5d64-4d19-83e7-d473fb3a44bb d304297cc5d34d8b86439095a51d7958 af37a0cc71c24db9840a2d1e68c45ecf - - default default] 199.204.45.235 "GET /v2.0/subnets/0da673c1-4e18-4d3a-b2b5-08f4778e423e HTTP/1.1" status: 200 len: 848 time: 0.0365381
2026-07-01 08:39:19.114 9 INFO neutron.wsgi [None req-c92c5174-b6a3-4ae4-af4f-e22ab82cdc4c d304297cc5d34d8b86439095a51d7958 af37a0cc71c24db9840a2d1e68c45ecf - - default default] 199.204.45.235 "GET /v2.0/ports?device_id=045d8402-5cd8-44c1-9806-68f6a8af4130 HTTP/1.1" status: 200 len: 5120 time: 0.0473516
2026-07-01 08:39:19.294 9 INFO neutron.wsgi [None req-cb7a739a-1be4-42ce-9393-18269fb7fda3 d304297cc5d34d8b86439095a51d7958 af37a0cc71c24db9840a2d1e68c45ecf - - default default] 199.204.45.235 "GET /v2.0/extensions/security-group HTTP/1.1" status: 200 len: 369 time: 0.0071878
2026-07-01 08:39:19.305 9 INFO neutron.wsgi [None req-680aaec1-f283-4846-93e3-d4cd822cb216 d304297cc5d34d8b86439095a51d7958 af37a0cc71c24db9840a2d1e68c45ecf - - default default] 199.204.45.235 "GET /v2.0/extensions/dns-integration HTTP/1.1" status: 200 len: 371 time: 0.0060129
2026-07-01 08:39:19.315 9 INFO neutron.wsgi [None req-b8078fad-d43b-422a-9cad-a4e99a5fc397 d304297cc5d34d8b86439095a51d7958 af37a0cc71c24db9840a2d1e68c45ecf - - default default] 199.204.45.235 "GET /v2.0/extensions/qos HTTP/1.1" status: 200 len: 365 time: 0.0045755
2026-07-01 08:39:19.333 9 INFO neutron.wsgi [None req-0864fab6-083d-474b-977b-549aa3d833d7 d304297cc5d34d8b86439095a51d7958 af37a0cc71c24db9840a2d1e68c45ecf - - default default] 199.204.45.235 "GET /v2.0/extensions/allowed-address-pairs HTTP/1.1" status: 200 len: 383 time: 0.0093834
2026-07-01 08:39:19.379 9 INFO neutron.wsgi [None req-ea539718-68bc-4354-95e4-3b88e8de2c85 d304297cc5d34d8b86439095a51d7958 af37a0cc71c24db9840a2d1e68c45ecf - - default default] 199.204.45.235 "GET /v2.0/ports/0d4b463e-5c53-42c9-ad6e-cfb7950b6454 HTTP/1.1" status: 200 len: 1406 time: 0.0401700
2026-07-01 08:39:19.590 15 INFO neutron.plugins.ml2.drivers.ovn.mech_driver.ovsdb.maintenance [None req-cb8ac5a8-1bf6-4c21-9ea7-260490f2e391 - - - - - -] Maintenance task: Synchronization finished (took 2.59 seconds)
2026-07-01 08:39:19.883 9 INFO neutron.db.ovn_revision_numbers_db [None req-1f7ac090-17dc-42c9-aeff-a2aab8a2a99e d304297cc5d34d8b86439095a51d7958 af37a0cc71c24db9840a2d1e68c45ecf - - default default] Successfully bumped revision number for resource 0d4b463e-5c53-42c9-ad6e-cfb7950b6454 (type: ports) to 6
2026-07-01 08:39:19.898 9 INFO neutron.wsgi [None req-1f7ac090-17dc-42c9-aeff-a2aab8a2a99e d304297cc5d34d8b86439095a51d7958 af37a0cc71c24db9840a2d1e68c45ecf - - default default] 199.204.45.235 "PUT /v2.0/ports/0d4b463e-5c53-42c9-ad6e-cfb7950b6454 HTTP/1.1" status: 200 len: 1203 time: 0.5111187 /var/lib/openstack/lib/python3.10/site-packages/pycadf/identifier.py:71: UserWarning: Invalid uuid: neutron. To ensure interoperability, identifiers should be a valid uuid. warnings.warn(('Invalid uuid: %s. To ensure interoperability, '
2026-07-01 08:39:19.947 9 INFO neutron.notifiers.nova [-] Nova event matching ['req-370295f1-c110-4f84-be4e-6fa69b8d485f'] response: {'name': 'network-changed', 'server_uuid': '045d8402-5cd8-44c1-9806-68f6a8af4130', 'tag': '0d4b463e-5c53-42c9-ad6e-cfb7950b6454', 'status': 'completed', 'code': 200}
2026-07-01 08:39:20.416 9 INFO neutron.wsgi [req-185b3b9f-13d3-4d5a-b3d5-82be9258abe3 req-43019570-8ef7-4176-8ad8-20b54adb095d 8e496516951c466da03049da1912698b 9108d4d4cf4d463f827d698f2fad947c - - 6637fb82bf4d401aae4d36fd00c31ba8 6637fb82bf4d401aae4d36fd00c31ba8] 199.204.45.235 "GET /v2.0/ports?tenant_id=af37a0cc71c24db9840a2d1e68c45ecf&device_id=045d8402-5cd8-44c1-9806-68f6a8af4130 HTTP/1.1" status: 200 len: 4945 time: 0.0473340
2026-07-01 08:39:20.425 9 INFO neutron.wsgi [None req-a4dffe95-8059-4a5c-bea4-f121c264696e d304297cc5d34d8b86439095a51d7958 af37a0cc71c24db9840a2d1e68c45ecf - - default default] 199.204.45.235 "GET /v2.0/networks/27188d4f-e799-40d8-bec0-cfcbd27c97c9 HTTP/1.1" status: 200 len: 997 time: 0.5186222
2026-07-01 08:39:20.508 9 INFO neutron.wsgi [None req-3c433074-eedc-4052-aa4d-ebb8e9f0e185 d304297cc5d34d8b86439095a51d7958 af37a0cc71c24db9840a2d1e68c45ecf - - default default] 199.204.45.235 "GET /v2.0/ports?device_id=045d8402-5cd8-44c1-9806-68f6a8af4130 HTTP/1.1" status: 200 len: 4945 time: 0.0658569
2026-07-01 08:39:20.530 9 INFO neutron.wsgi [req-185b3b9f-13d3-4d5a-b3d5-82be9258abe3 req-efe87122-9317-46ab-9c8b-00dcfc79c1c7 8e496516951c466da03049da1912698b 9108d4d4cf4d463f827d698f2fad947c - - 6637fb82bf4d401aae4d36fd00c31ba8 6637fb82bf4d401aae4d36fd00c31ba8] 199.204.45.235 "GET /v2.0/networks?id=27188d4f-e799-40d8-bec0-cfcbd27c97c9 HTTP/1.1" status: 200 len: 1000 time: 0.1042328
2026-07-01 08:39:20.601 9 INFO neutron.wsgi [req-185b3b9f-13d3-4d5a-b3d5-82be9258abe3 req-ea0f6901-69c5-4c94-80cd-edccd96c2a21 8e496516951c466da03049da1912698b 9108d4d4cf4d463f827d698f2fad947c - - 6637fb82bf4d401aae4d36fd00c31ba8 6637fb82bf4d401aae4d36fd00c31ba8] 199.204.45.235 "GET /v2.0/networks/27188d4f-e799-40d8-bec0-cfcbd27c97c9?fields=segments HTTP/1.1" status: 200 len: 212 time: 0.0644913
2026-07-01 08:39:20.654 9 INFO neutron.wsgi [None req-915dcebd-d1e7-4347-906a-10328b4ef0ea d304297cc5d34d8b86439095a51d7958 af37a0cc71c24db9840a2d1e68c45ecf - - default default] 199.204.45.235 "GET /v2.0/ports?device_id=045d8402-5cd8-44c1-9806-68f6a8af4130 HTTP/1.1" status: 200 len: 4945 time: 0.0526261
2026-07-01 08:39:20.706 9 INFO neutron.wsgi [req-185b3b9f-13d3-4d5a-b3d5-82be9258abe3 req-7a1e1a43-7e7f-4442-84f3-3265e0b2b429 8e496516951c466da03049da1912698b 9108d4d4cf4d463f827d698f2fad947c - - 6637fb82bf4d401aae4d36fd00c31ba8 6637fb82bf4d401aae4d36fd00c31ba8] 199.204.45.235 "GET /v2.0/networks/27188d4f-e799-40d8-bec0-cfcbd27c97c9?fields=provider%3Aphysical_network&fields=provider%3Anetwork_type HTTP/1.1" status: 200 len: 277 time: 0.0950089
2026-07-01 08:39:20.880 10 INFO neutron.plugins.ml2.drivers.ovn.mech_driver.mech_driver [None req-1a7dfe54-e8bf-4cd1-a3fa-fa7bbabf8714 - - - - - -] OVN reports status down for port: 0d4b463e-5c53-42c9-ad6e-cfb7950b6454
2026-07-01 08:39:20.958 9 INFO neutron.wsgi [req-f55f3452-d8fc-4759-8897-e59a9bc65b80 req-c6f40482-47a5-4ebf-8a97-dc0d07a3ca38 8e496516951c466da03049da1912698b 9108d4d4cf4d463f827d698f2fad947c - - 6637fb82bf4d401aae4d36fd00c31ba8 6637fb82bf4d401aae4d36fd00c31ba8] 199.204.45.235 "GET /v2.0/ports/0d4b463e-5c53-42c9-ad6e-cfb7950b6454 HTTP/1.1" status: 200 len: 1231 time: 0.0420585
2026-07-01 08:39:21.053 10 INFO neutron.notifiers.nova [-] Nova event matching ['req-a813ac4f-82d5-4967-8acb-bb79a8fe5888'] response: {'server_uuid': '045d8402-5cd8-44c1-9806-68f6a8af4130', 'name': 'network-vif-unplugged', 'status': 'completed', 'tag': '0d4b463e-5c53-42c9-ad6e-cfb7950b6454', 'code': 200}
2026-07-01 08:39:21.228 10 INFO neutron.db.ovn_revision_numbers_db [None req-1a7dfe54-e8bf-4cd1-a3fa-fa7bbabf8714 - - - - - -] Successfully bumped revision number for resource 0d4b463e-5c53-42c9-ad6e-cfb7950b6454 (type: ports) to 7
2026-07-01 08:39:21.298 9 INFO neutron.wsgi [req-f55f3452-d8fc-4759-8897-e59a9bc65b80 req-e3b56875-0b34-42a2-a565-a9fe2321252b d304297cc5d34d8b86439095a51d7958 af37a0cc71c24db9840a2d1e68c45ecf - - default default] 199.204.45.235 "DELETE /v2.0/ports/0d4b463e-5c53-42c9-ad6e-cfb7950b6454 HTTP/1.1" status: 204 len: 173 time: 0.3330252
2026-07-01 08:39:21.408 9 INFO neutron.wsgi [req-f55f3452-d8fc-4759-8897-e59a9bc65b80 req-d000a9a1-41df-478c-8be7-897bf21be68b 8e496516951c466da03049da1912698b 9108d4d4cf4d463f827d698f2fad947c - - 6637fb82bf4d401aae4d36fd00c31ba8 6637fb82bf4d401aae4d36fd00c31ba8] 199.204.45.235 "GET /v2.0/ports?tenant_id=af37a0cc71c24db9840a2d1e68c45ecf&device_id=045d8402-5cd8-44c1-9806-68f6a8af4130 HTTP/1.1" status: 200 len: 3922 time: 0.0579648
2026-07-01 08:39:21.498 9 INFO neutron.wsgi [req-f55f3452-d8fc-4759-8897-e59a9bc65b80 req-cf3f49a6-12bb-461c-9d5f-251becc35f99 8e496516951c466da03049da1912698b 9108d4d4cf4d463f827d698f2fad947c - - 6637fb82bf4d401aae4d36fd00c31ba8 6637fb82bf4d401aae4d36fd00c31ba8] 199.204.45.235 "GET /v2.0/networks?id=d5d34f44-3dc5-4983-8d9a-732b689f3376&id=b19bb402-7118-41da-afa1-a1bf606845e2&id=c8b69755-80b4-4933-b583-d4e9a413c5a2&id=27188d4f-e799-40d8-bec0-cfcbd27c97c9 HTTP/1.1" status: 200 len: 3306 time: 0.0829003
2026-07-01 08:39:21.531 9 INFO neutron.wsgi [req-f55f3452-d8fc-4759-8897-e59a9bc65b80 req-b2e5ded2-d434-4618-94bd-915967b780ae 8e496516951c466da03049da1912698b 9108d4d4cf4d463f827d698f2fad947c - - 6637fb82bf4d401aae4d36fd00c31ba8 6637fb82bf4d401aae4d36fd00c31ba8] 199.204.45.235 "GET /v2.0/floatingips?fixed_ip_address=172.24.3.118&port_id=b35d336f-02a6-4096-9a91-08724eb2d119 HTTP/1.1" status: 200 len: 217 time: 0.0252309
2026-07-01 08:39:21.574 9 INFO neutron.wsgi [req-f55f3452-d8fc-4759-8897-e59a9bc65b80 req-7eb31253-b756-4f63-ae6c-25e80cfa614d 8e496516951c466da03049da1912698b 9108d4d4cf4d463f827d698f2fad947c - - 6637fb82bf4d401aae4d36fd00c31ba8 6637fb82bf4d401aae4d36fd00c31ba8] 199.204.45.235 "GET /v2.0/subnets?id=6c1aa79b-9968-46d1-8985-fd2620737d2a HTTP/1.1" status: 200 len: 829 time: 0.0356612
2026-07-01 08:39:21.618 9 INFO neutron.wsgi [req-f55f3452-d8fc-4759-8897-e59a9bc65b80 req-a7bc3872-59d8-49d1-9dcb-20733e9a28f2 8e496516951c466da03049da1912698b 9108d4d4cf4d463f827d698f2fad947c - - 6637fb82bf4d401aae4d36fd00c31ba8 6637fb82bf4d401aae4d36fd00c31ba8] 199.204.45.235 "GET /v2.0/ports?network_id=d5d34f44-3dc5-4983-8d9a-732b689f3376&device_owner=network%3Adhcp HTTP/1.1" status: 200 len: 210 time: 0.0353725
2026-07-01 08:39:21.710 9 INFO neutron.wsgi [req-f55f3452-d8fc-4759-8897-e59a9bc65b80 req-2c1286c5-90c3-4f15-abd1-94da40e38bf1 8e496516951c466da03049da1912698b 9108d4d4cf4d463f827d698f2fad947c - - 6637fb82bf4d401aae4d36fd00c31ba8 6637fb82bf4d401aae4d36fd00c31ba8] 199.204.45.235 "GET /v2.0/networks/d5d34f44-3dc5-4983-8d9a-732b689f3376?fields=segments HTTP/1.1" status: 200 len: 212 time: 0.0855713
2026-07-01 08:39:21.723 9 INFO neutron.wsgi [None req-5dd9880d-bdfe-4c14-9e0d-0728d2f6aa1b d304297cc5d34d8b86439095a51d7958 af37a0cc71c24db9840a2d1e68c45ecf - - default default] 199.204.45.235 "GET /v2.0/ports?device_id=045d8402-5cd8-44c1-9806-68f6a8af4130 HTTP/1.1" status: 200 len: 3922 time: 0.0493336
2026-07-01 08:39:21.757 9 INFO neutron.pecan_wsgi.hooks.translation [None req-08c9a3e7-283b-454c-8f9d-a283fd2feb9c d304297cc5d34d8b86439095a51d7958 af37a0cc71c24db9840a2d1e68c45ecf - - default default] DELETE failed (client error): The resource could not be found.
2026-07-01 08:39:21.760 9 INFO neutron.wsgi [None req-08c9a3e7-283b-454c-8f9d-a283fd2feb9c d304297cc5d34d8b86439095a51d7958 af37a0cc71c24db9840a2d1e68c45ecf - - default default] 199.204.45.235 "DELETE /v2.0/ports/0d4b463e-5c53-42c9-ad6e-cfb7950b6454 HTTP/1.1" status: 404 len: 338 time: 0.0199785
2026-07-01 08:39:21.795 9 INFO neutron.wsgi [req-f55f3452-d8fc-4759-8897-e59a9bc65b80 req-c7945c1b-30c5-411b-be6c-a74a9f3998cb 8e496516951c466da03049da1912698b 9108d4d4cf4d463f827d698f2fad947c - - 6637fb82bf4d401aae4d36fd00c31ba8 6637fb82bf4d401aae4d36fd00c31ba8] 199.204.45.235 "GET /v2.0/networks/d5d34f44-3dc5-4983-8d9a-732b689f3376?fields=provider%3Aphysical_network&fields=provider%3Anetwork_type HTTP/1.1" status: 200 len: 277 time: 0.0717342
2026-07-01 08:39:21.828 9 INFO neutron.wsgi [req-f55f3452-d8fc-4759-8897-e59a9bc65b80 req-f76a3410-0610-49f2-b14f-cb231bd77a22 8e496516951c466da03049da1912698b 9108d4d4cf4d463f827d698f2fad947c - - 6637fb82bf4d401aae4d36fd00c31ba8 6637fb82bf4d401aae4d36fd00c31ba8] 199.204.45.235 "GET /v2.0/floatingips?fixed_ip_address=10.1.1.27&port_id=5d9a0717-67d7-40ca-aaaa-05652a369390 HTTP/1.1" status: 200 len: 217 time: 0.0256536
2026-07-01 08:39:21.874 9 INFO neutron.wsgi [None req-ba13e867-d98c-454a-8c24-515dbcb7cec5 d304297cc5d34d8b86439095a51d7958 af37a0cc71c24db9840a2d1e68c45ecf - - default default] 199.204.45.235 "GET /v2.0/extensions/security-group HTTP/1.1" status: 200 len: 369 time: 0.0084565
2026-07-01 08:39:21.883 9 INFO neutron.wsgi [None req-80f0a1a9-98e6-45df-b964-7a0caf8d9c64 d304297cc5d34d8b86439095a51d7958 af37a0cc71c24db9840a2d1e68c45ecf - - default default] 199.204.45.235 "GET /v2.0/extensions/dns-integration HTTP/1.1" status: 200 len: 371 time: 0.0051827
2026-07-01 08:39:21.890 9 INFO neutron.wsgi [None req-a956a6d2-e5b7-4973-a879-df48c6e8a460 d304297cc5d34d8b86439095a51d7958 af37a0cc71c24db9840a2d1e68c45ecf - - default default] 199.204.45.235 "GET /v2.0/extensions/qos HTTP/1.1" status: 200 len: 365 time: 0.0032320
2026-07-01 08:39:21.894 9 INFO neutron.wsgi [req-f55f3452-d8fc-4759-8897-e59a9bc65b80 req-dd9b9593-2876-46d7-a44c-c275a843bddc 8e496516951c466da03049da1912698b 9108d4d4cf4d463f827d698f2fad947c - - 6637fb82bf4d401aae4d36fd00c31ba8 6637fb82bf4d401aae4d36fd00c31ba8] 199.204.45.235 "GET /v2.0/subnets?id=a61f1755-2921-473a-8102-f38f2ce999cc HTTP/1.1" status: 200 len: 853 time: 0.0577586
2026-07-01 08:39:21.898 9 INFO neutron.wsgi [None req-74754d72-2683-466d-89b4-dba664417c95 d304297cc5d34d8b86439095a51d7958 af37a0cc71c24db9840a2d1e68c45ecf - - default default] 199.204.45.235 "GET /v2.0/extensions/allowed-address-pairs HTTP/1.1" status: 200 len: 383 time: 0.0038824
2026-07-01 08:39:21.936 9 INFO neutron.wsgi [req-f55f3452-d8fc-4759-8897-e59a9bc65b80 req-c6cea81e-7043-48c5-9928-94a911d2fd83 8e496516951c466da03049da1912698b 9108d4d4cf4d463f827d698f2fad947c - - 6637fb82bf4d401aae4d36fd00c31ba8 6637fb82bf4d401aae4d36fd00c31ba8] 199.204.45.235 "GET /v2.0/ports?network_id=b19bb402-7118-41da-afa1-a1bf606845e2&device_owner=network%3Adhcp HTTP/1.1" status: 200 len: 210 time: 0.0341506
2026-07-01 08:39:21.986 9 INFO neutron.wsgi [None req-ce0aee1f-20c7-4ddb-99dc-74340ef9bc89 d304297cc5d34d8b86439095a51d7958 af37a0cc71c24db9840a2d1e68c45ecf - - default default] 199.204.45.235 "GET /v2.0/subnets/a61f1755-2921-473a-8102-f38f2ce999cc HTTP/1.1" status: 200 len: 850 time: 0.0837345
2026-07-01 08:39:22.000 9 INFO neutron.notifiers.nova [-] Nova event matching ['req-ea6a7344-934f-42bc-b640-e95730e7d20c'] response: {'server_uuid': '045d8402-5cd8-44c1-9806-68f6a8af4130', 'name': 'network-vif-deleted', 'tag': '0d4b463e-5c53-42c9-ad6e-cfb7950b6454', 'status': 'completed', 'code': 200}
2026-07-01 08:39:22.040 9 INFO neutron.wsgi [None req-8567e6c3-a276-46bc-afa6-2531f777b963 d304297cc5d34d8b86439095a51d7958 af37a0cc71c24db9840a2d1e68c45ecf - - default default] 199.204.45.235 "GET /v2.0/ports/c3ac84a0-99f7-4b03-ad33-50d6cdb9bdf2 HTTP/1.1" status: 200 len: 1340 time: 0.0413291
2026-07-01 08:39:22.069 9 INFO neutron.wsgi [req-f55f3452-d8fc-4759-8897-e59a9bc65b80 req-8e3831d3-6bfc-4119-9175-d62716729cae 8e496516951c466da03049da1912698b 9108d4d4cf4d463f827d698f2fad947c - - 6637fb82bf4d401aae4d36fd00c31ba8 6637fb82bf4d401aae4d36fd00c31ba8] 199.204.45.235 "GET /v2.0/networks/b19bb402-7118-41da-afa1-a1bf606845e2?fields=segments HTTP/1.1" status: 200 len: 212 time: 0.1199245
2026-07-01 08:39:22.117 9 INFO neutron.wsgi [None req-852169ca-1e46-478c-819f-12f161372c9a d304297cc5d34d8b86439095a51d7958 af37a0cc71c24db9840a2d1e68c45ecf - - default default] 199.204.45.235 "GET /v2.0/ports/5d9a0717-67d7-40ca-aaaa-05652a369390 HTTP/1.1" status: 200 len: 1515 time: 0.0660999
2026-07-01 08:39:22.167 9 INFO neutron.wsgi [req-f55f3452-d8fc-4759-8897-e59a9bc65b80 req-b2e8e176-5fd8-40b0-98ed-9354c7165c14 8e496516951c466da03049da1912698b 9108d4d4cf4d463f827d698f2fad947c - - 6637fb82bf4d401aae4d36fd00c31ba8 6637fb82bf4d401aae4d36fd00c31ba8] 199.204.45.235 "GET /v2.0/networks/b19bb402-7118-41da-afa1-a1bf606845e2?fields=provider%3Aphysical_network&fields=provider%3Anetwork_type HTTP/1.1" status: 200 len: 277 time: 0.0895748
2026-07-01 08:39:22.170 9 INFO neutron.wsgi [None req-88a6a3f9-f4e2-4fbe-8989-7b3bd6b399be d304297cc5d34d8b86439095a51d7958 af37a0cc71c24db9840a2d1e68c45ecf - - default default] 199.204.45.235 "GET /v2.0/subnets/a61f1755-2921-473a-8102-f38f2ce999cc HTTP/1.1" status: 200 len: 850 time: 0.0451834
2026-07-01 08:39:22.203 9 INFO neutron.wsgi [req-f55f3452-d8fc-4759-8897-e59a9bc65b80 req-8e11e6fd-8aa5-4014-b3b3-4c96ad00fcfe 8e496516951c466da03049da1912698b 9108d4d4cf4d463f827d698f2fad947c - - 6637fb82bf4d401aae4d36fd00c31ba8 6637fb82bf4d401aae4d36fd00c31ba8] 199.204.45.235 "GET /v2.0/floatingips?fixed_ip_address=10.2.1.247&port_id=ab96d4b4-6c59-4461-a052-38fc32611377 HTTP/1.1" status: 200 len: 217 time: 0.0287161
2026-07-01 08:39:22.257 9 INFO neutron.wsgi [req-f55f3452-d8fc-4759-8897-e59a9bc65b80 req-7248c671-b6ff-4040-9c12-62ce6797c20c 8e496516951c466da03049da1912698b 9108d4d4cf4d463f827d698f2fad947c - - 6637fb82bf4d401aae4d36fd00c31ba8 6637fb82bf4d401aae4d36fd00c31ba8] 199.204.45.235 "GET /v2.0/subnets?id=0da673c1-4e18-4d3a-b2b5-08f4778e423e HTTP/1.1" status: 200 len: 851 time: 0.0402918
2026-07-01 08:39:22.263 9 INFO neutron.wsgi [None req-9e1cbc58-b87e-49d2-bb50-c844480b6f9e d304297cc5d34d8b86439095a51d7958 af37a0cc71c24db9840a2d1e68c45ecf - - default default] 199.204.45.235 "GET /v2.0/networks/b19bb402-7118-41da-afa1-a1bf606845e2 HTTP/1.1" status: 200 len: 1002 time: 0.0881300
2026-07-01 08:39:22.285 9 INFO neutron.wsgi [req-f55f3452-d8fc-4759-8897-e59a9bc65b80 req-b99923f9-191a-4418-8089-306c4d1f3179 8e496516951c466da03049da1912698b 9108d4d4cf4d463f827d698f2fad947c - - 6637fb82bf4d401aae4d36fd00c31ba8 6637fb82bf4d401aae4d36fd00c31ba8] 199.204.45.235 "GET /v2.0/ports?network_id=c8b69755-80b4-4933-b583-d4e9a413c5a2&device_owner=network%3Adhcp HTTP/1.1" status: 200 len: 210 time: 0.0211501
2026-07-01 08:39:22.317 9 INFO neutron.wsgi [None req-b4621452-27b1-41d6-9d56-17106117943a d304297cc5d34d8b86439095a51d7958 af37a0cc71c24db9840a2d1e68c45ecf - - default default] 199.204.45.235 "GET /v2.0/ports/c3ac84a0-99f7-4b03-ad33-50d6cdb9bdf2 HTTP/1.1" status: 200 len: 1340 time: 0.0443490
2026-07-01 08:39:22.371 9 INFO neutron.wsgi [None req-46544e47-df15-4499-b8e1-8fa955734d41 d304297cc5d34d8b86439095a51d7958 af37a0cc71c24db9840a2d1e68c45ecf - - default default] 199.204.45.235 "GET /v2.0/subnets/a61f1755-2921-473a-8102-f38f2ce999cc HTTP/1.1" status: 200 len: 850 time: 0.0417480
2026-07-01 08:39:22.380 9 INFO neutron.wsgi [req-f55f3452-d8fc-4759-8897-e59a9bc65b80 req-09494ed3-cbcd-47c7-b31a-d4241032c004 8e496516951c466da03049da1912698b 9108d4d4cf4d463f827d698f2fad947c - - 6637fb82bf4d401aae4d36fd00c31ba8 6637fb82bf4d401aae4d36fd00c31ba8] 199.204.45.235 "GET /v2.0/networks/c8b69755-80b4-4933-b583-d4e9a413c5a2?fields=segments HTTP/1.1" status: 200 len: 212 time: 0.0889878
2026-07-01 08:39:22.467 9 INFO neutron.wsgi [req-f55f3452-d8fc-4759-8897-e59a9bc65b80 req-d40eda51-fead-4736-ab91-4fef0c4fd505 8e496516951c466da03049da1912698b 9108d4d4cf4d463f827d698f2fad947c - - 6637fb82bf4d401aae4d36fd00c31ba8 6637fb82bf4d401aae4d36fd00c31ba8] 199.204.45.235 "GET /v2.0/networks/c8b69755-80b4-4933-b583-d4e9a413c5a2?fields=provider%3Aphysical_network&fields=provider%3Anetwork_type HTTP/1.1" status: 200 len: 277 time: 0.0800610
2026-07-01 08:39:23.107 10 INFO neutron.notifiers.nova [-] Nova event matching ['req-4530e6d4-6283-4fea-9e12-c92862a07f41'] response: {'server_uuid': '045d8402-5cd8-44c1-9806-68f6a8af4130', 'name': 'network-vif-plugged', 'status': 'completed', 'tag': '0d4b463e-5c53-42c9-ad6e-cfb7950b6454', 'code': 200} /var/lib/openstack/lib/python3.10/site-packages/pycadf/identifier.py:71: UserWarning: Invalid uuid: neutron. To ensure interoperability, identifiers should be a valid uuid. warnings.warn(('Invalid uuid: %s. To ensure interoperability, '
2026-07-01 08:39:26.560 9 INFO neutron.wsgi [req-a498fcce-129e-4846-a3c9-98cb05e30ddf req-6c55ac2d-af05-403e-b731-9be6fa930326 8e496516951c466da03049da1912698b 9108d4d4cf4d463f827d698f2fad947c - - 6637fb82bf4d401aae4d36fd00c31ba8 6637fb82bf4d401aae4d36fd00c31ba8] 199.204.45.235 "GET /v2.0/ports?device_id=c15da1e6-24a8-426b-b414-f23a77626560&fields=binding%3Ahost_id&fields=binding%3Avif_type HTTP/1.1" status: 200 len: 265 time: 0.0514047
2026-07-01 08:39:26.645 10 INFO neutron.wsgi [None req-eaadad13-9af4-49b3-a806-3d2743f47be4 d304297cc5d34d8b86439095a51d7958 af37a0cc71c24db9840a2d1e68c45ecf - - default default] 10.0.0.18 "GET /v2.0/routers HTTP/1.1" status: 200 len: 849 time: 0.1452472
2026-07-01 08:39:26.668 10 INFO neutron.wsgi [None req-30597a33-2e01-4f4b-b9b2-40070c1e0c71 d304297cc5d34d8b86439095a51d7958 af37a0cc71c24db9840a2d1e68c45ecf - - default default] 10.0.0.18 "GET /v2.0/agents?binary=ovn-controller HTTP/1.1" status: 200 len: 591 time: 0.0212154
2026-07-01 08:39:26.675 9 INFO neutron.wsgi [req-a498fcce-129e-4846-a3c9-98cb05e30ddf req-d7f6be48-27a6-4983-b124-6f0818f3c47d 8e496516951c466da03049da1912698b 9108d4d4cf4d463f827d698f2fad947c - - 6637fb82bf4d401aae4d36fd00c31ba8 6637fb82bf4d401aae4d36fd00c31ba8] 199.204.45.235 "GET /v2.0/ports?tenant_id=420c0bea433246f99cb6aa60129a7cec&device_id=c15da1e6-24a8-426b-b414-f23a77626560 HTTP/1.1" status: 200 len: 1634 time: 0.0612290
2026-07-01 08:39:26.775 9 INFO neutron.wsgi [req-a498fcce-129e-4846-a3c9-98cb05e30ddf req-2831cd7b-80c1-448c-b2e2-94b24223d280 8e496516951c466da03049da1912698b 9108d4d4cf4d463f827d698f2fad947c - - 6637fb82bf4d401aae4d36fd00c31ba8 6637fb82bf4d401aae4d36fd00c31ba8] 199.204.45.235 "GET /v2.0/networks?id=c8b69755-80b4-4933-b583-d4e9a413c5a2 HTTP/1.1" status: 200 len: 1002 time: 0.0739913
2026-07-01 08:39:26.839 9 INFO neutron.wsgi [req-a498fcce-129e-4846-a3c9-98cb05e30ddf req-e3e64066-4acb-4499-9620-74132e01a00a 8e496516951c466da03049da1912698b 9108d4d4cf4d463f827d698f2fad947c - - 6637fb82bf4d401aae4d36fd00c31ba8 6637fb82bf4d401aae4d36fd00c31ba8] 199.204.45.235 "GET /v2.0/floatingips?fixed_ip_address=10.2.1.122&port_id=e1ba03f4-c35b-48ab-8e6d-c1769d339c48 HTTP/1.1" status: 200 len: 1059 time: 0.0548806
2026-07-01 08:39:26.874 9 INFO neutron.wsgi [req-a498fcce-129e-4846-a3c9-98cb05e30ddf req-35bc3730-46bd-4922-acf2-ec6234d5803f 8e496516951c466da03049da1912698b 9108d4d4cf4d463f827d698f2fad947c - - 6637fb82bf4d401aae4d36fd00c31ba8 6637fb82bf4d401aae4d36fd00c31ba8] 199.204.45.235 "GET /v2.0/floatingips?fixed_ip_address=fd7b%3Af9f7%3Afff%3A4eca%3A%3Ab3&port_id=e1ba03f4-c35b-48ab-8e6d-c1769d339c48 HTTP/1.1" status: 200 len: 217 time: 0.0269320
2026-07-01 08:39:26.925 9 INFO neutron.wsgi [req-a498fcce-129e-4846-a3c9-98cb05e30ddf req-79e58228-13bd-4858-97f0-6f7f005917e5 8e496516951c466da03049da1912698b 9108d4d4cf4d463f827d698f2fad947c - - 6637fb82bf4d401aae4d36fd00c31ba8 6637fb82bf4d401aae4d36fd00c31ba8] 199.204.45.235 "GET /v2.0/subnets?id=7f1c452d-af56-43c9-a311-3f46f7476f1c&id=0da673c1-4e18-4d3a-b2b5-08f4778e423e HTTP/1.1" status: 200 len: 1562 time: 0.0429094
2026-07-01 08:39:26.964 9 INFO neutron.wsgi [req-a498fcce-129e-4846-a3c9-98cb05e30ddf req-c3fd9a74-5ee9-44cc-87ce-48dc5d51486d 8e496516951c466da03049da1912698b 9108d4d4cf4d463f827d698f2fad947c - - 6637fb82bf4d401aae4d36fd00c31ba8 6637fb82bf4d401aae4d36fd00c31ba8] 199.204.45.235 "GET /v2.0/ports?network_id=c8b69755-80b4-4933-b583-d4e9a413c5a2&device_owner=network%3Adhcp HTTP/1.1" status: 200 len: 210 time: 0.0289607
2026-07-01 08:39:26.994 9 INFO neutron.wsgi [req-a498fcce-129e-4846-a3c9-98cb05e30ddf req-4d7a1789-f5ef-4ce3-8fe5-3f8c7c42b770 8e496516951c466da03049da1912698b 9108d4d4cf4d463f827d698f2fad947c - - 6637fb82bf4d401aae4d36fd00c31ba8 6637fb82bf4d401aae4d36fd00c31ba8] 199.204.45.235 "GET /v2.0/ports?network_id=c8b69755-80b4-4933-b583-d4e9a413c5a2&device_owner=network%3Adhcp HTTP/1.1" status: 200 len: 210 time: 0.0238755
2026-07-01 08:39:27.088 9 INFO neutron.wsgi [req-a498fcce-129e-4846-a3c9-98cb05e30ddf req-ac935876-84ea-4593-9414-c42654ecb053 8e496516951c466da03049da1912698b 9108d4d4cf4d463f827d698f2fad947c - - 6637fb82bf4d401aae4d36fd00c31ba8 6637fb82bf4d401aae4d36fd00c31ba8] 199.204.45.235 "GET /v2.0/networks/c8b69755-80b4-4933-b583-d4e9a413c5a2?fields=segments HTTP/1.1" status: 200 len: 212 time: 0.0852189
2026-07-01 08:39:27.130 10 INFO neutron.wsgi [None req-a2961811-82d8-4976-8274-8c794f150ef3 d304297cc5d34d8b86439095a51d7958 af37a0cc71c24db9840a2d1e68c45ecf - - default default] 10.0.0.18 "GET /v2.0/ports HTTP/1.1" status: 200 len: 23412 time: 0.4612296
2026-07-01 08:39:27.178 9 INFO neutron.wsgi [req-a498fcce-129e-4846-a3c9-98cb05e30ddf req-c8c3966b-df23-4f5a-adce-c7640c1b902f 8e496516951c466da03049da1912698b 9108d4d4cf4d463f827d698f2fad947c - - 6637fb82bf4d401aae4d36fd00c31ba8 6637fb82bf4d401aae4d36fd00c31ba8] 199.204.45.235 "GET /v2.0/networks/c8b69755-80b4-4933-b583-d4e9a413c5a2?fields=provider%3Aphysical_network&fields=provider%3Anetwork_type HTTP/1.1" status: 200 len: 277 time: 0.0809720
2026-07-01 08:39:27.228 10 INFO neutron.wsgi [None req-e390410d-8157-4d66-8327-f11d9bf45e3c d304297cc5d34d8b86439095a51d7958 af37a0cc71c24db9840a2d1e68c45ecf - - default default] 10.0.0.18 "GET /v2.0/networks HTTP/1.1" status: 200 len: 4718 time: 0.0837371
2026-07-01 08:39:27.314 10 INFO neutron.wsgi [None req-193eec83-d941-46c4-9058-6b4f9f5116a6 d304297cc5d34d8b86439095a51d7958 af37a0cc71c24db9840a2d1e68c45ecf - - default default] 10.0.0.18 "GET /v2.0/security-groups HTTP/1.1" status: 200 len: 30233 time: 0.0826044
2026-07-01 08:39:27.380 10 INFO neutron.wsgi [None req-0e2742da-98b3-4fb3-86c9-d008f147be57 d304297cc5d34d8b86439095a51d7958 af37a0cc71c24db9840a2d1e68c45ecf - - default default] 10.0.0.18 "GET /v2.0/subnets HTTP/1.1" status: 200 len: 5496 time: 0.0536840
2026-07-01 08:39:27.394 10 INFO neutron.wsgi [None req-86e568ac-55ad-41dc-bba5-58942f90001b d304297cc5d34d8b86439095a51d7958 af37a0cc71c24db9840a2d1e68c45ecf - - default default] 10.0.0.18 "GET /v2.0/agents HTTP/1.1" status: 200 len: 997 time: 0.0118592
2026-07-01 08:39:27.443 10 INFO neutron.wsgi [None req-512ac45a-a30e-4be5-9084-c51bcc7f5e0a d304297cc5d34d8b86439095a51d7958 af37a0cc71c24db9840a2d1e68c45ecf - - default default] 10.0.0.18 "GET /v2.0/floatingips HTTP/1.1" status: 200 len: 2765 time: 0.0465899
2026-07-01 08:39:27.457 10 INFO neutron.wsgi [None req-72ce99e2-d771-4cb7-8f20-95d0d6c303d9 d304297cc5d34d8b86439095a51d7958 af37a0cc71c24db9840a2d1e68c45ecf - - default default] 10.0.0.18 "GET /v2.0/network-ip-availabilities HTTP/1.1" status: 200 len: 3361 time: 0.0127149
2026-07-01 08:39:27.502 10 INFO neutron.wsgi [None req-bf7df143-bcce-4eb5-98eb-ea4d03e25bd8 d304297cc5d34d8b86439095a51d7958 af37a0cc71c24db9840a2d1e68c45ecf - - default default] 10.0.0.18 "GET /v2.0/subnets HTTP/1.1" status: 200 len: 5496 time: 0.0429268
2026-07-01 08:39:27.513 10 INFO neutron.wsgi [None req-697e99aa-5846-4859-b274-ca0957f5a6e0 d304297cc5d34d8b86439095a51d7958 af37a0cc71c24db9840a2d1e68c45ecf - - default default] 10.0.0.18 "GET /v2.0/subnetpools HTTP/1.1" status: 200 len: 193 time: 0.0092933
2026-07-01 08:39:29.842 10 INFO neutron.wsgi [-] 10.0.0.131 "GET / HTTP/1.1" status: 200 len: 245 time: 0.0026619
2026-07-01 08:39:29.844 9 INFO neutron.wsgi [-] 10.0.0.131 "GET / HTTP/1.1" status: 200 len: 245 time: 0.0041342
2026-07-01 08:39:29.955 9 INFO neutron.wsgi [None req-f9b5225b-ef77-4d1b-a482-ab18a77c3037 d304297cc5d34d8b86439095a51d7958 af37a0cc71c24db9840a2d1e68c45ecf - - default default] 199.204.45.235 "GET /v2.0/extensions/security-group HTTP/1.1" status: 200 len: 369 time: 0.0067353
2026-07-01 08:39:29.967 9 INFO neutron.wsgi [None req-d4804daf-f4d8-4fd7-946a-9adb253cecac d304297cc5d34d8b86439095a51d7958 af37a0cc71c24db9840a2d1e68c45ecf - - default default] 199.204.45.235 "GET /v2.0/extensions/dns-integration HTTP/1.1" status: 200 len: 371 time: 0.0051098
