2026-07-01 08:36:12.497 10 INFO neutron.db.ovn_revision_numbers_db [None req-403dde8e-4e96-4a75-b9e7-b4ddd48d40b8 - - - - - -] Successfully bumped revision number for resource 5ffe53ec-0089-4030-8588-ef8dd75b8e8e (type: ports) to 2
2026-07-01 08:36:12.564 9 INFO neutron.db.ovn_revision_numbers_db [None req-cf67b415-9c92-4db9-befb-70989b856ee1 d304297cc5d34d8b86439095a51d7958 af37a0cc71c24db9840a2d1e68c45ecf - - default default] Successfully bumped revision number for resource d4def3a6-25b2-4fe1-b545-1861e2c0200b (type: ports) to 1
2026-07-01 08:36:12.579 10 INFO neutron.wsgi [None req-1bfcd7e0-eda5-4aa5-815c-ad2c2187a4c0 3e7b472114124d969828e07b6afce1d2 a5ee5bbc886e436abdff76acabcddc35 - - default default] 10.0.0.205 "PUT /v2.0/networks/e428757d-6c79-496d-8295-8bc9cb177087/tags HTTP/1.1" status: 200 len: 218 time: 0.1006701
2026-07-01 08:36:12.614 10 INFO neutron.wsgi [req-4155f447-6a15-4774-9e58-3d65e2f541f4 req-eb69868d-5f4d-47ab-87c5-f4ce68636b9d 8e496516951c466da03049da1912698b 9108d4d4cf4d463f827d698f2fad947c - - 6637fb82bf4d401aae4d36fd00c31ba8 6637fb82bf4d401aae4d36fd00c31ba8] 199.204.45.235 "GET /v2.0/networks/0773067b-e365-4bf4-ac30-6a306935f0be?fields=provider%3Aphysical_network&fields=provider%3Anetwork_type HTTP/1.1" status: 200 len: 277 time: 0.1154497
2026-07-01 08:36:12.657 9 WARNING neutron.scheduler.dhcp_agent_scheduler [None req-cf67b415-9c92-4db9-befb-70989b856ee1 d304297cc5d34d8b86439095a51d7958 af37a0cc71c24db9840a2d1e68c45ecf - - default default] No more DHCP agents
2026-07-01 08:36:12.658 10 INFO neutron.wsgi [None req-04c0383b-4693-40e5-80ee-98feefc5a32d 3e7b472114124d969828e07b6afce1d2 a5ee5bbc886e436abdff76acabcddc35 - - default default] 10.0.0.205 "PUT /v2.0/networks/0ce7ec42-38be-4827-a50b-e4a0f5a35a1b/tags HTTP/1.1" status: 200 len: 227 time: 0.0720944
2026-07-01 08:36:12.658 9 WARNING neutron.api.rpc.agentnotifiers.dhcp_rpc_agent_api [None req-cf67b415-9c92-4db9-befb-70989b856ee1 d304297cc5d34d8b86439095a51d7958 af37a0cc71c24db9840a2d1e68c45ecf - - default default] Unable to schedule network 63d63919-cb60-4b05-a7f9-5348ea27a1b9: no agents available; will retry on subsequent port and subnet creation events.
2026-07-01 08:36:12.706 9 INFO neutron.db.ovn_revision_numbers_db [None req-aa695e8c-ebc2-4ae9-8756-61460255505c - - - - - -] Successfully bumped revision number for resource d4def3a6-25b2-4fe1-b545-1861e2c0200b (type: ports) to 2
2026-07-01 08:36:12.771 9 INFO neutron.wsgi [None req-c332a2f0-bdc8-4cd1-a5c8-e3388dc49324 3e7b472114124d969828e07b6afce1d2 a5ee5bbc886e436abdff76acabcddc35 - - default default] 10.0.0.205 "PUT /v2.0/networks/d1753594-160a-4c1b-8c15-410e6d6d8302/tags HTTP/1.1" status: 200 len: 212 time: 0.1072896
2026-07-01 08:36:12.838 9 INFO neutron.db.ovn_revision_numbers_db [None req-aa695e8c-ebc2-4ae9-8756-61460255505c - - - - - -] Successfully bumped revision number for resource d4def3a6-25b2-4fe1-b545-1861e2c0200b (type: router_ports) to 2
2026-07-01 08:36:12.859 10 INFO neutron.wsgi [None req-c169b9cb-c0b6-46da-ac74-a4784f75a62d 3e7b472114124d969828e07b6afce1d2 a5ee5bbc886e436abdff76acabcddc35 - - default default] 10.0.0.205 "GET /v2.0/networks?tags=red HTTP/1.1" status: 200 len: 2067 time: 0.0811272
2026-07-01 08:36:12.883 10 INFO neutron.db.ovn_revision_numbers_db [None req-403dde8e-4e96-4a75-b9e7-b4ddd48d40b8 - - - - - -] Successfully bumped revision number for resource 5ffe53ec-0089-4030-8588-ef8dd75b8e8e (type: ports) to 4
2026-07-01 08:36:12.959 10 INFO neutron.wsgi [None req-11148a42-ccdb-4594-b94c-5314b2738a25 3e7b472114124d969828e07b6afce1d2 a5ee5bbc886e436abdff76acabcddc35 - - default default] 10.0.0.205 "GET /v2.0/networks?tags=red%2Cblue HTTP/1.1" status: 200 len: 1456 time: 0.0931754
2026-07-01 08:36:13.076 9 INFO neutron.wsgi [None req-5275454b-8315-466e-b7ec-f78d4dfe825a 3e7b472114124d969828e07b6afce1d2 a5ee5bbc886e436abdff76acabcddc35 - - default default] 10.0.0.205 "GET /v2.0/networks?tags-any=blue HTTP/1.1" status: 200 len: 1456 time: 0.1109228
2026-07-01 08:36:13.172 9 INFO neutron.wsgi [None req-761138f3-346d-41cf-aa93-b091cedb0b56 3e7b472114124d969828e07b6afce1d2 a5ee5bbc886e436abdff76acabcddc35 - - default default] 10.0.0.205 "GET /v2.0/networks?tags-any=red%2Cblue HTTP/1.1" status: 200 len: 2067 time: 0.0911727
2026-07-01 08:36:13.175 10 INFO neutron.db.ovn_revision_numbers_db [None req-403dde8e-4e96-4a75-b9e7-b4ddd48d40b8 - - - - - -] Successfully bumped revision number for resource 5ffe53ec-0089-4030-8588-ef8dd75b8e8e (type: router_ports) to 4
2026-07-01 08:36:13.301 10 INFO neutron.wsgi [None req-050fb56b-a40e-4dc5-9c6c-30ef9e936a01 3e7b472114124d969828e07b6afce1d2 a5ee5bbc886e436abdff76acabcddc35 - - default default] 10.0.0.205 "GET /v2.0/networks?not-tags=red HTTP/1.1" status: 200 len: 2067 time: 0.1231658
2026-07-01 08:36:13.835 10 INFO neutron.wsgi [None req-9ccbf6c7-1b94-43a6-b9bb-b061d4bf6e33 3e7b472114124d969828e07b6afce1d2 a5ee5bbc886e436abdff76acabcddc35 - - default default] 10.0.0.205 "GET /v2.0/networks?not-tags=red%2Cblue HTTP/1.1" status: 200 len: 2678 time: 0.5262423
2026-07-01 08:36:13.835 9 INFO neutron.db.ovn_revision_numbers_db [None req-cf67b415-9c92-4db9-befb-70989b856ee1 d304297cc5d34d8b86439095a51d7958 af37a0cc71c24db9840a2d1e68c45ecf - - default default] Successfully bumped revision number for resource d4def3a6-25b2-4fe1-b545-1861e2c0200b (type: router_ports) to 2
2026-07-01 08:36:13.838 9 INFO neutron.wsgi [None req-cf67b415-9c92-4db9-befb-70989b856ee1 d304297cc5d34d8b86439095a51d7958 af37a0cc71c24db9840a2d1e68c45ecf - - default default] 10.0.0.205 "PUT /v2.0/routers/2d291497-ad6e-44d9-8644-4e70de391209/add_router_interface HTTP/1.1" status: 200 len: 503 time: 2.8098016
2026-07-01 08:36:13.989 9 INFO neutron.wsgi [None req-f2965652-81b1-4bbc-afe4-f9c1f0ddf7b0 3e7b472114124d969828e07b6afce1d2 a5ee5bbc886e436abdff76acabcddc35 - - default default] 10.0.0.205 "GET /v2.0/networks?not-tags-any=blue HTTP/1.1" status: 200 len: 2678 time: 0.1464214
2026-07-01 08:36:14.098 9 INFO neutron.wsgi [None req-77044fbd-f965-4b95-9a54-661fb69a7741 3e7b472114124d969828e07b6afce1d2 a5ee5bbc886e436abdff76acabcddc35 - - default default] 10.0.0.205 "GET /v2.0/networks?not-tags-any=red%2Cblue HTTP/1.1" status: 200 len: 2067 time: 0.1003532
2026-07-01 08:36:14.513 9 INFO neutron.services.segments.plugin [-] Segment 024a6784-2544-47e3-9f62-8df344e3a808 resource provider aggregate not found
2026-07-01 08:36:14.518 9 INFO neutron.services.segments.plugin [-] Segment 024a6784-2544-47e3-9f62-8df344e3a808 resource provider aggregate not found
2026-07-01 08:36:14.540 9 INFO neutron.services.segments.plugin [-] Segment 024a6784-2544-47e3-9f62-8df344e3a808 resource provider not found; error: Placement Client Error (4xx): {"errors": [{"status": 404, "title": "Not Found", "detail": "The resource could not be found.\n\n No resource provider with uuid 024a6784-2544-47e3-9f62-8df344e3a808 found for delete ", "request_id": "req-9353c644-34ec-4486-8889-1fbd04a10747"}]}
2026-07-01 08:36:14.557 9 INFO neutron.wsgi [None req-f2fccb12-c3d5-47e7-a4c3-463cac8b5d89 3e7b472114124d969828e07b6afce1d2 a5ee5bbc886e436abdff76acabcddc35 - - default default] 10.0.0.205 "DELETE /v2.0/networks/3c0ad3bb-d678-4df0-af85-5d60f5086d37 HTTP/1.1" status: 204 len: 168 time: 0.4495804
2026-07-01 08:36:14.559 9 INFO neutron.services.segments.plugin [-] Segment 024a6784-2544-47e3-9f62-8df344e3a808 resource provider not found; error: Placement Client Error (4xx): {"errors": [{"status": 404, "title": "Not Found", "detail": "The resource could not be found.\n\n No resource provider with uuid 024a6784-2544-47e3-9f62-8df344e3a808 found for delete ", "request_id": "req-5a75726c-0749-4c9e-9ff6-1c4d3a30906c"}]}
2026-07-01 08:36:14.841 9 INFO neutron.wsgi [-] 10.0.0.131 "GET / HTTP/1.1" status: 200 len: 245 time: 0.0019417
2026-07-01 08:36:14.841 10 INFO neutron.wsgi [-] 10.0.0.131 "GET / HTTP/1.1" status: 200 len: 245 time: 0.0020351
2026-07-01 08:36:15.006 10 INFO neutron.services.segments.plugin [-] Segment 2c3201ea-69b7-421f-8fae-38c71a75bf5f resource provider aggregate not found
2026-07-01 08:36:15.013 10 INFO neutron.services.segments.plugin [-] Segment 2c3201ea-69b7-421f-8fae-38c71a75bf5f resource provider aggregate not found
2026-07-01 08:36:15.030 10 INFO neutron.services.segments.plugin [-] Segment 2c3201ea-69b7-421f-8fae-38c71a75bf5f resource provider not found; error: Placement Client Error (4xx): {"errors": [{"status": 404, "title": "Not Found", "detail": "The resource could not be found.\n\n No resource provider with uuid 2c3201ea-69b7-421f-8fae-38c71a75bf5f found for delete ", "request_id": "req-6d1dffff-99a0-418a-ae98-25e2dae2f614"}]}
2026-07-01 08:36:15.031 10 INFO neutron.services.segments.plugin [-] Segment 2c3201ea-69b7-421f-8fae-38c71a75bf5f resource provider not found; error: Placement Client Error (4xx): {"errors": [{"status": 404, "title": "Not Found", "detail": "The resource could not be found.\n\n No resource provider with uuid 2c3201ea-69b7-421f-8fae-38c71a75bf5f found for delete ", "request_id": "req-401bb32b-c61a-4900-bd38-16a1ac3f9ca7"}]}
2026-07-01 08:36:15.080 10 INFO neutron.wsgi [None req-2bf4c880-b588-4d47-80e1-59795019772c 3e7b472114124d969828e07b6afce1d2 a5ee5bbc886e436abdff76acabcddc35 - - default default] 10.0.0.205 "DELETE /v2.0/networks/e428757d-6c79-496d-8295-8bc9cb177087 HTTP/1.1" status: 204 len: 168 time: 0.5173666
2026-07-01 08:36:15.210 10 INFO neutron.db.ovn_revision_numbers_db [None req-5fe0f9d1-e5d8-4bb5-888d-d280aff38c21 d304297cc5d34d8b86439095a51d7958 af37a0cc71c24db9840a2d1e68c45ecf - - default default] Successfully bumped revision number for resource 7e694522-556a-422e-992a-645e49153d62 (type: security_groups) to 1
2026-07-01 08:36:15.229 10 INFO neutron.db.ovn_revision_numbers_db [None req-5fe0f9d1-e5d8-4bb5-888d-d280aff38c21 d304297cc5d34d8b86439095a51d7958 af37a0cc71c24db9840a2d1e68c45ecf - - default default] Successfully bumped revision number for resource c91c94c6-5429-4829-b904-4c5434b3fb9d (type: security_group_rules) to 0
2026-07-01 08:36:15.244 10 INFO neutron.db.ovn_revision_numbers_db [None req-5fe0f9d1-e5d8-4bb5-888d-d280aff38c21 d304297cc5d34d8b86439095a51d7958 af37a0cc71c24db9840a2d1e68c45ecf - - default default] Successfully bumped revision number for resource cf11b499-999d-4337-962d-84eafcb86e6d (type: security_group_rules) to 0
2026-07-01 08:36:15.262 10 INFO neutron.db.ovn_revision_numbers_db [None req-5fe0f9d1-e5d8-4bb5-888d-d280aff38c21 d304297cc5d34d8b86439095a51d7958 af37a0cc71c24db9840a2d1e68c45ecf - - default default] Successfully bumped revision number for resource e96c9345-0f2a-49a4-9957-fb9d678fc68b (type: security_group_rules) to 0
2026-07-01 08:36:15.276 10 INFO neutron.db.ovn_revision_numbers_db [None req-5fe0f9d1-e5d8-4bb5-888d-d280aff38c21 d304297cc5d34d8b86439095a51d7958 af37a0cc71c24db9840a2d1e68c45ecf - - default default] Successfully bumped revision number for resource ef314833-7dfe-4d4b-a227-75b5dd78a4dd (type: security_group_rules) to 0
2026-07-01 08:36:15.320 10 INFO neutron.db.segments_db [None req-5fe0f9d1-e5d8-4bb5-888d-d280aff38c21 d304297cc5d34d8b86439095a51d7958 af37a0cc71c24db9840a2d1e68c45ecf - - default default] Added segment e322062f-0dbc-412c-8315-8c9e3313c353 of type geneve for network 71920986-2639-418f-8733-7f30e9743b15
2026-07-01 08:36:15.463 10 INFO neutron.db.ovn_revision_numbers_db [None req-5fe0f9d1-e5d8-4bb5-888d-d280aff38c21 d304297cc5d34d8b86439095a51d7958 af37a0cc71c24db9840a2d1e68c45ecf - - default default] Successfully bumped revision number for resource 71920986-2639-418f-8733-7f30e9743b15 (type: networks) to 1
2026-07-01 08:36:15.511 9 INFO neutron.wsgi [None req-dd332841-fac9-4b9a-aca4-50a917a32409 3e7b472114124d969828e07b6afce1d2 a5ee5bbc886e436abdff76acabcddc35 - - default default] 10.0.0.205 "DELETE /v2.0/networks/0ce7ec42-38be-4827-a50b-e4a0f5a35a1b HTTP/1.1" status: 204 len: 168 time: 0.4254260
2026-07-01 08:36:15.655 10 WARNING neutron.scheduler.dhcp_agent_scheduler [None req-5fe0f9d1-e5d8-4bb5-888d-d280aff38c21 d304297cc5d34d8b86439095a51d7958 af37a0cc71c24db9840a2d1e68c45ecf - - default default] No more DHCP agents
2026-07-01 08:36:15.658 10 WARNING neutron.api.rpc.agentnotifiers.dhcp_rpc_agent_api [None req-5fe0f9d1-e5d8-4bb5-888d-d280aff38c21 d304297cc5d34d8b86439095a51d7958 af37a0cc71c24db9840a2d1e68c45ecf - - default default] Unable to schedule network 71920986-2639-418f-8733-7f30e9743b15: no agents available; will retry on subsequent port and subnet creation events.
2026-07-01 08:36:15.752 10 INFO neutron.db.ovn_revision_numbers_db [None req-5fe0f9d1-e5d8-4bb5-888d-d280aff38c21 d304297cc5d34d8b86439095a51d7958 af37a0cc71c24db9840a2d1e68c45ecf - - default default] Successfully bumped revision number for resource 1b42b912-fa6a-438b-abf5-4ce3da2218eb (type: ports) to 1
2026-07-01 08:36:15.773 10 INFO neutron.wsgi [None req-5fe0f9d1-e5d8-4bb5-888d-d280aff38c21 d304297cc5d34d8b86439095a51d7958 af37a0cc71c24db9840a2d1e68c45ecf - - default default] 10.0.0.205 "POST /v2.0/networks HTTP/1.1" status: 201 len: 942 time: 0.7278888
2026-07-01 08:36:15.916 9 INFO neutron.wsgi [None req-a7662345-7102-41cc-90b3-a99850849a9a 3e7b472114124d969828e07b6afce1d2 a5ee5bbc886e436abdff76acabcddc35 - - default default] 10.0.0.205 "DELETE /v2.0/networks/d1753594-160a-4c1b-8c15-410e6d6d8302 HTTP/1.1" status: 204 len: 168 time: 0.3980236
2026-07-01 08:36:16.057 10 WARNING neutron.scheduler.dhcp_agent_scheduler [None req-66413ed8-f2f6-4fbe-a6f1-a15c512bb7b7 d304297cc5d34d8b86439095a51d7958 af37a0cc71c24db9840a2d1e68c45ecf - - default default] No more DHCP agents
2026-07-01 08:36:16.062 10 WARNING neutron.api.rpc.agentnotifiers.dhcp_rpc_agent_api [None req-66413ed8-f2f6-4fbe-a6f1-a15c512bb7b7 d304297cc5d34d8b86439095a51d7958 af37a0cc71c24db9840a2d1e68c45ecf - - default default] Unable to schedule network 71920986-2639-418f-8733-7f30e9743b15: no agents available; will retry on subsequent port and subnet creation events.
2026-07-01 08:36:16.499 10 INFO neutron.wsgi [None req-f919d610-37df-4920-81a0-903b11b021b6 3e7b472114124d969828e07b6afce1d2 a5ee5bbc886e436abdff76acabcddc35 - - default default] 10.0.0.205 "DELETE /v2.0/networks/7c0d6adb-502c-4b0e-a8ea-b089d66eb7ba HTTP/1.1" status: 204 len: 168 time: 0.5764704
2026-07-01 08:36:16.565 9 INFO neutron.services.segments.plugin [-] Segment d29b625c-b70b-4fb1-b009-8ce2930c4d7a resource provider aggregate not found
2026-07-01 08:36:16.579 9 INFO neutron.services.segments.plugin [-] Segment d29b625c-b70b-4fb1-b009-8ce2930c4d7a resource provider aggregate not found
2026-07-01 08:36:16.586 9 INFO neutron.services.segments.plugin [-] Segment d29b625c-b70b-4fb1-b009-8ce2930c4d7a resource provider not found; error: Placement Client Error (4xx): {"errors": [{"status": 404, "title": "Not Found", "detail": "The resource could not be found.\n\n No resource provider with uuid d29b625c-b70b-4fb1-b009-8ce2930c4d7a found for delete ", "request_id": "req-abc38448-71fa-486c-af65-6cdf4b968ddb"}]}
2026-07-01 08:36:16.606 9 INFO neutron.services.segments.plugin [-] Segment 0fd1673b-b051-4163-8d04-556489d22edd resource provider aggregate not found
2026-07-01 08:36:16.623 9 INFO neutron.services.segments.plugin [-] Segment d29b625c-b70b-4fb1-b009-8ce2930c4d7a resource provider not found; error: Placement Client Error (4xx): {"errors": [{"status": 404, "title": "Not Found", "detail": "The resource could not be found.\n\n No resource provider with uuid d29b625c-b70b-4fb1-b009-8ce2930c4d7a found for delete ", "request_id": "req-f696374b-2f87-4eba-abea-455db29b7f7b"}]}
2026-07-01 08:36:16.643 9 INFO neutron.services.segments.plugin [-] Segment 0fd1673b-b051-4163-8d04-556489d22edd resource provider aggregate not found
2026-07-01 08:36:16.650 9 INFO neutron.services.segments.plugin [-] Segment 0fd1673b-b051-4163-8d04-556489d22edd resource provider not found; error: Placement Client Error (4xx): {"errors": [{"status": 404, "title": "Not Found", "detail": "The resource could not be found.\n\n No resource provider with uuid 0fd1673b-b051-4163-8d04-556489d22edd found for delete ", "request_id": "req-3d89edf7-c546-480f-a778-cee1c5d9ec69"}]}
2026-07-01 08:36:16.661 9 INFO neutron.services.segments.plugin [-] Segment 0fd1673b-b051-4163-8d04-556489d22edd resource provider not found; error: Placement Client Error (4xx): {"errors": [{"status": 404, "title": "Not Found", "detail": "The resource could not be found.\n\n No resource provider with uuid 0fd1673b-b051-4163-8d04-556489d22edd found for delete ", "request_id": "req-af962049-8fe1-4dba-ae91-f4e3a71111ef"}]}
2026-07-01 08:36:16.704 10 INFO neutron.db.ovn_revision_numbers_db [None req-66413ed8-f2f6-4fbe-a6f1-a15c512bb7b7 d304297cc5d34d8b86439095a51d7958 af37a0cc71c24db9840a2d1e68c45ecf - - default default] Successfully bumped revision number for resource 1b42b912-fa6a-438b-abf5-4ce3da2218eb (type: ports) to 2
2026-07-01 08:36:16.739 10 INFO neutron.db.ovn_revision_numbers_db [None req-66413ed8-f2f6-4fbe-a6f1-a15c512bb7b7 d304297cc5d34d8b86439095a51d7958 af37a0cc71c24db9840a2d1e68c45ecf - - default default] Successfully bumped revision number for resource 1d0938d2-69f0-44d3-8fb5-40d3a96272d8 (type: subnets) to 0
2026-07-01 08:36:16.756 10 INFO neutron.wsgi [None req-66413ed8-f2f6-4fbe-a6f1-a15c512bb7b7 d304297cc5d34d8b86439095a51d7958 af37a0cc71c24db9840a2d1e68c45ecf - - default default] 10.0.0.205 "POST /v2.0/subnets HTTP/1.1" status: 201 len: 862 time: 0.9726086
2026-07-01 08:36:17.063 10 INFO neutron.services.segments.plugin [-] Segment 994fb10e-4dc7-4a86-bcae-f76af5f373d8 resource provider aggregate not found
2026-07-01 08:36:17.069 10 INFO neutron.services.segments.plugin [-] Segment 994fb10e-4dc7-4a86-bcae-f76af5f373d8 resource provider aggregate not found
2026-07-01 08:36:17.085 10 INFO neutron.services.segments.plugin [-] Segment 994fb10e-4dc7-4a86-bcae-f76af5f373d8 resource provider not found; error: Placement Client Error (4xx): {"errors": [{"status": 404, "title": "Not Found", "detail": "The resource could not be found.\n\n No resource provider with uuid 994fb10e-4dc7-4a86-bcae-f76af5f373d8 found for delete ", "request_id": "req-3be4e863-1796-4799-b125-371a319c12b2"}]}
2026-07-01 08:36:17.085 10 INFO neutron.services.segments.plugin [-] Segment 994fb10e-4dc7-4a86-bcae-f76af5f373d8 resource provider not found; error: Placement Client Error (4xx): {"errors": [{"status": 404, "title": "Not Found", "detail": "The resource could not be found.\n\n No resource provider with uuid 994fb10e-4dc7-4a86-bcae-f76af5f373d8 found for delete ", "request_id": "req-def49901-73fd-427a-a58d-2f6e558998ec"}]}
2026-07-01 08:36:17.326 10 WARNING neutron.scheduler.dhcp_agent_scheduler [None req-6d435fc9-cb18-46d7-8266-4bfc26f266ca d304297cc5d34d8b86439095a51d7958 af37a0cc71c24db9840a2d1e68c45ecf - - default default] No more DHCP agents
2026-07-01 08:36:17.331 10 WARNING neutron.api.rpc.agentnotifiers.dhcp_rpc_agent_api [None req-6d435fc9-cb18-46d7-8266-4bfc26f266ca d304297cc5d34d8b86439095a51d7958 af37a0cc71c24db9840a2d1e68c45ecf - - default default] Unable to schedule network 0dde9d4f-6d3b-41c9-b4a3-98c9341a0a7c: no agents available; will retry on subsequent port and subnet creation events.
2026-07-01 08:36:17.515 10 INFO neutron.db.ovn_revision_numbers_db [None req-6d435fc9-cb18-46d7-8266-4bfc26f266ca d304297cc5d34d8b86439095a51d7958 af37a0cc71c24db9840a2d1e68c45ecf - - default default] Successfully bumped revision number for resource 7f4d20ac-6785-4499-8b4e-360a8db85e30 (type: ports) to 1
2026-07-01 08:36:17.565 9 INFO neutron.wsgi [None req-afead630-06f4-47a0-88fa-c448d7b2d2a8 d304297cc5d34d8b86439095a51d7958 af37a0cc71c24db9840a2d1e68c45ecf - - default default] 10.0.0.205 "GET /v2.0/security-groups?tenant_id=a5ee5bbc886e436abdff76acabcddc35&name=default HTTP/1.1" status: 200 len: 2996 time: 0.2707598
2026-07-01 08:36:17.737 9 WARNING neutron.plugins.ml2.drivers.ovn.mech_driver.ovsdb.ovn_client [None req-aa695e8c-ebc2-4ae9-8756-61460255505c - - - - - -] No hosting information found for port d4def3a6-25b2-4fe1-b545-1861e2c0200b: RuntimeError: No hosting information found for port d4def3a6-25b2-4fe1-b545-1861e2c0200b
2026-07-01 08:36:17.809 9 INFO neutron.wsgi [None req-687d4440-2ac7-41c1-9963-336869407ae3 d304297cc5d34d8b86439095a51d7958 af37a0cc71c24db9840a2d1e68c45ecf - - default default] 10.0.0.205 "DELETE /v2.0/security-groups/d33b976c-22b4-49ae-b6d7-c118f33bd802 HTTP/1.1" status: 204 len: 168 time: 0.2368975
2026-07-01 08:36:18.211 9 INFO neutron.plugins.ml2.drivers.ovn.mech_driver.mech_driver [None req-aa695e8c-ebc2-4ae9-8756-61460255505c - - - - - -] OVN reports status up for port: 7f4d20ac-6785-4499-8b4e-360a8db85e30
2026-07-01 08:36:18.223 10 INFO neutron.db.ovn_revision_numbers_db [None req-ce691869-fa42-4f67-89e9-14e790c6fc88 d304297cc5d34d8b86439095a51d7958 af37a0cc71c24db9840a2d1e68c45ecf - - default default] Successfully bumped revision number for resource 67e8760f-6464-439f-805d-3bc3c3838d44 (type: security_groups) to 1
2026-07-01 08:36:18.223 9 INFO neutron.plugins.ml2.plugin [None req-aa695e8c-ebc2-4ae9-8756-61460255505c - - - - - -] Attempt 1 to provision port 7f4d20ac-6785-4499-8b4e-360a8db85e30
2026-07-01 08:36:18.228 10 INFO neutron.plugins.ml2.drivers.ovn.mech_driver.ovsdb.ovsdb_monitor [None req-403dde8e-4e96-4a75-b9e7-b4ddd48d40b8 - - - - - -] Router fb7614d3-3617-492a-8303-08c85b7b2c0a is bound to host instance
2026-07-01 08:36:18.254 10 INFO neutron.db.ovn_revision_numbers_db [None req-6d435fc9-cb18-46d7-8266-4bfc26f266ca d304297cc5d34d8b86439095a51d7958 af37a0cc71c24db9840a2d1e68c45ecf - - default default] Successfully bumped revision number for resource 7f4d20ac-6785-4499-8b4e-360a8db85e30 (type: router_ports) to 1
2026-07-01 08:36:18.255 10 INFO neutron.db.ovn_revision_numbers_db [None req-ce691869-fa42-4f67-89e9-14e790c6fc88 d304297cc5d34d8b86439095a51d7958 af37a0cc71c24db9840a2d1e68c45ecf - - default default] Successfully bumped revision number for resource 19e3f623-9433-4af0-8ffc-0777d81cb4c4 (type: security_group_rules) to 0
2026-07-01 08:36:18.305 10 INFO neutron.db.ovn_revision_numbers_db [None req-ce691869-fa42-4f67-89e9-14e790c6fc88 d304297cc5d34d8b86439095a51d7958 af37a0cc71c24db9840a2d1e68c45ecf - - default default] Successfully bumped revision number for resource 543f3cb8-96cb-4024-a978-7501cce7f609 (type: security_group_rules) to 0
2026-07-01 08:36:18.333 10 INFO neutron.db.ovn_revision_numbers_db [None req-ce691869-fa42-4f67-89e9-14e790c6fc88 d304297cc5d34d8b86439095a51d7958 af37a0cc71c24db9840a2d1e68c45ecf - - default default] Successfully bumped revision number for resource 87cbd520-2741-44ee-b63e-4229f0c8a71c (type: security_group_rules) to 0
2026-07-01 08:36:18.365 10 INFO neutron.db.ovn_revision_numbers_db [None req-ce691869-fa42-4f67-89e9-14e790c6fc88 d304297cc5d34d8b86439095a51d7958 af37a0cc71c24db9840a2d1e68c45ecf - - default default] Successfully bumped revision number for resource 9b151dc1-7f48-4184-816d-35d02febd6e3 (type: security_group_rules) to 0
2026-07-01 08:36:18.383 10 INFO neutron.db.ovn_revision_numbers_db [None req-6d435fc9-cb18-46d7-8266-4bfc26f266ca d304297cc5d34d8b86439095a51d7958 af37a0cc71c24db9840a2d1e68c45ecf - - default default] Successfully bumped revision number for resource fb7614d3-3617-492a-8303-08c85b7b2c0a (type: routers) to 2
2026-07-01 08:36:18.398 10 INFO neutron.wsgi [None req-ce691869-fa42-4f67-89e9-14e790c6fc88 d304297cc5d34d8b86439095a51d7958 af37a0cc71c24db9840a2d1e68c45ecf - - default default] 10.0.0.205 "GET /v2.0/security-groups?tenant_id=3b15b86653dc474ab818b212f7600cdd&name=default HTTP/1.1" status: 200 len: 2996 time: 0.3654022
2026-07-01 08:36:18.417 10 INFO neutron.wsgi [None req-6d435fc9-cb18-46d7-8266-4bfc26f266ca d304297cc5d34d8b86439095a51d7958 af37a0cc71c24db9840a2d1e68c45ecf - - default default] 10.0.0.205 "POST /v2.0/routers HTTP/1.1" status: 201 len: 873 time: 1.6565876
2026-07-01 08:36:18.804 9 INFO neutron.wsgi [None req-66a13473-bec1-4f2f-b4b2-3280a294a902 d304297cc5d34d8b86439095a51d7958 af37a0cc71c24db9840a2d1e68c45ecf - - default default] 10.0.0.205 "DELETE /v2.0/security-groups/67e8760f-6464-439f-805d-3bc3c3838d44 HTTP/1.1" status: 204 len: 168 time: 0.4014368
2026-07-01 08:36:19.010 9 WARNING neutron.scheduler.dhcp_agent_scheduler [None req-84039af8-bd40-420b-9cd0-bb4624a9a258 d304297cc5d34d8b86439095a51d7958 af37a0cc71c24db9840a2d1e68c45ecf - - default default] No more DHCP agents
2026-07-01 08:36:19.014 9 WARNING neutron.api.rpc.agentnotifiers.dhcp_rpc_agent_api [None req-84039af8-bd40-420b-9cd0-bb4624a9a258 d304297cc5d34d8b86439095a51d7958 af37a0cc71c24db9840a2d1e68c45ecf - - default default] Unable to schedule network 71920986-2639-418f-8733-7f30e9743b15: no agents available; will retry on subsequent port and subnet creation events.
2026-07-01 08:36:19.035 9 WARNING neutron_lib.context [None req-80798027-9346-4e9d-bfb1-db10fd36886a 746af7b062f34760ab1bb01c086d8949 420c0bea433246f99cb6aa60129a7cec - - default default] Method 'is_advsvc' is deprecated since 2023.2 release (neutron-lib 3.8.0) and will be removed once support for the old RBAC API policies will be removed from Neutron. Please use method 'is_service_role' instead.
2026-07-01 08:36:19.165 10 INFO neutron.db.ovn_revision_numbers_db [None req-eace4b57-16e6-4d84-a86c-d34996537da4 d304297cc5d34d8b86439095a51d7958 af37a0cc71c24db9840a2d1e68c45ecf - - default default] Successfully bumped revision number for resource 84cf54c3-6e5e-4e47-9477-19f0d32d5fec (type: security_groups) to 1
2026-07-01 08:36:19.194 10 INFO neutron.db.ovn_revision_numbers_db [None req-eace4b57-16e6-4d84-a86c-d34996537da4 d304297cc5d34d8b86439095a51d7958 af37a0cc71c24db9840a2d1e68c45ecf - - default default] Successfully bumped revision number for resource 522f92ab-0270-47a7-ac11-ee5636cc52cc (type: security_group_rules) to 0
2026-07-01 08:36:19.211 10 INFO neutron.db.ovn_revision_numbers_db [None req-eace4b57-16e6-4d84-a86c-d34996537da4 d304297cc5d34d8b86439095a51d7958 af37a0cc71c24db9840a2d1e68c45ecf - - default default] Successfully bumped revision number for resource 7960319a-2de2-437c-a75a-d0eb6505c17a (type: security_group_rules) to 0
2026-07-01 08:36:19.222 9 INFO neutron.db.ovn_revision_numbers_db [None req-84039af8-bd40-420b-9cd0-bb4624a9a258 d304297cc5d34d8b86439095a51d7958 af37a0cc71c24db9840a2d1e68c45ecf - - default default] Successfully bumped revision number for resource 2038243a-70bb-4769-b2f6-d68e65f23d15 (type: ports) to 1
2026-07-01 08:36:19.224 9 INFO neutron.db.ovn_revision_numbers_db [None req-80798027-9346-4e9d-bfb1-db10fd36886a 746af7b062f34760ab1bb01c086d8949 420c0bea433246f99cb6aa60129a7cec - - default default] Successfully bumped revision number for resource ed94be5e-1ff6-4180-851e-9fd38adf4d9d (type: security_groups) to 1
2026-07-01 08:36:19.227 10 INFO neutron.db.ovn_revision_numbers_db [None req-eace4b57-16e6-4d84-a86c-d34996537da4 d304297cc5d34d8b86439095a51d7958 af37a0cc71c24db9840a2d1e68c45ecf - - default default] Successfully bumped revision number for resource 7c5ab5a9-ce25-4e67-a821-d5fde2a48323 (type: security_group_rules) to 0
2026-07-01 08:36:19.252 9 INFO neutron.db.ovn_revision_numbers_db [None req-80798027-9346-4e9d-bfb1-db10fd36886a 746af7b062f34760ab1bb01c086d8949 420c0bea433246f99cb6aa60129a7cec - - default default] Successfully bumped revision number for resource 29559187-6b86-4241-88f5-3155369e2a5e (type: security_group_rules) to 0
2026-07-01 08:36:19.252 10 INFO neutron.db.ovn_revision_numbers_db [None req-eace4b57-16e6-4d84-a86c-d34996537da4 d304297cc5d34d8b86439095a51d7958 af37a0cc71c24db9840a2d1e68c45ecf - - default default] Successfully bumped revision number for resource 7d5f620e-1fb3-4cac-8718-5b1e57f5ede7 (type: security_group_rules) to 0
2026-07-01 08:36:19.267 9 INFO neutron.db.ovn_revision_numbers_db [None req-80798027-9346-4e9d-bfb1-db10fd36886a 746af7b062f34760ab1bb01c086d8949 420c0bea433246f99cb6aa60129a7cec - - default default] Successfully bumped revision number for resource 30cdaee7-37a5-47e6-8819-756f0a31d9f4 (type: security_group_rules) to 0
2026-07-01 08:36:19.278 10 INFO neutron.db.ovn_revision_numbers_db [None req-403dde8e-4e96-4a75-b9e7-b4ddd48d40b8 - - - - - -] Successfully bumped revision number for resource 7f4d20ac-6785-4499-8b4e-360a8db85e30 (type: ports) to 1
2026-07-01 08:36:19.287 9 INFO neutron.db.ovn_revision_numbers_db [None req-80798027-9346-4e9d-bfb1-db10fd36886a 746af7b062f34760ab1bb01c086d8949 420c0bea433246f99cb6aa60129a7cec - - default default] Successfully bumped revision number for resource 4dc4ebe5-e49d-4bf8-91cd-0847bba71b30 (type: security_group_rules) to 0
2026-07-01 08:36:19.290 10 INFO neutron.wsgi [None req-eace4b57-16e6-4d84-a86c-d34996537da4 d304297cc5d34d8b86439095a51d7958 af37a0cc71c24db9840a2d1e68c45ecf - - default default] 10.0.0.205 "GET /v2.0/security-groups?tenant_id=b5ebb5c9d16e473483495a7c06c9579c&name=default HTTP/1.1" status: 200 len: 2996 time: 0.2811282
2026-07-01 08:36:19.315 9 INFO neutron.db.ovn_revision_numbers_db [None req-80798027-9346-4e9d-bfb1-db10fd36886a 746af7b062f34760ab1bb01c086d8949 420c0bea433246f99cb6aa60129a7cec - - default default] Successfully bumped revision number for resource 94fb12cc-86db-4c68-b8d2-8a1a97edf0d4 (type: security_group_rules) to 0
2026-07-01 08:36:19.386 9 INFO neutron.db.segments_db [None req-80798027-9346-4e9d-bfb1-db10fd36886a 746af7b062f34760ab1bb01c086d8949 420c0bea433246f99cb6aa60129a7cec - - default default] Added segment 161b19b2-d427-4946-9d29-99ea924bfd95 of type geneve for network b19bb402-7118-41da-afa1-a1bf606845e2
2026-07-01 08:36:19.584 10 INFO neutron.db.ovn_revision_numbers_db [None req-403dde8e-4e96-4a75-b9e7-b4ddd48d40b8 - - - - - -] Successfully bumped revision number for resource 7f4d20ac-6785-4499-8b4e-360a8db85e30 (type: router_ports) to 3
2026-07-01 08:36:19.639 9 INFO neutron.db.ovn_revision_numbers_db [None req-80798027-9346-4e9d-bfb1-db10fd36886a 746af7b062f34760ab1bb01c086d8949 420c0bea433246f99cb6aa60129a7cec - - default default] Successfully bumped revision number for resource b19bb402-7118-41da-afa1-a1bf606845e2 (type: networks) to 1
2026-07-01 08:36:19.756 10 INFO neutron.db.ovn_revision_numbers_db [None req-403dde8e-4e96-4a75-b9e7-b4ddd48d40b8 - - - - - -] Successfully bumped revision number for resource 7f4d20ac-6785-4499-8b4e-360a8db85e30 (type: ports) to 2
2026-07-01 08:36:19.867 9 INFO neutron.wsgi [None req-3c6a3349-a63e-4920-a687-59d555456be5 d304297cc5d34d8b86439095a51d7958 af37a0cc71c24db9840a2d1e68c45ecf - - default default] 10.0.0.205 "DELETE /v2.0/security-groups/84cf54c3-6e5e-4e47-9477-19f0d32d5fec HTTP/1.1" status: 204 len: 168 time: 0.5725656
2026-07-01 08:36:19.872 10 INFO neutron.plugins.ml2.drivers.ovn.mech_driver.mech_driver [None req-1a7dfe54-e8bf-4cd1-a3fa-fa7bbabf8714 - - - - - -] OVN reports status up for port: 2038243a-70bb-4769-b2f6-d68e65f23d15
2026-07-01 08:36:19.879 10 INFO neutron.plugins.ml2.plugin [None req-1a7dfe54-e8bf-4cd1-a3fa-fa7bbabf8714 - - - - - -] Attempt 1 to provision port 2038243a-70bb-4769-b2f6-d68e65f23d15
2026-07-01 08:36:19.904 9 INFO neutron.db.ovn_revision_numbers_db [None req-84039af8-bd40-420b-9cd0-bb4624a9a258 d304297cc5d34d8b86439095a51d7958 af37a0cc71c24db9840a2d1e68c45ecf - - default default] Successfully bumped revision number for resource 2038243a-70bb-4769-b2f6-d68e65f23d15 (type: router_ports) to 1
2026-07-01 08:36:19.924 9 WARNING neutron.scheduler.dhcp_agent_scheduler [None req-80798027-9346-4e9d-bfb1-db10fd36886a 746af7b062f34760ab1bb01c086d8949 420c0bea433246f99cb6aa60129a7cec - - default default] No more DHCP agents
2026-07-01 08:36:19.931 9 WARNING neutron.api.rpc.agentnotifiers.dhcp_rpc_agent_api [None req-80798027-9346-4e9d-bfb1-db10fd36886a 746af7b062f34760ab1bb01c086d8949 420c0bea433246f99cb6aa60129a7cec - - default default] Unable to schedule network b19bb402-7118-41da-afa1-a1bf606845e2: no agents available; will retry on subsequent port and subnet creation events.
2026-07-01 08:36:20.088 10 INFO neutron.db.ovn_revision_numbers_db [None req-403dde8e-4e96-4a75-b9e7-b4ddd48d40b8 - - - - - -] Successfully bumped revision number for resource 7f4d20ac-6785-4499-8b4e-360a8db85e30 (type: ports) to 4
2026-07-01 08:36:20.090 9 INFO neutron.db.ovn_revision_numbers_db [None req-80798027-9346-4e9d-bfb1-db10fd36886a 746af7b062f34760ab1bb01c086d8949 420c0bea433246f99cb6aa60129a7cec - - default default] Successfully bumped revision number for resource 5724d5e9-7f23-43a7-8c44-1ad488a09a04 (type: ports) to 1
2026-07-01 08:36:20.121 9 INFO neutron.wsgi [None req-80798027-9346-4e9d-bfb1-db10fd36886a 746af7b062f34760ab1bb01c086d8949 420c0bea433246f99cb6aa60129a7cec - - default default] 10.0.0.205 "POST /v2.0/networks HTTP/1.1" status: 201 len: 839 time: 1.2613406
2026-07-01 08:36:20.138 9 WARNING neutron_lib.context [None req-8e2447a5-d2f7-4287-bb23-c5f78656ca24 746af7b062f34760ab1bb01c086d8949 420c0bea433246f99cb6aa60129a7cec - - default default] Method 'is_advsvc' is deprecated since 2023.2 release (neutron-lib 3.8.0) and will be removed once support for the old RBAC API policies will be removed from Neutron. Please use method 'is_service_role' instead.
2026-07-01 08:36:20.167 9 INFO neutron.db.ovn_revision_numbers_db [None req-84039af8-bd40-420b-9cd0-bb4624a9a258 d304297cc5d34d8b86439095a51d7958 af37a0cc71c24db9840a2d1e68c45ecf - - default default] Successfully bumped revision number for resource 2038243a-70bb-4769-b2f6-d68e65f23d15 (type: ports) to 1
2026-07-01 08:36:20.340 10 INFO neutron.db.ovn_revision_numbers_db [None req-1a7dfe54-e8bf-4cd1-a3fa-fa7bbabf8714 - - - - - -] Successfully bumped revision number for resource 2038243a-70bb-4769-b2f6-d68e65f23d15 (type: ports) to 2
2026-07-01 08:36:20.376 10 INFO neutron.db.ovn_revision_numbers_db [None req-403dde8e-4e96-4a75-b9e7-b4ddd48d40b8 - - - - - -] Successfully bumped revision number for resource 7f4d20ac-6785-4499-8b4e-360a8db85e30 (type: router_ports) to 4
2026-07-01 08:36:20.445 10 INFO neutron.db.ovn_revision_numbers_db [None req-1a7dfe54-e8bf-4cd1-a3fa-fa7bbabf8714 - - - - - -] Successfully bumped revision number for resource 2038243a-70bb-4769-b2f6-d68e65f23d15 (type: router_ports) to 2
2026-07-01 08:36:20.712 9 WARNING neutron.scheduler.dhcp_agent_scheduler [None req-84039af8-bd40-420b-9cd0-bb4624a9a258 d304297cc5d34d8b86439095a51d7958 af37a0cc71c24db9840a2d1e68c45ecf - - default default] No more DHCP agents
2026-07-01 08:36:20.714 9 WARNING neutron.api.rpc.agentnotifiers.dhcp_rpc_agent_api [None req-84039af8-bd40-420b-9cd0-bb4624a9a258 d304297cc5d34d8b86439095a51d7958 af37a0cc71c24db9840a2d1e68c45ecf - - default default] Unable to schedule network 71920986-2639-418f-8733-7f30e9743b15: no agents available; will retry on subsequent port and subnet creation events.
2026-07-01 08:36:20.835 10 INFO neutron.wsgi [req-5ac713a6-3ef0-493f-9d6a-4b9a8f00cba5 req-0ea11bd4-691c-4aa0-8449-a29ed7310bc2 8e496516951c466da03049da1912698b 9108d4d4cf4d463f827d698f2fad947c - - 6637fb82bf4d401aae4d36fd00c31ba8 6637fb82bf4d401aae4d36fd00c31ba8] 10.0.0.178 "GET /v2.0/ports?device_id=34ef0962-f28a-4845-9752-8ea72367155a HTTP/1.1" status: 200 len: 1409 time: 0.1695709
2026-07-01 08:36:20.880 9 WARNING neutron.scheduler.dhcp_agent_scheduler [None req-8e2447a5-d2f7-4287-bb23-c5f78656ca24 746af7b062f34760ab1bb01c086d8949 420c0bea433246f99cb6aa60129a7cec - - default default] No more DHCP agents
2026-07-01 08:36:20.883 10 INFO neutron.wsgi [req-5ac713a6-3ef0-493f-9d6a-4b9a8f00cba5 req-402a118d-1a27-434e-b2d7-0b3d80122416 8e496516951c466da03049da1912698b 9108d4d4cf4d463f827d698f2fad947c - - 6637fb82bf4d401aae4d36fd00c31ba8 6637fb82bf4d401aae4d36fd00c31ba8] 10.0.0.178 "GET /v2.0/security-groups?id=ce7ebde2-8c43-43e5-97ae-994f7799f943&fields=id&fields=name HTTP/1.1" status: 200 len: 313 time: 0.0382020
2026-07-01 08:36:20.888 9 WARNING neutron.api.rpc.agentnotifiers.dhcp_rpc_agent_api [None req-8e2447a5-d2f7-4287-bb23-c5f78656ca24 746af7b062f34760ab1bb01c086d8949 420c0bea433246f99cb6aa60129a7cec - - default default] Unable to schedule network b19bb402-7118-41da-afa1-a1bf606845e2: no agents available; will retry on subsequent port and subnet creation events.
2026-07-01 08:36:21.529 9 INFO neutron.db.ovn_revision_numbers_db [None req-84039af8-bd40-420b-9cd0-bb4624a9a258 d304297cc5d34d8b86439095a51d7958 af37a0cc71c24db9840a2d1e68c45ecf - - default default] Successfully bumped revision number for resource 2038243a-70bb-4769-b2f6-d68e65f23d15 (type: router_ports) to 2
2026-07-01 08:36:21.532 9 INFO neutron.wsgi [None req-84039af8-bd40-420b-9cd0-bb4624a9a258 d304297cc5d34d8b86439095a51d7958 af37a0cc71c24db9840a2d1e68c45ecf - - default default] 10.0.0.205 "PUT /v2.0/routers/fb7614d3-3617-492a-8303-08c85b7b2c0a/add_router_interface HTTP/1.1" status: 200 len: 503 time: 3.1096199
2026-07-01 08:36:21.593 9 INFO neutron.db.ovn_revision_numbers_db [None req-8e2447a5-d2f7-4287-bb23-c5f78656ca24 746af7b062f34760ab1bb01c086d8949 420c0bea433246f99cb6aa60129a7cec - - default default] Successfully bumped revision number for resource 5724d5e9-7f23-43a7-8c44-1ad488a09a04 (type: ports) to 2
2026-07-01 08:36:21.633 9 INFO neutron.db.ovn_revision_numbers_db [None req-8e2447a5-d2f7-4287-bb23-c5f78656ca24 746af7b062f34760ab1bb01c086d8949 420c0bea433246f99cb6aa60129a7cec - - default default] Successfully bumped revision number for resource a61f1755-2921-473a-8102-f38f2ce999cc (type: subnets) to 0
2026-07-01 08:36:21.653 9 INFO neutron.wsgi [None req-8e2447a5-d2f7-4287-bb23-c5f78656ca24 746af7b062f34760ab1bb01c086d8949 420c0bea433246f99cb6aa60129a7cec - - default default] 10.0.0.205 "POST /v2.0/subnets HTTP/1.1" status: 201 len: 832 time: 1.5251768
2026-07-01 08:36:21.987 9 INFO neutron.wsgi [None req-6e7e1b93-23d9-488d-8e44-88c1cf51f700 1d72d364250949b0b19e51f0a24ee210 b002a13758464e20a46742aed280782c - - default default] 10.0.0.205 "GET /v2.0/subnetpools?name=shared-default-subnetpool-v6 HTTP/1.1" status: 200 len: 212 time: 0.3288765
2026-07-01 08:36:21.999 9 WARNING neutron_lib.context [None req-5ea8e63a-7fb0-499f-891d-04bdb1f2aa0f 746af7b062f34760ab1bb01c086d8949 420c0bea433246f99cb6aa60129a7cec - - default default] Method 'is_advsvc' is deprecated since 2023.2 release (neutron-lib 3.8.0) and will be removed once support for the old RBAC API policies will be removed from Neutron. Please use method 'is_service_role' instead.
2026-07-01 08:36:22.287 9 WARNING neutron_lib.context [None req-4fcff4bd-af0a-4a2a-bb24-7b4a30fad1ff 9374107880ac40839e722d551fa1b12c c722d9c5eeeb42fabfbe6a199ee42974 - - default default] Method 'is_advsvc' is deprecated since 2023.2 release (neutron-lib 3.8.0) and will be removed once support for the old RBAC API policies will be removed from Neutron. Please use method 'is_service_role' instead.
2026-07-01 08:36:22.326 9 WARNING neutron.scheduler.dhcp_agent_scheduler [None req-5ea8e63a-7fb0-499f-891d-04bdb1f2aa0f 746af7b062f34760ab1bb01c086d8949 420c0bea433246f99cb6aa60129a7cec - - default default] No more DHCP agents
2026-07-01 08:36:22.334 9 WARNING neutron.api.rpc.agentnotifiers.dhcp_rpc_agent_api [None req-5ea8e63a-7fb0-499f-891d-04bdb1f2aa0f 746af7b062f34760ab1bb01c086d8949 420c0bea433246f99cb6aa60129a7cec - - default default] Unable to schedule network b19bb402-7118-41da-afa1-a1bf606845e2: no agents available; will retry on subsequent port and subnet creation events.
2026-07-01 08:36:22.372 9 INFO neutron.db.ovn_revision_numbers_db [None req-5ea8e63a-7fb0-499f-891d-04bdb1f2aa0f 746af7b062f34760ab1bb01c086d8949 420c0bea433246f99cb6aa60129a7cec - - default default] Successfully bumped revision number for resource be97136c-b507-42b8-9d4f-671e3bd673e5 (type: subnets) to 0
2026-07-01 08:36:22.393 9 INFO neutron.wsgi [None req-5ea8e63a-7fb0-499f-891d-04bdb1f2aa0f 746af7b062f34760ab1bb01c086d8949 420c0bea433246f99cb6aa60129a7cec - - default default] 10.0.0.205 "POST /v2.0/subnets HTTP/1.1" status: 201 len: 906 time: 0.4006348
2026-07-01 08:36:22.408 10 WARNING neutron_lib.context [None req-9511af69-4819-4751-8b98-b404315acaef 746af7b062f34760ab1bb01c086d8949 420c0bea433246f99cb6aa60129a7cec - - default default] Method 'is_advsvc' is deprecated since 2023.2 release (neutron-lib 3.8.0) and will be removed once support for the old RBAC API policies will be removed from Neutron. Please use method 'is_service_role' instead.
2026-07-01 08:36:22.444 9 INFO neutron.db.ovn_revision_numbers_db [None req-4fcff4bd-af0a-4a2a-bb24-7b4a30fad1ff 9374107880ac40839e722d551fa1b12c c722d9c5eeeb42fabfbe6a199ee42974 - - default default] Successfully bumped revision number for resource 6ed03fb2-a7a4-4826-8f21-a261a61315ca (type: security_groups) to 1
2026-07-01 08:36:22.462 9 INFO neutron.db.ovn_revision_numbers_db [None req-4fcff4bd-af0a-4a2a-bb24-7b4a30fad1ff 9374107880ac40839e722d551fa1b12c c722d9c5eeeb42fabfbe6a199ee42974 - - default default] Successfully bumped revision number for resource df2846a5-4819-49f3-96e7-94bd51721663 (type: security_group_rules) to 0
2026-07-01 08:36:22.478 9 INFO neutron.db.ovn_revision_numbers_db [None req-4fcff4bd-af0a-4a2a-bb24-7b4a30fad1ff 9374107880ac40839e722d551fa1b12c c722d9c5eeeb42fabfbe6a199ee42974 - - default default] Successfully bumped revision number for resource e688a40c-b054-44b4-95d9-7d929bd15173 (type: security_group_rules) to 0
2026-07-01 08:36:22.494 10 INFO neutron.db.segments_db [None req-9511af69-4819-4751-8b98-b404315acaef 746af7b062f34760ab1bb01c086d8949 420c0bea433246f99cb6aa60129a7cec - - default default] Added segment b5f3a88f-53fc-4af1-ab1e-13ae9cf50e1d of type geneve for network c8b69755-80b4-4933-b583-d4e9a413c5a2
2026-07-01 08:36:22.500 9 INFO neutron.wsgi [None req-4fcff4bd-af0a-4a2a-bb24-7b4a30fad1ff 9374107880ac40839e722d551fa1b12c c722d9c5eeeb42fabfbe6a199ee42974 - - default default] 10.0.0.205 "POST /v2.0/security-groups HTTP/1.1" status: 201 len: 1809 time: 0.2190933
2026-07-01 08:36:22.510 9 WARNING neutron_lib.context [None req-3a8fe4e5-3402-444f-b5c0-58d4bbcca00e 9374107880ac40839e722d551fa1b12c c722d9c5eeeb42fabfbe6a199ee42974 - - default default] Method 'is_advsvc' is deprecated since 2023.2 release (neutron-lib 3.8.0) and will be removed once support for the old RBAC API policies will be removed from Neutron. Please use method 'is_service_role' instead.
2026-07-01 08:36:22.645 9 INFO neutron.db.ovn_revision_numbers_db [None req-3a8fe4e5-3402-444f-b5c0-58d4bbcca00e 9374107880ac40839e722d551fa1b12c c722d9c5eeeb42fabfbe6a199ee42974 - - default default] Successfully bumped revision number for resource 1b88e5c0-ee9a-4c30-8339-644ecae7fdb0 (type: security_group_rules) to 0
2026-07-01 08:36:22.654 10 INFO neutron.db.ovn_revision_numbers_db [None req-9511af69-4819-4751-8b98-b404315acaef 746af7b062f34760ab1bb01c086d8949 420c0bea433246f99cb6aa60129a7cec - - default default] Successfully bumped revision number for resource c8b69755-80b4-4933-b583-d4e9a413c5a2 (type: networks) to 1
2026-07-01 08:36:22.672 9 INFO neutron.wsgi [None req-3a8fe4e5-3402-444f-b5c0-58d4bbcca00e 9374107880ac40839e722d551fa1b12c c722d9c5eeeb42fabfbe6a199ee42974 - - default default] 10.0.0.205 "POST /v2.0/security-group-rules HTTP/1.1" status: 201 len: 764 time: 0.1659048
2026-07-01 08:36:22.684 9 WARNING neutron_lib.context [None req-aa023bcf-70a5-4fbb-86fe-137b058ea759 9374107880ac40839e722d551fa1b12c c722d9c5eeeb42fabfbe6a199ee42974 - - default default] Method 'is_advsvc' is deprecated since 2023.2 release (neutron-lib 3.8.0) and will be removed once support for the old RBAC API policies will be removed from Neutron. Please use method 'is_service_role' instead.
2026-07-01 08:36:22.811 9 INFO neutron.db.ovn_revision_numbers_db [None req-aa023bcf-70a5-4fbb-86fe-137b058ea759 9374107880ac40839e722d551fa1b12c c722d9c5eeeb42fabfbe6a199ee42974 - - default default] Successfully bumped revision number for resource 09450923-2659-4e6c-a718-e2a13b14c9c5 (type: security_group_rules) to 0
2026-07-01 08:36:22.837 9 INFO neutron.wsgi [None req-aa023bcf-70a5-4fbb-86fe-137b058ea759 9374107880ac40839e722d551fa1b12c c722d9c5eeeb42fabfbe6a199ee42974 - - default default] 10.0.0.205 "POST /v2.0/security-group-rules HTTP/1.1" status: 201 len: 763 time: 0.1590817
2026-07-01 08:36:22.846 9 WARNING neutron_lib.context [None req-8c0f7b2b-c850-4d79-8fd5-d998f3b44559 9374107880ac40839e722d551fa1b12c c722d9c5eeeb42fabfbe6a199ee42974 - - default default] Method 'is_advsvc' is deprecated since 2023.2 release (neutron-lib 3.8.0) and will be removed once support for the old RBAC API policies will be removed from Neutron. Please use method 'is_service_role' instead.
2026-07-01 08:36:22.868 10 WARNING neutron.scheduler.dhcp_agent_scheduler [None req-9511af69-4819-4751-8b98-b404315acaef 746af7b062f34760ab1bb01c086d8949 420c0bea433246f99cb6aa60129a7cec - - default default] No more DHCP agents
2026-07-01 08:36:22.875 10 WARNING neutron.api.rpc.agentnotifiers.dhcp_rpc_agent_api [None req-9511af69-4819-4751-8b98-b404315acaef 746af7b062f34760ab1bb01c086d8949 420c0bea433246f99cb6aa60129a7cec - - default default] Unable to schedule network c8b69755-80b4-4933-b583-d4e9a413c5a2: no agents available; will retry on subsequent port and subnet creation events.
2026-07-01 08:36:22.967 9 INFO neutron.db.ovn_revision_numbers_db [None req-8c0f7b2b-c850-4d79-8fd5-d998f3b44559 9374107880ac40839e722d551fa1b12c c722d9c5eeeb42fabfbe6a199ee42974 - - default default] Successfully bumped revision number for resource 1db042d5-17df-48bc-9de9-5ff2ac9c683d (type: security_group_rules) to 0
2026-07-01 08:36:22.993 9 INFO neutron.wsgi [None req-8c0f7b2b-c850-4d79-8fd5-d998f3b44559 9374107880ac40839e722d551fa1b12c c722d9c5eeeb42fabfbe6a199ee42974 - - default default] 10.0.0.205 "POST /v2.0/security-group-rules HTTP/1.1" status: 201 len: 769 time: 0.1514397
2026-07-01 08:36:23.001 10 INFO neutron.db.ovn_revision_numbers_db [None req-9511af69-4819-4751-8b98-b404315acaef 746af7b062f34760ab1bb01c086d8949 420c0bea433246f99cb6aa60129a7cec - - default default] Successfully bumped revision number for resource 6d8e56e6-7174-49d3-b7ea-f4f930a33736 (type: ports) to 1
2026-07-01 08:36:23.007 9 WARNING neutron_lib.context [None req-b31edc56-0f53-4dcb-8f12-b0a5d9a5af34 9374107880ac40839e722d551fa1b12c c722d9c5eeeb42fabfbe6a199ee42974 - - default default] Method 'is_advsvc' is deprecated since 2023.2 release (neutron-lib 3.8.0) and will be removed once support for the old RBAC API policies will be removed from Neutron. Please use method 'is_service_role' instead.
2026-07-01 08:36:23.031 10 INFO neutron.wsgi [None req-9511af69-4819-4751-8b98-b404315acaef 746af7b062f34760ab1bb01c086d8949 420c0bea433246f99cb6aa60129a7cec - - default default] 10.0.0.205 "POST /v2.0/networks HTTP/1.1" status: 201 len: 836 time: 0.6304374
2026-07-01 08:36:23.045 9 WARNING neutron_lib.context [None req-2478d98a-9f56-4c01-836c-bdbeb8b73c4e 746af7b062f34760ab1bb01c086d8949 420c0bea433246f99cb6aa60129a7cec - - default default] Method 'is_advsvc' is deprecated since 2023.2 release (neutron-lib 3.8.0) and will be removed once support for the old RBAC API policies will be removed from Neutron. Please use method 'is_service_role' instead.
2026-07-01 08:36:23.228 9 INFO neutron.db.ovn_revision_numbers_db [None req-b31edc56-0f53-4dcb-8f12-b0a5d9a5af34 9374107880ac40839e722d551fa1b12c c722d9c5eeeb42fabfbe6a199ee42974 - - default default] Successfully bumped revision number for resource b9fa41eb-14a0-4963-9128-fc22407ef113 (type: security_group_rules) to 0
2026-07-01 08:36:23.256 9 INFO neutron.wsgi [None req-b31edc56-0f53-4dcb-8f12-b0a5d9a5af34 9374107880ac40839e722d551fa1b12c c722d9c5eeeb42fabfbe6a199ee42974 - - default default] 10.0.0.205 "POST /v2.0/security-group-rules HTTP/1.1" status: 201 len: 768 time: 0.2535639
2026-07-01 08:36:23.270 10 WARNING neutron_lib.context [None req-9692959a-3462-43e0-b716-2a0af019dc98 9374107880ac40839e722d551fa1b12c c722d9c5eeeb42fabfbe6a199ee42974 - - default default] Method 'is_advsvc' is deprecated since 2023.2 release (neutron-lib 3.8.0) and will be removed once support for the old RBAC API policies will be removed from Neutron. Please use method 'is_service_role' instead.
2026-07-01 08:36:23.304 10 INFO neutron.db.securitygroups_db [None req-9692959a-3462-43e0-b716-2a0af019dc98 9374107880ac40839e722d551fa1b12c c722d9c5eeeb42fabfbe6a199ee42974 - - default default] Project c722d9c5eeeb42fabfbe6a199ee42974 added a security group rule with legacy IPv6 ICMP protocol name icmp, ipv6-icmp should be used instead. It was automatically converted.
2026-07-01 08:36:23.341 9 WARNING neutron.scheduler.dhcp_agent_scheduler [None req-2478d98a-9f56-4c01-836c-bdbeb8b73c4e 746af7b062f34760ab1bb01c086d8949 420c0bea433246f99cb6aa60129a7cec - - default default] No more DHCP agents
2026-07-01 08:36:23.343 9 WARNING neutron.api.rpc.agentnotifiers.dhcp_rpc_agent_api [None req-2478d98a-9f56-4c01-836c-bdbeb8b73c4e 746af7b062f34760ab1bb01c086d8949 420c0bea433246f99cb6aa60129a7cec - - default default] Unable to schedule network c8b69755-80b4-4933-b583-d4e9a413c5a2: no agents available; will retry on subsequent port and subnet creation events.
2026-07-01 08:36:23.400 10 INFO neutron.db.ovn_revision_numbers_db [None req-9692959a-3462-43e0-b716-2a0af019dc98 9374107880ac40839e722d551fa1b12c c722d9c5eeeb42fabfbe6a199ee42974 - - default default] Successfully bumped revision number for resource f06f7303-12c1-4771-8390-36742f3696d7 (type: security_group_rules) to 0
2026-07-01 08:36:23.426 10 INFO neutron.wsgi [None req-9692959a-3462-43e0-b716-2a0af019dc98 9374107880ac40839e722d551fa1b12c c722d9c5eeeb42fabfbe6a199ee42974 - - default default] 10.0.0.205 "POST /v2.0/security-group-rules HTTP/1.1" status: 201 len: 774 time: 0.1631796
2026-07-01 08:36:23.437 10 WARNING neutron_lib.context [None req-6ada7e05-5bb1-40ed-a44f-07bdcfafbbb2 9374107880ac40839e722d551fa1b12c c722d9c5eeeb42fabfbe6a199ee42974 - - default default] Method 'is_advsvc' is deprecated since 2023.2 release (neutron-lib 3.8.0) and will be removed once support for the old RBAC API policies will be removed from Neutron. Please use method 'is_service_role' instead.
