May 20 19:00:31.112717 np0000175401 devstack@neutron-api.service[103356]: INFO neutron.api.extensions [None req-6f482e72-6fb0-4d5b-8886-2831dee5c40f None None] Extension trunk not supported by any of loaded plugins
May 20 19:00:31.112805 np0000175401 devstack@neutron-api.service[103356]: DEBUG neutron.api.extensions [None req-6f482e72-6fb0-4d5b-8886-2831dee5c40f None None] Loading extension file: trunk_details.py {{(pid=103356) _load_all_extensions_from_path /opt/stack/neutron/neutron/api/extensions.py:449}}
May 20 19:00:31.112881 np0000175401 devstack@neutron-api.service[103355]: DEBUG neutron.api.extensions [None req-8a317c96-a91d-4df8-90fa-666be5a0bf0b None None] Ext name="Floating IP Port Forwarding" alias="floating-ip-port-forwarding" description="Allow port forwarding from floating IP port to an internal port" updated="2018-01-19T10:00:00-00:00" {{(pid=103355) _check_extension /opt/stack/neutron/neutron/api/extensions.py:415}}
May 20 19:00:31.113132 np0000175401 devstack@neutron-api.service[103355]: INFO neutron.api.extensions [None req-8a317c96-a91d-4df8-90fa-666be5a0bf0b None None] Extension floating-ip-port-forwarding not supported by any of loaded plugins
May 20 19:00:31.113173 np0000175401 devstack@neutron-api.service[103356]: DEBUG neutron.api.extensions [None req-6f482e72-6fb0-4d5b-8886-2831dee5c40f None None] Ext name="Trunk port details" alias="trunk-details" description="Expose trunk port details" updated="2016-01-01T10:00:00-00:00" {{(pid=103356) _check_extension /opt/stack/neutron/neutron/api/extensions.py:415}}
May 20 19:00:31.113225 np0000175401 devstack@neutron-api.service[103355]: DEBUG neutron.api.extensions [None req-8a317c96-a91d-4df8-90fa-666be5a0bf0b None None] Loading extension file: floatingip_pools.py {{(pid=103355) _load_all_extensions_from_path /opt/stack/neutron/neutron/api/extensions.py:449}}
May 20 19:00:31.113359 np0000175401 devstack@neutron-api.service[103356]: INFO neutron.api.extensions [None req-6f482e72-6fb0-4d5b-8886-2831dee5c40f None None] Extension trunk-details not supported by any of loaded plugins
May 20 19:00:31.113453 np0000175401 devstack@neutron-api.service[103356]: DEBUG neutron.api.extensions [None req-6f482e72-6fb0-4d5b-8886-2831dee5c40f None None] Loading extension file: uplink_status_propagation.py {{(pid=103356) _load_all_extensions_from_path /opt/stack/neutron/neutron/api/extensions.py:449}}
May 20 19:00:31.113517 np0000175401 devstack@neutron-api.service[103355]: DEBUG neutron.api.extensions [None req-8a317c96-a91d-4df8-90fa-666be5a0bf0b None None] Ext name="Floating IP Pools Extension" alias="floatingip-pools" description="Provides a floating IP pools API." updated="2018-03-21T10:00:00-00:00" {{(pid=103355) _check_extension /opt/stack/neutron/neutron/api/extensions.py:415}}
May 20 19:00:31.113693 np0000175401 devstack@neutron-api.service[103356]: DEBUG neutron.api.extensions [None req-6f482e72-6fb0-4d5b-8886-2831dee5c40f None None] Ext name="Uplink status propagation extension" alias="uplink-status-propagation" description="Provides ability to propagate port uplink status." updated="2018-05-31T18:00:00-00:00" {{(pid=103356) _check_extension /opt/stack/neutron/neutron/api/extensions.py:415}}
May 20 19:00:31.113730 np0000175401 devstack@neutron-api.service[103355]: INFO neutron.api.extensions [None req-8a317c96-a91d-4df8-90fa-666be5a0bf0b None None] Loaded extension: floatingip-pools
May 20 19:00:31.113838 np0000175401 devstack@neutron-api.service[103355]: DEBUG neutron.api.extensions [None req-8a317c96-a91d-4df8-90fa-666be5a0bf0b None None] Loading extension file: ip_allocation.py {{(pid=103355) _load_all_extensions_from_path /opt/stack/neutron/neutron/api/extensions.py:449}}
May 20 19:00:31.113868 np0000175401 devstack@neutron-api.service[103356]: INFO neutron.api.extensions [None req-6f482e72-6fb0-4d5b-8886-2831dee5c40f None None] Extension uplink-status-propagation not supported by any of loaded plugins
May 20 19:00:31.114020 np0000175401 devstack@neutron-api.service[103356]: DEBUG neutron.api.extensions [None req-6f482e72-6fb0-4d5b-8886-2831dee5c40f None None] Loading extension file: uplink_status_propagation_updatable.py {{(pid=103356) _load_all_extensions_from_path /opt/stack/neutron/neutron/api/extensions.py:449}}
May 20 19:00:31.114150 np0000175401 devstack@neutron-api.service[103355]: DEBUG neutron.api.extensions [None req-8a317c96-a91d-4df8-90fa-666be5a0bf0b None None] Ext name="IP Allocation" alias="ip_allocation" description="IP allocation extension." updated="2016-06-10T23:00:00-00:00" {{(pid=103355) _check_extension /opt/stack/neutron/neutron/api/extensions.py:415}}
May 20 19:00:31.114294 np0000175401 devstack@neutron-api.service[103356]: DEBUG neutron.api.extensions [None req-6f482e72-6fb0-4d5b-8886-2831dee5c40f None None] Ext name="Uplink status propagation updatable extension" alias="uplink-status-propagation-updatable" description="Provides ability to update the port uplink status." updated="2024-09-03T18:00:00-00:00" {{(pid=103356) _check_extension /opt/stack/neutron/neutron/api/extensions.py:415}}
May 20 19:00:31.114376 np0000175401 devstack@neutron-api.service[103355]: INFO neutron.api.extensions [None req-8a317c96-a91d-4df8-90fa-666be5a0bf0b None None] Extension ip_allocation not supported by any of loaded plugins
May 20 19:00:31.114468 np0000175401 devstack@neutron-api.service[103356]: INFO neutron.api.extensions [None req-6f482e72-6fb0-4d5b-8886-2831dee5c40f None None] Extension uplink-status-propagation-updatable not supported by any of loaded plugins
May 20 19:00:31.114508 np0000175401 devstack@neutron-api.service[103355]: DEBUG neutron.api.extensions [None req-8a317c96-a91d-4df8-90fa-666be5a0bf0b None None] Loading extension file: ip_substring_port_filtering.py {{(pid=103355) _load_all_extensions_from_path /opt/stack/neutron/neutron/api/extensions.py:449}}
May 20 19:00:31.114561 np0000175401 devstack@neutron-api.service[103356]: DEBUG neutron.api.extensions [None req-6f482e72-6fb0-4d5b-8886-2831dee5c40f None None] Loading extension file: vlantransparent.py {{(pid=103356) _load_all_extensions_from_path /opt/stack/neutron/neutron/api/extensions.py:449}}
May 20 19:00:31.114757 np0000175401 devstack@neutron-api.service[103355]: DEBUG neutron.api.extensions [None req-8a317c96-a91d-4df8-90fa-666be5a0bf0b None None] Ext name="IP address substring filtering" alias="ip-substring-filtering" description="Provides IP address substring filtering when listing ports" updated="2017-11-28T09:00:00-00:00" {{(pid=103355) _check_extension /opt/stack/neutron/neutron/api/extensions.py:415}}
May 20 19:00:31.114816 np0000175401 devstack@neutron-api.service[103356]: DEBUG neutron.api.extensions [None req-6f482e72-6fb0-4d5b-8886-2831dee5c40f None None] Ext name="Vlantransparent" alias="vlan-transparent" description="Provides Vlan Transparent Networks" updated="2015-03-23T09:00:00-00:00" {{(pid=103356) _check_extension /opt/stack/neutron/neutron/api/extensions.py:415}}
May 20 19:00:31.114940 np0000175401 devstack@neutron-api.service[103355]: INFO neutron.api.extensions [None req-8a317c96-a91d-4df8-90fa-666be5a0bf0b None None] Extension ip-substring-filtering not supported by any of loaded plugins
May 20 19:00:31.115069 np0000175401 devstack@neutron-api.service[103356]: INFO neutron.api.extensions [None req-6f482e72-6fb0-4d5b-8886-2831dee5c40f None None] Loaded extension: vlan-transparent
May 20 19:00:31.115102 np0000175401 devstack@neutron-api.service[103355]: DEBUG neutron.api.extensions [None req-8a317c96-a91d-4df8-90fa-666be5a0bf0b None None] Loading extension file: l2_adjacency.py {{(pid=103355) _load_all_extensions_from_path /opt/stack/neutron/neutron/api/extensions.py:449}}
May 20 19:00:31.115315 np0000175401 devstack@neutron-api.service[103355]: DEBUG neutron.api.extensions [None req-8a317c96-a91d-4df8-90fa-666be5a0bf0b None None] Ext name="L2 Adjacency" alias="l2_adjacency" description="Display L2 Adjacency for Neutron Networks." updated="2016-04-12T16:00:00-00:00" {{(pid=103355) _check_extension /opt/stack/neutron/neutron/api/extensions.py:415}}
May 20 19:00:31.115473 np0000175401 devstack@neutron-api.service[103355]: INFO neutron.api.extensions [None req-8a317c96-a91d-4df8-90fa-666be5a0bf0b None None] Extension l2_adjacency not supported by any of loaded plugins
May 20 19:00:31.115562 np0000175401 devstack@neutron-api.service[103355]: DEBUG neutron.api.extensions [None req-8a317c96-a91d-4df8-90fa-666be5a0bf0b None None] Loading extension file: l3.py {{(pid=103355) _load_all_extensions_from_path /opt/stack/neutron/neutron/api/extensions.py:449}}
May 20 19:00:31.115901 np0000175401 devstack@neutron-api.service[103354]: DEBUG neutron_lib.callbacks.manager [None req-bde9102b-a6ac-4972-8566-f545de2b24d7 None None] Subscribe: > router before_delete 55550000, False {{(pid=103354) subscribe /opt/stack/data/venv/lib/python3.12/site-packages/neutron_lib/callbacks/manager.py:52}}
May 20 19:00:31.116040 np0000175401 devstack@neutron-api.service[103355]: DEBUG neutron.api.extensions [None req-8a317c96-a91d-4df8-90fa-666be5a0bf0b None None] Ext name="Neutron L3 Router" alias="router" description="Router abstraction for basic L3 forwarding between L2 Neutron networks and access to external networks via a NAT gateway." updated="2012-07-20T10:00:00-00:00" {{(pid=103355) _check_extension /opt/stack/neutron/neutron/api/extensions.py:415}}
May 20 19:00:31.116080 np0000175401 devstack@neutron-api.service[103354]: DEBUG neutron_lib.callbacks.manager [None req-bde9102b-a6ac-4972-8566-f545de2b24d7 None None] Subscribe: port before_update 55550000, False {{(pid=103354) subscribe /opt/stack/data/venv/lib/python3.12/site-packages/neutron_lib/callbacks/manager.py:52}}
May 20 19:00:31.116169 np0000175401 devstack@neutron-api.service[103354]: DEBUG neutron_lib.callbacks.manager [None req-bde9102b-a6ac-4972-8566-f545de2b24d7 None None] Subscribe: port after_update 55550000, False {{(pid=103354) subscribe /opt/stack/data/venv/lib/python3.12/site-packages/neutron_lib/callbacks/manager.py:52}}
May 20 19:00:31.116203 np0000175401 devstack@neutron-api.service[103355]: INFO neutron.api.extensions [None req-8a317c96-a91d-4df8-90fa-666be5a0bf0b None None] Loaded extension: router
May 20 19:00:31.116269 np0000175401 devstack@neutron-api.service[103354]: DEBUG neutron_lib.callbacks.manager [None req-bde9102b-a6ac-4972-8566-f545de2b24d7 None None] Subscribe: > port precommit_delete 55550000, False {{(pid=103354) subscribe /opt/stack/data/venv/lib/python3.12/site-packages/neutron_lib/callbacks/manager.py:52}}
May 20 19:00:31.116312 np0000175401 devstack@neutron-api.service[103355]: DEBUG neutron.api.extensions [None req-8a317c96-a91d-4df8-90fa-666be5a0bf0b None None] Loading extension file: l3_conntrack_helper.py {{(pid=103355) _load_all_extensions_from_path /opt/stack/neutron/neutron/api/extensions.py:449}}
May 20 19:00:31.116376 np0000175401 devstack@neutron-api.service[103354]: DEBUG neutron_lib.callbacks.manager [None req-bde9102b-a6ac-4972-8566-f545de2b24d7 None None] Subscribe: port before_update 55550000, False {{(pid=103354) subscribe /opt/stack/data/venv/lib/python3.12/site-packages/neutron_lib/callbacks/manager.py:52}}
May 20 19:00:31.116482 np0000175401 devstack@neutron-api.service[103354]: DEBUG neutron_lib.callbacks.manager [None req-bde9102b-a6ac-4972-8566-f545de2b24d7 None None] Subscribe: port before_delete 55550000, False {{(pid=103354) subscribe /opt/stack/data/venv/lib/python3.12/site-packages/neutron_lib/callbacks/manager.py:52}}
May 20 19:00:31.116580 np0000175401 devstack@neutron-api.service[103354]: DEBUG neutron_lib.callbacks.manager [None req-bde9102b-a6ac-4972-8566-f545de2b24d7 None None] Subscribe: > router precommit_create 55550000, False {{(pid=103354) subscribe /opt/stack/data/venv/lib/python3.12/site-packages/neutron_lib/callbacks/manager.py:52}}
May 20 19:00:31.116687 np0000175401 devstack@neutron-api.service[103354]: DEBUG neutron_lib.callbacks.manager [None req-bde9102b-a6ac-4972-8566-f545de2b24d7 None None] Subscribe: > router precommit_create 55550000, False {{(pid=103354) subscribe /opt/stack/data/venv/lib/python3.12/site-packages/neutron_lib/callbacks/manager.py:52}}
May 20 19:00:31.116788 np0000175401 devstack@neutron-api.service[103354]: DEBUG neutron_lib.callbacks.manager [None req-bde9102b-a6ac-4972-8566-f545de2b24d7 None None] Subscribe: > router precommit_update 55550000, False {{(pid=103354) subscribe /opt/stack/data/venv/lib/python3.12/site-packages/neutron_lib/callbacks/manager.py:52}}
May 20 19:00:31.116868 np0000175401 devstack@neutron-api.service[103356]: INFO neutron.quota.resource_registry [None req-6f482e72-6fb0-4d5b-8886-2831dee5c40f None None] Creating instance of TrackedResource for resource:network
May 20 19:00:31.116899 np0000175401 devstack@neutron-api.service[103354]: DEBUG neutron_lib.callbacks.manager [None req-bde9102b-a6ac-4972-8566-f545de2b24d7 None None] Subscribe: subnet after_update 55550000, False {{(pid=103354) subscribe /opt/stack/data/venv/lib/python3.12/site-packages/neutron_lib/callbacks/manager.py:52}}
May 20 19:00:31.116929 np0000175401 devstack@neutron-api.service[103355]: DEBUG neutron.api.extensions [None req-8a317c96-a91d-4df8-90fa-666be5a0bf0b None None] Ext name="L3 Conntrack helper" alias="l3-conntrack-helper" description="Allow adding CT target rules for conntrack helper" updated="2019-04-04T10:00:00-00:00" {{(pid=103355) _check_extension /opt/stack/neutron/neutron/api/extensions.py:415}}
May 20 19:00:31.117127 np0000175401 devstack@neutron-api.service[103354]: DEBUG neutron.quota.resource_registry [None req-bde9102b-a6ac-4972-8566-f545de2b24d7 None None] Tracking information for resource: router configured {{(pid=103354) set_tracked_resource /opt/stack/neutron/neutron/quota/resource_registry.py:203}}
May 20 19:00:31.117167 np0000175401 devstack@neutron-api.service[103355]: INFO neutron.api.extensions [None req-8a317c96-a91d-4df8-90fa-666be5a0bf0b None None] Extension l3-conntrack-helper not supported by any of loaded plugins
May 20 19:00:31.117207 np0000175401 devstack@neutron-api.service[103354]: DEBUG neutron.quota.resource_registry [None req-bde9102b-a6ac-4972-8566-f545de2b24d7 None None] Tracking information for resource: floatingip configured {{(pid=103354) set_tracked_resource /opt/stack/neutron/neutron/quota/resource_registry.py:203}}
May 20 19:00:31.117241 np0000175401 devstack@neutron-api.service[103356]: INFO neutron.quota.resource_registry [None req-6f482e72-6fb0-4d5b-8886-2831dee5c40f None None] Creating instance of TrackedResource for resource:subnet
May 20 19:00:31.117269 np0000175401 devstack@neutron-api.service[103355]: DEBUG neutron.api.extensions [None req-8a317c96-a91d-4df8-90fa-666be5a0bf0b None None] Loading extension file: l3_enable_default_route_bfd.py {{(pid=103355) _load_all_extensions_from_path /opt/stack/neutron/neutron/api/extensions.py:449}}
May 20 19:00:31.117306 np0000175401 devstack@neutron-api.service[103354]: INFO neutron.services.ovn_l3.plugin [None req-bde9102b-a6ac-4972-8566-f545de2b24d7 None None] Starting OVNL3RouterPlugin
May 20 19:00:31.117361 np0000175401 devstack@neutron-api.service[103356]: INFO neutron.quota.resource_registry [None req-6f482e72-6fb0-4d5b-8886-2831dee5c40f None None] Creating instance of TrackedResource for resource:subnetpool
May 20 19:00:31.117479 np0000175401 devstack@neutron-api.service[103356]: INFO neutron.quota.resource_registry [None req-6f482e72-6fb0-4d5b-8886-2831dee5c40f None None] Creating instance of TrackedResource for resource:port
May 20 19:00:31.117510 np0000175401 devstack@neutron-api.service[103355]: DEBUG neutron.api.extensions [None req-8a317c96-a91d-4df8-90fa-666be5a0bf0b None None] Ext name="Enable Default Route BFD" alias="enable-default-route-bfd" description="Enables configurable BFD behavior for default routes" updated="2023-02-27T00:00:00-00:00" {{(pid=103355) _check_extension /opt/stack/neutron/neutron/api/extensions.py:415}}
May 20 19:00:31.117541 np0000175401 devstack@neutron-api.service[103354]: DEBUG neutron_lib.callbacks.manager [None req-bde9102b-a6ac-4972-8566-f545de2b24d7 None None] Subscribe: > port_forwarding_plugin after_init 55550000, False {{(pid=103354) subscribe /opt/stack/data/venv/lib/python3.12/site-packages/neutron_lib/callbacks/manager.py:52}}
May 20 19:00:31.117722 np0000175401 devstack@neutron-api.service[103354]: DEBUG neutron_lib.callbacks.manager [None req-bde9102b-a6ac-4972-8566-f545de2b24d7 None None] Subscribe: > router before_create 55550100, False {{(pid=103354) subscribe /opt/stack/data/venv/lib/python3.12/site-packages/neutron_lib/callbacks/manager.py:52}}
May 20 19:00:31.117759 np0000175401 devstack@neutron-api.service[103355]: INFO neutron.api.extensions [None req-8a317c96-a91d-4df8-90fa-666be5a0bf0b None None] Loaded extension: enable-default-route-bfd
May 20 19:00:31.117831 np0000175401 devstack@neutron-api.service[103354]: DEBUG neutron_lib.callbacks.manager [None req-bde9102b-a6ac-4972-8566-f545de2b24d7 None None] Subscribe: > router precommit_delete 55550100, False {{(pid=103354) subscribe /opt/stack/data/venv/lib/python3.12/site-packages/neutron_lib/callbacks/manager.py:52}}
May 20 19:00:31.117868 np0000175401 devstack@neutron-api.service[103355]: DEBUG neutron.api.extensions [None req-8a317c96-a91d-4df8-90fa-666be5a0bf0b None None] Loading extension file: l3_enable_default_route_ecmp.py {{(pid=103355) _load_all_extensions_from_path /opt/stack/neutron/neutron/api/extensions.py:449}}
May 20 19:00:31.117938 np0000175401 devstack@neutron-api.service[103354]: DEBUG neutron_lib.callbacks.manager [None req-bde9102b-a6ac-4972-8566-f545de2b24d7 None None] Subscribe: > router precommit_create 55550100, False {{(pid=103354) subscribe /opt/stack/data/venv/lib/python3.12/site-packages/neutron_lib/callbacks/manager.py:52}}
May 20 19:00:31.118065 np0000175401 devstack@neutron-api.service[103354]: DEBUG neutron_lib.callbacks.manager [None req-bde9102b-a6ac-4972-8566-f545de2b24d7 None None] Subscribe: > router precommit_update 55550100, False {{(pid=103354) subscribe /opt/stack/data/venv/lib/python3.12/site-packages/neutron_lib/callbacks/manager.py:52}}
May 20 19:00:31.118164 np0000175401 devstack@neutron-api.service[103355]: DEBUG neutron.api.extensions [None req-8a317c96-a91d-4df8-90fa-666be5a0bf0b None None] Ext name="Enable Default Route ECMP" alias="enable-default-route-ecmp" description="Enables configurable ECMP behavior for default routes" updated="2023-02-27T00:00:00-00:00" {{(pid=103355) _check_extension /opt/stack/neutron/neutron/api/extensions.py:415}}
May 20 19:00:31.118334 np0000175401 devstack@neutron-api.service[103355]: INFO neutron.api.extensions [None req-8a317c96-a91d-4df8-90fa-666be5a0bf0b None None] Loaded extension: enable-default-route-ecmp
May 20 19:00:31.118423 np0000175401 devstack@neutron-api.service[103355]: DEBUG neutron.api.extensions [None req-8a317c96-a91d-4df8-90fa-666be5a0bf0b None None] Loading extension file: l3_ext_gw_mode.py {{(pid=103355) _load_all_extensions_from_path /opt/stack/neutron/neutron/api/extensions.py:449}}
May 20 19:00:31.118664 np0000175401 devstack@neutron-api.service[103355]: DEBUG neutron.api.extensions [None req-8a317c96-a91d-4df8-90fa-666be5a0bf0b None None] Ext name="Neutron L3 Configurable external gateway mode" alias="ext-gw-mode" description="Extension of the router abstraction for specifying whether SNAT should occur on the external gateway" updated="2013-03-28T10:00:00-00:00" {{(pid=103355) _check_extension /opt/stack/neutron/neutron/api/extensions.py:415}}
May 20 19:00:31.118826 np0000175401 devstack@neutron-api.service[103355]: INFO neutron.api.extensions [None req-8a317c96-a91d-4df8-90fa-666be5a0bf0b None None] Loaded extension: ext-gw-mode
May 20 19:00:31.118915 np0000175401 devstack@neutron-api.service[103355]: DEBUG neutron.api.extensions [None req-8a317c96-a91d-4df8-90fa-666be5a0bf0b None None] Loading extension file: l3_ext_ha_mode.py {{(pid=103355) _load_all_extensions_from_path /opt/stack/neutron/neutron/api/extensions.py:449}}
May 20 19:00:31.119175 np0000175401 devstack@neutron-api.service[103355]: DEBUG neutron.api.extensions [None req-8a317c96-a91d-4df8-90fa-666be5a0bf0b None None] Ext name="HA Router extension" alias="l3-ha" description="Adds HA capability to routers." updated="2014-04-26T00:00:00-00:00" {{(pid=103355) _check_extension /opt/stack/neutron/neutron/api/extensions.py:415}}
May 20 19:00:31.119261 np0000175401 devstack@neutron-api.service[103356]: DEBUG neutron.api.v2.resource_helper [None req-6f482e72-6fb0-4d5b-8886-2831dee5c40f None None] Service L3_ROUTER_NAT assigned prefix: {{(pid=103356) build_resource_info /opt/stack/neutron/neutron/api/v2/resource_helper.py:77}}
May 20 19:00:31.119339 np0000175401 devstack@neutron-api.service[103355]: INFO neutron.api.extensions [None req-8a317c96-a91d-4df8-90fa-666be5a0bf0b None None] Loaded extension: l3-ha
May 20 19:00:31.119428 np0000175401 devstack@neutron-api.service[103355]: DEBUG neutron.api.extensions [None req-8a317c96-a91d-4df8-90fa-666be5a0bf0b None None] Loading extension file: l3_ext_ndp_proxy.py {{(pid=103355) _load_all_extensions_from_path /opt/stack/neutron/neutron/api/extensions.py:449}}
May 20 19:00:31.119655 np0000175401 devstack@neutron-api.service[103355]: DEBUG neutron.api.extensions [None req-8a317c96-a91d-4df8-90fa-666be5a0bf0b None None] Ext name="Router support to enable NDP proxy" alias="l3-ext-ndp-proxy" description="Router extension to enable ndp proxy" updated="2020-08-25T00:00:00-00:00" {{(pid=103355) _check_extension /opt/stack/neutron/neutron/api/extensions.py:415}}
May 20 19:00:31.119691 np0000175401 devstack@neutron-api.service[103356]: DEBUG neutron.api.v2.resource_helper [None req-6f482e72-6fb0-4d5b-8886-2831dee5c40f None None] Service FLAVORS assigned prefix: {{(pid=103356) build_resource_info /opt/stack/neutron/neutron/api/v2/resource_helper.py:77}}
May 20 19:00:31.119830 np0000175401 devstack@neutron-api.service[103355]: INFO neutron.api.extensions [None req-8a317c96-a91d-4df8-90fa-666be5a0bf0b None None] Extension l3-ext-ndp-proxy not supported by any of loaded plugins
May 20 19:00:31.119939 np0000175401 devstack@neutron-api.service[103355]: DEBUG neutron.api.extensions [None req-8a317c96-a91d-4df8-90fa-666be5a0bf0b None None] Loading extension file: l3_extra_gws.py {{(pid=103355) _load_all_extensions_from_path /opt/stack/neutron/neutron/api/extensions.py:449}}
May 20 19:00:31.120250 np0000175401 devstack@neutron-api.service[103355]: DEBUG neutron.api.extensions [None req-8a317c96-a91d-4df8-90fa-666be5a0bf0b None None] Ext name="Neutron L3 External Gateway Multihoming" alias="external-gateway-multihoming" description="Allow multiple external gateway ports per router" updated="2023-01-18T00:00:00-00:00" {{(pid=103355) _check_extension /opt/stack/neutron/neutron/api/extensions.py:415}}
May 20 19:00:31.120465 np0000175401 devstack@neutron-api.service[103355]: INFO neutron.api.extensions [None req-8a317c96-a91d-4df8-90fa-666be5a0bf0b None None] Loaded extension: external-gateway-multihoming
May 20 19:00:31.120554 np0000175401 devstack@neutron-api.service[103355]: DEBUG neutron.api.extensions [None req-8a317c96-a91d-4df8-90fa-666be5a0bf0b None None] Loading extension file: l3_flavors.py {{(pid=103355) _load_all_extensions_from_path /opt/stack/neutron/neutron/api/extensions.py:449}}
May 20 19:00:31.120681 np0000175401 devstack@neutron-api.service[103356]: DEBUG neutron.api.v2.resource_helper [None req-6f482e72-6fb0-4d5b-8886-2831dee5c40f None None] Service L3_ROUTER_NAT assigned prefix: {{(pid=103356) build_resource_info /opt/stack/neutron/neutron/api/v2/resource_helper.py:77}}
May 20 19:00:31.120805 np0000175401 devstack@neutron-api.service[103355]: DEBUG neutron.api.extensions [None req-8a317c96-a91d-4df8-90fa-666be5a0bf0b None None] Ext name="Router Flavor Extension" alias="l3-flavors" description="Flavor support for routers." updated="2016-05-17T00:00:00-00:00" {{(pid=103355) _check_extension /opt/stack/neutron/neutron/api/extensions.py:415}}
May 20 19:00:31.121019 np0000175401 devstack@neutron-api.service[103355]: INFO neutron.api.extensions [None req-8a317c96-a91d-4df8-90fa-666be5a0bf0b None None] Loaded extension: l3-flavors
May 20 19:00:31.121160 np0000175401 devstack@neutron-api.service[103355]: DEBUG neutron.api.extensions [None req-8a317c96-a91d-4df8-90fa-666be5a0bf0b None None] Loading extension file: l3_ndp_proxy.py {{(pid=103355) _load_all_extensions_from_path /opt/stack/neutron/neutron/api/extensions.py:449}}
May 20 19:00:31.121207 np0000175401 devstack@neutron-api.service[103356]: DEBUG neutron.api.v2.resource_helper [None req-6f482e72-6fb0-4d5b-8886-2831dee5c40f None None] Service L3_ROUTER_NAT assigned prefix: {{(pid=103356) build_resource_info /opt/stack/neutron/neutron/api/v2/resource_helper.py:77}}
May 20 19:00:31.121324 np0000175401 devstack@neutron-api.service[103356]: INFO neutron.quota.resource_registry [None req-6f482e72-6fb0-4d5b-8886-2831dee5c40f None None] Creating instance of TrackedResource for resource:router
May 20 19:00:31.121359 np0000175401 devstack@neutron-api.service[103354]: DEBUG neutron.services.provider_configuration [None req-bde9102b-a6ac-4972-8566-f545de2b24d7 None None] Service providers = [] {{(pid=103354) parse_service_provider_opt /opt/stack/neutron/neutron/services/provider_configuration.py:170}}
May 20 19:00:31.121446 np0000175401 devstack@neutron-api.service[103354]: DEBUG neutron.db.servicetype_db [None req-bde9102b-a6ac-4972-8566-f545de2b24d7 None None] Adding provider configuration for service L3_ROUTER_NAT {{(pid=103354) add_provider_configuration /opt/stack/neutron/neutron/db/servicetype_db.py:45}}
May 20 19:00:31.121477 np0000175401 devstack@neutron-api.service[103355]: DEBUG neutron.api.extensions [None req-8a317c96-a91d-4df8-90fa-666be5a0bf0b None None] Ext name="name" alias="l3-ndp-proxy" description="description" updated="2021-06-29T10:00:00-00:00" {{(pid=103355) _check_extension /opt/stack/neutron/neutron/api/extensions.py:415}}
May 20 19:00:31.121615 np0000175401 devstack@neutron-api.service[103355]: INFO neutron.api.extensions [None req-8a317c96-a91d-4df8-90fa-666be5a0bf0b None None] Extension l3-ndp-proxy not supported by any of loaded plugins
May 20 19:00:31.121704 np0000175401 devstack@neutron-api.service[103355]: DEBUG neutron.api.extensions [None req-8a317c96-a91d-4df8-90fa-666be5a0bf0b None None] Loading extension file: l3_port_ip_change_not_allowed.py {{(pid=103355) _load_all_extensions_from_path /opt/stack/neutron/neutron/api/extensions.py:449}}
May 20 19:00:31.121735 np0000175401 devstack@neutron-api.service[103356]: INFO neutron.quota.resource_registry [None req-6f482e72-6fb0-4d5b-8886-2831dee5c40f None None] Creating instance of TrackedResource for resource:floatingip
May 20 19:00:31.121931 np0000175401 devstack@neutron-api.service[103355]: DEBUG neutron.api.extensions [None req-8a317c96-a91d-4df8-90fa-666be5a0bf0b None None] Ext name="Prevent L3 router ports IP address change extension" alias="l3-port-ip-change-not-allowed" description="Prevent change of IP address for some L3 router ports" updated="2018-10-09T10:00:00-00:00" {{(pid=103355) _check_extension /opt/stack/neutron/neutron/api/extensions.py:415}}
May 20 19:00:31.122126 np0000175401 devstack@neutron-api.service[103355]: INFO neutron.api.extensions [None req-8a317c96-a91d-4df8-90fa-666be5a0bf0b None None] Extension l3-port-ip-change-not-allowed not supported by any of loaded plugins
May 20 19:00:31.122215 np0000175401 devstack@neutron-api.service[103355]: DEBUG neutron.api.extensions [None req-8a317c96-a91d-4df8-90fa-666be5a0bf0b None None] Loading extension file: l3agentscheduler.py {{(pid=103355) _load_all_extensions_from_path /opt/stack/neutron/neutron/api/extensions.py:449}}
May 20 19:00:31.122686 np0000175401 devstack@neutron-api.service[103354]: DEBUG neutron_lib.callbacks.manager [None req-bde9102b-a6ac-4972-8566-f545de2b24d7 None None] Subscribe: > router precommit_create 55549900, False {{(pid=103354) subscribe /opt/stack/data/venv/lib/python3.12/site-packages/neutron_lib/callbacks/manager.py:52}}
May 20 19:00:31.122782 np0000175401 devstack@neutron-api.service[103355]: DEBUG neutron.api.extensions [None req-8a317c96-a91d-4df8-90fa-666be5a0bf0b None None] Ext name="L3 Agent Scheduler" alias="l3_agent_scheduler" description="Schedule routers among l3 agents" updated="2013-02-07T10:00:00-00:00" {{(pid=103355) _check_extension /opt/stack/neutron/neutron/api/extensions.py:415}}
May 20 19:00:31.122814 np0000175401 devstack@neutron-api.service[103354]: DEBUG neutron_lib.callbacks.manager [None req-bde9102b-a6ac-4972-8566-f545de2b24d7 None None] Subscribe: > router_interface after_create 55550000, False {{(pid=103354) subscribe /opt/stack/data/venv/lib/python3.12/site-packages/neutron_lib/callbacks/manager.py:52}}
May 20 19:00:31.122863 np0000175401 devstack@neutron-api.service[103356]: INFO neutron.quota.resource_registry [None req-6f482e72-6fb0-4d5b-8886-2831dee5c40f None None] Creating instance of CountableResource for resource:rbac_policy
May 20 19:00:31.122894 np0000175401 devstack@neutron-api.service[103354]: DEBUG neutron_lib.callbacks.manager [None req-bde9102b-a6ac-4972-8566-f545de2b24d7 None None] Subscribe: > floatingip after_create 55550000, False {{(pid=103354) subscribe /opt/stack/data/venv/lib/python3.12/site-packages/neutron_lib/callbacks/manager.py:52}}
May 20 19:00:31.122943 np0000175401 devstack@neutron-api.service[103355]: INFO neutron.api.extensions [None req-8a317c96-a91d-4df8-90fa-666be5a0bf0b None None] Extension l3_agent_scheduler not supported by any of loaded plugins
May 20 19:00:31.123003 np0000175401 devstack@neutron-api.service[103354]: DEBUG neutron_lib.callbacks.manager [None req-bde9102b-a6ac-4972-8566-f545de2b24d7 None None] Subscribe: > floatingip precommit_create 55550000, False {{(pid=103354) subscribe /opt/stack/data/venv/lib/python3.12/site-packages/neutron_lib/callbacks/manager.py:52}}
May 20 19:00:31.123061 np0000175401 devstack@neutron-api.service[103355]: DEBUG neutron.api.extensions [None req-8a317c96-a91d-4df8-90fa-666be5a0bf0b None None] Loading extension file: local_ip.py {{(pid=103355) _load_all_extensions_from_path /opt/stack/neutron/neutron/api/extensions.py:449}}
May 20 19:00:31.123108 np0000175401 devstack@neutron-api.service[103354]: DEBUG neutron_lib.callbacks.manager [None req-bde9102b-a6ac-4972-8566-f545de2b24d7 None None] Subscribe: > floatingip precommit_update 55550000, False {{(pid=103354) subscribe /opt/stack/data/venv/lib/python3.12/site-packages/neutron_lib/callbacks/manager.py:52}}
May 20 19:00:31.123219 np0000175401 devstack@neutron-api.service[103354]: DEBUG neutron_lib.callbacks.manager [None req-bde9102b-a6ac-4972-8566-f545de2b24d7 None None] Subscribe: > floatingip after_delete 55550000, False {{(pid=103354) subscribe /opt/stack/data/venv/lib/python3.12/site-packages/neutron_lib/callbacks/manager.py:52}}
May 20 19:00:31.123324 np0000175401 devstack@neutron-api.service[103354]: DEBUG neutron_lib.callbacks.manager [None req-bde9102b-a6ac-4972-8566-f545de2b24d7 None None] Subscribe: > floatingip after_status_update 55550000, False {{(pid=103354) subscribe /opt/stack/data/venv/lib/python3.12/site-packages/neutron_lib/callbacks/manager.py:52}}
May 20 19:00:31.123382 np0000175401 devstack@neutron-api.service[103355]: DEBUG neutron.api.extensions [None req-8a317c96-a91d-4df8-90fa-666be5a0bf0b None None] Ext name="Local IP" alias="local_ip" description="Support Node Local Virtual IP" updated="2021-07-26T10:00:00-00:00" {{(pid=103355) _check_extension /opt/stack/neutron/neutron/api/extensions.py:415}}
May 20 19:00:31.123418 np0000175401 devstack@neutron-api.service[103354]: DEBUG neutron_lib.callbacks.manager [None req-bde9102b-a6ac-4972-8566-f545de2b24d7 None None] Subscribe: > floatingip after_update 55550000, False {{(pid=103354) subscribe /opt/stack/data/venv/lib/python3.12/site-packages/neutron_lib/callbacks/manager.py:52}}
May 20 19:00:31.123518 np0000175401 devstack@neutron-api.service[103354]: DEBUG neutron_lib.callbacks.manager [None req-bde9102b-a6ac-4972-8566-f545de2b24d7 None None] Subscribe: > port_forwarding after_create 55550000, False {{(pid=103354) subscribe /opt/stack/data/venv/lib/python3.12/site-packages/neutron_lib/callbacks/manager.py:52}}
May 20 19:00:31.123550 np0000175401 devstack@neutron-api.service[103355]: INFO neutron.api.extensions [None req-8a317c96-a91d-4df8-90fa-666be5a0bf0b None None] Extension local_ip not supported by any of loaded plugins
May 20 19:00:31.123620 np0000175401 devstack@neutron-api.service[103354]: DEBUG neutron_lib.callbacks.manager [None req-bde9102b-a6ac-4972-8566-f545de2b24d7 None None] Subscribe: > router_interface after_delete 55550000, False {{(pid=103354) subscribe /opt/stack/data/venv/lib/python3.12/site-packages/neutron_lib/callbacks/manager.py:52}}
May 20 19:00:31.123657 np0000175401 devstack@neutron-api.service[103355]: DEBUG neutron.api.extensions [None req-8a317c96-a91d-4df8-90fa-666be5a0bf0b None None] Loading extension file: logging.py {{(pid=103355) _load_all_extensions_from_path /opt/stack/neutron/neutron/api/extensions.py:449}}
May 20 19:00:31.123722 np0000175401 devstack@neutron-api.service[103354]: DEBUG neutron_lib.callbacks.manager [None req-bde9102b-a6ac-4972-8566-f545de2b24d7 None None] Subscribe: > router after_create 55550000, False {{(pid=103354) subscribe /opt/stack/data/venv/lib/python3.12/site-packages/neutron_lib/callbacks/manager.py:52}}
May 20 19:00:31.123829 np0000175401 devstack@neutron-api.service[103354]: DEBUG neutron_lib.callbacks.manager [None req-bde9102b-a6ac-4972-8566-f545de2b24d7 None None] Subscribe: > router precommit_create 55550000, False {{(pid=103354) subscribe /opt/stack/data/venv/lib/python3.12/site-packages/neutron_lib/callbacks/manager.py:52}}
May 20 19:00:31.123932 np0000175401 devstack@neutron-api.service[103354]: DEBUG neutron_lib.callbacks.manager [None req-bde9102b-a6ac-4972-8566-f545de2b24d7 None None] Subscribe: > router after_delete 55550000, False {{(pid=103354) subscribe /opt/stack/data/venv/lib/python3.12/site-packages/neutron_lib/callbacks/manager.py:52}}
May 20 19:00:31.123981 np0000175401 devstack@neutron-api.service[103355]: DEBUG neutron.api.extensions [None req-8a317c96-a91d-4df8-90fa-666be5a0bf0b None None] Ext name="Logging API Extension" alias="logging" description="Provides a logging API for resources such as security group and firewall." updated="2017-01-01T10:00:00-00:00" {{(pid=103355) _check_extension /opt/stack/neutron/neutron/api/extensions.py:415}}
May 20 19:00:31.124036 np0000175401 devstack@neutron-api.service[103354]: DEBUG neutron_lib.callbacks.manager [None req-bde9102b-a6ac-4972-8566-f545de2b24d7 None None] Subscribe: > router after_update 55550000, False {{(pid=103354) subscribe /opt/stack/data/venv/lib/python3.12/site-packages/neutron_lib/callbacks/manager.py:52}}
May 20 19:00:31.124122 np0000175401 devstack@neutron-api.service[103355]: INFO neutron.api.extensions [None req-8a317c96-a91d-4df8-90fa-666be5a0bf0b None None] Extension logging not supported by any of loaded plugins
May 20 19:00:31.124153 np0000175401 devstack@neutron-api.service[103354]: DEBUG neutron.services.service_base [None req-bde9102b-a6ac-4972-8566-f545de2b24d7 None None] Loaded 'neutron.services.ovn_l3.service_providers.ovn.OvnDriver' provider for service L3_ROUTER_NAT {{(pid=103354) load_drivers /opt/stack/neutron/neutron/services/service_base.py:49}}
May 20 19:00:31.124215 np0000175401 devstack@neutron-api.service[103355]: DEBUG neutron.api.extensions [None req-8a317c96-a91d-4df8-90fa-666be5a0bf0b None None] Loading extension file: metering.py {{(pid=103355) _load_all_extensions_from_path /opt/stack/neutron/neutron/api/extensions.py:449}}
May 20 19:00:31.124260 np0000175401 devstack@neutron-api.service[103354]: DEBUG neutron_lib.callbacks.manager [None req-bde9102b-a6ac-4972-8566-f545de2b24d7 None None] Subscribe: > process after_init 55550001, True {{(pid=103354) subscribe /opt/stack/data/venv/lib/python3.12/site-packages/neutron_lib/callbacks/manager.py:52}}
May 20 19:00:31.124390 np0000175401 devstack@neutron-api.service[103354]: DEBUG neutron.manager [None req-bde9102b-a6ac-4972-8566-f545de2b24d7 None None] Successfully loaded L3_ROUTER_NAT plugin. Description: L3 Router Service Plugin for basic L3 forwarding using OVN {{(pid=103354) _create_and_add_service_plugin /opt/stack/neutron/neutron/manager.py:239}}
May 20 19:00:31.124478 np0000175401 devstack@neutron-api.service[103354]: INFO neutron.manager [None req-bde9102b-a6ac-4972-8566-f545de2b24d7 None None] Loading Plugin: auto_allocate
May 20 19:00:31.124673 np0000175401 devstack@neutron-api.service[103355]: DEBUG neutron.api.extensions [None req-8a317c96-a91d-4df8-90fa-666be5a0bf0b None None] Ext name="Neutron Metering" alias="metering" description="Neutron Metering extension." updated="2013-06-12T10:00:00-00:00" {{(pid=103355) _check_extension /opt/stack/neutron/neutron/api/extensions.py:415}}
May 20 19:00:31.124822 np0000175401 devstack@neutron-api.service[103355]: INFO neutron.api.extensions [None req-8a317c96-a91d-4df8-90fa-666be5a0bf0b None None] Extension metering not supported by any of loaded plugins
May 20 19:00:31.124893 np0000175401 devstack@neutron-api.service[103356]: INFO neutron.quota.resource_registry [None req-6f482e72-6fb0-4d5b-8886-2831dee5c40f None None] Creating instance of TrackedResource for resource:security_group
May 20 19:00:31.124930 np0000175401 devstack@neutron-api.service[103355]: DEBUG neutron.api.extensions [None req-8a317c96-a91d-4df8-90fa-666be5a0bf0b None None] Loading extension file: metering_source_and_destination_fields.py {{(pid=103355) _load_all_extensions_from_path /opt/stack/neutron/neutron/api/extensions.py:449}}
May 20 19:00:31.125208 np0000175401 devstack@neutron-api.service[103355]: DEBUG neutron.api.extensions [None req-8a317c96-a91d-4df8-90fa-666be5a0bf0b None None] Ext name="Neutron Metering with source and destination filtering" alias="metering_source_and_destination_fields" description="Neutron Metering extension that enables the use of source and destination IP prefixes to create metering label rules." updated="2020-08-21T08:12:00-00:00" {{(pid=103355) _check_extension /opt/stack/neutron/neutron/api/extensions.py:415}}
May 20 19:00:31.125386 np0000175401 devstack@neutron-api.service[103354]: DEBUG neutron_lib.callbacks.manager [None req-bde9102b-a6ac-4972-8566-f545de2b24d7 None None] Subscribe: network precommit_update 55550000, False {{(pid=103354) subscribe /opt/stack/data/venv/lib/python3.12/site-packages/neutron_lib/callbacks/manager.py:52}}
May 20 19:00:31.125445 np0000175401 devstack@neutron-api.service[103355]: INFO neutron.api.extensions [None req-8a317c96-a91d-4df8-90fa-666be5a0bf0b None None] Extension metering_source_and_destination_fields not supported by any of loaded plugins
May 20 19:00:31.125484 np0000175401 devstack@neutron-api.service[103356]: INFO neutron.quota.resource_registry [None req-6f482e72-6fb0-4d5b-8886-2831dee5c40f None None] Creating instance of TrackedResource for resource:security_group_rule
May 20 19:00:31.125520 np0000175401 devstack@neutron-api.service[103354]: DEBUG neutron_lib.callbacks.manager [None req-bde9102b-a6ac-4972-8566-f545de2b24d7 None None] Subscribe: network precommit_create 55550000, False {{(pid=103354) subscribe /opt/stack/data/venv/lib/python3.12/site-packages/neutron_lib/callbacks/manager.py:52}}
May 20 19:00:31.125563 np0000175401 devstack@neutron-api.service[103355]: DEBUG neutron.api.extensions [None req-8a317c96-a91d-4df8-90fa-666be5a0bf0b None None] Loading extension file: multiprovidernet.py {{(pid=103355) _load_all_extensions_from_path /opt/stack/neutron/neutron/api/extensions.py:449}}
May 20 19:00:31.125700 np0000175401 devstack@neutron-api.service[103354]: DEBUG neutron.manager [None req-bde9102b-a6ac-4972-8566-f545de2b24d7 None None] Successfully loaded auto-allocated-topology plugin. Description: Auto Allocated Topology - aka get me a network. {{(pid=103354) _create_and_add_service_plugin /opt/stack/neutron/neutron/manager.py:239}}
May 20 19:00:31.125785 np0000175401 devstack@neutron-api.service[103355]: DEBUG neutron.api.extensions [None req-8a317c96-a91d-4df8-90fa-666be5a0bf0b None None] Ext name="Multi Provider Network" alias="multi-provider" description="Expose mapping of virtual networks to multiple physical networks" updated="2013-06-27T10:00:00-00:00" {{(pid=103355) _check_extension /opt/stack/neutron/neutron/api/extensions.py:415}}
May 20 19:00:31.125827 np0000175401 devstack@neutron-api.service[103354]: INFO neutron.manager [None req-bde9102b-a6ac-4972-8566-f545de2b24d7 None None] Loading Plugin: tag
May 20 19:00:31.126088 np0000175401 devstack@neutron-api.service[103355]: INFO neutron.api.extensions [None req-8a317c96-a91d-4df8-90fa-666be5a0bf0b None None] Loaded extension: multi-provider
May 20 19:00:31.126150 np0000175401 devstack@neutron-api.service[103356]: DEBUG neutron.api.v2.resource_helper [None req-6f482e72-6fb0-4d5b-8886-2831dee5c40f None None] Service CORE assigned prefix: {{(pid=103356) build_resource_info /opt/stack/neutron/neutron/api/v2/resource_helper.py:77}}
May 20 19:00:31.126190 np0000175401 devstack@neutron-api.service[103355]: DEBUG neutron.api.extensions [None req-8a317c96-a91d-4df8-90fa-666be5a0bf0b None None] Loading extension file: netmtu.py {{(pid=103355) _load_all_extensions_from_path /opt/stack/neutron/neutron/api/extensions.py:449}}
May 20 19:00:31.126227 np0000175401 devstack@neutron-api.service[103356]: INFO neutron.quota.resource_registry [None req-6f482e72-6fb0-4d5b-8886-2831dee5c40f None None] Creating instance of TrackedResource for resource:subnetpool
May 20 19:00:31.126396 np0000175401 devstack@neutron-api.service[103356]: WARNING neutron.quota.resource_registry [None req-6f482e72-6fb0-4d5b-8886-2831dee5c40f None None] subnetpool is already registered
May 20 19:00:31.126496 np0000175401 devstack@neutron-api.service[103355]: DEBUG neutron.api.extensions [None req-8a317c96-a91d-4df8-90fa-666be5a0bf0b None None] Ext name="Network MTU" alias="net-mtu" description="Provides MTU attribute for a network resource." updated="2015-03-25T10:00:00-00:00" {{(pid=103355) _check_extension /opt/stack/neutron/neutron/api/extensions.py:415}}
May 20 19:00:31.126650 np0000175401 devstack@neutron-api.service[103355]: INFO neutron.api.extensions [None req-8a317c96-a91d-4df8-90fa-666be5a0bf0b None None] Loaded extension: net-mtu
May 20 19:00:31.126775 np0000175401 devstack@neutron-api.service[103355]: DEBUG neutron.api.extensions [None req-8a317c96-a91d-4df8-90fa-666be5a0bf0b None None] Loading extension file: netmtu_writable.py {{(pid=103355) _load_all_extensions_from_path /opt/stack/neutron/neutron/api/extensions.py:449}}
May 20 19:00:31.127119 np0000175401 devstack@neutron-api.service[103355]: DEBUG neutron.api.extensions [None req-8a317c96-a91d-4df8-90fa-666be5a0bf0b None None] Ext name="Network MTU (writable)" alias="net-mtu-writable" description="Provides a writable MTU attribute for a network resource." updated="2017-07-12T00:00:00-00:00" {{(pid=103355) _check_extension /opt/stack/neutron/neutron/api/extensions.py:415}}
May 20 19:00:31.127305 np0000175401 devstack@neutron-api.service[103355]: INFO neutron.api.extensions [None req-8a317c96-a91d-4df8-90fa-666be5a0bf0b None None] Loaded extension: net-mtu-writable
May 20 19:00:31.127424 np0000175401 devstack@neutron-api.service[103355]: DEBUG neutron.api.extensions [None req-8a317c96-a91d-4df8-90fa-666be5a0bf0b None None] Loading extension file: network_availability_zone.py {{(pid=103355) _load_all_extensions_from_path /opt/stack/neutron/neutron/api/extensions.py:449}}
May 20 19:00:31.127731 np0000175401 devstack@neutron-api.service[103355]: DEBUG neutron.api.extensions [None req-8a317c96-a91d-4df8-90fa-666be5a0bf0b None None] Ext name="Network Availability Zone" alias="network_availability_zone" description="Availability zone support for network." updated="2015-01-01T10:00:00-00:00" {{(pid=103355) _check_extension /opt/stack/neutron/neutron/api/extensions.py:415}}
May 20 19:00:31.127899 np0000175401 devstack@neutron-api.service[103355]: INFO neutron.api.extensions [None req-8a317c96-a91d-4df8-90fa-666be5a0bf0b None None] Loaded extension: network_availability_zone
May 20 19:00:31.128011 np0000175401 devstack@neutron-api.service[103355]: DEBUG neutron.api.extensions [None req-8a317c96-a91d-4df8-90fa-666be5a0bf0b None None] Loading extension file: network_ha.py {{(pid=103355) _load_all_extensions_from_path /opt/stack/neutron/neutron/api/extensions.py:449}}
May 20 19:00:31.128431 np0000175401 devstack@neutron-api.service[103355]: DEBUG neutron.api.extensions [None req-8a317c96-a91d-4df8-90fa-666be5a0bf0b None None] Ext name="Network HA creation flag" alias="network_ha" description="Network high availability creation flag." updated="2023-04-27T10:00:00-00:00" {{(pid=103355) _check_extension /opt/stack/neutron/neutron/api/extensions.py:415}}
May 20 19:00:31.128593 np0000175401 devstack@neutron-api.service[103354]: DEBUG neutron.manager [None req-bde9102b-a6ac-4972-8566-f545de2b24d7 None None] Successfully loaded TAG plugin. Description: Tag support {{(pid=103354) _create_and_add_service_plugin /opt/stack/neutron/neutron/manager.py:239}}
May 20 19:00:31.128641 np0000175401 devstack@neutron-api.service[103355]: INFO neutron.api.extensions [None req-8a317c96-a91d-4df8-90fa-666be5a0bf0b None None] Extension network_ha not supported by any of loaded plugins
May 20 19:00:31.128676 np0000175401 devstack@neutron-api.service[103355]: DEBUG neutron.api.extensions [None req-8a317c96-a91d-4df8-90fa-666be5a0bf0b None None] Loading extension file: network_ip_availability.py {{(pid=103355) _load_all_extensions_from_path /opt/stack/neutron/neutron/api/extensions.py:449}}
May 20 19:00:31.128727 np0000175401 devstack@neutron-api.service[103354]: INFO neutron.manager [None req-bde9102b-a6ac-4972-8566-f545de2b24d7 None None] Loading Plugin: timestamp
May 20 19:00:31.128918 np0000175401 devstack@neutron-api.service[103355]: DEBUG neutron.api.extensions [None req-8a317c96-a91d-4df8-90fa-666be5a0bf0b None None] Ext name="Network IP Availability" alias="network-ip-availability" description="Provides IP availability data for each network and subnet." updated="2015-09-24T00:00:00-00:00" {{(pid=103355) _check_extension /opt/stack/neutron/neutron/api/extensions.py:415}}
May 20 19:00:31.129150 np0000175401 devstack@neutron-api.service[103355]: INFO neutron.api.extensions [None req-8a317c96-a91d-4df8-90fa-666be5a0bf0b None None] Loaded extension: network-ip-availability
May 20 19:00:31.129233 np0000175401 devstack@neutron-api.service[103355]: DEBUG neutron.api.extensions [None req-8a317c96-a91d-4df8-90fa-666be5a0bf0b None None] Loading extension file: network_ip_availability_details.py {{(pid=103355) _load_all_extensions_from_path /opt/stack/neutron/neutron/api/extensions.py:449}}
May 20 19:00:31.129490 np0000175401 devstack@neutron-api.service[103355]: DEBUG neutron.api.extensions [None req-8a317c96-a91d-4df8-90fa-666be5a0bf0b None None] Ext name="Network IP Availability Details Extension" alias="network-ip-availability-details" description="Add ip_availability_details attribute to network-ip-availabilities resource." updated="2025-10-31T00:00:00-00:00" {{(pid=103355) _check_extension /opt/stack/neutron/neutron/api/extensions.py:415}}
May 20 19:00:31.129651 np0000175401 devstack@neutron-api.service[103355]: INFO neutron.api.extensions [None req-8a317c96-a91d-4df8-90fa-666be5a0bf0b None None] Loaded extension: network-ip-availability-details
May 20 19:00:31.129737 np0000175401 devstack@neutron-api.service[103355]: DEBUG neutron.api.extensions [None req-8a317c96-a91d-4df8-90fa-666be5a0bf0b None None] Loading extension file: network_segment_range.py {{(pid=103355) _load_all_extensions_from_path /opt/stack/neutron/neutron/api/extensions.py:449}}
May 20 19:00:31.129978 np0000175401 devstack@neutron-api.service[103354]: DEBUG neutron.manager [None req-bde9102b-a6ac-4972-8566-f545de2b24d7 None None] Successfully loaded timestamp plugin. Description: Adds timestamps to Neutron resources with standard attributes {{(pid=103354) _create_and_add_service_plugin /opt/stack/neutron/neutron/manager.py:239}}
May 20 19:00:31.130073 np0000175401 devstack@neutron-api.service[103355]: DEBUG neutron.api.extensions [None req-8a317c96-a91d-4df8-90fa-666be5a0bf0b None None] Ext name="Neutron Network Segment Range" alias="network-segment-range" description="Provides support for the network segment range management" updated="2018-11-29T00:00:00-00:00" {{(pid=103355) _check_extension /opt/stack/neutron/neutron/api/extensions.py:415}}
May 20 19:00:31.130130 np0000175401 devstack@neutron-api.service[103354]: INFO neutron.manager [None req-bde9102b-a6ac-4972-8566-f545de2b24d7 None None] Loading Plugin: network_ip_availability
May 20 19:00:31.130244 np0000175401 devstack@neutron-api.service[103355]: INFO neutron.api.extensions [None req-8a317c96-a91d-4df8-90fa-666be5a0bf0b None None] Extension network-segment-range not supported by any of loaded plugins
May 20 19:00:31.130330 np0000175401 devstack@neutron-api.service[103355]: DEBUG neutron.api.extensions [None req-8a317c96-a91d-4df8-90fa-666be5a0bf0b None None] Loading extension file: pagination.py {{(pid=103355) _load_all_extensions_from_path /opt/stack/neutron/neutron/api/extensions.py:449}}
May 20 19:00:31.130563 np0000175401 devstack@neutron-api.service[103355]: DEBUG neutron.api.extensions [None req-8a317c96-a91d-4df8-90fa-666be5a0bf0b None None] Ext name="Pagination support" alias="pagination" description="Extension that indicates that pagination is enabled." updated="2016-06-12T00:00:00-00:00" {{(pid=103355) _check_extension /opt/stack/neutron/neutron/api/extensions.py:415}}
May 20 19:00:31.130658 np0000175401 devstack@neutron-api.service[103355]: INFO neutron.api.extensions [None req-8a317c96-a91d-4df8-90fa-666be5a0bf0b None None] Loaded extension: pagination
