2026-07-06 03:07:45.651 8 INFO neutron.db.ovn_revision_numbers_db [None req-ffa0bd38-d415-4323-99ca-7425edc213dd 22ecf221c61f4b1c921938813f19d67a 69a6ecd7f1ca4bb9ae5f0f73426f54da - - default default] Successfully bumped revision number for resource 58a45e07-b996-4adf-9a67-7892400cbf53 (type: ports) to 1 [pid: 8|app: 0|req: 1303/2563] 10.0.0.213 () {34 vars in 670 bytes} [Mon Jul 6 03:07:44 2026] POST /v2.0/networks => generated 678 bytes in 768 msecs (HTTP/1.1 201) 4 headers in 162 bytes (1 switches on core 0) [pid: 7|app: 0|req: 1261/2564] 10.0.0.213 () {34 vars in 789 bytes} [Mon Jul 6 03:07:44 2026] PUT /v2.0/routers/d3b43ff7-010e-4016-a810-7e6d1e46a615/remove_router_interface => generated 309 bytes in 978 msecs (HTTP/1.1 200) 4 headers in 157 bytes (1 switches on core 0) /var/lib/openstack/lib/python3.12/site-packages/pycadf/identifier.py:70: UserWarning: Invalid uuid: neutron. To ensure interoperability, identifiers should be a valid uuid. warnings.warn(('Invalid uuid: %s. To ensure interoperability, '
2026-07-06 03:07:45.881 8 WARNING neutron.scheduler.dhcp_agent_scheduler [None req-b7b73665-7273-45f5-976b-8d2308c47248 22ecf221c61f4b1c921938813f19d67a 69a6ecd7f1ca4bb9ae5f0f73426f54da - - default default] No more DHCP agents
2026-07-06 03:07:45.882 8 WARNING neutron.api.rpc.agentnotifiers.dhcp_rpc_agent_api [None req-b7b73665-7273-45f5-976b-8d2308c47248 22ecf221c61f4b1c921938813f19d67a 69a6ecd7f1ca4bb9ae5f0f73426f54da - - default default] Unable to schedule network 9d483d50-78cf-46a8-95e8-591e4bc90f25: no agents available; will retry on subsequent port and subnet creation events.
2026-07-06 03:07:46.189 7 INFO neutron_taas.services.taas.taas_plugin [None req-d0bd332c-dca3-4423-bcfc-ca3e307414fc fedf36396b5d43bfb85960fd96777f95 48623a7aae2c45ef920739e814c0a5a1 - - default default] TaaS: Handle Delete Port: 3634ec23-3a20-4aeb-a9bf-d1cde336f49a
2026-07-06 03:07:46.192 7 INFO neutron_taas.services.taas.tap_mirror_plugin [None req-d0bd332c-dca3-4423-bcfc-ca3e307414fc fedf36396b5d43bfb85960fd96777f95 48623a7aae2c45ef920739e814c0a5a1 - - default default] Tap Mirror: Handle Delete Port: 3634ec23-3a20-4aeb-a9bf-d1cde336f49a
2026-07-06 03:07:46.300 8 INFO neutron.db.ovn_revision_numbers_db [None req-ea8fb676-3fda-4918-90cb-5058a4483a80 - - - - - -] Successfully bumped revision number for resource 58a45e07-b996-4adf-9a67-7892400cbf53 (type: ports) to 2
2026-07-06 03:07:46.332 8 INFO neutron.db.ovn_revision_numbers_db [None req-ea8fb676-3fda-4918-90cb-5058a4483a80 - - - - - -] Successfully bumped revision number for resource 3170993a-681e-4375-9bcc-81fe418924ba (type: subnets) to 0 [pid: 8|app: 0|req: 1304/2565] 10.0.0.213 () {34 vars in 669 bytes} [Mon Jul 6 03:07:45 2026] POST /v2.0/subnets => generated 657 bytes in 680 msecs (HTTP/1.1 201) 4 headers in 162 bytes (1 switches on core 0) [pid: 8|app: 0|req: 1305/2566] 10.0.0.213 () {32 vars in 722 bytes} [Mon Jul 6 03:07:46 2026] GET /v2.0/subnetpools?name=shared-default-subnetpool-v6 => generated 19 bytes in 44 msecs (HTTP/1.1 200) 4 headers in 156 bytes (1 switches on core 0) [pid: 7|app: 0|req: 1262/2567] 10.0.0.213 () {32 vars in 724 bytes} [Mon Jul 6 03:07:45 2026] DELETE /v2.0/routers/d3b43ff7-010e-4016-a810-7e6d1e46a615 => generated 0 bytes in 684 msecs (HTTP/1.1 204) 2 headers in 112 bytes (1 switches on core 0)
2026-07-06 03:07:46.619 8 WARNING neutron.scheduler.dhcp_agent_scheduler [None req-5f1559fe-4aff-4f09-8ed2-6e2c89017998 22ecf221c61f4b1c921938813f19d67a 69a6ecd7f1ca4bb9ae5f0f73426f54da - - default default] No more DHCP agents
2026-07-06 03:07:46.620 8 WARNING neutron.api.rpc.agentnotifiers.dhcp_rpc_agent_api [None req-5f1559fe-4aff-4f09-8ed2-6e2c89017998 22ecf221c61f4b1c921938813f19d67a 69a6ecd7f1ca4bb9ae5f0f73426f54da - - default default] Unable to schedule network 9d483d50-78cf-46a8-95e8-591e4bc90f25: no agents available; will retry on subsequent port and subnet creation events.
2026-07-06 03:07:46.659 8 INFO neutron.db.ovn_revision_numbers_db [None req-5f1559fe-4aff-4f09-8ed2-6e2c89017998 22ecf221c61f4b1c921938813f19d67a 69a6ecd7f1ca4bb9ae5f0f73426f54da - - default default] Successfully bumped revision number for resource 1dbd1042-2b64-4ada-be84-2f0433f799a0 (type: subnets) to 0 [pid: 8|app: 0|req: 1306/2568] 10.0.0.213 () {34 vars in 669 bytes} [Mon Jul 6 03:07:46 2026] POST /v2.0/subnets => generated 731 bytes in 262 msecs (HTTP/1.1 201) 4 headers in 162 bytes (1 switches on core 0) [pid: 7|app: 0|req: 1263/2569] 10.0.0.213 () {32 vars in 724 bytes} [Mon Jul 6 03:07:46 2026] DELETE /v2.0/subnets/fb3073db-69ec-4c43-a136-a02cf6565af3 => generated 0 bytes in 196 msecs (HTTP/1.1 204) 3 headers in 131 bytes (1 switches on core 0)
2026-07-06 03:07:46.775 8 INFO neutron.db.segments_db [None req-3aefb001-2e6e-4f47-84bd-9f3038cd9f9f 22ecf221c61f4b1c921938813f19d67a 69a6ecd7f1ca4bb9ae5f0f73426f54da - - default default] Added segment fba15bd9-1433-4550-ad4d-760625c8b392 of type geneve for network fe652e6e-c432-4b8b-a1f3-a772d70d9abe
2026-07-06 03:07:46.875 8 INFO neutron.db.ovn_revision_numbers_db [None req-3aefb001-2e6e-4f47-84bd-9f3038cd9f9f 22ecf221c61f4b1c921938813f19d67a 69a6ecd7f1ca4bb9ae5f0f73426f54da - - default default] Successfully bumped revision number for resource fe652e6e-c432-4b8b-a1f3-a772d70d9abe (type: networks) to 1
2026-07-06 03:07:46.883 7 INFO neutron_taas.services.taas.taas_plugin [None req-6fa271b0-daab-41d2-8b5e-2fe14ca201d3 fedf36396b5d43bfb85960fd96777f95 48623a7aae2c45ef920739e814c0a5a1 - - default default] TaaS: Handle Delete Port: c8b92812-0238-46ab-bfab-9cd12e9f414e
2026-07-06 03:07:46.885 7 INFO neutron_taas.services.taas.tap_mirror_plugin [None req-6fa271b0-daab-41d2-8b5e-2fe14ca201d3 fedf36396b5d43bfb85960fd96777f95 48623a7aae2c45ef920739e814c0a5a1 - - default default] Tap Mirror: Handle Delete Port: c8b92812-0238-46ab-bfab-9cd12e9f414e
2026-07-06 03:07:47.034 7 INFO neutron.services.segments.plugin [-] Segment 32faf5fa-216f-4fd7-b022-603a0746f2d1 resource provider aggregate not found
2026-07-06 03:07:47.040 7 INFO neutron.services.segments.plugin [-] Segment 32faf5fa-216f-4fd7-b022-603a0746f2d1 resource provider aggregate not found
2026-07-06 03:07:47.041 8 WARNING neutron.scheduler.dhcp_agent_scheduler [None req-3aefb001-2e6e-4f47-84bd-9f3038cd9f9f 22ecf221c61f4b1c921938813f19d67a 69a6ecd7f1ca4bb9ae5f0f73426f54da - - default default] No more DHCP agents
2026-07-06 03:07:47.043 8 WARNING neutron.api.rpc.agentnotifiers.dhcp_rpc_agent_api [None req-3aefb001-2e6e-4f47-84bd-9f3038cd9f9f 22ecf221c61f4b1c921938813f19d67a 69a6ecd7f1ca4bb9ae5f0f73426f54da - - default default] Unable to schedule network fe652e6e-c432-4b8b-a1f3-a772d70d9abe: no agents available; will retry on subsequent port and subnet creation events.
2026-07-06 03:07:47.054 7 INFO neutron.services.segments.plugin [-] Client error retrieving segment 32faf5fa-216f-4fd7-b022-603a0746f2d1 resource provider; error: Placement Client Error (4xx): {"errors": [{"status": 404, "title": "Not Found", "detail": "The resource could not be found.\n\n No resource provider with uuid 32faf5fa-216f-4fd7-b022-603a0746f2d1 found for delete ", "request_id": "req-6bcba930-1019-4011-a284-c2b68a7d0979"}]}
2026-07-06 03:07:47.058 7 INFO neutron.services.segments.plugin [-] Client error retrieving segment 32faf5fa-216f-4fd7-b022-603a0746f2d1 resource provider; error: Placement Client Error (4xx): {"errors": [{"status": 404, "title": "Not Found", "detail": "The resource could not be found.\n\n No resource provider with uuid 32faf5fa-216f-4fd7-b022-603a0746f2d1 found for delete ", "request_id": "req-e96d2bc7-766e-4b0f-b46c-04d4514157c1"}]} [pid: 7|app: 0|req: 1264/2570] 10.0.0.213 () {32 vars in 726 bytes} [Mon Jul 6 03:07:46 2026] DELETE /v2.0/networks/d6f9696a-5454-434d-acfc-7782ce735535 => generated 0 bytes in 335 msecs (HTTP/1.1 204) 3 headers in 131 bytes (1 switches on core 0)
2026-07-06 03:07:47.110 8 INFO neutron.plugins.ml2.drivers.ovn.mech_driver.mech_driver [None req-1ddc2563-c254-4676-8749-fa3e3acde4cf - - - - - -] OVN reports status down for port: ada1b140-7e16-45de-98ba-3ed815f76dd1
2026-07-06 03:07:47.164 8 INFO neutron.db.ovn_revision_numbers_db [None req-3aefb001-2e6e-4f47-84bd-9f3038cd9f9f 22ecf221c61f4b1c921938813f19d67a 69a6ecd7f1ca4bb9ae5f0f73426f54da - - default default] Successfully bumped revision number for resource ada1b140-7e16-45de-98ba-3ed815f76dd1 (type: ports) to 1 [pid: 8|app: 0|req: 1307/2571] 10.0.0.213 () {34 vars in 670 bytes} [Mon Jul 6 03:07:46 2026] POST /v2.0/networks => generated 676 bytes in 528 msecs (HTTP/1.1 201) 4 headers in 162 bytes (1 switches on core 0) [pid: 8|app: 0|req: 1308/2572] 10.0.0.213 () {32 vars in 774 bytes} [Mon Jul 6 03:07:47 2026] GET /v2.0/security-groups?tenant_id=efd7ff79c4ac4f1a9eaffa7a6be37ac7&name=default => generated 2925 bytes in 28 msecs (HTTP/1.1 200) 4 headers in 158 bytes (1 switches on core 0)
2026-07-06 03:07:47.406 7 WARNING neutron.scheduler.dhcp_agent_scheduler [None req-a7d873cf-0102-4629-b1cf-36e3184d98c5 22ecf221c61f4b1c921938813f19d67a 69a6ecd7f1ca4bb9ae5f0f73426f54da - - default default] No more DHCP agents
2026-07-06 03:07:47.407 7 WARNING neutron.api.rpc.agentnotifiers.dhcp_rpc_agent_api [None req-a7d873cf-0102-4629-b1cf-36e3184d98c5 22ecf221c61f4b1c921938813f19d67a 69a6ecd7f1ca4bb9ae5f0f73426f54da - - default default] Unable to schedule network fe652e6e-c432-4b8b-a1f3-a772d70d9abe: no agents available; will retry on subsequent port and subnet creation events. [pid: 8|app: 0|req: 1309/2573] 10.0.0.213 () {32 vars in 740 bytes} [Mon Jul 6 03:07:47 2026] DELETE /v2.0/security-groups/47e77c4f-f049-41d2-9e92-4db23caf33fb => generated 0 bytes in 223 msecs (HTTP/1.1 204) 2 headers in 112 bytes (1 switches on core 0)
2026-07-06 03:07:47.902 7 INFO neutron.db.ovn_revision_numbers_db [None req-89342b89-8e77-4c09-a618-e3241bf50579 - - - - - -] Successfully bumped revision number for resource ada1b140-7e16-45de-98ba-3ed815f76dd1 (type: ports) to 2
2026-07-06 03:07:47.930 7 INFO neutron.db.ovn_revision_numbers_db [None req-89342b89-8e77-4c09-a618-e3241bf50579 - - - - - -] Successfully bumped revision number for resource b4a1daa6-6913-4681-a9e6-f73de762e8db (type: subnets) to 0 [pid: 7|app: 0|req: 1265/2574] 10.0.0.213 () {34 vars in 669 bytes} [Mon Jul 6 03:07:47 2026] POST /v2.0/subnets => generated 656 bytes in 728 msecs (HTTP/1.1 201) 4 headers in 162 bytes (1 switches on core 0)
2026-07-06 03:07:48.177 8 WARNING neutron.scheduler.dhcp_agent_scheduler [None req-7155191b-d61b-4b37-bf24-d44e57559906 22ecf221c61f4b1c921938813f19d67a 69a6ecd7f1ca4bb9ae5f0f73426f54da - - default default] No more DHCP agents
2026-07-06 03:07:48.178 8 WARNING neutron.api.rpc.agentnotifiers.dhcp_rpc_agent_api [None req-7155191b-d61b-4b37-bf24-d44e57559906 22ecf221c61f4b1c921938813f19d67a 69a6ecd7f1ca4bb9ae5f0f73426f54da - - default default] Unable to schedule network fe652e6e-c432-4b8b-a1f3-a772d70d9abe: no agents available; will retry on subsequent port and subnet creation events.
2026-07-06 03:07:48.209 8 INFO neutron.db.ovn_revision_numbers_db [None req-7155191b-d61b-4b37-bf24-d44e57559906 22ecf221c61f4b1c921938813f19d67a 69a6ecd7f1ca4bb9ae5f0f73426f54da - - default default] Successfully bumped revision number for resource 5d2f7015-4763-4b8e-a4f4-4aacd5c2e325 (type: subnets) to 0 [pid: 8|app: 0|req: 1310/2575] 10.0.0.213 () {34 vars in 669 bytes} [Mon Jul 6 03:07:47 2026] POST /v2.0/subnets => generated 725 bytes in 272 msecs (HTTP/1.1 201) 4 headers in 162 bytes (1 switches on core 0)
2026-07-06 03:07:48.309 7 INFO neutron.db.segments_db [None req-d92a9fd1-a37a-4667-9de0-579b97e6886c 22ecf221c61f4b1c921938813f19d67a 69a6ecd7f1ca4bb9ae5f0f73426f54da - - default default] Added segment c528f73b-035d-4650-9b02-998505d8432b of type geneve for network a40fe6f0-5c71-4ff2-9db7-177c328f5d87
2026-07-06 03:07:48.404 7 INFO neutron.db.ovn_revision_numbers_db [None req-d92a9fd1-a37a-4667-9de0-579b97e6886c 22ecf221c61f4b1c921938813f19d67a 69a6ecd7f1ca4bb9ae5f0f73426f54da - - default default] Successfully bumped revision number for resource a40fe6f0-5c71-4ff2-9db7-177c328f5d87 (type: networks) to 1
2026-07-06 03:07:48.571 7 WARNING neutron.scheduler.dhcp_agent_scheduler [None req-d92a9fd1-a37a-4667-9de0-579b97e6886c 22ecf221c61f4b1c921938813f19d67a 69a6ecd7f1ca4bb9ae5f0f73426f54da - - default default] No more DHCP agents
2026-07-06 03:07:48.572 7 WARNING neutron.api.rpc.agentnotifiers.dhcp_rpc_agent_api [None req-d92a9fd1-a37a-4667-9de0-579b97e6886c 22ecf221c61f4b1c921938813f19d67a 69a6ecd7f1ca4bb9ae5f0f73426f54da - - default default] Unable to schedule network a40fe6f0-5c71-4ff2-9db7-177c328f5d87: no agents available; will retry on subsequent port and subnet creation events.
2026-07-06 03:07:48.621 7 INFO neutron.plugins.ml2.drivers.ovn.mech_driver.mech_driver [None req-644ca96e-e75c-4536-96ed-0f0572da0a86 - - - - - -] OVN reports status down for port: c59d5c39-b40d-4720-958e-d35d6f20682a
2026-07-06 03:07:48.678 7 INFO neutron.db.ovn_revision_numbers_db [None req-d92a9fd1-a37a-4667-9de0-579b97e6886c 22ecf221c61f4b1c921938813f19d67a 69a6ecd7f1ca4bb9ae5f0f73426f54da - - default default] Successfully bumped revision number for resource c59d5c39-b40d-4720-958e-d35d6f20682a (type: ports) to 1 [pid: 7|app: 0|req: 1266/2576] 10.0.0.213 () {34 vars in 670 bytes} [Mon Jul 6 03:07:48 2026] POST /v2.0/networks => generated 675 bytes in 492 msecs (HTTP/1.1 201) 4 headers in 162 bytes (1 switches on core 0)
2026-07-06 03:07:48.892 8 WARNING neutron.scheduler.dhcp_agent_scheduler [None req-748f18db-85a9-40a0-beee-563a3758b359 22ecf221c61f4b1c921938813f19d67a 69a6ecd7f1ca4bb9ae5f0f73426f54da - - default default] No more DHCP agents
2026-07-06 03:07:48.893 8 WARNING neutron.api.rpc.agentnotifiers.dhcp_rpc_agent_api [None req-748f18db-85a9-40a0-beee-563a3758b359 22ecf221c61f4b1c921938813f19d67a 69a6ecd7f1ca4bb9ae5f0f73426f54da - - default default] Unable to schedule network a40fe6f0-5c71-4ff2-9db7-177c328f5d87: no agents available; will retry on subsequent port and subnet creation events.
2026-07-06 03:07:49.771 8 INFO neutron.db.ovn_revision_numbers_db [None req-e57366a0-6421-427b-b885-27dfbdd2138b - - - - - -] Successfully bumped revision number for resource c59d5c39-b40d-4720-958e-d35d6f20682a (type: ports) to 2
2026-07-06 03:07:49.805 8 INFO neutron.db.ovn_revision_numbers_db [None req-e57366a0-6421-427b-b885-27dfbdd2138b - - - - - -] Successfully bumped revision number for resource db7e4bc5-dab7-4426-96a1-2789c5217295 (type: subnets) to 0 [pid: 8|app: 0|req: 1311/2577] 10.0.0.213 () {34 vars in 669 bytes} [Mon Jul 6 03:07:48 2026] POST /v2.0/subnets => generated 656 bytes in 1093 msecs (HTTP/1.1 201) 4 headers in 162 bytes (1 switches on core 0)
2026-07-06 03:07:50.051 7 WARNING neutron.scheduler.dhcp_agent_scheduler [None req-3336a35b-258b-4972-80e5-ce2e10909026 22ecf221c61f4b1c921938813f19d67a 69a6ecd7f1ca4bb9ae5f0f73426f54da - - default default] No more DHCP agents
2026-07-06 03:07:50.052 7 WARNING neutron.api.rpc.agentnotifiers.dhcp_rpc_agent_api [None req-3336a35b-258b-4972-80e5-ce2e10909026 22ecf221c61f4b1c921938813f19d67a 69a6ecd7f1ca4bb9ae5f0f73426f54da - - default default] Unable to schedule network a40fe6f0-5c71-4ff2-9db7-177c328f5d87: no agents available; will retry on subsequent port and subnet creation events.
2026-07-06 03:07:50.080 7 INFO neutron.db.ovn_revision_numbers_db [None req-3336a35b-258b-4972-80e5-ce2e10909026 22ecf221c61f4b1c921938813f19d67a 69a6ecd7f1ca4bb9ae5f0f73426f54da - - default default] Successfully bumped revision number for resource fc0c27ec-96e9-4a2f-8752-470902970d0a (type: subnets) to 0 [pid: 7|app: 0|req: 1267/2578] 10.0.0.213 () {34 vars in 669 bytes} [Mon Jul 6 03:07:49 2026] POST /v2.0/subnets => generated 729 bytes in 270 msecs (HTTP/1.1 201) 4 headers in 162 bytes (1 switches on core 0)
2026-07-06 03:07:50.508 8 WARNING neutron.scheduler.dhcp_agent_scheduler [None req-421f5fc7-ecfa-4ce6-8c8b-8fb2478f3b30 22ecf221c61f4b1c921938813f19d67a 69a6ecd7f1ca4bb9ae5f0f73426f54da - - default default] No more DHCP agents
2026-07-06 03:07:50.510 8 WARNING neutron.api.rpc.agentnotifiers.dhcp_rpc_agent_api [None req-421f5fc7-ecfa-4ce6-8c8b-8fb2478f3b30 22ecf221c61f4b1c921938813f19d67a 69a6ecd7f1ca4bb9ae5f0f73426f54da - - default default] Unable to schedule network 75413722-4d41-474f-8fc2-59de304c836d: no agents available; will retry on subsequent port and subnet creation events.
2026-07-06 03:07:50.618 7 INFO neutron.plugins.ml2.drivers.ovn.mech_driver.mech_driver [None req-644ca96e-e75c-4536-96ed-0f0572da0a86 - - - - - -] OVN reports status down for port: 5bc1dd84-0b24-44df-b9ac-297a05694831
2026-07-06 03:07:50.654 8 INFO neutron.db.ovn_revision_numbers_db [None req-421f5fc7-ecfa-4ce6-8c8b-8fb2478f3b30 22ecf221c61f4b1c921938813f19d67a 69a6ecd7f1ca4bb9ae5f0f73426f54da - - default default] Successfully bumped revision number for resource 5bc1dd84-0b24-44df-b9ac-297a05694831 (type: ports) to 1
2026-07-06 03:07:51.231 8 INFO neutron.plugins.ml2.drivers.ovn.mech_driver.ovsdb.commands [None req-1c898daf-aff0-4a02-aac7-e44880dc6f09 - - - - - -] Schedule LRP lrp-5bc1dd84-0b24-44df-b9ac-297a05694831 on gateway 8147589f-f878-452b-9fbb-ad7d20dc7334 with priority 1
2026-07-06 03:07:51.282 8 INFO neutron.db.ovn_revision_numbers_db [None req-421f5fc7-ecfa-4ce6-8c8b-8fb2478f3b30 22ecf221c61f4b1c921938813f19d67a 69a6ecd7f1ca4bb9ae5f0f73426f54da - - default default] Successfully bumped revision number for resource 5bc1dd84-0b24-44df-b9ac-297a05694831 (type: router_ports) to 1
2026-07-06 03:07:51.301 7 INFO neutron.plugins.ml2.drivers.ovn.mech_driver.ovsdb.ovsdb_monitor [None req-6657fe2f-9377-45eb-8b29-b7d184cd6c86 - - - - - -] Router b3946439-5dc2-47f2-8007-c9eb97792fb1 is bound to host instance
2026-07-06 03:07:51.335 7 INFO neutron.plugins.ml2.drivers.ovn.mech_driver.mech_driver [None req-644ca96e-e75c-4536-96ed-0f0572da0a86 - - - - - -] OVN reports status up for port: 5bc1dd84-0b24-44df-b9ac-297a05694831
2026-07-06 03:07:51.348 8 INFO neutron.db.ovn_revision_numbers_db [None req-421f5fc7-ecfa-4ce6-8c8b-8fb2478f3b30 22ecf221c61f4b1c921938813f19d67a 69a6ecd7f1ca4bb9ae5f0f73426f54da - - default default] Successfully bumped revision number for resource b3946439-5dc2-47f2-8007-c9eb97792fb1 (type: routers) to 2 [pid: 8|app: 0|req: 1312/2579] 10.0.0.213 () {34 vars in 669 bytes} [Mon Jul 6 03:07:50 2026] POST /v2.0/routers => generated 945 bytes in 1270 msecs (HTTP/1.1 201) 4 headers in 162 bytes (1 switches on core 0)
2026-07-06 03:07:51.376 7 INFO neutron.plugins.ml2.plugin [None req-644ca96e-e75c-4536-96ed-0f0572da0a86 - - - - - -] Attempt 1 to provision port 5bc1dd84-0b24-44df-b9ac-297a05694831
2026-07-06 03:07:52.128 8 INFO neutron.db.ovn_revision_numbers_db [None req-1a03fc2e-4492-43c2-b16b-be52c349bc7f fedf36396b5d43bfb85960fd96777f95 48623a7aae2c45ef920739e814c0a5a1 - - default default] Successfully bumped revision number for resource cde2368a-13b7-45dd-91dd-8a4a51d24588 (type: security_groups) to 1
2026-07-06 03:07:52.141 8 INFO neutron.db.ovn_revision_numbers_db [None req-1a03fc2e-4492-43c2-b16b-be52c349bc7f fedf36396b5d43bfb85960fd96777f95 48623a7aae2c45ef920739e814c0a5a1 - - default default] Successfully bumped revision number for resource 4dd7ea15-06ab-49b5-a3ac-c077352d723e (type: security_group_rules) to 0
2026-07-06 03:07:52.155 8 INFO neutron.db.ovn_revision_numbers_db [None req-1a03fc2e-4492-43c2-b16b-be52c349bc7f fedf36396b5d43bfb85960fd96777f95 48623a7aae2c45ef920739e814c0a5a1 - - default default] Successfully bumped revision number for resource c8e2f3f5-7014-40bf-a983-30cd37f1d347 (type: security_group_rules) to 0
2026-07-06 03:07:52.165 8 INFO neutron.db.ovn_revision_numbers_db [None req-1a03fc2e-4492-43c2-b16b-be52c349bc7f fedf36396b5d43bfb85960fd96777f95 48623a7aae2c45ef920739e814c0a5a1 - - default default] Successfully bumped revision number for resource da2389ad-7e13-4ba3-ac4a-690fe8e420dd (type: security_group_rules) to 0
2026-07-06 03:07:52.177 8 INFO neutron.db.ovn_revision_numbers_db [None req-1a03fc2e-4492-43c2-b16b-be52c349bc7f fedf36396b5d43bfb85960fd96777f95 48623a7aae2c45ef920739e814c0a5a1 - - default default] Successfully bumped revision number for resource f90af333-cbe5-4126-9c57-5238027fbc15 (type: security_group_rules) to 0 [pid: 8|app: 0|req: 1313/2580] 10.0.0.213 () {32 vars in 774 bytes} [Mon Jul 6 03:07:51 2026] GET /v2.0/security-groups?tenant_id=3fc39a50569940149add975f4d17e591&name=default => generated 2925 bytes in 316 msecs (HTTP/1.1 200) 4 headers in 158 bytes (1 switches on core 0)
2026-07-06 03:07:52.427 7 WARNING neutron.scheduler.dhcp_agent_scheduler [None req-745a7f4d-1a32-4949-b76b-6e77cd501668 22ecf221c61f4b1c921938813f19d67a 69a6ecd7f1ca4bb9ae5f0f73426f54da - - default default] No more DHCP agents
2026-07-06 03:07:52.434 7 WARNING neutron.api.rpc.agentnotifiers.dhcp_rpc_agent_api [None req-745a7f4d-1a32-4949-b76b-6e77cd501668 22ecf221c61f4b1c921938813f19d67a 69a6ecd7f1ca4bb9ae5f0f73426f54da - - default default] Unable to schedule network 9d483d50-78cf-46a8-95e8-591e4bc90f25: no agents available; will retry on subsequent port and subnet creation events. [pid: 8|app: 0|req: 1314/2581] 10.0.0.213 () {32 vars in 740 bytes} [Mon Jul 6 03:07:52 2026] DELETE /v2.0/security-groups/cde2368a-13b7-45dd-91dd-8a4a51d24588 => generated 0 bytes in 225 msecs (HTTP/1.1 204) 2 headers in 112 bytes (1 switches on core 0)
2026-07-06 03:07:52.740 7 INFO neutron.db.ovn_revision_numbers_db [None req-745a7f4d-1a32-4949-b76b-6e77cd501668 22ecf221c61f4b1c921938813f19d67a 69a6ecd7f1ca4bb9ae5f0f73426f54da - - default default] Successfully bumped revision number for resource 749edaa8-bbad-430c-83a8-41a465113016 (type: ports) to 1
2026-07-06 03:07:52.903 7 INFO neutron.db.ovn_revision_numbers_db [None req-26a4e4b8-edd9-42ad-921b-1018d966b9d4 - - - - - -] Successfully bumped revision number for resource 5bc1dd84-0b24-44df-b9ac-297a05694831 (type: ports) to 4
2026-07-06 03:07:53.510 7 INFO neutron.db.ovn_revision_numbers_db [None req-26a4e4b8-edd9-42ad-921b-1018d966b9d4 - - - - - -] Successfully bumped revision number for resource 5bc1dd84-0b24-44df-b9ac-297a05694831 (type: ports) to 5
2026-07-06 03:07:53.840 7 WARNING neutron.scheduler.dhcp_agent_scheduler [None req-745a7f4d-1a32-4949-b76b-6e77cd501668 22ecf221c61f4b1c921938813f19d67a 69a6ecd7f1ca4bb9ae5f0f73426f54da - - default default] No more DHCP agents
2026-07-06 03:07:53.841 7 WARNING neutron.api.rpc.agentnotifiers.dhcp_rpc_agent_api [None req-745a7f4d-1a32-4949-b76b-6e77cd501668 22ecf221c61f4b1c921938813f19d67a 69a6ecd7f1ca4bb9ae5f0f73426f54da - - default default] Unable to schedule network 9d483d50-78cf-46a8-95e8-591e4bc90f25: no agents available; will retry on subsequent port and subnet creation events.
2026-07-06 03:07:54.205 7 INFO neutron.db.ovn_revision_numbers_db [None req-745a7f4d-1a32-4949-b76b-6e77cd501668 22ecf221c61f4b1c921938813f19d67a 69a6ecd7f1ca4bb9ae5f0f73426f54da - - default default] Successfully bumped revision number for resource 749edaa8-bbad-430c-83a8-41a465113016 (type: router_ports) to 1 [pid: 7|app: 0|req: 1268/2582] 10.0.0.213 () {34 vars in 783 bytes} [Mon Jul 6 03:07:51 2026] PUT /v2.0/routers/b3946439-5dc2-47f2-8007-c9eb97792fb1/add_router_interface => generated 309 bytes in 2837 msecs (HTTP/1.1 200) 4 headers in 157 bytes (1 switches on core 0)
2026-07-06 03:07:54.385 8 INFO neutron.db.ovn_revision_numbers_db [None req-ff7057e3-4a72-49b9-9815-df418a61cff6 2caf9e574ff040f784f3f454a2d7107d 0097ed47dfc54798a4dc3c36ebca4b9d - - default default] Successfully bumped revision number for resource f0da93b2-607b-4d0b-bbea-eeb3bba70c1a (type: security_groups) to 1
2026-07-06 03:07:54.400 8 INFO neutron.db.ovn_revision_numbers_db [None req-ff7057e3-4a72-49b9-9815-df418a61cff6 2caf9e574ff040f784f3f454a2d7107d 0097ed47dfc54798a4dc3c36ebca4b9d - - default default] Successfully bumped revision number for resource 189081fe-2add-4e0c-95a3-c150a38281cc (type: security_group_rules) to 0
2026-07-06 03:07:54.411 8 INFO neutron.db.ovn_revision_numbers_db [None req-ff7057e3-4a72-49b9-9815-df418a61cff6 2caf9e574ff040f784f3f454a2d7107d 0097ed47dfc54798a4dc3c36ebca4b9d - - default default] Successfully bumped revision number for resource 3e9704d1-b755-4e9e-b632-053f97d96480 (type: security_group_rules) to 0
2026-07-06 03:07:54.424 8 INFO neutron.db.ovn_revision_numbers_db [None req-ff7057e3-4a72-49b9-9815-df418a61cff6 2caf9e574ff040f784f3f454a2d7107d 0097ed47dfc54798a4dc3c36ebca4b9d - - default default] Successfully bumped revision number for resource ae7a8fcb-6033-4182-9b2e-d6d805d323b1 (type: security_group_rules) to 0
2026-07-06 03:07:54.442 8 INFO neutron.db.ovn_revision_numbers_db [None req-ff7057e3-4a72-49b9-9815-df418a61cff6 2caf9e574ff040f784f3f454a2d7107d 0097ed47dfc54798a4dc3c36ebca4b9d - - default default] Successfully bumped revision number for resource ecf60656-f145-4143-99e5-00fc120ac409 (type: security_group_rules) to 0
2026-07-06 03:07:54.482 7 INFO neutron.plugins.ml2.drivers.ovn.mech_driver.mech_driver [None req-644ca96e-e75c-4536-96ed-0f0572da0a86 - - - - - -] OVN reports status down for port: 749edaa8-bbad-430c-83a8-41a465113016
2026-07-06 03:07:54.536 8 INFO neutron.db.segments_db [None req-ff7057e3-4a72-49b9-9815-df418a61cff6 2caf9e574ff040f784f3f454a2d7107d 0097ed47dfc54798a4dc3c36ebca4b9d - - default default] Added segment af1c1371-4f6c-43da-9492-13ebcbc47e04 of type geneve for network 2a51f966-31d5-47d1-b296-300bbc934ffb
2026-07-06 03:07:54.613 7 WARNING neutron.plugins.ml2.drivers.ovn.mech_driver.ovsdb.ovn_client [None req-644ca96e-e75c-4536-96ed-0f0572da0a86 - - - - - -] Logical_Switch_Port 749edaa8-bbad-430c-83a8-41a465113016 host information not removed, the port state is up
2026-07-06 03:07:54.618 7 INFO neutron.plugins.ml2.drivers.ovn.mech_driver.mech_driver [None req-644ca96e-e75c-4536-96ed-0f0572da0a86 - - - - - -] OVN reports status up for port: 749edaa8-bbad-430c-83a8-41a465113016
2026-07-06 03:07:54.637 8 INFO neutron.db.ovn_revision_numbers_db [None req-ff7057e3-4a72-49b9-9815-df418a61cff6 2caf9e574ff040f784f3f454a2d7107d 0097ed47dfc54798a4dc3c36ebca4b9d - - default default] Successfully bumped revision number for resource 2a51f966-31d5-47d1-b296-300bbc934ffb (type: networks) to 1
2026-07-06 03:07:54.670 7 INFO neutron.plugins.ml2.plugin [None req-644ca96e-e75c-4536-96ed-0f0572da0a86 - - - - - -] Attempt 1 to provision port 749edaa8-bbad-430c-83a8-41a465113016
2026-07-06 03:07:54.813 8 WARNING neutron.scheduler.dhcp_agent_scheduler [None req-ff7057e3-4a72-49b9-9815-df418a61cff6 2caf9e574ff040f784f3f454a2d7107d 0097ed47dfc54798a4dc3c36ebca4b9d - - default default] No more DHCP agents
2026-07-06 03:07:54.814 8 WARNING neutron.api.rpc.agentnotifiers.dhcp_rpc_agent_api [None req-ff7057e3-4a72-49b9-9815-df418a61cff6 2caf9e574ff040f784f3f454a2d7107d 0097ed47dfc54798a4dc3c36ebca4b9d - - default default] Unable to schedule network 2a51f966-31d5-47d1-b296-300bbc934ffb: no agents available; will retry on subsequent port and subnet creation events.
2026-07-06 03:07:54.888 8 INFO neutron.db.ovn_revision_numbers_db [None req-ff7057e3-4a72-49b9-9815-df418a61cff6 2caf9e574ff040f784f3f454a2d7107d 0097ed47dfc54798a4dc3c36ebca4b9d - - default default] Successfully bumped revision number for resource 96b75de9-a556-4763-900e-12e56b9d58da (type: ports) to 1 [pid: 8|app: 0|req: 1315/2583] 10.0.0.213 () {34 vars in 670 bytes} [Mon Jul 6 03:07:54 2026] POST /v2.0/networks => generated 688 bytes in 821 msecs (HTTP/1.1 201) 4 headers in 162 bytes (1 switches on core 0)
2026-07-06 03:07:55.024 7 WARNING neutron.scheduler.dhcp_agent_scheduler [None req-49ffc7a7-10c3-418e-beb8-57ca1961ffdf 22ecf221c61f4b1c921938813f19d67a 69a6ecd7f1ca4bb9ae5f0f73426f54da - - default default] No more DHCP agents
2026-07-06 03:07:55.026 7 WARNING neutron.api.rpc.agentnotifiers.dhcp_rpc_agent_api [None req-49ffc7a7-10c3-418e-beb8-57ca1961ffdf 22ecf221c61f4b1c921938813f19d67a 69a6ecd7f1ca4bb9ae5f0f73426f54da - - default default] Unable to schedule network fe652e6e-c432-4b8b-a1f3-a772d70d9abe: no agents available; will retry on subsequent port and subnet creation events.
2026-07-06 03:07:55.089 8 WARNING neutron.scheduler.dhcp_agent_scheduler [None req-60a6eb3a-473d-4a61-a3c4-182719358495 2caf9e574ff040f784f3f454a2d7107d 0097ed47dfc54798a4dc3c36ebca4b9d - - default default] No more DHCP agents
2026-07-06 03:07:55.091 8 WARNING neutron.api.rpc.agentnotifiers.dhcp_rpc_agent_api [None req-60a6eb3a-473d-4a61-a3c4-182719358495 2caf9e574ff040f784f3f454a2d7107d 0097ed47dfc54798a4dc3c36ebca4b9d - - default default] Unable to schedule network 2a51f966-31d5-47d1-b296-300bbc934ffb: no agents available; will retry on subsequent port and subnet creation events.
2026-07-06 03:07:55.110 8 INFO neutron.db.ovn_revision_numbers_db [None req-60a6eb3a-473d-4a61-a3c4-182719358495 2caf9e574ff040f784f3f454a2d7107d 0097ed47dfc54798a4dc3c36ebca4b9d - - default default] Successfully bumped revision number for resource 8b080266-611d-48e9-b9fd-b4682ae9348a (type: subnets) to 0 [pid: 8|app: 0|req: 1316/2584] 10.0.0.213 () {34 vars in 669 bytes} [Mon Jul 6 03:07:54 2026] POST /v2.0/subnets => generated 627 bytes in 210 msecs (HTTP/1.1 201) 4 headers in 162 bytes (1 switches on core 0)
2026-07-06 03:07:55.208 8 INFO neutron.plugins.ml2.drivers.ovn.mech_driver.mech_driver [None req-1ddc2563-c254-4676-8749-fa3e3acde4cf - - - - - -] OVN reports status down for port: 2ab83eea-eac9-4f4a-bbdf-90472c14f690
2026-07-06 03:07:55.275 7 INFO neutron.db.ovn_revision_numbers_db [None req-49ffc7a7-10c3-418e-beb8-57ca1961ffdf 22ecf221c61f4b1c921938813f19d67a 69a6ecd7f1ca4bb9ae5f0f73426f54da - - default default] Successfully bumped revision number for resource 2ab83eea-eac9-4f4a-bbdf-90472c14f690 (type: ports) to 1
2026-07-06 03:07:55.466 7 INFO neutron.db.ovn_revision_numbers_db [None req-644ca96e-e75c-4536-96ed-0f0572da0a86 - - - - - -] Successfully bumped revision number for resource 749edaa8-bbad-430c-83a8-41a465113016 (type: ports) to 2
2026-07-06 03:07:55.559 8 WARNING neutron.scheduler.dhcp_agent_scheduler [None req-c9002b1f-1666-47a8-a466-454bc7524501 2caf9e574ff040f784f3f454a2d7107d 0097ed47dfc54798a4dc3c36ebca4b9d - - default default] No more DHCP agents
2026-07-06 03:07:55.560 8 WARNING neutron.api.rpc.agentnotifiers.dhcp_rpc_agent_api [None req-c9002b1f-1666-47a8-a466-454bc7524501 2caf9e574ff040f784f3f454a2d7107d 0097ed47dfc54798a4dc3c36ebca4b9d - - default default] Unable to schedule network 75413722-4d41-474f-8fc2-59de304c836d: no agents available; will retry on subsequent port and subnet creation events.
2026-07-06 03:07:55.713 8 INFO neutron.db.ovn_revision_numbers_db [None req-c9002b1f-1666-47a8-a466-454bc7524501 2caf9e574ff040f784f3f454a2d7107d 0097ed47dfc54798a4dc3c36ebca4b9d - - default default] Successfully bumped revision number for resource 500439f8-7022-40fb-bd02-9a783f5ada3c (type: ports) to 1
2026-07-06 03:07:56.107 8 INFO neutron.plugins.ml2.drivers.ovn.mech_driver.mech_driver [None req-1ddc2563-c254-4676-8749-fa3e3acde4cf - - - - - -] OVN reports status up for port: 2ab83eea-eac9-4f4a-bbdf-90472c14f690
2026-07-06 03:07:56.130 8 INFO neutron.plugins.ml2.plugin [None req-1ddc2563-c254-4676-8749-fa3e3acde4cf - - - - - -] Attempt 1 to provision port 2ab83eea-eac9-4f4a-bbdf-90472c14f690
2026-07-06 03:07:56.193 7 WARNING neutron.scheduler.dhcp_agent_scheduler [None req-49ffc7a7-10c3-418e-beb8-57ca1961ffdf 22ecf221c61f4b1c921938813f19d67a 69a6ecd7f1ca4bb9ae5f0f73426f54da - - default default] No more DHCP agents
2026-07-06 03:07:56.194 7 WARNING neutron.api.rpc.agentnotifiers.dhcp_rpc_agent_api [None req-49ffc7a7-10c3-418e-beb8-57ca1961ffdf 22ecf221c61f4b1c921938813f19d67a 69a6ecd7f1ca4bb9ae5f0f73426f54da - - default default] Unable to schedule network fe652e6e-c432-4b8b-a1f3-a772d70d9abe: no agents available; will retry on subsequent port and subnet creation events.
2026-07-06 03:07:56.453 8 INFO neutron.plugins.ml2.drivers.ovn.mech_driver.ovsdb.commands [None req-1c898daf-aff0-4a02-aac7-e44880dc6f09 - - - - - -] Schedule LRP lrp-500439f8-7022-40fb-bd02-9a783f5ada3c on gateway 8147589f-f878-452b-9fbb-ad7d20dc7334 with priority 1
2026-07-06 03:07:56.534 7 INFO neutron.db.ovn_revision_numbers_db [None req-49ffc7a7-10c3-418e-beb8-57ca1961ffdf 22ecf221c61f4b1c921938813f19d67a 69a6ecd7f1ca4bb9ae5f0f73426f54da - - default default] Successfully bumped revision number for resource 2ab83eea-eac9-4f4a-bbdf-90472c14f690 (type: router_ports) to 1 [pid: 7|app: 0|req: 1269/2585] 10.0.0.213 () {34 vars in 783 bytes} [Mon Jul 6 03:07:54 2026] PUT /v2.0/routers/b3946439-5dc2-47f2-8007-c9eb97792fb1/add_router_interface => generated 309 bytes in 2323 msecs (HTTP/1.1 200) 4 headers in 157 bytes (1 switches on core 0)
2026-07-06 03:07:56.638 8 INFO neutron.db.ovn_revision_numbers_db [None req-c9002b1f-1666-47a8-a466-454bc7524501 2caf9e574ff040f784f3f454a2d7107d 0097ed47dfc54798a4dc3c36ebca4b9d - - default default] Successfully bumped revision number for resource 500439f8-7022-40fb-bd02-9a783f5ada3c (type: router_ports) to 1
2026-07-06 03:07:56.764 8 INFO neutron.db.ovn_revision_numbers_db [None req-c9002b1f-1666-47a8-a466-454bc7524501 2caf9e574ff040f784f3f454a2d7107d 0097ed47dfc54798a4dc3c36ebca4b9d - - default default] Successfully bumped revision number for resource c3f9b1dd-be20-4940-a91f-36b68fbe73f4 (type: routers) to 2 [pid: 8|app: 0|req: 1317/2586] 10.0.0.213 () {34 vars in 669 bytes} [Mon Jul 6 03:07:55 2026] POST /v2.0/routers => generated 954 bytes in 1671 msecs (HTTP/1.1 201) 4 headers in 162 bytes (1 switches on core 0)
2026-07-06 03:07:56.938 8 INFO neutron.db.ovn_revision_numbers_db [None req-1ddc2563-c254-4676-8749-fa3e3acde4cf - - - - - -] Successfully bumped revision number for resource 2ab83eea-eac9-4f4a-bbdf-90472c14f690 (type: ports) to 2
2026-07-06 03:07:57.077 7 WARNING neutron.scheduler.dhcp_agent_scheduler [None req-24b0e136-17d0-4864-9b1a-d268174f1476 22ecf221c61f4b1c921938813f19d67a 69a6ecd7f1ca4bb9ae5f0f73426f54da - - default default] No more DHCP agents
2026-07-06 03:07:57.079 7 WARNING neutron.api.rpc.agentnotifiers.dhcp_rpc_agent_api [None req-24b0e136-17d0-4864-9b1a-d268174f1476 22ecf221c61f4b1c921938813f19d67a 69a6ecd7f1ca4bb9ae5f0f73426f54da - - default default] Unable to schedule network a40fe6f0-5c71-4ff2-9db7-177c328f5d87: no agents available; will retry on subsequent port and subnet creation events.
2026-07-06 03:07:57.211 7 INFO neutron.db.ovn_revision_numbers_db [None req-24b0e136-17d0-4864-9b1a-d268174f1476 22ecf221c61f4b1c921938813f19d67a 69a6ecd7f1ca4bb9ae5f0f73426f54da - - default default] Successfully bumped revision number for resource fab7d539-f9c0-4049-baa4-945b941c1447 (type: ports) to 1
2026-07-06 03:07:57.440 8 WARNING neutron.scheduler.dhcp_agent_scheduler [None req-4e0672d2-56b7-40c9-9dbd-40c002a38080 2caf9e574ff040f784f3f454a2d7107d 0097ed47dfc54798a4dc3c36ebca4b9d - - default default] No more DHCP agents
2026-07-06 03:07:57.442 8 WARNING neutron.api.rpc.agentnotifiers.dhcp_rpc_agent_api [None req-4e0672d2-56b7-40c9-9dbd-40c002a38080 2caf9e574ff040f784f3f454a2d7107d 0097ed47dfc54798a4dc3c36ebca4b9d - - default default] Unable to schedule network 2a51f966-31d5-47d1-b296-300bbc934ffb: no agents available; will retry on subsequent port and subnet creation events.
2026-07-06 03:07:57.558 8 INFO neutron.db.ovn_revision_numbers_db [None req-4e0672d2-56b7-40c9-9dbd-40c002a38080 2caf9e574ff040f784f3f454a2d7107d 0097ed47dfc54798a4dc3c36ebca4b9d - - default default] Successfully bumped revision number for resource bb560a0d-51e3-474f-b199-29a7112ea11b (type: ports) to 1
2026-07-06 03:07:57.985 7 WARNING neutron.scheduler.dhcp_agent_scheduler [None req-24b0e136-17d0-4864-9b1a-d268174f1476 22ecf221c61f4b1c921938813f19d67a 69a6ecd7f1ca4bb9ae5f0f73426f54da - - default default] No more DHCP agents
2026-07-06 03:07:57.986 7 WARNING neutron.api.rpc.agentnotifiers.dhcp_rpc_agent_api [None req-24b0e136-17d0-4864-9b1a-d268174f1476 22ecf221c61f4b1c921938813f19d67a 69a6ecd7f1ca4bb9ae5f0f73426f54da - - default default] Unable to schedule network a40fe6f0-5c71-4ff2-9db7-177c328f5d87: no agents available; will retry on subsequent port and subnet creation events.
2026-07-06 03:07:58.292 8 WARNING neutron.scheduler.dhcp_agent_scheduler [None req-4e0672d2-56b7-40c9-9dbd-40c002a38080 2caf9e574ff040f784f3f454a2d7107d 0097ed47dfc54798a4dc3c36ebca4b9d - - default default] No more DHCP agents
2026-07-06 03:07:58.293 8 WARNING neutron.api.rpc.agentnotifiers.dhcp_rpc_agent_api [None req-4e0672d2-56b7-40c9-9dbd-40c002a38080 2caf9e574ff040f784f3f454a2d7107d 0097ed47dfc54798a4dc3c36ebca4b9d - - default default] Unable to schedule network 2a51f966-31d5-47d1-b296-300bbc934ffb: no agents available; will retry on subsequent port and subnet creation events.
2026-07-06 03:07:58.480 7 INFO neutron.db.ovn_revision_numbers_db [None req-24b0e136-17d0-4864-9b1a-d268174f1476 22ecf221c61f4b1c921938813f19d67a 69a6ecd7f1ca4bb9ae5f0f73426f54da - - default default] Successfully bumped revision number for resource fab7d539-f9c0-4049-baa4-945b941c1447 (type: router_ports) to 1 [pid: 7|app: 0|req: 1270/2587] 10.0.0.213 () {34 vars in 783 bytes} [Mon Jul 6 03:07:56 2026] PUT /v2.0/routers/b3946439-5dc2-47f2-8007-c9eb97792fb1/add_router_interface => generated 309 bytes in 1942 msecs (HTTP/1.1 200) 4 headers in 157 bytes (1 switches on core 0)
2026-07-06 03:07:58.625 8 INFO neutron.db.ovn_revision_numbers_db [None req-4e0672d2-56b7-40c9-9dbd-40c002a38080 2caf9e574ff040f784f3f454a2d7107d 0097ed47dfc54798a4dc3c36ebca4b9d - - default default] Successfully bumped revision number for resource bb560a0d-51e3-474f-b199-29a7112ea11b (type: router_ports) to 1 [pid: 8|app: 0|req: 1318/2588] 10.0.0.213 () {34 vars in 783 bytes} [Mon Jul 6 03:07:56 2026] PUT /v2.0/routers/c3f9b1dd-be20-4940-a91f-36b68fbe73f4/add_router_interface => generated 309 bytes in 1826 msecs (HTTP/1.1 200) 4 headers in 157 bytes (1 switches on core 0)
2026-07-06 03:07:58.756 7 INFO neutron.db.ovn_revision_numbers_db [None req-cbfd7905-84df-4b53-889e-a7a06e29ef27 22ecf221c61f4b1c921938813f19d67a 69a6ecd7f1ca4bb9ae5f0f73426f54da - - default default] Successfully bumped revision number for resource 6bab0a10-ea2c-4dfc-8411-467b326ad1ec (type: security_groups) to 1
2026-07-06 03:07:58.767 7 INFO neutron.db.ovn_revision_numbers_db [None req-cbfd7905-84df-4b53-889e-a7a06e29ef27 22ecf221c61f4b1c921938813f19d67a 69a6ecd7f1ca4bb9ae5f0f73426f54da - - default default] Successfully bumped revision number for resource 084c8d43-9e29-4341-b853-dd78f6d6e9ff (type: security_group_rules) to 0
2026-07-06 03:07:58.776 7 INFO neutron.db.ovn_revision_numbers_db [None req-cbfd7905-84df-4b53-889e-a7a06e29ef27 22ecf221c61f4b1c921938813f19d67a 69a6ecd7f1ca4bb9ae5f0f73426f54da - - default default] Successfully bumped revision number for resource 654a226d-af64-4adb-b5b1-919e99fefaf7 (type: security_group_rules) to 0 [pid: 7|app: 0|req: 1271/2589] 10.0.0.213 () {34 vars in 684 bytes} [Mon Jul 6 03:07:58 2026] POST /v2.0/security-groups => generated 1630 bytes in 272 msecs (HTTP/1.1 201) 4 headers in 163 bytes (1 switches on core 0)
2026-07-06 03:07:58.916 8 WARNING neutron.scheduler.dhcp_agent_scheduler [None req-31b10ee8-61bf-4be1-b95b-48ecba3d2a8d 2caf9e574ff040f784f3f454a2d7107d 0097ed47dfc54798a4dc3c36ebca4b9d - - default default] No more DHCP agents
2026-07-06 03:07:58.918 8 WARNING neutron.api.rpc.agentnotifiers.dhcp_rpc_agent_api [None req-31b10ee8-61bf-4be1-b95b-48ecba3d2a8d 2caf9e574ff040f784f3f454a2d7107d 0097ed47dfc54798a4dc3c36ebca4b9d - - default default] Unable to schedule network 2a51f966-31d5-47d1-b296-300bbc934ffb: no agents available; will retry on subsequent port and subnet creation events.
2026-07-06 03:07:58.950 7 INFO neutron.db.ovn_revision_numbers_db [None req-60b8af21-288c-44f8-bdd9-0a4a0b4fbd4d 22ecf221c61f4b1c921938813f19d67a 69a6ecd7f1ca4bb9ae5f0f73426f54da - - default default] Successfully bumped revision number for resource fde4c942-7b5c-40f1-92ff-f9126684b002 (type: security_group_rules) to 0 [pid: 7|app: 0|req: 1272/2590] 10.0.0.213 () {34 vars in 695 bytes} [Mon Jul 6 03:07:58 2026] POST /v2.0/security-group-rules => generated 597 bytes in 162 msecs (HTTP/1.1 201) 4 headers in 162 bytes (1 switches on core 0)
2026-07-06 03:07:59.062 8 INFO neutron.db.ovn_revision_numbers_db [None req-31b10ee8-61bf-4be1-b95b-48ecba3d2a8d 2caf9e574ff040f784f3f454a2d7107d 0097ed47dfc54798a4dc3c36ebca4b9d - - default default] Successfully bumped revision number for resource 7f547b00-2b7c-46f3-82e2-b755471d2353 (type: ports) to 1 [pid: 8|app: 0|req: 1319/2591] 10.0.0.213 () {34 vars in 665 bytes} [Mon Jul 6 03:07:58 2026] POST /v2.0/ports => generated 955 bytes in 446 msecs (HTTP/1.1 201) 4 headers in 162 bytes (1 switches on core 0) /var/lib/openstack/lib/python3.12/site-packages/pycadf/identifier.py:70: UserWarning: Invalid uuid: neutron. To ensure interoperability, identifiers should be a valid uuid. warnings.warn(('Invalid uuid: %s. To ensure interoperability, '
2026-07-06 03:07:59.126 7 INFO neutron.db.ovn_revision_numbers_db [None req-802a1cec-6881-42d4-9a71-1908749ef614 22ecf221c61f4b1c921938813f19d67a 69a6ecd7f1ca4bb9ae5f0f73426f54da - - default default] Successfully bumped revision number for resource b2ec7cba-a6f4-407a-a1f3-908346ce780e (type: security_group_rules) to 0 [pid: 7|app: 0|req: 1273/2592] 10.0.0.213 () {34 vars in 695 bytes} [Mon Jul 6 03:07:58 2026] POST /v2.0/security-group-rules => generated 597 bytes in 167 msecs (HTTP/1.1 201) 4 headers in 162 bytes (1 switches on core 0)
2026-07-06 03:07:59.284 7 INFO neutron.db.ovn_revision_numbers_db [None req-88076eba-daa6-4d7d-85bb-bfbc2a4fcffb 22ecf221c61f4b1c921938813f19d67a 69a6ecd7f1ca4bb9ae5f0f73426f54da - - default default] Successfully bumped revision number for resource ae60e4be-a8c7-41f0-b066-b5c15fd4c51f (type: security_group_rules) to 0 [pid: 7|app: 0|req: 1274/2593] 10.0.0.213 () {34 vars in 695 bytes} [Mon Jul 6 03:07:59 2026] POST /v2.0/security-group-rules => generated 599 bytes in 156 msecs (HTTP/1.1 201) 4 headers in 162 bytes (1 switches on core 0)
2026-07-06 03:07:59.354 8 WARNING neutron.scheduler.dhcp_agent_scheduler [None req-b4d55c61-b114-4af9-bf45-eb4844450977 2caf9e574ff040f784f3f454a2d7107d 0097ed47dfc54798a4dc3c36ebca4b9d - - default default] No more DHCP agents
2026-07-06 03:07:59.355 8 WARNING neutron.api.rpc.agentnotifiers.dhcp_rpc_agent_api [None req-b4d55c61-b114-4af9-bf45-eb4844450977 2caf9e574ff040f784f3f454a2d7107d 0097ed47dfc54798a4dc3c36ebca4b9d - - default default] Unable to schedule network 2a51f966-31d5-47d1-b296-300bbc934ffb: no agents available; will retry on subsequent port and subnet creation events.
2026-07-06 03:07:59.462 7 INFO neutron.db.ovn_revision_numbers_db [None req-4d4b7c3e-c1de-4d4a-a44c-480c64b3b55f 22ecf221c61f4b1c921938813f19d67a 69a6ecd7f1ca4bb9ae5f0f73426f54da - - default default] Successfully bumped revision number for resource 522907d1-88f8-49ba-90a1-e2737bc01d36 (type: security_group_rules) to 0 [pid: 7|app: 0|req: 1277/2596] 10.0.0.213 () {34 vars in 695 bytes} [Mon Jul 6 03:07:59 2026] POST /v2.0/security-group-rules => generated 601 bytes in 185 msecs (HTTP/1.1 201) 4 headers in 162 bytes (1 switches on core 0)
2026-07-06 03:07:59.506 8 INFO neutron.db.ovn_revision_numbers_db [None req-b4d55c61-b114-4af9-bf45-eb4844450977 2caf9e574ff040f784f3f454a2d7107d 0097ed47dfc54798a4dc3c36ebca4b9d - - default default] Successfully bumped revision number for resource 8ee1dd42-950c-41d0-ac8d-cd8fd204e0b6 (type: ports) to 1 [pid: 8|app: 0|req: 1320/2597] 10.0.0.213 () {34 vars in 665 bytes} [Mon Jul 6 03:07:59 2026] POST /v2.0/ports => generated 955 bytes in 439 msecs (HTTP/1.1 201) 4 headers in 162 bytes (1 switches on core 0) /var/lib/openstack/lib/python3.12/site-packages/pycadf/identifier.py:70: UserWarning: Invalid uuid: neutron. To ensure interoperability, identifiers should be a valid uuid. warnings.warn(('Invalid uuid: %s. To ensure interoperability, '
2026-07-06 03:07:59.660 7 INFO neutron.db.ovn_revision_numbers_db [None req-a0d58e18-93b0-4ddb-9ddf-4146eade5307 22ecf221c61f4b1c921938813f19d67a 69a6ecd7f1ca4bb9ae5f0f73426f54da - - default default] Successfully bumped revision number for resource a052a3fa-1e06-4bd4-abf8-2af7d70ebf1c (type: security_group_rules) to 0 [pid: 7|app: 0|req: 1278/2598] 10.0.0.213 () {34 vars in 695 bytes} [Mon Jul 6 03:07:59 2026] POST /v2.0/security-group-rules => generated 601 bytes in 189 msecs (HTTP/1.1 201) 4 headers in 162 bytes (1 switches on core 0)
2026-07-06 03:07:59.780 8 WARNING neutron.scheduler.dhcp_agent_scheduler [None req-97116a4c-1c7d-4b03-9c28-5c13b8563569 2caf9e574ff040f784f3f454a2d7107d 0097ed47dfc54798a4dc3c36ebca4b9d - - default default] No more DHCP agents
2026-07-06 03:07:59.782 8 WARNING neutron.api.rpc.agentnotifiers.dhcp_rpc_agent_api [None req-97116a4c-1c7d-4b03-9c28-5c13b8563569 2caf9e574ff040f784f3f454a2d7107d 0097ed47dfc54798a4dc3c36ebca4b9d - - default default] Unable to schedule network 75413722-4d41-474f-8fc2-59de304c836d: no agents available; will retry on subsequent port and subnet creation events.
2026-07-06 03:07:59.857 7 INFO neutron.db.ovn_revision_numbers_db [None req-9b64a613-5a6a-4743-a84d-84c5bfbc9d39 22ecf221c61f4b1c921938813f19d67a 69a6ecd7f1ca4bb9ae5f0f73426f54da - - default default] Successfully bumped revision number for resource 4b4eca11-9253-4c6c-9b28-0bfb08cd96c1 (type: security_group_rules) to 0 [pid: 7|app: 0|req: 1279/2599] 10.0.0.213 () {34 vars in 695 bytes} [Mon Jul 6 03:07:59 2026] POST /v2.0/security-group-rules => generated 597 bytes in 180 msecs (HTTP/1.1 201) 4 headers in 162 bytes (1 switches on core 0)
2026-07-06 03:08:00.032 7 INFO neutron.db.ovn_revision_numbers_db [None req-f0b343c5-3eda-4c3d-b8ba-26eaa719cb35 22ecf221c61f4b1c921938813f19d67a 69a6ecd7f1ca4bb9ae5f0f73426f54da - - default default] Successfully bumped revision number for resource 8187ee1e-0595-4a5d-99bb-53d1385038ff (type: security_group_rules) to 0 [pid: 7|app: 0|req: 1280/2600] 10.0.0.213 () {34 vars in 695 bytes} [Mon Jul 6 03:07:59 2026] POST /v2.0/security-group-rules => generated 597 bytes in 168 msecs (HTTP/1.1 201) 4 headers in 162 bytes (1 switches on core 0)
2026-07-06 03:08:00.211 7 INFO neutron.db.ovn_revision_numbers_db [None req-15b167c2-9082-43b3-ae82-a4b0b562c29d 22ecf221c61f4b1c921938813f19d67a 69a6ecd7f1ca4bb9ae5f0f73426f54da - - default default] Successfully bumped revision number for resource 9d1947fe-e31b-49df-abe9-e68a31e382fe (type: security_group_rules) to 0 [pid: 7|app: 0|req: 1281/2601] 10.0.0.213 () {34 vars in 695 bytes} [Mon Jul 6 03:08:00 2026] POST /v2.0/security-group-rules => generated 597 bytes in 175 msecs (HTTP/1.1 201) 4 headers in 162 bytes (1 switches on core 0)
2026-07-06 03:08:00.434 7 INFO neutron.db.ovn_revision_numbers_db [None req-b4e355bd-651a-4959-a767-6f1ba5b11045 22ecf221c61f4b1c921938813f19d67a 69a6ecd7f1ca4bb9ae5f0f73426f54da - - default default] Successfully bumped revision number for resource 69525502-80df-4e34-bebe-b3322083bedf (type: security_group_rules) to 0 [pid: 7|app: 0|req: 1282/2602] 10.0.0.213 () {34 vars in 695 bytes} [Mon Jul 6 03:08:00 2026] POST /v2.0/security-group-rules => generated 599 bytes in 219 msecs (HTTP/1.1 201) 4 headers in 162 bytes (1 switches on core 0)
2026-07-06 03:08:00.554 8 INFO neutron.db.ovn_revision_numbers_db [None req-97116a4c-1c7d-4b03-9c28-5c13b8563569 2caf9e574ff040f784f3f454a2d7107d 0097ed47dfc54798a4dc3c36ebca4b9d - - default default] Successfully bumped revision number for resource 5d21adf3-a644-48d7-8d8d-45da3a99c73b (type: floatingips) to 1
2026-07-06 03:08:00.555 8 INFO neutron.db.l3_db [None req-97116a4c-1c7d-4b03-9c28-5c13b8563569 2caf9e574ff040f784f3f454a2d7107d 0097ed47dfc54798a4dc3c36ebca4b9d - - default default] Floating IP 5d21adf3-a644-48d7-8d8d-45da3a99c73b associated. External IP: 10.96.250.204, port: 8ee1dd42-950c-41d0-ac8d-cd8fd204e0b6. [pid: 8|app: 0|req: 1321/2603] 10.0.0.213 () {34 vars in 677 bytes} [Mon Jul 6 03:07:59 2026] POST /v2.0/floatingips => generated 842 bytes in 1076 msecs (HTTP/1.1 201) 4 headers in 162 bytes (1 switches on core 0)
2026-07-06 03:08:00.655 7 INFO neutron.db.ovn_revision_numbers_db [None req-6f26ac57-fdc0-4313-b452-bef36eefb44c 22ecf221c61f4b1c921938813f19d67a 69a6ecd7f1ca4bb9ae5f0f73426f54da - - default default] Successfully bumped revision number for resource 9c18820c-7266-4def-afa3-84b964c74181 (type: security_group_rules) to 0 [pid: 7|app: 0|req: 1283/2604] 10.0.0.213 () {34 vars in 695 bytes} [Mon Jul 6 03:08:00 2026] POST /v2.0/security-group-rules => generated 601 bytes in 233 msecs (HTTP/1.1 201) 4 headers in 162 bytes (1 switches on core 0)
2026-07-06 03:08:00.789 8 INFO neutron.db.ovn_revision_numbers_db [None req-56bee887-36ac-4c8b-b82e-3f48c5c6ffde 2caf9e574ff040f784f3f454a2d7107d 0097ed47dfc54798a4dc3c36ebca4b9d - - default default] Successfully bumped revision number for resource 5d21adf3-a644-48d7-8d8d-45da3a99c73b (type: floatingips) to 2
2026-07-06 03:08:00.840 8 INFO neutron.db.l3_db [None req-56bee887-36ac-4c8b-b82e-3f48c5c6ffde 2caf9e574ff040f784f3f454a2d7107d 0097ed47dfc54798a4dc3c36ebca4b9d - - default default] Floating IP 5d21adf3-a644-48d7-8d8d-45da3a99c73b disassociated. External IP: 10.96.250.204, port: 8ee1dd42-950c-41d0-ac8d-cd8fd204e0b6. [pid: 8|app: 0|req: 1322/2605] 10.0.0.213 () {34 vars in 749 bytes} [Mon Jul 6 03:08:00 2026] PUT /v2.0/floatingips/5d21adf3-a644-48d7-8d8d-45da3a99c73b => generated 554 bytes in 261 msecs (HTTP/1.1 200) 4 headers in 157 bytes (1 switches on core 0)
2026-07-06 03:08:00.896 7 INFO neutron.db.ovn_revision_numbers_db [None req-0b041c96-0ee6-4178-aa94-2e9a8f5c6a00 22ecf221c61f4b1c921938813f19d67a 69a6ecd7f1ca4bb9ae5f0f73426f54da - - default default] Successfully bumped revision number for resource c329ed63-90f8-47cc-92ea-dc09e531fb87 (type: security_group_rules) to 0 [pid: 7|app: 0|req: 1284/2606] 10.0.0.213 () {34 vars in 695 bytes} [Mon Jul 6 03:08:00 2026] POST /v2.0/security-group-rules => generated 597 bytes in 221 msecs (HTTP/1.1 201) 4 headers in 162 bytes (1 switches on core 0)
