Jun 18 13:41:43.044990 np0000182115 devstack@n-api-meta.service[109131]: DEBUG nova.api.openstack.wsgi_app [None req-f8087f45-e11e-4fa1-b1f9-341d2c75cce5 None None] oslo_limit.version = None {{(pid=109131) log_opt_values /opt/stack/data/venv/lib/python3.12/site-packages/oslo_config/cfg.py:3253}}
Jun 18 13:41:43.045130 np0000182115 devstack@n-api-meta.service[109131]: DEBUG nova.api.openstack.wsgi_app [None req-f8087f45-e11e-4fa1-b1f9-341d2c75cce5 None None] oslo_messaging_rabbit.amqp_auto_delete = False {{(pid=109131) log_opt_values /opt/stack/data/venv/lib/python3.12/site-packages/oslo_config/cfg.py:3253}}
Jun 18 13:41:43.045257 np0000182115 devstack@n-api-meta.service[109131]: DEBUG nova.api.openstack.wsgi_app [None req-f8087f45-e11e-4fa1-b1f9-341d2c75cce5 None None] oslo_messaging_rabbit.amqp_durable_queues = False {{(pid=109131) log_opt_values /opt/stack/data/venv/lib/python3.12/site-packages/oslo_config/cfg.py:3253}}
Jun 18 13:41:43.045383 np0000182115 devstack@n-api-meta.service[109131]: DEBUG nova.api.openstack.wsgi_app [None req-f8087f45-e11e-4fa1-b1f9-341d2c75cce5 None None] oslo_messaging_rabbit.conn_pool_min_size = 2 {{(pid=109131) log_opt_values /opt/stack/data/venv/lib/python3.12/site-packages/oslo_config/cfg.py:3253}}
Jun 18 13:41:43.045512 np0000182115 devstack@n-api-meta.service[109131]: DEBUG nova.api.openstack.wsgi_app [None req-f8087f45-e11e-4fa1-b1f9-341d2c75cce5 None None] oslo_messaging_rabbit.conn_pool_ttl = 1200 {{(pid=109131) log_opt_values /opt/stack/data/venv/lib/python3.12/site-packages/oslo_config/cfg.py:3253}}
Jun 18 13:41:43.045637 np0000182115 devstack@n-api-meta.service[109131]: DEBUG nova.api.openstack.wsgi_app [None req-f8087f45-e11e-4fa1-b1f9-341d2c75cce5 None None] oslo_messaging_rabbit.direct_mandatory_flag = True {{(pid=109131) log_opt_values /opt/stack/data/venv/lib/python3.12/site-packages/oslo_config/cfg.py:3253}}
Jun 18 13:41:43.045762 np0000182115 devstack@n-api-meta.service[109131]: DEBUG nova.api.openstack.wsgi_app [None req-f8087f45-e11e-4fa1-b1f9-341d2c75cce5 None None] oslo_messaging_rabbit.enable_cancel_on_failover = False {{(pid=109131) log_opt_values /opt/stack/data/venv/lib/python3.12/site-packages/oslo_config/cfg.py:3253}}
Jun 18 13:41:43.045891 np0000182115 devstack@n-api-meta.service[109131]: DEBUG nova.api.openstack.wsgi_app [None req-f8087f45-e11e-4fa1-b1f9-341d2c75cce5 None None] oslo_messaging_rabbit.heartbeat_rate = 3 {{(pid=109131) log_opt_values /opt/stack/data/venv/lib/python3.12/site-packages/oslo_config/cfg.py:3253}}
Jun 18 13:41:43.046036 np0000182115 devstack@n-api-meta.service[109131]: DEBUG nova.api.openstack.wsgi_app [None req-f8087f45-e11e-4fa1-b1f9-341d2c75cce5 None None] oslo_messaging_rabbit.heartbeat_timeout_threshold = 60 {{(pid=109131) log_opt_values /opt/stack/data/venv/lib/python3.12/site-packages/oslo_config/cfg.py:3253}}
Jun 18 13:41:43.046188 np0000182115 devstack@n-api-meta.service[109131]: DEBUG nova.api.openstack.wsgi_app [None req-f8087f45-e11e-4fa1-b1f9-341d2c75cce5 None None] oslo_messaging_rabbit.hostname = np0000182115 {{(pid=109131) log_opt_values /opt/stack/data/venv/lib/python3.12/site-packages/oslo_config/cfg.py:3253}}
Jun 18 13:41:43.046318 np0000182115 devstack@n-api-meta.service[109131]: DEBUG nova.api.openstack.wsgi_app [None req-f8087f45-e11e-4fa1-b1f9-341d2c75cce5 None None] oslo_messaging_rabbit.kombu_compression = None {{(pid=109131) log_opt_values /opt/stack/data/venv/lib/python3.12/site-packages/oslo_config/cfg.py:3253}}
Jun 18 13:41:43.046451 np0000182115 devstack@n-api-meta.service[109131]: DEBUG nova.api.openstack.wsgi_app [None req-f8087f45-e11e-4fa1-b1f9-341d2c75cce5 None None] oslo_messaging_rabbit.kombu_failover_strategy = round-robin {{(pid=109131) log_opt_values /opt/stack/data/venv/lib/python3.12/site-packages/oslo_config/cfg.py:3253}}
Jun 18 13:41:43.046580 np0000182115 devstack@n-api-meta.service[109131]: DEBUG nova.api.openstack.wsgi_app [None req-f8087f45-e11e-4fa1-b1f9-341d2c75cce5 None None] oslo_messaging_rabbit.kombu_missing_consumer_retry_timeout = 60 {{(pid=109131) log_opt_values /opt/stack/data/venv/lib/python3.12/site-packages/oslo_config/cfg.py:3253}}
Jun 18 13:41:43.046708 np0000182115 devstack@n-api-meta.service[109131]: DEBUG nova.api.openstack.wsgi_app [None req-f8087f45-e11e-4fa1-b1f9-341d2c75cce5 None None] oslo_messaging_rabbit.kombu_reconnect_delay = 1.0 {{(pid=109131) log_opt_values /opt/stack/data/venv/lib/python3.12/site-packages/oslo_config/cfg.py:3253}}
Jun 18 13:41:43.046835 np0000182115 devstack@n-api-meta.service[109131]: DEBUG nova.api.openstack.wsgi_app [None req-f8087f45-e11e-4fa1-b1f9-341d2c75cce5 None None] oslo_messaging_rabbit.kombu_reconnect_splay = 0.0 {{(pid=109131) log_opt_values /opt/stack/data/venv/lib/python3.12/site-packages/oslo_config/cfg.py:3253}}
Jun 18 13:41:43.046968 np0000182115 devstack@n-api-meta.service[109131]: DEBUG nova.api.openstack.wsgi_app [None req-f8087f45-e11e-4fa1-b1f9-341d2c75cce5 None None] oslo_messaging_rabbit.processname = uwsgi {{(pid=109131) log_opt_values /opt/stack/data/venv/lib/python3.12/site-packages/oslo_config/cfg.py:3253}}
Jun 18 13:41:43.047108 np0000182115 devstack@n-api-meta.service[109131]: DEBUG nova.api.openstack.wsgi_app [None req-f8087f45-e11e-4fa1-b1f9-341d2c75cce5 None None] oslo_messaging_rabbit.rabbit_ha_queues = False {{(pid=109131) log_opt_values /opt/stack/data/venv/lib/python3.12/site-packages/oslo_config/cfg.py:3253}}
Jun 18 13:41:43.047233 np0000182115 devstack@n-api-meta.service[109131]: DEBUG nova.api.openstack.wsgi_app [None req-f8087f45-e11e-4fa1-b1f9-341d2c75cce5 None None] oslo_messaging_rabbit.rabbit_interval_max = 30 {{(pid=109131) log_opt_values /opt/stack/data/venv/lib/python3.12/site-packages/oslo_config/cfg.py:3253}}
Jun 18 13:41:43.047363 np0000182115 devstack@n-api-meta.service[109131]: DEBUG nova.api.openstack.wsgi_app [None req-f8087f45-e11e-4fa1-b1f9-341d2c75cce5 None None] oslo_messaging_rabbit.rabbit_login_method = AMQPLAIN {{(pid=109131) log_opt_values /opt/stack/data/venv/lib/python3.12/site-packages/oslo_config/cfg.py:3253}}
Jun 18 13:41:43.047489 np0000182115 devstack@n-api-meta.service[109131]: DEBUG nova.api.openstack.wsgi_app [None req-f8087f45-e11e-4fa1-b1f9-341d2c75cce5 None None] oslo_messaging_rabbit.rabbit_qos_prefetch_count = 0 {{(pid=109131) log_opt_values /opt/stack/data/venv/lib/python3.12/site-packages/oslo_config/cfg.py:3253}}
Jun 18 13:41:43.047615 np0000182115 devstack@n-api-meta.service[109131]: DEBUG nova.api.openstack.wsgi_app [None req-f8087f45-e11e-4fa1-b1f9-341d2c75cce5 None None] oslo_messaging_rabbit.rabbit_quorum_delivery_limit = 0 {{(pid=109131) log_opt_values /opt/stack/data/venv/lib/python3.12/site-packages/oslo_config/cfg.py:3253}}
Jun 18 13:41:43.047742 np0000182115 devstack@n-api-meta.service[109131]: DEBUG nova.api.openstack.wsgi_app [None req-f8087f45-e11e-4fa1-b1f9-341d2c75cce5 None None] oslo_messaging_rabbit.rabbit_quorum_max_memory_bytes = 0 {{(pid=109131) log_opt_values /opt/stack/data/venv/lib/python3.12/site-packages/oslo_config/cfg.py:3253}}
Jun 18 13:41:43.047868 np0000182115 devstack@n-api-meta.service[109131]: DEBUG nova.api.openstack.wsgi_app [None req-f8087f45-e11e-4fa1-b1f9-341d2c75cce5 None None] oslo_messaging_rabbit.rabbit_quorum_max_memory_length = 0 {{(pid=109131) log_opt_values /opt/stack/data/venv/lib/python3.12/site-packages/oslo_config/cfg.py:3253}}
Jun 18 13:41:43.048012 np0000182115 devstack@n-api-meta.service[109131]: DEBUG nova.api.openstack.wsgi_app [None req-f8087f45-e11e-4fa1-b1f9-341d2c75cce5 None None] oslo_messaging_rabbit.rabbit_quorum_queue = False {{(pid=109131) log_opt_values /opt/stack/data/venv/lib/python3.12/site-packages/oslo_config/cfg.py:3253}}
Jun 18 13:41:43.048139 np0000182115 devstack@n-api-meta.service[109131]: DEBUG nova.api.openstack.wsgi_app [None req-f8087f45-e11e-4fa1-b1f9-341d2c75cce5 None None] oslo_messaging_rabbit.rabbit_retry_backoff = 2 {{(pid=109131) log_opt_values /opt/stack/data/venv/lib/python3.12/site-packages/oslo_config/cfg.py:3253}}
Jun 18 13:41:43.048263 np0000182115 devstack@n-api-meta.service[109131]: DEBUG nova.api.openstack.wsgi_app [None req-f8087f45-e11e-4fa1-b1f9-341d2c75cce5 None None] oslo_messaging_rabbit.rabbit_retry_interval = 1 {{(pid=109131) log_opt_values /opt/stack/data/venv/lib/python3.12/site-packages/oslo_config/cfg.py:3253}}
Jun 18 13:41:43.048389 np0000182115 devstack@n-api-meta.service[109131]: DEBUG nova.api.openstack.wsgi_app [None req-f8087f45-e11e-4fa1-b1f9-341d2c75cce5 None None] oslo_messaging_rabbit.rabbit_stream_fanout = False {{(pid=109131) log_opt_values /opt/stack/data/venv/lib/python3.12/site-packages/oslo_config/cfg.py:3253}}
Jun 18 13:41:43.048514 np0000182115 devstack@n-api-meta.service[109131]: DEBUG nova.api.openstack.wsgi_app [None req-f8087f45-e11e-4fa1-b1f9-341d2c75cce5 None None] oslo_messaging_rabbit.rabbit_transient_queues_ttl = 1800 {{(pid=109131) log_opt_values /opt/stack/data/venv/lib/python3.12/site-packages/oslo_config/cfg.py:3253}}
Jun 18 13:41:43.048639 np0000182115 devstack@n-api-meta.service[109131]: DEBUG nova.api.openstack.wsgi_app [None req-f8087f45-e11e-4fa1-b1f9-341d2c75cce5 None None] oslo_messaging_rabbit.rabbit_transient_quorum_queue = False {{(pid=109131) log_opt_values /opt/stack/data/venv/lib/python3.12/site-packages/oslo_config/cfg.py:3253}}
Jun 18 13:41:43.048764 np0000182115 devstack@n-api-meta.service[109131]: DEBUG nova.api.openstack.wsgi_app [None req-f8087f45-e11e-4fa1-b1f9-341d2c75cce5 None None] oslo_messaging_rabbit.rpc_conn_pool_size = 30 {{(pid=109131) log_opt_values /opt/stack/data/venv/lib/python3.12/site-packages/oslo_config/cfg.py:3253}}
Jun 18 13:41:43.048890 np0000182115 devstack@n-api-meta.service[109131]: DEBUG nova.api.openstack.wsgi_app [None req-f8087f45-e11e-4fa1-b1f9-341d2c75cce5 None None] oslo_messaging_rabbit.ssl = False {{(pid=109131) log_opt_values /opt/stack/data/venv/lib/python3.12/site-packages/oslo_config/cfg.py:3253}}
Jun 18 13:41:43.049045 np0000182115 devstack@n-api-meta.service[109131]: DEBUG nova.api.openstack.wsgi_app [None req-f8087f45-e11e-4fa1-b1f9-341d2c75cce5 None None] oslo_messaging_rabbit.ssl_ca_file = {{(pid=109131) log_opt_values /opt/stack/data/venv/lib/python3.12/site-packages/oslo_config/cfg.py:3253}}
Jun 18 13:41:43.049180 np0000182115 devstack@n-api-meta.service[109131]: DEBUG nova.api.openstack.wsgi_app [None req-f8087f45-e11e-4fa1-b1f9-341d2c75cce5 None None] oslo_messaging_rabbit.ssl_cert_file = {{(pid=109131) log_opt_values /opt/stack/data/venv/lib/python3.12/site-packages/oslo_config/cfg.py:3253}}
Jun 18 13:41:43.049304 np0000182115 devstack@n-api-meta.service[109131]: DEBUG nova.api.openstack.wsgi_app [None req-f8087f45-e11e-4fa1-b1f9-341d2c75cce5 None None] oslo_messaging_rabbit.ssl_enforce_fips_mode = False {{(pid=109131) log_opt_values /opt/stack/data/venv/lib/python3.12/site-packages/oslo_config/cfg.py:3253}}
Jun 18 13:41:43.049429 np0000182115 devstack@n-api-meta.service[109131]: DEBUG nova.api.openstack.wsgi_app [None req-f8087f45-e11e-4fa1-b1f9-341d2c75cce5 None None] oslo_messaging_rabbit.ssl_enforce_hostname_verification = True {{(pid=109131) log_opt_values /opt/stack/data/venv/lib/python3.12/site-packages/oslo_config/cfg.py:3253}}
Jun 18 13:41:43.049561 np0000182115 devstack@n-api-meta.service[109131]: DEBUG nova.api.openstack.wsgi_app [None req-f8087f45-e11e-4fa1-b1f9-341d2c75cce5 None None] oslo_messaging_rabbit.ssl_key_file = {{(pid=109131) log_opt_values /opt/stack/data/venv/lib/python3.12/site-packages/oslo_config/cfg.py:3253}}
Jun 18 13:41:43.049692 np0000182115 devstack@n-api-meta.service[109131]: DEBUG nova.api.openstack.wsgi_app [None req-f8087f45-e11e-4fa1-b1f9-341d2c75cce5 None None] oslo_messaging_rabbit.ssl_version = {{(pid=109131) log_opt_values /opt/stack/data/venv/lib/python3.12/site-packages/oslo_config/cfg.py:3253}}
Jun 18 13:41:43.049819 np0000182115 devstack@n-api-meta.service[109131]: DEBUG nova.api.openstack.wsgi_app [None req-f8087f45-e11e-4fa1-b1f9-341d2c75cce5 None None] oslo_messaging_rabbit.use_queue_manager = False {{(pid=109131) log_opt_values /opt/stack/data/venv/lib/python3.12/site-packages/oslo_config/cfg.py:3253}}
Jun 18 13:41:43.049962 np0000182115 devstack@n-api-meta.service[109131]: DEBUG nova.api.openstack.wsgi_app [None req-f8087f45-e11e-4fa1-b1f9-341d2c75cce5 None None] oslo_messaging_notifications.driver = ['messagingv2'] {{(pid=109131) log_opt_values /opt/stack/data/venv/lib/python3.12/site-packages/oslo_config/cfg.py:3253}}
Jun 18 13:41:43.050105 np0000182115 devstack@n-api-meta.service[109131]: DEBUG nova.api.openstack.wsgi_app [None req-f8087f45-e11e-4fa1-b1f9-341d2c75cce5 None None] oslo_messaging_notifications.retry = -1 {{(pid=109131) log_opt_values /opt/stack/data/venv/lib/python3.12/site-packages/oslo_config/cfg.py:3253}}
Jun 18 13:41:43.050263 np0000182115 devstack@n-api-meta.service[109131]: DEBUG nova.api.openstack.wsgi_app [None req-f8087f45-e11e-4fa1-b1f9-341d2c75cce5 None None] oslo_messaging_notifications.topics = ['notifications'] {{(pid=109131) log_opt_values /opt/stack/data/venv/lib/python3.12/site-packages/oslo_config/cfg.py:3253}}
Jun 18 13:41:43.050388 np0000182115 devstack@n-api-meta.service[109131]: DEBUG nova.api.openstack.wsgi_app [None req-f8087f45-e11e-4fa1-b1f9-341d2c75cce5 None None] oslo_messaging_notifications.transport_url = **** {{(pid=109131) log_opt_values /opt/stack/data/venv/lib/python3.12/site-packages/oslo_config/cfg.py:3253}}
Jun 18 13:41:43.050518 np0000182115 devstack@n-api-meta.service[109131]: DEBUG nova.api.openstack.wsgi_app [None req-f8087f45-e11e-4fa1-b1f9-341d2c75cce5 None None] oslo_reports.file_event_handler = None {{(pid=109131) log_opt_values /opt/stack/data/venv/lib/python3.12/site-packages/oslo_config/cfg.py:3253}}
Jun 18 13:41:43.050645 np0000182115 devstack@n-api-meta.service[109131]: DEBUG nova.api.openstack.wsgi_app [None req-f8087f45-e11e-4fa1-b1f9-341d2c75cce5 None None] oslo_reports.file_event_handler_interval = 1 {{(pid=109131) log_opt_values /opt/stack/data/venv/lib/python3.12/site-packages/oslo_config/cfg.py:3253}}
Jun 18 13:41:43.050774 np0000182115 devstack@n-api-meta.service[109131]: DEBUG nova.api.openstack.wsgi_app [None req-f8087f45-e11e-4fa1-b1f9-341d2c75cce5 None None] oslo_reports.log_dir = None {{(pid=109131) log_opt_values /opt/stack/data/venv/lib/python3.12/site-packages/oslo_config/cfg.py:3253}}
Jun 18 13:41:43.050877 np0000182115 devstack@n-api-meta.service[109131]: DEBUG nova.api.openstack.wsgi_app [None req-f8087f45-e11e-4fa1-b1f9-341d2c75cce5 None None] ******************************************************************************** {{(pid=109131) log_opt_values /opt/stack/data/venv/lib/python3.12/site-packages/oslo_config/cfg.py:3260}}
Jun 18 13:41:43.051018 np0000182115 devstack@n-api-meta.service[109131]: WSGI app 0 (mountpoint='') ready in 3 seconds on interpreter 0x73d9898a3668 pid: 109131 (default app)
Jun 18 13:41:52.528416 np0000182115 devstack@n-api-meta.service[109128]: DEBUG dbcounter [-] [109128] Writing DB stats nova_api:SELECT=1 {{(pid=109128) stat_writer /opt/stack/data/venv/lib/python3.12/site-packages/dbcounter.py:115}}
Jun 18 13:41:52.562149 np0000182115 devstack@n-api-meta.service[109129]: DEBUG dbcounter [-] [109129] Writing DB stats nova_api:SELECT=1 {{(pid=109129) stat_writer /opt/stack/data/venv/lib/python3.12/site-packages/dbcounter.py:115}}
Jun 18 13:41:52.602075 np0000182115 devstack@n-api-meta.service[109130]: DEBUG dbcounter [-] [109130] Writing DB stats nova_api:SELECT=1 {{(pid=109130) stat_writer /opt/stack/data/venv/lib/python3.12/site-packages/dbcounter.py:115}}
Jun 18 13:41:52.660578 np0000182115 devstack@n-api-meta.service[109131]: DEBUG dbcounter [-] [109131] Writing DB stats nova_api:SELECT=1 {{(pid=109131) stat_writer /opt/stack/data/venv/lib/python3.12/site-packages/dbcounter.py:115}}
Jun 18 13:41:52.713837 np0000182115 devstack@n-api-meta.service[109128]: DEBUG dbcounter [-] [109128] Writing DB stats nova_cell0:SELECT=1 {{(pid=109128) stat_writer /opt/stack/data/venv/lib/python3.12/site-packages/dbcounter.py:115}}
Jun 18 13:41:52.722259 np0000182115 devstack@n-api-meta.service[109128]: DEBUG dbcounter [-] [109128] Writing DB stats nova_cell1:SELECT=1 {{(pid=109128) stat_writer /opt/stack/data/venv/lib/python3.12/site-packages/dbcounter.py:115}}
Jun 18 13:41:52.761608 np0000182115 devstack@n-api-meta.service[109129]: DEBUG dbcounter [-] [109129] Writing DB stats nova_cell0:SELECT=1 {{(pid=109129) stat_writer /opt/stack/data/venv/lib/python3.12/site-packages/dbcounter.py:115}}
Jun 18 13:41:52.764329 np0000182115 devstack@n-api-meta.service[109129]: DEBUG dbcounter [-] [109129] Writing DB stats nova_cell1:SELECT=1 {{(pid=109129) stat_writer /opt/stack/data/venv/lib/python3.12/site-packages/dbcounter.py:115}}
Jun 18 13:41:52.794185 np0000182115 devstack@n-api-meta.service[109128]: DEBUG dbcounter [-] [109128] Writing DB stats nova_cell0:SELECT=2,nova_cell0:INSERT=1 {{(pid=109128) stat_writer /opt/stack/data/venv/lib/python3.12/site-packages/dbcounter.py:115}}
Jun 18 13:41:52.795505 np0000182115 devstack@n-api-meta.service[109130]: DEBUG dbcounter [-] [109130] Writing DB stats nova_cell1:SELECT=1 {{(pid=109130) stat_writer /opt/stack/data/venv/lib/python3.12/site-packages/dbcounter.py:115}}
Jun 18 13:41:52.802368 np0000182115 devstack@n-api-meta.service[109130]: DEBUG dbcounter [-] [109130] Writing DB stats nova_cell0:SELECT=1 {{(pid=109130) stat_writer /opt/stack/data/venv/lib/python3.12/site-packages/dbcounter.py:115}}
Jun 18 13:41:52.822031 np0000182115 devstack@n-api-meta.service[109129]: DEBUG dbcounter [-] [109129] Writing DB stats nova_cell0:SELECT=1 {{(pid=109129) stat_writer /opt/stack/data/venv/lib/python3.12/site-packages/dbcounter.py:115}}
Jun 18 13:41:52.832265 np0000182115 devstack@n-api-meta.service[109131]: DEBUG dbcounter [-] [109131] Writing DB stats nova_cell1:SELECT=1 {{(pid=109131) stat_writer /opt/stack/data/venv/lib/python3.12/site-packages/dbcounter.py:115}}
Jun 18 13:41:52.839416 np0000182115 devstack@n-api-meta.service[109131]: DEBUG dbcounter [-] [109131] Writing DB stats nova_cell0:SELECT=1 {{(pid=109131) stat_writer /opt/stack/data/venv/lib/python3.12/site-packages/dbcounter.py:115}}
Jun 18 13:41:52.857888 np0000182115 devstack@n-api-meta.service[109130]: DEBUG dbcounter [-] [109130] Writing DB stats nova_cell0:SELECT=1 {{(pid=109130) stat_writer /opt/stack/data/venv/lib/python3.12/site-packages/dbcounter.py:115}}
Jun 18 13:41:52.897751 np0000182115 devstack@n-api-meta.service[109131]: DEBUG dbcounter [-] [109131] Writing DB stats nova_cell0:SELECT=1 {{(pid=109131) stat_writer /opt/stack/data/venv/lib/python3.12/site-packages/dbcounter.py:115}}
Jun 18 13:49:11.115852 np0000182115 devstack@n-api-meta.service[109128]: DEBUG nova.api.metadata.handler [None req-1f447d15-28c7-4974-bbbe-cdca7180a96e None None] Metadata request headers: {'Host': '199.204.45.53:8775', 'User-Agent': 'python-requests/2.34.2', 'Accept-Encoding': 'gzip, deflate', 'Accept': '*/*', 'Connection': 'keep-alive', 'X-Forwarded-For': '192.168.24.114', 'X-Instance-Id': '259b0047-9bbb-41b3-a561-2317a71f7b05', 'X-Tenant-Id': '63e452170cff45429701331c1755dd87', 'X-Instance-Id-Signature': '4d0457544e4b94f4a64094546c6545d561ba621a98697db562bd0b2ba1b62d7a'} {{(pid=109128) __call__ /opt/stack/nova/nova/api/metadata/handler.py:109}}
Jun 18 13:49:11.129931 np0000182115 devstack@n-api-meta.service[109128]: DEBUG oslo_concurrency.lockutils [None req-081423f3-d2d9-4bd6-8821-56727f097a8b None None] Acquiring lock "55440b02-9cf7-4a1b-9b66-4d75dcea3124" by "nova.context.set_target_cell..get_or_set_cached_cell_and_set_connections" {{(pid=109128) inner /opt/stack/data/venv/lib/python3.12/site-packages/oslo_concurrency/lockutils.py:511}}
Jun 18 13:49:11.130129 np0000182115 devstack@n-api-meta.service[109128]: DEBUG oslo_concurrency.lockutils [None req-081423f3-d2d9-4bd6-8821-56727f097a8b None None] Lock "55440b02-9cf7-4a1b-9b66-4d75dcea3124" acquired by "nova.context.set_target_cell..get_or_set_cached_cell_and_set_connections" :: waited 0.000s {{(pid=109128) inner /opt/stack/data/venv/lib/python3.12/site-packages/oslo_concurrency/lockutils.py:524}}
Jun 18 13:49:11.130262 np0000182115 devstack@n-api-meta.service[109128]: DEBUG oslo_concurrency.lockutils [None req-081423f3-d2d9-4bd6-8821-56727f097a8b None None] Lock "55440b02-9cf7-4a1b-9b66-4d75dcea3124" "released" by "nova.context.set_target_cell..get_or_set_cached_cell_and_set_connections" :: held 0.000s {{(pid=109128) inner /opt/stack/data/venv/lib/python3.12/site-packages/oslo_concurrency/lockutils.py:543}}
Jun 18 13:49:11.188661 np0000182115 devstack@n-api-meta.service[109128]: WARNING neutronclient.v2_0.client [None req-081423f3-d2d9-4bd6-8821-56727f097a8b None None] The python binding code in neutronclient is deprecated in favor of OpenstackSDK, please use that as this will be removed in a future release.
Jun 18 13:49:11.585032 np0000182115 devstack@n-api-meta.service[109128]: [pid: 109128|app: 0|req: 1/1] 199.204.45.53 () {40 vars in 641 bytes} [Thu Jun 18 13:49:11 2026] GET /openstack => generated 116 bytes in 471 msecs (HTTP/1.1 200) 3 headers in 100 bytes (1 switches on core 0)
Jun 18 13:49:11.601944 np0000182115 devstack@n-api-meta.service[109129]: DEBUG nova.api.metadata.handler [None req-6574ef7c-b6fc-41c0-89f2-c606b72e2e6c None None] Metadata request headers: {'Host': '199.204.45.53:8775', 'User-Agent': 'python-requests/2.34.2', 'Accept-Encoding': 'gzip, deflate', 'Accept': '*/*', 'Connection': 'keep-alive', 'X-Forwarded-For': '192.168.24.114', 'X-Instance-Id': '259b0047-9bbb-41b3-a561-2317a71f7b05', 'X-Tenant-Id': '63e452170cff45429701331c1755dd87', 'X-Instance-Id-Signature': '4d0457544e4b94f4a64094546c6545d561ba621a98697db562bd0b2ba1b62d7a'} {{(pid=109129) __call__ /opt/stack/nova/nova/api/metadata/handler.py:109}}
Jun 18 13:49:11.606590 np0000182115 devstack@n-api-meta.service[109129]: DEBUG nova.api.metadata.handler [None req-6574ef7c-b6fc-41c0-89f2-c606b72e2e6c None None] Using cached metadata for instance 259b0047-9bbb-41b3-a561-2317a71f7b05 {{(pid=109129) get_metadata_by_instance_id /opt/stack/nova/nova/api/metadata/handler.py:84}}
Jun 18 13:49:11.607118 np0000182115 devstack@n-api-meta.service[109129]: [pid: 109129|app: 0|req: 1/2] 199.204.45.53 () {40 vars in 641 bytes} [Thu Jun 18 13:49:11 2026] GET /openstack => generated 116 bytes in 7 msecs (HTTP/1.1 200) 3 headers in 100 bytes (1 switches on core 0)
Jun 18 13:49:11.616158 np0000182115 devstack@n-api-meta.service[109130]: DEBUG nova.api.metadata.handler [None req-24ead429-579f-4fb5-a343-85af95c67ded None None] Metadata request headers: {'Host': '199.204.45.53:8775', 'User-Agent': 'python-requests/2.34.2', 'Accept-Encoding': 'gzip, deflate', 'Accept': '*/*', 'Connection': 'keep-alive', 'X-Forwarded-For': '192.168.24.114', 'X-Instance-Id': '259b0047-9bbb-41b3-a561-2317a71f7b05', 'X-Tenant-Id': '63e452170cff45429701331c1755dd87', 'X-Instance-Id-Signature': '4d0457544e4b94f4a64094546c6545d561ba621a98697db562bd0b2ba1b62d7a'} {{(pid=109130) __call__ /opt/stack/nova/nova/api/metadata/handler.py:109}}
Jun 18 13:49:11.621650 np0000182115 devstack@n-api-meta.service[109130]: DEBUG nova.api.metadata.handler [None req-24ead429-579f-4fb5-a343-85af95c67ded None None] Using cached metadata for instance 259b0047-9bbb-41b3-a561-2317a71f7b05 {{(pid=109130) get_metadata_by_instance_id /opt/stack/nova/nova/api/metadata/handler.py:84}}
Jun 18 13:49:11.622627 np0000182115 devstack@n-api-meta.service[109130]: [pid: 109130|app: 0|req: 1/3] 199.204.45.53 () {40 vars in 693 bytes} [Thu Jun 18 13:49:11 2026] GET /openstack/2018-08-27/meta_data.json => generated 946 bytes in 8 msecs (HTTP/1.1 200) 3 headers in 91 bytes (1 switches on core 0)
Jun 18 13:49:11.636508 np0000182115 devstack@n-api-meta.service[109131]: DEBUG nova.api.metadata.handler [None req-f8087f45-e11e-4fa1-b1f9-341d2c75cce5 None None] Metadata request headers: {'Host': '199.204.45.53:8775', 'User-Agent': 'python-requests/2.34.2', 'Accept-Encoding': 'gzip, deflate', 'Accept': '*/*', 'Connection': 'keep-alive', 'X-Forwarded-For': '192.168.24.114', 'X-Instance-Id': '259b0047-9bbb-41b3-a561-2317a71f7b05', 'X-Tenant-Id': '63e452170cff45429701331c1755dd87', 'X-Instance-Id-Signature': '4d0457544e4b94f4a64094546c6545d561ba621a98697db562bd0b2ba1b62d7a'} {{(pid=109131) __call__ /opt/stack/nova/nova/api/metadata/handler.py:109}}
Jun 18 13:49:11.639967 np0000182115 devstack@n-api-meta.service[109131]: DEBUG nova.api.metadata.handler [None req-f8087f45-e11e-4fa1-b1f9-341d2c75cce5 None None] Using cached metadata for instance 259b0047-9bbb-41b3-a561-2317a71f7b05 {{(pid=109131) get_metadata_by_instance_id /opt/stack/nova/nova/api/metadata/handler.py:84}}
Jun 18 13:49:11.640394 np0000182115 devstack@n-api-meta.service[109131]: [pid: 109131|app: 0|req: 1/4] 199.204.45.53 () {40 vars in 683 bytes} [Thu Jun 18 13:49:11 2026] GET /openstack/2018-08-27/user_data => generated 26375 bytes in 9 msecs (HTTP/1.1 200) 3 headers in 102 bytes (1 switches on core 0)
Jun 18 13:49:11.653620 np0000182115 devstack@n-api-meta.service[109128]: DEBUG nova.api.metadata.handler [None req-081423f3-d2d9-4bd6-8821-56727f097a8b None None] Metadata request headers: {'Host': '199.204.45.53:8775', 'User-Agent': 'python-requests/2.34.2', 'Accept-Encoding': 'gzip, deflate', 'Accept': '*/*', 'Connection': 'keep-alive', 'X-Forwarded-For': '192.168.24.114', 'X-Instance-Id': '259b0047-9bbb-41b3-a561-2317a71f7b05', 'X-Tenant-Id': '63e452170cff45429701331c1755dd87', 'X-Instance-Id-Signature': '4d0457544e4b94f4a64094546c6545d561ba621a98697db562bd0b2ba1b62d7a'} {{(pid=109128) __call__ /opt/stack/nova/nova/api/metadata/handler.py:109}}
Jun 18 13:49:11.656354 np0000182115 devstack@n-api-meta.service[109128]: DEBUG nova.api.metadata.handler [None req-081423f3-d2d9-4bd6-8821-56727f097a8b None None] Using cached metadata for instance 259b0047-9bbb-41b3-a561-2317a71f7b05 {{(pid=109128) get_metadata_by_instance_id /opt/stack/nova/nova/api/metadata/handler.py:84}}
Jun 18 13:49:11.657149 np0000182115 devstack@n-api-meta.service[109128]: [pid: 109128|app: 0|req: 2/5] 199.204.45.53 () {40 vars in 697 bytes} [Thu Jun 18 13:49:11 2026] GET /openstack/2018-08-27/vendor_data.json => generated 2 bytes in 5 msecs (HTTP/1.1 200) 3 headers in 89 bytes (1 switches on core 0)
Jun 18 13:49:11.664960 np0000182115 devstack@n-api-meta.service[109129]: DEBUG nova.api.metadata.handler [None req-6574ef7c-b6fc-41c0-89f2-c606b72e2e6c None None] Metadata request headers: {'Host': '199.204.45.53:8775', 'User-Agent': 'python-requests/2.34.2', 'Accept-Encoding': 'gzip, deflate', 'Accept': '*/*', 'Connection': 'keep-alive', 'X-Forwarded-For': '192.168.24.114', 'X-Instance-Id': '259b0047-9bbb-41b3-a561-2317a71f7b05', 'X-Tenant-Id': '63e452170cff45429701331c1755dd87', 'X-Instance-Id-Signature': '4d0457544e4b94f4a64094546c6545d561ba621a98697db562bd0b2ba1b62d7a'} {{(pid=109129) __call__ /opt/stack/nova/nova/api/metadata/handler.py:109}}
Jun 18 13:49:11.667835 np0000182115 devstack@n-api-meta.service[109129]: DEBUG nova.api.metadata.handler [None req-6574ef7c-b6fc-41c0-89f2-c606b72e2e6c None None] Using cached metadata for instance 259b0047-9bbb-41b3-a561-2317a71f7b05 {{(pid=109129) get_metadata_by_instance_id /opt/stack/nova/nova/api/metadata/handler.py:84}}
Jun 18 13:49:11.668777 np0000182115 devstack@n-api-meta.service[109129]: [pid: 109129|app: 0|req: 2/6] 199.204.45.53 () {40 vars in 698 bytes} [Thu Jun 18 13:49:11 2026] GET /openstack/2018-08-27/vendor_data2.json => generated 14 bytes in 5 msecs (HTTP/1.1 200) 3 headers in 90 bytes (1 switches on core 0)
Jun 18 13:49:11.674925 np0000182115 devstack@n-api-meta.service[109130]: DEBUG nova.api.metadata.handler [None req-24ead429-579f-4fb5-a343-85af95c67ded None None] Metadata request headers: {'Host': '199.204.45.53:8775', 'User-Agent': 'python-requests/2.34.2', 'Accept-Encoding': 'gzip, deflate', 'Accept': '*/*', 'Connection': 'keep-alive', 'X-Forwarded-For': '192.168.24.114', 'X-Instance-Id': '259b0047-9bbb-41b3-a561-2317a71f7b05', 'X-Tenant-Id': '63e452170cff45429701331c1755dd87', 'X-Instance-Id-Signature': '4d0457544e4b94f4a64094546c6545d561ba621a98697db562bd0b2ba1b62d7a'} {{(pid=109130) __call__ /opt/stack/nova/nova/api/metadata/handler.py:109}}
Jun 18 13:49:11.678114 np0000182115 devstack@n-api-meta.service[109130]: DEBUG nova.api.metadata.handler [None req-24ead429-579f-4fb5-a343-85af95c67ded None None] Using cached metadata for instance 259b0047-9bbb-41b3-a561-2317a71f7b05 {{(pid=109130) get_metadata_by_instance_id /opt/stack/nova/nova/api/metadata/handler.py:84}}
Jun 18 13:49:11.678747 np0000182115 devstack@n-api-meta.service[109130]: [pid: 109130|app: 0|req: 2/7] 199.204.45.53 () {40 vars in 698 bytes} [Thu Jun 18 13:49:11 2026] GET /openstack/2018-08-27/network_data.json => generated 348 bytes in 4 msecs (HTTP/1.1 200) 3 headers in 100 bytes (1 switches on core 0)
Jun 18 13:49:11.687352 np0000182115 devstack@n-api-meta.service[109131]: DEBUG nova.api.metadata.handler [None req-f8087f45-e11e-4fa1-b1f9-341d2c75cce5 None None] Metadata request headers: {'Host': '199.204.45.53:8775', 'User-Agent': 'python-requests/2.34.2', 'Accept-Encoding': 'gzip, deflate', 'Accept': '*/*', 'Connection': 'keep-alive', 'X-Forwarded-For': '192.168.24.114', 'X-Instance-Id': '259b0047-9bbb-41b3-a561-2317a71f7b05', 'X-Tenant-Id': '63e452170cff45429701331c1755dd87', 'X-Instance-Id-Signature': '4d0457544e4b94f4a64094546c6545d561ba621a98697db562bd0b2ba1b62d7a'} {{(pid=109131) __call__ /opt/stack/nova/nova/api/metadata/handler.py:109}}
Jun 18 13:49:11.690817 np0000182115 devstack@n-api-meta.service[109131]: DEBUG nova.api.metadata.handler [None req-f8087f45-e11e-4fa1-b1f9-341d2c75cce5 None None] Using cached metadata for instance 259b0047-9bbb-41b3-a561-2317a71f7b05 {{(pid=109131) get_metadata_by_instance_id /opt/stack/nova/nova/api/metadata/handler.py:84}}
Jun 18 13:49:11.691807 np0000182115 devstack@n-api-meta.service[109131]: [pid: 109131|app: 0|req: 2/8] 199.204.45.53 () {40 vars in 656 bytes} [Thu Jun 18 13:49:11 2026] GET /latest/meta-data/ => generated 210 bytes in 5 msecs (HTTP/1.1 200) 3 headers in 100 bytes (1 switches on core 0)
Jun 18 13:49:11.699279 np0000182115 devstack@n-api-meta.service[109128]: DEBUG nova.api.metadata.handler [None req-081423f3-d2d9-4bd6-8821-56727f097a8b None None] Metadata request headers: {'Host': '199.204.45.53:8775', 'User-Agent': 'python-requests/2.34.2', 'Accept-Encoding': 'gzip, deflate', 'Accept': '*/*', 'Connection': 'keep-alive', 'X-Forwarded-For': '192.168.24.114', 'X-Instance-Id': '259b0047-9bbb-41b3-a561-2317a71f7b05', 'X-Tenant-Id': '63e452170cff45429701331c1755dd87', 'X-Instance-Id-Signature': '4d0457544e4b94f4a64094546c6545d561ba621a98697db562bd0b2ba1b62d7a'} {{(pid=109128) __call__ /opt/stack/nova/nova/api/metadata/handler.py:109}}
Jun 18 13:49:11.701071 np0000182115 devstack@n-api-meta.service[109128]: DEBUG nova.api.metadata.handler [None req-081423f3-d2d9-4bd6-8821-56727f097a8b None None] Using cached metadata for instance 259b0047-9bbb-41b3-a561-2317a71f7b05 {{(pid=109128) get_metadata_by_instance_id /opt/stack/nova/nova/api/metadata/handler.py:84}}
Jun 18 13:49:11.701550 np0000182115 devstack@n-api-meta.service[109128]: [pid: 109128|app: 0|req: 3/9] 199.204.45.53 () {40 vars in 698 bytes} [Thu Jun 18 13:49:11 2026] GET /latest/meta-data/block-device-mapping/ => generated 8 bytes in 3 msecs (HTTP/1.1 200) 3 headers in 98 bytes (1 switches on core 0)
Jun 18 13:49:11.707743 np0000182115 devstack@n-api-meta.service[109129]: DEBUG nova.api.metadata.handler [None req-6574ef7c-b6fc-41c0-89f2-c606b72e2e6c None None] Metadata request headers: {'Host': '199.204.45.53:8775', 'User-Agent': 'python-requests/2.34.2', 'Accept-Encoding': 'gzip, deflate', 'Accept': '*/*', 'Connection': 'keep-alive', 'X-Forwarded-For': '192.168.24.114', 'X-Instance-Id': '259b0047-9bbb-41b3-a561-2317a71f7b05', 'X-Tenant-Id': '63e452170cff45429701331c1755dd87', 'X-Instance-Id-Signature': '4d0457544e4b94f4a64094546c6545d561ba621a98697db562bd0b2ba1b62d7a'} {{(pid=109129) __call__ /opt/stack/nova/nova/api/metadata/handler.py:109}}
Jun 18 13:49:11.710494 np0000182115 devstack@n-api-meta.service[109129]: DEBUG nova.api.metadata.handler [None req-6574ef7c-b6fc-41c0-89f2-c606b72e2e6c None None] Using cached metadata for instance 259b0047-9bbb-41b3-a561-2317a71f7b05 {{(pid=109129) get_metadata_by_instance_id /opt/stack/nova/nova/api/metadata/handler.py:84}}
Jun 18 13:49:11.711309 np0000182115 devstack@n-api-meta.service[109129]: [pid: 109129|app: 0|req: 3/10] 199.204.45.53 () {40 vars in 705 bytes} [Thu Jun 18 13:49:11 2026] GET /latest/meta-data/block-device-mapping/ami => generated 3 bytes in 4 msecs (HTTP/1.1 200) 3 headers in 98 bytes (1 switches on core 0)
Jun 18 13:49:11.719404 np0000182115 devstack@n-api-meta.service[109130]: DEBUG nova.api.metadata.handler [None req-24ead429-579f-4fb5-a343-85af95c67ded None None] Metadata request headers: {'Host': '199.204.45.53:8775', 'User-Agent': 'python-requests/2.34.2', 'Accept-Encoding': 'gzip, deflate', 'Accept': '*/*', 'Connection': 'keep-alive', 'X-Forwarded-For': '192.168.24.114', 'X-Instance-Id': '259b0047-9bbb-41b3-a561-2317a71f7b05', 'X-Tenant-Id': '63e452170cff45429701331c1755dd87', 'X-Instance-Id-Signature': '4d0457544e4b94f4a64094546c6545d561ba621a98697db562bd0b2ba1b62d7a'} {{(pid=109130) __call__ /opt/stack/nova/nova/api/metadata/handler.py:109}}
Jun 18 13:49:11.721843 np0000182115 devstack@n-api-meta.service[109130]: DEBUG nova.api.metadata.handler [None req-24ead429-579f-4fb5-a343-85af95c67ded None None] Using cached metadata for instance 259b0047-9bbb-41b3-a561-2317a71f7b05 {{(pid=109130) get_metadata_by_instance_id /opt/stack/nova/nova/api/metadata/handler.py:84}}
Jun 18 13:49:11.722250 np0000182115 devstack@n-api-meta.service[109130]: [pid: 109130|app: 0|req: 3/11] 199.204.45.53 () {40 vars in 707 bytes} [Thu Jun 18 13:49:11 2026] GET /latest/meta-data/block-device-mapping/root => generated 8 bytes in 3 msecs (HTTP/1.1 200) 3 headers in 98 bytes (1 switches on core 0)
Jun 18 13:49:11.729229 np0000182115 devstack@n-api-meta.service[109131]: DEBUG nova.api.metadata.handler [None req-f8087f45-e11e-4fa1-b1f9-341d2c75cce5 None None] Metadata request headers: {'Host': '199.204.45.53:8775', 'User-Agent': 'python-requests/2.34.2', 'Accept-Encoding': 'gzip, deflate', 'Accept': '*/*', 'Connection': 'keep-alive', 'X-Forwarded-For': '192.168.24.114', 'X-Instance-Id': '259b0047-9bbb-41b3-a561-2317a71f7b05', 'X-Tenant-Id': '63e452170cff45429701331c1755dd87', 'X-Instance-Id-Signature': '4d0457544e4b94f4a64094546c6545d561ba621a98697db562bd0b2ba1b62d7a'} {{(pid=109131) __call__ /opt/stack/nova/nova/api/metadata/handler.py:109}}
Jun 18 13:49:11.731992 np0000182115 devstack@n-api-meta.service[109131]: DEBUG nova.api.metadata.handler [None req-f8087f45-e11e-4fa1-b1f9-341d2c75cce5 None None] Using cached metadata for instance 259b0047-9bbb-41b3-a561-2317a71f7b05 {{(pid=109131) get_metadata_by_instance_id /opt/stack/nova/nova/api/metadata/handler.py:84}}
Jun 18 13:49:11.732702 np0000182115 devstack@n-api-meta.service[109131]: [pid: 109131|app: 0|req: 3/12] 199.204.45.53 () {40 vars in 677 bytes} [Thu Jun 18 13:49:11 2026] GET /latest/meta-data/placement/ => generated 17 bytes in 4 msecs (HTTP/1.1 200) 3 headers in 99 bytes (1 switches on core 0)
Jun 18 13:49:11.741362 np0000182115 devstack@n-api-meta.service[109128]: DEBUG nova.api.metadata.handler [None req-081423f3-d2d9-4bd6-8821-56727f097a8b None None] Metadata request headers: {'Host': '199.204.45.53:8775', 'User-Agent': 'python-requests/2.34.2', 'Accept-Encoding': 'gzip, deflate', 'Accept': '*/*', 'Connection': 'keep-alive', 'X-Forwarded-For': '192.168.24.114', 'X-Instance-Id': '259b0047-9bbb-41b3-a561-2317a71f7b05', 'X-Tenant-Id': '63e452170cff45429701331c1755dd87', 'X-Instance-Id-Signature': '4d0457544e4b94f4a64094546c6545d561ba621a98697db562bd0b2ba1b62d7a'} {{(pid=109128) __call__ /opt/stack/nova/nova/api/metadata/handler.py:109}}
Jun 18 13:49:11.743168 np0000182115 devstack@n-api-meta.service[109128]: DEBUG nova.api.metadata.handler [None req-081423f3-d2d9-4bd6-8821-56727f097a8b None None] Using cached metadata for instance 259b0047-9bbb-41b3-a561-2317a71f7b05 {{(pid=109128) get_metadata_by_instance_id /opt/stack/nova/nova/api/metadata/handler.py:84}}
Jun 18 13:49:11.743547 np0000182115 devstack@n-api-meta.service[109128]: [pid: 109128|app: 0|req: 4/13] 199.204.45.53 () {40 vars in 711 bytes} [Thu Jun 18 13:49:11 2026] GET /latest/meta-data/placement/availability-zone => generated 4 bytes in 3 msecs (HTTP/1.1 200) 3 headers in 98 bytes (1 switches on core 0)
Jun 18 13:49:11.750253 np0000182115 devstack@n-api-meta.service[109129]: DEBUG nova.api.metadata.handler [None req-6574ef7c-b6fc-41c0-89f2-c606b72e2e6c None None] Metadata request headers: {'Host': '199.204.45.53:8775', 'User-Agent': 'python-requests/2.34.2', 'Accept-Encoding': 'gzip, deflate', 'Accept': '*/*', 'Connection': 'keep-alive', 'X-Forwarded-For': '192.168.24.114', 'X-Instance-Id': '259b0047-9bbb-41b3-a561-2317a71f7b05', 'X-Tenant-Id': '63e452170cff45429701331c1755dd87', 'X-Instance-Id-Signature': '4d0457544e4b94f4a64094546c6545d561ba621a98697db562bd0b2ba1b62d7a'} {{(pid=109129) __call__ /opt/stack/nova/nova/api/metadata/handler.py:109}}
Jun 18 13:49:11.753007 np0000182115 devstack@n-api-meta.service[109129]: DEBUG nova.api.metadata.handler [None req-6574ef7c-b6fc-41c0-89f2-c606b72e2e6c None None] Using cached metadata for instance 259b0047-9bbb-41b3-a561-2317a71f7b05 {{(pid=109129) get_metadata_by_instance_id /opt/stack/nova/nova/api/metadata/handler.py:84}}
Jun 18 13:49:11.753696 np0000182115 devstack@n-api-meta.service[109129]: [pid: 109129|app: 0|req: 4/14] 199.204.45.53 () {40 vars in 669 bytes} [Thu Jun 18 13:49:11 2026] GET /latest/meta-data/ami-id => generated 12 bytes in 4 msecs (HTTP/1.1 200) 3 headers in 99 bytes (1 switches on core 0)
Jun 18 13:49:11.760705 np0000182115 devstack@n-api-meta.service[109130]: DEBUG nova.api.metadata.handler [None req-24ead429-579f-4fb5-a343-85af95c67ded None None] Metadata request headers: {'Host': '199.204.45.53:8775', 'User-Agent': 'python-requests/2.34.2', 'Accept-Encoding': 'gzip, deflate', 'Accept': '*/*', 'Connection': 'keep-alive', 'X-Forwarded-For': '192.168.24.114', 'X-Instance-Id': '259b0047-9bbb-41b3-a561-2317a71f7b05', 'X-Tenant-Id': '63e452170cff45429701331c1755dd87', 'X-Instance-Id-Signature': '4d0457544e4b94f4a64094546c6545d561ba621a98697db562bd0b2ba1b62d7a'} {{(pid=109130) __call__ /opt/stack/nova/nova/api/metadata/handler.py:109}}
Jun 18 13:49:11.763230 np0000182115 devstack@n-api-meta.service[109130]: DEBUG nova.api.metadata.handler [None req-24ead429-579f-4fb5-a343-85af95c67ded None None] Using cached metadata for instance 259b0047-9bbb-41b3-a561-2317a71f7b05 {{(pid=109130) get_metadata_by_instance_id /opt/stack/nova/nova/api/metadata/handler.py:84}}
Jun 18 13:49:11.763785 np0000182115 devstack@n-api-meta.service[109130]: [pid: 109130|app: 0|req: 4/15] 199.204.45.53 () {40 vars in 689 bytes} [Thu Jun 18 13:49:11 2026] GET /latest/meta-data/ami-launch-index => generated 1 bytes in 3 msecs (HTTP/1.1 200) 3 headers in 98 bytes (1 switches on core 0)
Jun 18 13:49:11.769429 np0000182115 devstack@n-api-meta.service[109131]: DEBUG nova.api.metadata.handler [None req-f8087f45-e11e-4fa1-b1f9-341d2c75cce5 None None] Metadata request headers: {'Host': '199.204.45.53:8775', 'User-Agent': 'python-requests/2.34.2', 'Accept-Encoding': 'gzip, deflate', 'Accept': '*/*', 'Connection': 'keep-alive', 'X-Forwarded-For': '192.168.24.114', 'X-Instance-Id': '259b0047-9bbb-41b3-a561-2317a71f7b05', 'X-Tenant-Id': '63e452170cff45429701331c1755dd87', 'X-Instance-Id-Signature': '4d0457544e4b94f4a64094546c6545d561ba621a98697db562bd0b2ba1b62d7a'} {{(pid=109131) __call__ /opt/stack/nova/nova/api/metadata/handler.py:109}}
Jun 18 13:49:11.772336 np0000182115 devstack@n-api-meta.service[109131]: DEBUG nova.api.metadata.handler [None req-f8087f45-e11e-4fa1-b1f9-341d2c75cce5 None None] Using cached metadata for instance 259b0047-9bbb-41b3-a561-2317a71f7b05 {{(pid=109131) get_metadata_by_instance_id /opt/stack/nova/nova/api/metadata/handler.py:84}}
Jun 18 13:49:11.772993 np0000182115 devstack@n-api-meta.service[109131]: [pid: 109131|app: 0|req: 4/16] 199.204.45.53 () {40 vars in 691 bytes} [Thu Jun 18 13:49:11 2026] GET /latest/meta-data/ami-manifest-path => generated 5 bytes in 4 msecs (HTTP/1.1 200) 3 headers in 98 bytes (1 switches on core 0)
Jun 18 13:49:11.781474 np0000182115 devstack@n-api-meta.service[109128]: DEBUG nova.api.metadata.handler [None req-081423f3-d2d9-4bd6-8821-56727f097a8b None None] Metadata request headers: {'Host': '199.204.45.53:8775', 'User-Agent': 'python-requests/2.34.2', 'Accept-Encoding': 'gzip, deflate', 'Accept': '*/*', 'Connection': 'keep-alive', 'X-Forwarded-For': '192.168.24.114', 'X-Instance-Id': '259b0047-9bbb-41b3-a561-2317a71f7b05', 'X-Tenant-Id': '63e452170cff45429701331c1755dd87', 'X-Instance-Id-Signature': '4d0457544e4b94f4a64094546c6545d561ba621a98697db562bd0b2ba1b62d7a'} {{(pid=109128) __call__ /opt/stack/nova/nova/api/metadata/handler.py:109}}
Jun 18 13:49:11.784164 np0000182115 devstack@n-api-meta.service[109128]: DEBUG nova.api.metadata.handler [None req-081423f3-d2d9-4bd6-8821-56727f097a8b None None] Using cached metadata for instance 259b0047-9bbb-41b3-a561-2317a71f7b05 {{(pid=109128) get_metadata_by_instance_id /opt/stack/nova/nova/api/metadata/handler.py:84}}
Jun 18 13:49:11.785761 np0000182115 devstack@n-api-meta.service[109128]: [pid: 109128|app: 0|req: 5/17] 199.204.45.53 () {40 vars in 673 bytes} [Thu Jun 18 13:49:11 2026] GET /latest/meta-data/hostname => generated 32 bytes in 4 msecs (HTTP/1.1 200) 3 headers in 99 bytes (1 switches on core 0)
Jun 18 13:49:11.791124 np0000182115 devstack@n-api-meta.service[109129]: DEBUG nova.api.metadata.handler [None req-6574ef7c-b6fc-41c0-89f2-c606b72e2e6c None None] Metadata request headers: {'Host': '199.204.45.53:8775', 'User-Agent': 'python-requests/2.34.2', 'Accept-Encoding': 'gzip, deflate', 'Accept': '*/*', 'Connection': 'keep-alive', 'X-Forwarded-For': '192.168.24.114', 'X-Instance-Id': '259b0047-9bbb-41b3-a561-2317a71f7b05', 'X-Tenant-Id': '63e452170cff45429701331c1755dd87', 'X-Instance-Id-Signature': '4d0457544e4b94f4a64094546c6545d561ba621a98697db562bd0b2ba1b62d7a'} {{(pid=109129) __call__ /opt/stack/nova/nova/api/metadata/handler.py:109}}
Jun 18 13:49:11.793828 np0000182115 devstack@n-api-meta.service[109129]: DEBUG nova.api.metadata.handler [None req-6574ef7c-b6fc-41c0-89f2-c606b72e2e6c None None] Using cached metadata for instance 259b0047-9bbb-41b3-a561-2317a71f7b05 {{(pid=109129) get_metadata_by_instance_id /opt/stack/nova/nova/api/metadata/handler.py:84}}
Jun 18 13:49:11.794484 np0000182115 devstack@n-api-meta.service[109129]: [pid: 109129|app: 0|req: 5/18] 199.204.45.53 () {40 vars in 687 bytes} [Thu Jun 18 13:49:11 2026] GET /latest/meta-data/instance-action => generated 4 bytes in 4 msecs (HTTP/1.1 200) 3 headers in 98 bytes (1 switches on core 0)
Jun 18 13:49:11.801582 np0000182115 devstack@n-api-meta.service[109130]: DEBUG nova.api.metadata.handler [None req-24ead429-579f-4fb5-a343-85af95c67ded None None] Metadata request headers: {'Host': '199.204.45.53:8775', 'User-Agent': 'python-requests/2.34.2', 'Accept-Encoding': 'gzip, deflate', 'Accept': '*/*', 'Connection': 'keep-alive', 'X-Forwarded-For': '192.168.24.114', 'X-Instance-Id': '259b0047-9bbb-41b3-a561-2317a71f7b05', 'X-Tenant-Id': '63e452170cff45429701331c1755dd87', 'X-Instance-Id-Signature': '4d0457544e4b94f4a64094546c6545d561ba621a98697db562bd0b2ba1b62d7a'} {{(pid=109130) __call__ /opt/stack/nova/nova/api/metadata/handler.py:109}}
Jun 18 13:49:11.804070 np0000182115 devstack@n-api-meta.service[109130]: DEBUG nova.api.metadata.handler [None req-24ead429-579f-4fb5-a343-85af95c67ded None None] Using cached metadata for instance 259b0047-9bbb-41b3-a561-2317a71f7b05 {{(pid=109130) get_metadata_by_instance_id /opt/stack/nova/nova/api/metadata/handler.py:84}}
Jun 18 13:49:11.804627 np0000182115 devstack@n-api-meta.service[109130]: [pid: 109130|app: 0|req: 5/19] 199.204.45.53 () {40 vars in 679 bytes} [Thu Jun 18 13:49:11 2026] GET /latest/meta-data/instance-id => generated 10 bytes in 3 msecs (HTTP/1.1 200) 3 headers in 99 bytes (1 switches on core 0)
Jun 18 13:49:11.813528 np0000182115 devstack@n-api-meta.service[109131]: DEBUG nova.api.metadata.handler [None req-f8087f45-e11e-4fa1-b1f9-341d2c75cce5 None None] Metadata request headers: {'Host': '199.204.45.53:8775', 'User-Agent': 'python-requests/2.34.2', 'Accept-Encoding': 'gzip, deflate', 'Accept': '*/*', 'Connection': 'keep-alive', 'X-Forwarded-For': '192.168.24.114', 'X-Instance-Id': '259b0047-9bbb-41b3-a561-2317a71f7b05', 'X-Tenant-Id': '63e452170cff45429701331c1755dd87', 'X-Instance-Id-Signature': '4d0457544e4b94f4a64094546c6545d561ba621a98697db562bd0b2ba1b62d7a'} {{(pid=109131) __call__ /opt/stack/nova/nova/api/metadata/handler.py:109}}
Jun 18 13:49:11.816354 np0000182115 devstack@n-api-meta.service[109131]: DEBUG nova.api.metadata.handler [None req-f8087f45-e11e-4fa1-b1f9-341d2c75cce5 None None] Using cached metadata for instance 259b0047-9bbb-41b3-a561-2317a71f7b05 {{(pid=109131) get_metadata_by_instance_id /opt/stack/nova/nova/api/metadata/handler.py:84}}
Jun 18 13:49:11.817148 np0000182115 devstack@n-api-meta.service[109131]: [pid: 109131|app: 0|req: 5/20] 199.204.45.53 () {40 vars in 683 bytes} [Thu Jun 18 13:49:11 2026] GET /latest/meta-data/instance-type => generated 8 bytes in 4 msecs (HTTP/1.1 200) 3 headers in 98 bytes (1 switches on core 0)
Jun 18 13:49:11.825505 np0000182115 devstack@n-api-meta.service[109128]: DEBUG nova.api.metadata.handler [None req-081423f3-d2d9-4bd6-8821-56727f097a8b None None] Metadata request headers: {'Host': '199.204.45.53:8775', 'User-Agent': 'python-requests/2.34.2', 'Accept-Encoding': 'gzip, deflate', 'Accept': '*/*', 'Connection': 'keep-alive', 'X-Forwarded-For': '192.168.24.114', 'X-Instance-Id': '259b0047-9bbb-41b3-a561-2317a71f7b05', 'X-Tenant-Id': '63e452170cff45429701331c1755dd87', 'X-Instance-Id-Signature': '4d0457544e4b94f4a64094546c6545d561ba621a98697db562bd0b2ba1b62d7a'} {{(pid=109128) __call__ /opt/stack/nova/nova/api/metadata/handler.py:109}}
Jun 18 13:49:11.828001 np0000182115 devstack@n-api-meta.service[109128]: DEBUG nova.api.metadata.handler [None req-081423f3-d2d9-4bd6-8821-56727f097a8b None None] Using cached metadata for instance 259b0047-9bbb-41b3-a561-2317a71f7b05 {{(pid=109128) get_metadata_by_instance_id /opt/stack/nova/nova/api/metadata/handler.py:84}}
Jun 18 13:49:11.828602 np0000182115 devstack@n-api-meta.service[109128]: [pid: 109128|app: 0|req: 6/21] 199.204.45.53 () {40 vars in 685 bytes} [Thu Jun 18 13:49:11 2026] GET /latest/meta-data/local-hostname => generated 32 bytes in 3 msecs (HTTP/1.1 200) 3 headers in 99 bytes (1 switches on core 0)
Jun 18 13:49:11.836334 np0000182115 devstack@n-api-meta.service[109129]: DEBUG nova.api.metadata.handler [None req-6574ef7c-b6fc-41c0-89f2-c606b72e2e6c None None] Metadata request headers: {'Host': '199.204.45.53:8775', 'User-Agent': 'python-requests/2.34.2', 'Accept-Encoding': 'gzip, deflate', 'Accept': '*/*', 'Connection': 'keep-alive', 'X-Forwarded-For': '192.168.24.114', 'X-Instance-Id': '259b0047-9bbb-41b3-a561-2317a71f7b05', 'X-Tenant-Id': '63e452170cff45429701331c1755dd87', 'X-Instance-Id-Signature': '4d0457544e4b94f4a64094546c6545d561ba621a98697db562bd0b2ba1b62d7a'} {{(pid=109129) __call__ /opt/stack/nova/nova/api/metadata/handler.py:109}}
Jun 18 13:49:11.838722 np0000182115 devstack@n-api-meta.service[109129]: DEBUG nova.api.metadata.handler [None req-6574ef7c-b6fc-41c0-89f2-c606b72e2e6c None None] Using cached metadata for instance 259b0047-9bbb-41b3-a561-2317a71f7b05 {{(pid=109129) get_metadata_by_instance_id /opt/stack/nova/nova/api/metadata/handler.py:84}}
Jun 18 13:49:11.839316 np0000182115 devstack@n-api-meta.service[109129]: [pid: 109129|app: 0|req: 6/22] 199.204.45.53 () {40 vars in 677 bytes} [Thu Jun 18 13:49:11 2026] GET /latest/meta-data/local-ipv4 => generated 14 bytes in 3 msecs (HTTP/1.1 200) 3 headers in 99 bytes (1 switches on core 0)
Jun 18 13:49:11.846128 np0000182115 devstack@n-api-meta.service[109130]: DEBUG nova.api.metadata.handler [None req-24ead429-579f-4fb5-a343-85af95c67ded None None] Metadata request headers: {'Host': '199.204.45.53:8775', 'User-Agent': 'python-requests/2.34.2', 'Accept-Encoding': 'gzip, deflate', 'Accept': '*/*', 'Connection': 'keep-alive', 'X-Forwarded-For': '192.168.24.114', 'X-Instance-Id': '259b0047-9bbb-41b3-a561-2317a71f7b05', 'X-Tenant-Id': '63e452170cff45429701331c1755dd87', 'X-Instance-Id-Signature': '4d0457544e4b94f4a64094546c6545d561ba621a98697db562bd0b2ba1b62d7a'} {{(pid=109130) __call__ /opt/stack/nova/nova/api/metadata/handler.py:109}}
Jun 18 13:49:11.848568 np0000182115 devstack@n-api-meta.service[109130]: DEBUG nova.api.metadata.handler [None req-24ead429-579f-4fb5-a343-85af95c67ded None None] Using cached metadata for instance 259b0047-9bbb-41b3-a561-2317a71f7b05 {{(pid=109130) get_metadata_by_instance_id /opt/stack/nova/nova/api/metadata/handler.py:84}}
Jun 18 13:49:11.849173 np0000182115 devstack@n-api-meta.service[109130]: [pid: 109130|app: 0|req: 6/23] 199.204.45.53 () {40 vars in 687 bytes} [Thu Jun 18 13:49:11 2026] GET /latest/meta-data/public-hostname => generated 32 bytes in 3 msecs (HTTP/1.1 200) 3 headers in 99 bytes (1 switches on core 0)
