2026-05-04 04:21:44.066 7 INFO neutron.db.ovn_revision_numbers_db [None req-6c37d95e-40e3-41e7-81d6-c0bc84f0afa1 27d003ae5a1c414db1c362976fcdea36 279dd77ec0654fe9985635d698fb9942 - - default default] Successfully bumped revision number for resource d50bae45-8eed-400d-868b-655c13f04b32 (type: networks) to 1
2026-05-04 04:21:44.210 8 INFO neutron.plugins.ml2.drivers.ovn.mech_driver.mech_driver [None req-638691bb-fab9-4076-aeb2-3ee9b37e0f55 - - - - - -] OVN reports status up for port: 9f6482c5-aa21-47e9-a70b-a36e92415a74
2026-05-04 04:21:44.281 8 INFO neutron.plugins.ml2.plugin [None req-638691bb-fab9-4076-aeb2-3ee9b37e0f55 - - - - - -] Attempt 1 to provision port 9f6482c5-aa21-47e9-a70b-a36e92415a74
2026-05-04 04:21:44.281 7 WARNING neutron.scheduler.dhcp_agent_scheduler [None req-6c37d95e-40e3-41e7-81d6-c0bc84f0afa1 27d003ae5a1c414db1c362976fcdea36 279dd77ec0654fe9985635d698fb9942 - - default default] No more DHCP agents
2026-05-04 04:21:44.283 7 WARNING neutron.api.rpc.agentnotifiers.dhcp_rpc_agent_api [None req-6c37d95e-40e3-41e7-81d6-c0bc84f0afa1 27d003ae5a1c414db1c362976fcdea36 279dd77ec0654fe9985635d698fb9942 - - default default] Unable to schedule network d50bae45-8eed-400d-868b-655c13f04b32: no agents available; will retry on subsequent port and subnet creation events.
2026-05-04 04:21:44.351 7 INFO neutron.plugins.ml2.drivers.ovn.mech_driver.mech_driver [None req-68232997-24b1-4b6d-8b12-15bbff0308ac - - - - - -] OVN reports status down for port: 57e79311-25d3-4bfe-bf39-d8a352e3d509
2026-05-04 04:21:44.379 8 WARNING neutron.scheduler.dhcp_agent_scheduler [None req-913c7cd0-76c2-492b-aa5e-32cf7d43e8ad b7ad1f1bfad64494a7bbcd53b73752f4 acfb641a96ca4d9db084a3baf696c528 - - default default] No more DHCP agents
2026-05-04 04:21:44.382 8 WARNING neutron.api.rpc.agentnotifiers.dhcp_rpc_agent_api [None req-913c7cd0-76c2-492b-aa5e-32cf7d43e8ad b7ad1f1bfad64494a7bbcd53b73752f4 acfb641a96ca4d9db084a3baf696c528 - - default default] Unable to schedule network 8d7df304-f67c-420c-8bf6-3a31c7dc9844: no agents available; will retry on subsequent port and subnet creation events.
2026-05-04 04:21:44.408 7 INFO neutron.db.ovn_revision_numbers_db [None req-6c37d95e-40e3-41e7-81d6-c0bc84f0afa1 27d003ae5a1c414db1c362976fcdea36 279dd77ec0654fe9985635d698fb9942 - - default default] Successfully bumped revision number for resource 57e79311-25d3-4bfe-bf39-d8a352e3d509 (type: ports) to 1 [pid: 7|app: 0|req: 874/1664] 10.0.0.172 () {34 vars in 670 bytes} [Mon May 4 04:21:43 2026] POST /v2.0/networks => generated 650 bytes in 955 msecs (HTTP/1.1 201) 4 headers in 162 bytes (1 switches on core 0)
2026-05-04 04:21:44.715 7 WARNING neutron.scheduler.dhcp_agent_scheduler [None req-33650e5c-da38-4959-8903-ab5164461064 27d003ae5a1c414db1c362976fcdea36 279dd77ec0654fe9985635d698fb9942 - - default default] No more DHCP agents
2026-05-04 04:21:44.717 7 WARNING neutron.api.rpc.agentnotifiers.dhcp_rpc_agent_api [None req-33650e5c-da38-4959-8903-ab5164461064 27d003ae5a1c414db1c362976fcdea36 279dd77ec0654fe9985635d698fb9942 - - default default] Unable to schedule network d50bae45-8eed-400d-868b-655c13f04b32: no agents available; will retry on subsequent port and subnet creation events.
2026-05-04 04:21:44.735 8 INFO neutron.db.ovn_revision_numbers_db [None req-913c7cd0-76c2-492b-aa5e-32cf7d43e8ad b7ad1f1bfad64494a7bbcd53b73752f4 acfb641a96ca4d9db084a3baf696c528 - - default default] Successfully bumped revision number for resource 9f6482c5-aa21-47e9-a70b-a36e92415a74 (type: router_ports) to 1 [pid: 8|app: 0|req: 791/1665] 10.0.0.172 () {34 vars in 783 bytes} [Mon May 4 04:21:43 2026] PUT /v2.0/routers/1bf923e7-8e6a-4a90-9a8a-c8299a5368c7/add_router_interface => generated 309 bytes in 1627 msecs (HTTP/1.1 200) 4 headers in 157 bytes (1 switches on core 0)
2026-05-04 04:21:44.818 7 INFO neutron.db.ovn_revision_numbers_db [None req-33650e5c-da38-4959-8903-ab5164461064 27d003ae5a1c414db1c362976fcdea36 279dd77ec0654fe9985635d698fb9942 - - default default] Successfully bumped revision number for resource 7d78e21c-d622-49af-bd4f-717863fed0ad (type: ports) to 1 [pid: 7|app: 0|req: 875/1666] 10.0.0.172 () {34 vars in 664 bytes} [Mon May 4 04:21:44 2026] POST /v2.0/ports => generated 743 bytes in 412 msecs (HTTP/1.1 201) 4 headers in 162 bytes (1 switches on core 0) /var/lib/openstack/lib/python3.12/site-packages/pycadf/identifier.py:70: UserWarning: Invalid uuid: neutron. To ensure interoperability, identifiers should be a valid uuid. warnings.warn(('Invalid uuid: %s. To ensure interoperability, ' [pid: 8|app: 0|req: 792/1667] 10.0.0.172 () {32 vars in 717 bytes} [Mon May 4 04:21:44 2026] GET /v2.0/ports/9f6482c5-aa21-47e9-a70b-a36e92415a74 => generated 943 bytes in 217 msecs (HTTP/1.1 200) 4 headers in 157 bytes (1 switches on core 0)
2026-05-04 04:21:44.994 8 INFO neutron.db.ovn_revision_numbers_db [None req-638691bb-fab9-4076-aeb2-3ee9b37e0f55 - - - - - -] Successfully bumped revision number for resource 9f6482c5-aa21-47e9-a70b-a36e92415a74 (type: ports) to 2 [pid: 7|app: 0|req: 876/1668] 10.0.0.172 () {34 vars in 666 bytes} [Mon May 4 04:21:44 2026] POST /v2.0/trunks => generated 409 bytes in 264 msecs (HTTP/1.1 201) 4 headers in 162 bytes (1 switches on core 0)
2026-05-04 04:21:45.465 7 INFO neutron.db.ovn_revision_numbers_db [None req-25c4288c-5ce3-49f1-8fde-648b73cc2c0c ea7f6f513c734bb3930b4fa5cdc84c51 7e9f06ca4e254b4aba48dd1836d5c62c - - default default] Successfully bumped revision number for resource 8df3b8e0-f493-4f77-89f4-9d5cbd46b195 (type: security_groups) to 1
2026-05-04 04:21:45.479 7 INFO neutron.db.ovn_revision_numbers_db [None req-25c4288c-5ce3-49f1-8fde-648b73cc2c0c ea7f6f513c734bb3930b4fa5cdc84c51 7e9f06ca4e254b4aba48dd1836d5c62c - - default default] Successfully bumped revision number for resource 058ef039-0f94-4e47-b6cf-f905e0ddac2b (type: security_group_rules) to 0
2026-05-04 04:21:45.493 7 INFO neutron.db.ovn_revision_numbers_db [None req-25c4288c-5ce3-49f1-8fde-648b73cc2c0c ea7f6f513c734bb3930b4fa5cdc84c51 7e9f06ca4e254b4aba48dd1836d5c62c - - default default] Successfully bumped revision number for resource 6dc0bf0b-a3b6-4c32-9c41-576de603ef7a (type: security_group_rules) to 0
2026-05-04 04:21:45.510 7 INFO neutron.db.ovn_revision_numbers_db [None req-25c4288c-5ce3-49f1-8fde-648b73cc2c0c ea7f6f513c734bb3930b4fa5cdc84c51 7e9f06ca4e254b4aba48dd1836d5c62c - - default default] Successfully bumped revision number for resource 777136b0-52f8-49e1-bb2a-8521ea850e83 (type: security_group_rules) to 0
2026-05-04 04:21:45.524 7 INFO neutron.db.ovn_revision_numbers_db [None req-25c4288c-5ce3-49f1-8fde-648b73cc2c0c ea7f6f513c734bb3930b4fa5cdc84c51 7e9f06ca4e254b4aba48dd1836d5c62c - - default default] Successfully bumped revision number for resource c0c68416-a096-4372-826b-b5433fe8f7e2 (type: security_group_rules) to 0
2026-05-04 04:21:45.554 8 WARNING neutron.scheduler.dhcp_agent_scheduler [None req-543b8cd1-f991-46f5-b61a-d93bb47fede9 b7ad1f1bfad64494a7bbcd53b73752f4 acfb641a96ca4d9db084a3baf696c528 - - default default] No more DHCP agents
2026-05-04 04:21:45.555 8 WARNING neutron.api.rpc.agentnotifiers.dhcp_rpc_agent_api [None req-543b8cd1-f991-46f5-b61a-d93bb47fede9 b7ad1f1bfad64494a7bbcd53b73752f4 acfb641a96ca4d9db084a3baf696c528 - - default default] Unable to schedule network 888aa8e0-b74a-4edb-a53e-eb593d137e51: no agents available; will retry on subsequent port and subnet creation events. [pid: 7|app: 0|req: 877/1669] 10.0.0.172 () {32 vars in 774 bytes} [Mon May 4 04:21:45 2026] GET /v2.0/security-groups?tenant_id=394bf0b7bcac49d0bd692c1bd2efcdf9&name=default => generated 2925 bytes in 410 msecs (HTTP/1.1 200) 4 headers in 158 bytes (1 switches on core 0)
2026-05-04 04:21:45.660 7 INFO neutron.db.segments_db [None req-9392a287-d4ff-4447-90df-2d3c6a94599e 27d003ae5a1c414db1c362976fcdea36 279dd77ec0654fe9985635d698fb9942 - - default default] Added segment d8461844-88e0-45d4-b924-97a5197839df of type geneve for network c13d8217-c2c8-40c8-8c00-954b3edf9789
2026-05-04 04:21:45.672 7 INFO neutron.plugins.ml2.drivers.ovn.mech_driver.mech_driver [None req-68232997-24b1-4b6d-8b12-15bbff0308ac - - - - - -] OVN reports status down for port: 3696dc52-2ce5-457d-bb39-0a14f729c991
2026-05-04 04:21:45.686 8 INFO neutron.db.ovn_revision_numbers_db [None req-543b8cd1-f991-46f5-b61a-d93bb47fede9 b7ad1f1bfad64494a7bbcd53b73752f4 acfb641a96ca4d9db084a3baf696c528 - - default default] Successfully bumped revision number for resource 3696dc52-2ce5-457d-bb39-0a14f729c991 (type: ports) to 1
2026-05-04 04:21:45.822 7 INFO neutron.db.ovn_revision_numbers_db [None req-9392a287-d4ff-4447-90df-2d3c6a94599e 27d003ae5a1c414db1c362976fcdea36 279dd77ec0654fe9985635d698fb9942 - - default default] Successfully bumped revision number for resource c13d8217-c2c8-40c8-8c00-954b3edf9789 (type: networks) to 1
2026-05-04 04:21:46.041 7 WARNING neutron.scheduler.dhcp_agent_scheduler [None req-9392a287-d4ff-4447-90df-2d3c6a94599e 27d003ae5a1c414db1c362976fcdea36 279dd77ec0654fe9985635d698fb9942 - - default default] No more DHCP agents
2026-05-04 04:21:46.042 7 WARNING neutron.api.rpc.agentnotifiers.dhcp_rpc_agent_api [None req-9392a287-d4ff-4447-90df-2d3c6a94599e 27d003ae5a1c414db1c362976fcdea36 279dd77ec0654fe9985635d698fb9942 - - default default] Unable to schedule network c13d8217-c2c8-40c8-8c00-954b3edf9789: no agents available; will retry on subsequent port and subnet creation events.
2026-05-04 04:21:46.095 7 INFO neutron.plugins.ml2.drivers.ovn.mech_driver.mech_driver [None req-68232997-24b1-4b6d-8b12-15bbff0308ac - - - - - -] OVN reports status down for port: 520859b8-3fc6-4c51-ba9f-c8812fafed20
2026-05-04 04:21:46.149 7 INFO neutron.db.ovn_revision_numbers_db [None req-9392a287-d4ff-4447-90df-2d3c6a94599e 27d003ae5a1c414db1c362976fcdea36 279dd77ec0654fe9985635d698fb9942 - - default default] Successfully bumped revision number for resource 520859b8-3fc6-4c51-ba9f-c8812fafed20 (type: ports) to 1 [pid: 7|app: 0|req: 878/1670] 10.0.0.172 () {34 vars in 670 bytes} [Mon May 4 04:21:45 2026] POST /v2.0/networks => generated 651 bytes in 642 msecs (HTTP/1.1 201) 4 headers in 162 bytes (1 switches on core 0)
2026-05-04 04:21:46.346 7 INFO neutron.plugins.ml2.drivers.ovn.mech_driver.mech_driver [None req-68232997-24b1-4b6d-8b12-15bbff0308ac - - - - - -] OVN reports status up for port: 3696dc52-2ce5-457d-bb39-0a14f729c991
2026-05-04 04:21:46.365 7 INFO neutron.plugins.ml2.plugin [None req-68232997-24b1-4b6d-8b12-15bbff0308ac - - - - - -] Attempt 1 to provision port 3696dc52-2ce5-457d-bb39-0a14f729c991
2026-05-04 04:21:46.404 8 WARNING neutron.scheduler.dhcp_agent_scheduler [None req-543b8cd1-f991-46f5-b61a-d93bb47fede9 b7ad1f1bfad64494a7bbcd53b73752f4 acfb641a96ca4d9db084a3baf696c528 - - default default] No more DHCP agents
2026-05-04 04:21:46.405 8 WARNING neutron.api.rpc.agentnotifiers.dhcp_rpc_agent_api [None req-543b8cd1-f991-46f5-b61a-d93bb47fede9 b7ad1f1bfad64494a7bbcd53b73752f4 acfb641a96ca4d9db084a3baf696c528 - - default default] Unable to schedule network 888aa8e0-b74a-4edb-a53e-eb593d137e51: no agents available; will retry on subsequent port and subnet creation events. [pid: 7|app: 0|req: 879/1671] 10.0.0.172 () {32 vars in 740 bytes} [Mon May 4 04:21:46 2026] DELETE /v2.0/security-groups/8df3b8e0-f493-4f77-89f4-9d5cbd46b195 => generated 0 bytes in 372 msecs (HTTP/1.1 204) 2 headers in 112 bytes (1 switches on core 0)
2026-05-04 04:21:46.587 8 INFO neutron.db.ovn_revision_numbers_db [None req-543b8cd1-f991-46f5-b61a-d93bb47fede9 b7ad1f1bfad64494a7bbcd53b73752f4 acfb641a96ca4d9db084a3baf696c528 - - default default] Successfully bumped revision number for resource 3696dc52-2ce5-457d-bb39-0a14f729c991 (type: router_ports) to 1 [pid: 8|app: 0|req: 793/1672] 10.0.0.172 () {34 vars in 783 bytes} [Mon May 4 04:21:44 2026] PUT /v2.0/routers/1bf923e7-8e6a-4a90-9a8a-c8299a5368c7/add_router_interface => generated 309 bytes in 1622 msecs (HTTP/1.1 200) 4 headers in 157 bytes (1 switches on core 0)
2026-05-04 04:21:46.827 8 WARNING neutron.scheduler.dhcp_agent_scheduler [None req-719d9525-75f6-45b5-b068-b779992898e0 27d003ae5a1c414db1c362976fcdea36 279dd77ec0654fe9985635d698fb9942 - - default default] No more DHCP agents
2026-05-04 04:21:46.828 8 WARNING neutron.api.rpc.agentnotifiers.dhcp_rpc_agent_api [None req-719d9525-75f6-45b5-b068-b779992898e0 27d003ae5a1c414db1c362976fcdea36 279dd77ec0654fe9985635d698fb9942 - - default default] Unable to schedule network c13d8217-c2c8-40c8-8c00-954b3edf9789: no agents available; will retry on subsequent port and subnet creation events.
2026-05-04 04:21:46.926 8 INFO neutron.db.ovn_revision_numbers_db [None req-719d9525-75f6-45b5-b068-b779992898e0 27d003ae5a1c414db1c362976fcdea36 279dd77ec0654fe9985635d698fb9942 - - default default] Successfully bumped revision number for resource aa70ddde-f382-44f4-8b4a-6aaa78b537d9 (type: ports) to 1
2026-05-04 04:21:46.931 7 INFO neutron.db.ovn_revision_numbers_db [None req-de6aee18-6d0c-465a-b571-b0b41103a784 ea7f6f513c734bb3930b4fa5cdc84c51 7e9f06ca4e254b4aba48dd1836d5c62c - - default default] Successfully bumped revision number for resource 52a7d102-7c84-4fe4-8389-7f88bd536548 (type: security_groups) to 1
2026-05-04 04:21:46.960 7 INFO neutron.db.ovn_revision_numbers_db [None req-de6aee18-6d0c-465a-b571-b0b41103a784 ea7f6f513c734bb3930b4fa5cdc84c51 7e9f06ca4e254b4aba48dd1836d5c62c - - default default] Successfully bumped revision number for resource 616d8f57-545c-4dc6-a757-c5bd3bc74f26 (type: security_group_rules) to 0 [pid: 8|app: 0|req: 794/1673] 10.0.0.172 () {34 vars in 664 bytes} [Mon May 4 04:21:46 2026] POST /v2.0/ports => generated 743 bytes in 390 msecs (HTTP/1.1 201) 4 headers in 162 bytes (1 switches on core 0)
2026-05-04 04:21:46.986 7 INFO neutron.db.ovn_revision_numbers_db [None req-de6aee18-6d0c-465a-b571-b0b41103a784 ea7f6f513c734bb3930b4fa5cdc84c51 7e9f06ca4e254b4aba48dd1836d5c62c - - default default] Successfully bumped revision number for resource 745382d4-951a-4bc0-8747-022f6d0495b2 (type: security_group_rules) to 0 /var/lib/openstack/lib/python3.12/site-packages/pycadf/identifier.py:70: UserWarning: Invalid uuid: neutron. To ensure interoperability, identifiers should be a valid uuid. warnings.warn(('Invalid uuid: %s. To ensure interoperability, '
2026-05-04 04:21:47.006 7 INFO neutron.db.ovn_revision_numbers_db [None req-de6aee18-6d0c-465a-b571-b0b41103a784 ea7f6f513c734bb3930b4fa5cdc84c51 7e9f06ca4e254b4aba48dd1836d5c62c - - default default] Successfully bumped revision number for resource 761dca9d-e84d-4291-8a00-a1fb441ffa4c (type: security_group_rules) to 0 [pid: 8|app: 0|req: 795/1674] 10.0.0.172 () {32 vars in 717 bytes} [Mon May 4 04:21:46 2026] GET /v2.0/ports/3696dc52-2ce5-457d-bb39-0a14f729c991 => generated 943 bytes in 36 msecs (HTTP/1.1 200) 4 headers in 157 bytes (1 switches on core 0)
2026-05-04 04:21:47.030 7 INFO neutron.db.ovn_revision_numbers_db [None req-de6aee18-6d0c-465a-b571-b0b41103a784 ea7f6f513c734bb3930b4fa5cdc84c51 7e9f06ca4e254b4aba48dd1836d5c62c - - default default] Successfully bumped revision number for resource a7cde641-9fad-456c-bf27-de556492bd6c (type: security_group_rules) to 0
2026-05-04 04:21:47.043 7 INFO neutron.db.ovn_revision_numbers_db [None req-68232997-24b1-4b6d-8b12-15bbff0308ac - - - - - -] Successfully bumped revision number for resource 3696dc52-2ce5-457d-bb39-0a14f729c991 (type: ports) to 2 [pid: 7|app: 0|req: 880/1675] 10.0.0.172 () {32 vars in 774 bytes} [Mon May 4 04:21:46 2026] GET /v2.0/security-groups?tenant_id=cbfb3432e2e64711a8a181c16d95d0c1&name=default => generated 2925 bytes in 525 msecs (HTTP/1.1 200) 4 headers in 158 bytes (1 switches on core 0)
2026-05-04 04:21:47.144 8 INFO neutron.db.ovn_revision_numbers_db [None req-6cc21632-1e0f-41f2-bf39-fe6f6f4c7c07 ea7f6f513c734bb3930b4fa5cdc84c51 7e9f06ca4e254b4aba48dd1836d5c62c - - default default] Successfully bumped revision number for resource dda51708-016c-4c0d-946a-ed184970a523 (type: security_groups) to 1
2026-05-04 04:21:47.156 8 INFO neutron.db.ovn_revision_numbers_db [None req-6cc21632-1e0f-41f2-bf39-fe6f6f4c7c07 ea7f6f513c734bb3930b4fa5cdc84c51 7e9f06ca4e254b4aba48dd1836d5c62c - - default default] Successfully bumped revision number for resource 5a22f757-1f4c-4b24-a827-74eadfba226d (type: security_group_rules) to 0
2026-05-04 04:21:47.169 8 INFO neutron.db.ovn_revision_numbers_db [None req-6cc21632-1e0f-41f2-bf39-fe6f6f4c7c07 ea7f6f513c734bb3930b4fa5cdc84c51 7e9f06ca4e254b4aba48dd1836d5c62c - - default default] Successfully bumped revision number for resource a5c57e94-1f58-4cb4-a111-92a085c13258 (type: security_group_rules) to 0
2026-05-04 04:21:47.180 8 INFO neutron.db.ovn_revision_numbers_db [None req-6cc21632-1e0f-41f2-bf39-fe6f6f4c7c07 ea7f6f513c734bb3930b4fa5cdc84c51 7e9f06ca4e254b4aba48dd1836d5c62c - - default default] Successfully bumped revision number for resource b0d9a3db-d152-49a7-90fa-94a09a5599aa (type: security_group_rules) to 0
2026-05-04 04:21:47.194 8 INFO neutron.db.ovn_revision_numbers_db [None req-6cc21632-1e0f-41f2-bf39-fe6f6f4c7c07 ea7f6f513c734bb3930b4fa5cdc84c51 7e9f06ca4e254b4aba48dd1836d5c62c - - default default] Successfully bumped revision number for resource d97ef7bf-aeeb-4f42-a767-294e6df150e3 (type: security_group_rules) to 0 [pid: 8|app: 0|req: 796/1676] 10.0.0.172 () {32 vars in 774 bytes} [Mon May 4 04:21:47 2026] GET /v2.0/security-groups?tenant_id=cee22b5eeae041d89764f4db5dee5f72&name=default => generated 2925 bytes in 204 msecs (HTTP/1.1 200) 4 headers in 158 bytes (1 switches on core 0) [pid: 8|app: 0|req: 797/1677] 10.0.0.172 () {32 vars in 717 bytes} [Mon May 4 04:21:47 2026] GET /v2.0/ports/3696dc52-2ce5-457d-bb39-0a14f729c991 => generated 943 bytes in 30 msecs (HTTP/1.1 200) 4 headers in 157 bytes (1 switches on core 0) [pid: 7|app: 0|req: 881/1678] 10.0.0.172 () {34 vars in 666 bytes} [Mon May 4 04:21:47 2026] POST /v2.0/trunks => generated 409 bytes in 214 msecs (HTTP/1.1 201) 4 headers in 162 bytes (1 switches on core 0) [pid: 8|app: 0|req: 798/1679] 10.0.0.172 () {32 vars in 740 bytes} [Mon May 4 04:21:47 2026] DELETE /v2.0/security-groups/52a7d102-7c84-4fe4-8389-7f88bd536548 => generated 0 bytes in 201 msecs (HTTP/1.1 204) 2 headers in 112 bytes (1 switches on core 0) [pid: 7|app: 0|req: 882/1680] 10.0.0.172 () {32 vars in 740 bytes} [Mon May 4 04:21:47 2026] DELETE /v2.0/security-groups/dda51708-016c-4c0d-946a-ed184970a523 => generated 0 bytes in 261 msecs (HTTP/1.1 204) 2 headers in 112 bytes (1 switches on core 0)
2026-05-04 04:21:47.677 7 INFO neutron.db.segments_db [None req-95779901-06c7-4b3e-9096-308196eb689e 27d003ae5a1c414db1c362976fcdea36 279dd77ec0654fe9985635d698fb9942 - - default default] Added segment 7b4b178c-4df8-41b3-a796-d0f92c40cb00 of type geneve for network cfa4b918-c01f-4629-91bc-fb6d194b9338
2026-05-04 04:21:47.709 8 INFO neutron_taas.services.taas.taas_plugin [None req-8e6e0d50-1324-436a-a365-663f9b9a36e0 b7ad1f1bfad64494a7bbcd53b73752f4 acfb641a96ca4d9db084a3baf696c528 - - default default] TaaS: Handle Delete Port: 3696dc52-2ce5-457d-bb39-0a14f729c991
2026-05-04 04:21:47.712 8 INFO neutron_taas.services.taas.tap_mirror_plugin [None req-8e6e0d50-1324-436a-a365-663f9b9a36e0 b7ad1f1bfad64494a7bbcd53b73752f4 acfb641a96ca4d9db084a3baf696c528 - - default default] Tap Mirror: Handle Delete Port: 3696dc52-2ce5-457d-bb39-0a14f729c991
2026-05-04 04:21:47.801 7 INFO neutron.db.ovn_revision_numbers_db [None req-95779901-06c7-4b3e-9096-308196eb689e 27d003ae5a1c414db1c362976fcdea36 279dd77ec0654fe9985635d698fb9942 - - default default] Successfully bumped revision number for resource cfa4b918-c01f-4629-91bc-fb6d194b9338 (type: networks) to 1
2026-05-04 04:21:47.996 7 WARNING neutron.scheduler.dhcp_agent_scheduler [None req-95779901-06c7-4b3e-9096-308196eb689e 27d003ae5a1c414db1c362976fcdea36 279dd77ec0654fe9985635d698fb9942 - - default default] No more DHCP agents
2026-05-04 04:21:47.997 7 WARNING neutron.api.rpc.agentnotifiers.dhcp_rpc_agent_api [None req-95779901-06c7-4b3e-9096-308196eb689e 27d003ae5a1c414db1c362976fcdea36 279dd77ec0654fe9985635d698fb9942 - - default default] Unable to schedule network cfa4b918-c01f-4629-91bc-fb6d194b9338: no agents available; will retry on subsequent port and subnet creation events. [pid: 8|app: 0|req: 799/1681] 10.0.0.172 () {34 vars in 789 bytes} [Mon May 4 04:21:47 2026] PUT /v2.0/routers/1bf923e7-8e6a-4a90-9a8a-c8299a5368c7/remove_router_interface => generated 309 bytes in 586 msecs (HTTP/1.1 200) 4 headers in 157 bytes (1 switches on core 0) /var/lib/openstack/lib/python3.12/site-packages/pycadf/identifier.py:70: UserWarning: Invalid uuid: neutron. To ensure interoperability, identifiers should be a valid uuid. warnings.warn(('Invalid uuid: %s. To ensure interoperability, ' [pid: 8|app: 0|req: 800/1682] 10.0.0.172 () {32 vars in 717 bytes} [Mon May 4 04:21:48 2026] GET /v2.0/ports/9f6482c5-aa21-47e9-a70b-a36e92415a74 => generated 943 bytes in 52 msecs (HTTP/1.1 200) 4 headers in 157 bytes (1 switches on core 0)
2026-05-04 04:21:48.107 7 INFO neutron.db.ovn_revision_numbers_db [None req-95779901-06c7-4b3e-9096-308196eb689e 27d003ae5a1c414db1c362976fcdea36 279dd77ec0654fe9985635d698fb9942 - - default default] Successfully bumped revision number for resource d937a68f-8379-458d-8a02-cb87c3bc68cc (type: ports) to 1 [pid: 7|app: 0|req: 883/1683] 10.0.0.172 () {34 vars in 670 bytes} [Mon May 4 04:21:47 2026] POST /v2.0/networks => generated 651 bytes in 547 msecs (HTTP/1.1 201) 4 headers in 162 bytes (1 switches on core 0)
2026-05-04 04:21:48.317 7 WARNING neutron.scheduler.dhcp_agent_scheduler [None req-57da2945-0311-4de2-aee7-4a763bcc21e9 27d003ae5a1c414db1c362976fcdea36 279dd77ec0654fe9985635d698fb9942 - - default default] No more DHCP agents
2026-05-04 04:21:48.318 7 WARNING neutron.api.rpc.agentnotifiers.dhcp_rpc_agent_api [None req-57da2945-0311-4de2-aee7-4a763bcc21e9 27d003ae5a1c414db1c362976fcdea36 279dd77ec0654fe9985635d698fb9942 - - default default] Unable to schedule network cfa4b918-c01f-4629-91bc-fb6d194b9338: no agents available; will retry on subsequent port and subnet creation events.
2026-05-04 04:21:48.452 7 INFO neutron.db.ovn_revision_numbers_db [None req-57da2945-0311-4de2-aee7-4a763bcc21e9 27d003ae5a1c414db1c362976fcdea36 279dd77ec0654fe9985635d698fb9942 - - default default] Successfully bumped revision number for resource b084c39a-eb63-43e7-8863-f37a0d140e9f (type: ports) to 1
2026-05-04 04:21:48.474 8 INFO neutron_taas.services.taas.taas_plugin [None req-241f2669-295f-44a8-9a00-5055e2cd49f4 b7ad1f1bfad64494a7bbcd53b73752f4 acfb641a96ca4d9db084a3baf696c528 - - default default] TaaS: Handle Delete Port: 9f6482c5-aa21-47e9-a70b-a36e92415a74
2026-05-04 04:21:48.478 8 INFO neutron_taas.services.taas.tap_mirror_plugin [None req-241f2669-295f-44a8-9a00-5055e2cd49f4 b7ad1f1bfad64494a7bbcd53b73752f4 acfb641a96ca4d9db084a3baf696c528 - - default default] Tap Mirror: Handle Delete Port: 9f6482c5-aa21-47e9-a70b-a36e92415a74 [pid: 7|app: 0|req: 884/1684] 10.0.0.172 () {34 vars in 664 bytes} [Mon May 4 04:21:48 2026] POST /v2.0/ports => generated 743 bytes in 380 msecs (HTTP/1.1 201) 4 headers in 162 bytes (1 switches on core 0) /var/lib/openstack/lib/python3.12/site-packages/pycadf/identifier.py:70: UserWarning: Invalid uuid: neutron. To ensure interoperability, identifiers should be a valid uuid. warnings.warn(('Invalid uuid: %s. To ensure interoperability, ' [pid: 7|app: 0|req: 885/1685] 10.0.0.172 () {34 vars in 666 bytes} [Mon May 4 04:21:48 2026] POST /v2.0/trunks => generated 409 bytes in 188 msecs (HTTP/1.1 201) 4 headers in 162 bytes (1 switches on core 0)
2026-05-04 04:21:48.792 7 INFO neutron.db.segments_db [None req-a803054d-a25b-4758-a5ea-654ccac0e701 27d003ae5a1c414db1c362976fcdea36 279dd77ec0654fe9985635d698fb9942 - - default default] Added segment e9fdcc26-7d1d-4558-a817-6461bc4e7904 of type geneve for network 17661e4b-9e66-45bb-b3a5-f2f413b213f6 [pid: 8|app: 0|req: 801/1686] 10.0.0.172 () {34 vars in 789 bytes} [Mon May 4 04:21:48 2026] PUT /v2.0/routers/1bf923e7-8e6a-4a90-9a8a-c8299a5368c7/remove_router_interface => generated 309 bytes in 717 msecs (HTTP/1.1 200) 4 headers in 157 bytes (1 switches on core 0) /var/lib/openstack/lib/python3.12/site-packages/pycadf/identifier.py:70: UserWarning: Invalid uuid: neutron. To ensure interoperability, identifiers should be a valid uuid. warnings.warn(('Invalid uuid: %s. To ensure interoperability, ' [pid: 8|app: 0|req: 802/1687] 10.0.0.172 () {32 vars in 736 bytes} [Mon May 4 04:21:48 2026] GET /v2.0/ports?device_id=1bf923e7-8e6a-4a90-9a8a-c8299a5368c7 => generated 12 bytes in 30 msecs (HTTP/1.1 200) 4 headers in 156 bytes (1 switches on core 0)
2026-05-04 04:21:48.917 7 INFO neutron.db.ovn_revision_numbers_db [None req-a803054d-a25b-4758-a5ea-654ccac0e701 27d003ae5a1c414db1c362976fcdea36 279dd77ec0654fe9985635d698fb9942 - - default default] Successfully bumped revision number for resource 17661e4b-9e66-45bb-b3a5-f2f413b213f6 (type: networks) to 1 [pid: 8|app: 0|req: 803/1688] 10.0.0.172 () {32 vars in 724 bytes} [Mon May 4 04:21:48 2026] DELETE /v2.0/routers/1bf923e7-8e6a-4a90-9a8a-c8299a5368c7 => generated 0 bytes in 190 msecs (HTTP/1.1 204) 2 headers in 112 bytes (1 switches on core 0)
2026-05-04 04:21:49.073 7 WARNING neutron.scheduler.dhcp_agent_scheduler [None req-a803054d-a25b-4758-a5ea-654ccac0e701 27d003ae5a1c414db1c362976fcdea36 279dd77ec0654fe9985635d698fb9942 - - default default] No more DHCP agents
2026-05-04 04:21:49.076 7 WARNING neutron.api.rpc.agentnotifiers.dhcp_rpc_agent_api [None req-a803054d-a25b-4758-a5ea-654ccac0e701 27d003ae5a1c414db1c362976fcdea36 279dd77ec0654fe9985635d698fb9942 - - default default] Unable to schedule network 17661e4b-9e66-45bb-b3a5-f2f413b213f6: no agents available; will retry on subsequent port and subnet creation events.
2026-05-04 04:21:49.169 7 INFO neutron.db.ovn_revision_numbers_db [None req-a803054d-a25b-4758-a5ea-654ccac0e701 27d003ae5a1c414db1c362976fcdea36 279dd77ec0654fe9985635d698fb9942 - - default default] Successfully bumped revision number for resource a2a4c0ca-8abe-4913-bb1d-6b6e1e91ee05 (type: ports) to 1 [pid: 7|app: 0|req: 886/1689] 10.0.0.172 () {34 vars in 670 bytes} [Mon May 4 04:21:48 2026] POST /v2.0/networks => generated 651 bytes in 482 msecs (HTTP/1.1 201) 4 headers in 162 bytes (1 switches on core 0) [pid: 8|app: 0|req: 804/1690] 10.0.0.172 () {32 vars in 724 bytes} [Mon May 4 04:21:49 2026] DELETE /v2.0/subnets/f61b71b6-2e9d-4b7c-9e8f-4a1adfa4df8f => generated 0 bytes in 195 msecs (HTTP/1.1 204) 3 headers in 131 bytes (1 switches on core 0)
2026-05-04 04:21:49.456 7 INFO neutron.db.ovn_revision_numbers_db [None req-c88f62f5-f99b-4765-acf7-046d75c6a3d8 ea7f6f513c734bb3930b4fa5cdc84c51 7e9f06ca4e254b4aba48dd1836d5c62c - - default default] Successfully bumped revision number for resource e9075a82-9c2a-4229-8368-9ab7dae64f51 (type: security_groups) to 1
2026-05-04 04:21:49.468 7 INFO neutron.db.ovn_revision_numbers_db [None req-c88f62f5-f99b-4765-acf7-046d75c6a3d8 ea7f6f513c734bb3930b4fa5cdc84c51 7e9f06ca4e254b4aba48dd1836d5c62c - - default default] Successfully bumped revision number for resource 29c17835-a51c-4764-88c6-5066ab54788d (type: security_group_rules) to 0
2026-05-04 04:21:49.481 7 INFO neutron.db.ovn_revision_numbers_db [None req-c88f62f5-f99b-4765-acf7-046d75c6a3d8 ea7f6f513c734bb3930b4fa5cdc84c51 7e9f06ca4e254b4aba48dd1836d5c62c - - default default] Successfully bumped revision number for resource 46aea3f3-cf3d-4e77-a05f-83ea098b69a6 (type: security_group_rules) to 0
2026-05-04 04:21:49.492 7 INFO neutron.db.ovn_revision_numbers_db [None req-c88f62f5-f99b-4765-acf7-046d75c6a3d8 ea7f6f513c734bb3930b4fa5cdc84c51 7e9f06ca4e254b4aba48dd1836d5c62c - - default default] Successfully bumped revision number for resource 4adbb661-ca96-4400-8cae-10825ae0de33 (type: security_group_rules) to 0
2026-05-04 04:21:49.496 8 WARNING neutron.scheduler.dhcp_agent_scheduler [None req-a3ad95d1-858c-4ebf-a8f2-137eeb9ef1e1 27d003ae5a1c414db1c362976fcdea36 279dd77ec0654fe9985635d698fb9942 - - default default] No more DHCP agents
2026-05-04 04:21:49.497 8 WARNING neutron.api.rpc.agentnotifiers.dhcp_rpc_agent_api [None req-a3ad95d1-858c-4ebf-a8f2-137eeb9ef1e1 27d003ae5a1c414db1c362976fcdea36 279dd77ec0654fe9985635d698fb9942 - - default default] Unable to schedule network 17661e4b-9e66-45bb-b3a5-f2f413b213f6: no agents available; will retry on subsequent port and subnet creation events.
2026-05-04 04:21:49.502 7 INFO neutron.db.ovn_revision_numbers_db [None req-c88f62f5-f99b-4765-acf7-046d75c6a3d8 ea7f6f513c734bb3930b4fa5cdc84c51 7e9f06ca4e254b4aba48dd1836d5c62c - - default default] Successfully bumped revision number for resource 93f9ebfa-04ff-447c-8b63-cb1827e1ac34 (type: security_group_rules) to 0
2026-05-04 04:21:49.578 7 INFO neutron.db.segments_db [None req-c88f62f5-f99b-4765-acf7-046d75c6a3d8 ea7f6f513c734bb3930b4fa5cdc84c51 7e9f06ca4e254b4aba48dd1836d5c62c - - default default] Added segment dda4d0c2-1b36-4cf3-882f-b69709e994d3 of type geneve for network 29747ac8-9576-4b8f-bf4f-6cd1d4329feb
2026-05-04 04:21:49.594 8 INFO neutron.db.ovn_revision_numbers_db [None req-a3ad95d1-858c-4ebf-a8f2-137eeb9ef1e1 27d003ae5a1c414db1c362976fcdea36 279dd77ec0654fe9985635d698fb9942 - - default default] Successfully bumped revision number for resource 742aee16-23ae-46c6-846a-66409aab02ba (type: ports) to 1 [pid: 8|app: 0|req: 805/1691] 10.0.0.172 () {34 vars in 664 bytes} [Mon May 4 04:21:49 2026] POST /v2.0/ports => generated 743 bytes in 379 msecs (HTTP/1.1 201) 4 headers in 162 bytes (1 switches on core 0) /var/lib/openstack/lib/python3.12/site-packages/pycadf/identifier.py:70: UserWarning: Invalid uuid: neutron. To ensure interoperability, identifiers should be a valid uuid. warnings.warn(('Invalid uuid: %s. To ensure interoperability, '
2026-05-04 04:21:49.684 7 INFO neutron.db.ovn_revision_numbers_db [None req-c88f62f5-f99b-4765-acf7-046d75c6a3d8 ea7f6f513c734bb3930b4fa5cdc84c51 7e9f06ca4e254b4aba48dd1836d5c62c - - default default] Successfully bumped revision number for resource 29747ac8-9576-4b8f-bf4f-6cd1d4329feb (type: networks) to 1 [pid: 8|app: 0|req: 806/1692] 10.0.0.172 () {32 vars in 724 bytes} [Mon May 4 04:21:49 2026] DELETE /v2.0/subnets/412bca85-b382-4c22-a102-39de77ab2255 => generated 0 bytes in 156 msecs (HTTP/1.1 204) 3 headers in 131 bytes (1 switches on core 0)
2026-05-04 04:21:49.835 7 WARNING neutron.scheduler.dhcp_agent_scheduler [None req-c88f62f5-f99b-4765-acf7-046d75c6a3d8 ea7f6f513c734bb3930b4fa5cdc84c51 7e9f06ca4e254b4aba48dd1836d5c62c - - default default] No more DHCP agents
2026-05-04 04:21:49.837 7 WARNING neutron.api.rpc.agentnotifiers.dhcp_rpc_agent_api [None req-c88f62f5-f99b-4765-acf7-046d75c6a3d8 ea7f6f513c734bb3930b4fa5cdc84c51 7e9f06ca4e254b4aba48dd1836d5c62c - - default default] Unable to schedule network 29747ac8-9576-4b8f-bf4f-6cd1d4329feb: no agents available; will retry on subsequent port and subnet creation events.
2026-05-04 04:21:49.929 7 INFO neutron.db.ovn_revision_numbers_db [None req-c88f62f5-f99b-4765-acf7-046d75c6a3d8 ea7f6f513c734bb3930b4fa5cdc84c51 7e9f06ca4e254b4aba48dd1836d5c62c - - default default] Successfully bumped revision number for resource 84e70251-5041-4059-ab7a-a9b417206a26 (type: ports) to 1 [pid: 7|app: 0|req: 887/1693] 10.0.0.172 () {34 vars in 671 bytes} [Mon May 4 04:21:49 2026] POST /v2.0/networks => generated 763 bytes in 759 msecs (HTTP/1.1 201) 4 headers in 162 bytes (1 switches on core 0)
2026-05-04 04:21:50.012 8 INFO neutron.db.ovn_revision_numbers_db [None req-e5376943-94b0-46f0-af75-c31d4c518c62 74845f38e25a4fb499c48af536532e61 41d0c08a80b4484b91d1fe01f839729d - - default default] Successfully bumped revision number for resource 4c943ae6-412b-4e7b-ba00-7573bee3ded5 (type: security_groups) to 1
2026-05-04 04:21:50.024 8 INFO neutron.db.ovn_revision_numbers_db [None req-e5376943-94b0-46f0-af75-c31d4c518c62 74845f38e25a4fb499c48af536532e61 41d0c08a80b4484b91d1fe01f839729d - - default default] Successfully bumped revision number for resource b5afa017-293a-416c-97dc-c421e269a361 (type: security_group_rules) to 0
2026-05-04 04:21:50.035 8 INFO neutron.db.ovn_revision_numbers_db [None req-e5376943-94b0-46f0-af75-c31d4c518c62 74845f38e25a4fb499c48af536532e61 41d0c08a80b4484b91d1fe01f839729d - - default default] Successfully bumped revision number for resource c3df37b1-529c-4d4f-8085-85a731db008a (type: security_group_rules) to 0
2026-05-04 04:21:50.049 8 INFO neutron.db.ovn_revision_numbers_db [None req-e5376943-94b0-46f0-af75-c31d4c518c62 74845f38e25a4fb499c48af536532e61 41d0c08a80b4484b91d1fe01f839729d - - default default] Successfully bumped revision number for resource e98c6cf8-2103-4cf1-a85a-bf65d0ac1cf7 (type: security_group_rules) to 0
2026-05-04 04:21:50.063 8 INFO neutron.db.ovn_revision_numbers_db [None req-e5376943-94b0-46f0-af75-c31d4c518c62 74845f38e25a4fb499c48af536532e61 41d0c08a80b4484b91d1fe01f839729d - - default default] Successfully bumped revision number for resource eb3ccb6c-dc65-4c6c-a1db-ab41c859b9cc (type: security_group_rules) to 0 [pid: 7|app: 0|req: 888/1694] 10.0.0.172 () {34 vars in 666 bytes} [Mon May 4 04:21:49 2026] POST /v2.0/trunks => generated 409 bytes in 179 msecs (HTTP/1.1 201) 4 headers in 162 bytes (1 switches on core 0)
2026-05-04 04:21:50.141 8 INFO neutron.db.segments_db [None req-e5376943-94b0-46f0-af75-c31d4c518c62 74845f38e25a4fb499c48af536532e61 41d0c08a80b4484b91d1fe01f839729d - - default default] Added segment 032d22bf-d63b-435e-9390-afaf25e8bd6f of type geneve for network 63d32623-ea8b-4980-b601-2641403a6683
2026-05-04 04:21:50.199 8 WARNING neutron.plugins.ml2.drivers.ovn.mech_driver.ovsdb.ovn_client [None req-06428e48-0f65-4d16-83c7-793a0e020e4f - - - - - -] No port found with ID 9f6482c5-aa21-47e9-a70b-a36e92415a74: RuntimeError: No port found with ID 9f6482c5-aa21-47e9-a70b-a36e92415a74
2026-05-04 04:21:50.213 8 INFO neutron.plugins.ml2.drivers.ovn.mech_driver.mech_driver [None req-06428e48-0f65-4d16-83c7-793a0e020e4f - - - - - -] OVN reports status down for port: 7d78e21c-d622-49af-bd4f-717863fed0ad
2026-05-04 04:21:50.238 7 INFO neutron_taas.services.taas.taas_plugin [None req-f0f5c7fb-0042-43cd-9178-b1985e8ea240 b7ad1f1bfad64494a7bbcd53b73752f4 acfb641a96ca4d9db084a3baf696c528 - - default default] TaaS: Handle Delete Port: 82f2a4ca-e792-4a97-a124-4408f3986cff
2026-05-04 04:21:50.241 7 INFO neutron_taas.services.taas.tap_mirror_plugin [None req-f0f5c7fb-0042-43cd-9178-b1985e8ea240 b7ad1f1bfad64494a7bbcd53b73752f4 acfb641a96ca4d9db084a3baf696c528 - - default default] Tap Mirror: Handle Delete Port: 82f2a4ca-e792-4a97-a124-4408f3986cff
2026-05-04 04:21:50.318 8 INFO neutron.db.ovn_revision_numbers_db [None req-e5376943-94b0-46f0-af75-c31d4c518c62 74845f38e25a4fb499c48af536532e61 41d0c08a80b4484b91d1fe01f839729d - - default default] Successfully bumped revision number for resource 63d32623-ea8b-4980-b601-2641403a6683 (type: networks) to 1
2026-05-04 04:21:50.350 8 INFO neutron.plugins.ml2.drivers.ovn.mech_driver.mech_driver [None req-06428e48-0f65-4d16-83c7-793a0e020e4f - - - - - -] OVN reports status down for port: aa70ddde-f382-44f4-8b4a-6aaa78b537d9
2026-05-04 04:21:50.447 7 INFO neutron.services.segments.plugin [-] Segment 9a6b4a91-fd09-4f16-8a07-641c62032fb2 resource provider aggregate not found
2026-05-04 04:21:50.453 7 INFO neutron.services.segments.plugin [-] Segment 9a6b4a91-fd09-4f16-8a07-641c62032fb2 resource provider aggregate not found
2026-05-04 04:21:50.475 7 INFO neutron.services.segments.plugin [-] Segment 9a6b4a91-fd09-4f16-8a07-641c62032fb2 resource provider not found; error: Placement Client Error (4xx): {"errors": [{"status": 404, "title": "Not Found", "detail": "The resource could not be found.\n\n No resource provider with uuid 9a6b4a91-fd09-4f16-8a07-641c62032fb2 found for delete ", "request_id": "req-363f0403-7eef-4901-8123-81746c3e51e7"}]}
2026-05-04 04:21:50.475 7 INFO neutron.services.segments.plugin [-] Segment 9a6b4a91-fd09-4f16-8a07-641c62032fb2 resource provider not found; error: Placement Client Error (4xx): {"errors": [{"status": 404, "title": "Not Found", "detail": "The resource could not be found.\n\n No resource provider with uuid 9a6b4a91-fd09-4f16-8a07-641c62032fb2 found for delete ", "request_id": "req-1fa58bfb-2d7d-45de-8de4-adb024ccfe8a"}]} [pid: 7|app: 0|req: 889/1695] 10.0.0.172 () {32 vars in 726 bytes} [Mon May 4 04:21:50 2026] DELETE /v2.0/networks/888aa8e0-b74a-4edb-a53e-eb593d137e51 => generated 0 bytes in 359 msecs (HTTP/1.1 204) 3 headers in 131 bytes (1 switches on core 0)
2026-05-04 04:21:50.516 8 INFO neutron.plugins.ml2.drivers.ovn.mech_driver.mech_driver [None req-06428e48-0f65-4d16-83c7-793a0e020e4f - - - - - -] OVN reports status down for port: b084c39a-eb63-43e7-8863-f37a0d140e9f
2026-05-04 04:21:50.611 8 WARNING neutron.scheduler.dhcp_agent_scheduler [None req-e5376943-94b0-46f0-af75-c31d4c518c62 74845f38e25a4fb499c48af536532e61 41d0c08a80b4484b91d1fe01f839729d - - default default] No more DHCP agents
2026-05-04 04:21:50.618 8 WARNING neutron.api.rpc.agentnotifiers.dhcp_rpc_agent_api [None req-e5376943-94b0-46f0-af75-c31d4c518c62 74845f38e25a4fb499c48af536532e61 41d0c08a80b4484b91d1fe01f839729d - - default default] Unable to schedule network 63d32623-ea8b-4980-b601-2641403a6683: no agents available; will retry on subsequent port and subnet creation events.
2026-05-04 04:21:50.626 7 WARNING neutron.scheduler.dhcp_agent_scheduler [None req-d7a919c4-3a3f-489c-bb75-c5d21aa26c12 ea7f6f513c734bb3930b4fa5cdc84c51 7e9f06ca4e254b4aba48dd1836d5c62c - - default default] No more DHCP agents
2026-05-04 04:21:50.627 7 WARNING neutron.api.rpc.agentnotifiers.dhcp_rpc_agent_api [None req-d7a919c4-3a3f-489c-bb75-c5d21aa26c12 ea7f6f513c734bb3930b4fa5cdc84c51 7e9f06ca4e254b4aba48dd1836d5c62c - - default default] Unable to schedule network 29747ac8-9576-4b8f-bf4f-6cd1d4329feb: no agents available; will retry on subsequent port and subnet creation events.
2026-05-04 04:21:50.657 8 INFO neutron.plugins.ml2.drivers.ovn.mech_driver.mech_driver [None req-06428e48-0f65-4d16-83c7-793a0e020e4f - - - - - -] OVN reports status down for port: 742aee16-23ae-46c6-846a-66409aab02ba
2026-05-04 04:21:50.733 8 INFO neutron.db.ovn_revision_numbers_db [None req-e5376943-94b0-46f0-af75-c31d4c518c62 74845f38e25a4fb499c48af536532e61 41d0c08a80b4484b91d1fe01f839729d - - default default] Successfully bumped revision number for resource 5d64a8a1-2b4e-4172-a3a8-d41e0319cfd6 (type: ports) to 1
2026-05-04 04:21:50.765 8 INFO neutron.plugins.ml2.drivers.ovn.mech_driver.mech_driver [None req-06428e48-0f65-4d16-83c7-793a0e020e4f - - - - - -] OVN reports status down for port: 84e70251-5041-4059-ab7a-a9b417206a26 [pid: 8|app: 0|req: 807/1696] 10.0.0.172 () {34 vars in 670 bytes} [Mon May 4 04:21:49 2026] POST /v2.0/networks => generated 669 bytes in 975 msecs (HTTP/1.1 201) 4 headers in 162 bytes (1 switches on core 0)
2026-05-04 04:21:50.881 8 INFO neutron.db.segments_db [None req-0dc38dba-57a5-421c-9c67-952c0e32fa5b 27d003ae5a1c414db1c362976fcdea36 279dd77ec0654fe9985635d698fb9942 - - default default] Added segment 96bd6192-cb37-466d-9f7d-7673dbef7914 of type geneve for network 2c968e40-1ef1-4db6-ab64-e7a7d6a05b89
2026-05-04 04:21:51.000 8 INFO neutron.db.ovn_revision_numbers_db [None req-0dc38dba-57a5-421c-9c67-952c0e32fa5b 27d003ae5a1c414db1c362976fcdea36 279dd77ec0654fe9985635d698fb9942 - - default default] Successfully bumped revision number for resource 2c968e40-1ef1-4db6-ab64-e7a7d6a05b89 (type: networks) to 1
2026-05-04 04:21:51.070 7 INFO neutron.db.ovn_revision_numbers_db [None req-7c25f14a-4289-4afe-b54e-560060b2e367 - - - - - -] Successfully bumped revision number for resource 84e70251-5041-4059-ab7a-a9b417206a26 (type: ports) to 2
2026-05-04 04:21:51.110 7 INFO neutron.db.ovn_revision_numbers_db [None req-7c25f14a-4289-4afe-b54e-560060b2e367 - - - - - -] Successfully bumped revision number for resource 23864c1c-2327-4177-bd11-81849b46329f (type: subnets) to 0 [pid: 7|app: 0|req: 890/1697] 10.0.0.172 () {34 vars in 669 bytes} [Mon May 4 04:21:50 2026] POST /v2.0/subnets => generated 688 bytes in 636 msecs (HTTP/1.1 201) 4 headers in 162 bytes (1 switches on core 0)
2026-05-04 04:21:51.192 8 WARNING neutron.scheduler.dhcp_agent_scheduler [None req-0dc38dba-57a5-421c-9c67-952c0e32fa5b 27d003ae5a1c414db1c362976fcdea36 279dd77ec0654fe9985635d698fb9942 - - default default] No more DHCP agents
2026-05-04 04:21:51.193 8 WARNING neutron.api.rpc.agentnotifiers.dhcp_rpc_agent_api [None req-0dc38dba-57a5-421c-9c67-952c0e32fa5b 27d003ae5a1c414db1c362976fcdea36 279dd77ec0654fe9985635d698fb9942 - - default default] Unable to schedule network 2c968e40-1ef1-4db6-ab64-e7a7d6a05b89: no agents available; will retry on subsequent port and subnet creation events.
2026-05-04 04:21:51.267 8 INFO neutron.db.ovn_revision_numbers_db [None req-0dc38dba-57a5-421c-9c67-952c0e32fa5b 27d003ae5a1c414db1c362976fcdea36 279dd77ec0654fe9985635d698fb9942 - - default default] Successfully bumped revision number for resource 2c3593bb-bda2-4522-96bb-b8a5e91acfd4 (type: ports) to 1
2026-05-04 04:21:51.276 7 INFO neutron_taas.services.taas.taas_plugin [None req-c73419a3-ff22-4579-8366-3fdbcb6bf73f b7ad1f1bfad64494a7bbcd53b73752f4 acfb641a96ca4d9db084a3baf696c528 - - default default] TaaS: Handle Delete Port: 56251d57-b537-4328-b622-e92efdd0643d
2026-05-04 04:21:51.279 7 INFO neutron_taas.services.taas.tap_mirror_plugin [None req-c73419a3-ff22-4579-8366-3fdbcb6bf73f b7ad1f1bfad64494a7bbcd53b73752f4 acfb641a96ca4d9db084a3baf696c528 - - default default] Tap Mirror: Handle Delete Port: 56251d57-b537-4328-b622-e92efdd0643d [pid: 8|app: 0|req: 808/1698] 10.0.0.172 () {34 vars in 670 bytes} [Mon May 4 04:21:50 2026] POST /v2.0/networks => generated 651 bytes in 514 msecs (HTTP/1.1 201) 4 headers in 162 bytes (1 switches on core 0)
2026-05-04 04:21:51.491 8 WARNING neutron.scheduler.dhcp_agent_scheduler [None req-1b594153-d163-4f35-96dd-9eebb426c4b8 74845f38e25a4fb499c48af536532e61 41d0c08a80b4484b91d1fe01f839729d - - default default] No more DHCP agents
2026-05-04 04:21:51.492 8 WARNING neutron.api.rpc.agentnotifiers.dhcp_rpc_agent_api [None req-1b594153-d163-4f35-96dd-9eebb426c4b8 74845f38e25a4fb499c48af536532e61 41d0c08a80b4484b91d1fe01f839729d - - default default] Unable to schedule network 63d32623-ea8b-4980-b601-2641403a6683: no agents available; will retry on subsequent port and subnet creation events. [pid: 7|app: 0|req: 891/1699] 10.0.0.172 () {32 vars in 726 bytes} [Mon May 4 04:21:51 2026] DELETE /v2.0/networks/8d7df304-f67c-420c-8bf6-3a31c7dc9844 => generated 0 bytes in 376 msecs (HTTP/1.1 204) 3 headers in 131 bytes (1 switches on core 0)
2026-05-04 04:21:51.519 8 INFO neutron.db.ovn_revision_numbers_db [None req-1b594153-d163-4f35-96dd-9eebb426c4b8 74845f38e25a4fb499c48af536532e61 41d0c08a80b4484b91d1fe01f839729d - - default default] Successfully bumped revision number for resource d4f544be-5534-4f93-af71-8834b5f18886 (type: subnets) to 0 [pid: 8|app: 0|req: 809/1700] 10.0.0.172 () {34 vars in 669 bytes} [Mon May 4 04:21:51 2026] POST /v2.0/subnets => generated 627 bytes in 248 msecs (HTTP/1.1 201) 4 headers in 162 bytes (1 switches on core 0)
2026-05-04 04:21:51.765 8 WARNING neutron.scheduler.dhcp_agent_scheduler [None req-2569ec86-d0e9-4ed4-bb07-df682ca90f6c 27d003ae5a1c414db1c362976fcdea36 279dd77ec0654fe9985635d698fb9942 - - default default] No more DHCP agents
2026-05-04 04:21:51.767 8 WARNING neutron.api.rpc.agentnotifiers.dhcp_rpc_agent_api [None req-2569ec86-d0e9-4ed4-bb07-df682ca90f6c 27d003ae5a1c414db1c362976fcdea36 279dd77ec0654fe9985635d698fb9942 - - default default] Unable to schedule network 2c968e40-1ef1-4db6-ab64-e7a7d6a05b89: no agents available; will retry on subsequent port and subnet creation events.
2026-05-04 04:21:51.828 8 INFO neutron.plugins.ml2.drivers.ovn.mech_driver.mech_driver [None req-06428e48-0f65-4d16-83c7-793a0e020e4f - - - - - -] OVN reports status down for port: 02c857dc-f1b5-48c3-be6b-5156c1f0a8a4
2026-05-04 04:21:51.895 8 INFO neutron.db.ovn_revision_numbers_db [None req-2569ec86-d0e9-4ed4-bb07-df682ca90f6c 27d003ae5a1c414db1c362976fcdea36 279dd77ec0654fe9985635d698fb9942 - - default default] Successfully bumped revision number for resource 02c857dc-f1b5-48c3-be6b-5156c1f0a8a4 (type: ports) to 1
2026-05-04 04:21:51.956 7 WARNING neutron.scheduler.dhcp_agent_scheduler [None req-4fdae254-a82e-4d0a-a4be-a7b6a3d69f52 ea7f6f513c734bb3930b4fa5cdc84c51 7e9f06ca4e254b4aba48dd1836d5c62c - - default default] No more DHCP agents
2026-05-04 04:21:51.957 7 WARNING neutron.api.rpc.agentnotifiers.dhcp_rpc_agent_api [None req-4fdae254-a82e-4d0a-a4be-a7b6a3d69f52 ea7f6f513c734bb3930b4fa5cdc84c51 7e9f06ca4e254b4aba48dd1836d5c62c - - default default] Unable to schedule network 6f16b675-7e14-4f31-b9df-1ea438f99f4a: no agents available; will retry on subsequent port and subnet creation events. [pid: 8|app: 0|req: 810/1701] 10.0.0.172 () {34 vars in 664 bytes} [Mon May 4 04:21:51 2026] POST /v2.0/ports => generated 743 bytes in 426 msecs (HTTP/1.1 201) 4 headers in 162 bytes (1 switches on core 0) /var/lib/openstack/lib/python3.12/site-packages/pycadf/identifier.py:70: UserWarning: Invalid uuid: neutron. To ensure interoperability, identifiers should be a valid uuid. warnings.warn(('Invalid uuid: %s. To ensure interoperability, '
2026-05-04 04:21:52.066 8 INFO neutron.db.segments_db [None req-d665e045-e06c-4f8f-93a8-268096ce76ba b7ad1f1bfad64494a7bbcd53b73752f4 acfb641a96ca4d9db084a3baf696c528 - - default default] Added segment 939b7156-427a-43ba-8f1b-5fd826152a34 of type geneve for network 2d0180be-9dd1-4ea0-af24-4ee194b9e2ac
2026-05-04 04:21:52.117 7 INFO neutron.db.ovn_revision_numbers_db [None req-4fdae254-a82e-4d0a-a4be-a7b6a3d69f52 ea7f6f513c734bb3930b4fa5cdc84c51 7e9f06ca4e254b4aba48dd1836d5c62c - - default default] Successfully bumped revision number for resource 036123c5-07e3-4221-b062-8d128d6ef3db (type: ports) to 1
2026-05-04 04:21:52.190 8 INFO neutron.db.ovn_revision_numbers_db [None req-d665e045-e06c-4f8f-93a8-268096ce76ba b7ad1f1bfad64494a7bbcd53b73752f4 acfb641a96ca4d9db084a3baf696c528 - - default default] Successfully bumped revision number for resource 2d0180be-9dd1-4ea0-af24-4ee194b9e2ac (type: networks) to 1
2026-05-04 04:21:52.334 8 WARNING neutron.scheduler.dhcp_agent_scheduler [None req-d665e045-e06c-4f8f-93a8-268096ce76ba b7ad1f1bfad64494a7bbcd53b73752f4 acfb641a96ca4d9db084a3baf696c528 - - default default] No more DHCP agents
2026-05-04 04:21:52.335 8 WARNING neutron.api.rpc.agentnotifiers.dhcp_rpc_agent_api [None req-d665e045-e06c-4f8f-93a8-268096ce76ba b7ad1f1bfad64494a7bbcd53b73752f4 acfb641a96ca4d9db084a3baf696c528 - - default default] Unable to schedule network 2d0180be-9dd1-4ea0-af24-4ee194b9e2ac: no agents available; will retry on subsequent port and subnet creation events.
2026-05-04 04:21:52.412 8 INFO neutron.db.ovn_revision_numbers_db [None req-d665e045-e06c-4f8f-93a8-268096ce76ba b7ad1f1bfad64494a7bbcd53b73752f4 acfb641a96ca4d9db084a3baf696c528 - - default default] Successfully bumped revision number for resource ee33671c-0987-4775-95df-5f59e03b1a8e (type: ports) to 1 [pid: 8|app: 0|req: 811/1702] 10.0.0.172 () {34 vars in 670 bytes} [Mon May 4 04:21:51 2026] POST /v2.0/networks => generated 649 bytes in 472 msecs (HTTP/1.1 201) 4 headers in 162 bytes (1 switches on core 0)
2026-05-04 04:21:52.448 7 WARNING neutron.plugins.ml2.drivers.ovn.mech_driver.ovsdb.ovn_client [None req-7994e13c-a1e2-4552-a949-e0e056eeb16f - - - - - -] No port found with ID 3696dc52-2ce5-457d-bb39-0a14f729c991: RuntimeError: No port found with ID 3696dc52-2ce5-457d-bb39-0a14f729c991
2026-05-04 04:21:52.482 7 INFO neutron.plugins.ml2.drivers.ovn.mech_driver.mech_driver [None req-7994e13c-a1e2-4552-a949-e0e056eeb16f - - - - - -] OVN reports status down for port: d937a68f-8379-458d-8a02-cb87c3bc68cc
2026-05-04 04:21:52.505 7 INFO neutron.services.segments.plugin [-] Segment 88ad5abf-6f00-4a52-8651-74e8251a2f1b resource provider aggregate not found
2026-05-04 04:21:52.519 7 INFO neutron.services.segments.plugin [-] Segment 88ad5abf-6f00-4a52-8651-74e8251a2f1b resource provider aggregate not found
2026-05-04 04:21:52.528 7 INFO neutron.services.segments.plugin [-] Segment 88ad5abf-6f00-4a52-8651-74e8251a2f1b resource provider not found; error: Placement Client Error (4xx): {"errors": [{"status": 404, "title": "Not Found", "detail": "The resource could not be found.\n\n No resource provider with uuid 88ad5abf-6f00-4a52-8651-74e8251a2f1b found for delete ", "request_id": "req-a18fa9d9-c658-4360-827c-ded32c7bdc09"}]}
2026-05-04 04:21:52.541 7 INFO neutron.services.segments.plugin [-] Segment 88ad5abf-6f00-4a52-8651-74e8251a2f1b resource provider not found; error: Placement Client Error (4xx): {"errors": [{"status": 404, "title": "Not Found", "detail": "The resource could not be found.\n\n No resource provider with uuid 88ad5abf-6f00-4a52-8651-74e8251a2f1b found for delete ", "request_id": "req-d3382fa9-9184-4e74-91d4-ba64e4ba83fc"}]}
2026-05-04 04:21:52.645 7 INFO neutron.plugins.ml2.drivers.ovn.mech_driver.mech_driver [None req-7994e13c-a1e2-4552-a949-e0e056eeb16f - - - - - -] OVN reports status down for port: a2a4c0ca-8abe-4913-bb1d-6b6e1e91ee05
2026-05-04 04:21:52.755 7 INFO neutron.plugins.ml2.drivers.ovn.mech_driver.mech_driver [None req-7994e13c-a1e2-4552-a949-e0e056eeb16f - - - - - -] OVN reports status down for port: 5d64a8a1-2b4e-4172-a3a8-d41e0319cfd6
2026-05-04 04:21:52.793 8 WARNING neutron.scheduler.dhcp_agent_scheduler [None req-4104d0ee-0188-41b4-b636-93b84a81085d 74845f38e25a4fb499c48af536532e61 41d0c08a80b4484b91d1fe01f839729d - - default default] No more DHCP agents
2026-05-04 04:21:52.795 8 WARNING neutron.api.rpc.agentnotifiers.dhcp_rpc_agent_api [None req-4104d0ee-0188-41b4-b636-93b84a81085d 74845f38e25a4fb499c48af536532e61 41d0c08a80b4484b91d1fe01f839729d - - default default] Unable to schedule network 6f16b675-7e14-4f31-b9df-1ea438f99f4a: no agents available; will retry on subsequent port and subnet creation events.
