2026-05-04 04:21:03.263 7 INFO neutron.db.ovn_revision_numbers_db [None req-5dda26ae-fee3-4099-b8f2-ef022665a121 ea7f6f513c734bb3930b4fa5cdc84c51 7e9f06ca4e254b4aba48dd1836d5c62c - - default default] Successfully bumped revision number for resource 48e400e0-5273-47a7-8d75-b71b9192aa14 (type: security_group_rules) to 0
2026-05-04 04:21:03.291 7 INFO neutron.db.ovn_revision_numbers_db [None req-5dda26ae-fee3-4099-b8f2-ef022665a121 ea7f6f513c734bb3930b4fa5cdc84c51 7e9f06ca4e254b4aba48dd1836d5c62c - - default default] Successfully bumped revision number for resource b5a3051b-89ec-4bd3-b021-fb8193b2e23a (type: security_group_rules) to 0
2026-05-04 04:21:03.313 8 INFO neutron.plugins.ml2.drivers.ovn.mech_driver.mech_driver [None req-16896ffa-87aa-43ac-9f85-95a1fe8ced12 - - - - - -] OVN reports status up for port: 931b3da7-943a-4694-842d-4b550e1ad5e0
2026-05-04 04:21:03.319 7 INFO neutron.db.ovn_revision_numbers_db [None req-5dda26ae-fee3-4099-b8f2-ef022665a121 ea7f6f513c734bb3930b4fa5cdc84c51 7e9f06ca4e254b4aba48dd1836d5c62c - - default default] Successfully bumped revision number for resource b82421a2-701f-405f-8eeb-46adc27ae51f (type: security_group_rules) to 0
2026-05-04 04:21:03.332 8 INFO neutron.plugins.ml2.plugin [None req-16896ffa-87aa-43ac-9f85-95a1fe8ced12 - - - - - -] Attempt 1 to provision port 931b3da7-943a-4694-842d-4b550e1ad5e0
2026-05-04 04:21:03.343 7 INFO neutron.db.ovn_revision_numbers_db [None req-5dda26ae-fee3-4099-b8f2-ef022665a121 ea7f6f513c734bb3930b4fa5cdc84c51 7e9f06ca4e254b4aba48dd1836d5c62c - - default default] Successfully bumped revision number for resource e696bac3-5b9e-4353-813e-58ee24530ae7 (type: security_group_rules) to 0 [pid: 7|app: 0|req: 749/1418] 10.0.0.172 () {32 vars in 774 bytes} [Mon May 4 04:21:03 2026] GET /v2.0/security-groups?tenant_id=7c411e1677f8489fa41f6e82fbd0e6ed&name=default => generated 2925 bytes in 302 msecs (HTTP/1.1 200) 4 headers in 158 bytes (1 switches on core 0)
2026-05-04 04:21:03.794 8 INFO neutron.db.ovn_revision_numbers_db [None req-16896ffa-87aa-43ac-9f85-95a1fe8ced12 - - - - - -] Successfully bumped revision number for resource 931b3da7-943a-4694-842d-4b550e1ad5e0 (type: ports) to 7 [pid: 7|app: 0|req: 750/1419] 10.0.0.172 () {32 vars in 774 bytes} [Mon May 4 04:21:03 2026] GET /v2.0/security-groups?tenant_id=14237d02904043d6aff027f76e8427ba&name=default => generated 2925 bytes in 169 msecs (HTTP/1.1 200) 4 headers in 158 bytes (1 switches on core 0) [pid: 8|app: 0|req: 670/1420] 10.0.0.172 () {32 vars in 740 bytes} [Mon May 4 04:21:03 2026] DELETE /v2.0/security-groups/cde451e5-addf-43d8-b9bc-ce9c74037eef => generated 0 bytes in 461 msecs (HTTP/1.1 204) 2 headers in 112 bytes (1 switches on core 0)
2026-05-04 04:21:03.905 7 INFO neutron.services.segments.plugin [-] Segment bb0f3816-bd9d-4764-9d6a-ecd171005464 resource provider aggregate not found
2026-05-04 04:21:03.916 7 INFO neutron.services.segments.plugin [-] Segment bb0f3816-bd9d-4764-9d6a-ecd171005464 resource provider aggregate not found
2026-05-04 04:21:03.938 7 INFO neutron.services.segments.plugin [-] Segment bb0f3816-bd9d-4764-9d6a-ecd171005464 resource provider not found; error: Placement Client Error (4xx): {"errors": [{"status": 404, "title": "Not Found", "detail": "The resource could not be found.\n\n No resource provider with uuid bb0f3816-bd9d-4764-9d6a-ecd171005464 found for delete ", "request_id": "req-a0572d53-a0e9-4f7d-930c-67be712ea467"}]}
2026-05-04 04:21:03.942 7 INFO neutron.services.segments.plugin [-] Segment bb0f3816-bd9d-4764-9d6a-ecd171005464 resource provider not found; error: Placement Client Error (4xx): {"errors": [{"status": 404, "title": "Not Found", "detail": "The resource could not be found.\n\n No resource provider with uuid bb0f3816-bd9d-4764-9d6a-ecd171005464 found for delete ", "request_id": "req-27e62a8b-df2a-400d-b060-609c18e2d864"}]} /var/lib/openstack/lib/python3.12/site-packages/pycadf/identifier.py:70: UserWarning: Invalid uuid: neutron. To ensure interoperability, identifiers should be a valid uuid. warnings.warn(('Invalid uuid: %s. To ensure interoperability, ' [pid: 8|app: 0|req: 671/1421] 10.0.0.237 () {34 vars in 990 bytes} [Mon May 4 04:21:04 2026] GET /v2.0/ports?device_id=f25b0cf7-16f6-48aa-a49a-520e5b3f66d5 => generated 971 bytes in 96 msecs (HTTP/1.1 200) 4 headers in 157 bytes (1 switches on core 0) [pid: 7|app: 0|req: 751/1422] 10.0.0.172 () {32 vars in 740 bytes} [Mon May 4 04:21:03 2026] DELETE /v2.0/security-groups/d41f0d24-725b-47e4-b8e3-f86da9b62087 => generated 0 bytes in 298 msecs (HTTP/1.1 204) 2 headers in 112 bytes (1 switches on core 0) [pid: 8|app: 0|req: 672/1423] 10.0.0.237 () {34 vars in 1040 bytes} [Mon May 4 04:21:04 2026] GET /v2.0/security-groups?id=b235dadb-0db7-4a1a-ae48-c54c902f6cb8&fields=id&fields=name => generated 113 bytes in 44 msecs (HTTP/1.1 200) 4 headers in 157 bytes (1 switches on core 0)
2026-05-04 04:21:04.271 8 INFO neutron.services.segments.plugin [-] Segment ab36b22f-c2bb-47ad-8bfc-d3ca8067b57e resource provider aggregate not found
2026-05-04 04:21:04.286 8 INFO neutron.services.segments.plugin [-] Segment ab36b22f-c2bb-47ad-8bfc-d3ca8067b57e resource provider not found; error: Placement Client Error (4xx): {"errors": [{"status": 404, "title": "Not Found", "detail": "The resource could not be found.\n\n No resource provider with uuid ab36b22f-c2bb-47ad-8bfc-d3ca8067b57e found for delete ", "request_id": "req-7d221b25-01b5-4ad2-a75f-bff27ddb08f0"}]}
2026-05-04 04:21:04.293 8 INFO neutron.services.segments.plugin [-] Segment ab36b22f-c2bb-47ad-8bfc-d3ca8067b57e resource provider aggregate not found
2026-05-04 04:21:04.311 8 INFO neutron.services.segments.plugin [-] Segment ab36b22f-c2bb-47ad-8bfc-d3ca8067b57e resource provider not found; error: Placement Client Error (4xx): {"errors": [{"status": 404, "title": "Not Found", "detail": "The resource could not be found.\n\n No resource provider with uuid ab36b22f-c2bb-47ad-8bfc-d3ca8067b57e found for delete ", "request_id": "req-d9dd7280-68bd-418d-9780-2a8989b555f5"}]}
2026-05-04 04:21:04.486 8 INFO neutron.notifiers.nova [-] Nova event matching ['req-272529b2-001e-419b-8e5e-03f9f8595e8c'] response: {'server_uuid': 'f25b0cf7-16f6-48aa-a49a-520e5b3f66d5', 'name': 'network-vif-plugged', 'status': 'completed', 'tag': '931b3da7-943a-4694-842d-4b550e1ad5e0', 'code': 200}
2026-05-04 04:21:04.486 8 INFO neutron.notifiers.nova [-] Nova event matching ['req-272529b2-001e-419b-8e5e-03f9f8595e8c'] response: {'server_uuid': 'f25b0cf7-16f6-48aa-a49a-520e5b3f66d5', 'name': 'network-vif-plugged', 'status': 'completed', 'tag': '931b3da7-943a-4694-842d-4b550e1ad5e0', 'code': 200} [pid: 7|app: 0|req: 752/1424] 10.0.0.237 () {34 vars in 990 bytes} [Mon May 4 04:21:05 2026] GET /v2.0/ports?device_id=f25b0cf7-16f6-48aa-a49a-520e5b3f66d5 => generated 971 bytes in 42 msecs (HTTP/1.1 200) 4 headers in 157 bytes (1 switches on core 0) [pid: 8|app: 0|req: 673/1425] 10.0.0.237 () {34 vars in 1040 bytes} [Mon May 4 04:21:05 2026] GET /v2.0/security-groups?id=b235dadb-0db7-4a1a-ae48-c54c902f6cb8&fields=id&fields=name => generated 113 bytes in 34 msecs (HTTP/1.1 200) 4 headers in 157 bytes (1 switches on core 0)
2026-05-04 04:21:06.445 7 INFO neutron.db.ovn_revision_numbers_db [None req-953cde51-6f3c-4c56-a405-bf5632a5dde6 acf0cdc1204142d183d7ebe27063847c e5fbf10ad08f40d8b18de2ac40e0c2e8 - - default default] Successfully bumped revision number for resource a2f94893-575e-4167-87df-ee83d1f9326d (type: security_groups) to 1
2026-05-04 04:21:06.467 7 INFO neutron.db.ovn_revision_numbers_db [None req-953cde51-6f3c-4c56-a405-bf5632a5dde6 acf0cdc1204142d183d7ebe27063847c e5fbf10ad08f40d8b18de2ac40e0c2e8 - - default default] Successfully bumped revision number for resource 0810bf87-7a3a-4474-99fa-3765f77abeb0 (type: security_group_rules) to 0
2026-05-04 04:21:06.481 7 INFO neutron.db.ovn_revision_numbers_db [None req-953cde51-6f3c-4c56-a405-bf5632a5dde6 acf0cdc1204142d183d7ebe27063847c e5fbf10ad08f40d8b18de2ac40e0c2e8 - - default default] Successfully bumped revision number for resource 52474a25-adcb-4b51-8c57-0cc60e188e4c (type: security_group_rules) to 0
2026-05-04 04:21:06.497 7 INFO neutron.db.ovn_revision_numbers_db [None req-953cde51-6f3c-4c56-a405-bf5632a5dde6 acf0cdc1204142d183d7ebe27063847c e5fbf10ad08f40d8b18de2ac40e0c2e8 - - default default] Successfully bumped revision number for resource 58ff75cb-8649-4833-9581-0e9645713c9f (type: security_group_rules) to 0
2026-05-04 04:21:06.513 7 INFO neutron.db.ovn_revision_numbers_db [None req-953cde51-6f3c-4c56-a405-bf5632a5dde6 acf0cdc1204142d183d7ebe27063847c e5fbf10ad08f40d8b18de2ac40e0c2e8 - - default default] Successfully bumped revision number for resource 648efe6e-d4f8-4a94-a013-14d4d74159f8 (type: security_group_rules) to 0 [pid: 8|app: 0|req: 674/1426] 10.0.0.237 () {34 vars in 990 bytes} [Mon May 4 04:21:06 2026] GET /v2.0/ports?device_id=f25b0cf7-16f6-48aa-a49a-520e5b3f66d5 => generated 971 bytes in 49 msecs (HTTP/1.1 200) 4 headers in 157 bytes (1 switches on core 0) [pid: 8|app: 0|req: 675/1427] 10.0.0.237 () {34 vars in 1040 bytes} [Mon May 4 04:21:06 2026] GET /v2.0/security-groups?id=b235dadb-0db7-4a1a-ae48-c54c902f6cb8&fields=id&fields=name => generated 113 bytes in 43 msecs (HTTP/1.1 200) 4 headers in 157 bytes (1 switches on core 0)
2026-05-04 04:21:06.609 7 INFO neutron.db.segments_db [None req-953cde51-6f3c-4c56-a405-bf5632a5dde6 acf0cdc1204142d183d7ebe27063847c e5fbf10ad08f40d8b18de2ac40e0c2e8 - - default default] Added segment 70aab49f-c89e-4215-bc24-0a8d96c0b810 of type geneve for network 4b0209dc-3643-4443-aee8-970fa3dbb82c
2026-05-04 04:21:06.743 7 INFO neutron.db.ovn_revision_numbers_db [None req-953cde51-6f3c-4c56-a405-bf5632a5dde6 acf0cdc1204142d183d7ebe27063847c e5fbf10ad08f40d8b18de2ac40e0c2e8 - - default default] Successfully bumped revision number for resource 4b0209dc-3643-4443-aee8-970fa3dbb82c (type: networks) to 1
2026-05-04 04:21:06.947 7 WARNING neutron.scheduler.dhcp_agent_scheduler [None req-953cde51-6f3c-4c56-a405-bf5632a5dde6 acf0cdc1204142d183d7ebe27063847c e5fbf10ad08f40d8b18de2ac40e0c2e8 - - default default] No more DHCP agents
2026-05-04 04:21:06.948 7 WARNING neutron.api.rpc.agentnotifiers.dhcp_rpc_agent_api [None req-953cde51-6f3c-4c56-a405-bf5632a5dde6 acf0cdc1204142d183d7ebe27063847c e5fbf10ad08f40d8b18de2ac40e0c2e8 - - default default] Unable to schedule network 4b0209dc-3643-4443-aee8-970fa3dbb82c: no agents available; will retry on subsequent port and subnet creation events.
2026-05-04 04:21:06.998 7 INFO neutron.plugins.ml2.drivers.ovn.mech_driver.mech_driver [None req-28dcb4cd-b3ab-41ba-b870-2176241d2216 - - - - - -] OVN reports status down for port: bde93882-971c-4a29-91cc-349295049fa6
2026-05-04 04:21:07.056 7 INFO neutron.db.ovn_revision_numbers_db [None req-953cde51-6f3c-4c56-a405-bf5632a5dde6 acf0cdc1204142d183d7ebe27063847c e5fbf10ad08f40d8b18de2ac40e0c2e8 - - default default] Successfully bumped revision number for resource bde93882-971c-4a29-91cc-349295049fa6 (type: ports) to 1 [pid: 7|app: 0|req: 753/1428] 10.0.0.172 () {34 vars in 670 bytes} [Mon May 4 04:21:06 2026] POST /v2.0/networks => generated 652 bytes in 964 msecs (HTTP/1.1 201) 4 headers in 162 bytes (1 switches on core 0)
2026-05-04 04:21:07.203 8 INFO neutron.db.segments_db [None req-a2820af0-879e-46c1-9ff2-9a5f4f2dfe46 acf0cdc1204142d183d7ebe27063847c e5fbf10ad08f40d8b18de2ac40e0c2e8 - - default default] Added segment be9dba94-fbe5-4a81-be8d-b1a30d51443c of type geneve for network 707b6942-c5ee-478d-8e2c-d13cfdcd6b3b
2026-05-04 04:21:07.324 8 INFO neutron.db.ovn_revision_numbers_db [None req-a2820af0-879e-46c1-9ff2-9a5f4f2dfe46 acf0cdc1204142d183d7ebe27063847c e5fbf10ad08f40d8b18de2ac40e0c2e8 - - default default] Successfully bumped revision number for resource 707b6942-c5ee-478d-8e2c-d13cfdcd6b3b (type: networks) to 1
2026-05-04 04:21:07.496 8 WARNING neutron.scheduler.dhcp_agent_scheduler [None req-a2820af0-879e-46c1-9ff2-9a5f4f2dfe46 acf0cdc1204142d183d7ebe27063847c e5fbf10ad08f40d8b18de2ac40e0c2e8 - - default default] No more DHCP agents
2026-05-04 04:21:07.497 8 WARNING neutron.api.rpc.agentnotifiers.dhcp_rpc_agent_api [None req-a2820af0-879e-46c1-9ff2-9a5f4f2dfe46 acf0cdc1204142d183d7ebe27063847c e5fbf10ad08f40d8b18de2ac40e0c2e8 - - default default] Unable to schedule network 707b6942-c5ee-478d-8e2c-d13cfdcd6b3b: no agents available; will retry on subsequent port and subnet creation events.
2026-05-04 04:21:07.560 8 INFO neutron.plugins.ml2.drivers.ovn.mech_driver.mech_driver [None req-e8f34199-8cb2-4424-8647-2d514f2372e2 - - - - - -] OVN reports status down for port: 7a5040db-54b8-435d-ab3f-8abfb1426a83
2026-05-04 04:21:07.628 8 INFO neutron.db.ovn_revision_numbers_db [None req-a2820af0-879e-46c1-9ff2-9a5f4f2dfe46 acf0cdc1204142d183d7ebe27063847c e5fbf10ad08f40d8b18de2ac40e0c2e8 - - default default] Successfully bumped revision number for resource 7a5040db-54b8-435d-ab3f-8abfb1426a83 (type: ports) to 1 [pid: 8|app: 0|req: 676/1429] 10.0.0.172 () {34 vars in 670 bytes} [Mon May 4 04:21:07 2026] POST /v2.0/networks => generated 653 bytes in 594 msecs (HTTP/1.1 201) 4 headers in 162 bytes (1 switches on core 0)
2026-05-04 04:21:07.934 7 WARNING neutron.scheduler.dhcp_agent_scheduler [None req-1cf5d3f0-edb9-4df8-a697-768b5ed067f5 acf0cdc1204142d183d7ebe27063847c e5fbf10ad08f40d8b18de2ac40e0c2e8 - - default default] No more DHCP agents
2026-05-04 04:21:07.935 7 WARNING neutron.api.rpc.agentnotifiers.dhcp_rpc_agent_api [None req-1cf5d3f0-edb9-4df8-a697-768b5ed067f5 acf0cdc1204142d183d7ebe27063847c e5fbf10ad08f40d8b18de2ac40e0c2e8 - - default default] Unable to schedule network 4b0209dc-3643-4443-aee8-970fa3dbb82c: no agents available; will retry on subsequent port and subnet creation events.
2026-05-04 04:21:07.964 7 INFO neutron.db.ovn_revision_numbers_db [None req-1cf5d3f0-edb9-4df8-a697-768b5ed067f5 acf0cdc1204142d183d7ebe27063847c e5fbf10ad08f40d8b18de2ac40e0c2e8 - - default default] Successfully bumped revision number for resource 4a166b40-46a6-47e2-a9a2-7a2a348f39f7 (type: subnets) to 0 [pid: 7|app: 0|req: 754/1430] 10.0.0.172 () {34 vars in 669 bytes} [Mon May 4 04:21:07 2026] POST /v2.0/subnets => generated 646 bytes in 292 msecs (HTTP/1.1 201) 4 headers in 162 bytes (1 switches on core 0)
2026-05-04 04:21:08.185 8 INFO neutron.db.ovn_revision_numbers_db [None req-d03081ac-751b-4508-b498-ee9c4598f067 ea7f6f513c734bb3930b4fa5cdc84c51 7e9f06ca4e254b4aba48dd1836d5c62c - - default default] Successfully bumped revision number for resource 7e101681-6665-4731-98c2-1d12d0f1c568 (type: security_groups) to 1
2026-05-04 04:21:08.193 7 WARNING neutron.scheduler.dhcp_agent_scheduler [None req-0e55a0f1-ef5e-4016-92dd-55f045a98b5d acf0cdc1204142d183d7ebe27063847c e5fbf10ad08f40d8b18de2ac40e0c2e8 - - default default] No more DHCP agents
2026-05-04 04:21:08.194 7 WARNING neutron.api.rpc.agentnotifiers.dhcp_rpc_agent_api [None req-0e55a0f1-ef5e-4016-92dd-55f045a98b5d acf0cdc1204142d183d7ebe27063847c e5fbf10ad08f40d8b18de2ac40e0c2e8 - - default default] Unable to schedule network 707b6942-c5ee-478d-8e2c-d13cfdcd6b3b: no agents available; will retry on subsequent port and subnet creation events.
2026-05-04 04:21:08.198 8 INFO neutron.db.ovn_revision_numbers_db [None req-d03081ac-751b-4508-b498-ee9c4598f067 ea7f6f513c734bb3930b4fa5cdc84c51 7e9f06ca4e254b4aba48dd1836d5c62c - - default default] Successfully bumped revision number for resource 2caade99-82c6-4f62-a0ae-ad117eb5c618 (type: security_group_rules) to 0
2026-05-04 04:21:08.212 8 INFO neutron.db.ovn_revision_numbers_db [None req-d03081ac-751b-4508-b498-ee9c4598f067 ea7f6f513c734bb3930b4fa5cdc84c51 7e9f06ca4e254b4aba48dd1836d5c62c - - default default] Successfully bumped revision number for resource 301c6136-6064-4794-9c31-f67b7f3b6ed0 (type: security_group_rules) to 0
2026-05-04 04:21:08.223 7 INFO neutron.db.ovn_revision_numbers_db [None req-0e55a0f1-ef5e-4016-92dd-55f045a98b5d acf0cdc1204142d183d7ebe27063847c e5fbf10ad08f40d8b18de2ac40e0c2e8 - - default default] Successfully bumped revision number for resource 476d5ca0-f9f3-47e5-9562-0d5e76f54e0d (type: subnets) to 0
2026-05-04 04:21:08.225 8 INFO neutron.db.ovn_revision_numbers_db [None req-d03081ac-751b-4508-b498-ee9c4598f067 ea7f6f513c734bb3930b4fa5cdc84c51 7e9f06ca4e254b4aba48dd1836d5c62c - - default default] Successfully bumped revision number for resource 5ed2070b-706c-4c7c-9b8e-f4b8cb3350e5 (type: security_group_rules) to 0
2026-05-04 04:21:08.236 8 INFO neutron.db.ovn_revision_numbers_db [None req-d03081ac-751b-4508-b498-ee9c4598f067 ea7f6f513c734bb3930b4fa5cdc84c51 7e9f06ca4e254b4aba48dd1836d5c62c - - default default] Successfully bumped revision number for resource c5759a58-8221-45a4-aabd-e15145f14db5 (type: security_group_rules) to 0 [pid: 7|app: 0|req: 755/1431] 10.0.0.172 () {34 vars in 669 bytes} [Mon May 4 04:21:07 2026] POST /v2.0/subnets => generated 655 bytes in 257 msecs (HTTP/1.1 201) 4 headers in 162 bytes (1 switches on core 0) [pid: 8|app: 0|req: 677/1432] 10.0.0.172 () {32 vars in 774 bytes} [Mon May 4 04:21:07 2026] GET /v2.0/security-groups?tenant_id=1a6c498c491641dca6f8b4b5fdcf8186&name=default => generated 2925 bytes in 400 msecs (HTTP/1.1 200) 4 headers in 158 bytes (1 switches on core 0)
2026-05-04 04:21:08.373 7 INFO neutron.db.ovn_revision_numbers_db [None req-7f422bd2-8e80-473b-9aab-ad2672ff31b2 acf0cdc1204142d183d7ebe27063847c e5fbf10ad08f40d8b18de2ac40e0c2e8 - - default default] Successfully bumped revision number for resource d92440ae-40c8-40bc-a2a2-4cc9ee7aaba7 (type: routers) to 1 [pid: 7|app: 0|req: 756/1433] 10.0.0.172 () {34 vars in 669 bytes} [Mon May 4 04:21:08 2026] POST /v2.0/routers => generated 606 bytes in 144 msecs (HTTP/1.1 201) 4 headers in 162 bytes (1 switches on core 0) [pid: 8|app: 0|req: 678/1434] 10.0.0.172 () {32 vars in 740 bytes} [Mon May 4 04:21:08 2026] DELETE /v2.0/security-groups/7e101681-6665-4731-98c2-1d12d0f1c568 => generated 0 bytes in 239 msecs (HTTP/1.1 204) 2 headers in 112 bytes (1 switches on core 0)
2026-05-04 04:21:08.751 8 INFO neutron.db.ovn_revision_numbers_db [None req-8650c150-4319-4b72-aba3-23ec90cd7dd9 ea7f6f513c734bb3930b4fa5cdc84c51 7e9f06ca4e254b4aba48dd1836d5c62c - - default default] Successfully bumped revision number for resource edccefef-dfaf-4185-b453-b44d457042dc (type: security_groups) to 1
2026-05-04 04:21:08.765 8 INFO neutron.db.ovn_revision_numbers_db [None req-8650c150-4319-4b72-aba3-23ec90cd7dd9 ea7f6f513c734bb3930b4fa5cdc84c51 7e9f06ca4e254b4aba48dd1836d5c62c - - default default] Successfully bumped revision number for resource 00cbf0d4-fb78-4888-9f5d-942f852769f5 (type: security_group_rules) to 0
2026-05-04 04:21:08.781 8 INFO neutron.db.ovn_revision_numbers_db [None req-8650c150-4319-4b72-aba3-23ec90cd7dd9 ea7f6f513c734bb3930b4fa5cdc84c51 7e9f06ca4e254b4aba48dd1836d5c62c - - default default] Successfully bumped revision number for resource 7450a3ba-873d-404e-9585-40c2baaca211 (type: security_group_rules) to 0
2026-05-04 04:21:08.792 8 INFO neutron.db.ovn_revision_numbers_db [None req-8650c150-4319-4b72-aba3-23ec90cd7dd9 ea7f6f513c734bb3930b4fa5cdc84c51 7e9f06ca4e254b4aba48dd1836d5c62c - - default default] Successfully bumped revision number for resource d6b80543-f8f5-420c-91f6-4879fff28a8c (type: security_group_rules) to 0
2026-05-04 04:21:08.802 8 INFO neutron.db.ovn_revision_numbers_db [None req-8650c150-4319-4b72-aba3-23ec90cd7dd9 ea7f6f513c734bb3930b4fa5cdc84c51 7e9f06ca4e254b4aba48dd1836d5c62c - - default default] Successfully bumped revision number for resource e26e22cd-d7dd-4fa9-8bd8-19da88008612 (type: security_group_rules) to 0 [pid: 8|app: 0|req: 679/1435] 10.0.0.172 () {32 vars in 774 bytes} [Mon May 4 04:21:08 2026] GET /v2.0/security-groups?tenant_id=54892478fc84420db6c28828033a8614&name=default => generated 2925 bytes in 225 msecs (HTTP/1.1 200) 4 headers in 158 bytes (1 switches on core 0)
2026-05-04 04:21:08.905 7 WARNING neutron.scheduler.dhcp_agent_scheduler [None req-2a527279-2964-4a85-b5d6-797bd5b13e2e acf0cdc1204142d183d7ebe27063847c e5fbf10ad08f40d8b18de2ac40e0c2e8 - - default default] No more DHCP agents
2026-05-04 04:21:08.907 7 WARNING neutron.api.rpc.agentnotifiers.dhcp_rpc_agent_api [None req-2a527279-2964-4a85-b5d6-797bd5b13e2e acf0cdc1204142d183d7ebe27063847c e5fbf10ad08f40d8b18de2ac40e0c2e8 - - default default] Unable to schedule network 4b0209dc-3643-4443-aee8-970fa3dbb82c: no agents available; will retry on subsequent port and subnet creation events.
2026-05-04 04:21:09.009 8 INFO neutron.plugins.ml2.drivers.ovn.mech_driver.mech_driver [None req-e8f34199-8cb2-4424-8647-2d514f2372e2 - - - - - -] OVN reports status down for port: 8f654715-5084-4c61-a5b4-abc72581ab0d
2026-05-04 04:21:09.033 7 INFO neutron.db.ovn_revision_numbers_db [None req-2a527279-2964-4a85-b5d6-797bd5b13e2e acf0cdc1204142d183d7ebe27063847c e5fbf10ad08f40d8b18de2ac40e0c2e8 - - default default] Successfully bumped revision number for resource 8f654715-5084-4c61-a5b4-abc72581ab0d (type: ports) to 1 [pid: 8|app: 0|req: 680/1436] 10.0.0.172 () {32 vars in 740 bytes} [Mon May 4 04:21:08 2026] DELETE /v2.0/security-groups/edccefef-dfaf-4185-b453-b44d457042dc => generated 0 bytes in 299 msecs (HTTP/1.1 204) 2 headers in 112 bytes (1 switches on core 0)
2026-05-04 04:21:09.568 8 INFO neutron.plugins.ml2.drivers.ovn.mech_driver.mech_driver [None req-e8f34199-8cb2-4424-8647-2d514f2372e2 - - - - - -] OVN reports status up for port: 8f654715-5084-4c61-a5b4-abc72581ab0d
2026-05-04 04:21:09.584 8 INFO neutron.plugins.ml2.plugin [None req-e8f34199-8cb2-4424-8647-2d514f2372e2 - - - - - -] Attempt 1 to provision port 8f654715-5084-4c61-a5b4-abc72581ab0d
2026-05-04 04:21:09.645 7 WARNING neutron.scheduler.dhcp_agent_scheduler [None req-2a527279-2964-4a85-b5d6-797bd5b13e2e acf0cdc1204142d183d7ebe27063847c e5fbf10ad08f40d8b18de2ac40e0c2e8 - - default default] No more DHCP agents
2026-05-04 04:21:09.647 7 WARNING neutron.api.rpc.agentnotifiers.dhcp_rpc_agent_api [None req-2a527279-2964-4a85-b5d6-797bd5b13e2e acf0cdc1204142d183d7ebe27063847c e5fbf10ad08f40d8b18de2ac40e0c2e8 - - default default] Unable to schedule network 4b0209dc-3643-4443-aee8-970fa3dbb82c: no agents available; will retry on subsequent port and subnet creation events.
2026-05-04 04:21:09.876 7 INFO neutron.db.ovn_revision_numbers_db [None req-2a527279-2964-4a85-b5d6-797bd5b13e2e acf0cdc1204142d183d7ebe27063847c e5fbf10ad08f40d8b18de2ac40e0c2e8 - - default default] Successfully bumped revision number for resource 8f654715-5084-4c61-a5b4-abc72581ab0d (type: router_ports) to 1 [pid: 7|app: 0|req: 757/1437] 10.0.0.172 () {34 vars in 783 bytes} [Mon May 4 04:21:08 2026] PUT /v2.0/routers/d92440ae-40c8-40bc-a2a2-4cc9ee7aaba7/add_router_interface => generated 309 bytes in 1483 msecs (HTTP/1.1 200) 4 headers in 157 bytes (1 switches on core 0) [pid: 8|app: 0|req: 681/1438] 10.0.0.172 () {32 vars in 717 bytes} [Mon May 4 04:21:09 2026] GET /v2.0/ports/8f654715-5084-4c61-a5b4-abc72581ab0d => generated 947 bytes in 234 msecs (HTTP/1.1 200) 4 headers in 157 bytes (1 switches on core 0)
2026-05-04 04:21:10.139 8 INFO neutron.db.ovn_revision_numbers_db [None req-e8f34199-8cb2-4424-8647-2d514f2372e2 - - - - - -] Successfully bumped revision number for resource 8f654715-5084-4c61-a5b4-abc72581ab0d (type: ports) to 2
2026-05-04 04:21:10.576 7 WARNING neutron.scheduler.dhcp_agent_scheduler [None req-9674d2c5-2ca7-4fa7-8e8e-15bdb2d6858a acf0cdc1204142d183d7ebe27063847c e5fbf10ad08f40d8b18de2ac40e0c2e8 - - default default] No more DHCP agents
2026-05-04 04:21:10.578 7 WARNING neutron.api.rpc.agentnotifiers.dhcp_rpc_agent_api [None req-9674d2c5-2ca7-4fa7-8e8e-15bdb2d6858a acf0cdc1204142d183d7ebe27063847c e5fbf10ad08f40d8b18de2ac40e0c2e8 - - default default] Unable to schedule network 707b6942-c5ee-478d-8e2c-d13cfdcd6b3b: no agents available; will retry on subsequent port and subnet creation events.
2026-05-04 04:21:10.690 7 INFO neutron.plugins.ml2.drivers.ovn.mech_driver.mech_driver [None req-28dcb4cd-b3ab-41ba-b870-2176241d2216 - - - - - -] OVN reports status down for port: a786e7aa-22a1-4e12-822f-be18b163e8d3
2026-05-04 04:21:10.764 7 INFO neutron.db.ovn_revision_numbers_db [None req-9674d2c5-2ca7-4fa7-8e8e-15bdb2d6858a acf0cdc1204142d183d7ebe27063847c e5fbf10ad08f40d8b18de2ac40e0c2e8 - - default default] Successfully bumped revision number for resource a786e7aa-22a1-4e12-822f-be18b163e8d3 (type: ports) to 1
2026-05-04 04:21:11.382 7 INFO neutron.plugins.ml2.drivers.ovn.mech_driver.mech_driver [None req-28dcb4cd-b3ab-41ba-b870-2176241d2216 - - - - - -] OVN reports status up for port: a786e7aa-22a1-4e12-822f-be18b163e8d3
2026-05-04 04:21:11.403 7 INFO neutron.plugins.ml2.plugin [None req-28dcb4cd-b3ab-41ba-b870-2176241d2216 - - - - - -] Attempt 1 to provision port a786e7aa-22a1-4e12-822f-be18b163e8d3
2026-05-04 04:21:11.529 7 WARNING neutron.scheduler.dhcp_agent_scheduler [None req-9674d2c5-2ca7-4fa7-8e8e-15bdb2d6858a acf0cdc1204142d183d7ebe27063847c e5fbf10ad08f40d8b18de2ac40e0c2e8 - - default default] No more DHCP agents
2026-05-04 04:21:11.534 7 WARNING neutron.api.rpc.agentnotifiers.dhcp_rpc_agent_api [None req-9674d2c5-2ca7-4fa7-8e8e-15bdb2d6858a acf0cdc1204142d183d7ebe27063847c e5fbf10ad08f40d8b18de2ac40e0c2e8 - - default default] Unable to schedule network 707b6942-c5ee-478d-8e2c-d13cfdcd6b3b: no agents available; will retry on subsequent port and subnet creation events.
2026-05-04 04:21:12.010 7 INFO neutron.db.ovn_revision_numbers_db [None req-9674d2c5-2ca7-4fa7-8e8e-15bdb2d6858a acf0cdc1204142d183d7ebe27063847c e5fbf10ad08f40d8b18de2ac40e0c2e8 - - default default] Successfully bumped revision number for resource a786e7aa-22a1-4e12-822f-be18b163e8d3 (type: router_ports) to 1 [pid: 7|app: 0|req: 758/1441] 10.0.0.172 () {34 vars in 783 bytes} [Mon May 4 04:21:10 2026] PUT /v2.0/routers/d92440ae-40c8-40bc-a2a2-4cc9ee7aaba7/add_router_interface => generated 309 bytes in 1892 msecs (HTTP/1.1 200) 4 headers in 157 bytes (1 switches on core 0) [pid: 7|app: 0|req: 759/1442] 10.0.0.172 () {32 vars in 717 bytes} [Mon May 4 04:21:12 2026] GET /v2.0/ports/a786e7aa-22a1-4e12-822f-be18b163e8d3 => generated 955 bytes in 95 msecs (HTTP/1.1 200) 4 headers in 157 bytes (1 switches on core 0)
2026-05-04 04:21:12.139 8 INFO neutron.db.ovn_revision_numbers_db [None req-4661bf6e-5fa0-4f8d-99e0-27759965bbbe ea7f6f513c734bb3930b4fa5cdc84c51 7e9f06ca4e254b4aba48dd1836d5c62c - - default default] Successfully bumped revision number for resource d4cb865d-5531-4ce8-a38c-a0c9a6a46f27 (type: security_groups) to 1
2026-05-04 04:21:12.155 8 INFO neutron.db.ovn_revision_numbers_db [None req-4661bf6e-5fa0-4f8d-99e0-27759965bbbe ea7f6f513c734bb3930b4fa5cdc84c51 7e9f06ca4e254b4aba48dd1836d5c62c - - default default] Successfully bumped revision number for resource 10320b3c-968c-4214-b160-639eb6e4ad7b (type: security_group_rules) to 0
2026-05-04 04:21:12.167 8 INFO neutron.db.ovn_revision_numbers_db [None req-4661bf6e-5fa0-4f8d-99e0-27759965bbbe ea7f6f513c734bb3930b4fa5cdc84c51 7e9f06ca4e254b4aba48dd1836d5c62c - - default default] Successfully bumped revision number for resource 27bf3bc1-d81a-4ea3-8e74-9bd565f7efe2 (type: security_group_rules) to 0 [pid: 7|app: 0|req: 760/1443] 10.0.0.172 () {32 vars in 717 bytes} [Mon May 4 04:21:12 2026] GET /v2.0/ports/a786e7aa-22a1-4e12-822f-be18b163e8d3 => generated 955 bytes in 53 msecs (HTTP/1.1 200) 4 headers in 157 bytes (1 switches on core 0)
2026-05-04 04:21:12.179 8 INFO neutron.db.ovn_revision_numbers_db [None req-4661bf6e-5fa0-4f8d-99e0-27759965bbbe ea7f6f513c734bb3930b4fa5cdc84c51 7e9f06ca4e254b4aba48dd1836d5c62c - - default default] Successfully bumped revision number for resource 4c80269b-62b1-4c31-8b8a-ca7604aff53b (type: security_group_rules) to 0
2026-05-04 04:21:12.191 8 INFO neutron.db.ovn_revision_numbers_db [None req-4661bf6e-5fa0-4f8d-99e0-27759965bbbe ea7f6f513c734bb3930b4fa5cdc84c51 7e9f06ca4e254b4aba48dd1836d5c62c - - default default] Successfully bumped revision number for resource 9b9ad2c3-e23d-4f06-8118-517908540e35 (type: security_group_rules) to 0 [pid: 8|app: 0|req: 684/1444] 10.0.0.172 () {32 vars in 774 bytes} [Mon May 4 04:21:11 2026] GET /v2.0/security-groups?tenant_id=75542bb3b04043699758a1abfbc44bf3&name=default => generated 2925 bytes in 391 msecs (HTTP/1.1 200) 4 headers in 158 bytes (1 switches on core 0)
2026-05-04 04:21:12.244 7 INFO neutron.db.ovn_revision_numbers_db [None req-28dcb4cd-b3ab-41ba-b870-2176241d2216 - - - - - -] Successfully bumped revision number for resource a786e7aa-22a1-4e12-822f-be18b163e8d3 (type: ports) to 2 [pid: 8|app: 0|req: 685/1445] 10.0.0.172 () {32 vars in 740 bytes} [Mon May 4 04:21:12 2026] DELETE /v2.0/security-groups/d4cb865d-5531-4ce8-a38c-a0c9a6a46f27 => generated 0 bytes in 207 msecs (HTTP/1.1 204) 2 headers in 112 bytes (1 switches on core 0)
2026-05-04 04:21:12.541 7 INFO neutron_taas.services.taas.taas_plugin [None req-2e2d0d93-e267-4521-8f62-43555d54300f acf0cdc1204142d183d7ebe27063847c e5fbf10ad08f40d8b18de2ac40e0c2e8 - - default default] TaaS: Handle Delete Port: a786e7aa-22a1-4e12-822f-be18b163e8d3
2026-05-04 04:21:12.544 7 INFO neutron_taas.services.taas.tap_mirror_plugin [None req-2e2d0d93-e267-4521-8f62-43555d54300f acf0cdc1204142d183d7ebe27063847c e5fbf10ad08f40d8b18de2ac40e0c2e8 - - default default] Tap Mirror: Handle Delete Port: a786e7aa-22a1-4e12-822f-be18b163e8d3 [pid: 7|app: 0|req: 761/1446] 10.0.0.172 () {34 vars in 789 bytes} [Mon May 4 04:21:12 2026] PUT /v2.0/routers/d92440ae-40c8-40bc-a2a2-4cc9ee7aaba7/remove_router_interface => generated 309 bytes in 757 msecs (HTTP/1.1 200) 4 headers in 157 bytes (1 switches on core 0) /var/lib/openstack/lib/python3.12/site-packages/pycadf/identifier.py:70: UserWarning: Invalid uuid: neutron. To ensure interoperability, identifiers should be a valid uuid. warnings.warn(('Invalid uuid: %s. To ensure interoperability, ' [pid: 7|app: 0|req: 762/1447] 10.0.0.172 () {32 vars in 717 bytes} [Mon May 4 04:21:12 2026] GET /v2.0/ports/8f654715-5084-4c61-a5b4-abc72581ab0d => generated 947 bytes in 80 msecs (HTTP/1.1 200) 4 headers in 157 bytes (1 switches on core 0)
2026-05-04 04:21:13.199 8 INFO neutron.db.ovn_revision_numbers_db [None req-28e10b89-f90c-4696-a664-295a98a28a2f ea7f6f513c734bb3930b4fa5cdc84c51 7e9f06ca4e254b4aba48dd1836d5c62c - - default default] Successfully bumped revision number for resource 645d3707-39d8-42a2-8459-2be9bf66417d (type: security_groups) to 1
2026-05-04 04:21:13.212 8 INFO neutron.db.ovn_revision_numbers_db [None req-28e10b89-f90c-4696-a664-295a98a28a2f ea7f6f513c734bb3930b4fa5cdc84c51 7e9f06ca4e254b4aba48dd1836d5c62c - - default default] Successfully bumped revision number for resource 5f1b1ae8-81b1-4413-9fbc-a3ae59eefad7 (type: security_group_rules) to 0
2026-05-04 04:21:13.225 8 INFO neutron.db.ovn_revision_numbers_db [None req-28e10b89-f90c-4696-a664-295a98a28a2f ea7f6f513c734bb3930b4fa5cdc84c51 7e9f06ca4e254b4aba48dd1836d5c62c - - default default] Successfully bumped revision number for resource b5e0cf54-384b-47e2-b1e5-abf040fe41d5 (type: security_group_rules) to 0
2026-05-04 04:21:13.240 8 INFO neutron.db.ovn_revision_numbers_db [None req-28e10b89-f90c-4696-a664-295a98a28a2f ea7f6f513c734bb3930b4fa5cdc84c51 7e9f06ca4e254b4aba48dd1836d5c62c - - default default] Successfully bumped revision number for resource e419541d-0dae-492b-83ad-9191e2dd51ed (type: security_group_rules) to 0
2026-05-04 04:21:13.251 8 INFO neutron.db.ovn_revision_numbers_db [None req-28e10b89-f90c-4696-a664-295a98a28a2f ea7f6f513c734bb3930b4fa5cdc84c51 7e9f06ca4e254b4aba48dd1836d5c62c - - default default] Successfully bumped revision number for resource ebd8c851-0862-4138-ad97-04a0212a6cb4 (type: security_group_rules) to 0 [pid: 8|app: 0|req: 686/1448] 10.0.0.172 () {32 vars in 774 bytes} [Mon May 4 04:21:12 2026] GET /v2.0/security-groups?tenant_id=479df5eaa422402796ea5d75f77acf44&name=default => generated 2925 bytes in 376 msecs (HTTP/1.1 200) 4 headers in 158 bytes (1 switches on core 0)
2026-05-04 04:21:13.315 7 INFO neutron_taas.services.taas.taas_plugin [None req-44391f28-328a-4b4c-8fdf-7ab6b8fd7440 acf0cdc1204142d183d7ebe27063847c e5fbf10ad08f40d8b18de2ac40e0c2e8 - - default default] TaaS: Handle Delete Port: 8f654715-5084-4c61-a5b4-abc72581ab0d
2026-05-04 04:21:13.319 7 INFO neutron_taas.services.taas.tap_mirror_plugin [None req-44391f28-328a-4b4c-8fdf-7ab6b8fd7440 acf0cdc1204142d183d7ebe27063847c e5fbf10ad08f40d8b18de2ac40e0c2e8 - - default default] Tap Mirror: Handle Delete Port: 8f654715-5084-4c61-a5b4-abc72581ab0d [pid: 8|app: 0|req: 687/1449] 10.0.0.172 () {32 vars in 740 bytes} [Mon May 4 04:21:13 2026] DELETE /v2.0/security-groups/645d3707-39d8-42a2-8459-2be9bf66417d => generated 0 bytes in 300 msecs (HTTP/1.1 204) 2 headers in 112 bytes (1 switches on core 0) [pid: 7|app: 0|req: 763/1450] 10.0.0.172 () {34 vars in 789 bytes} [Mon May 4 04:21:13 2026] PUT /v2.0/routers/d92440ae-40c8-40bc-a2a2-4cc9ee7aaba7/remove_router_interface => generated 309 bytes in 621 msecs (HTTP/1.1 200) 4 headers in 157 bytes (1 switches on core 0) [pid: 8|app: 0|req: 688/1451] 10.0.0.172 () {32 vars in 736 bytes} [Mon May 4 04:21:13 2026] GET /v2.0/ports?device_id=d92440ae-40c8-40bc-a2a2-4cc9ee7aaba7 => generated 12 bytes in 18 msecs (HTTP/1.1 200) 4 headers in 156 bytes (1 switches on core 0) /var/lib/openstack/lib/python3.12/site-packages/pycadf/identifier.py:70: UserWarning: Invalid uuid: neutron. To ensure interoperability, identifiers should be a valid uuid. warnings.warn(('Invalid uuid: %s. To ensure interoperability, '
2026-05-04 04:21:13.820 8 INFO neutron.db.ovn_revision_numbers_db [None req-1434a259-1004-46a9-b313-57d38439e88a ea7f6f513c734bb3930b4fa5cdc84c51 7e9f06ca4e254b4aba48dd1836d5c62c - - default default] Successfully bumped revision number for resource 8f609554-3f31-4a1a-902a-b8c9e0fb5c22 (type: security_groups) to 1
2026-05-04 04:21:13.832 8 INFO neutron.db.ovn_revision_numbers_db [None req-1434a259-1004-46a9-b313-57d38439e88a ea7f6f513c734bb3930b4fa5cdc84c51 7e9f06ca4e254b4aba48dd1836d5c62c - - default default] Successfully bumped revision number for resource 2b017e50-5d6f-458f-9a11-1a5ae77c5e5d (type: security_group_rules) to 0
2026-05-04 04:21:13.844 8 INFO neutron.db.ovn_revision_numbers_db [None req-1434a259-1004-46a9-b313-57d38439e88a ea7f6f513c734bb3930b4fa5cdc84c51 7e9f06ca4e254b4aba48dd1836d5c62c - - default default] Successfully bumped revision number for resource b1124636-6e18-4f08-b726-9f7818bc92a4 (type: security_group_rules) to 0
2026-05-04 04:21:13.855 8 INFO neutron.db.ovn_revision_numbers_db [None req-1434a259-1004-46a9-b313-57d38439e88a ea7f6f513c734bb3930b4fa5cdc84c51 7e9f06ca4e254b4aba48dd1836d5c62c - - default default] Successfully bumped revision number for resource e256df37-7214-40b4-bf68-4d192a03dc87 (type: security_group_rules) to 0
2026-05-04 04:21:13.865 8 INFO neutron.db.ovn_revision_numbers_db [None req-1434a259-1004-46a9-b313-57d38439e88a ea7f6f513c734bb3930b4fa5cdc84c51 7e9f06ca4e254b4aba48dd1836d5c62c - - default default] Successfully bumped revision number for resource e4590519-b827-4d5c-a026-edbfa47e5564 (type: security_group_rules) to 0 [pid: 8|app: 0|req: 689/1452] 10.0.0.172 () {32 vars in 774 bytes} [Mon May 4 04:21:13 2026] GET /v2.0/security-groups?tenant_id=1caaa3cb5bb749519896037b9aba6a7e&name=default => generated 2925 bytes in 207 msecs (HTTP/1.1 200) 4 headers in 158 bytes (1 switches on core 0) [pid: 7|app: 0|req: 764/1453] 10.0.0.172 () {32 vars in 724 bytes} [Mon May 4 04:21:13 2026] DELETE /v2.0/routers/d92440ae-40c8-40bc-a2a2-4cc9ee7aaba7 => generated 0 bytes in 229 msecs (HTTP/1.1 204) 2 headers in 112 bytes (1 switches on core 0) [pid: 7|app: 0|req: 765/1454] 10.0.0.172 () {32 vars in 724 bytes} [Mon May 4 04:21:13 2026] DELETE /v2.0/subnets/476d5ca0-f9f3-47e5-9562-0d5e76f54e0d => generated 0 bytes in 154 msecs (HTTP/1.1 204) 3 headers in 131 bytes (1 switches on core 0) [pid: 8|app: 0|req: 690/1455] 10.0.0.172 () {32 vars in 740 bytes} [Mon May 4 04:21:13 2026] DELETE /v2.0/security-groups/8f609554-3f31-4a1a-902a-b8c9e0fb5c22 => generated 0 bytes in 262 msecs (HTTP/1.1 204) 2 headers in 112 bytes (1 switches on core 0) [pid: 7|app: 0|req: 766/1456] 10.0.0.172 () {32 vars in 724 bytes} [Mon May 4 04:21:14 2026] DELETE /v2.0/subnets/4a166b40-46a6-47e2-a9a2-7a2a348f39f7 => generated 0 bytes in 155 msecs (HTTP/1.1 204) 3 headers in 131 bytes (1 switches on core 0)
2026-05-04 04:21:14.336 8 INFO neutron_taas.services.taas.taas_plugin [None req-ef2fca82-6c00-4304-aacc-28c4fa0db912 acf0cdc1204142d183d7ebe27063847c e5fbf10ad08f40d8b18de2ac40e0c2e8 - - default default] TaaS: Handle Delete Port: 7a5040db-54b8-435d-ab3f-8abfb1426a83
2026-05-04 04:21:14.340 8 INFO neutron_taas.services.taas.tap_mirror_plugin [None req-ef2fca82-6c00-4304-aacc-28c4fa0db912 acf0cdc1204142d183d7ebe27063847c e5fbf10ad08f40d8b18de2ac40e0c2e8 - - default default] Tap Mirror: Handle Delete Port: 7a5040db-54b8-435d-ab3f-8abfb1426a83
2026-05-04 04:21:14.528 8 INFO neutron.services.segments.plugin [-] Segment be9dba94-fbe5-4a81-be8d-b1a30d51443c resource provider aggregate not found
2026-05-04 04:21:14.542 8 INFO neutron.services.segments.plugin [-] Segment be9dba94-fbe5-4a81-be8d-b1a30d51443c resource provider aggregate not found
2026-05-04 04:21:14.564 8 INFO neutron.services.segments.plugin [-] Segment be9dba94-fbe5-4a81-be8d-b1a30d51443c resource provider not found; error: Placement Client Error (4xx): {"errors": [{"status": 404, "title": "Not Found", "detail": "The resource could not be found.\n\n No resource provider with uuid be9dba94-fbe5-4a81-be8d-b1a30d51443c found for delete ", "request_id": "req-23ac82cd-f0a3-4814-aca1-558742c3074e"}]}
2026-05-04 04:21:14.569 8 INFO neutron.services.segments.plugin [-] Segment be9dba94-fbe5-4a81-be8d-b1a30d51443c resource provider not found; error: Placement Client Error (4xx): {"errors": [{"status": 404, "title": "Not Found", "detail": "The resource could not be found.\n\n No resource provider with uuid be9dba94-fbe5-4a81-be8d-b1a30d51443c found for delete ", "request_id": "req-45df9507-10b1-4f0d-9948-99893cf5bfcf"}]} [pid: 8|app: 0|req: 691/1457] 10.0.0.172 () {32 vars in 726 bytes} [Mon May 4 04:21:14 2026] DELETE /v2.0/networks/707b6942-c5ee-478d-8e2c-d13cfdcd6b3b => generated 0 bytes in 360 msecs (HTTP/1.1 204) 3 headers in 131 bytes (1 switches on core 0)
2026-05-04 04:21:14.732 7 INFO neutron_taas.services.taas.taas_plugin [None req-cae56d00-07ee-4c9a-907e-20b1823b0380 acf0cdc1204142d183d7ebe27063847c e5fbf10ad08f40d8b18de2ac40e0c2e8 - - default default] TaaS: Handle Delete Port: bde93882-971c-4a29-91cc-349295049fa6
2026-05-04 04:21:14.736 7 INFO neutron_taas.services.taas.tap_mirror_plugin [None req-cae56d00-07ee-4c9a-907e-20b1823b0380 acf0cdc1204142d183d7ebe27063847c e5fbf10ad08f40d8b18de2ac40e0c2e8 - - default default] Tap Mirror: Handle Delete Port: bde93882-971c-4a29-91cc-349295049fa6
2026-05-04 04:21:14.939 7 INFO neutron.services.segments.plugin [-] Segment 70aab49f-c89e-4215-bc24-0a8d96c0b810 resource provider aggregate not found
2026-05-04 04:21:14.942 7 INFO neutron.services.segments.plugin [-] Segment 70aab49f-c89e-4215-bc24-0a8d96c0b810 resource provider aggregate not found
2026-05-04 04:21:14.956 7 INFO neutron.services.segments.plugin [-] Segment 70aab49f-c89e-4215-bc24-0a8d96c0b810 resource provider not found; error: Placement Client Error (4xx): {"errors": [{"status": 404, "title": "Not Found", "detail": "The resource could not be found.\n\n No resource provider with uuid 70aab49f-c89e-4215-bc24-0a8d96c0b810 found for delete ", "request_id": "req-cde6b0f1-62fa-4987-b249-cfc428f6e59d"}]}
2026-05-04 04:21:14.963 7 INFO neutron.services.segments.plugin [-] Segment 70aab49f-c89e-4215-bc24-0a8d96c0b810 resource provider not found; error: Placement Client Error (4xx): {"errors": [{"status": 404, "title": "Not Found", "detail": "The resource could not be found.\n\n No resource provider with uuid 70aab49f-c89e-4215-bc24-0a8d96c0b810 found for delete ", "request_id": "req-5ab8c31f-bb58-483a-9f77-e9148ea782a0"}]} [pid: 7|app: 0|req: 767/1458] 10.0.0.172 () {32 vars in 726 bytes} [Mon May 4 04:21:14 2026] DELETE /v2.0/networks/4b0209dc-3643-4443-aee8-970fa3dbb82c => generated 0 bytes in 378 msecs (HTTP/1.1 204) 3 headers in 131 bytes (1 switches on core 0)
2026-05-04 04:21:15.085 8 INFO neutron.db.segments_db [None req-a7b1b028-7bfb-4977-bb23-a46575e0a804 acf0cdc1204142d183d7ebe27063847c e5fbf10ad08f40d8b18de2ac40e0c2e8 - - default default] Added segment f33b6db5-7161-47da-8385-72f439906fc2 of type geneve for network 61606865-e1bc-44cb-afe7-06daf1d1ccba
2026-05-04 04:21:15.193 8 INFO neutron.db.ovn_revision_numbers_db [None req-a7b1b028-7bfb-4977-bb23-a46575e0a804 acf0cdc1204142d183d7ebe27063847c e5fbf10ad08f40d8b18de2ac40e0c2e8 - - default default] Successfully bumped revision number for resource 61606865-e1bc-44cb-afe7-06daf1d1ccba (type: networks) to 1
2026-05-04 04:21:15.295 8 WARNING neutron.plugins.ml2.drivers.ovn.mech_driver.ovsdb.ovn_client [None req-9fbd8e39-03b9-4009-9d24-ed692124b751 - - - - - -] No port found with ID 8f654715-5084-4c61-a5b4-abc72581ab0d: RuntimeError: No port found with ID 8f654715-5084-4c61-a5b4-abc72581ab0d
2026-05-04 04:21:15.391 8 WARNING neutron.scheduler.dhcp_agent_scheduler [None req-a7b1b028-7bfb-4977-bb23-a46575e0a804 acf0cdc1204142d183d7ebe27063847c e5fbf10ad08f40d8b18de2ac40e0c2e8 - - default default] No more DHCP agents
2026-05-04 04:21:15.392 8 WARNING neutron.api.rpc.agentnotifiers.dhcp_rpc_agent_api [None req-a7b1b028-7bfb-4977-bb23-a46575e0a804 acf0cdc1204142d183d7ebe27063847c e5fbf10ad08f40d8b18de2ac40e0c2e8 - - default default] Unable to schedule network 61606865-e1bc-44cb-afe7-06daf1d1ccba: no agents available; will retry on subsequent port and subnet creation events.
2026-05-04 04:21:15.443 8 INFO neutron.plugins.ml2.drivers.ovn.mech_driver.mech_driver [None req-9fbd8e39-03b9-4009-9d24-ed692124b751 - - - - - -] OVN reports status down for port: ccf092c5-a1cb-459a-b393-f55e6fda200a
2026-05-04 04:21:15.503 8 INFO neutron.db.ovn_revision_numbers_db [None req-a7b1b028-7bfb-4977-bb23-a46575e0a804 acf0cdc1204142d183d7ebe27063847c e5fbf10ad08f40d8b18de2ac40e0c2e8 - - default default] Successfully bumped revision number for resource ccf092c5-a1cb-459a-b393-f55e6fda200a (type: ports) to 1 [pid: 8|app: 0|req: 692/1459] 10.0.0.172 () {34 vars in 670 bytes} [Mon May 4 04:21:14 2026] POST /v2.0/networks => generated 653 bytes in 562 msecs (HTTP/1.1 201) 4 headers in 162 bytes (1 switches on core 0)
2026-05-04 04:21:15.712 7 WARNING neutron.scheduler.dhcp_agent_scheduler [None req-1b7d2237-8fe7-4704-b7f2-d2542f99b0c9 acf0cdc1204142d183d7ebe27063847c e5fbf10ad08f40d8b18de2ac40e0c2e8 - - default default] No more DHCP agents
2026-05-04 04:21:15.713 7 WARNING neutron.api.rpc.agentnotifiers.dhcp_rpc_agent_api [None req-1b7d2237-8fe7-4704-b7f2-d2542f99b0c9 acf0cdc1204142d183d7ebe27063847c e5fbf10ad08f40d8b18de2ac40e0c2e8 - - default default] Unable to schedule network 61606865-e1bc-44cb-afe7-06daf1d1ccba: no agents available; will retry on subsequent port and subnet creation events.
2026-05-04 04:21:15.752 7 INFO neutron.db.ovn_revision_numbers_db [None req-1b7d2237-8fe7-4704-b7f2-d2542f99b0c9 acf0cdc1204142d183d7ebe27063847c e5fbf10ad08f40d8b18de2ac40e0c2e8 - - default default] Successfully bumped revision number for resource ae4c0b73-2e86-4351-979c-2053b005e430 (type: subnets) to 0 [pid: 7|app: 0|req: 768/1460] 10.0.0.172 () {34 vars in 669 bytes} [Mon May 4 04:21:15 2026] POST /v2.0/subnets => generated 646 bytes in 211 msecs (HTTP/1.1 201) 4 headers in 162 bytes (1 switches on core 0)
2026-05-04 04:21:15.895 8 INFO neutron.db.ovn_revision_numbers_db [None req-f409e240-38be-454b-b340-79bc09b722e3 acf0cdc1204142d183d7ebe27063847c e5fbf10ad08f40d8b18de2ac40e0c2e8 - - default default] Successfully bumped revision number for resource a4ccd728-714e-4c72-b667-9eb7f2f951bc (type: routers) to 1 [pid: 8|app: 0|req: 693/1461] 10.0.0.172 () {34 vars in 669 bytes} [Mon May 4 04:21:15 2026] POST /v2.0/routers => generated 607 bytes in 142 msecs (HTTP/1.1 201) 4 headers in 162 bytes (1 switches on core 0)
2026-05-04 04:21:16.201 7 WARNING neutron.scheduler.dhcp_agent_scheduler [None req-2801b15b-e632-49c8-a54b-d44963dcbd0b acf0cdc1204142d183d7ebe27063847c e5fbf10ad08f40d8b18de2ac40e0c2e8 - - default default] No more DHCP agents
2026-05-04 04:21:16.203 7 WARNING neutron.api.rpc.agentnotifiers.dhcp_rpc_agent_api [None req-2801b15b-e632-49c8-a54b-d44963dcbd0b acf0cdc1204142d183d7ebe27063847c e5fbf10ad08f40d8b18de2ac40e0c2e8 - - default default] Unable to schedule network 61606865-e1bc-44cb-afe7-06daf1d1ccba: no agents available; will retry on subsequent port and subnet creation events.
2026-05-04 04:21:16.329 7 INFO neutron.db.ovn_revision_numbers_db [None req-2801b15b-e632-49c8-a54b-d44963dcbd0b acf0cdc1204142d183d7ebe27063847c e5fbf10ad08f40d8b18de2ac40e0c2e8 - - default default] Successfully bumped revision number for resource 2941720f-5f0f-4abd-9c55-1bec9ce569f4 (type: ports) to 1 [pid: 7|app: 0|req: 769/1462] 10.0.0.172 () {34 vars in 665 bytes} [Mon May 4 04:21:15 2026] POST /v2.0/ports => generated 959 bytes in 451 msecs (HTTP/1.1 201) 4 headers in 162 bytes (1 switches on core 0) /var/lib/openstack/lib/python3.12/site-packages/pycadf/identifier.py:70: UserWarning: Invalid uuid: neutron. To ensure interoperability, identifiers should be a valid uuid. warnings.warn(('Invalid uuid: %s. To ensure interoperability, '
2026-05-04 04:21:16.813 7 INFO neutron.db.ovn_revision_numbers_db [None req-a396d95e-dffd-4f79-8680-800eaf733f54 ea7f6f513c734bb3930b4fa5cdc84c51 7e9f06ca4e254b4aba48dd1836d5c62c - - default default] Successfully bumped revision number for resource 6de0e67c-468e-44d7-aeff-0fa2305c20e4 (type: security_groups) to 1
2026-05-04 04:21:16.825 7 INFO neutron.db.ovn_revision_numbers_db [None req-a396d95e-dffd-4f79-8680-800eaf733f54 ea7f6f513c734bb3930b4fa5cdc84c51 7e9f06ca4e254b4aba48dd1836d5c62c - - default default] Successfully bumped revision number for resource 08d3b801-d8d0-477a-85c7-4f5671e13e6d (type: security_group_rules) to 0
2026-05-04 04:21:16.838 7 INFO neutron.db.ovn_revision_numbers_db [None req-a396d95e-dffd-4f79-8680-800eaf733f54 ea7f6f513c734bb3930b4fa5cdc84c51 7e9f06ca4e254b4aba48dd1836d5c62c - - default default] Successfully bumped revision number for resource 6b344c97-e4e2-4fc6-8918-6c7cec9b37ea (type: security_group_rules) to 0
2026-05-04 04:21:16.850 7 INFO neutron.db.ovn_revision_numbers_db [None req-a396d95e-dffd-4f79-8680-800eaf733f54 ea7f6f513c734bb3930b4fa5cdc84c51 7e9f06ca4e254b4aba48dd1836d5c62c - - default default] Successfully bumped revision number for resource cf6903d8-e528-4abb-9f3f-eb29a4d0300e (type: security_group_rules) to 0
2026-05-04 04:21:16.866 7 INFO neutron.db.ovn_revision_numbers_db [None req-a396d95e-dffd-4f79-8680-800eaf733f54 ea7f6f513c734bb3930b4fa5cdc84c51 7e9f06ca4e254b4aba48dd1836d5c62c - - default default] Successfully bumped revision number for resource e71ad48e-be84-494e-ac0c-0e4555943f4d (type: security_group_rules) to 0 [pid: 7|app: 0|req: 770/1463] 10.0.0.172 () {32 vars in 774 bytes} [Mon May 4 04:21:16 2026] GET /v2.0/security-groups?tenant_id=ea85701563174f5d9661a530159b87d3&name=default => generated 2925 bytes in 405 msecs (HTTP/1.1 200) 4 headers in 158 bytes (1 switches on core 0)
2026-05-04 04:21:16.971 8 INFO neutron.db.ovn_revision_numbers_db [None req-5292b569-c50b-4de9-ab96-e6dea091ae3d acf0cdc1204142d183d7ebe27063847c e5fbf10ad08f40d8b18de2ac40e0c2e8 - - default default] Successfully bumped revision number for resource 2941720f-5f0f-4abd-9c55-1bec9ce569f4 (type: ports) to 2 [pid: 7|app: 0|req: 771/1464] 10.0.0.172 () {32 vars in 740 bytes} [Mon May 4 04:21:16 2026] DELETE /v2.0/security-groups/6de0e67c-468e-44d7-aeff-0fa2305c20e4 => generated 0 bytes in 305 msecs (HTTP/1.1 204) 2 headers in 112 bytes (1 switches on core 0)
2026-05-04 04:21:17.515 7 WARNING neutron.plugins.ml2.drivers.ovn.mech_driver.ovsdb.ovn_client [None req-72bf7d4a-d1e0-4f24-b584-6f6a5c8ef949 - - - - - -] No port found with ID a786e7aa-22a1-4e12-822f-be18b163e8d3: RuntimeError: No port found with ID a786e7aa-22a1-4e12-822f-be18b163e8d3
2026-05-04 04:21:17.541 7 INFO neutron.plugins.ml2.drivers.ovn.mech_driver.mech_driver [None req-72bf7d4a-d1e0-4f24-b584-6f6a5c8ef949 - - - - - -] OVN reports status down for port: 2941720f-5f0f-4abd-9c55-1bec9ce569f4
2026-05-04 04:21:17.608 8 WARNING neutron.scheduler.dhcp_agent_scheduler [None req-5292b569-c50b-4de9-ab96-e6dea091ae3d acf0cdc1204142d183d7ebe27063847c e5fbf10ad08f40d8b18de2ac40e0c2e8 - - default default] No more DHCP agents
2026-05-04 04:21:17.609 8 WARNING neutron.api.rpc.agentnotifiers.dhcp_rpc_agent_api [None req-5292b569-c50b-4de9-ab96-e6dea091ae3d acf0cdc1204142d183d7ebe27063847c e5fbf10ad08f40d8b18de2ac40e0c2e8 - - default default] Unable to schedule network 61606865-e1bc-44cb-afe7-06daf1d1ccba: no agents available; will retry on subsequent port and subnet creation events. [pid: 7|app: 0|req: 772/1465] 10.0.0.116 () {34 vars in 990 bytes} [Mon May 4 04:21:17 2026] GET /v2.0/ports?device_id=f25b0cf7-16f6-48aa-a49a-520e5b3f66d5 => generated 1209 bytes in 254 msecs (HTTP/1.1 200) 4 headers in 158 bytes (1 switches on core 0)
2026-05-04 04:21:17.653 7 WARNING neutron.plugins.ml2.drivers.ovn.mech_driver.ovsdb.ovn_client [None req-72bf7d4a-d1e0-4f24-b584-6f6a5c8ef949 - - - - - -] Logical_Switch_Port %s host information not removed, the port state is up
2026-05-04 04:21:17.654 7 INFO neutron.plugins.ml2.drivers.ovn.mech_driver.mech_driver [None req-72bf7d4a-d1e0-4f24-b584-6f6a5c8ef949 - - - - - -] OVN reports status up for port: 2941720f-5f0f-4abd-9c55-1bec9ce569f4 [pid: 7|app: 0|req: 773/1466] 10.0.0.116 () {34 vars in 1040 bytes} [Mon May 4 04:21:17 2026] GET /v2.0/security-groups?id=b235dadb-0db7-4a1a-ae48-c54c902f6cb8&fields=id&fields=name => generated 113 bytes in 57 msecs (HTTP/1.1 200) 4 headers in 157 bytes (1 switches on core 0)
