2026-05-04 04:21:52.914 8 INFO neutron.plugins.ml2.drivers.ovn.mech_driver.mech_driver [None req-06428e48-0f65-4d16-83c7-793a0e020e4f - - - - - -] OVN reports status down for port: 54c85928-8c30-448a-b7eb-ad5188f149e7
2026-05-04 04:21:52.930 7 INFO neutron.plugins.ml2.drivers.ovn.mech_driver.mech_driver [None req-7994e13c-a1e2-4552-a949-e0e056eeb16f - - - - - -] OVN reports status down for port: 2c3593bb-bda2-4522-96bb-b8a5e91acfd4
2026-05-04 04:21:52.984 8 INFO neutron.db.ovn_revision_numbers_db [None req-4104d0ee-0188-41b4-b636-93b84a81085d 74845f38e25a4fb499c48af536532e61 41d0c08a80b4484b91d1fe01f839729d - - default default] Successfully bumped revision number for resource 54c85928-8c30-448a-b7eb-ad5188f149e7 (type: ports) to 1
2026-05-04 04:21:53.000 7 INFO neutron.plugins.ml2.drivers.ovn.mech_driver.ovsdb.commands [None req-e722c305-830b-4159-a25e-faa2e4ceead0 - - - - - -] Schedule LRP lrp-036123c5-07e3-4221-b062-8d128d6ef3db on gateway e02b8716-29db-4254-a6c1-8083ee1e8b7a with priority 1
2026-05-04 04:21:53.031 7 INFO neutron.plugins.ml2.drivers.ovn.mech_driver.ovsdb.ovsdb_monitor [None req-35e85c2e-2406-4645-8707-3fbec547a945 - - - - - -] Router e5f1ebbe-e3dc-40e6-b2ae-472a81be08d0 is bound to host instance
2026-05-04 04:21:53.128 7 INFO neutron.plugins.ml2.drivers.ovn.mech_driver.mech_driver [None req-7994e13c-a1e2-4552-a949-e0e056eeb16f - - - - - -] OVN reports status down for port: 036123c5-07e3-4221-b062-8d128d6ef3db
2026-05-04 04:21:53.231 7 INFO neutron.db.ovn_revision_numbers_db [None req-4fdae254-a82e-4d0a-a4be-a7b6a3d69f52 ea7f6f513c734bb3930b4fa5cdc84c51 7e9f06ca4e254b4aba48dd1836d5c62c - - default default] Successfully bumped revision number for resource 036123c5-07e3-4221-b062-8d128d6ef3db (type: router_ports) to 1
2026-05-04 04:21:53.674 8 INFO neutron.plugins.ml2.drivers.ovn.mech_driver.ovsdb.commands [None req-da1c551d-ef87-47d9-88e8-454f2df9ae0c - - - - - -] Schedule LRP lrp-54c85928-8c30-448a-b7eb-ad5188f149e7 on gateway e02b8716-29db-4254-a6c1-8083ee1e8b7a with priority 1
2026-05-04 04:21:53.714 8 INFO neutron.plugins.ml2.drivers.ovn.mech_driver.mech_driver [None req-06428e48-0f65-4d16-83c7-793a0e020e4f - - - - - -] OVN reports status up for port: 54c85928-8c30-448a-b7eb-ad5188f149e7
2026-05-04 04:21:53.739 8 INFO neutron.plugins.ml2.plugin [None req-06428e48-0f65-4d16-83c7-793a0e020e4f - - - - - -] Attempt 1 to provision port 54c85928-8c30-448a-b7eb-ad5188f149e7
2026-05-04 04:21:53.770 8 INFO neutron.db.ovn_revision_numbers_db [None req-4104d0ee-0188-41b4-b636-93b84a81085d 74845f38e25a4fb499c48af536532e61 41d0c08a80b4484b91d1fe01f839729d - - default default] Successfully bumped revision number for resource 54c85928-8c30-448a-b7eb-ad5188f149e7 (type: router_ports) to 1
2026-05-04 04:21:53.887 8 INFO neutron.db.ovn_revision_numbers_db [None req-4104d0ee-0188-41b4-b636-93b84a81085d 74845f38e25a4fb499c48af536532e61 41d0c08a80b4484b91d1fe01f839729d - - default default] Successfully bumped revision number for resource b2d85c11-c032-429d-a09b-af06e4fa36f1 (type: routers) to 2 [pid: 8|app: 0|req: 812/1703] 10.0.0.172 () {34 vars in 669 bytes} [Mon May 4 04:21:52 2026] POST /v2.0/routers => generated 955 bytes in 1467 msecs (HTTP/1.1 201) 4 headers in 162 bytes (1 switches on core 0)
2026-05-04 04:21:53.991 7 WARNING neutron.plugins.ml2.drivers.ovn.mech_driver.ovsdb.ovn_client [None req-7994e13c-a1e2-4552-a949-e0e056eeb16f - - - - - -] Logical_Switch_Port %s host information not removed, the port state is up
2026-05-04 04:21:53.992 7 INFO neutron.plugins.ml2.drivers.ovn.mech_driver.mech_driver [None req-7994e13c-a1e2-4552-a949-e0e056eeb16f - - - - - -] OVN reports status down for port: ee33671c-0987-4775-95df-5f59e03b1a8e
2026-05-04 04:21:54.021 7 INFO neutron.db.ovn_revision_numbers_db [None req-4fdae254-a82e-4d0a-a4be-a7b6a3d69f52 ea7f6f513c734bb3930b4fa5cdc84c51 7e9f06ca4e254b4aba48dd1836d5c62c - - default default] Successfully bumped revision number for resource e5f1ebbe-e3dc-40e6-b2ae-472a81be08d0 (type: routers) to 2 [pid: 7|app: 0|req: 892/1704] 10.0.0.172 () {34 vars in 669 bytes} [Mon May 4 04:21:51 2026] POST /v2.0/routers => generated 966 bytes in 2575 msecs (HTTP/1.1 201) 4 headers in 162 bytes (1 switches on core 0) [pid: 8|app: 0|req: 813/1705] 10.0.0.172 () {34 vars in 666 bytes} [Mon May 4 04:21:53 2026] POST /v2.0/trunks => generated 409 bytes in 219 msecs (HTTP/1.1 201) 4 headers in 162 bytes (1 switches on core 0)
2026-05-04 04:21:54.177 7 INFO neutron.plugins.ml2.drivers.ovn.mech_driver.mech_driver [None req-7994e13c-a1e2-4552-a949-e0e056eeb16f - - - - - -] OVN reports status up for port: 036123c5-07e3-4221-b062-8d128d6ef3db
2026-05-04 04:21:54.194 7 INFO neutron.plugins.ml2.plugin [None req-7994e13c-a1e2-4552-a949-e0e056eeb16f - - - - - -] Attempt 1 to provision port 036123c5-07e3-4221-b062-8d128d6ef3db
2026-05-04 04:21:54.377 7 WARNING neutron.scheduler.dhcp_agent_scheduler [None req-7fc26aa4-4b66-4618-8e31-f75bf9d87e8a b7ad1f1bfad64494a7bbcd53b73752f4 acfb641a96ca4d9db084a3baf696c528 - - default default] No more DHCP agents
2026-05-04 04:21:54.378 7 WARNING neutron.api.rpc.agentnotifiers.dhcp_rpc_agent_api [None req-7fc26aa4-4b66-4618-8e31-f75bf9d87e8a b7ad1f1bfad64494a7bbcd53b73752f4 acfb641a96ca4d9db084a3baf696c528 - - default default] Unable to schedule network 2d0180be-9dd1-4ea0-af24-4ee194b9e2ac: no agents available; will retry on subsequent port and subnet creation events.
2026-05-04 04:21:54.574 8 WARNING neutron.scheduler.dhcp_agent_scheduler [None req-135c6b05-d072-421d-a2ab-637809815f08 74845f38e25a4fb499c48af536532e61 41d0c08a80b4484b91d1fe01f839729d - - default default] No more DHCP agents
2026-05-04 04:21:54.575 8 WARNING neutron.api.rpc.agentnotifiers.dhcp_rpc_agent_api [None req-135c6b05-d072-421d-a2ab-637809815f08 74845f38e25a4fb499c48af536532e61 41d0c08a80b4484b91d1fe01f839729d - - default default] Unable to schedule network 63d32623-ea8b-4980-b601-2641403a6683: no agents available; will retry on subsequent port and subnet creation events.
2026-05-04 04:21:54.714 8 INFO neutron.db.ovn_revision_numbers_db [None req-135c6b05-d072-421d-a2ab-637809815f08 74845f38e25a4fb499c48af536532e61 41d0c08a80b4484b91d1fe01f839729d - - default default] Successfully bumped revision number for resource d2200db1-b384-4725-a694-f5148078389e (type: ports) to 1
2026-05-04 04:21:54.940 7 INFO neutron.db.ovn_revision_numbers_db [None req-81a12fb4-40a9-475d-8cc4-d82119572e60 - - - - - -] Successfully bumped revision number for resource ee33671c-0987-4775-95df-5f59e03b1a8e (type: ports) to 2
2026-05-04 04:21:55.008 7 INFO neutron.db.ovn_revision_numbers_db [None req-81a12fb4-40a9-475d-8cc4-d82119572e60 - - - - - -] Successfully bumped revision number for resource 4981f10e-7c92-42a8-a440-0b8a852f98f2 (type: subnets) to 0 [pid: 7|app: 0|req: 893/1706] 10.0.0.172 () {34 vars in 669 bytes} [Mon May 4 04:21:54 2026] POST /v2.0/subnets => generated 626 bytes in 957 msecs (HTTP/1.1 201) 4 headers in 162 bytes (1 switches on core 0)
2026-05-04 04:21:55.462 8 WARNING neutron.scheduler.dhcp_agent_scheduler [None req-135c6b05-d072-421d-a2ab-637809815f08 74845f38e25a4fb499c48af536532e61 41d0c08a80b4484b91d1fe01f839729d - - default default] No more DHCP agents
2026-05-04 04:21:55.464 8 WARNING neutron.api.rpc.agentnotifiers.dhcp_rpc_agent_api [None req-135c6b05-d072-421d-a2ab-637809815f08 74845f38e25a4fb499c48af536532e61 41d0c08a80b4484b91d1fe01f839729d - - default default] Unable to schedule network 63d32623-ea8b-4980-b601-2641403a6683: no agents available; will retry on subsequent port and subnet creation events.
2026-05-04 04:21:55.822 8 INFO neutron.db.ovn_revision_numbers_db [None req-135c6b05-d072-421d-a2ab-637809815f08 74845f38e25a4fb499c48af536532e61 41d0c08a80b4484b91d1fe01f839729d - - default default] Successfully bumped revision number for resource d2200db1-b384-4725-a694-f5148078389e (type: router_ports) to 1 [pid: 8|app: 0|req: 814/1707] 10.0.0.172 () {34 vars in 783 bytes} [Mon May 4 04:21:54 2026] PUT /v2.0/routers/b2d85c11-c032-429d-a09b-af06e4fa36f1/add_router_interface => generated 309 bytes in 1707 msecs (HTTP/1.1 200) 4 headers in 157 bytes (1 switches on core 0) [pid: 8|app: 0|req: 815/1708] 10.0.0.172 () {34 vars in 749 bytes} [Mon May 4 04:21:55 2026] PUT /v2.0/trunks/204ccac5-6b5e-404f-90be-400c55c75ddd/tags => generated 17 bytes in 30 msecs (HTTP/1.1 200) 4 headers in 156 bytes (1 switches on core 0)
2026-05-04 04:21:55.944 7 WARNING neutron.scheduler.dhcp_agent_scheduler [None req-d0b36c2e-e353-4a21-89fd-5bed24e1de62 ea7f6f513c734bb3930b4fa5cdc84c51 7e9f06ca4e254b4aba48dd1836d5c62c - - default default] No more DHCP agents
2026-05-04 04:21:55.949 7 WARNING neutron.api.rpc.agentnotifiers.dhcp_rpc_agent_api [None req-d0b36c2e-e353-4a21-89fd-5bed24e1de62 ea7f6f513c734bb3930b4fa5cdc84c51 7e9f06ca4e254b4aba48dd1836d5c62c - - default default] Unable to schedule network 29747ac8-9576-4b8f-bf4f-6cd1d4329feb: no agents available; will retry on subsequent port and subnet creation events.
2026-05-04 04:21:55.981 8 INFO neutron.db.ovn_revision_numbers_db [None req-72aff092-1b20-45e0-9005-ea2b0c2e44b1 b7ad1f1bfad64494a7bbcd53b73752f4 acfb641a96ca4d9db084a3baf696c528 - - default default] Successfully bumped revision number for resource 81624c4d-7167-49ea-9dc1-325d85540818 (type: routers) to 1 [pid: 8|app: 0|req: 816/1709] 10.0.0.172 () {34 vars in 669 bytes} [Mon May 4 04:21:55 2026] POST /v2.0/routers => generated 602 bytes in 137 msecs (HTTP/1.1 201) 4 headers in 162 bytes (1 switches on core 0)
2026-05-04 04:21:56.268 7 INFO neutron.db.ovn_revision_numbers_db [None req-d0b36c2e-e353-4a21-89fd-5bed24e1de62 ea7f6f513c734bb3930b4fa5cdc84c51 7e9f06ca4e254b4aba48dd1836d5c62c - - default default] Successfully bumped revision number for resource 4b03ee3c-22c8-4542-9b6b-2965c6442852 (type: ports) to 1
2026-05-04 04:21:56.308 7 INFO neutron.db.ovn_revision_numbers_db [None req-8ff3e07f-0b8e-4712-8f3d-5c5922617abd - - - - - -] Successfully bumped revision number for resource 036123c5-07e3-4221-b062-8d128d6ef3db (type: ports) to 4
2026-05-04 04:21:56.366 8 WARNING neutron.scheduler.dhcp_agent_scheduler [None req-3699915e-a22c-4cb7-8915-db568fd67964 74845f38e25a4fb499c48af536532e61 41d0c08a80b4484b91d1fe01f839729d - - default default] No more DHCP agents
2026-05-04 04:21:56.369 8 WARNING neutron.api.rpc.agentnotifiers.dhcp_rpc_agent_api [None req-3699915e-a22c-4cb7-8915-db568fd67964 74845f38e25a4fb499c48af536532e61 41d0c08a80b4484b91d1fe01f839729d - - default default] Unable to schedule network 63d32623-ea8b-4980-b601-2641403a6683: no agents available; will retry on subsequent port and subnet creation events.
2026-05-04 04:21:56.557 8 INFO neutron.db.ovn_revision_numbers_db [None req-3699915e-a22c-4cb7-8915-db568fd67964 74845f38e25a4fb499c48af536532e61 41d0c08a80b4484b91d1fe01f839729d - - default default] Successfully bumped revision number for resource eea228db-499e-4dc6-bda1-0c03c68dcbed (type: ports) to 1 [pid: 8|app: 0|req: 819/1712] 10.0.0.172 () {34 vars in 665 bytes} [Mon May 4 04:21:56 2026] POST /v2.0/ports => generated 954 bytes in 615 msecs (HTTP/1.1 201) 4 headers in 162 bytes (1 switches on core 0) /var/lib/openstack/lib/python3.12/site-packages/pycadf/identifier.py:70: UserWarning: Invalid uuid: neutron. To ensure interoperability, identifiers should be a valid uuid. warnings.warn(('Invalid uuid: %s. To ensure interoperability, ' [pid: 8|app: 0|req: 820/1713] 10.0.0.172 () {34 vars in 749 bytes} [Mon May 4 04:21:56 2026] PUT /v2.0/trunks/180649d4-7268-4df1-bac5-f647bda29712/tags => generated 25 bytes in 35 msecs (HTTP/1.1 200) 4 headers in 156 bytes (1 switches on core 0)
2026-05-04 04:21:56.866 7 INFO neutron.plugins.ml2.drivers.ovn.mech_driver.mech_driver [None req-7994e13c-a1e2-4552-a949-e0e056eeb16f - - - - - -] OVN reports status down for port: d2200db1-b384-4725-a694-f5148078389e
2026-05-04 04:21:57.011 7 INFO neutron.db.ovn_revision_numbers_db [None req-8ff3e07f-0b8e-4712-8f3d-5c5922617abd - - - - - -] Successfully bumped revision number for resource 036123c5-07e3-4221-b062-8d128d6ef3db (type: ports) to 5
2026-05-04 04:21:57.166 7 WARNING neutron.plugins.ml2.drivers.ovn.mech_driver.ovsdb.ovn_client [None req-7994e13c-a1e2-4552-a949-e0e056eeb16f - - - - - -] Logical_Switch_Port %s host information not removed, the port state is up
2026-05-04 04:21:57.167 7 INFO neutron.plugins.ml2.drivers.ovn.mech_driver.mech_driver [None req-7994e13c-a1e2-4552-a949-e0e056eeb16f - - - - - -] OVN reports status up for port: d2200db1-b384-4725-a694-f5148078389e
2026-05-04 04:21:57.203 7 INFO neutron.plugins.ml2.plugin [None req-7994e13c-a1e2-4552-a949-e0e056eeb16f - - - - - -] Attempt 1 to provision port d2200db1-b384-4725-a694-f5148078389e
2026-05-04 04:21:57.430 8 WARNING neutron.scheduler.dhcp_agent_scheduler [None req-a979cb6c-74be-455e-87ac-e343e4459d56 b7ad1f1bfad64494a7bbcd53b73752f4 acfb641a96ca4d9db084a3baf696c528 - - default default] No more DHCP agents
2026-05-04 04:21:57.432 8 WARNING neutron.api.rpc.agentnotifiers.dhcp_rpc_agent_api [None req-a979cb6c-74be-455e-87ac-e343e4459d56 b7ad1f1bfad64494a7bbcd53b73752f4 acfb641a96ca4d9db084a3baf696c528 - - default default] Unable to schedule network 2d0180be-9dd1-4ea0-af24-4ee194b9e2ac: no agents available; will retry on subsequent port and subnet creation events.
2026-05-04 04:21:57.575 8 INFO neutron.db.ovn_revision_numbers_db [None req-a979cb6c-74be-455e-87ac-e343e4459d56 b7ad1f1bfad64494a7bbcd53b73752f4 acfb641a96ca4d9db084a3baf696c528 - - default default] Successfully bumped revision number for resource 293db227-14d9-416f-88af-7078b65cf12e (type: ports) to 1 [pid: 8|app: 0|req: 821/1714] 10.0.0.172 () {34 vars in 665 bytes} [Mon May 4 04:21:56 2026] POST /v2.0/ports => generated 948 bytes in 1004 msecs (HTTP/1.1 201) 4 headers in 162 bytes (1 switches on core 0) /var/lib/openstack/lib/python3.12/site-packages/pycadf/identifier.py:70: UserWarning: Invalid uuid: neutron. To ensure interoperability, identifiers should be a valid uuid. warnings.warn(('Invalid uuid: %s. To ensure interoperability, '
2026-05-04 04:21:57.747 7 WARNING neutron.scheduler.dhcp_agent_scheduler [None req-d0b36c2e-e353-4a21-89fd-5bed24e1de62 ea7f6f513c734bb3930b4fa5cdc84c51 7e9f06ca4e254b4aba48dd1836d5c62c - - default default] No more DHCP agents
2026-05-04 04:21:57.749 7 WARNING neutron.api.rpc.agentnotifiers.dhcp_rpc_agent_api [None req-d0b36c2e-e353-4a21-89fd-5bed24e1de62 ea7f6f513c734bb3930b4fa5cdc84c51 7e9f06ca4e254b4aba48dd1836d5c62c - - default default] Unable to schedule network 29747ac8-9576-4b8f-bf4f-6cd1d4329feb: no agents available; will retry on subsequent port and subnet creation events.
2026-05-04 04:21:57.949 8 WARNING neutron.scheduler.dhcp_agent_scheduler [None req-c720af07-69ef-4499-9c7b-0969561373cb 74845f38e25a4fb499c48af536532e61 41d0c08a80b4484b91d1fe01f839729d - - default default] No more DHCP agents
2026-05-04 04:21:57.950 8 WARNING neutron.api.rpc.agentnotifiers.dhcp_rpc_agent_api [None req-c720af07-69ef-4499-9c7b-0969561373cb 74845f38e25a4fb499c48af536532e61 41d0c08a80b4484b91d1fe01f839729d - - default default] Unable to schedule network 63d32623-ea8b-4980-b601-2641403a6683: no agents available; will retry on subsequent port and subnet creation events.
2026-05-04 04:21:58.025 7 INFO neutron.db.ovn_revision_numbers_db [None req-7994e13c-a1e2-4552-a949-e0e056eeb16f - - - - - -] Successfully bumped revision number for resource d2200db1-b384-4725-a694-f5148078389e (type: ports) to 2
2026-05-04 04:21:58.113 8 INFO neutron.db.ovn_revision_numbers_db [None req-c720af07-69ef-4499-9c7b-0969561373cb 74845f38e25a4fb499c48af536532e61 41d0c08a80b4484b91d1fe01f839729d - - default default] Successfully bumped revision number for resource 692621ae-d8e6-4ea9-8aaf-891d5fc0c4f8 (type: ports) to 1 [pid: 8|app: 0|req: 822/1715] 10.0.0.172 () {34 vars in 665 bytes} [Mon May 4 04:21:57 2026] POST /v2.0/ports => generated 955 bytes in 479 msecs (HTTP/1.1 201) 4 headers in 162 bytes (1 switches on core 0) /var/lib/openstack/lib/python3.12/site-packages/pycadf/identifier.py:70: UserWarning: Invalid uuid: neutron. To ensure interoperability, identifiers should be a valid uuid. warnings.warn(('Invalid uuid: %s. To ensure interoperability, ' [pid: 8|app: 0|req: 823/1716] 10.0.0.172 () {34 vars in 749 bytes} [Mon May 4 04:21:58 2026] PUT /v2.0/trunks/f9bb2003-0d0f-4877-8832-7962844ad426/tags => generated 34 bytes in 33 msecs (HTTP/1.1 200) 4 headers in 156 bytes (1 switches on core 0)
2026-05-04 04:21:58.456 7 INFO neutron.db.ovn_revision_numbers_db [None req-d0b36c2e-e353-4a21-89fd-5bed24e1de62 ea7f6f513c734bb3930b4fa5cdc84c51 7e9f06ca4e254b4aba48dd1836d5c62c - - default default] Successfully bumped revision number for resource 4b03ee3c-22c8-4542-9b6b-2965c6442852 (type: router_ports) to 1 [pid: 7|app: 0|req: 894/1717] 10.0.0.172 () {34 vars in 783 bytes} [Mon May 4 04:21:55 2026] PUT /v2.0/routers/e5f1ebbe-e3dc-40e6-b2ae-472a81be08d0/add_router_interface => generated 309 bytes in 3423 msecs (HTTP/1.1 200) 4 headers in 157 bytes (1 switches on core 0)
2026-05-04 04:21:58.703 7 WARNING neutron.scheduler.dhcp_agent_scheduler [None req-b21fe79f-eb31-4101-b830-e95b7fa14904 74845f38e25a4fb499c48af536532e61 41d0c08a80b4484b91d1fe01f839729d - - default default] No more DHCP agents
2026-05-04 04:21:58.704 7 WARNING neutron.api.rpc.agentnotifiers.dhcp_rpc_agent_api [None req-b21fe79f-eb31-4101-b830-e95b7fa14904 74845f38e25a4fb499c48af536532e61 41d0c08a80b4484b91d1fe01f839729d - - default default] Unable to schedule network 6f16b675-7e14-4f31-b9df-1ea438f99f4a: no agents available; will retry on subsequent port and subnet creation events.
2026-05-04 04:21:58.777 8 INFO neutron.db.ovn_revision_numbers_db [None req-489fda6c-b3df-4616-9a88-8bab0a59ce7e b7ad1f1bfad64494a7bbcd53b73752f4 acfb641a96ca4d9db084a3baf696c528 - - default default] Successfully bumped revision number for resource 293db227-14d9-416f-88af-7078b65cf12e (type: ports) to 2
2026-05-04 04:21:59.365 8 WARNING neutron.plugins.ml2.drivers.ovn.mech_driver.ovsdb.ovn_client [None req-06428e48-0f65-4d16-83c7-793a0e020e4f - - - - - -] No hosting information found for port 54c85928-8c30-448a-b7eb-ad5188f149e7: RuntimeError: No hosting information found for port 54c85928-8c30-448a-b7eb-ad5188f149e7
2026-05-04 04:21:59.366 8 INFO neutron.plugins.ml2.drivers.ovn.mech_driver.mech_driver [None req-06428e48-0f65-4d16-83c7-793a0e020e4f - - - - - -] OVN reports status down for port: 4b03ee3c-22c8-4542-9b6b-2965c6442852
2026-05-04 04:21:59.437 7 INFO neutron.db.ovn_revision_numbers_db [None req-b21fe79f-eb31-4101-b830-e95b7fa14904 74845f38e25a4fb499c48af536532e61 41d0c08a80b4484b91d1fe01f839729d - - default default] Successfully bumped revision number for resource fd7bd5d1-5845-46ff-b242-d438bba2edb5 (type: floatingips) to 1
2026-05-04 04:21:59.438 7 INFO neutron.db.l3_db [None req-b21fe79f-eb31-4101-b830-e95b7fa14904 74845f38e25a4fb499c48af536532e61 41d0c08a80b4484b91d1fe01f839729d - - default default] Floating IP fd7bd5d1-5845-46ff-b242-d438bba2edb5 associated. External IP: 10.96.250.202, port: 692621ae-d8e6-4ea9-8aaf-891d5fc0c4f8. [pid: 7|app: 0|req: 895/1718] 10.0.0.172 () {34 vars in 677 bytes} [Mon May 4 04:21:58 2026] POST /v2.0/floatingips => generated 842 bytes in 1016 msecs (HTTP/1.1 201) 4 headers in 162 bytes (1 switches on core 0)
2026-05-04 04:21:59.485 8 WARNING neutron.plugins.ml2.drivers.ovn.mech_driver.ovsdb.ovn_client [None req-06428e48-0f65-4d16-83c7-793a0e020e4f - - - - - -] Logical_Switch_Port %s host information not removed, the port state is up
2026-05-04 04:21:59.486 8 INFO neutron.plugins.ml2.drivers.ovn.mech_driver.mech_driver [None req-06428e48-0f65-4d16-83c7-793a0e020e4f - - - - - -] OVN reports status down for port: eea228db-499e-4dc6-bda1-0c03c68dcbed [pid: 7|app: 0|req: 896/1719] 10.0.0.172 () {34 vars in 749 bytes} [Mon May 4 04:21:59 2026] PUT /v2.0/trunks/418da9dc-dc4c-420d-ba4d-5920c0580c2c/tags => generated 19 bytes in 30 msecs (HTTP/1.1 200) 4 headers in 156 bytes (1 switches on core 0)
2026-05-04 04:21:59.514 8 WARNING neutron.scheduler.dhcp_agent_scheduler [None req-489fda6c-b3df-4616-9a88-8bab0a59ce7e b7ad1f1bfad64494a7bbcd53b73752f4 acfb641a96ca4d9db084a3baf696c528 - - default default] No more DHCP agents
2026-05-04 04:21:59.517 8 WARNING neutron.api.rpc.agentnotifiers.dhcp_rpc_agent_api [None req-489fda6c-b3df-4616-9a88-8bab0a59ce7e b7ad1f1bfad64494a7bbcd53b73752f4 acfb641a96ca4d9db084a3baf696c528 - - default default] Unable to schedule network 2d0180be-9dd1-4ea0-af24-4ee194b9e2ac: no agents available; will retry on subsequent port and subnet creation events.
2026-05-04 04:21:59.606 8 INFO neutron.plugins.ml2.drivers.ovn.mech_driver.mech_driver [None req-06428e48-0f65-4d16-83c7-793a0e020e4f - - - - - -] OVN reports status down for port: 293db227-14d9-416f-88af-7078b65cf12e
2026-05-04 04:21:59.654 7 INFO neutron.db.ovn_revision_numbers_db [None req-b1eea52b-67d4-4ae5-a459-df3ceecda110 ea7f6f513c734bb3930b4fa5cdc84c51 7e9f06ca4e254b4aba48dd1836d5c62c - - default default] Successfully bumped revision number for resource 5d9d07f3-406a-43db-b214-d60f47e3b28c (type: security_groups) to 1
2026-05-04 04:21:59.663 7 INFO neutron.db.ovn_revision_numbers_db [None req-b1eea52b-67d4-4ae5-a459-df3ceecda110 ea7f6f513c734bb3930b4fa5cdc84c51 7e9f06ca4e254b4aba48dd1836d5c62c - - default default] Successfully bumped revision number for resource 0aceefe6-77cb-4af1-8c21-86a0ecceb596 (type: security_group_rules) to 0
2026-05-04 04:21:59.678 7 INFO neutron.db.ovn_revision_numbers_db [None req-b1eea52b-67d4-4ae5-a459-df3ceecda110 ea7f6f513c734bb3930b4fa5cdc84c51 7e9f06ca4e254b4aba48dd1836d5c62c - - default default] Successfully bumped revision number for resource a0f84b33-e736-4fba-8a08-56ea6bcea53e (type: security_group_rules) to 0
2026-05-04 04:21:59.692 7 INFO neutron.db.ovn_revision_numbers_db [None req-b1eea52b-67d4-4ae5-a459-df3ceecda110 ea7f6f513c734bb3930b4fa5cdc84c51 7e9f06ca4e254b4aba48dd1836d5c62c - - default default] Successfully bumped revision number for resource a5f25583-4224-44af-94c5-332846503e33 (type: security_group_rules) to 0
2026-05-04 04:21:59.707 7 INFO neutron.db.ovn_revision_numbers_db [None req-b1eea52b-67d4-4ae5-a459-df3ceecda110 ea7f6f513c734bb3930b4fa5cdc84c51 7e9f06ca4e254b4aba48dd1836d5c62c - - default default] Successfully bumped revision number for resource f9d03200-3d71-401e-83ff-1fa1df2f90e4 (type: security_group_rules) to 0
2026-05-04 04:21:59.727 8 WARNING neutron.plugins.ml2.drivers.ovn.mech_driver.ovsdb.ovn_client [None req-06428e48-0f65-4d16-83c7-793a0e020e4f - - - - - -] Logical_Switch_Port %s host information not removed, the port state is up
2026-05-04 04:21:59.727 8 INFO neutron.plugins.ml2.drivers.ovn.mech_driver.mech_driver [None req-06428e48-0f65-4d16-83c7-793a0e020e4f - - - - - -] OVN reports status up for port: 4b03ee3c-22c8-4542-9b6b-2965c6442852
2026-05-04 04:21:59.746 8 INFO neutron.plugins.ml2.plugin [None req-06428e48-0f65-4d16-83c7-793a0e020e4f - - - - - -] Attempt 1 to provision port 4b03ee3c-22c8-4542-9b6b-2965c6442852
2026-05-04 04:21:59.804 7 INFO neutron.db.segments_db [None req-b1eea52b-67d4-4ae5-a459-df3ceecda110 ea7f6f513c734bb3930b4fa5cdc84c51 7e9f06ca4e254b4aba48dd1836d5c62c - - default default] Added segment bae849ed-7cd7-4de6-bfaf-508242983815 of type geneve for network 7cef85e3-0a46-4e8c-918e-a6646e134612
2026-05-04 04:21:59.923 7 INFO neutron.db.ovn_revision_numbers_db [None req-b1eea52b-67d4-4ae5-a459-df3ceecda110 ea7f6f513c734bb3930b4fa5cdc84c51 7e9f06ca4e254b4aba48dd1836d5c62c - - default default] Successfully bumped revision number for resource 7cef85e3-0a46-4e8c-918e-a6646e134612 (type: networks) to 1
2026-05-04 04:21:59.971 8 INFO neutron.db.ovn_revision_numbers_db [None req-489fda6c-b3df-4616-9a88-8bab0a59ce7e b7ad1f1bfad64494a7bbcd53b73752f4 acfb641a96ca4d9db084a3baf696c528 - - default default] Successfully bumped revision number for resource 293db227-14d9-416f-88af-7078b65cf12e (type: router_ports) to 2 [pid: 8|app: 0|req: 824/1720] 10.0.0.172 () {34 vars in 783 bytes} [Mon May 4 04:21:58 2026] PUT /v2.0/routers/81624c4d-7167-49ea-9dc1-325d85540818/add_router_interface => generated 309 bytes in 1810 msecs (HTTP/1.1 200) 4 headers in 157 bytes (1 switches on core 0) /var/lib/openstack/lib/python3.12/site-packages/pycadf/identifier.py:70: UserWarning: Invalid uuid: neutron. To ensure interoperability, identifiers should be a valid uuid. warnings.warn(('Invalid uuid: %s. To ensure interoperability, '
2026-05-04 04:22:00.092 7 WARNING neutron.scheduler.dhcp_agent_scheduler [None req-b1eea52b-67d4-4ae5-a459-df3ceecda110 ea7f6f513c734bb3930b4fa5cdc84c51 7e9f06ca4e254b4aba48dd1836d5c62c - - default default] No more DHCP agents
2026-05-04 04:22:00.093 7 WARNING neutron.api.rpc.agentnotifiers.dhcp_rpc_agent_api [None req-b1eea52b-67d4-4ae5-a459-df3ceecda110 ea7f6f513c734bb3930b4fa5cdc84c51 7e9f06ca4e254b4aba48dd1836d5c62c - - default default] Unable to schedule network 7cef85e3-0a46-4e8c-918e-a6646e134612: no agents available; will retry on subsequent port and subnet creation events.
2026-05-04 04:22:00.176 7 INFO neutron.db.ovn_revision_numbers_db [None req-b1eea52b-67d4-4ae5-a459-df3ceecda110 ea7f6f513c734bb3930b4fa5cdc84c51 7e9f06ca4e254b4aba48dd1836d5c62c - - default default] Successfully bumped revision number for resource e3e20f93-1dc8-47e6-b33c-3a46f27bb4c1 (type: ports) to 1 [pid: 7|app: 0|req: 897/1721] 10.0.0.172 () {34 vars in 671 bytes} [Mon May 4 04:21:59 2026] POST /v2.0/networks => generated 763 bytes in 689 msecs (HTTP/1.1 201) 4 headers in 162 bytes (1 switches on core 0) [pid: 7|app: 0|req: 898/1722] 10.0.0.172 () {32 vars in 662 bytes} [Mon May 4 04:22:00 2026] GET /v2.0/trunks?tags=red => generated 1252 bytes in 18 msecs (HTTP/1.1 200) 4 headers in 158 bytes (1 switches on core 0) [pid: 7|app: 0|req: 899/1723] 10.0.0.172 () {32 vars in 717 bytes} [Mon May 4 04:22:00 2026] GET /v2.0/ports/293db227-14d9-416f-88af-7078b65cf12e => generated 1008 bytes in 90 msecs (HTTP/1.1 200) 4 headers in 158 bytes (1 switches on core 0)
2026-05-04 04:22:00.310 8 INFO neutron.db.ovn_revision_numbers_db [None req-046d3b62-7444-49e9-b960-9905fa77234d 74845f38e25a4fb499c48af536532e61 41d0c08a80b4484b91d1fe01f839729d - - default default] Successfully bumped revision number for resource fd7bd5d1-5845-46ff-b242-d438bba2edb5 (type: floatingips) to 2
2026-05-04 04:22:00.405 8 INFO neutron.db.l3_db [None req-046d3b62-7444-49e9-b960-9905fa77234d 74845f38e25a4fb499c48af536532e61 41d0c08a80b4484b91d1fe01f839729d - - default default] Floating IP fd7bd5d1-5845-46ff-b242-d438bba2edb5 disassociated. External IP: 10.96.250.202, port: 692621ae-d8e6-4ea9-8aaf-891d5fc0c4f8.
2026-05-04 04:22:00.463 7 WARNING neutron.scheduler.dhcp_agent_scheduler [None req-29e97476-8cbe-4265-9716-170705ebee39 ea7f6f513c734bb3930b4fa5cdc84c51 7e9f06ca4e254b4aba48dd1836d5c62c - - default default] No more DHCP agents
2026-05-04 04:22:00.465 7 WARNING neutron.api.rpc.agentnotifiers.dhcp_rpc_agent_api [None req-29e97476-8cbe-4265-9716-170705ebee39 ea7f6f513c734bb3930b4fa5cdc84c51 7e9f06ca4e254b4aba48dd1836d5c62c - - default default] Unable to schedule network 7cef85e3-0a46-4e8c-918e-a6646e134612: no agents available; will retry on subsequent port and subnet creation events. [pid: 8|app: 0|req: 825/1724] 10.0.0.172 () {34 vars in 749 bytes} [Mon May 4 04:21:59 2026] PUT /v2.0/floatingips/fd7bd5d1-5845-46ff-b242-d438bba2edb5 => generated 554 bytes in 497 msecs (HTTP/1.1 200) 4 headers in 157 bytes (1 switches on core 0) [pid: 8|app: 0|req: 826/1725] 10.0.0.172 () {32 vars in 676 bytes} [Mon May 4 04:22:00 2026] GET /v2.0/trunks?tags=red%2Cblue => generated 847 bytes in 55 msecs (HTTP/1.1 200) 4 headers in 157 bytes (1 switches on core 0)
2026-05-04 04:22:00.624 8 INFO neutron.db.ovn_revision_numbers_db [None req-06428e48-0f65-4d16-83c7-793a0e020e4f - - - - - -] Successfully bumped revision number for resource 4b03ee3c-22c8-4542-9b6b-2965c6442852 (type: ports) to 2
2026-05-04 04:22:00.897 7 INFO neutron.db.ovn_revision_numbers_db [None req-da08818a-66fc-4ed5-92cc-7305174d6dae - - - - - -] Successfully bumped revision number for resource e3e20f93-1dc8-47e6-b33c-3a46f27bb4c1 (type: ports) to 2
2026-05-04 04:22:00.910 8 INFO neutron_taas.services.taas.taas_plugin [None req-08abbf22-2c13-48b6-ae8e-cb17949d1357 b7ad1f1bfad64494a7bbcd53b73752f4 acfb641a96ca4d9db084a3baf696c528 - - default default] TaaS: Handle Delete Port: 293db227-14d9-416f-88af-7078b65cf12e
2026-05-04 04:22:00.914 8 INFO neutron_taas.services.taas.tap_mirror_plugin [None req-08abbf22-2c13-48b6-ae8e-cb17949d1357 b7ad1f1bfad64494a7bbcd53b73752f4 acfb641a96ca4d9db084a3baf696c528 - - default default] Tap Mirror: Handle Delete Port: 293db227-14d9-416f-88af-7078b65cf12e
2026-05-04 04:22:00.927 7 INFO neutron.db.ovn_revision_numbers_db [None req-da08818a-66fc-4ed5-92cc-7305174d6dae - - - - - -] Successfully bumped revision number for resource b9a25c49-1aa1-49e4-ba18-f599090ec7d1 (type: subnets) to 0 [pid: 7|app: 0|req: 900/1726] 10.0.0.172 () {34 vars in 669 bytes} [Mon May 4 04:22:00 2026] POST /v2.0/subnets => generated 688 bytes in 635 msecs (HTTP/1.1 201) 4 headers in 162 bytes (1 switches on core 0)
2026-05-04 04:22:01.055 7 INFO neutron_taas.services.taas.taas_plugin [None req-36da7db7-5e9f-4b2c-97c0-6501a8d8e624 74845f38e25a4fb499c48af536532e61 41d0c08a80b4484b91d1fe01f839729d - - default default] TaaS: Handle Delete Port: 6d9414b9-5d49-4a06-85de-6f9494ac23fa
2026-05-04 04:22:01.058 7 INFO neutron_taas.services.taas.tap_mirror_plugin [None req-36da7db7-5e9f-4b2c-97c0-6501a8d8e624 74845f38e25a4fb499c48af536532e61 41d0c08a80b4484b91d1fe01f839729d - - default default] Tap Mirror: Handle Delete Port: 6d9414b9-5d49-4a06-85de-6f9494ac23fa [pid: 8|app: 0|req: 827/1727] 10.0.0.172 () {34 vars in 789 bytes} [Mon May 4 04:22:00 2026] PUT /v2.0/routers/81624c4d-7167-49ea-9dc1-325d85540818/remove_router_interface => generated 309 bytes in 703 msecs (HTTP/1.1 200) 4 headers in 157 bytes (1 switches on core 0) /var/lib/openstack/lib/python3.12/site-packages/pycadf/identifier.py:70: UserWarning: Invalid uuid: neutron. To ensure interoperability, identifiers should be a valid uuid. warnings.warn(('Invalid uuid: %s. To ensure interoperability, ' [pid: 8|app: 0|req: 828/1728] 10.0.0.172 () {32 vars in 672 bytes} [Mon May 4 04:22:01 2026] GET /v2.0/trunks?tags-any=blue => generated 847 bytes in 19 msecs (HTTP/1.1 200) 4 headers in 157 bytes (1 switches on core 0) [pid: 7|app: 0|req: 901/1729] 10.0.0.172 () {32 vars in 732 bytes} [Mon May 4 04:22:00 2026] DELETE /v2.0/floatingips/fd7bd5d1-5845-46ff-b242-d438bba2edb5 => generated 0 bytes in 318 msecs (HTTP/1.1 204) 2 headers in 112 bytes (1 switches on core 0)
2026-05-04 04:22:01.310 7 INFO neutron.api.v2.resource [None req-c4758847-3350-4a97-a56f-66c796ff2d26 b7ad1f1bfad64494a7bbcd53b73752f4 acfb641a96ca4d9db084a3baf696c528 - - default default] remove_router_interface failed (client error): The resource could not be found. [pid: 7|app: 0|req: 902/1730] 10.0.0.172 () {34 vars in 789 bytes} [Mon May 4 04:22:01 2026] PUT /v2.0/routers/81624c4d-7167-49ea-9dc1-325d85540818/remove_router_interface => generated 197 bytes in 50 msecs (HTTP/1.1 404) 4 headers in 164 bytes (1 switches on core 0) [pid: 7|app: 0|req: 903/1731] 10.0.0.172 () {32 vars in 684 bytes} [Mon May 4 04:22:01 2026] GET /v2.0/trunks?tags-any=red%2Cblue => generated 1252 bytes in 20 msecs (HTTP/1.1 200) 4 headers in 158 bytes (1 switches on core 0)
2026-05-04 04:22:01.540 7 WARNING neutron.scheduler.dhcp_agent_scheduler [None req-e496616e-e1bc-4c7c-ad6e-5a3c45e51b38 74845f38e25a4fb499c48af536532e61 41d0c08a80b4484b91d1fe01f839729d - - default default] No more DHCP agents
2026-05-04 04:22:01.541 7 WARNING neutron.api.rpc.agentnotifiers.dhcp_rpc_agent_api [None req-e496616e-e1bc-4c7c-ad6e-5a3c45e51b38 74845f38e25a4fb499c48af536532e61 41d0c08a80b4484b91d1fe01f839729d - - default default] Unable to schedule network 6f16b675-7e14-4f31-b9df-1ea438f99f4a: no agents available; will retry on subsequent port and subnet creation events.
2026-05-04 04:22:01.679 8 WARNING neutron.scheduler.dhcp_agent_scheduler [None req-bf64ef53-4c96-4a97-9661-261f27f62840 ea7f6f513c734bb3930b4fa5cdc84c51 7e9f06ca4e254b4aba48dd1836d5c62c - - default default] No more DHCP agents
2026-05-04 04:22:01.682 8 WARNING neutron.api.rpc.agentnotifiers.dhcp_rpc_agent_api [None req-bf64ef53-4c96-4a97-9661-261f27f62840 ea7f6f513c734bb3930b4fa5cdc84c51 7e9f06ca4e254b4aba48dd1836d5c62c - - default default] Unable to schedule network 6f16b675-7e14-4f31-b9df-1ea438f99f4a: no agents available; will retry on subsequent port and subnet creation events.
2026-05-04 04:22:01.832 8 INFO neutron.db.ovn_revision_numbers_db [None req-bf64ef53-4c96-4a97-9661-261f27f62840 ea7f6f513c734bb3930b4fa5cdc84c51 7e9f06ca4e254b4aba48dd1836d5c62c - - default default] Successfully bumped revision number for resource 05668cce-b98c-43a9-a282-d566b57c68c5 (type: ports) to 1
2026-05-04 04:22:02.290 7 INFO neutron.db.ovn_revision_numbers_db [None req-e496616e-e1bc-4c7c-ad6e-5a3c45e51b38 74845f38e25a4fb499c48af536532e61 41d0c08a80b4484b91d1fe01f839729d - - default default] Successfully bumped revision number for resource 088ad95d-bfef-44e6-a90d-f68ec5fc0f6c (type: floatingips) to 1
2026-05-04 04:22:02.291 7 INFO neutron.db.l3_db [None req-e496616e-e1bc-4c7c-ad6e-5a3c45e51b38 74845f38e25a4fb499c48af536532e61 41d0c08a80b4484b91d1fe01f839729d - - default default] Floating IP 088ad95d-bfef-44e6-a90d-f68ec5fc0f6c associated. External IP: 10.96.250.202, port: eea228db-499e-4dc6-bda1-0c03c68dcbed. [pid: 7|app: 0|req: 904/1732] 10.0.0.172 () {34 vars in 677 bytes} [Mon May 4 04:22:01 2026] POST /v2.0/floatingips => generated 841 bytes in 997 msecs (HTTP/1.1 201) 4 headers in 162 bytes (1 switches on core 0) [pid: 7|app: 0|req: 905/1733] 10.0.0.172 () {32 vars in 736 bytes} [Mon May 4 04:22:02 2026] GET /v2.0/ports?device_id=81624c4d-7167-49ea-9dc1-325d85540818 => generated 12 bytes in 16 msecs (HTTP/1.1 200) 4 headers in 156 bytes (1 switches on core 0) [pid: 7|app: 0|req: 906/1734] 10.0.0.172 () {32 vars in 670 bytes} [Mon May 4 04:22:02 2026] GET /v2.0/trunks?not-tags=red => generated 819 bytes in 23 msecs (HTTP/1.1 200) 4 headers in 157 bytes (1 switches on core 0) [pid: 7|app: 0|req: 907/1735] 10.0.0.172 () {32 vars in 729 bytes} [Mon May 4 04:22:02 2026] GET /v2.0/floatingips/088ad95d-bfef-44e6-a90d-f68ec5fc0f6c => generated 843 bytes in 38 msecs (HTTP/1.1 200) 4 headers in 157 bytes (1 switches on core 0)
2026-05-04 04:22:02.452 8 INFO neutron.plugins.ml2.drivers.ovn.mech_driver.ovsdb.commands [None req-da1c551d-ef87-47d9-88e8-454f2df9ae0c - - - - - -] Schedule LRP lrp-05668cce-b98c-43a9-a282-d566b57c68c5 on gateway e02b8716-29db-4254-a6c1-8083ee1e8b7a with priority 1
2026-05-04 04:22:02.535 8 INFO neutron.db.ovn_revision_numbers_db [None req-bf64ef53-4c96-4a97-9661-261f27f62840 ea7f6f513c734bb3930b4fa5cdc84c51 7e9f06ca4e254b4aba48dd1836d5c62c - - default default] Successfully bumped revision number for resource 05668cce-b98c-43a9-a282-d566b57c68c5 (type: router_ports) to 1
2026-05-04 04:22:02.546 7 INFO neutron.plugins.ml2.drivers.ovn.mech_driver.ovsdb.ovsdb_monitor [None req-8ff3e07f-0b8e-4712-8f3d-5c5922617abd - - - - - -] Router ee1f9394-dbfd-4995-8364-ff553f517603 is bound to host instance
2026-05-04 04:22:02.610 8 INFO neutron.db.ovn_revision_numbers_db [None req-bf64ef53-4c96-4a97-9661-261f27f62840 ea7f6f513c734bb3930b4fa5cdc84c51 7e9f06ca4e254b4aba48dd1836d5c62c - - default default] Successfully bumped revision number for resource ee1f9394-dbfd-4995-8364-ff553f517603 (type: routers) to 2 [pid: 8|app: 0|req: 829/1736] 10.0.0.172 () {34 vars in 669 bytes} [Mon May 4 04:22:01 2026] POST /v2.0/routers => generated 966 bytes in 1371 msecs (HTTP/1.1 201) 4 headers in 162 bytes (1 switches on core 0) [pid: 8|app: 0|req: 830/1737] 10.0.0.172 () {32 vars in 684 bytes} [Mon May 4 04:22:02 2026] GET /v2.0/trunks?not-tags=red%2Cblue => generated 1224 bytes in 27 msecs (HTTP/1.1 200) 4 headers in 158 bytes (1 switches on core 0) [pid: 7|app: 0|req: 908/1738] 10.0.0.172 () {32 vars in 724 bytes} [Mon May 4 04:22:02 2026] DELETE /v2.0/routers/81624c4d-7167-49ea-9dc1-325d85540818 => generated 0 bytes in 306 msecs (HTTP/1.1 204) 2 headers in 112 bytes (1 switches on core 0) [pid: 8|app: 0|req: 831/1739] 10.0.0.172 () {32 vars in 655 bytes} [Mon May 4 04:22:02 2026] GET /v2.0/floatingips => generated 846 bytes in 70 msecs (HTTP/1.1 200) 4 headers in 157 bytes (1 switches on core 0) [pid: 8|app: 0|req: 832/1740] 10.0.0.172 () {32 vars in 680 bytes} [Mon May 4 04:22:02 2026] GET /v2.0/trunks?not-tags-any=blue => generated 1224 bytes in 18 msecs (HTTP/1.1 200) 4 headers in 158 bytes (1 switches on core 0) [pid: 8|app: 0|req: 833/1741] 10.0.0.172 () {32 vars in 724 bytes} [Mon May 4 04:22:02 2026] DELETE /v2.0/subnets/4981f10e-7c92-42a8-a440-0b8a852f98f2 => generated 0 bytes in 171 msecs (HTTP/1.1 204) 3 headers in 131 bytes (1 switches on core 0)
2026-05-04 04:22:03.173 7 WARNING neutron.plugins.ml2.drivers.ovn.mech_driver.ovsdb.ovn_client [None req-2f087b5b-49cd-4aab-8e93-d55da1f90d41 - - - - - -] No hosting information found for port d2200db1-b384-4725-a694-f5148078389e: RuntimeError: No hosting information found for port d2200db1-b384-4725-a694-f5148078389e
2026-05-04 04:22:03.434 8 INFO neutron.db.ovn_revision_numbers_db [None req-9316cfef-553e-4059-8abb-8bb2aa15ef1d 74845f38e25a4fb499c48af536532e61 41d0c08a80b4484b91d1fe01f839729d - - default default] Successfully bumped revision number for resource 088ad95d-bfef-44e6-a90d-f68ec5fc0f6c (type: floatingips) to 2
2026-05-04 04:22:03.516 7 INFO neutron.db.ovn_revision_numbers_db [None req-2f087b5b-49cd-4aab-8e93-d55da1f90d41 - - - - - -] Successfully bumped revision number for resource d2200db1-b384-4725-a694-f5148078389e (type: router_ports) to 2
2026-05-04 04:22:03.523 8 INFO neutron.db.l3_db [None req-9316cfef-553e-4059-8abb-8bb2aa15ef1d 74845f38e25a4fb499c48af536532e61 41d0c08a80b4484b91d1fe01f839729d - - default default] Floating IP 088ad95d-bfef-44e6-a90d-f68ec5fc0f6c associated. External IP: 10.96.250.202, port: eea228db-499e-4dc6-bda1-0c03c68dcbed. [pid: 8|app: 0|req: 834/1742] 10.0.0.172 () {34 vars in 749 bytes} [Mon May 4 04:22:02 2026] PUT /v2.0/floatingips/088ad95d-bfef-44e6-a90d-f68ec5fc0f6c => generated 844 bytes in 647 msecs (HTTP/1.1 200) 4 headers in 157 bytes (1 switches on core 0) [pid: 8|app: 0|req: 835/1743] 10.0.0.172 () {32 vars in 692 bytes} [Mon May 4 04:22:03 2026] GET /v2.0/trunks?not-tags-any=red%2Cblue => generated 819 bytes in 17 msecs (HTTP/1.1 200) 4 headers in 157 bytes (1 switches on core 0)
2026-05-04 04:22:03.637 7 INFO neutron.plugins.ml2.drivers.ovn.mech_driver.mech_driver [None req-2f087b5b-49cd-4aab-8e93-d55da1f90d41 - - - - - -] OVN reports status down for port: e3e20f93-1dc8-47e6-b33c-3a46f27bb4c1
2026-05-04 04:22:03.784 8 INFO neutron_taas.services.taas.taas_plugin [None req-7f626b59-63fb-4d67-a91e-b07bdcd2f621 b7ad1f1bfad64494a7bbcd53b73752f4 acfb641a96ca4d9db084a3baf696c528 - - default default] TaaS: Handle Delete Port: ee33671c-0987-4775-95df-5f59e03b1a8e
2026-05-04 04:22:03.787 8 INFO neutron_taas.services.taas.tap_mirror_plugin [None req-7f626b59-63fb-4d67-a91e-b07bdcd2f621 b7ad1f1bfad64494a7bbcd53b73752f4 acfb641a96ca4d9db084a3baf696c528 - - default default] Tap Mirror: Handle Delete Port: ee33671c-0987-4775-95df-5f59e03b1a8e
2026-05-04 04:22:03.806 7 WARNING neutron.scheduler.dhcp_agent_scheduler [None req-e10ada47-fe7f-44fb-991d-f6555f205ec8 ea7f6f513c734bb3930b4fa5cdc84c51 7e9f06ca4e254b4aba48dd1836d5c62c - - default default] No more DHCP agents
2026-05-04 04:22:03.817 7 WARNING neutron.api.rpc.agentnotifiers.dhcp_rpc_agent_api [None req-e10ada47-fe7f-44fb-991d-f6555f205ec8 ea7f6f513c734bb3930b4fa5cdc84c51 7e9f06ca4e254b4aba48dd1836d5c62c - - default default] Unable to schedule network 7cef85e3-0a46-4e8c-918e-a6646e134612: no agents available; will retry on subsequent port and subnet creation events.
2026-05-04 04:22:03.957 8 INFO neutron.services.segments.plugin [-] Segment 939b7156-427a-43ba-8f1b-5fd826152a34 resource provider aggregate not found
2026-05-04 04:22:03.966 8 INFO neutron.services.segments.plugin [-] Segment 939b7156-427a-43ba-8f1b-5fd826152a34 resource provider aggregate not found
2026-05-04 04:22:03.978 8 INFO neutron.services.segments.plugin [-] Segment 939b7156-427a-43ba-8f1b-5fd826152a34 resource provider not found; error: Placement Client Error (4xx): {"errors": [{"status": 404, "title": "Not Found", "detail": "The resource could not be found.\n\n No resource provider with uuid 939b7156-427a-43ba-8f1b-5fd826152a34 found for delete ", "request_id": "req-7deb906a-cfda-4658-b02a-b5b5f4469021"}]}
2026-05-04 04:22:03.985 8 INFO neutron.services.segments.plugin [-] Segment 939b7156-427a-43ba-8f1b-5fd826152a34 resource provider not found; error: Placement Client Error (4xx): {"errors": [{"status": 404, "title": "Not Found", "detail": "The resource could not be found.\n\n No resource provider with uuid 939b7156-427a-43ba-8f1b-5fd826152a34 found for delete ", "request_id": "req-74f931dc-89d3-4b7e-b4b6-62e45271ac90"}]} [pid: 8|app: 0|req: 836/1744] 10.0.0.172 () {32 vars in 726 bytes} [Mon May 4 04:22:03 2026] DELETE /v2.0/networks/2d0180be-9dd1-4ea0-af24-4ee194b9e2ac => generated 0 bytes in 424 msecs (HTTP/1.1 204) 3 headers in 131 bytes (1 switches on core 0)
2026-05-04 04:22:04.152 8 INFO neutron.db.ovn_revision_numbers_db [None req-2eef4415-a83d-48c4-96b5-ea6d86813fe1 74845f38e25a4fb499c48af536532e61 41d0c08a80b4484b91d1fe01f839729d - - default default] Successfully bumped revision number for resource 088ad95d-bfef-44e6-a90d-f68ec5fc0f6c (type: floatingips) to 3
2026-05-04 04:22:04.203 8 INFO neutron.db.l3_db [None req-2eef4415-a83d-48c4-96b5-ea6d86813fe1 74845f38e25a4fb499c48af536532e61 41d0c08a80b4484b91d1fe01f839729d - - default default] Floating IP 088ad95d-bfef-44e6-a90d-f68ec5fc0f6c disassociated. External IP: 10.96.250.202, port: 692621ae-d8e6-4ea9-8aaf-891d5fc0c4f8.
2026-05-04 04:22:04.223 7 INFO neutron.db.ovn_revision_numbers_db [None req-e10ada47-fe7f-44fb-991d-f6555f205ec8 ea7f6f513c734bb3930b4fa5cdc84c51 7e9f06ca4e254b4aba48dd1836d5c62c - - default default] Successfully bumped revision number for resource edf5288a-f7f4-4c50-a590-53a7d751f9f3 (type: ports) to 1 [pid: 8|app: 0|req: 837/1745] 10.0.0.172 () {34 vars in 749 bytes} [Mon May 4 04:22:04 2026] PUT /v2.0/floatingips/088ad95d-bfef-44e6-a90d-f68ec5fc0f6c => generated 554 bytes in 221 msecs (HTTP/1.1 200) 4 headers in 157 bytes (1 switches on core 0) [pid: 8|app: 0|req: 838/1746] 10.0.0.172 () {32 vars in 719 bytes} [Mon May 4 04:22:04 2026] GET /v2.0/trunks/204ccac5-6b5e-404f-90be-400c55c75ddd => generated 414 bytes in 13 msecs (HTTP/1.1 200) 4 headers in 157 bytes (1 switches on core 0)
2026-05-04 04:22:04.322 8 INFO neutron.db.segments_db [None req-8c4b9851-281e-42c4-a0df-ee6a22f7ad48 b7ad1f1bfad64494a7bbcd53b73752f4 acfb641a96ca4d9db084a3baf696c528 - - default default] Added segment 24b417d8-2d58-4839-b8b6-a047e3f19563 of type geneve for network a2ce0b6a-2d8a-4d18-acdb-883ea52bf3ac
2026-05-04 04:22:04.473 8 INFO neutron.db.ovn_revision_numbers_db [None req-8c4b9851-281e-42c4-a0df-ee6a22f7ad48 b7ad1f1bfad64494a7bbcd53b73752f4 acfb641a96ca4d9db084a3baf696c528 - - default default] Successfully bumped revision number for resource a2ce0b6a-2d8a-4d18-acdb-883ea52bf3ac (type: networks) to 1
2026-05-04 04:22:04.505 7 INFO neutron.db.ovn_revision_numbers_db [None req-0e011cb3-1e28-47d4-85c3-ff87b38a42cd - - - - - -] Successfully bumped revision number for resource 05668cce-b98c-43a9-a282-d566b57c68c5 (type: ports) to 4
2026-05-04 04:22:04.666 8 WARNING neutron.scheduler.dhcp_agent_scheduler [None req-8c4b9851-281e-42c4-a0df-ee6a22f7ad48 b7ad1f1bfad64494a7bbcd53b73752f4 acfb641a96ca4d9db084a3baf696c528 - - default default] No more DHCP agents
2026-05-04 04:22:04.667 8 WARNING neutron.api.rpc.agentnotifiers.dhcp_rpc_agent_api [None req-8c4b9851-281e-42c4-a0df-ee6a22f7ad48 b7ad1f1bfad64494a7bbcd53b73752f4 acfb641a96ca4d9db084a3baf696c528 - - default default] Unable to schedule network a2ce0b6a-2d8a-4d18-acdb-883ea52bf3ac: no agents available; will retry on subsequent port and subnet creation events.
2026-05-04 04:22:04.758 8 INFO neutron.db.ovn_revision_numbers_db [None req-8c4b9851-281e-42c4-a0df-ee6a22f7ad48 b7ad1f1bfad64494a7bbcd53b73752f4 acfb641a96ca4d9db084a3baf696c528 - - default default] Successfully bumped revision number for resource 6e8046e2-7c82-4599-8aa5-f06f05b80f9b (type: ports) to 1 [pid: 8|app: 0|req: 839/1747] 10.0.0.172 () {34 vars in 670 bytes} [Mon May 4 04:22:04 2026] POST /v2.0/networks => generated 648 bytes in 539 msecs (HTTP/1.1 201) 4 headers in 162 bytes (1 switches on core 0)
2026-05-04 04:22:04.898 8 INFO neutron_taas.services.taas.taas_plugin [None req-c58da061-b926-46f9-ae85-6e0b90b72c05 74845f38e25a4fb499c48af536532e61 41d0c08a80b4484b91d1fe01f839729d - - default default] TaaS: Handle Delete Port: 9f977ebc-d734-4c10-a392-3e9eba70d454
2026-05-04 04:22:04.901 8 INFO neutron_taas.services.taas.tap_mirror_plugin [None req-c58da061-b926-46f9-ae85-6e0b90b72c05 74845f38e25a4fb499c48af536532e61 41d0c08a80b4484b91d1fe01f839729d - - default default] Tap Mirror: Handle Delete Port: 9f977ebc-d734-4c10-a392-3e9eba70d454 [pid: 8|app: 0|req: 840/1748] 10.0.0.172 () {32 vars in 732 bytes} [Mon May 4 04:22:04 2026] DELETE /v2.0/floatingips/088ad95d-bfef-44e6-a90d-f68ec5fc0f6c => generated 0 bytes in 255 msecs (HTTP/1.1 204) 2 headers in 112 bytes (1 switches on core 0)
2026-05-04 04:22:05.128 7 INFO neutron.db.ovn_revision_numbers_db [None req-0e011cb3-1e28-47d4-85c3-ff87b38a42cd - - - - - -] Successfully bumped revision number for resource 05668cce-b98c-43a9-a282-d566b57c68c5 (type: ports) to 5 [pid: 8|app: 0|req: 841/1749] 10.0.0.172 () {32 vars in 717 bytes} [Mon May 4 04:22:05 2026] GET /v2.0/ports/7d78e21c-d622-49af-bd4f-717863fed0ad => generated 826 bytes in 101 msecs (HTTP/1.1 200) 4 headers in 157 bytes (1 switches on core 0)
2026-05-04 04:22:05.334 8 WARNING neutron.scheduler.dhcp_agent_scheduler [None req-9a3b52fc-778d-4d9e-8855-310b88d86f38 b7ad1f1bfad64494a7bbcd53b73752f4 acfb641a96ca4d9db084a3baf696c528 - - default default] No more DHCP agents
2026-05-04 04:22:05.335 8 WARNING neutron.api.rpc.agentnotifiers.dhcp_rpc_agent_api [None req-9a3b52fc-778d-4d9e-8855-310b88d86f38 b7ad1f1bfad64494a7bbcd53b73752f4 acfb641a96ca4d9db084a3baf696c528 - - default default] Unable to schedule network a2ce0b6a-2d8a-4d18-acdb-883ea52bf3ac: no agents available; will retry on subsequent port and subnet creation events.
2026-05-04 04:22:05.371 7 WARNING neutron.scheduler.dhcp_agent_scheduler [None req-e10ada47-fe7f-44fb-991d-f6555f205ec8 ea7f6f513c734bb3930b4fa5cdc84c51 7e9f06ca4e254b4aba48dd1836d5c62c - - default default] No more DHCP agents
2026-05-04 04:22:05.372 7 WARNING neutron.api.rpc.agentnotifiers.dhcp_rpc_agent_api [None req-e10ada47-fe7f-44fb-991d-f6555f205ec8 ea7f6f513c734bb3930b4fa5cdc84c51 7e9f06ca4e254b4aba48dd1836d5c62c - - default default] Unable to schedule network 7cef85e3-0a46-4e8c-918e-a6646e134612: no agents available; will retry on subsequent port and subnet creation events.
2026-05-04 04:22:05.781 8 INFO neutron.db.ovn_revision_numbers_db [None req-95484642-dcb1-4d74-af40-540480487770 - - - - - -] Successfully bumped revision number for resource 6e8046e2-7c82-4599-8aa5-f06f05b80f9b (type: ports) to 2
2026-05-04 04:22:05.794 7 INFO neutron.db.ovn_revision_numbers_db [None req-e10ada47-fe7f-44fb-991d-f6555f205ec8 ea7f6f513c734bb3930b4fa5cdc84c51 7e9f06ca4e254b4aba48dd1836d5c62c - - default default] Successfully bumped revision number for resource edf5288a-f7f4-4c50-a590-53a7d751f9f3 (type: router_ports) to 1 [pid: 7|app: 0|req: 909/1750] 10.0.0.172 () {34 vars in 783 bytes} [Mon May 4 04:22:02 2026] PUT /v2.0/routers/ee1f9394-dbfd-4995-8364-ff553f517603/add_router_interface => generated 309 bytes in 3087 msecs (HTTP/1.1 200) 4 headers in 157 bytes (1 switches on core 0) /var/lib/openstack/lib/python3.12/site-packages/pycadf/identifier.py:70: UserWarning: Invalid uuid: neutron. To ensure interoperability, identifiers should be a valid uuid. warnings.warn(('Invalid uuid: %s. To ensure interoperability, '
2026-05-04 04:22:05.821 8 INFO neutron.db.ovn_revision_numbers_db [None req-95484642-dcb1-4d74-af40-540480487770 - - - - - -] Successfully bumped revision number for resource 35fd0398-90c7-4c30-8890-cbd632c11b15 (type: subnets) to 0
2026-05-04 04:22:05.823 7 INFO neutron.api.v2.resource [None req-b7169a1d-2c3e-49e1-a2da-e090ef5f961d 74845f38e25a4fb499c48af536532e61 41d0c08a80b4484b91d1fe01f839729d - - default default] delete failed (client error): The resource could not be found. [pid: 7|app: 0|req: 910/1751] 10.0.0.172 () {32 vars in 732 bytes} [Mon May 4 04:22:05 2026] DELETE /v2.0/floatingips/088ad95d-bfef-44e6-a90d-f68ec5fc0f6c => generated 144 bytes in 23 msecs (HTTP/1.1 404) 4 headers in 164 bytes (1 switches on core 0) [pid: 8|app: 0|req: 842/1752] 10.0.0.172 () {34 vars in 669 bytes} [Mon May 4 04:22:05 2026] POST /v2.0/subnets => generated 626 bytes in 736 msecs (HTTP/1.1 201) 4 headers in 162 bytes (1 switches on core 0) [pid: 7|app: 0|req: 911/1753] 10.0.0.172 () {32 vars in 722 bytes} [Mon May 4 04:22:05 2026] DELETE /v2.0/trunks/204ccac5-6b5e-404f-90be-400c55c75ddd => generated 0 bytes in 119 msecs (HTTP/1.1 204) 2 headers in 112 bytes (1 switches on core 0)
2026-05-04 04:22:06.072 7 INFO neutron.db.ovn_revision_numbers_db [None req-85839bbf-0256-4149-b95c-eeb1b75fdf29 b7ad1f1bfad64494a7bbcd53b73752f4 acfb641a96ca4d9db084a3baf696c528 - - default default] Successfully bumped revision number for resource 1cddbc82-0dfd-4f9e-8a3e-71fd8c2b2708 (type: routers) to 1
