2026-05-04 04:23:16.799 8 INFO neutron.notifiers.nova [-] Nova event matching ['req-b88d5a11-1d4e-4c9f-8db7-55aaa4e1c241'] response: {'name': 'network-changed', 'server_uuid': 'c3652525-4019-4434-9a56-d3ba0f24edbc', 'tag': '80a1f84c-b203-413b-8ac2-5b49cf43b047', 'status': 'completed', 'code': 200} [pid: 7|app: 0|req: 1138/2249] 10.0.0.172 () {32 vars in 729 bytes} [Mon May 4 04:23:16 2026] GET /v2.0/floatingips/0c6fcdad-1c22-452a-98e8-8f7878a35e55 => generated 552 bytes in 51 msecs (HTTP/1.1 200) 4 headers in 157 bytes (1 switches on core 0) [pid: 8|app: 0|req: 1112/2250] 199.204.45.25 () {34 vars in 1079 bytes} [Mon May 4 04:23:17 2026] GET /v2.0/ports?tenant_id=a129d5c00a3b4656a48a06f2de5406ab&device_id=c3652525-4019-4434-9a56-d3ba0f24edbc => generated 1213 bytes in 43 msecs (HTTP/1.1 200) 4 headers in 158 bytes (1 switches on core 0) [pid: 7|app: 0|req: 1139/2251] 199.204.45.25 () {34 vars in 985 bytes} [Mon May 4 04:23:17 2026] GET /v2.0/networks?id=cf5be191-d7ce-422b-af8c-ed487f61dbe8 => generated 798 bytes in 50 msecs (HTTP/1.1 200) 4 headers in 157 bytes (1 switches on core 0) [pid: 8|app: 0|req: 1113/2252] 199.204.45.25 () {34 vars in 1059 bytes} [Mon May 4 04:23:17 2026] GET /v2.0/floatingips?fixed_ip_address=10.100.0.13&port_id=80a1f84c-b203-413b-8ac2-5b49cf43b047 => generated 19 bytes in 22 msecs (HTTP/1.1 200) 4 headers in 156 bytes (1 switches on core 0) [pid: 7|app: 0|req: 1140/2253] 199.204.45.25 () {34 vars in 983 bytes} [Mon May 4 04:23:17 2026] GET /v2.0/subnets?id=417ace7a-67a7-421f-b9f2-58ce1c5fbb23 => generated 675 bytes in 33 msecs (HTTP/1.1 200) 4 headers in 157 bytes (1 switches on core 0) [pid: 8|app: 0|req: 1114/2254] 199.204.45.25 () {34 vars in 1051 bytes} [Mon May 4 04:23:17 2026] GET /v2.0/ports?network_id=cf5be191-d7ce-422b-af8c-ed487f61dbe8&device_owner=network%3Adhcp => generated 12 bytes in 20 msecs (HTTP/1.1 200) 4 headers in 156 bytes (1 switches on core 0) [pid: 7|app: 0|req: 1141/2255] 199.204.45.25 () {34 vars in 1011 bytes} [Mon May 4 04:23:17 2026] GET /v2.0/networks/cf5be191-d7ce-422b-af8c-ed487f61dbe8?fields=segments => generated 14 bytes in 43 msecs (HTTP/1.1 200) 4 headers in 156 bytes (1 switches on core 0) [pid: 8|app: 0|req: 1115/2256] 199.204.45.25 () {34 vars in 1111 bytes} [Mon May 4 04:23:17 2026] GET /v2.0/networks/cf5be191-d7ce-422b-af8c-ed487f61dbe8?fields=provider%3Aphysical_network&fields=provider%3Anetwork_type => generated 79 bytes in 36 msecs (HTTP/1.1 200) 4 headers in 156 bytes (1 switches on core 0)
2026-05-04 04:23:18.028 7 INFO neutron.db.ovn_revision_numbers_db [None req-90a63ff6-d6bb-4dca-b52b-d37e7252a5dd ec4bb93174594d88be1a8633d3a5bf48 a129d5c00a3b4656a48a06f2de5406ab - - default default] Successfully bumped revision number for resource aabd1c5c-3a42-4a46-8479-7d85c5bbb503 (type: security_groups) to 1
2026-05-04 04:23:18.048 7 INFO neutron.db.ovn_revision_numbers_db [None req-90a63ff6-d6bb-4dca-b52b-d37e7252a5dd ec4bb93174594d88be1a8633d3a5bf48 a129d5c00a3b4656a48a06f2de5406ab - - default default] Successfully bumped revision number for resource 3e904b7d-0721-4043-8245-c346945811ce (type: security_group_rules) to 0
2026-05-04 04:23:18.062 7 INFO neutron.db.ovn_revision_numbers_db [None req-90a63ff6-d6bb-4dca-b52b-d37e7252a5dd ec4bb93174594d88be1a8633d3a5bf48 a129d5c00a3b4656a48a06f2de5406ab - - default default] Successfully bumped revision number for resource 79c00bf7-538c-4d38-bdb7-f2980fe1ca00 (type: security_group_rules) to 0 [pid: 7|app: 0|req: 1142/2257] 10.0.0.172 () {34 vars in 685 bytes} [Mon May 4 04:23:17 2026] POST /v2.0/security-groups => generated 1675 bytes in 270 msecs (HTTP/1.1 201) 4 headers in 163 bytes (1 switches on core 0)
2026-05-04 04:23:18.301 8 INFO neutron.db.ovn_revision_numbers_db [None req-0bd6d6b8-7801-4343-8b01-097f8a7c61b1 ec4bb93174594d88be1a8633d3a5bf48 a129d5c00a3b4656a48a06f2de5406ab - - default default] Successfully bumped revision number for resource d14a53e9-143c-415c-8046-fee14f6e0a52 (type: security_group_rules) to 0 [pid: 8|app: 0|req: 1116/2258] 10.0.0.172 () {34 vars in 695 bytes} [Mon May 4 04:23:18 2026] POST /v2.0/security-group-rules => generated 597 bytes in 236 msecs (HTTP/1.1 201) 4 headers in 162 bytes (1 switches on core 0)
2026-05-04 04:23:18.732 7 INFO neutron.db.ovn_revision_numbers_db [None req-1f94965b-d242-4323-be2f-bd7e3afa871a ec4bb93174594d88be1a8633d3a5bf48 a129d5c00a3b4656a48a06f2de5406ab - - default default] Successfully bumped revision number for resource 41ecf022-6fbf-46bb-acaf-6f0d1422cbcb (type: security_group_rules) to 0 [pid: 7|app: 0|req: 1143/2259] 10.0.0.172 () {34 vars in 695 bytes} [Mon May 4 04:23:18 2026] POST /v2.0/security-group-rules => generated 596 bytes in 554 msecs (HTTP/1.1 201) 4 headers in 162 bytes (1 switches on core 0)
2026-05-04 04:23:19.074 8 INFO neutron.db.ovn_revision_numbers_db [None req-0584035b-af08-41fd-9abe-ab5487c97c27 ec4bb93174594d88be1a8633d3a5bf48 a129d5c00a3b4656a48a06f2de5406ab - - default default] Successfully bumped revision number for resource d827b374-9e45-4a9b-b5fe-6955e60f7599 (type: security_group_rules) to 0 [pid: 8|app: 0|req: 1117/2260] 10.0.0.172 () {34 vars in 695 bytes} [Mon May 4 04:23:18 2026] POST /v2.0/security-group-rules => generated 602 bytes in 166 msecs (HTTP/1.1 201) 4 headers in 162 bytes (1 switches on core 0)
2026-05-04 04:23:19.255 7 INFO neutron.db.ovn_revision_numbers_db [None req-20009d13-2c24-4ec2-b892-e6c2f6c322a5 ec4bb93174594d88be1a8633d3a5bf48 a129d5c00a3b4656a48a06f2de5406ab - - default default] Successfully bumped revision number for resource ab45b812-62dc-4205-b597-d804a7b31407 (type: security_group_rules) to 0 [pid: 7|app: 0|req: 1144/2261] 10.0.0.172 () {34 vars in 695 bytes} [Mon May 4 04:23:19 2026] POST /v2.0/security-group-rules => generated 601 bytes in 173 msecs (HTTP/1.1 201) 4 headers in 162 bytes (1 switches on core 0)
2026-05-04 04:23:19.327 8 INFO neutron.db.securitygroups_db [None req-97e84236-4c1f-49e1-b573-fadc173631a6 ec4bb93174594d88be1a8633d3a5bf48 a129d5c00a3b4656a48a06f2de5406ab - - default default] Project a129d5c00a3b4656a48a06f2de5406ab added a security group rule with legacy IPv6 ICMP protocol name icmp, ipv6-icmp should be used instead. It was automatically converted.
2026-05-04 04:23:19.416 8 INFO neutron.db.ovn_revision_numbers_db [None req-97e84236-4c1f-49e1-b573-fadc173631a6 ec4bb93174594d88be1a8633d3a5bf48 a129d5c00a3b4656a48a06f2de5406ab - - default default] Successfully bumped revision number for resource 6bb31802-20ac-46c2-a6d4-f249d98798fe (type: security_group_rules) to 0 [pid: 8|app: 0|req: 1118/2262] 10.0.0.172 () {34 vars in 695 bytes} [Mon May 4 04:23:19 2026] POST /v2.0/security-group-rules => generated 607 bytes in 151 msecs (HTTP/1.1 201) 4 headers in 162 bytes (1 switches on core 0)
2026-05-04 04:23:19.487 8 INFO neutron.db.securitygroups_db [None req-05be332e-d557-43b8-aa6e-a09de0dcf5af ec4bb93174594d88be1a8633d3a5bf48 a129d5c00a3b4656a48a06f2de5406ab - - default default] Project a129d5c00a3b4656a48a06f2de5406ab added a security group rule with legacy IPv6 ICMP protocol name icmp, ipv6-icmp should be used instead. It was automatically converted.
2026-05-04 04:23:19.559 7 INFO neutron.db.ovn_revision_numbers_db [None req-1e2850ae-3a6f-411e-9981-42593ae1ac00 ea7f6f513c734bb3930b4fa5cdc84c51 7e9f06ca4e254b4aba48dd1836d5c62c - - default default] Successfully bumped revision number for resource 9feee6a5-6183-4d2d-81ad-0a79f4068c17 (type: security_groups) to 1
2026-05-04 04:23:19.572 7 INFO neutron.db.ovn_revision_numbers_db [None req-1e2850ae-3a6f-411e-9981-42593ae1ac00 ea7f6f513c734bb3930b4fa5cdc84c51 7e9f06ca4e254b4aba48dd1836d5c62c - - default default] Successfully bumped revision number for resource 509a4050-0729-4d9c-8a35-5195def3ee25 (type: security_group_rules) to 0
2026-05-04 04:23:19.583 7 INFO neutron.db.ovn_revision_numbers_db [None req-1e2850ae-3a6f-411e-9981-42593ae1ac00 ea7f6f513c734bb3930b4fa5cdc84c51 7e9f06ca4e254b4aba48dd1836d5c62c - - default default] Successfully bumped revision number for resource 62b8398f-9fc5-4ecf-9f0d-395bea379457 (type: security_group_rules) to 0
2026-05-04 04:23:19.594 7 INFO neutron.db.ovn_revision_numbers_db [None req-1e2850ae-3a6f-411e-9981-42593ae1ac00 ea7f6f513c734bb3930b4fa5cdc84c51 7e9f06ca4e254b4aba48dd1836d5c62c - - default default] Successfully bumped revision number for resource 8b27678e-293e-460b-aaec-f9f52c4a5285 (type: security_group_rules) to 0
2026-05-04 04:23:19.608 7 INFO neutron.db.ovn_revision_numbers_db [None req-1e2850ae-3a6f-411e-9981-42593ae1ac00 ea7f6f513c734bb3930b4fa5cdc84c51 7e9f06ca4e254b4aba48dd1836d5c62c - - default default] Successfully bumped revision number for resource a8499e38-42c7-4584-85f9-21999510d142 (type: security_group_rules) to 0
2026-05-04 04:23:19.617 8 INFO neutron.db.ovn_revision_numbers_db [None req-05be332e-d557-43b8-aa6e-a09de0dcf5af ec4bb93174594d88be1a8633d3a5bf48 a129d5c00a3b4656a48a06f2de5406ab - - default default] Successfully bumped revision number for resource 0bb3fcf3-e6f6-45ee-8777-417f3f5fb777 (type: security_group_rules) to 0 [pid: 7|app: 0|req: 1145/2263] 10.0.0.172 () {32 vars in 774 bytes} [Mon May 4 04:23:19 2026] GET /v2.0/security-groups?tenant_id=541f3dc4d0d545b0ba8767b349f8e8ea&name=default => generated 2925 bytes in 340 msecs (HTTP/1.1 200) 4 headers in 158 bytes (1 switches on core 0) [pid: 8|app: 0|req: 1119/2264] 10.0.0.172 () {34 vars in 695 bytes} [Mon May 4 04:23:19 2026] POST /v2.0/security-group-rules => generated 606 bytes in 199 msecs (HTTP/1.1 201) 4 headers in 162 bytes (1 switches on core 0) [pid: 7|app: 0|req: 1146/2265] 10.0.0.172 () {32 vars in 740 bytes} [Mon May 4 04:23:19 2026] DELETE /v2.0/security-groups/9feee6a5-6183-4d2d-81ad-0a79f4068c17 => generated 0 bytes in 217 msecs (HTTP/1.1 204) 2 headers in 112 bytes (1 switches on core 0) [pid: 8|app: 0|req: 1120/2266] 10.0.0.172 () {32 vars in 649 bytes} [Mon May 4 04:23:20 2026] GET /v2.0/networks => generated 1374 bytes in 194 msecs (HTTP/1.1 200) 4 headers in 158 bytes (1 switches on core 0) [pid: 7|app: 0|req: 1147/2267] 10.0.0.237 () {34 vars in 1100 bytes} [Mon May 4 04:23:20 2026] GET /v2.0/security-groups?name=tempest-secgroup-smoke-1690830896&fields=id&tenant_id=a129d5c00a3b4656a48a06f2de5406ab => generated 69 bytes in 47 msecs (HTTP/1.1 200) 4 headers in 156 bytes (1 switches on core 0) [pid: 8|app: 0|req: 1121/2268] 10.0.0.237 () {34 vars in 982 bytes} [Mon May 4 04:23:20 2026] GET /v2.0/networks?id=cf5be191-d7ce-422b-af8c-ed487f61dbe8 => generated 699 bytes in 40 msecs (HTTP/1.1 200) 4 headers in 157 bytes (1 switches on core 0) [pid: 8|app: 0|req: 1122/2269] 10.0.0.237 () {34 vars in 965 bytes} [Mon May 4 04:23:20 2026] GET /v2.0/quotas/a129d5c00a3b4656a48a06f2de5406ab => generated 292 bytes in 10 msecs (HTTP/1.1 200) 4 headers in 157 bytes (1 switches on core 0) [pid: 8|app: 0|req: 1123/2270] 10.0.0.237 () {34 vars in 1002 bytes} [Mon May 4 04:23:20 2026] GET /v2.0/ports?tenant_id=a129d5c00a3b4656a48a06f2de5406ab&fields=id => generated 149 bytes in 79 msecs (HTTP/1.1 200) 4 headers in 157 bytes (1 switches on core 0)
2026-05-04 04:23:20.608 7 INFO neutron.db.ovn_revision_numbers_db [None req-956df089-dabc-4968-a62c-aeed6226434a 6b3cb76d4d704816ae5cd5ec5dca0457 a84fa703434c470aaa70303ec7277509 - - default default] Successfully bumped revision number for resource 441306e8-2324-4a91-b941-040cb8f4e18a (type: security_groups) to 1
2026-05-04 04:23:20.622 7 INFO neutron.db.ovn_revision_numbers_db [None req-956df089-dabc-4968-a62c-aeed6226434a 6b3cb76d4d704816ae5cd5ec5dca0457 a84fa703434c470aaa70303ec7277509 - - default default] Successfully bumped revision number for resource 1844da0b-11a1-41ed-ae1d-ebad8cb29689 (type: security_group_rules) to 0 [pid: 8|app: 0|req: 1124/2271] 10.0.0.237 () {34 vars in 1008 bytes} [Mon May 4 04:23:20 2026] GET /v2.0/networks/cf5be191-d7ce-422b-af8c-ed487f61dbe8?fields=segments => generated 14 bytes in 92 msecs (HTTP/1.1 200) 4 headers in 156 bytes (1 switches on core 0)
2026-05-04 04:23:20.641 7 INFO neutron.db.ovn_revision_numbers_db [None req-956df089-dabc-4968-a62c-aeed6226434a 6b3cb76d4d704816ae5cd5ec5dca0457 a84fa703434c470aaa70303ec7277509 - - default default] Successfully bumped revision number for resource 3130fe53-3b03-4e91-b66a-1258974ed5ed (type: security_group_rules) to 0
2026-05-04 04:23:20.659 7 INFO neutron.db.ovn_revision_numbers_db [None req-956df089-dabc-4968-a62c-aeed6226434a 6b3cb76d4d704816ae5cd5ec5dca0457 a84fa703434c470aaa70303ec7277509 - - default default] Successfully bumped revision number for resource 6738f510-ee7e-4ce3-bcd1-c1f54d2ad44c (type: security_group_rules) to 0 [pid: 8|app: 0|req: 1125/2272] 10.0.0.237 () {34 vars in 1108 bytes} [Mon May 4 04:23:20 2026] GET /v2.0/networks/cf5be191-d7ce-422b-af8c-ed487f61dbe8?fields=provider%3Aphysical_network&fields=provider%3Anetwork_type => generated 79 bytes in 39 msecs (HTTP/1.1 200) 4 headers in 156 bytes (1 switches on core 0)
2026-05-04 04:23:20.673 7 INFO neutron.db.ovn_revision_numbers_db [None req-956df089-dabc-4968-a62c-aeed6226434a 6b3cb76d4d704816ae5cd5ec5dca0457 a84fa703434c470aaa70303ec7277509 - - default default] Successfully bumped revision number for resource dba4d728-71ae-4103-87ed-20feb9d07651 (type: security_group_rules) to 0
2026-05-04 04:23:20.765 7 INFO neutron.db.segments_db [None req-956df089-dabc-4968-a62c-aeed6226434a 6b3cb76d4d704816ae5cd5ec5dca0457 a84fa703434c470aaa70303ec7277509 - - default default] Added segment fb4a4e8b-0ab4-46ad-a929-2d6507cdc2d0 of type geneve for network fe8ebb3d-ea57-4389-9320-2a9685e9cd16 [pid: 8|app: 0|req: 1126/2273] 10.0.0.237 () {34 vars in 990 bytes} [Mon May 4 04:23:20 2026] GET /v2.0/ports?device_id=32a5b201-379d-4d78-8b4a-23cb879c83e8 => generated 12 bytes in 21 msecs (HTTP/1.1 200) 4 headers in 156 bytes (1 switches on core 0)
2026-05-04 04:23:20.909 7 INFO neutron.db.ovn_revision_numbers_db [None req-956df089-dabc-4968-a62c-aeed6226434a 6b3cb76d4d704816ae5cd5ec5dca0457 a84fa703434c470aaa70303ec7277509 - - default default] Successfully bumped revision number for resource fe8ebb3d-ea57-4389-9320-2a9685e9cd16 (type: networks) to 1
2026-05-04 04:23:21.115 7 WARNING neutron.scheduler.dhcp_agent_scheduler [None req-956df089-dabc-4968-a62c-aeed6226434a 6b3cb76d4d704816ae5cd5ec5dca0457 a84fa703434c470aaa70303ec7277509 - - default default] No more DHCP agents
2026-05-04 04:23:21.116 7 WARNING neutron.api.rpc.agentnotifiers.dhcp_rpc_agent_api [None req-956df089-dabc-4968-a62c-aeed6226434a 6b3cb76d4d704816ae5cd5ec5dca0457 a84fa703434c470aaa70303ec7277509 - - default default] Unable to schedule network fe8ebb3d-ea57-4389-9320-2a9685e9cd16: no agents available; will retry on subsequent port and subnet creation events.
2026-05-04 04:23:21.177 8 INFO neutron.plugins.ml2.drivers.ovn.mech_driver.mech_driver [None req-88c6a8e6-df49-4605-8ee6-11fa1ce9e109 - - - - - -] OVN reports status down for port: 1505ea40-0dd8-404a-bcae-a0e74068d70f
2026-05-04 04:23:21.203 7 INFO neutron.db.ovn_revision_numbers_db [None req-956df089-dabc-4968-a62c-aeed6226434a 6b3cb76d4d704816ae5cd5ec5dca0457 a84fa703434c470aaa70303ec7277509 - - default default] Successfully bumped revision number for resource 1505ea40-0dd8-404a-bcae-a0e74068d70f (type: ports) to 1 [pid: 7|app: 0|req: 1148/2274] 10.0.0.172 () {34 vars in 670 bytes} [Mon May 4 04:23:20 2026] POST /v2.0/networks => generated 650 bytes in 810 msecs (HTTP/1.1 201) 4 headers in 162 bytes (1 switches on core 0)
2026-05-04 04:23:21.404 8 WARNING neutron.scheduler.dhcp_agent_scheduler [None req-51dad8ff-6862-4a0f-a1fc-396c05e24f1b 6b3cb76d4d704816ae5cd5ec5dca0457 a84fa703434c470aaa70303ec7277509 - - default default] No more DHCP agents
2026-05-04 04:23:21.405 8 WARNING neutron.api.rpc.agentnotifiers.dhcp_rpc_agent_api [None req-51dad8ff-6862-4a0f-a1fc-396c05e24f1b 6b3cb76d4d704816ae5cd5ec5dca0457 a84fa703434c470aaa70303ec7277509 - - default default] Unable to schedule network fe8ebb3d-ea57-4389-9320-2a9685e9cd16: no agents available; will retry on subsequent port and subnet creation events.
2026-05-04 04:23:21.844 8 INFO neutron.db.ovn_revision_numbers_db [None req-9c5954e2-b80b-42a0-bb0f-2758c6eacc2e - - - - - -] Successfully bumped revision number for resource 1505ea40-0dd8-404a-bcae-a0e74068d70f (type: ports) to 2
2026-05-04 04:23:21.879 8 INFO neutron.db.ovn_revision_numbers_db [None req-9c5954e2-b80b-42a0-bb0f-2758c6eacc2e - - - - - -] Successfully bumped revision number for resource c2c83def-a43c-48c3-a55f-f2c35f635657 (type: subnets) to 0 [pid: 8|app: 0|req: 1127/2275] 10.0.0.172 () {34 vars in 669 bytes} [Mon May 4 04:23:21 2026] POST /v2.0/subnets => generated 626 bytes in 678 msecs (HTTP/1.1 201) 4 headers in 162 bytes (1 switches on core 0) [pid: 7|app: 0|req: 1149/2276] 10.0.0.237 () {34 vars in 990 bytes} [Mon May 4 04:23:21 2026] GET /v2.0/ports?device_id=32a5b201-379d-4d78-8b4a-23cb879c83e8 => generated 12 bytes in 21 msecs (HTTP/1.1 200) 4 headers in 156 bytes (1 switches on core 0)
2026-05-04 04:23:22.001 8 INFO neutron.db.segments_db [None req-687c4545-f049-4324-8f16-c20aa25d7267 6b3cb76d4d704816ae5cd5ec5dca0457 a84fa703434c470aaa70303ec7277509 - - default default] Added segment 3a03af68-2708-44b8-9eb5-7da9e4e568e5 of type geneve for network 29da6851-4d2c-4b3a-94d5-3334f0957ea4
2026-05-04 04:23:22.125 8 INFO neutron.db.ovn_revision_numbers_db [None req-687c4545-f049-4324-8f16-c20aa25d7267 6b3cb76d4d704816ae5cd5ec5dca0457 a84fa703434c470aaa70303ec7277509 - - default default] Successfully bumped revision number for resource 29da6851-4d2c-4b3a-94d5-3334f0957ea4 (type: networks) to 1
2026-05-04 04:23:22.303 8 WARNING neutron.scheduler.dhcp_agent_scheduler [None req-687c4545-f049-4324-8f16-c20aa25d7267 6b3cb76d4d704816ae5cd5ec5dca0457 a84fa703434c470aaa70303ec7277509 - - default default] No more DHCP agents
2026-05-04 04:23:22.305 8 WARNING neutron.api.rpc.agentnotifiers.dhcp_rpc_agent_api [None req-687c4545-f049-4324-8f16-c20aa25d7267 6b3cb76d4d704816ae5cd5ec5dca0457 a84fa703434c470aaa70303ec7277509 - - default default] Unable to schedule network 29da6851-4d2c-4b3a-94d5-3334f0957ea4: no agents available; will retry on subsequent port and subnet creation events.
2026-05-04 04:23:22.342 7 INFO neutron.plugins.ml2.drivers.ovn.mech_driver.mech_driver [None req-23f944e1-da86-4db3-88bb-6bab9a05f499 - - - - - -] OVN reports status down for port: 1338f2e1-a1e5-483a-9c24-6f466593e892
2026-05-04 04:23:22.398 8 INFO neutron.db.ovn_revision_numbers_db [None req-687c4545-f049-4324-8f16-c20aa25d7267 6b3cb76d4d704816ae5cd5ec5dca0457 a84fa703434c470aaa70303ec7277509 - - default default] Successfully bumped revision number for resource 1338f2e1-a1e5-483a-9c24-6f466593e892 (type: ports) to 1 [pid: 8|app: 0|req: 1128/2277] 10.0.0.172 () {34 vars in 670 bytes} [Mon May 4 04:23:21 2026] POST /v2.0/networks => generated 651 bytes in 516 msecs (HTTP/1.1 201) 4 headers in 162 bytes (1 switches on core 0)
2026-05-04 04:23:22.626 7 WARNING neutron.scheduler.dhcp_agent_scheduler [None req-95ffbbf4-9a04-487f-afdb-bf9d128c90e8 6b3cb76d4d704816ae5cd5ec5dca0457 a84fa703434c470aaa70303ec7277509 - - default default] No more DHCP agents
2026-05-04 04:23:22.628 7 WARNING neutron.api.rpc.agentnotifiers.dhcp_rpc_agent_api [None req-95ffbbf4-9a04-487f-afdb-bf9d128c90e8 6b3cb76d4d704816ae5cd5ec5dca0457 a84fa703434c470aaa70303ec7277509 - - default default] Unable to schedule network 29da6851-4d2c-4b3a-94d5-3334f0957ea4: no agents available; will retry on subsequent port and subnet creation events. [pid: 8|app: 0|req: 1129/2278] 10.0.0.237 () {34 vars in 990 bytes} [Mon May 4 04:23:22 2026] GET /v2.0/ports?device_id=32a5b201-379d-4d78-8b4a-23cb879c83e8 => generated 12 bytes in 21 msecs (HTTP/1.1 200) 4 headers in 156 bytes (1 switches on core 0)
2026-05-04 04:23:23.059 7 INFO neutron.db.ovn_revision_numbers_db [None req-0c68b2dc-0f40-4d78-bfea-887a9a0be9a8 - - - - - -] Successfully bumped revision number for resource 1338f2e1-a1e5-483a-9c24-6f466593e892 (type: ports) to 2
2026-05-04 04:23:23.096 7 INFO neutron.db.ovn_revision_numbers_db [None req-0c68b2dc-0f40-4d78-bfea-887a9a0be9a8 - - - - - -] Successfully bumped revision number for resource b6f284d4-a797-4089-a2b9-14554526ec54 (type: subnets) to 0 [pid: 7|app: 0|req: 1150/2279] 10.0.0.172 () {34 vars in 669 bytes} [Mon May 4 04:23:22 2026] POST /v2.0/subnets => generated 629 bytes in 679 msecs (HTTP/1.1 201) 4 headers in 162 bytes (1 switches on core 0)
2026-05-04 04:23:23.220 8 INFO neutron.db.segments_db [None req-6cbd9ee9-fca3-42b2-9451-12317312995f 6b3cb76d4d704816ae5cd5ec5dca0457 a84fa703434c470aaa70303ec7277509 - - default default] Added segment c1a37529-459a-446c-a794-86bd55455c5b of type geneve for network a91d01de-bdfc-43ae-a3e0-29c6b8d712a3
2026-05-04 04:23:23.335 8 INFO neutron.db.ovn_revision_numbers_db [None req-6cbd9ee9-fca3-42b2-9451-12317312995f 6b3cb76d4d704816ae5cd5ec5dca0457 a84fa703434c470aaa70303ec7277509 - - default default] Successfully bumped revision number for resource a91d01de-bdfc-43ae-a3e0-29c6b8d712a3 (type: networks) to 1
2026-05-04 04:23:23.530 8 WARNING neutron.scheduler.dhcp_agent_scheduler [None req-6cbd9ee9-fca3-42b2-9451-12317312995f 6b3cb76d4d704816ae5cd5ec5dca0457 a84fa703434c470aaa70303ec7277509 - - default default] No more DHCP agents
2026-05-04 04:23:23.531 8 WARNING neutron.api.rpc.agentnotifiers.dhcp_rpc_agent_api [None req-6cbd9ee9-fca3-42b2-9451-12317312995f 6b3cb76d4d704816ae5cd5ec5dca0457 a84fa703434c470aaa70303ec7277509 - - default default] Unable to schedule network a91d01de-bdfc-43ae-a3e0-29c6b8d712a3: no agents available; will retry on subsequent port and subnet creation events.
2026-05-04 04:23:23.572 7 INFO neutron.plugins.ml2.drivers.ovn.mech_driver.mech_driver [None req-23f944e1-da86-4db3-88bb-6bab9a05f499 - - - - - -] OVN reports status down for port: 8b20c6f3-b88c-4477-ba57-f1ece3e26385
2026-05-04 04:23:23.602 8 INFO neutron.db.ovn_revision_numbers_db [None req-6cbd9ee9-fca3-42b2-9451-12317312995f 6b3cb76d4d704816ae5cd5ec5dca0457 a84fa703434c470aaa70303ec7277509 - - default default] Successfully bumped revision number for resource 8b20c6f3-b88c-4477-ba57-f1ece3e26385 (type: ports) to 1 [pid: 8|app: 0|req: 1130/2280] 10.0.0.172 () {34 vars in 670 bytes} [Mon May 4 04:23:23 2026] POST /v2.0/networks => generated 650 bytes in 509 msecs (HTTP/1.1 201) 4 headers in 162 bytes (1 switches on core 0)
2026-05-04 04:23:23.803 7 WARNING neutron.scheduler.dhcp_agent_scheduler [None req-11cd26b8-43f1-4353-98cf-3b298aecce94 6b3cb76d4d704816ae5cd5ec5dca0457 a84fa703434c470aaa70303ec7277509 - - default default] No more DHCP agents
2026-05-04 04:23:23.804 7 WARNING neutron.api.rpc.agentnotifiers.dhcp_rpc_agent_api [None req-11cd26b8-43f1-4353-98cf-3b298aecce94 6b3cb76d4d704816ae5cd5ec5dca0457 a84fa703434c470aaa70303ec7277509 - - default default] Unable to schedule network a91d01de-bdfc-43ae-a3e0-29c6b8d712a3: no agents available; will retry on subsequent port and subnet creation events.
2026-05-04 04:23:24.215 7 INFO neutron.db.ovn_revision_numbers_db [None req-ba8fce4e-6d12-4bf3-89e7-b91f9c8902fc - - - - - -] Successfully bumped revision number for resource 8b20c6f3-b88c-4477-ba57-f1ece3e26385 (type: ports) to 2
2026-05-04 04:23:24.229 8 INFO neutron.db.ovn_revision_numbers_db [None req-25a7ae46-5ecc-4989-b953-d0feed331001 cf17992501904d70bbbb787b35454fde 832f1ef434a34ecf92880fe023cebed7 - - default default] Successfully bumped revision number for resource 8dcb3fb2-f94e-4b77-8a82-af93f10c1705 (type: security_groups) to 1
2026-05-04 04:23:24.244 8 INFO neutron.db.ovn_revision_numbers_db [None req-25a7ae46-5ecc-4989-b953-d0feed331001 cf17992501904d70bbbb787b35454fde 832f1ef434a34ecf92880fe023cebed7 - - default default] Successfully bumped revision number for resource 637b13cd-e376-434c-9ca0-00db9d12d769 (type: security_group_rules) to 0
2026-05-04 04:23:24.245 7 INFO neutron.db.ovn_revision_numbers_db [None req-ba8fce4e-6d12-4bf3-89e7-b91f9c8902fc - - - - - -] Successfully bumped revision number for resource e7a1507c-2239-4378-98b1-6679561585de (type: subnets) to 0
2026-05-04 04:23:24.254 8 INFO neutron.db.ovn_revision_numbers_db [None req-25a7ae46-5ecc-4989-b953-d0feed331001 cf17992501904d70bbbb787b35454fde 832f1ef434a34ecf92880fe023cebed7 - - default default] Successfully bumped revision number for resource 7876f28a-83af-49ac-a04e-48399292e6b9 (type: security_group_rules) to 0 [pid: 7|app: 0|req: 1151/2281] 10.0.0.172 () {34 vars in 669 bytes} [Mon May 4 04:23:23 2026] POST /v2.0/subnets => generated 629 bytes in 629 msecs (HTTP/1.1 201) 4 headers in 162 bytes (1 switches on core 0)
2026-05-04 04:23:24.264 8 INFO neutron.db.ovn_revision_numbers_db [None req-25a7ae46-5ecc-4989-b953-d0feed331001 cf17992501904d70bbbb787b35454fde 832f1ef434a34ecf92880fe023cebed7 - - default default] Successfully bumped revision number for resource 80a1f090-a970-4590-b1ee-d62a723a67cf (type: security_group_rules) to 0
2026-05-04 04:23:24.275 8 INFO neutron.db.ovn_revision_numbers_db [None req-25a7ae46-5ecc-4989-b953-d0feed331001 cf17992501904d70bbbb787b35454fde 832f1ef434a34ecf92880fe023cebed7 - - default default] Successfully bumped revision number for resource b84bac03-d09c-43ce-b3a5-b6828e06d241 (type: security_group_rules) to 0 [pid: 7|app: 0|req: 1152/2282] 10.0.0.237 () {34 vars in 990 bytes} [Mon May 4 04:23:24 2026] GET /v2.0/ports?device_id=32a5b201-379d-4d78-8b4a-23cb879c83e8 => generated 12 bytes in 15 msecs (HTTP/1.1 200) 4 headers in 156 bytes (1 switches on core 0)
2026-05-04 04:23:24.349 8 INFO neutron.db.segments_db [None req-25a7ae46-5ecc-4989-b953-d0feed331001 cf17992501904d70bbbb787b35454fde 832f1ef434a34ecf92880fe023cebed7 - - default default] Added segment 9273140b-da75-4f55-bbae-e0480e4208bb of type geneve for network 887977a5-6341-4af9-a0ee-f3ec955dfefa
2026-05-04 04:23:24.362 7 INFO neutron.db.segments_db [None req-ac02b6a8-9265-4a78-a301-3d4009186818 6b3cb76d4d704816ae5cd5ec5dca0457 a84fa703434c470aaa70303ec7277509 - - default default] Added segment a0372472-b461-47db-affc-1d3dadd5d910 of type geneve for network 05185416-bf60-4ea6-a714-2a9433f915ce
2026-05-04 04:23:24.463 8 INFO neutron.db.ovn_revision_numbers_db [None req-25a7ae46-5ecc-4989-b953-d0feed331001 cf17992501904d70bbbb787b35454fde 832f1ef434a34ecf92880fe023cebed7 - - default default] Successfully bumped revision number for resource 887977a5-6341-4af9-a0ee-f3ec955dfefa (type: networks) to 1
2026-05-04 04:23:24.464 7 INFO neutron.db.ovn_revision_numbers_db [None req-ac02b6a8-9265-4a78-a301-3d4009186818 6b3cb76d4d704816ae5cd5ec5dca0457 a84fa703434c470aaa70303ec7277509 - - default default] Successfully bumped revision number for resource 05185416-bf60-4ea6-a714-2a9433f915ce (type: networks) to 1
2026-05-04 04:23:24.617 7 WARNING neutron.scheduler.dhcp_agent_scheduler [None req-ac02b6a8-9265-4a78-a301-3d4009186818 6b3cb76d4d704816ae5cd5ec5dca0457 a84fa703434c470aaa70303ec7277509 - - default default] No more DHCP agents
2026-05-04 04:23:24.619 7 WARNING neutron.api.rpc.agentnotifiers.dhcp_rpc_agent_api [None req-ac02b6a8-9265-4a78-a301-3d4009186818 6b3cb76d4d704816ae5cd5ec5dca0457 a84fa703434c470aaa70303ec7277509 - - default default] Unable to schedule network 05185416-bf60-4ea6-a714-2a9433f915ce: no agents available; will retry on subsequent port and subnet creation events.
2026-05-04 04:23:24.620 8 WARNING neutron.scheduler.dhcp_agent_scheduler [None req-25a7ae46-5ecc-4989-b953-d0feed331001 cf17992501904d70bbbb787b35454fde 832f1ef434a34ecf92880fe023cebed7 - - default default] No more DHCP agents
2026-05-04 04:23:24.622 8 WARNING neutron.api.rpc.agentnotifiers.dhcp_rpc_agent_api [None req-25a7ae46-5ecc-4989-b953-d0feed331001 cf17992501904d70bbbb787b35454fde 832f1ef434a34ecf92880fe023cebed7 - - default default] Unable to schedule network 887977a5-6341-4af9-a0ee-f3ec955dfefa: no agents available; will retry on subsequent port and subnet creation events.
2026-05-04 04:23:24.658 7 INFO neutron.plugins.ml2.drivers.ovn.mech_driver.mech_driver [None req-23f944e1-da86-4db3-88bb-6bab9a05f499 - - - - - -] OVN reports status down for port: a3f8e6fc-3bce-457f-afd4-0608e4b9fd96
2026-05-04 04:23:24.685 8 INFO neutron.plugins.ml2.drivers.ovn.mech_driver.mech_driver [None req-88c6a8e6-df49-4605-8ee6-11fa1ce9e109 - - - - - -] OVN reports status down for port: b5b56a97-55dc-4aa1-be52-70f83cc26466
2026-05-04 04:23:24.732 7 INFO neutron.db.ovn_revision_numbers_db [None req-ac02b6a8-9265-4a78-a301-3d4009186818 6b3cb76d4d704816ae5cd5ec5dca0457 a84fa703434c470aaa70303ec7277509 - - default default] Successfully bumped revision number for resource a3f8e6fc-3bce-457f-afd4-0608e4b9fd96 (type: ports) to 1
2026-05-04 04:23:24.738 8 INFO neutron.db.ovn_revision_numbers_db [None req-25a7ae46-5ecc-4989-b953-d0feed331001 cf17992501904d70bbbb787b35454fde 832f1ef434a34ecf92880fe023cebed7 - - default default] Successfully bumped revision number for resource b5b56a97-55dc-4aa1-be52-70f83cc26466 (type: ports) to 1 [pid: 7|app: 0|req: 1153/2283] 10.0.0.172 () {34 vars in 670 bytes} [Mon May 4 04:23:24 2026] POST /v2.0/networks => generated 650 bytes in 490 msecs (HTTP/1.1 201) 4 headers in 162 bytes (1 switches on core 0) [pid: 8|app: 0|req: 1131/2284] 10.0.0.172 () {34 vars in 670 bytes} [Mon May 4 04:23:23 2026] POST /v2.0/networks => generated 650 bytes in 861 msecs (HTTP/1.1 201) 4 headers in 162 bytes (1 switches on core 0)
2026-05-04 04:23:24.963 7 WARNING neutron.scheduler.dhcp_agent_scheduler [None req-20d8a475-e28e-4f3a-9bc0-d425d05bc9ec 6b3cb76d4d704816ae5cd5ec5dca0457 a84fa703434c470aaa70303ec7277509 - - default default] No more DHCP agents
2026-05-04 04:23:24.964 7 WARNING neutron.api.rpc.agentnotifiers.dhcp_rpc_agent_api [None req-20d8a475-e28e-4f3a-9bc0-d425d05bc9ec 6b3cb76d4d704816ae5cd5ec5dca0457 a84fa703434c470aaa70303ec7277509 - - default default] Unable to schedule network 05185416-bf60-4ea6-a714-2a9433f915ce: no agents available; will retry on subsequent port and subnet creation events.
2026-05-04 04:23:25.008 8 WARNING neutron.scheduler.dhcp_agent_scheduler [None req-2e4e6c12-3d2c-4735-b3d3-d09a0a741972 cf17992501904d70bbbb787b35454fde 832f1ef434a34ecf92880fe023cebed7 - - default default] No more DHCP agents
2026-05-04 04:23:25.009 8 WARNING neutron.api.rpc.agentnotifiers.dhcp_rpc_agent_api [None req-2e4e6c12-3d2c-4735-b3d3-d09a0a741972 cf17992501904d70bbbb787b35454fde 832f1ef434a34ecf92880fe023cebed7 - - default default] Unable to schedule network 887977a5-6341-4af9-a0ee-f3ec955dfefa: no agents available; will retry on subsequent port and subnet creation events.
2026-05-04 04:23:25.073 7 INFO neutron.plugins.ml2.drivers.ovn.mech_driver.mech_driver [None req-23f944e1-da86-4db3-88bb-6bab9a05f499 - - - - - -] OVN reports status down for port: 39246c0d-4e98-4a9a-bd67-371364586aef
2026-05-04 04:23:25.086 8 INFO neutron.db.ovn_revision_numbers_db [None req-2e4e6c12-3d2c-4735-b3d3-d09a0a741972 cf17992501904d70bbbb787b35454fde 832f1ef434a34ecf92880fe023cebed7 - - default default] Successfully bumped revision number for resource 39246c0d-4e98-4a9a-bd67-371364586aef (type: ports) to 1 [pid: 8|app: 0|req: 1132/2285] 10.0.0.172 () {34 vars in 664 bytes} [Mon May 4 04:23:24 2026] POST /v2.0/ports => generated 743 bytes in 353 msecs (HTTP/1.1 201) 4 headers in 162 bytes (1 switches on core 0) /var/lib/openstack/lib/python3.12/site-packages/pycadf/identifier.py:70: UserWarning: Invalid uuid: neutron. To ensure interoperability, identifiers should be a valid uuid. warnings.warn(('Invalid uuid: %s. To ensure interoperability, ' [pid: 8|app: 0|req: 1133/2286] 199.204.45.25 () {34 vars in 985 bytes} [Mon May 4 04:23:25 2026] GET /v2.0/networks?id=cf5be191-d7ce-422b-af8c-ed487f61dbe8 => generated 699 bytes in 34 msecs (HTTP/1.1 200) 4 headers in 157 bytes (1 switches on core 0)
2026-05-04 04:23:25.241 8 INFO neutron.db.segments_db [None req-764b5173-492c-4685-b227-c161f12a2850 cf17992501904d70bbbb787b35454fde 832f1ef434a34ecf92880fe023cebed7 - - default default] Added segment c488f179-164e-417e-9a00-e913bc3b3e25 of type geneve for network 8b45b51c-fdc4-435a-b5d5-31a940a32ae2
2026-05-04 04:23:25.347 8 INFO neutron.db.ovn_revision_numbers_db [None req-764b5173-492c-4685-b227-c161f12a2850 cf17992501904d70bbbb787b35454fde 832f1ef434a34ecf92880fe023cebed7 - - default default] Successfully bumped revision number for resource 8b45b51c-fdc4-435a-b5d5-31a940a32ae2 (type: networks) to 1
2026-05-04 04:23:25.472 7 INFO neutron.db.ovn_revision_numbers_db [None req-71645103-12b5-432b-9964-88b4e1ee11ab - - - - - -] Successfully bumped revision number for resource a3f8e6fc-3bce-457f-afd4-0608e4b9fd96 (type: ports) to 2
2026-05-04 04:23:25.505 7 INFO neutron.db.ovn_revision_numbers_db [None req-71645103-12b5-432b-9964-88b4e1ee11ab - - - - - -] Successfully bumped revision number for resource 6f4d41e1-ee8a-4770-82f9-bd18f762bd5c (type: subnets) to 0
2026-05-04 04:23:25.519 8 WARNING neutron.scheduler.dhcp_agent_scheduler [None req-764b5173-492c-4685-b227-c161f12a2850 cf17992501904d70bbbb787b35454fde 832f1ef434a34ecf92880fe023cebed7 - - default default] No more DHCP agents
2026-05-04 04:23:25.520 8 WARNING neutron.api.rpc.agentnotifiers.dhcp_rpc_agent_api [None req-764b5173-492c-4685-b227-c161f12a2850 cf17992501904d70bbbb787b35454fde 832f1ef434a34ecf92880fe023cebed7 - - default default] Unable to schedule network 8b45b51c-fdc4-435a-b5d5-31a940a32ae2: no agents available; will retry on subsequent port and subnet creation events. [pid: 7|app: 0|req: 1154/2287] 10.0.0.172 () {34 vars in 669 bytes} [Mon May 4 04:23:24 2026] POST /v2.0/subnets => generated 629 bytes in 752 msecs (HTTP/1.1 201) 4 headers in 162 bytes (1 switches on core 0)
2026-05-04 04:23:25.571 8 INFO neutron.plugins.ml2.drivers.ovn.mech_driver.mech_driver [None req-88c6a8e6-df49-4605-8ee6-11fa1ce9e109 - - - - - -] OVN reports status down for port: 7ad8b5b6-360b-4c85-929e-2ef52693ba7b [pid: 7|app: 0|req: 1155/2288] 199.204.45.25 () {34 vars in 1049 bytes} [Mon May 4 04:23:25 2026] GET /v2.0/security-groups?fields=id&fields=name&tenant_id=a129d5c00a3b4656a48a06f2de5406ab => generated 274 bytes in 55 msecs (HTTP/1.1 200) 4 headers in 157 bytes (1 switches on core 0) [pid: 7|app: 0|req: 1156/2289] 10.0.0.237 () {34 vars in 990 bytes} [Mon May 4 04:23:25 2026] GET /v2.0/ports?device_id=32a5b201-379d-4d78-8b4a-23cb879c83e8 => generated 12 bytes in 18 msecs (HTTP/1.1 200) 4 headers in 156 bytes (1 switches on core 0)
2026-05-04 04:23:25.626 8 INFO neutron.db.ovn_revision_numbers_db [None req-764b5173-492c-4685-b227-c161f12a2850 cf17992501904d70bbbb787b35454fde 832f1ef434a34ecf92880fe023cebed7 - - default default] Successfully bumped revision number for resource 7ad8b5b6-360b-4c85-929e-2ef52693ba7b (type: ports) to 1 [pid: 8|app: 0|req: 1134/2292] 10.0.0.172 () {34 vars in 670 bytes} [Mon May 4 04:23:25 2026] POST /v2.0/networks => generated 651 bytes in 509 msecs (HTTP/1.1 201) 4 headers in 162 bytes (1 switches on core 0)
2026-05-04 04:23:25.691 7 INFO neutron.db.segments_db [None req-31fbc037-03b1-400e-8fa3-a31ac7782184 6b3cb76d4d704816ae5cd5ec5dca0457 a84fa703434c470aaa70303ec7277509 - - default default] Added segment df3b492b-a70d-4cd7-ad4b-013deb744f82 of type geneve for network 939c72e0-6db3-4957-aa2e-b13e505c12e4
2026-05-04 04:23:25.811 7 INFO neutron.db.ovn_revision_numbers_db [None req-31fbc037-03b1-400e-8fa3-a31ac7782184 6b3cb76d4d704816ae5cd5ec5dca0457 a84fa703434c470aaa70303ec7277509 - - default default] Successfully bumped revision number for resource 939c72e0-6db3-4957-aa2e-b13e505c12e4 (type: networks) to 1
2026-05-04 04:23:25.968 7 WARNING neutron.scheduler.dhcp_agent_scheduler [None req-31fbc037-03b1-400e-8fa3-a31ac7782184 6b3cb76d4d704816ae5cd5ec5dca0457 a84fa703434c470aaa70303ec7277509 - - default default] No more DHCP agents
2026-05-04 04:23:25.969 7 WARNING neutron.api.rpc.agentnotifiers.dhcp_rpc_agent_api [None req-31fbc037-03b1-400e-8fa3-a31ac7782184 6b3cb76d4d704816ae5cd5ec5dca0457 a84fa703434c470aaa70303ec7277509 - - default default] Unable to schedule network 939c72e0-6db3-4957-aa2e-b13e505c12e4: no agents available; will retry on subsequent port and subnet creation events.
2026-05-04 04:23:25.988 8 WARNING neutron.scheduler.dhcp_agent_scheduler [req-e4930e85-0512-43b5-b4e9-34e48d8ee973 req-a8e24cb4-f9be-41e5-a0fb-1a57d39cca00 ec4bb93174594d88be1a8633d3a5bf48 a129d5c00a3b4656a48a06f2de5406ab - - default default] No more DHCP agents
2026-05-04 04:23:25.990 8 WARNING neutron.api.rpc.agentnotifiers.dhcp_rpc_agent_api [req-e4930e85-0512-43b5-b4e9-34e48d8ee973 req-a8e24cb4-f9be-41e5-a0fb-1a57d39cca00 ec4bb93174594d88be1a8633d3a5bf48 a129d5c00a3b4656a48a06f2de5406ab - - default default] Unable to schedule network cf5be191-d7ce-422b-af8c-ed487f61dbe8: no agents available; will retry on subsequent port and subnet creation events.
2026-05-04 04:23:26.048 8 INFO neutron.plugins.ml2.drivers.ovn.mech_driver.mech_driver [None req-88c6a8e6-df49-4605-8ee6-11fa1ce9e109 - - - - - -] OVN reports status down for port: 2574fb46-e220-4891-835a-42e3b9f5abb6
2026-05-04 04:23:26.054 7 INFO neutron.db.ovn_revision_numbers_db [None req-31fbc037-03b1-400e-8fa3-a31ac7782184 6b3cb76d4d704816ae5cd5ec5dca0457 a84fa703434c470aaa70303ec7277509 - - default default] Successfully bumped revision number for resource 2574fb46-e220-4891-835a-42e3b9f5abb6 (type: ports) to 1 [pid: 7|app: 0|req: 1159/2293] 10.0.0.172 () {34 vars in 670 bytes} [Mon May 4 04:23:25 2026] POST /v2.0/networks => generated 651 bytes in 480 msecs (HTTP/1.1 201) 4 headers in 162 bytes (1 switches on core 0)
2026-05-04 04:23:26.212 8 INFO neutron.plugins.ml2.drivers.ovn.mech_driver.mech_driver [None req-88c6a8e6-df49-4605-8ee6-11fa1ce9e109 - - - - - -] OVN reports status down for port: 5dfaf6a1-439b-4b75-8b86-1452b8e0f3bc
2026-05-04 04:23:26.264 8 INFO neutron.db.ovn_revision_numbers_db [req-e4930e85-0512-43b5-b4e9-34e48d8ee973 req-a8e24cb4-f9be-41e5-a0fb-1a57d39cca00 ec4bb93174594d88be1a8633d3a5bf48 a129d5c00a3b4656a48a06f2de5406ab - - default default] Successfully bumped revision number for resource 5dfaf6a1-439b-4b75-8b86-1452b8e0f3bc (type: ports) to 1
2026-05-04 04:23:26.335 7 WARNING neutron.scheduler.dhcp_agent_scheduler [None req-4ae24873-cd95-4e6a-a91e-1d5ab403dc5a cf17992501904d70bbbb787b35454fde 832f1ef434a34ecf92880fe023cebed7 - - default default] No more DHCP agents
2026-05-04 04:23:26.336 7 WARNING neutron.api.rpc.agentnotifiers.dhcp_rpc_agent_api [None req-4ae24873-cd95-4e6a-a91e-1d5ab403dc5a cf17992501904d70bbbb787b35454fde 832f1ef434a34ecf92880fe023cebed7 - - default default] Unable to schedule network 8b45b51c-fdc4-435a-b5d5-31a940a32ae2: no agents available; will retry on subsequent port and subnet creation events. [pid: 8|app: 0|req: 1135/2294] 199.204.45.25 () {38 vars in 954 bytes} [Mon May 4 04:23:25 2026] POST /v2.0/ports => generated 954 bytes in 680 msecs (HTTP/1.1 201) 4 headers in 162 bytes (1 switches on core 0) /var/lib/openstack/lib/python3.12/site-packages/pycadf/identifier.py:70: UserWarning: Invalid uuid: neutron. To ensure interoperability, identifiers should be a valid uuid. warnings.warn(('Invalid uuid: %s. To ensure interoperability, '
2026-05-04 04:23:26.398 8 INFO neutron.plugins.ml2.drivers.ovn.mech_driver.mech_driver [None req-88c6a8e6-df49-4605-8ee6-11fa1ce9e109 - - - - - -] OVN reports status down for port: 759be9be-4aec-4466-8196-28124c532f7b
2026-05-04 04:23:26.415 7 INFO neutron.db.ovn_revision_numbers_db [None req-4ae24873-cd95-4e6a-a91e-1d5ab403dc5a cf17992501904d70bbbb787b35454fde 832f1ef434a34ecf92880fe023cebed7 - - default default] Successfully bumped revision number for resource 759be9be-4aec-4466-8196-28124c532f7b (type: ports) to 1 [pid: 7|app: 0|req: 1160/2295] 10.0.0.172 () {34 vars in 664 bytes} [Mon May 4 04:23:26 2026] POST /v2.0/ports => generated 743 bytes in 388 msecs (HTTP/1.1 201) 4 headers in 162 bytes (1 switches on core 0) /var/lib/openstack/lib/python3.12/site-packages/pycadf/identifier.py:70: UserWarning: Invalid uuid: neutron. To ensure interoperability, identifiers should be a valid uuid. warnings.warn(('Invalid uuid: %s. To ensure interoperability, '
2026-05-04 04:23:26.648 8 WARNING neutron.scheduler.dhcp_agent_scheduler [None req-24bc9fe2-0c21-4d9a-80ee-1f53073dcbee 6b3cb76d4d704816ae5cd5ec5dca0457 a84fa703434c470aaa70303ec7277509 - - default default] No more DHCP agents
2026-05-04 04:23:26.649 8 WARNING neutron.api.rpc.agentnotifiers.dhcp_rpc_agent_api [None req-24bc9fe2-0c21-4d9a-80ee-1f53073dcbee 6b3cb76d4d704816ae5cd5ec5dca0457 a84fa703434c470aaa70303ec7277509 - - default default] Unable to schedule network 939c72e0-6db3-4957-aa2e-b13e505c12e4: no agents available; will retry on subsequent port and subnet creation events.
2026-05-04 04:23:26.831 7 INFO neutron.db.ovn_revision_numbers_db [req-e4930e85-0512-43b5-b4e9-34e48d8ee973 req-a1b73cc4-c428-49bb-81de-987dad4fea47 1ba2a148bc2b43b2a915f6a2baddcbc0 1e652377ba2541afbd043be97b355ab9 - - 87b1776aaea7444cbd41bcaa48c2f934 87b1776aaea7444cbd41bcaa48c2f934] Successfully bumped revision number for resource 5dfaf6a1-439b-4b75-8b86-1452b8e0f3bc (type: ports) to 2
2026-05-04 04:23:27.049 7 INFO neutron.db.ovn_revision_numbers_db [req-e4930e85-0512-43b5-b4e9-34e48d8ee973 req-a1b73cc4-c428-49bb-81de-987dad4fea47 1ba2a148bc2b43b2a915f6a2baddcbc0 1e652377ba2541afbd043be97b355ab9 - - 87b1776aaea7444cbd41bcaa48c2f934 87b1776aaea7444cbd41bcaa48c2f934] Successfully bumped revision number for resource 5dfaf6a1-439b-4b75-8b86-1452b8e0f3bc (type: ports) to 4 [pid: 7|app: 0|req: 1161/2296] 199.204.45.25 () {38 vars in 1027 bytes} [Mon May 4 04:23:26 2026] PUT /v2.0/ports/5dfaf6a1-439b-4b75-8b86-1452b8e0f3bc => generated 1204 bytes in 618 msecs (HTTP/1.1 200) 4 headers in 158 bytes (1 switches on core 0) /var/lib/openstack/lib/python3.12/site-packages/pycadf/identifier.py:70: UserWarning: Invalid uuid: neutron. To ensure interoperability, identifiers should be a valid uuid. warnings.warn(('Invalid uuid: %s. To ensure interoperability, '
2026-05-04 04:23:27.097 8 INFO neutron.db.ovn_revision_numbers_db [None req-203c895e-f6a6-4d10-a7a1-30e795b8c4c1 - - - - - -] Successfully bumped revision number for resource 2574fb46-e220-4891-835a-42e3b9f5abb6 (type: ports) to 2
2026-05-04 04:23:27.127 7 INFO neutron.notifiers.nova [-] Nova event matching ['req-72990c49-2934-40cf-b066-31ea3c22924c'] response: {'name': 'network-changed', 'server_uuid': '32a5b201-379d-4d78-8b4a-23cb879c83e8', 'tag': '5dfaf6a1-439b-4b75-8b86-1452b8e0f3bc', 'status': 'completed', 'code': 200}
2026-05-04 04:23:27.128 8 INFO neutron.db.ovn_revision_numbers_db [None req-203c895e-f6a6-4d10-a7a1-30e795b8c4c1 - - - - - -] Successfully bumped revision number for resource a42a8fb1-acc0-4f83-bf29-2f6a721eedb2 (type: subnets) to 0 [pid: 8|app: 0|req: 1136/2297] 10.0.0.172 () {34 vars in 669 bytes} [Mon May 4 04:23:26 2026] POST /v2.0/subnets => generated 629 bytes in 789 msecs (HTTP/1.1 201) 4 headers in 162 bytes (1 switches on core 0) [pid: 8|app: 0|req: 1137/2298] 10.0.0.237 () {34 vars in 990 bytes} [Mon May 4 04:23:27 2026] GET /v2.0/ports?device_id=32a5b201-379d-4d78-8b4a-23cb879c83e8 => generated 969 bytes in 35 msecs (HTTP/1.1 200) 4 headers in 157 bytes (1 switches on core 0)
2026-05-04 04:23:27.185 7 INFO neutron.db.segments_db [None req-3effea53-f41d-4b10-a649-0dcda2d80031 cf17992501904d70bbbb787b35454fde 832f1ef434a34ecf92880fe023cebed7 - - default default] Added segment 582a7a8c-2dca-4b28-a84b-ce397505ae37 of type geneve for network e05bd15a-77c6-4df3-9e8f-7e1d96a0729d [pid: 8|app: 0|req: 1138/2299] 10.0.0.172 () {34 vars in 751 bytes} [Mon May 4 04:23:27 2026] PUT /v2.0/subnets/c2c83def-a43c-48c3-a55f-f2c35f635657/tags => generated 17 bytes in 62 msecs (HTTP/1.1 200) 4 headers in 156 bytes (1 switches on core 0) [pid: 8|app: 0|req: 1139/2300] 10.0.0.237 () {34 vars in 1040 bytes} [Mon May 4 04:23:27 2026] GET /v2.0/security-groups?id=aabd1c5c-3a42-4a46-8479-7d85c5bbb503&fields=id&fields=name => generated 114 bytes in 39 msecs (HTTP/1.1 200) 4 headers in 157 bytes (1 switches on core 0)
2026-05-04 04:23:27.302 7 INFO neutron.db.ovn_revision_numbers_db [None req-3effea53-f41d-4b10-a649-0dcda2d80031 cf17992501904d70bbbb787b35454fde 832f1ef434a34ecf92880fe023cebed7 - - default default] Successfully bumped revision number for resource e05bd15a-77c6-4df3-9e8f-7e1d96a0729d (type: networks) to 1 [pid: 8|app: 0|req: 1140/2301] 10.0.0.172 () {34 vars in 751 bytes} [Mon May 4 04:23:27 2026] PUT /v2.0/subnets/b6f284d4-a797-4089-a2b9-14554526ec54/tags => generated 25 bytes in 68 msecs (HTTP/1.1 200) 4 headers in 156 bytes (1 switches on core 0) [pid: 8|app: 0|req: 1141/2302] 10.0.0.172 () {34 vars in 751 bytes} [Mon May 4 04:23:27 2026] PUT /v2.0/subnets/e7a1507c-2239-4378-98b1-6679561585de/tags => generated 34 bytes in 49 msecs (HTTP/1.1 200) 4 headers in 156 bytes (1 switches on core 0)
2026-05-04 04:23:27.457 7 WARNING neutron.scheduler.dhcp_agent_scheduler [None req-3effea53-f41d-4b10-a649-0dcda2d80031 cf17992501904d70bbbb787b35454fde 832f1ef434a34ecf92880fe023cebed7 - - default default] No more DHCP agents
2026-05-04 04:23:27.458 7 WARNING neutron.api.rpc.agentnotifiers.dhcp_rpc_agent_api [None req-3effea53-f41d-4b10-a649-0dcda2d80031 cf17992501904d70bbbb787b35454fde 832f1ef434a34ecf92880fe023cebed7 - - default default] Unable to schedule network e05bd15a-77c6-4df3-9e8f-7e1d96a0729d: no agents available; will retry on subsequent port and subnet creation events. [pid: 8|app: 0|req: 1142/2303] 10.0.0.172 () {34 vars in 751 bytes} [Mon May 4 04:23:27 2026] PUT /v2.0/subnets/6f4d41e1-ee8a-4770-82f9-bd18f762bd5c/tags => generated 19 bytes in 48 msecs (HTTP/1.1 200) 4 headers in 156 bytes (1 switches on core 0)
2026-05-04 04:23:27.504 7 INFO neutron.plugins.ml2.drivers.ovn.mech_driver.mech_driver [None req-23f944e1-da86-4db3-88bb-6bab9a05f499 - - - - - -] OVN reports status down for port: d92c4f18-61cd-4ef9-ad27-4ea921313c62 [pid: 8|app: 0|req: 1143/2304] 10.0.0.172 () {32 vars in 664 bytes} [Mon May 4 04:23:27 2026] GET /v2.0/subnets?tags=red => generated 1904 bytes in 64 msecs (HTTP/1.1 200) 4 headers in 158 bytes (1 switches on core 0)
2026-05-04 04:23:27.569 7 INFO neutron.db.ovn_revision_numbers_db [None req-3effea53-f41d-4b10-a649-0dcda2d80031 cf17992501904d70bbbb787b35454fde 832f1ef434a34ecf92880fe023cebed7 - - default default] Successfully bumped revision number for resource d92c4f18-61cd-4ef9-ad27-4ea921313c62 (type: ports) to 1 [pid: 8|app: 0|req: 1144/2305] 10.0.0.172 () {32 vars in 678 bytes} [Mon May 4 04:23:27 2026] GET /v2.0/subnets?tags=red%2Cblue => generated 1283 bytes in 44 msecs (HTTP/1.1 200) 4 headers in 158 bytes (1 switches on core 0) [pid: 7|app: 0|req: 1162/2306] 10.0.0.172 () {34 vars in 670 bytes} [Mon May 4 04:23:27 2026] POST /v2.0/networks => generated 651 bytes in 517 msecs (HTTP/1.1 201) 4 headers in 162 bytes (1 switches on core 0) [pid: 8|app: 0|req: 1145/2307] 10.0.0.172 () {32 vars in 674 bytes} [Mon May 4 04:23:27 2026] GET /v2.0/subnets?tags-any=blue => generated 1283 bytes in 43 msecs (HTTP/1.1 200) 4 headers in 158 bytes (1 switches on core 0) [pid: 8|app: 0|req: 1146/2308] 10.0.0.172 () {32 vars in 686 bytes} [Mon May 4 04:23:27 2026] GET /v2.0/subnets?tags-any=red%2Cblue => generated 1904 bytes in 32 msecs (HTTP/1.1 200) 4 headers in 158 bytes (1 switches on core 0) [pid: 8|app: 0|req: 1147/2309] 199.204.45.25 () {34 vars in 1079 bytes} [Mon May 4 04:23:27 2026] GET /v2.0/ports?tenant_id=a129d5c00a3b4656a48a06f2de5406ab&device_id=32a5b201-379d-4d78-8b4a-23cb879c83e8 => generated 1207 bytes in 34 msecs (HTTP/1.1 200) 4 headers in 158 bytes (1 switches on core 0) [pid: 8|app: 0|req: 1148/2310] 10.0.0.172 () {32 vars in 672 bytes} [Mon May 4 04:23:27 2026] GET /v2.0/subnets?not-tags=red => generated 1894 bytes in 45 msecs (HTTP/1.1 200) 4 headers in 158 bytes (1 switches on core 0) [pid: 8|app: 0|req: 1149/2311] 199.204.45.25 () {34 vars in 1017 bytes} [Mon May 4 04:23:27 2026] GET /v2.0/networks?tenant_id=a129d5c00a3b4656a48a06f2de5406ab&shared=False => generated 798 bytes in 40 msecs (HTTP/1.1 200) 4 headers in 157 bytes (1 switches on core 0) [pid: 8|app: 0|req: 1150/2312] 10.0.0.172 () {32 vars in 686 bytes} [Mon May 4 04:23:27 2026] GET /v2.0/subnets?not-tags=red%2Cblue => generated 2515 bytes in 43 msecs (HTTP/1.1 200) 4 headers in 158 bytes (1 switches on core 0)
2026-05-04 04:23:27.845 7 WARNING neutron.scheduler.dhcp_agent_scheduler [None req-5d7ad809-acf9-4896-bd5d-256857ed597f cf17992501904d70bbbb787b35454fde 832f1ef434a34ecf92880fe023cebed7 - - default default] No more DHCP agents
2026-05-04 04:23:27.846 7 WARNING neutron.api.rpc.agentnotifiers.dhcp_rpc_agent_api [None req-5d7ad809-acf9-4896-bd5d-256857ed597f cf17992501904d70bbbb787b35454fde 832f1ef434a34ecf92880fe023cebed7 - - default default] Unable to schedule network e05bd15a-77c6-4df3-9e8f-7e1d96a0729d: no agents available; will retry on subsequent port and subnet creation events. [pid: 8|app: 0|req: 1151/2313] 199.204.45.25 () {34 vars in 929 bytes} [Mon May 4 04:23:27 2026] GET /v2.0/networks?shared=True => generated 791 bytes in 38 msecs (HTTP/1.1 200) 4 headers in 157 bytes (1 switches on core 0)
2026-05-04 04:23:27.917 7 INFO neutron.db.ovn_revision_numbers_db [None req-5d7ad809-acf9-4896-bd5d-256857ed597f cf17992501904d70bbbb787b35454fde 832f1ef434a34ecf92880fe023cebed7 - - default default] Successfully bumped revision number for resource f3eb3c8a-96f0-48a4-b7a2-f6277550cfec (type: ports) to 1
