2026-05-04 04:22:06.074 8 INFO neutron_taas.services.taas.taas_plugin [None req-73bda216-2c6d-482b-aede-0491be1ac976 74845f38e25a4fb499c48af536532e61 41d0c08a80b4484b91d1fe01f839729d - - default default] TaaS: Handle Delete Port: 692621ae-d8e6-4ea9-8aaf-891d5fc0c4f8
2026-05-04 04:22:06.079 8 INFO neutron_taas.services.taas.tap_mirror_plugin [None req-73bda216-2c6d-482b-aede-0491be1ac976 74845f38e25a4fb499c48af536532e61 41d0c08a80b4484b91d1fe01f839729d - - default default] Tap Mirror: Handle Delete Port: 692621ae-d8e6-4ea9-8aaf-891d5fc0c4f8 [pid: 7|app: 0|req: 912/1754] 10.0.0.172 () {34 vars in 669 bytes} [Mon May 4 04:22:05 2026] POST /v2.0/routers => generated 602 bytes in 148 msecs (HTTP/1.1 201) 4 headers in 162 bytes (1 switches on core 0) [pid: 7|app: 0|req: 913/1755] 10.0.0.172 () {32 vars in 719 bytes} [Mon May 4 04:22:06 2026] GET /v2.0/trunks/180649d4-7268-4df1-bac5-f647bda29712 => generated 422 bytes in 18 msecs (HTTP/1.1 200) 4 headers in 157 bytes (1 switches on core 0) [pid: 8|app: 0|req: 843/1756] 10.0.0.172 () {32 vars in 720 bytes} [Mon May 4 04:22:05 2026] DELETE /v2.0/ports/692621ae-d8e6-4ea9-8aaf-891d5fc0c4f8 => generated 0 bytes in 403 msecs (HTTP/1.1 204) 3 headers in 131 bytes (1 switches on core 0) [pid: 8|app: 0|req: 844/1757] 10.0.0.172 () {32 vars in 717 bytes} [Mon May 4 04:22:06 2026] GET /v2.0/ports/aa70ddde-f382-44f4-8b4a-6aaa78b537d9 => generated 826 bytes in 75 msecs (HTTP/1.1 200) 4 headers in 157 bytes (1 switches on core 0)
2026-05-04 04:22:06.501 8 INFO neutron_taas.services.taas.taas_plugin [None req-7ffdcc65-f85e-47ea-9c03-317b72f0c532 74845f38e25a4fb499c48af536532e61 41d0c08a80b4484b91d1fe01f839729d - - default default] TaaS: Handle Delete Port: eea228db-499e-4dc6-bda1-0c03c68dcbed
2026-05-04 04:22:06.502 7 WARNING neutron.scheduler.dhcp_agent_scheduler [None req-959074a4-276f-4690-802e-fdafb8228ffa b7ad1f1bfad64494a7bbcd53b73752f4 acfb641a96ca4d9db084a3baf696c528 - - default default] No more DHCP agents
2026-05-04 04:22:06.504 8 INFO neutron_taas.services.taas.tap_mirror_plugin [None req-7ffdcc65-f85e-47ea-9c03-317b72f0c532 74845f38e25a4fb499c48af536532e61 41d0c08a80b4484b91d1fe01f839729d - - default default] Tap Mirror: Handle Delete Port: eea228db-499e-4dc6-bda1-0c03c68dcbed
2026-05-04 04:22:06.504 7 WARNING neutron.api.rpc.agentnotifiers.dhcp_rpc_agent_api [None req-959074a4-276f-4690-802e-fdafb8228ffa b7ad1f1bfad64494a7bbcd53b73752f4 acfb641a96ca4d9db084a3baf696c528 - - default default] Unable to schedule network a2ce0b6a-2d8a-4d18-acdb-883ea52bf3ac: no agents available; will retry on subsequent port and subnet creation events.
2026-05-04 04:22:06.624 7 INFO neutron.plugins.ml2.drivers.ovn.mech_driver.mech_driver [None req-2f087b5b-49cd-4aab-8e93-d55da1f90d41 - - - - - -] OVN reports status down for port: 27a3570c-e62e-4238-b86f-2ba3596f6135
2026-05-04 04:22:06.647 8 WARNING neutron.plugins.ml2.drivers.ovn.mech_driver.ovsdb.ovn_client [None req-b58ea9a8-7ba2-439c-a965-c2678351cfae - - - - - -] No hosting information found for port 4b03ee3c-22c8-4542-9b6b-2965c6442852: RuntimeError: No hosting information found for port 4b03ee3c-22c8-4542-9b6b-2965c6442852
2026-05-04 04:22:06.648 8 INFO neutron.plugins.ml2.drivers.ovn.mech_driver.mech_driver [None req-b58ea9a8-7ba2-439c-a965-c2678351cfae - - - - - -] OVN reports status down for port: 692621ae-d8e6-4ea9-8aaf-891d5fc0c4f8
2026-05-04 04:22:06.683 7 INFO neutron.db.ovn_revision_numbers_db [None req-959074a4-276f-4690-802e-fdafb8228ffa b7ad1f1bfad64494a7bbcd53b73752f4 acfb641a96ca4d9db084a3baf696c528 - - default default] Successfully bumped revision number for resource 27a3570c-e62e-4238-b86f-2ba3596f6135 (type: ports) to 1 [pid: 8|app: 0|req: 845/1758] 10.0.0.172 () {32 vars in 720 bytes} [Mon May 4 04:22:06 2026] DELETE /v2.0/ports/eea228db-499e-4dc6-bda1-0c03c68dcbed => generated 0 bytes in 435 msecs (HTTP/1.1 204) 3 headers in 131 bytes (1 switches on core 0)
2026-05-04 04:22:06.824 8 INFO neutron.db.ovn_revision_numbers_db [None req-b58ea9a8-7ba2-439c-a965-c2678351cfae - - - - - -] Successfully bumped revision number for resource 4b03ee3c-22c8-4542-9b6b-2965c6442852 (type: router_ports) to 2
2026-05-04 04:22:06.825 8 INFO neutron.plugins.ml2.drivers.ovn.mech_driver.mech_driver [None req-b58ea9a8-7ba2-439c-a965-c2678351cfae - - - - - -] OVN reports status up for port: 293db227-14d9-416f-88af-7078b65cf12e [pid: 8|app: 0|req: 846/1759] 10.0.0.172 () {32 vars in 722 bytes} [Mon May 4 04:22:06 2026] DELETE /v2.0/trunks/180649d4-7268-4df1-bac5-f647bda29712 => generated 0 bytes in 163 msecs (HTTP/1.1 204) 2 headers in 112 bytes (1 switches on core 0) /var/lib/openstack/lib/python3.12/site-packages/pycadf/identifier.py:70: UserWarning: Invalid uuid: neutron. To ensure interoperability, identifiers should be a valid uuid. warnings.warn(('Invalid uuid: %s. To ensure interoperability, '
2026-05-04 04:22:07.012 8 INFO neutron.plugins.ml2.drivers.ovn.mech_driver.mech_driver [None req-b58ea9a8-7ba2-439c-a965-c2678351cfae - - - - - -] OVN reports status down for port: 05668cce-b98c-43a9-a282-d566b57c68c5
2026-05-04 04:22:07.180 8 INFO neutron.db.ovn_revision_numbers_db [None req-eb9e1d49-5a9b-4778-b36c-57348794abc1 6e8f4eb62bdd4b188bc9da58bd11bfb0 50f81be7ea2b4106b729039b97b56e8b - - default default] Successfully bumped revision number for resource a65a21e5-a9c3-47c9-bb77-8ffdff8106de (type: security_groups) to 1
2026-05-04 04:22:07.210 8 INFO neutron.db.ovn_revision_numbers_db [None req-eb9e1d49-5a9b-4778-b36c-57348794abc1 6e8f4eb62bdd4b188bc9da58bd11bfb0 50f81be7ea2b4106b729039b97b56e8b - - default default] Successfully bumped revision number for resource 126ad478-ea05-4ebb-a1e3-ff74290d1b57 (type: security_group_rules) to 0
2026-05-04 04:22:07.234 8 INFO neutron.db.ovn_revision_numbers_db [None req-eb9e1d49-5a9b-4778-b36c-57348794abc1 6e8f4eb62bdd4b188bc9da58bd11bfb0 50f81be7ea2b4106b729039b97b56e8b - - default default] Successfully bumped revision number for resource 1b01c79f-8397-4e45-84db-f8ce986a1711 (type: security_group_rules) to 0
2026-05-04 04:22:07.285 7 INFO neutron.plugins.ml2.drivers.ovn.mech_driver.mech_driver [None req-2f087b5b-49cd-4aab-8e93-d55da1f90d41 - - - - - -] OVN reports status up for port: 27a3570c-e62e-4238-b86f-2ba3596f6135
2026-05-04 04:22:07.309 7 INFO neutron.plugins.ml2.plugin [None req-2f087b5b-49cd-4aab-8e93-d55da1f90d41 - - - - - -] Attempt 1 to provision port 27a3570c-e62e-4238-b86f-2ba3596f6135 [pid: 8|app: 0|req: 847/1760] 10.0.0.172 () {34 vars in 685 bytes} [Mon May 4 04:22:06 2026] POST /v2.0/security-groups => generated 1673 bytes in 368 msecs (HTTP/1.1 201) 4 headers in 163 bytes (1 switches on core 0) [pid: 8|app: 0|req: 848/1761] 10.0.0.172 () {32 vars in 736 bytes} [Mon May 4 04:22:07 2026] GET /v2.0/ports?device_id=b2d85c11-c032-429d-a09b-af06e4fa36f1 => generated 946 bytes in 66 msecs (HTTP/1.1 200) 4 headers in 157 bytes (1 switches on core 0)
2026-05-04 04:22:07.419 7 WARNING neutron.scheduler.dhcp_agent_scheduler [None req-959074a4-276f-4690-802e-fdafb8228ffa b7ad1f1bfad64494a7bbcd53b73752f4 acfb641a96ca4d9db084a3baf696c528 - - default default] No more DHCP agents
2026-05-04 04:22:07.422 7 WARNING neutron.api.rpc.agentnotifiers.dhcp_rpc_agent_api [None req-959074a4-276f-4690-802e-fdafb8228ffa b7ad1f1bfad64494a7bbcd53b73752f4 acfb641a96ca4d9db084a3baf696c528 - - default default] Unable to schedule network a2ce0b6a-2d8a-4d18-acdb-883ea52bf3ac: no agents available; will retry on subsequent port and subnet creation events. [pid: 8|app: 0|req: 849/1762] 10.0.0.172 () {32 vars in 719 bytes} [Mon May 4 04:22:07 2026] GET /v2.0/trunks/f9bb2003-0d0f-4877-8832-7962844ad426 => generated 431 bytes in 37 msecs (HTTP/1.1 200) 4 headers in 157 bytes (1 switches on core 0)
2026-05-04 04:22:07.592 8 INFO neutron.db.ovn_revision_numbers_db [None req-b58ea9a8-7ba2-439c-a965-c2678351cfae - - - - - -] Successfully bumped revision number for resource 05668cce-b98c-43a9-a282-d566b57c68c5 (type: ports) to 6
2026-05-04 04:22:07.709 8 INFO neutron.db.ovn_revision_numbers_db [None req-b1aae045-c42a-4420-b933-9d3bd6f7d1ff 6e8f4eb62bdd4b188bc9da58bd11bfb0 50f81be7ea2b4106b729039b97b56e8b - - default default] Successfully bumped revision number for resource 0e8dbd22-8630-4f98-8579-cc8688ff8383 (type: security_group_rules) to 0
2026-05-04 04:22:07.749 8 WARNING neutron.plugins.ml2.drivers.ovn.mech_driver.ovsdb.ovn_client [None req-2194ed62-c50b-48f7-8d90-66e43c07b14e - - - - - -] Logical_Switch_Port %s host information not removed, the port state is up
2026-05-04 04:22:07.749 8 INFO neutron.plugins.ml2.drivers.ovn.mech_driver.mech_driver [None req-2194ed62-c50b-48f7-8d90-66e43c07b14e - - - - - -] OVN reports status up for port: 05668cce-b98c-43a9-a282-d566b57c68c5 [pid: 8|app: 0|req: 850/1763] 10.0.0.172 () {34 vars in 695 bytes} [Mon May 4 04:22:07 2026] POST /v2.0/security-group-rules => generated 597 bytes in 339 msecs (HTTP/1.1 201) 4 headers in 162 bytes (1 switches on core 0)
2026-05-04 04:22:07.766 8 INFO neutron.plugins.ml2.plugin [None req-2194ed62-c50b-48f7-8d90-66e43c07b14e - - - - - -] Attempt 1 to provision port 05668cce-b98c-43a9-a282-d566b57c68c5
2026-05-04 04:22:07.824 7 INFO neutron.db.ovn_revision_numbers_db [None req-959074a4-276f-4690-802e-fdafb8228ffa b7ad1f1bfad64494a7bbcd53b73752f4 acfb641a96ca4d9db084a3baf696c528 - - default default] Successfully bumped revision number for resource 27a3570c-e62e-4238-b86f-2ba3596f6135 (type: router_ports) to 1 [pid: 7|app: 0|req: 914/1764] 10.0.0.172 () {34 vars in 783 bytes} [Mon May 4 04:22:06 2026] PUT /v2.0/routers/1cddbc82-0dfd-4f9e-8a3e-71fd8c2b2708/add_router_interface => generated 309 bytes in 1724 msecs (HTTP/1.1 200) 4 headers in 157 bytes (1 switches on core 0) [pid: 7|app: 0|req: 915/1765] 10.0.0.172 () {32 vars in 717 bytes} [Mon May 4 04:22:07 2026] GET /v2.0/ports/b084c39a-eb63-43e7-8863-f37a0d140e9f => generated 826 bytes in 142 msecs (HTTP/1.1 200) 4 headers in 157 bytes (1 switches on core 0)
2026-05-04 04:22:08.001 7 INFO neutron.db.ovn_revision_numbers_db [None req-2f087b5b-49cd-4aab-8e93-d55da1f90d41 - - - - - -] Successfully bumped revision number for resource 27a3570c-e62e-4238-b86f-2ba3596f6135 (type: ports) to 2
2026-05-04 04:22:08.207 7 INFO neutron.db.ovn_revision_numbers_db [None req-aee91da2-9df1-46c6-a92a-c0cbfe4b778d 6e8f4eb62bdd4b188bc9da58bd11bfb0 50f81be7ea2b4106b729039b97b56e8b - - default default] Successfully bumped revision number for resource fe5e2874-354e-4268-84a2-58b320002e61 (type: security_group_rules) to 0 [pid: 7|app: 0|req: 916/1766] 10.0.0.172 () {34 vars in 695 bytes} [Mon May 4 04:22:07 2026] POST /v2.0/security-group-rules => generated 596 bytes in 257 msecs (HTTP/1.1 201) 4 headers in 162 bytes (1 switches on core 0) [pid: 7|app: 0|req: 917/1767] 10.0.0.172 () {32 vars in 717 bytes} [Mon May 4 04:22:08 2026] GET /v2.0/ports/27a3570c-e62e-4238-b86f-2ba3596f6135 => generated 943 bytes in 79 msecs (HTTP/1.1 200) 4 headers in 157 bytes (1 switches on core 0)
2026-05-04 04:22:08.335 8 INFO neutron_taas.services.taas.taas_plugin [None req-5e739eaf-92ee-4b02-8656-27573e2b6ca5 74845f38e25a4fb499c48af536532e61 41d0c08a80b4484b91d1fe01f839729d - - default default] TaaS: Handle Delete Port: d2200db1-b384-4725-a694-f5148078389e
2026-05-04 04:22:08.341 8 INFO neutron_taas.services.taas.tap_mirror_plugin [None req-5e739eaf-92ee-4b02-8656-27573e2b6ca5 74845f38e25a4fb499c48af536532e61 41d0c08a80b4484b91d1fe01f839729d - - default default] Tap Mirror: Handle Delete Port: d2200db1-b384-4725-a694-f5148078389e [pid: 7|app: 0|req: 918/1768] 10.0.0.172 () {32 vars in 722 bytes} [Mon May 4 04:22:08 2026] DELETE /v2.0/trunks/f9bb2003-0d0f-4877-8832-7962844ad426 => generated 0 bytes in 70 msecs (HTTP/1.1 204) 2 headers in 112 bytes (1 switches on core 0)
2026-05-04 04:22:08.389 8 INFO neutron.db.ovn_revision_numbers_db [None req-2194ed62-c50b-48f7-8d90-66e43c07b14e - - - - - -] Successfully bumped revision number for resource 05668cce-b98c-43a9-a282-d566b57c68c5 (type: ports) to 7
2026-05-04 04:22:08.511 7 INFO neutron.db.ovn_revision_numbers_db [None req-239fc9c5-afe1-410b-b9c1-a999cb52d7b5 6e8f4eb62bdd4b188bc9da58bd11bfb0 50f81be7ea2b4106b729039b97b56e8b - - default default] Successfully bumped revision number for resource adbfe2a5-7161-4f4d-88a5-674d484d7d7a (type: security_group_rules) to 0 [pid: 7|app: 0|req: 919/1769] 10.0.0.172 () {34 vars in 695 bytes} [Mon May 4 04:22:08 2026] POST /v2.0/security-group-rules => generated 602 bytes in 152 msecs (HTTP/1.1 201) 4 headers in 162 bytes (1 switches on core 0) [pid: 7|app: 0|req: 920/1770] 10.0.0.172 () {32 vars in 717 bytes} [Mon May 4 04:22:08 2026] GET /v2.0/ports/27a3570c-e62e-4238-b86f-2ba3596f6135 => generated 943 bytes in 34 msecs (HTTP/1.1 200) 4 headers in 157 bytes (1 switches on core 0)
2026-05-04 04:22:08.583 8 INFO neutron.plugins.ml2.drivers.ovn.mech_driver.mech_driver [None req-f00be56a-aa51-42b9-8037-1cd7be875b4a - - - - - -] OVN reports status down for port: edf5288a-f7f4-4c50-a590-53a7d751f9f3 [pid: 7|app: 0|req: 921/1771] 10.0.0.172 () {32 vars in 719 bytes} [Mon May 4 04:22:08 2026] GET /v2.0/trunks/418da9dc-dc4c-420d-ba4d-5920c0580c2c => generated 416 bytes in 14 msecs (HTTP/1.1 200) 4 headers in 157 bytes (1 switches on core 0)
2026-05-04 04:22:08.683 8 WARNING neutron.plugins.ml2.drivers.ovn.mech_driver.ovsdb.ovn_client [None req-f00be56a-aa51-42b9-8037-1cd7be875b4a - - - - - -] Logical_Switch_Port %s host information not removed, the port state is up
2026-05-04 04:22:08.684 8 INFO neutron.plugins.ml2.drivers.ovn.mech_driver.mech_driver [None req-f00be56a-aa51-42b9-8037-1cd7be875b4a - - - - - -] OVN reports status down for port: 6e8046e2-7c82-4599-8aa5-f06f05b80f9b
2026-05-04 04:22:08.743 7 INFO neutron.db.ovn_revision_numbers_db [None req-4fddd648-251b-4fde-8f7a-928ecb31592d 6e8f4eb62bdd4b188bc9da58bd11bfb0 50f81be7ea2b4106b729039b97b56e8b - - default default] Successfully bumped revision number for resource 9f156d7c-2273-4cfb-9905-513de1d9bf18 (type: security_group_rules) to 0 [pid: 7|app: 0|req: 922/1772] 10.0.0.172 () {34 vars in 695 bytes} [Mon May 4 04:22:08 2026] POST /v2.0/security-group-rules => generated 601 bytes in 189 msecs (HTTP/1.1 201) 4 headers in 162 bytes (1 switches on core 0)
2026-05-04 04:22:08.802 8 INFO neutron.plugins.ml2.drivers.ovn.mech_driver.mech_driver [None req-f00be56a-aa51-42b9-8037-1cd7be875b4a - - - - - -] OVN reports status up for port: edf5288a-f7f4-4c50-a590-53a7d751f9f3
2026-05-04 04:22:08.832 8 INFO neutron.plugins.ml2.plugin [None req-f00be56a-aa51-42b9-8037-1cd7be875b4a - - - - - -] Attempt 1 to provision port edf5288a-f7f4-4c50-a590-53a7d751f9f3
2026-05-04 04:22:09.030 7 INFO neutron_taas.services.taas.taas_plugin [None req-6bd7ec38-50db-42f3-bbc3-b25935e427c5 b7ad1f1bfad64494a7bbcd53b73752f4 acfb641a96ca4d9db084a3baf696c528 - - default default] TaaS: Handle Delete Port: 27a3570c-e62e-4238-b86f-2ba3596f6135
2026-05-04 04:22:09.032 7 INFO neutron_taas.services.taas.tap_mirror_plugin [None req-6bd7ec38-50db-42f3-bbc3-b25935e427c5 b7ad1f1bfad64494a7bbcd53b73752f4 acfb641a96ca4d9db084a3baf696c528 - - default default] Tap Mirror: Handle Delete Port: 27a3570c-e62e-4238-b86f-2ba3596f6135 [pid: 8|app: 0|req: 851/1773] 10.0.0.172 () {34 vars in 789 bytes} [Mon May 4 04:22:07 2026] PUT /v2.0/routers/b2d85c11-c032-429d-a09b-af06e4fa36f1/remove_router_interface => generated 309 bytes in 1456 msecs (HTTP/1.1 200) 4 headers in 157 bytes (1 switches on core 0) /var/lib/openstack/lib/python3.12/site-packages/pycadf/identifier.py:70: UserWarning: Invalid uuid: neutron. To ensure interoperability, identifiers should be a valid uuid. warnings.warn(('Invalid uuid: %s. To ensure interoperability, ' [pid: 7|app: 0|req: 923/1774] 10.0.0.172 () {34 vars in 789 bytes} [Mon May 4 04:22:08 2026] PUT /v2.0/routers/1cddbc82-0dfd-4f9e-8a3e-71fd8c2b2708/remove_router_interface => generated 309 bytes in 558 msecs (HTTP/1.1 200) 4 headers in 157 bytes (1 switches on core 0) /var/lib/openstack/lib/python3.12/site-packages/pycadf/identifier.py:70: UserWarning: Invalid uuid: neutron. To ensure interoperability, identifiers should be a valid uuid. warnings.warn(('Invalid uuid: %s. To ensure interoperability, '
2026-05-04 04:22:09.373 7 INFO neutron.db.securitygroups_db [None req-ed9e9510-10d4-450a-98cd-ec0522e2f8db 6e8f4eb62bdd4b188bc9da58bd11bfb0 50f81be7ea2b4106b729039b97b56e8b - - default default] Project 50f81be7ea2b4106b729039b97b56e8b added a security group rule with legacy IPv6 ICMP protocol name icmp, ipv6-icmp should be used instead. It was automatically converted. [pid: 8|app: 0|req: 852/1775] 10.0.0.172 () {32 vars in 717 bytes} [Mon May 4 04:22:09 2026] GET /v2.0/ports/742aee16-23ae-46c6-846a-66409aab02ba => generated 826 bytes in 182 msecs (HTTP/1.1 200) 4 headers in 157 bytes (1 switches on core 0)
2026-05-04 04:22:09.489 7 INFO neutron.db.ovn_revision_numbers_db [None req-ed9e9510-10d4-450a-98cd-ec0522e2f8db 6e8f4eb62bdd4b188bc9da58bd11bfb0 50f81be7ea2b4106b729039b97b56e8b - - default default] Successfully bumped revision number for resource db63fc26-9405-4992-98c9-1f99cf924c1b (type: security_group_rules) to 0 [pid: 7|app: 0|req: 924/1776] 10.0.0.172 () {34 vars in 695 bytes} [Mon May 4 04:22:09 2026] POST /v2.0/security-group-rules => generated 607 bytes in 186 msecs (HTTP/1.1 201) 4 headers in 162 bytes (1 switches on core 0) [pid: 7|app: 0|req: 925/1777] 10.0.0.172 () {32 vars in 736 bytes} [Mon May 4 04:22:09 2026] GET /v2.0/ports?device_id=1cddbc82-0dfd-4f9e-8a3e-71fd8c2b2708 => generated 12 bytes in 20 msecs (HTTP/1.1 200) 4 headers in 156 bytes (1 switches on core 0) [pid: 7|app: 0|req: 926/1778] 10.0.0.172 () {32 vars in 722 bytes} [Mon May 4 04:22:09 2026] DELETE /v2.0/trunks/418da9dc-dc4c-420d-ba4d-5920c0580c2c => generated 0 bytes in 61 msecs (HTTP/1.1 204) 2 headers in 112 bytes (1 switches on core 0)
2026-05-04 04:22:09.615 8 INFO neutron.db.ovn_revision_numbers_db [None req-f00be56a-aa51-42b9-8037-1cd7be875b4a - - - - - -] Successfully bumped revision number for resource edf5288a-f7f4-4c50-a590-53a7d751f9f3 (type: ports) to 2
2026-05-04 04:22:09.644 7 INFO neutron.db.securitygroups_db [None req-6a4f81bb-fd8d-418e-85cb-2824cf02b307 6e8f4eb62bdd4b188bc9da58bd11bfb0 50f81be7ea2b4106b729039b97b56e8b - - default default] Project 50f81be7ea2b4106b729039b97b56e8b added a security group rule with legacy IPv6 ICMP protocol name icmp, ipv6-icmp should be used instead. It was automatically converted.
2026-05-04 04:22:09.761 7 INFO neutron.db.ovn_revision_numbers_db [None req-6a4f81bb-fd8d-418e-85cb-2824cf02b307 6e8f4eb62bdd4b188bc9da58bd11bfb0 50f81be7ea2b4106b729039b97b56e8b - - default default] Successfully bumped revision number for resource 5e636643-13f1-4f6c-8ac2-1852a8853fd3 (type: security_group_rules) to 0 [pid: 7|app: 0|req: 927/1779] 10.0.0.172 () {34 vars in 695 bytes} [Mon May 4 04:22:09 2026] POST /v2.0/security-group-rules => generated 606 bytes in 186 msecs (HTTP/1.1 201) 4 headers in 162 bytes (1 switches on core 0)
2026-05-04 04:22:09.921 8 INFO neutron_taas.services.taas.taas_plugin [None req-b0caf4ce-9ba8-47f7-a0ec-02a73e3bad67 74845f38e25a4fb499c48af536532e61 41d0c08a80b4484b91d1fe01f839729d - - default default] TaaS: Handle Delete Port: 54c85928-8c30-448a-b7eb-ad5188f149e7
2026-05-04 04:22:09.923 8 INFO neutron_taas.services.taas.tap_mirror_plugin [None req-b0caf4ce-9ba8-47f7-a0ec-02a73e3bad67 74845f38e25a4fb499c48af536532e61 41d0c08a80b4484b91d1fe01f839729d - - default default] Tap Mirror: Handle Delete Port: 54c85928-8c30-448a-b7eb-ad5188f149e7 [pid: 7|app: 0|req: 928/1780] 10.0.0.172 () {32 vars in 724 bytes} [Mon May 4 04:22:09 2026] DELETE /v2.0/routers/1cddbc82-0dfd-4f9e-8a3e-71fd8c2b2708 => generated 0 bytes in 209 msecs (HTTP/1.1 204) 2 headers in 112 bytes (1 switches on core 0) [pid: 7|app: 0|req: 929/1781] 10.0.0.172 () {32 vars in 719 bytes} [Mon May 4 04:22:10 2026] GET /v2.0/trunks/58e0b6da-4422-419d-9772-baddb5755b50 => generated 409 bytes in 14 msecs (HTTP/1.1 200) 4 headers in 157 bytes (1 switches on core 0) [pid: 7|app: 0|req: 930/1782] 10.0.0.172 () {32 vars in 724 bytes} [Mon May 4 04:22:10 2026] DELETE /v2.0/subnets/35fd0398-90c7-4c30-8890-cbd632c11b15 => generated 0 bytes in 199 msecs (HTTP/1.1 204) 3 headers in 131 bytes (1 switches on core 0) [pid: 8|app: 0|req: 853/1783] 10.0.0.172 () {32 vars in 724 bytes} [Mon May 4 04:22:09 2026] DELETE /v2.0/routers/b2d85c11-c032-429d-a09b-af06e4fa36f1 => generated 0 bytes in 929 msecs (HTTP/1.1 204) 2 headers in 112 bytes (1 switches on core 0)
2026-05-04 04:22:10.455 8 INFO neutron.db.ovn_revision_numbers_db [None req-9477d889-9ba5-44b0-8524-51b1df639e24 6e8f4eb62bdd4b188bc9da58bd11bfb0 50f81be7ea2b4106b729039b97b56e8b - - default default] Successfully bumped revision number for resource 681ded45-f24c-44c9-8c4b-8481e3b9683c (type: security_groups) to 1
2026-05-04 04:22:10.465 8 INFO neutron.db.ovn_revision_numbers_db [None req-9477d889-9ba5-44b0-8524-51b1df639e24 6e8f4eb62bdd4b188bc9da58bd11bfb0 50f81be7ea2b4106b729039b97b56e8b - - default default] Successfully bumped revision number for resource 0719aa08-9d90-4055-9669-43196d5850e0 (type: security_group_rules) to 0
2026-05-04 04:22:10.478 8 INFO neutron.db.ovn_revision_numbers_db [None req-9477d889-9ba5-44b0-8524-51b1df639e24 6e8f4eb62bdd4b188bc9da58bd11bfb0 50f81be7ea2b4106b729039b97b56e8b - - default default] Successfully bumped revision number for resource 5e4c0af5-ec46-4fc0-91bf-cfb10aea1af9 (type: security_group_rules) to 0 [pid: 8|app: 0|req: 854/1784] 10.0.0.172 () {34 vars in 685 bytes} [Mon May 4 04:22:10 2026] POST /v2.0/security-groups => generated 1660 bytes in 179 msecs (HTTP/1.1 201) 4 headers in 163 bytes (1 switches on core 0)
2026-05-04 04:22:10.648 8 INFO neutron_taas.services.taas.taas_plugin [None req-f91beeee-2879-4920-9e50-d8208fe182bd b7ad1f1bfad64494a7bbcd53b73752f4 acfb641a96ca4d9db084a3baf696c528 - - default default] TaaS: Handle Delete Port: 6e8046e2-7c82-4599-8aa5-f06f05b80f9b
2026-05-04 04:22:10.650 8 INFO neutron_taas.services.taas.tap_mirror_plugin [None req-f91beeee-2879-4920-9e50-d8208fe182bd b7ad1f1bfad64494a7bbcd53b73752f4 acfb641a96ca4d9db084a3baf696c528 - - default default] Tap Mirror: Handle Delete Port: 6e8046e2-7c82-4599-8aa5-f06f05b80f9b [pid: 7|app: 0|req: 931/1785] 10.0.0.172 () {32 vars in 717 bytes} [Mon May 4 04:22:10 2026] GET /v2.0/ports/02c857dc-f1b5-48c3-be6b-5156c1f0a8a4 => generated 826 bytes in 579 msecs (HTTP/1.1 200) 4 headers in 157 bytes (1 switches on core 0)
2026-05-04 04:22:10.839 8 INFO neutron.services.segments.plugin [-] Segment 24b417d8-2d58-4839-b8b6-a047e3f19563 resource provider aggregate not found
2026-05-04 04:22:10.848 8 INFO neutron.services.segments.plugin [-] Segment 24b417d8-2d58-4839-b8b6-a047e3f19563 resource provider aggregate not found
2026-05-04 04:22:10.866 8 INFO neutron.services.segments.plugin [-] Segment 24b417d8-2d58-4839-b8b6-a047e3f19563 resource provider not found; error: Placement Client Error (4xx): {"errors": [{"status": 404, "title": "Not Found", "detail": "The resource could not be found.\n\n No resource provider with uuid 24b417d8-2d58-4839-b8b6-a047e3f19563 found for delete ", "request_id": "req-10ece321-2cf7-4698-8ac1-0c3faca2c909"}]}
2026-05-04 04:22:10.871 8 INFO neutron.services.segments.plugin [-] Segment 24b417d8-2d58-4839-b8b6-a047e3f19563 resource provider not found; error: Placement Client Error (4xx): {"errors": [{"status": 404, "title": "Not Found", "detail": "The resource could not be found.\n\n No resource provider with uuid 24b417d8-2d58-4839-b8b6-a047e3f19563 found for delete ", "request_id": "req-305fbd25-1607-4a20-bf5a-cf1de5712cd0"}]} [pid: 8|app: 0|req: 855/1786] 10.0.0.172 () {32 vars in 726 bytes} [Mon May 4 04:22:10 2026] DELETE /v2.0/networks/a2ce0b6a-2d8a-4d18-acdb-883ea52bf3ac => generated 0 bytes in 381 msecs (HTTP/1.1 204) 3 headers in 131 bytes (1 switches on core 0) [pid: 7|app: 0|req: 932/1789] 10.0.0.172 () {32 vars in 724 bytes} [Mon May 4 04:22:10 2026] DELETE /v2.0/subnets/d4f544be-5534-4f93-af71-8834b5f18886 => generated 0 bytes in 137 msecs (HTTP/1.1 204) 3 headers in 131 bytes (1 switches on core 0) [pid: 7|app: 0|req: 933/1790] 10.0.0.172 () {32 vars in 722 bytes} [Mon May 4 04:22:10 2026] DELETE /v2.0/trunks/58e0b6da-4422-419d-9772-baddb5755b50 => generated 0 bytes in 67 msecs (HTTP/1.1 204) 2 headers in 112 bytes (1 switches on core 0)
2026-05-04 04:22:11.048 8 INFO neutron.db.ovn_revision_numbers_db [None req-ae5d21e8-917d-4f00-b205-3a35fbd71327 6e8f4eb62bdd4b188bc9da58bd11bfb0 50f81be7ea2b4106b729039b97b56e8b - - default default] Successfully bumped revision number for resource 559feb12-7f71-45a2-8749-a133e18156ff (type: security_group_rules) to 0 [pid: 8|app: 0|req: 858/1791] 10.0.0.172 () {34 vars in 695 bytes} [Mon May 4 04:22:10 2026] POST /v2.0/security-group-rules => generated 597 bytes in 179 msecs (HTTP/1.1 201) 4 headers in 162 bytes (1 switches on core 0)
2026-05-04 04:22:11.200 8 INFO neutron_taas.services.taas.taas_plugin [None req-51d79af9-4fc9-49ea-bd34-5c7f9bf60720 74845f38e25a4fb499c48af536532e61 41d0c08a80b4484b91d1fe01f839729d - - default default] TaaS: Handle Delete Port: 5d64a8a1-2b4e-4172-a3a8-d41e0319cfd6
2026-05-04 04:22:11.203 8 INFO neutron_taas.services.taas.tap_mirror_plugin [None req-51d79af9-4fc9-49ea-bd34-5c7f9bf60720 74845f38e25a4fb499c48af536532e61 41d0c08a80b4484b91d1fe01f839729d - - default default] Tap Mirror: Handle Delete Port: 5d64a8a1-2b4e-4172-a3a8-d41e0319cfd6 [pid: 8|app: 0|req: 859/1792] 10.0.0.172 () {32 vars in 726 bytes} [Mon May 4 04:22:11 2026] DELETE /v2.0/networks/63d32623-ea8b-4980-b601-2641403a6683 => generated 0 bytes in 332 msecs (HTTP/1.1 204) 3 headers in 131 bytes (1 switches on core 0)
2026-05-04 04:22:11.447 7 WARNING neutron.scheduler.dhcp_agent_scheduler [None req-7c3dde90-10ca-46d2-a8d7-8e8ff318abb5 b7ad1f1bfad64494a7bbcd53b73752f4 acfb641a96ca4d9db084a3baf696c528 - - default default] No more DHCP agents
2026-05-04 04:22:11.449 7 WARNING neutron.api.rpc.agentnotifiers.dhcp_rpc_agent_api [None req-7c3dde90-10ca-46d2-a8d7-8e8ff318abb5 b7ad1f1bfad64494a7bbcd53b73752f4 acfb641a96ca4d9db084a3baf696c528 - - default default] Unable to schedule network 6f16b675-7e14-4f31-b9df-1ea438f99f4a: no agents available; will retry on subsequent port and subnet creation events.
2026-05-04 04:22:11.585 8 INFO neutron_taas.services.taas.taas_plugin [None req-b571ec11-c40b-42f1-ae9d-7f112a01645c 27d003ae5a1c414db1c362976fcdea36 279dd77ec0654fe9985635d698fb9942 - - default default] TaaS: Handle Delete Port: 7d78e21c-d622-49af-bd4f-717863fed0ad
2026-05-04 04:22:11.589 8 INFO neutron_taas.services.taas.tap_mirror_plugin [None req-b571ec11-c40b-42f1-ae9d-7f112a01645c 27d003ae5a1c414db1c362976fcdea36 279dd77ec0654fe9985635d698fb9942 - - default default] Tap Mirror: Handle Delete Port: 7d78e21c-d622-49af-bd4f-717863fed0ad
2026-05-04 04:22:11.611 7 INFO neutron.db.ovn_revision_numbers_db [None req-7c3dde90-10ca-46d2-a8d7-8e8ff318abb5 b7ad1f1bfad64494a7bbcd53b73752f4 acfb641a96ca4d9db084a3baf696c528 - - default default] Successfully bumped revision number for resource bfe7de37-a3a2-48f5-9840-c84b25c577f4 (type: ports) to 1 [pid: 8|app: 0|req: 860/1793] 10.0.0.172 () {32 vars in 720 bytes} [Mon May 4 04:22:11 2026] DELETE /v2.0/ports/7d78e21c-d622-49af-bd4f-717863fed0ad => generated 0 bytes in 297 msecs (HTTP/1.1 204) 3 headers in 131 bytes (1 switches on core 0)
2026-05-04 04:22:11.827 8 INFO neutron.db.ovn_revision_numbers_db [None req-d8cbee2e-54b1-4e4c-b1b2-3c86067c7bc4 6e8f4eb62bdd4b188bc9da58bd11bfb0 50f81be7ea2b4106b729039b97b56e8b - - default default] Successfully bumped revision number for resource 168d74db-85d9-409b-b7a7-fac7e462bea1 (type: security_group_rules) to 0 [pid: 8|app: 0|req: 861/1794] 10.0.0.172 () {34 vars in 695 bytes} [Mon May 4 04:22:11 2026] POST /v2.0/security-group-rules => generated 602 bytes in 153 msecs (HTTP/1.1 201) 4 headers in 162 bytes (1 switches on core 0)
2026-05-04 04:22:12.002 8 INFO neutron_taas.services.taas.taas_plugin [None req-144cf4da-89d0-4f38-9e51-6481e88a5f7b 27d003ae5a1c414db1c362976fcdea36 279dd77ec0654fe9985635d698fb9942 - - default default] TaaS: Handle Delete Port: aa70ddde-f382-44f4-8b4a-6aaa78b537d9
2026-05-04 04:22:12.006 8 INFO neutron_taas.services.taas.tap_mirror_plugin [None req-144cf4da-89d0-4f38-9e51-6481e88a5f7b 27d003ae5a1c414db1c362976fcdea36 279dd77ec0654fe9985635d698fb9942 - - default default] Tap Mirror: Handle Delete Port: aa70ddde-f382-44f4-8b4a-6aaa78b537d9 [pid: 8|app: 0|req: 862/1795] 10.0.0.172 () {32 vars in 720 bytes} [Mon May 4 04:22:11 2026] DELETE /v2.0/ports/aa70ddde-f382-44f4-8b4a-6aaa78b537d9 => generated 0 bytes in 251 msecs (HTTP/1.1 204) 3 headers in 131 bytes (1 switches on core 0)
2026-05-04 04:22:12.230 7 INFO neutron.plugins.ml2.drivers.ovn.mech_driver.ovsdb.commands [None req-e722c305-830b-4159-a25e-faa2e4ceead0 - - - - - -] Schedule LRP lrp-bfe7de37-a3a2-48f5-9840-c84b25c577f4 on gateway e02b8716-29db-4254-a6c1-8083ee1e8b7a with priority 1
2026-05-04 04:22:12.302 7 INFO neutron.db.ovn_revision_numbers_db [None req-7c3dde90-10ca-46d2-a8d7-8e8ff318abb5 b7ad1f1bfad64494a7bbcd53b73752f4 acfb641a96ca4d9db084a3baf696c528 - - default default] Successfully bumped revision number for resource bfe7de37-a3a2-48f5-9840-c84b25c577f4 (type: router_ports) to 1
2026-05-04 04:22:12.357 7 INFO neutron.db.ovn_revision_numbers_db [None req-7c3dde90-10ca-46d2-a8d7-8e8ff318abb5 b7ad1f1bfad64494a7bbcd53b73752f4 acfb641a96ca4d9db084a3baf696c528 - - default default] Successfully bumped revision number for resource 1eeb1efe-e8e8-430b-85b4-033f85f8a733 (type: routers) to 2 [pid: 7|app: 0|req: 934/1796] 10.0.0.172 () {34 vars in 669 bytes} [Mon May 4 04:22:11 2026] POST /v2.0/routers => generated 948 bytes in 1375 msecs (HTTP/1.1 201) 4 headers in 162 bytes (1 switches on core 0)
2026-05-04 04:22:12.391 8 WARNING neutron.scheduler.dhcp_agent_scheduler [None req-30087ac3-a588-4590-8f7c-a87c197b499f 6e8f4eb62bdd4b188bc9da58bd11bfb0 50f81be7ea2b4106b729039b97b56e8b - - default default] No more DHCP agents
2026-05-04 04:22:12.394 8 WARNING neutron.api.rpc.agentnotifiers.dhcp_rpc_agent_api [None req-30087ac3-a588-4590-8f7c-a87c197b499f 6e8f4eb62bdd4b188bc9da58bd11bfb0 50f81be7ea2b4106b729039b97b56e8b - - default default] Unable to schedule network 6f16b675-7e14-4f31-b9df-1ea438f99f4a: no agents available; will retry on subsequent port and subnet creation events. [pid: 7|app: 0|req: 935/1797] 10.0.0.172 () {32 vars in 774 bytes} [Mon May 4 04:22:12 2026] GET /v2.0/security-groups?tenant_id=41d0c08a80b4484b91d1fe01f839729d&name=default => generated 2925 bytes in 175 msecs (HTTP/1.1 200) 4 headers in 158 bytes (1 switches on core 0)
2026-05-04 04:22:12.657 7 INFO neutron_taas.services.taas.taas_plugin [None req-925662a8-ce1c-4183-9504-f2139925a380 27d003ae5a1c414db1c362976fcdea36 279dd77ec0654fe9985635d698fb9942 - - default default] TaaS: Handle Delete Port: b084c39a-eb63-43e7-8863-f37a0d140e9f [pid: 8|app: 0|req: 863/1798] 10.0.0.172 () {34 vars in 676 bytes} [Mon May 4 04:22:12 2026] POST /v2.0/floatingips => generated 552 bytes in 545 msecs (HTTP/1.1 201) 4 headers in 162 bytes (1 switches on core 0)
2026-05-04 04:22:12.660 7 INFO neutron_taas.services.taas.tap_mirror_plugin [None req-925662a8-ce1c-4183-9504-f2139925a380 27d003ae5a1c414db1c362976fcdea36 279dd77ec0654fe9985635d698fb9942 - - default default] Tap Mirror: Handle Delete Port: b084c39a-eb63-43e7-8863-f37a0d140e9f [pid: 8|app: 0|req: 864/1799] 10.0.0.172 () {32 vars in 721 bytes} [Mon May 4 04:22:12 2026] GET /v2.0/routers/1eeb1efe-e8e8-430b-85b4-033f85f8a733 => generated 954 bytes in 60 msecs (HTTP/1.1 200) 4 headers in 157 bytes (1 switches on core 0) [pid: 7|app: 0|req: 936/1800] 10.0.0.172 () {32 vars in 720 bytes} [Mon May 4 04:22:12 2026] DELETE /v2.0/ports/b084c39a-eb63-43e7-8863-f37a0d140e9f => generated 0 bytes in 226 msecs (HTTP/1.1 204) 3 headers in 131 bytes (1 switches on core 0) [pid: 7|app: 0|req: 937/1801] 10.0.0.172 () {32 vars in 647 bytes} [Mon May 4 04:22:12 2026] GET /v2.0/routers => generated 957 bytes in 96 msecs (HTTP/1.1 200) 4 headers in 157 bytes (1 switches on core 0)
2026-05-04 04:22:12.902 8 INFO neutron.services.segments.plugin [-] Segment 032d22bf-d63b-435e-9390-afaf25e8bd6f resource provider aggregate not found [pid: 7|app: 0|req: 938/1802] 10.0.0.237 () {34 vars in 1098 bytes} [Mon May 4 04:22:12 2026] GET /v2.0/security-groups?name=tempest-securitygroup--576425212&fields=id&tenant_id=50f81be7ea2b4106b729039b97b56e8b => generated 69 bytes in 28 msecs (HTTP/1.1 200) 4 headers in 156 bytes (1 switches on core 0)
2026-05-04 04:22:12.904 8 INFO neutron.services.segments.plugin [-] Segment 032d22bf-d63b-435e-9390-afaf25e8bd6f resource provider aggregate not found
2026-05-04 04:22:12.920 8 INFO neutron.services.segments.plugin [-] Segment 032d22bf-d63b-435e-9390-afaf25e8bd6f resource provider not found; error: Placement Client Error (4xx): {"errors": [{"status": 404, "title": "Not Found", "detail": "The resource could not be found.\n\n No resource provider with uuid 032d22bf-d63b-435e-9390-afaf25e8bd6f found for delete ", "request_id": "req-2cf58ec8-8e84-443c-b597-76528b486a3d"}]}
2026-05-04 04:22:12.921 8 INFO neutron.services.segments.plugin [-] Segment 032d22bf-d63b-435e-9390-afaf25e8bd6f resource provider not found; error: Placement Client Error (4xx): {"errors": [{"status": 404, "title": "Not Found", "detail": "The resource could not be found.\n\n No resource provider with uuid 032d22bf-d63b-435e-9390-afaf25e8bd6f found for delete ", "request_id": "req-f7a7a0e7-9d09-4674-8d1e-ef84c04e970d"}]} [pid: 8|app: 0|req: 865/1803] 10.0.0.172 () {32 vars in 740 bytes} [Mon May 4 04:22:12 2026] DELETE /v2.0/security-groups/4c943ae6-412b-4e7b-ba00-7573bee3ded5 => generated 0 bytes in 269 msecs (HTTP/1.1 204) 2 headers in 112 bytes (1 switches on core 0)
2026-05-04 04:22:13.046 7 INFO neutron_taas.services.taas.taas_plugin [None req-2e9c2e58-49f0-4f8f-9478-09f33cf7f196 27d003ae5a1c414db1c362976fcdea36 279dd77ec0654fe9985635d698fb9942 - - default default] TaaS: Handle Delete Port: 742aee16-23ae-46c6-846a-66409aab02ba
2026-05-04 04:22:13.050 7 INFO neutron_taas.services.taas.tap_mirror_plugin [None req-2e9c2e58-49f0-4f8f-9478-09f33cf7f196 27d003ae5a1c414db1c362976fcdea36 279dd77ec0654fe9985635d698fb9942 - - default default] Tap Mirror: Handle Delete Port: 742aee16-23ae-46c6-846a-66409aab02ba [pid: 7|app: 0|req: 939/1804] 10.0.0.172 () {32 vars in 720 bytes} [Mon May 4 04:22:12 2026] DELETE /v2.0/ports/742aee16-23ae-46c6-846a-66409aab02ba => generated 0 bytes in 263 msecs (HTTP/1.1 204) 3 headers in 131 bytes (1 switches on core 0) [pid: 7|app: 0|req: 940/1805] 10.0.0.237 () {34 vars in 1098 bytes} [Mon May 4 04:22:13 2026] GET /v2.0/security-groups?name=tempest-secgroup-smoke-165254704&fields=id&tenant_id=50f81be7ea2b4106b729039b97b56e8b => generated 69 bytes in 27 msecs (HTTP/1.1 200) 4 headers in 156 bytes (1 switches on core 0)
2026-05-04 04:22:13.297 7 INFO neutron_taas.services.taas.taas_plugin [None req-dbaf4f08-f2a4-4da2-b616-2149cfdb2ca8 27d003ae5a1c414db1c362976fcdea36 279dd77ec0654fe9985635d698fb9942 - - default default] TaaS: Handle Delete Port: 02c857dc-f1b5-48c3-be6b-5156c1f0a8a4
2026-05-04 04:22:13.300 7 INFO neutron_taas.services.taas.tap_mirror_plugin [None req-dbaf4f08-f2a4-4da2-b616-2149cfdb2ca8 27d003ae5a1c414db1c362976fcdea36 279dd77ec0654fe9985635d698fb9942 - - default default] Tap Mirror: Handle Delete Port: 02c857dc-f1b5-48c3-be6b-5156c1f0a8a4
2026-05-04 04:22:13.346 7 WARNING neutron.plugins.ml2.drivers.ovn.mech_driver.ovsdb.ovn_client [None req-f752914a-7583-4f11-b92f-348a172a3c3d - - - - - -] No port found with ID 27a3570c-e62e-4238-b86f-2ba3596f6135: RuntimeError: No port found with ID 27a3570c-e62e-4238-b86f-2ba3596f6135
2026-05-04 04:22:13.388 7 INFO neutron.plugins.ml2.drivers.ovn.mech_driver.mech_driver [None req-f752914a-7583-4f11-b92f-348a172a3c3d - - - - - -] OVN reports status down for port: bfe7de37-a3a2-48f5-9840-c84b25c577f4
2026-05-04 04:22:13.429 8 INFO neutron.db.ovn_revision_numbers_db [None req-d8270253-74cb-40dc-990e-75ece09b66d8 b7ad1f1bfad64494a7bbcd53b73752f4 acfb641a96ca4d9db084a3baf696c528 - - default default] Successfully bumped revision number for resource 1eeb1efe-e8e8-430b-85b4-033f85f8a733 (type: routers) to 3 [pid: 8|app: 0|req: 866/1806] 10.0.0.172 () {34 vars in 741 bytes} [Mon May 4 04:22:12 2026] PUT /v2.0/routers/1eeb1efe-e8e8-430b-85b4-033f85f8a733 => generated 961 bytes in 452 msecs (HTTP/1.1 200) 4 headers in 157 bytes (1 switches on core 0)
2026-05-04 04:22:13.488 7 WARNING neutron.plugins.ml2.drivers.ovn.mech_driver.ovsdb.ovn_client [None req-f752914a-7583-4f11-b92f-348a172a3c3d - - - - - -] Logical_Switch_Port %s host information not removed, the port state is up
2026-05-04 04:22:13.489 7 INFO neutron.plugins.ml2.drivers.ovn.mech_driver.mech_driver [None req-f752914a-7583-4f11-b92f-348a172a3c3d - - - - - -] OVN reports status up for port: bfe7de37-a3a2-48f5-9840-c84b25c577f4 [pid: 7|app: 0|req: 941/1807] 10.0.0.172 () {32 vars in 720 bytes} [Mon May 4 04:22:13 2026] DELETE /v2.0/ports/02c857dc-f1b5-48c3-be6b-5156c1f0a8a4 => generated 0 bytes in 295 msecs (HTTP/1.1 204) 3 headers in 131 bytes (1 switches on core 0) [pid: 8|app: 0|req: 867/1808] 10.0.0.237 () {34 vars in 982 bytes} [Mon May 4 04:22:13 2026] GET /v2.0/networks?id=29747ac8-9576-4b8f-bf4f-6cd1d4329feb => generated 711 bytes in 56 msecs (HTTP/1.1 200) 4 headers in 157 bytes (1 switches on core 0)
2026-05-04 04:22:13.518 7 INFO neutron.plugins.ml2.plugin [None req-f752914a-7583-4f11-b92f-348a172a3c3d - - - - - -] Attempt 1 to provision port bfe7de37-a3a2-48f5-9840-c84b25c577f4
2026-05-04 04:22:13.608 8 INFO neutron_taas.services.taas.taas_plugin [None req-e728cf3f-6ca9-4a98-ae7f-1ac397f99578 27d003ae5a1c414db1c362976fcdea36 279dd77ec0654fe9985635d698fb9942 - - default default] TaaS: Handle Delete Port: 57e79311-25d3-4bfe-bf39-d8a352e3d509 [pid: 7|app: 0|req: 942/1809] 10.0.0.172 () {32 vars in 721 bytes} [Mon May 4 04:22:13 2026] GET /v2.0/routers/1eeb1efe-e8e8-430b-85b4-033f85f8a733 => generated 961 bytes in 120 msecs (HTTP/1.1 200) 4 headers in 157 bytes (1 switches on core 0)
2026-05-04 04:22:13.611 8 INFO neutron_taas.services.taas.tap_mirror_plugin [None req-e728cf3f-6ca9-4a98-ae7f-1ac397f99578 27d003ae5a1c414db1c362976fcdea36 279dd77ec0654fe9985635d698fb9942 - - default default] Tap Mirror: Handle Delete Port: 57e79311-25d3-4bfe-bf39-d8a352e3d509 [pid: 7|app: 0|req: 943/1810] 10.0.0.237 () {34 vars in 965 bytes} [Mon May 4 04:22:13 2026] GET /v2.0/quotas/50f81be7ea2b4106b729039b97b56e8b => generated 292 bytes in 19 msecs (HTTP/1.1 200) 4 headers in 157 bytes (1 switches on core 0) [pid: 7|app: 0|req: 944/1811] 10.0.0.172 () {32 vars in 736 bytes} [Mon May 4 04:22:13 2026] GET /v2.0/ports?device_id=1eeb1efe-e8e8-430b-85b4-033f85f8a733 => generated 12 bytes in 16 msecs (HTTP/1.1 200) 4 headers in 156 bytes (1 switches on core 0) [pid: 7|app: 0|req: 945/1812] 10.0.0.237 () {34 vars in 1002 bytes} [Mon May 4 04:22:13 2026] GET /v2.0/ports?tenant_id=50f81be7ea2b4106b729039b97b56e8b&fields=id => generated 103 bytes in 78 msecs (HTTP/1.1 200) 4 headers in 157 bytes (1 switches on core 0) [pid: 8|app: 0|req: 868/1813] 10.0.0.172 () {32 vars in 726 bytes} [Mon May 4 04:22:13 2026] DELETE /v2.0/networks/d50bae45-8eed-400d-868b-655c13f04b32 => generated 0 bytes in 321 msecs (HTTP/1.1 204) 3 headers in 131 bytes (1 switches on core 0) [pid: 8|app: 0|req: 869/1814] 10.0.0.237 () {34 vars in 1008 bytes} [Mon May 4 04:22:13 2026] GET /v2.0/networks/29747ac8-9576-4b8f-bf4f-6cd1d4329feb?fields=segments => generated 14 bytes in 42 msecs (HTTP/1.1 200) 4 headers in 156 bytes (1 switches on core 0)
2026-05-04 04:22:13.978 8 INFO neutron_taas.services.taas.taas_plugin [None req-2ae86e6a-1bf4-4801-90c8-5cfa61966cce 27d003ae5a1c414db1c362976fcdea36 279dd77ec0654fe9985635d698fb9942 - - default default] TaaS: Handle Delete Port: 520859b8-3fc6-4c51-ba9f-c8812fafed20
2026-05-04 04:22:13.981 8 INFO neutron_taas.services.taas.tap_mirror_plugin [None req-2ae86e6a-1bf4-4801-90c8-5cfa61966cce 27d003ae5a1c414db1c362976fcdea36 279dd77ec0654fe9985635d698fb9942 - - default default] Tap Mirror: Handle Delete Port: 520859b8-3fc6-4c51-ba9f-c8812fafed20
2026-05-04 04:22:14.048 7 INFO neutron_taas.services.taas.taas_plugin [None req-f00707a4-6b6d-40be-9d9c-62f3d8affec6 b7ad1f1bfad64494a7bbcd53b73752f4 acfb641a96ca4d9db084a3baf696c528 - - default default] TaaS: Handle Delete Port: bfe7de37-a3a2-48f5-9840-c84b25c577f4
2026-05-04 04:22:14.051 7 INFO neutron_taas.services.taas.tap_mirror_plugin [None req-f00707a4-6b6d-40be-9d9c-62f3d8affec6 b7ad1f1bfad64494a7bbcd53b73752f4 acfb641a96ca4d9db084a3baf696c528 - - default default] Tap Mirror: Handle Delete Port: bfe7de37-a3a2-48f5-9840-c84b25c577f4 [pid: 8|app: 0|req: 870/1815] 10.0.0.172 () {32 vars in 726 bytes} [Mon May 4 04:22:13 2026] DELETE /v2.0/networks/c13d8217-c2c8-40c8-8c00-954b3edf9789 => generated 0 bytes in 320 msecs (HTTP/1.1 204) 3 headers in 131 bytes (1 switches on core 0) [pid: 8|app: 0|req: 871/1816] 10.0.0.237 () {34 vars in 1108 bytes} [Mon May 4 04:22:14 2026] GET /v2.0/networks/29747ac8-9576-4b8f-bf4f-6cd1d4329feb?fields=provider%3Aphysical_network&fields=provider%3Anetwork_type => generated 79 bytes in 42 msecs (HTTP/1.1 200) 4 headers in 156 bytes (1 switches on core 0)
2026-05-04 04:22:14.347 8 INFO neutron_taas.services.taas.taas_plugin [None req-9e30dd55-fdcd-486f-a997-ac404c830b81 27d003ae5a1c414db1c362976fcdea36 279dd77ec0654fe9985635d698fb9942 - - default default] TaaS: Handle Delete Port: d937a68f-8379-458d-8a02-cb87c3bc68cc
2026-05-04 04:22:14.352 8 INFO neutron_taas.services.taas.tap_mirror_plugin [None req-9e30dd55-fdcd-486f-a997-ac404c830b81 27d003ae5a1c414db1c362976fcdea36 279dd77ec0654fe9985635d698fb9942 - - default default] Tap Mirror: Handle Delete Port: d937a68f-8379-458d-8a02-cb87c3bc68cc [pid: 7|app: 0|req: 946/1817] 10.0.0.172 () {32 vars in 724 bytes} [Mon May 4 04:22:13 2026] DELETE /v2.0/routers/1eeb1efe-e8e8-430b-85b4-033f85f8a733 => generated 0 bytes in 743 msecs (HTTP/1.1 204) 2 headers in 112 bytes (1 switches on core 0) [pid: 7|app: 0|req: 947/1818] 10.0.0.237 () {34 vars in 990 bytes} [Mon May 4 04:22:14 2026] GET /v2.0/ports?device_id=470907e5-eae6-4cd7-a482-331c597b9a26 => generated 12 bytes in 26 msecs (HTTP/1.1 200) 4 headers in 156 bytes (1 switches on core 0) [pid: 7|app: 0|req: 948/1819] 10.0.0.172 () {32 vars in 736 bytes} [Mon May 4 04:22:14 2026] GET /v2.0/ports?device_id=1eeb1efe-e8e8-430b-85b4-033f85f8a733 => generated 12 bytes in 23 msecs (HTTP/1.1 200) 4 headers in 156 bytes (1 switches on core 0)
2026-05-04 04:22:14.543 7 INFO neutron.api.v2.resource [None req-a9e9ac9a-6b72-4772-8607-9ab32c8bab91 b7ad1f1bfad64494a7bbcd53b73752f4 acfb641a96ca4d9db084a3baf696c528 - - default default] delete failed (client error): The resource could not be found. [pid: 7|app: 0|req: 949/1820] 10.0.0.172 () {32 vars in 724 bytes} [Mon May 4 04:22:14 2026] DELETE /v2.0/routers/1eeb1efe-e8e8-430b-85b4-033f85f8a733 => generated 135 bytes in 22 msecs (HTTP/1.1 404) 4 headers in 164 bytes (1 switches on core 0) [pid: 8|app: 0|req: 872/1821] 10.0.0.172 () {32 vars in 726 bytes} [Mon May 4 04:22:14 2026] DELETE /v2.0/networks/cfa4b918-c01f-4629-91bc-fb6d194b9338 => generated 0 bytes in 337 msecs (HTTP/1.1 204) 3 headers in 131 bytes (1 switches on core 0) [pid: 7|app: 0|req: 950/1822] 10.0.0.172 () {32 vars in 736 bytes} [Mon May 4 04:22:14 2026] GET /v2.0/ports?device_id=1cddbc82-0dfd-4f9e-8a3e-71fd8c2b2708 => generated 12 bytes in 24 msecs (HTTP/1.1 200) 4 headers in 156 bytes (1 switches on core 0)
2026-05-04 04:22:14.612 7 INFO neutron.api.v2.resource [None req-84501d31-746d-4889-b048-4de74d10b605 b7ad1f1bfad64494a7bbcd53b73752f4 acfb641a96ca4d9db084a3baf696c528 - - default default] delete failed (client error): The resource could not be found. [pid: 7|app: 0|req: 951/1823] 10.0.0.172 () {32 vars in 724 bytes} [Mon May 4 04:22:14 2026] DELETE /v2.0/routers/1cddbc82-0dfd-4f9e-8a3e-71fd8c2b2708 => generated 135 bytes in 33 msecs (HTTP/1.1 404) 4 headers in 164 bytes (1 switches on core 0)
2026-05-04 04:22:14.626 7 INFO neutron.pecan_wsgi.hooks.translation [None req-57ed4b9d-feb0-42c9-a72b-1efe0b1e99ff b7ad1f1bfad64494a7bbcd53b73752f4 acfb641a96ca4d9db084a3baf696c528 - - default default] DELETE failed (client error): The resource could not be found. [pid: 7|app: 0|req: 952/1824] 10.0.0.172 () {32 vars in 724 bytes} [Mon May 4 04:22:14 2026] DELETE /v2.0/subnets/35fd0398-90c7-4c30-8890-cbd632c11b15 => generated 136 bytes in 12 msecs (HTTP/1.1 404) 4 headers in 164 bytes (1 switches on core 0) [pid: 7|app: 0|req: 953/1825] 10.0.0.172 () {32 vars in 736 bytes} [Mon May 4 04:22:14 2026] GET /v2.0/ports?device_id=81624c4d-7167-49ea-9dc1-325d85540818 => generated 12 bytes in 17 msecs (HTTP/1.1 200) 4 headers in 156 bytes (1 switches on core 0)
2026-05-04 04:22:14.671 7 INFO neutron.api.v2.resource [None req-6f081187-1bb1-47e8-910f-b928dedd4686 b7ad1f1bfad64494a7bbcd53b73752f4 acfb641a96ca4d9db084a3baf696c528 - - default default] delete failed (client error): The resource could not be found. [pid: 7|app: 0|req: 954/1826] 10.0.0.172 () {32 vars in 724 bytes} [Mon May 4 04:22:14 2026] DELETE /v2.0/routers/81624c4d-7167-49ea-9dc1-325d85540818 => generated 135 bytes in 17 msecs (HTTP/1.1 404) 4 headers in 164 bytes (1 switches on core 0)
2026-05-04 04:22:14.698 8 INFO neutron_taas.services.taas.taas_plugin [None req-b5498185-a90f-4eae-a7ed-5567ab6f3ef4 27d003ae5a1c414db1c362976fcdea36 279dd77ec0654fe9985635d698fb9942 - - default default] TaaS: Handle Delete Port: a2a4c0ca-8abe-4913-bb1d-6b6e1e91ee05
2026-05-04 04:22:14.701 8 INFO neutron_taas.services.taas.tap_mirror_plugin [None req-b5498185-a90f-4eae-a7ed-5567ab6f3ef4 27d003ae5a1c414db1c362976fcdea36 279dd77ec0654fe9985635d698fb9942 - - default default] Tap Mirror: Handle Delete Port: a2a4c0ca-8abe-4913-bb1d-6b6e1e91ee05
2026-05-04 04:22:14.941 7 INFO neutron.db.ovn_revision_numbers_db [None req-e66922b2-8db2-456e-95c3-cda3abf4372f 5c669c8559a3415b86f57962237c267e 30b86c876567434a94cd691fc1216427 - - default default] Successfully bumped revision number for resource 476def66-7184-4012-b308-2826ba463713 (type: security_groups) to 1
2026-05-04 04:22:14.954 7 INFO neutron.db.ovn_revision_numbers_db [None req-e66922b2-8db2-456e-95c3-cda3abf4372f 5c669c8559a3415b86f57962237c267e 30b86c876567434a94cd691fc1216427 - - default default] Successfully bumped revision number for resource 082a02fa-ea4a-4201-ad5f-a2ace51544ee (type: security_group_rules) to 0
2026-05-04 04:22:14.956 8 INFO neutron.services.segments.plugin [-] Segment a8e15ad9-0b9c-4059-b842-dfbdf31f9b8a resource provider aggregate not found
2026-05-04 04:22:14.959 8 INFO neutron.services.segments.plugin [-] Segment a8e15ad9-0b9c-4059-b842-dfbdf31f9b8a resource provider aggregate not found [pid: 8|app: 0|req: 873/1827] 10.0.0.172 () {32 vars in 726 bytes} [Mon May 4 04:22:14 2026] DELETE /v2.0/networks/17661e4b-9e66-45bb-b3a5-f2f413b213f6 => generated 0 bytes in 393 msecs (HTTP/1.1 204) 3 headers in 131 bytes (1 switches on core 0)
2026-05-04 04:22:14.968 7 INFO neutron.db.ovn_revision_numbers_db [None req-e66922b2-8db2-456e-95c3-cda3abf4372f 5c669c8559a3415b86f57962237c267e 30b86c876567434a94cd691fc1216427 - - default default] Successfully bumped revision number for resource 25af984f-0563-498b-9eb4-351f9adb9ccf (type: security_group_rules) to 0
2026-05-04 04:22:14.981 8 INFO neutron.services.segments.plugin [-] Segment a8e15ad9-0b9c-4059-b842-dfbdf31f9b8a resource provider not found; error: Placement Client Error (4xx): {"errors": [{"status": 404, "title": "Not Found", "detail": "The resource could not be found.\n\n No resource provider with uuid a8e15ad9-0b9c-4059-b842-dfbdf31f9b8a found for delete ", "request_id": "req-254e973b-7eba-439e-a5cb-763abf70025e"}]}
2026-05-04 04:22:14.982 7 INFO neutron.db.ovn_revision_numbers_db [None req-e66922b2-8db2-456e-95c3-cda3abf4372f 5c669c8559a3415b86f57962237c267e 30b86c876567434a94cd691fc1216427 - - default default] Successfully bumped revision number for resource 39960d32-87d7-4b19-a790-a7bc977c7791 (type: security_group_rules) to 0
2026-05-04 04:22:14.989 8 INFO neutron.services.segments.plugin [-] Segment a8e15ad9-0b9c-4059-b842-dfbdf31f9b8a resource provider not found; error: Placement Client Error (4xx): {"errors": [{"status": 404, "title": "Not Found", "detail": "The resource could not be found.\n\n No resource provider with uuid a8e15ad9-0b9c-4059-b842-dfbdf31f9b8a found for delete ", "request_id": "req-46ed0069-9cc8-47e7-8ce5-a991731b33e0"}]}
2026-05-04 04:22:14.995 7 INFO neutron.db.ovn_revision_numbers_db [None req-e66922b2-8db2-456e-95c3-cda3abf4372f 5c669c8559a3415b86f57962237c267e 30b86c876567434a94cd691fc1216427 - - default default] Successfully bumped revision number for resource 459c2ec0-d07d-4636-8615-5377acbffc55 (type: security_group_rules) to 0
2026-05-04 04:22:15.007 8 INFO neutron.services.segments.plugin [-] Segment d8461844-88e0-45d4-b924-97a5197839df resource provider aggregate not found
2026-05-04 04:22:15.018 8 INFO neutron.services.segments.plugin [-] Segment d8461844-88e0-45d4-b924-97a5197839df resource provider aggregate not found
2026-05-04 04:22:15.024 8 INFO neutron.pecan_wsgi.hooks.translation [None req-3336ddc7-23d0-43d2-85bf-25df4cc17b64 b7ad1f1bfad64494a7bbcd53b73752f4 acfb641a96ca4d9db084a3baf696c528 - - default default] DELETE failed (client error): The resource could not be found. [pid: 8|app: 0|req: 874/1828] 10.0.0.172 () {32 vars in 724 bytes} [Mon May 4 04:22:14 2026] DELETE /v2.0/subnets/4981f10e-7c92-42a8-a440-0b8a852f98f2 => generated 136 bytes in 64 msecs (HTTP/1.1 404) 4 headers in 164 bytes (1 switches on core 0)
