2026-09-19 11:53:41.105 7 INFO placement.requestlog [None req-76103f78-dfeb-4e21-a78e-97535dbc9b18 b701e04298bb4888869c22d45c615650 f89b7adfa8d848298cdf7ff0eca9fb23 - - c655d379651f4d77967d8beb848c9888 c655d379651f4d77967d8beb848c9888] 10.0.0.42 "DELETE /resource_providers/439de888-9601-43ba-b668-8b0ad6b401fa" status: 404 len: 246 microversion: 1.1 [pid: 7|app: 0|req: 619/1230] 10.0.0.42 () {34 vars in 815 bytes} [Sat Sep 19 11:53:41 2026] DELETE /resource_providers/439de888-9601-43ba-b668-8b0ad6b401fa => generated 246 bytes in 18 msecs (HTTP/1.1 404) 6 headers in 231 bytes (1 switches on core 0)
2026-09-19 11:53:41.110 6 INFO placement.requestlog [None req-f663fb15-5429-4c94-9c82-c2979ac4aaff b701e04298bb4888869c22d45c615650 f89b7adfa8d848298cdf7ff0eca9fb23 - - c655d379651f4d77967d8beb848c9888 c655d379651f4d77967d8beb848c9888] 10.0.0.42 "GET /resource_providers/439de888-9601-43ba-b668-8b0ad6b401fa/aggregates" status: 404 len: 235 microversion: 1.1 [pid: 6|app: 0|req: 612/1231] 10.0.0.42 () {32 vars in 815 bytes} [Sat Sep 19 11:53:41 2026] GET /resource_providers/439de888-9601-43ba-b668-8b0ad6b401fa/aggregates => generated 235 bytes in 20 msecs (HTTP/1.1 404) 5 headers in 202 bytes (1 switches on core 0)
2026-09-19 11:53:41.140 7 INFO placement.requestlog [None req-ea194435-e842-4b08-a0ef-b9b8dd4c05a2 b701e04298bb4888869c22d45c615650 f89b7adfa8d848298cdf7ff0eca9fb23 - - c655d379651f4d77967d8beb848c9888 c655d379651f4d77967d8beb848c9888] 10.0.0.42 "DELETE /resource_providers/439de888-9601-43ba-b668-8b0ad6b401fa" status: 404 len: 246 microversion: 1.1 [pid: 7|app: 0|req: 620/1232] 10.0.0.42 () {34 vars in 815 bytes} [Sat Sep 19 11:53:41 2026] DELETE /resource_providers/439de888-9601-43ba-b668-8b0ad6b401fa => generated 246 bytes in 16 msecs (HTTP/1.1 404) 6 headers in 231 bytes (1 switches on core 0)
2026-09-19 11:53:48.401 6 INFO placement.requestlog [None req-150e116a-c9e7-4ee9-8b03-a7d0d02f56d4 - - - - - -] 10.0.0.10 "GET /" status: 200 len: 136 microversion: 1.0
2026-09-19 11:53:48.403 7 INFO placement.requestlog [None req-532ea701-f4a4-4adc-99fe-89808bf70189 - - - - - -] 10.0.0.10 "GET /" status: 200 len: 136 microversion: 1.0
2026-09-19 11:53:52.725 6 INFO placement.requestlog [None req-835ea240-ed7e-46a4-af74-c8363b9d3fe1 b701e04298bb4888869c22d45c615650 f89b7adfa8d848298cdf7ff0eca9fb23 - - c655d379651f4d77967d8beb848c9888 c655d379651f4d77967d8beb848c9888] 10.0.0.42 "GET /resource_providers/eb61f1ce-ef78-49b3-8040-6f76b1aa0b67/aggregates" status: 404 len: 235 microversion: 1.1 [pid: 6|app: 0|req: 614/1235] 10.0.0.42 () {32 vars in 815 bytes} [Sat Sep 19 11:53:52 2026] GET /resource_providers/eb61f1ce-ef78-49b3-8040-6f76b1aa0b67/aggregates => generated 235 bytes in 14 msecs (HTTP/1.1 404) 5 headers in 202 bytes (1 switches on core 0)
2026-09-19 11:53:52.727 7 INFO placement.requestlog [None req-705f9442-ec43-4269-86d6-30d843bf1e74 b701e04298bb4888869c22d45c615650 f89b7adfa8d848298cdf7ff0eca9fb23 - - c655d379651f4d77967d8beb848c9888 c655d379651f4d77967d8beb848c9888] 10.0.0.42 "GET /resource_providers/eb61f1ce-ef78-49b3-8040-6f76b1aa0b67/aggregates" status: 404 len: 235 microversion: 1.1 [pid: 7|app: 0|req: 622/1236] 10.0.0.42 () {32 vars in 815 bytes} [Sat Sep 19 11:53:52 2026] GET /resource_providers/eb61f1ce-ef78-49b3-8040-6f76b1aa0b67/aggregates => generated 235 bytes in 12 msecs (HTTP/1.1 404) 5 headers in 202 bytes (1 switches on core 0)
2026-09-19 11:53:52.752 6 INFO placement.requestlog [None req-7809f5f1-27a2-4e62-aaeb-e53493f2cfff b701e04298bb4888869c22d45c615650 f89b7adfa8d848298cdf7ff0eca9fb23 - - c655d379651f4d77967d8beb848c9888 c655d379651f4d77967d8beb848c9888] 10.0.0.42 "DELETE /resource_providers/eb61f1ce-ef78-49b3-8040-6f76b1aa0b67" status: 404 len: 246 microversion: 1.1 [pid: 6|app: 0|req: 615/1237] 10.0.0.42 () {34 vars in 815 bytes} [Sat Sep 19 11:53:52 2026] DELETE /resource_providers/eb61f1ce-ef78-49b3-8040-6f76b1aa0b67 => generated 246 bytes in 11 msecs (HTTP/1.1 404) 6 headers in 231 bytes (1 switches on core 0)
2026-09-19 11:53:52.759 7 INFO placement.requestlog [None req-8edee6e3-7082-4405-b331-81611a414608 b701e04298bb4888869c22d45c615650 f89b7adfa8d848298cdf7ff0eca9fb23 - - c655d379651f4d77967d8beb848c9888 c655d379651f4d77967d8beb848c9888] 10.0.0.42 "DELETE /resource_providers/eb61f1ce-ef78-49b3-8040-6f76b1aa0b67" status: 404 len: 246 microversion: 1.1 [pid: 7|app: 0|req: 623/1238] 10.0.0.42 () {34 vars in 815 bytes} [Sat Sep 19 11:53:52 2026] DELETE /resource_providers/eb61f1ce-ef78-49b3-8040-6f76b1aa0b67 => generated 246 bytes in 17 msecs (HTTP/1.1 404) 6 headers in 231 bytes (1 switches on core 0)
2026-09-19 11:53:52.952 6 INFO placement.requestlog [None req-6cb93f8a-ee74-4068-9d0a-2df694d75964 b701e04298bb4888869c22d45c615650 f89b7adfa8d848298cdf7ff0eca9fb23 - - c655d379651f4d77967d8beb848c9888 c655d379651f4d77967d8beb848c9888] 10.0.0.42 "GET /resource_providers/66b5b0f6-15fe-49c6-a500-16e10daca6ac/aggregates" status: 404 len: 235 microversion: 1.1 [pid: 6|app: 0|req: 616/1239] 10.0.0.42 () {32 vars in 815 bytes} [Sat Sep 19 11:53:52 2026] GET /resource_providers/66b5b0f6-15fe-49c6-a500-16e10daca6ac/aggregates => generated 235 bytes in 12 msecs (HTTP/1.1 404) 5 headers in 202 bytes (1 switches on core 0)
2026-09-19 11:53:52.955 7 INFO placement.requestlog [None req-99714951-dfe0-48e8-a3f0-e593cdd2018e b701e04298bb4888869c22d45c615650 f89b7adfa8d848298cdf7ff0eca9fb23 - - c655d379651f4d77967d8beb848c9888 c655d379651f4d77967d8beb848c9888] 10.0.0.42 "GET /resource_providers/66b5b0f6-15fe-49c6-a500-16e10daca6ac/aggregates" status: 404 len: 235 microversion: 1.1 [pid: 7|app: 0|req: 624/1240] 10.0.0.42 () {32 vars in 815 bytes} [Sat Sep 19 11:53:52 2026] GET /resource_providers/66b5b0f6-15fe-49c6-a500-16e10daca6ac/aggregates => generated 235 bytes in 14 msecs (HTTP/1.1 404) 5 headers in 202 bytes (1 switches on core 0)
2026-09-19 11:53:52.985 6 INFO placement.requestlog [None req-b831399b-eefb-49ea-bd9d-becaf78f90a9 b701e04298bb4888869c22d45c615650 f89b7adfa8d848298cdf7ff0eca9fb23 - - c655d379651f4d77967d8beb848c9888 c655d379651f4d77967d8beb848c9888] 10.0.0.42 "DELETE /resource_providers/66b5b0f6-15fe-49c6-a500-16e10daca6ac" status: 404 len: 246 microversion: 1.1 [pid: 6|app: 0|req: 617/1241] 10.0.0.42 () {34 vars in 815 bytes} [Sat Sep 19 11:53:52 2026] DELETE /resource_providers/66b5b0f6-15fe-49c6-a500-16e10daca6ac => generated 246 bytes in 11 msecs (HTTP/1.1 404) 6 headers in 231 bytes (1 switches on core 0)
2026-09-19 11:53:52.987 7 INFO placement.requestlog [None req-94e33435-f39f-4f62-bb45-8089e6633294 b701e04298bb4888869c22d45c615650 f89b7adfa8d848298cdf7ff0eca9fb23 - - c655d379651f4d77967d8beb848c9888 c655d379651f4d77967d8beb848c9888] 10.0.0.42 "DELETE /resource_providers/66b5b0f6-15fe-49c6-a500-16e10daca6ac" status: 404 len: 246 microversion: 1.1 [pid: 7|app: 0|req: 625/1242] 10.0.0.42 () {34 vars in 815 bytes} [Sat Sep 19 11:53:52 2026] DELETE /resource_providers/66b5b0f6-15fe-49c6-a500-16e10daca6ac => generated 246 bytes in 11 msecs (HTTP/1.1 404) 6 headers in 231 bytes (1 switches on core 0)
2026-09-19 11:53:54.791 6 INFO placement.requestlog [None req-d65431c0-f74f-4193-9630-b0ef7b122977 b701e04298bb4888869c22d45c615650 f89b7adfa8d848298cdf7ff0eca9fb23 - - c655d379651f4d77967d8beb848c9888 c655d379651f4d77967d8beb848c9888] 10.0.0.42 "GET /resource_providers/39d521ed-3bdc-456a-8150-5915aecbb295/aggregates" status: 404 len: 235 microversion: 1.1 [pid: 6|app: 0|req: 618/1243] 10.0.0.42 () {32 vars in 815 bytes} [Sat Sep 19 11:53:54 2026] GET /resource_providers/39d521ed-3bdc-456a-8150-5915aecbb295/aggregates => generated 235 bytes in 25 msecs (HTTP/1.1 404) 5 headers in 202 bytes (1 switches on core 0)
2026-09-19 11:53:54.800 7 INFO placement.requestlog [None req-1bdc4233-f85e-4332-b6a0-07e6cb9dc965 b701e04298bb4888869c22d45c615650 f89b7adfa8d848298cdf7ff0eca9fb23 - - c655d379651f4d77967d8beb848c9888 c655d379651f4d77967d8beb848c9888] 10.0.0.42 "GET /resource_providers/39d521ed-3bdc-456a-8150-5915aecbb295/aggregates" status: 404 len: 235 microversion: 1.1 [pid: 7|app: 0|req: 626/1244] 10.0.0.42 () {32 vars in 815 bytes} [Sat Sep 19 11:53:54 2026] GET /resource_providers/39d521ed-3bdc-456a-8150-5915aecbb295/aggregates => generated 235 bytes in 24 msecs (HTTP/1.1 404) 5 headers in 202 bytes (1 switches on core 0)
2026-09-19 11:53:54.823 6 INFO placement.requestlog [None req-a9658892-3091-4996-850c-cba7697037d6 b701e04298bb4888869c22d45c615650 f89b7adfa8d848298cdf7ff0eca9fb23 - - c655d379651f4d77967d8beb848c9888 c655d379651f4d77967d8beb848c9888] 10.0.0.42 "DELETE /resource_providers/39d521ed-3bdc-456a-8150-5915aecbb295" status: 404 len: 246 microversion: 1.1 [pid: 6|app: 0|req: 619/1245] 10.0.0.42 () {34 vars in 815 bytes} [Sat Sep 19 11:53:54 2026] DELETE /resource_providers/39d521ed-3bdc-456a-8150-5915aecbb295 => generated 246 bytes in 14 msecs (HTTP/1.1 404) 6 headers in 231 bytes (1 switches on core 0)
2026-09-19 11:53:54.831 7 INFO placement.requestlog [None req-c0d8cd39-c517-41b0-b8c2-cc341a363956 b701e04298bb4888869c22d45c615650 f89b7adfa8d848298cdf7ff0eca9fb23 - - c655d379651f4d77967d8beb848c9888 c655d379651f4d77967d8beb848c9888] 10.0.0.42 "DELETE /resource_providers/39d521ed-3bdc-456a-8150-5915aecbb295" status: 404 len: 246 microversion: 1.1 [pid: 7|app: 0|req: 627/1246] 10.0.0.42 () {34 vars in 815 bytes} [Sat Sep 19 11:53:54 2026] DELETE /resource_providers/39d521ed-3bdc-456a-8150-5915aecbb295 => generated 246 bytes in 17 msecs (HTTP/1.1 404) 6 headers in 231 bytes (1 switches on core 0)
2026-09-19 11:53:54.849 6 INFO placement.requestlog [None req-ea984503-8037-4882-acbc-0ef7f84bbffc b701e04298bb4888869c22d45c615650 f89b7adfa8d848298cdf7ff0eca9fb23 - - c655d379651f4d77967d8beb848c9888 c655d379651f4d77967d8beb848c9888] 10.0.0.42 "GET /resource_providers/3f8d857f-ba9e-4f73-b808-6e21771d9e94/aggregates" status: 404 len: 235 microversion: 1.1 [pid: 6|app: 0|req: 620/1247] 10.0.0.42 () {32 vars in 815 bytes} [Sat Sep 19 11:53:54 2026] GET /resource_providers/3f8d857f-ba9e-4f73-b808-6e21771d9e94/aggregates => generated 235 bytes in 9 msecs (HTTP/1.1 404) 5 headers in 202 bytes (1 switches on core 0)
2026-09-19 11:53:54.856 7 INFO placement.requestlog [None req-464006c9-5bf1-4073-bc44-2b33be7107be b701e04298bb4888869c22d45c615650 f89b7adfa8d848298cdf7ff0eca9fb23 - - c655d379651f4d77967d8beb848c9888 c655d379651f4d77967d8beb848c9888] 10.0.0.42 "GET /resource_providers/3f8d857f-ba9e-4f73-b808-6e21771d9e94/aggregates" status: 404 len: 235 microversion: 1.1 [pid: 7|app: 0|req: 628/1248] 10.0.0.42 () {32 vars in 815 bytes} [Sat Sep 19 11:53:54 2026] GET /resource_providers/3f8d857f-ba9e-4f73-b808-6e21771d9e94/aggregates => generated 235 bytes in 14 msecs (HTTP/1.1 404) 5 headers in 202 bytes (1 switches on core 0)
2026-09-19 11:53:54.872 6 INFO placement.requestlog [None req-acc81965-4abd-40f2-b09d-07c6038b8d10 b701e04298bb4888869c22d45c615650 f89b7adfa8d848298cdf7ff0eca9fb23 - - c655d379651f4d77967d8beb848c9888 c655d379651f4d77967d8beb848c9888] 10.0.0.42 "DELETE /resource_providers/3f8d857f-ba9e-4f73-b808-6e21771d9e94" status: 404 len: 246 microversion: 1.1 [pid: 6|app: 0|req: 621/1249] 10.0.0.42 () {34 vars in 815 bytes} [Sat Sep 19 11:53:54 2026] DELETE /resource_providers/3f8d857f-ba9e-4f73-b808-6e21771d9e94 => generated 246 bytes in 12 msecs (HTTP/1.1 404) 6 headers in 231 bytes (1 switches on core 0)
2026-09-19 11:53:54.872 7 INFO placement.requestlog [None req-361790d1-4f9f-4906-a8c1-c45d5b0f86bd b701e04298bb4888869c22d45c615650 f89b7adfa8d848298cdf7ff0eca9fb23 - - c655d379651f4d77967d8beb848c9888 c655d379651f4d77967d8beb848c9888] 10.0.0.42 "DELETE /resource_providers/3f8d857f-ba9e-4f73-b808-6e21771d9e94" status: 404 len: 246 microversion: 1.1 [pid: 7|app: 0|req: 629/1250] 10.0.0.42 () {34 vars in 815 bytes} [Sat Sep 19 11:53:54 2026] DELETE /resource_providers/3f8d857f-ba9e-4f73-b808-6e21771d9e94 => generated 246 bytes in 9 msecs (HTTP/1.1 404) 6 headers in 231 bytes (1 switches on core 0)
2026-09-19 11:53:55.009 6 INFO placement.requestlog [None req-ed804ac4-0d8f-495b-8c36-f742522d6488 b701e04298bb4888869c22d45c615650 f89b7adfa8d848298cdf7ff0eca9fb23 - - c655d379651f4d77967d8beb848c9888 c655d379651f4d77967d8beb848c9888] 10.0.0.42 "GET /resource_providers/23b41cff-02e4-4d3b-bbda-3113f206dcd9/aggregates" status: 404 len: 235 microversion: 1.1 [pid: 6|app: 0|req: 622/1251] 10.0.0.42 () {32 vars in 815 bytes} [Sat Sep 19 11:53:54 2026] GET /resource_providers/23b41cff-02e4-4d3b-bbda-3113f206dcd9/aggregates => generated 235 bytes in 12 msecs (HTTP/1.1 404) 5 headers in 202 bytes (1 switches on core 0)
2026-09-19 11:53:55.013 7 INFO placement.requestlog [None req-b702d408-b110-447e-975d-198631c15809 b701e04298bb4888869c22d45c615650 f89b7adfa8d848298cdf7ff0eca9fb23 - - c655d379651f4d77967d8beb848c9888 c655d379651f4d77967d8beb848c9888] 10.0.0.42 "GET /resource_providers/23b41cff-02e4-4d3b-bbda-3113f206dcd9/aggregates" status: 404 len: 235 microversion: 1.1 [pid: 7|app: 0|req: 630/1252] 10.0.0.42 () {32 vars in 815 bytes} [Sat Sep 19 11:53:54 2026] GET /resource_providers/23b41cff-02e4-4d3b-bbda-3113f206dcd9/aggregates => generated 235 bytes in 14 msecs (HTTP/1.1 404) 5 headers in 202 bytes (1 switches on core 0)
2026-09-19 11:53:55.032 6 INFO placement.requestlog [None req-978630bc-c95d-48c4-9fe6-94e702365ce2 b701e04298bb4888869c22d45c615650 f89b7adfa8d848298cdf7ff0eca9fb23 - - c655d379651f4d77967d8beb848c9888 c655d379651f4d77967d8beb848c9888] 10.0.0.42 "DELETE /resource_providers/23b41cff-02e4-4d3b-bbda-3113f206dcd9" status: 404 len: 246 microversion: 1.1
2026-09-19 11:53:55.033 7 INFO placement.requestlog [None req-f2114839-c4fb-4fe3-aa5a-eaf457cd43b0 b701e04298bb4888869c22d45c615650 f89b7adfa8d848298cdf7ff0eca9fb23 - - c655d379651f4d77967d8beb848c9888 c655d379651f4d77967d8beb848c9888] 10.0.0.42 "DELETE /resource_providers/23b41cff-02e4-4d3b-bbda-3113f206dcd9" status: 404 len: 246 microversion: 1.1 [pid: 7|app: 0|req: 631/1253] 10.0.0.42 () {34 vars in 815 bytes} [Sat Sep 19 11:53:55 2026] DELETE /resource_providers/23b41cff-02e4-4d3b-bbda-3113f206dcd9 => generated 246 bytes in 11 msecs (HTTP/1.1 404) 6 headers in 231 bytes (1 switches on core 0) [pid: 6|app: 0|req: 623/1254] 10.0.0.42 () {34 vars in 815 bytes} [Sat Sep 19 11:53:55 2026] DELETE /resource_providers/23b41cff-02e4-4d3b-bbda-3113f206dcd9 => generated 246 bytes in 14 msecs (HTTP/1.1 404) 6 headers in 231 bytes (1 switches on core 0)
2026-09-19 11:53:58.204 7 INFO placement.requestlog [req-272b5bc2-54bb-4575-a1b8-d782d6f9b836 req-2d1de0ef-06fc-452e-919d-be10e8ca5e8c 3d25a58e57074634bbb4dd44caeef655 f89b7adfa8d848298cdf7ff0eca9fb23 - - c655d379651f4d77967d8beb848c9888 c655d379651f4d77967d8beb848c9888] 10.0.0.223 "GET /allocation_candidates?limit=1000&resources=MEMORY_MB%3A2048%2CVCPU%3A2&root_required=%21COMPUTE_STATUS_DISABLED" status: 200 len: 2630 microversion: 1.36 [pid: 7|app: 0|req: 632/1255] 10.0.0.223 () {34 vars in 986 bytes} [Sat Sep 19 11:53:58 2026] GET /allocation_candidates?limit=1000&resources=MEMORY_MB%3A2048%2CVCPU%3A2&root_required=%21COMPUTE_STATUS_DISABLED => generated 2630 bytes in 63 msecs (HTTP/1.1 200) 8 headers in 297 bytes (1 switches on core 0)
2026-09-19 11:53:58.235 6 INFO placement.requestlog [req-272b5bc2-54bb-4575-a1b8-d782d6f9b836 req-d7c92fd6-2443-4173-aa51-1fd0f7ebc389 3d25a58e57074634bbb4dd44caeef655 f89b7adfa8d848298cdf7ff0eca9fb23 - - c655d379651f4d77967d8beb848c9888 c655d379651f4d77967d8beb848c9888] 10.0.0.223 "GET /allocations/0a5c48ee-90d0-4db3-9023-5e2938417a7d" status: 200 len: 19 microversion: 1.28 [pid: 6|app: 0|req: 624/1256] 10.0.0.223 () {34 vars in 861 bytes} [Sat Sep 19 11:53:58 2026] GET /allocations/0a5c48ee-90d0-4db3-9023-5e2938417a7d => generated 19 bytes in 14 msecs (HTTP/1.1 200) 8 headers in 295 bytes (1 switches on core 0)
2026-09-19 11:53:58.329 7 INFO placement.requestlog [req-272b5bc2-54bb-4575-a1b8-d782d6f9b836 req-f870a07a-a6a2-46c1-8084-1fee286846bf 3d25a58e57074634bbb4dd44caeef655 f89b7adfa8d848298cdf7ff0eca9fb23 - - c655d379651f4d77967d8beb848c9888 c655d379651f4d77967d8beb848c9888] 10.0.0.223 "PUT /allocations/0a5c48ee-90d0-4db3-9023-5e2938417a7d" status: 204 len: 0 microversion: 1.36 [pid: 7|app: 0|req: 633/1257] 10.0.0.223 () {38 vars in 914 bytes} [Sat Sep 19 11:53:58 2026] PUT /allocations/0a5c48ee-90d0-4db3-9023-5e2938417a7d => generated 0 bytes in 91 msecs (HTTP/1.1 204) 5 headers in 199 bytes (1 switches on core 0)
2026-09-19 11:53:58.402 6 INFO placement.requestlog [None req-f40cdeb8-4482-477a-b1a2-38503a812102 - - - - - -] 10.0.0.10 "GET /" status: 200 len: 136 microversion: 1.0
2026-09-19 11:53:58.402 7 INFO placement.requestlog [None req-ddfa7a8c-dab4-4274-a3bf-f8d34c04d97d - - - - - -] 10.0.0.10 "GET /" status: 200 len: 136 microversion: 1.0
2026-09-19 11:53:59.929 6 INFO placement.requestlog [req-272b5bc2-54bb-4575-a1b8-d782d6f9b836 req-aeb59a86-2ebd-43ed-980b-84209528a5be 3d25a58e57074634bbb4dd44caeef655 f89b7adfa8d848298cdf7ff0eca9fb23 - - c655d379651f4d77967d8beb848c9888 c655d379651f4d77967d8beb848c9888] 162.253.55.156 "GET /allocations/0a5c48ee-90d0-4db3-9023-5e2938417a7d" status: 200 len: 245 microversion: 1.28 [pid: 6|app: 0|req: 626/1260] 162.253.55.156 () {34 vars in 863 bytes} [Sat Sep 19 11:53:59 2026] GET /allocations/0a5c48ee-90d0-4db3-9023-5e2938417a7d => generated 245 bytes in 53 msecs (HTTP/1.1 200) 8 headers in 296 bytes (1 switches on core 0)
2026-09-19 11:54:00.980 7 INFO placement.requestlog [req-272b5bc2-54bb-4575-a1b8-d782d6f9b836 req-caa23ddc-e246-4592-89f1-1ac2c122182e 3d25a58e57074634bbb4dd44caeef655 f89b7adfa8d848298cdf7ff0eca9fb23 - - c655d379651f4d77967d8beb848c9888 c655d379651f4d77967d8beb848c9888] 162.253.55.156 "GET /resource_providers/524333ef-b41b-4e58-9e1a-74cd70ca1f40/allocations" status: 200 len: 340 microversion: 1.0 [pid: 7|app: 0|req: 635/1261] 162.253.55.156 () {32 vars in 857 bytes} [Sat Sep 19 11:54:00 2026] GET /resource_providers/524333ef-b41b-4e58-9e1a-74cd70ca1f40/allocations => generated 340 bytes in 24 msecs (HTTP/1.1 200) 6 headers in 224 bytes (1 switches on core 0)
2026-09-19 11:54:01.005 6 INFO placement.requestlog [req-272b5bc2-54bb-4575-a1b8-d782d6f9b836 req-435e597e-8dc1-4a13-ac73-96a9a464a858 3d25a58e57074634bbb4dd44caeef655 f89b7adfa8d848298cdf7ff0eca9fb23 - - c655d379651f4d77967d8beb848c9888 c655d379651f4d77967d8beb848c9888] 162.253.55.156 "GET /allocations/0a5c48ee-90d0-4db3-9023-5e2938417a7d" status: 200 len: 245 microversion: 1.28 [pid: 6|app: 0|req: 627/1262] 162.253.55.156 () {34 vars in 863 bytes} [Sat Sep 19 11:54:00 2026] GET /allocations/0a5c48ee-90d0-4db3-9023-5e2938417a7d => generated 245 bytes in 19 msecs (HTTP/1.1 200) 8 headers in 296 bytes (1 switches on core 0)
2026-09-19 11:54:01.027 7 INFO placement.requestlog [req-272b5bc2-54bb-4575-a1b8-d782d6f9b836 req-48330f00-7ce4-48ca-8345-cc67d7afc305 3d25a58e57074634bbb4dd44caeef655 f89b7adfa8d848298cdf7ff0eca9fb23 - - c655d379651f4d77967d8beb848c9888 c655d379651f4d77967d8beb848c9888] 162.253.55.156 "GET /allocations/3c1989c9-a3f3-402b-9c7e-2ac581c67266" status: 200 len: 258 microversion: 1.28 [pid: 7|app: 0|req: 636/1263] 162.253.55.156 () {34 vars in 863 bytes} [Sat Sep 19 11:54:01 2026] GET /allocations/3c1989c9-a3f3-402b-9c7e-2ac581c67266 => generated 258 bytes in 17 msecs (HTTP/1.1 200) 8 headers in 296 bytes (1 switches on core 0)
2026-09-19 11:54:01.051 6 INFO placement.requestlog [req-272b5bc2-54bb-4575-a1b8-d782d6f9b836 req-9a0903eb-1ffa-4564-81e9-0e80a45a240e 3d25a58e57074634bbb4dd44caeef655 f89b7adfa8d848298cdf7ff0eca9fb23 - - c655d379651f4d77967d8beb848c9888 c655d379651f4d77967d8beb848c9888] 162.253.55.156 "GET /allocations/af4f163a-eadb-4a4e-bfcc-7186f380e403" status: 200 len: 258 microversion: 1.28 [pid: 6|app: 0|req: 628/1264] 162.253.55.156 () {34 vars in 863 bytes} [Sat Sep 19 11:54:01 2026] GET /allocations/af4f163a-eadb-4a4e-bfcc-7186f380e403 => generated 258 bytes in 18 msecs (HTTP/1.1 200) 8 headers in 296 bytes (1 switches on core 0)
2026-09-19 11:54:08.401 7 INFO placement.requestlog [None req-38f397b2-c0e1-418f-ac86-e3d54d7d7e45 - - - - - -] 10.0.0.10 "GET /" status: 200 len: 136 microversion: 1.0
2026-09-19 11:54:08.405 6 INFO placement.requestlog [None req-e0152b22-d8a6-428c-b827-c833575e6c8f - - - - - -] 10.0.0.10 "GET /" status: 200 len: 136 microversion: 1.0
2026-09-19 11:54:11.999 7 INFO placement.requestlog [None req-29a570f3-56d7-447c-8771-cd6895455ea0 b701e04298bb4888869c22d45c615650 f89b7adfa8d848298cdf7ff0eca9fb23 - - c655d379651f4d77967d8beb848c9888 c655d379651f4d77967d8beb848c9888] 10.0.0.42 "GET /resource_providers/ff134259-4bb3-453b-aca0-200cb978a6ba/aggregates" status: 404 len: 235 microversion: 1.1 [pid: 7|app: 0|req: 638/1267] 10.0.0.42 () {32 vars in 815 bytes} [Sat Sep 19 11:54:11 2026] GET /resource_providers/ff134259-4bb3-453b-aca0-200cb978a6ba/aggregates => generated 235 bytes in 156 msecs (HTTP/1.1 404) 5 headers in 202 bytes (1 switches on core 0)
2026-09-19 11:54:12.020 7 INFO placement.requestlog [None req-584e6006-5b60-4aba-9527-5021338b2d41 b701e04298bb4888869c22d45c615650 f89b7adfa8d848298cdf7ff0eca9fb23 - - c655d379651f4d77967d8beb848c9888 c655d379651f4d77967d8beb848c9888] 10.0.0.42 "DELETE /resource_providers/ff134259-4bb3-453b-aca0-200cb978a6ba" status: 404 len: 246 microversion: 1.1 [pid: 7|app: 0|req: 639/1268] 10.0.0.42 () {34 vars in 815 bytes} [Sat Sep 19 11:54:12 2026] DELETE /resource_providers/ff134259-4bb3-453b-aca0-200cb978a6ba => generated 246 bytes in 10 msecs (HTTP/1.1 404) 6 headers in 231 bytes (1 switches on core 0)
2026-09-19 11:54:12.021 6 INFO placement.requestlog [None req-2793fdea-2e06-4cf3-bcac-74bb49db3390 b701e04298bb4888869c22d45c615650 f89b7adfa8d848298cdf7ff0eca9fb23 - - c655d379651f4d77967d8beb848c9888 c655d379651f4d77967d8beb848c9888] 10.0.0.42 "GET /resource_providers/ff134259-4bb3-453b-aca0-200cb978a6ba/aggregates" status: 404 len: 235 microversion: 1.1 [pid: 6|app: 0|req: 630/1269] 10.0.0.42 () {32 vars in 815 bytes} [Sat Sep 19 11:54:11 2026] GET /resource_providers/ff134259-4bb3-453b-aca0-200cb978a6ba/aggregates => generated 235 bytes in 171 msecs (HTTP/1.1 404) 5 headers in 202 bytes (1 switches on core 0)
2026-09-19 11:54:12.045 7 INFO placement.requestlog [None req-90f65711-e85a-40ab-a984-b71cf5e98578 b701e04298bb4888869c22d45c615650 f89b7adfa8d848298cdf7ff0eca9fb23 - - c655d379651f4d77967d8beb848c9888 c655d379651f4d77967d8beb848c9888] 10.0.0.42 "DELETE /resource_providers/ff134259-4bb3-453b-aca0-200cb978a6ba" status: 404 len: 246 microversion: 1.1 [pid: 7|app: 0|req: 640/1270] 10.0.0.42 () {34 vars in 815 bytes} [Sat Sep 19 11:54:12 2026] DELETE /resource_providers/ff134259-4bb3-453b-aca0-200cb978a6ba => generated 246 bytes in 11 msecs (HTTP/1.1 404) 6 headers in 231 bytes (1 switches on core 0)
2026-09-19 11:54:18.402 6 INFO placement.requestlog [None req-1704395e-3b5f-4aab-bc0f-a2217832cde8 - - - - - -] 10.0.0.10 "GET /" status: 200 len: 136 microversion: 1.0
2026-09-19 11:54:18.403 7 INFO placement.requestlog [None req-94ca4221-50e5-4998-90cb-4c26a0bdfde9 - - - - - -] 10.0.0.10 "GET /" status: 200 len: 136 microversion: 1.0
2026-09-19 11:54:28.402 6 INFO placement.requestlog [None req-ba5706f5-d8ff-4db2-a058-098849b407d3 - - - - - -] 10.0.0.10 "GET /" status: 200 len: 136 microversion: 1.0
2026-09-19 11:54:28.402 7 INFO placement.requestlog [None req-20b440a5-e9ef-4f24-a627-39f94a786912 - - - - - -] 10.0.0.10 "GET /" status: 200 len: 136 microversion: 1.0
2026-09-19 11:54:29.122 6 INFO placement.requestlog [req-73aaacfc-edc6-41c9-9503-195e1c3b3095 req-01d91188-7071-42c4-a4db-a978fda245f6 3d25a58e57074634bbb4dd44caeef655 f89b7adfa8d848298cdf7ff0eca9fb23 - - c655d379651f4d77967d8beb848c9888 c655d379651f4d77967d8beb848c9888] 162.253.55.156 "GET /resource_providers/524333ef-b41b-4e58-9e1a-74cd70ca1f40/allocations" status: 200 len: 340 microversion: 1.0 [pid: 6|app: 0|req: 633/1275] 162.253.55.156 () {32 vars in 857 bytes} [Sat Sep 19 11:54:28 2026] GET /resource_providers/524333ef-b41b-4e58-9e1a-74cd70ca1f40/allocations => generated 340 bytes in 233 msecs (HTTP/1.1 200) 6 headers in 224 bytes (1 switches on core 0)
2026-09-19 11:54:29.156 7 INFO placement.requestlog [req-73aaacfc-edc6-41c9-9503-195e1c3b3095 req-2494bfcb-af9b-4dd7-8858-f5220fd17389 3d25a58e57074634bbb4dd44caeef655 f89b7adfa8d848298cdf7ff0eca9fb23 - - c655d379651f4d77967d8beb848c9888 c655d379651f4d77967d8beb848c9888] 162.253.55.156 "GET /resource_providers?in_tree=524333ef-b41b-4e58-9e1a-74cd70ca1f40" status: 200 len: 798 microversion: 1.14 [pid: 7|app: 0|req: 643/1276] 162.253.55.156 () {34 vars in 892 bytes} [Sat Sep 19 11:54:29 2026] GET /resource_providers?in_tree=524333ef-b41b-4e58-9e1a-74cd70ca1f40 => generated 798 bytes in 26 msecs (HTTP/1.1 200) 6 headers in 225 bytes (1 switches on core 0)
2026-09-19 11:54:29.181 6 INFO placement.requestlog [req-73aaacfc-edc6-41c9-9503-195e1c3b3095 req-7093d72a-4589-4a2f-b2c0-49be8d1e6a73 3d25a58e57074634bbb4dd44caeef655 f89b7adfa8d848298cdf7ff0eca9fb23 - - c655d379651f4d77967d8beb848c9888 c655d379651f4d77967d8beb848c9888] 162.253.55.156 "GET /resource_providers/524333ef-b41b-4e58-9e1a-74cd70ca1f40/inventories" status: 200 len: 401 microversion: 1.0 [pid: 6|app: 0|req: 634/1277] 162.253.55.156 () {32 vars in 857 bytes} [Sat Sep 19 11:54:29 2026] GET /resource_providers/524333ef-b41b-4e58-9e1a-74cd70ca1f40/inventories => generated 401 bytes in 18 msecs (HTTP/1.1 200) 6 headers in 224 bytes (1 switches on core 0)
2026-09-19 11:54:29.206 7 INFO placement.requestlog [req-73aaacfc-edc6-41c9-9503-195e1c3b3095 req-c2177e57-a514-4d13-819f-3072f9dbfcd5 3d25a58e57074634bbb4dd44caeef655 f89b7adfa8d848298cdf7ff0eca9fb23 - - c655d379651f4d77967d8beb848c9888 c655d379651f4d77967d8beb848c9888] 162.253.55.156 "GET /resource_providers/524333ef-b41b-4e58-9e1a-74cd70ca1f40/aggregates" status: 200 len: 54 microversion: 1.19 [pid: 7|app: 0|req: 644/1278] 162.253.55.156 () {34 vars in 899 bytes} [Sat Sep 19 11:54:29 2026] GET /resource_providers/524333ef-b41b-4e58-9e1a-74cd70ca1f40/aggregates => generated 54 bytes in 15 msecs (HTTP/1.1 200) 8 headers in 295 bytes (1 switches on core 0)
2026-09-19 11:54:29.239 6 INFO placement.requestlog [req-73aaacfc-edc6-41c9-9503-195e1c3b3095 req-a9fddf6e-40f4-401a-ae0a-03d02166eee3 3d25a58e57074634bbb4dd44caeef655 f89b7adfa8d848298cdf7ff0eca9fb23 - - c655d379651f4d77967d8beb848c9888 c655d379651f4d77967d8beb848c9888] 162.253.55.156 "GET /resource_providers/524333ef-b41b-4e58-9e1a-74cd70ca1f40/traits" status: 200 len: 2176 microversion: 1.6 [pid: 6|app: 0|req: 635/1279] 162.253.55.156 () {34 vars in 890 bytes} [Sat Sep 19 11:54:29 2026] GET /resource_providers/524333ef-b41b-4e58-9e1a-74cd70ca1f40/traits => generated 2176 bytes in 27 msecs (HTTP/1.1 200) 6 headers in 225 bytes (1 switches on core 0)
2026-09-19 11:54:29.269 7 INFO placement.requestlog [req-73aaacfc-edc6-41c9-9503-195e1c3b3095 req-c3920da5-89cd-4976-90b1-9dd8fb261ca1 3d25a58e57074634bbb4dd44caeef655 f89b7adfa8d848298cdf7ff0eca9fb23 - - c655d379651f4d77967d8beb848c9888 c655d379651f4d77967d8beb848c9888] 162.253.55.156 "GET /resource_providers/524333ef-b41b-4e58-9e1a-74cd70ca1f40/allocations" status: 200 len: 340 microversion: 1.0 [pid: 7|app: 0|req: 645/1280] 162.253.55.156 () {32 vars in 857 bytes} [Sat Sep 19 11:54:29 2026] GET /resource_providers/524333ef-b41b-4e58-9e1a-74cd70ca1f40/allocations => generated 340 bytes in 22 msecs (HTTP/1.1 200) 6 headers in 224 bytes (1 switches on core 0)
2026-09-19 11:54:29.293 6 INFO placement.requestlog [req-73aaacfc-edc6-41c9-9503-195e1c3b3095 req-01a69c07-11a2-4237-8302-40021c3bf88f 3d25a58e57074634bbb4dd44caeef655 f89b7adfa8d848298cdf7ff0eca9fb23 - - c655d379651f4d77967d8beb848c9888 c655d379651f4d77967d8beb848c9888] 162.253.55.156 "GET /allocations/0a5c48ee-90d0-4db3-9023-5e2938417a7d" status: 200 len: 245 microversion: 1.28 [pid: 6|app: 0|req: 636/1281] 162.253.55.156 () {34 vars in 863 bytes} [Sat Sep 19 11:54:29 2026] GET /allocations/0a5c48ee-90d0-4db3-9023-5e2938417a7d => generated 245 bytes in 14 msecs (HTTP/1.1 200) 8 headers in 296 bytes (1 switches on core 0)
2026-09-19 11:54:29.305 7 INFO placement.requestlog [req-73aaacfc-edc6-41c9-9503-195e1c3b3095 req-87b32324-0c46-46a0-9425-0547917190be 3d25a58e57074634bbb4dd44caeef655 f89b7adfa8d848298cdf7ff0eca9fb23 - - c655d379651f4d77967d8beb848c9888 c655d379651f4d77967d8beb848c9888] 162.253.55.156 "GET /allocations/3c1989c9-a3f3-402b-9c7e-2ac581c67266" status: 200 len: 258 microversion: 1.28 [pid: 7|app: 0|req: 646/1282] 162.253.55.156 () {34 vars in 863 bytes} [Sat Sep 19 11:54:29 2026] GET /allocations/3c1989c9-a3f3-402b-9c7e-2ac581c67266 => generated 258 bytes in 8 msecs (HTTP/1.1 200) 8 headers in 296 bytes (1 switches on core 0)
2026-09-19 11:54:29.322 6 INFO placement.requestlog [req-73aaacfc-edc6-41c9-9503-195e1c3b3095 req-5ebab9aa-ab9d-4d4e-90df-390d30ad78fd 3d25a58e57074634bbb4dd44caeef655 f89b7adfa8d848298cdf7ff0eca9fb23 - - c655d379651f4d77967d8beb848c9888 c655d379651f4d77967d8beb848c9888] 162.253.55.156 "GET /allocations/af4f163a-eadb-4a4e-bfcc-7186f380e403" status: 200 len: 258 microversion: 1.28 [pid: 6|app: 0|req: 637/1283] 162.253.55.156 () {34 vars in 863 bytes} [Sat Sep 19 11:54:29 2026] GET /allocations/af4f163a-eadb-4a4e-bfcc-7186f380e403 => generated 258 bytes in 14 msecs (HTTP/1.1 200) 8 headers in 296 bytes (1 switches on core 0)
2026-09-19 11:54:38.401 7 INFO placement.requestlog [None req-637cda1c-2cc1-4876-8e3e-fe86de01d9c9 - - - - - -] 10.0.0.10 "GET /" status: 200 len: 136 microversion: 1.0
2026-09-19 11:54:38.404 6 INFO placement.requestlog [None req-528564f8-32ae-4223-98cb-35b09e11ae98 - - - - - -] 10.0.0.10 "GET /" status: 200 len: 136 microversion: 1.0
2026-09-19 11:54:48.403 6 INFO placement.requestlog [None req-760c709d-9339-4c85-804c-66fd5ab5ddda - - - - - -] 10.0.0.10 "GET /" status: 200 len: 136 microversion: 1.0
2026-09-19 11:54:48.403 7 INFO placement.requestlog [None req-a45ef8a3-55e2-47cc-adad-c375659a6e1a - - - - - -] 10.0.0.10 "GET /" status: 200 len: 136 microversion: 1.0
2026-09-19 11:54:58.402 7 INFO placement.requestlog [None req-d54dfe16-b4b2-4ead-bae7-6337aee5cfcb - - - - - -] 10.0.0.10 "GET /" status: 200 len: 136 microversion: 1.0
2026-09-19 11:54:58.401 6 INFO placement.requestlog [None req-535e8f65-a529-47c2-b74e-61ae27e15dc1 - - - - - -] 10.0.0.10 "GET /" status: 200 len: 136 microversion: 1.0
2026-09-19 11:55:08.402 6 INFO placement.requestlog [None req-990b2793-aff0-4af8-9531-056b998efd7a - - - - - -] 10.0.0.10 "GET /" status: 200 len: 136 microversion: 1.0
2026-09-19 11:55:08.402 7 INFO placement.requestlog [None req-1c52a874-2b5e-41b5-843e-7e12b8b9b150 - - - - - -] 10.0.0.10 "GET /" status: 200 len: 136 microversion: 1.0
2026-09-19 11:55:18.401 6 INFO placement.requestlog [None req-4e652ff6-850e-4d0d-b595-1d51d1987d91 - - - - - -] 10.0.0.10 "GET /" status: 200 len: 136 microversion: 1.0
2026-09-19 11:55:18.402 7 INFO placement.requestlog [None req-e92e191f-d599-4512-9317-e83b12ceee1e - - - - - -] 10.0.0.10 "GET /" status: 200 len: 136 microversion: 1.0
2026-09-19 11:55:28.401 7 INFO placement.requestlog [None req-229a39c0-898f-4d54-b040-f5631e980a89 - - - - - -] 10.0.0.10 "GET /" status: 200 len: 136 microversion: 1.0
2026-09-19 11:55:28.401 6 INFO placement.requestlog [None req-c9ca3fec-708d-434c-9173-5152d24a1a23 - - - - - -] 10.0.0.10 "GET /" status: 200 len: 136 microversion: 1.0
2026-09-19 11:55:29.365 7 INFO placement.requestlog [req-c4f89500-a8c6-4776-b053-600bbce45e16 req-147b70a5-15fe-4796-a8c2-a423970babb8 3d25a58e57074634bbb4dd44caeef655 f89b7adfa8d848298cdf7ff0eca9fb23 - - c655d379651f4d77967d8beb848c9888 c655d379651f4d77967d8beb848c9888] 162.253.55.156 "GET /resource_providers/524333ef-b41b-4e58-9e1a-74cd70ca1f40/allocations" status: 200 len: 340 microversion: 1.0 [pid: 7|app: 0|req: 653/1296] 162.253.55.156 () {32 vars in 857 bytes} [Sat Sep 19 11:55:29 2026] GET /resource_providers/524333ef-b41b-4e58-9e1a-74cd70ca1f40/allocations => generated 340 bytes in 15 msecs (HTTP/1.1 200) 6 headers in 224 bytes (1 switches on core 0)
2026-09-19 11:55:29.396 6 INFO placement.requestlog [req-c4f89500-a8c6-4776-b053-600bbce45e16 req-4e3a40bf-33e6-4adc-907c-2f28f91b4746 3d25a58e57074634bbb4dd44caeef655 f89b7adfa8d848298cdf7ff0eca9fb23 - - c655d379651f4d77967d8beb848c9888 c655d379651f4d77967d8beb848c9888] 162.253.55.156 "GET /resource_providers/524333ef-b41b-4e58-9e1a-74cd70ca1f40/allocations" status: 200 len: 340 microversion: 1.0 [pid: 6|app: 0|req: 644/1297] 162.253.55.156 () {32 vars in 857 bytes} [Sat Sep 19 11:55:29 2026] GET /resource_providers/524333ef-b41b-4e58-9e1a-74cd70ca1f40/allocations => generated 340 bytes in 26 msecs (HTTP/1.1 200) 6 headers in 224 bytes (1 switches on core 0)
2026-09-19 11:55:29.410 7 INFO placement.requestlog [req-c4f89500-a8c6-4776-b053-600bbce45e16 req-b349eccc-e48a-4871-8952-9078cd1e3578 3d25a58e57074634bbb4dd44caeef655 f89b7adfa8d848298cdf7ff0eca9fb23 - - c655d379651f4d77967d8beb848c9888 c655d379651f4d77967d8beb848c9888] 162.253.55.156 "GET /allocations/0a5c48ee-90d0-4db3-9023-5e2938417a7d" status: 200 len: 245 microversion: 1.28 [pid: 7|app: 0|req: 654/1298] 162.253.55.156 () {34 vars in 863 bytes} [Sat Sep 19 11:55:29 2026] GET /allocations/0a5c48ee-90d0-4db3-9023-5e2938417a7d => generated 245 bytes in 7 msecs (HTTP/1.1 200) 8 headers in 296 bytes (1 switches on core 0)
2026-09-19 11:55:29.432 6 INFO placement.requestlog [req-c4f89500-a8c6-4776-b053-600bbce45e16 req-01a4b902-7530-4f55-8066-30a1e831d9d9 3d25a58e57074634bbb4dd44caeef655 f89b7adfa8d848298cdf7ff0eca9fb23 - - c655d379651f4d77967d8beb848c9888 c655d379651f4d77967d8beb848c9888] 162.253.55.156 "GET /allocations/3c1989c9-a3f3-402b-9c7e-2ac581c67266" status: 200 len: 258 microversion: 1.28 [pid: 6|app: 0|req: 645/1299] 162.253.55.156 () {34 vars in 863 bytes} [Sat Sep 19 11:55:29 2026] GET /allocations/3c1989c9-a3f3-402b-9c7e-2ac581c67266 => generated 258 bytes in 15 msecs (HTTP/1.1 200) 8 headers in 296 bytes (1 switches on core 0)
2026-09-19 11:55:29.455 7 INFO placement.requestlog [req-c4f89500-a8c6-4776-b053-600bbce45e16 req-b18eb6ce-a77f-4f26-a5ba-999814fa4dfa 3d25a58e57074634bbb4dd44caeef655 f89b7adfa8d848298cdf7ff0eca9fb23 - - c655d379651f4d77967d8beb848c9888 c655d379651f4d77967d8beb848c9888] 162.253.55.156 "GET /allocations/af4f163a-eadb-4a4e-bfcc-7186f380e403" status: 200 len: 258 microversion: 1.28 [pid: 7|app: 0|req: 655/1300] 162.253.55.156 () {34 vars in 863 bytes} [Sat Sep 19 11:55:29 2026] GET /allocations/af4f163a-eadb-4a4e-bfcc-7186f380e403 => generated 258 bytes in 18 msecs (HTTP/1.1 200) 8 headers in 296 bytes (1 switches on core 0)
2026-09-19 11:55:38.402 7 INFO placement.requestlog [None req-56e1a8f4-4b9c-4851-a636-907ea9edca2a - - - - - -] 10.0.0.10 "GET /" status: 200 len: 136 microversion: 1.0
2026-09-19 11:55:38.403 6 INFO placement.requestlog [None req-3c7ed640-5579-4b83-9db1-dc7bf1f7f2ae - - - - - -] 10.0.0.10 "GET /" status: 200 len: 136 microversion: 1.0
2026-09-19 11:55:48.402 6 INFO placement.requestlog [None req-7ab9595f-63f8-42ac-80a5-3976b72f2fc1 - - - - - -] 10.0.0.10 "GET /" status: 200 len: 136 microversion: 1.0
2026-09-19 11:55:48.402 7 INFO placement.requestlog [None req-21220c82-1fa7-4d0b-90cd-9423f51230e3 - - - - - -] 10.0.0.10 "GET /" status: 200 len: 136 microversion: 1.0
2026-09-19 11:55:58.401 7 INFO placement.requestlog [None req-d1beaaef-c8ef-4ba0-8c6a-60ecf7494732 - - - - - -] 10.0.0.10 "GET /" status: 200 len: 136 microversion: 1.0
2026-09-19 11:55:58.401 6 INFO placement.requestlog [None req-9773d637-6c1e-4e64-8715-06f9287b4a90 - - - - - -] 10.0.0.10 "GET /" status: 200 len: 136 microversion: 1.0
2026-09-19 11:56:08.401 7 INFO placement.requestlog [None req-8ff8b807-aa27-4dda-8db5-4fc5b85ccd37 - - - - - -] 10.0.0.10 "GET /" status: 200 len: 136 microversion: 1.0
2026-09-19 11:56:08.402 6 INFO placement.requestlog [None req-0d789d83-f085-4734-aca9-ee2fc937b9fc - - - - - -] 10.0.0.10 "GET /" status: 200 len: 136 microversion: 1.0
2026-09-19 11:56:18.402 6 INFO placement.requestlog [None req-8646bf71-b794-4fb5-9e77-6c7e1fbc8179 - - - - - -] 10.0.0.10 "GET /" status: 200 len: 136 microversion: 1.0
2026-09-19 11:56:18.402 7 INFO placement.requestlog [None req-3e0e10f2-20f6-4ebc-bd6d-727f2f557d46 - - - - - -] 10.0.0.10 "GET /" status: 200 len: 136 microversion: 1.0
2026-09-19 11:56:28.401 6 INFO placement.requestlog [None req-c293ecd2-a745-4e10-ab79-0bbf13895bbe - - - - - -] 10.0.0.10 "GET /" status: 200 len: 136 microversion: 1.0
2026-09-19 11:56:28.402 7 INFO placement.requestlog [None req-7a6674be-9347-4c66-8cf9-21e430216fa5 - - - - - -] 10.0.0.10 "GET /" status: 200 len: 136 microversion: 1.0
2026-09-19 11:56:30.527 6 INFO placement.requestlog [req-fc3c43e2-dd6c-4d16-a65c-ccb606f39454 req-44831188-dfda-4b70-be33-d4316a4eb68d 3d25a58e57074634bbb4dd44caeef655 f89b7adfa8d848298cdf7ff0eca9fb23 - - c655d379651f4d77967d8beb848c9888 c655d379651f4d77967d8beb848c9888] 162.253.55.156 "GET /resource_providers/524333ef-b41b-4e58-9e1a-74cd70ca1f40/allocations" status: 200 len: 340 microversion: 1.0 [pid: 6|app: 0|req: 652/1313] 162.253.55.156 () {32 vars in 857 bytes} [Sat Sep 19 11:56:30 2026] GET /resource_providers/524333ef-b41b-4e58-9e1a-74cd70ca1f40/allocations => generated 340 bytes in 23 msecs (HTTP/1.1 200) 6 headers in 224 bytes (1 switches on core 0)
2026-09-19 11:56:30.567 7 INFO placement.requestlog [req-fc3c43e2-dd6c-4d16-a65c-ccb606f39454 req-7fb67a0b-75f8-4095-8dfc-a12d984fb003 3d25a58e57074634bbb4dd44caeef655 f89b7adfa8d848298cdf7ff0eca9fb23 - - c655d379651f4d77967d8beb848c9888 c655d379651f4d77967d8beb848c9888] 162.253.55.156 "GET /resource_providers/524333ef-b41b-4e58-9e1a-74cd70ca1f40/allocations" status: 200 len: 340 microversion: 1.0 [pid: 7|app: 0|req: 662/1314] 162.253.55.156 () {32 vars in 857 bytes} [Sat Sep 19 11:56:30 2026] GET /resource_providers/524333ef-b41b-4e58-9e1a-74cd70ca1f40/allocations => generated 340 bytes in 29 msecs (HTTP/1.1 200) 6 headers in 224 bytes (1 switches on core 0)
2026-09-19 11:56:30.590 6 INFO placement.requestlog [req-fc3c43e2-dd6c-4d16-a65c-ccb606f39454 req-ff157913-d7f3-4a63-9bf9-f181ff5d9b9d 3d25a58e57074634bbb4dd44caeef655 f89b7adfa8d848298cdf7ff0eca9fb23 - - c655d379651f4d77967d8beb848c9888 c655d379651f4d77967d8beb848c9888] 162.253.55.156 "GET /allocations/0a5c48ee-90d0-4db3-9023-5e2938417a7d" status: 200 len: 245 microversion: 1.28 [pid: 6|app: 0|req: 653/1315] 162.253.55.156 () {34 vars in 863 bytes} [Sat Sep 19 11:56:30 2026] GET /allocations/0a5c48ee-90d0-4db3-9023-5e2938417a7d => generated 245 bytes in 14 msecs (HTTP/1.1 200) 8 headers in 296 bytes (1 switches on core 0)
2026-09-19 11:56:30.613 7 INFO placement.requestlog [req-fc3c43e2-dd6c-4d16-a65c-ccb606f39454 req-83d52888-f1b2-4b9c-8127-a9e47918c99b 3d25a58e57074634bbb4dd44caeef655 f89b7adfa8d848298cdf7ff0eca9fb23 - - c655d379651f4d77967d8beb848c9888 c655d379651f4d77967d8beb848c9888] 162.253.55.156 "GET /allocations/3c1989c9-a3f3-402b-9c7e-2ac581c67266" status: 200 len: 258 microversion: 1.28 [pid: 7|app: 0|req: 663/1316] 162.253.55.156 () {34 vars in 863 bytes} [Sat Sep 19 11:56:30 2026] GET /allocations/3c1989c9-a3f3-402b-9c7e-2ac581c67266 => generated 258 bytes in 17 msecs (HTTP/1.1 200) 8 headers in 296 bytes (1 switches on core 0)
2026-09-19 11:56:30.634 6 INFO placement.requestlog [req-fc3c43e2-dd6c-4d16-a65c-ccb606f39454 req-0e4ae316-050c-43e3-a335-48042d6e75ca 3d25a58e57074634bbb4dd44caeef655 f89b7adfa8d848298cdf7ff0eca9fb23 - - c655d379651f4d77967d8beb848c9888 c655d379651f4d77967d8beb848c9888] 162.253.55.156 "GET /allocations/af4f163a-eadb-4a4e-bfcc-7186f380e403" status: 200 len: 258 microversion: 1.28 [pid: 6|app: 0|req: 654/1317] 162.253.55.156 () {34 vars in 863 bytes} [Sat Sep 19 11:56:30 2026] GET /allocations/af4f163a-eadb-4a4e-bfcc-7186f380e403 => generated 258 bytes in 14 msecs (HTTP/1.1 200) 8 headers in 296 bytes (1 switches on core 0)
2026-09-19 11:56:38.401 6 INFO placement.requestlog [None req-0d7c75fa-9e25-422d-8910-9ef16529aa6a - - - - - -] 10.0.0.10 "GET /" status: 200 len: 136 microversion: 1.0
2026-09-19 11:56:38.402 7 INFO placement.requestlog [None req-df8c5e65-7096-4c44-a60d-921f55ea5be9 - - - - - -] 10.0.0.10 "GET /" status: 200 len: 136 microversion: 1.0
2026-09-19 11:56:48.402 6 INFO placement.requestlog [None req-e1207017-0732-4089-bec5-cee7fbb00177 - - - - - -] 10.0.0.10 "GET /" status: 200 len: 136 microversion: 1.0
2026-09-19 11:56:48.402 7 INFO placement.requestlog [None req-a48798c9-63c2-47c7-bd9a-f8cb5e97b18d - - - - - -] 10.0.0.10 "GET /" status: 200 len: 136 microversion: 1.0
2026-09-19 11:56:58.402 7 INFO placement.requestlog [None req-a43eb374-d44d-4323-8f68-096456076c4a - - - - - -] 10.0.0.10 "GET /" status: 200 len: 136 microversion: 1.0
2026-09-19 11:56:58.402 6 INFO placement.requestlog [None req-f9802c29-4778-4c0a-bb11-ac357a0751cc - - - - - -] 10.0.0.10 "GET /" status: 200 len: 136 microversion: 1.0
2026-09-19 11:57:05.664 7 INFO placement.requestlog [req-c8a02935-4af7-41f2-8ee2-241492560f8e req-4518279a-6c26-450f-adf7-01d88833e296 3d25a58e57074634bbb4dd44caeef655 f89b7adfa8d848298cdf7ff0eca9fb23 - - c655d379651f4d77967d8beb848c9888 c655d379651f4d77967d8beb848c9888] 162.253.55.156 "GET /resource_providers/524333ef-b41b-4e58-9e1a-74cd70ca1f40/allocations" status: 200 len: 340 microversion: 1.0 [pid: 7|app: 0|req: 667/1324] 162.253.55.156 () {32 vars in 857 bytes} [Sat Sep 19 11:57:05 2026] GET /resource_providers/524333ef-b41b-4e58-9e1a-74cd70ca1f40/allocations => generated 340 bytes in 27 msecs (HTTP/1.1 200) 6 headers in 224 bytes (1 switches on core 0)
2026-09-19 11:57:05.693 6 INFO placement.requestlog [req-c8a02935-4af7-41f2-8ee2-241492560f8e req-51cc9715-45cb-4560-b9c7-e5007cac33ff 3d25a58e57074634bbb4dd44caeef655 f89b7adfa8d848298cdf7ff0eca9fb23 - - c655d379651f4d77967d8beb848c9888 c655d379651f4d77967d8beb848c9888] 162.253.55.156 "GET /allocations/0a5c48ee-90d0-4db3-9023-5e2938417a7d" status: 200 len: 245 microversion: 1.28 [pid: 6|app: 0|req: 658/1325] 162.253.55.156 () {34 vars in 863 bytes} [Sat Sep 19 11:57:05 2026] GET /allocations/0a5c48ee-90d0-4db3-9023-5e2938417a7d => generated 245 bytes in 20 msecs (HTTP/1.1 200) 8 headers in 296 bytes (1 switches on core 0)
2026-09-19 11:57:05.717 7 INFO placement.requestlog [req-c8a02935-4af7-41f2-8ee2-241492560f8e req-d094d4c6-d26e-46a4-80e8-5237896e2948 3d25a58e57074634bbb4dd44caeef655 f89b7adfa8d848298cdf7ff0eca9fb23 - - c655d379651f4d77967d8beb848c9888 c655d379651f4d77967d8beb848c9888] 162.253.55.156 "GET /allocations/3c1989c9-a3f3-402b-9c7e-2ac581c67266" status: 200 len: 258 microversion: 1.28 [pid: 7|app: 0|req: 668/1326] 162.253.55.156 () {34 vars in 863 bytes} [Sat Sep 19 11:57:05 2026] GET /allocations/3c1989c9-a3f3-402b-9c7e-2ac581c67266 => generated 258 bytes in 17 msecs (HTTP/1.1 200) 8 headers in 296 bytes (1 switches on core 0)
2026-09-19 11:57:05.746 6 INFO placement.requestlog [req-c8a02935-4af7-41f2-8ee2-241492560f8e req-35603619-29a5-4fef-823d-db9811ca5ac6 3d25a58e57074634bbb4dd44caeef655 f89b7adfa8d848298cdf7ff0eca9fb23 - - c655d379651f4d77967d8beb848c9888 c655d379651f4d77967d8beb848c9888] 162.253.55.156 "GET /allocations/af4f163a-eadb-4a4e-bfcc-7186f380e403" status: 200 len: 258 microversion: 1.28 [pid: 6|app: 0|req: 659/1327] 162.253.55.156 () {34 vars in 863 bytes} [Sat Sep 19 11:57:05 2026] GET /allocations/af4f163a-eadb-4a4e-bfcc-7186f380e403 => generated 258 bytes in 23 msecs (HTTP/1.1 200) 8 headers in 296 bytes (1 switches on core 0)
2026-09-19 11:57:06.822 7 INFO placement.requestlog [req-c8a02935-4af7-41f2-8ee2-241492560f8e req-38edc63d-bd0d-4ada-bc10-efbff49554d4 3d25a58e57074634bbb4dd44caeef655 f89b7adfa8d848298cdf7ff0eca9fb23 - - c655d379651f4d77967d8beb848c9888 c655d379651f4d77967d8beb848c9888] 162.253.55.156 "DELETE /allocations/0a5c48ee-90d0-4db3-9023-5e2938417a7d" status: 204 len: 0 microversion: 1.0 [pid: 7|app: 0|req: 669/1328] 162.253.55.156 () {34 vars in 841 bytes} [Sat Sep 19 11:57:06 2026] DELETE /allocations/0a5c48ee-90d0-4db3-9023-5e2938417a7d => generated 0 bytes in 41 msecs (HTTP/1.1 204) 5 headers in 198 bytes (1 switches on core 0)
2026-09-19 11:57:08.401 6 INFO placement.requestlog [None req-f6e86fd9-6052-42e9-83b6-e8e33209c0de - - - - - -] 10.0.0.10 "GET /" status: 200 len: 136 microversion: 1.0
2026-09-19 11:57:08.403 7 INFO placement.requestlog [None req-d997a4a3-ff14-43ca-ab52-c0ba984023a9 - - - - - -] 10.0.0.10 "GET /" status: 200 len: 136 microversion: 1.0
2026-09-19 11:57:09.218 6 INFO placement.requestlog [req-df3eb06d-c294-47a9-b4d0-1a4a52c18428 req-4165ec28-29da-44f4-95f9-2c7b7c064b8c 3d25a58e57074634bbb4dd44caeef655 f89b7adfa8d848298cdf7ff0eca9fb23 - - c655d379651f4d77967d8beb848c9888 c655d379651f4d77967d8beb848c9888] 162.253.55.156 "GET /resource_providers/524333ef-b41b-4e58-9e1a-74cd70ca1f40/allocations" status: 200 len: 253 microversion: 1.0 [pid: 6|app: 0|req: 661/1331] 162.253.55.156 () {32 vars in 857 bytes} [Sat Sep 19 11:57:09 2026] GET /resource_providers/524333ef-b41b-4e58-9e1a-74cd70ca1f40/allocations => generated 253 bytes in 23 msecs (HTTP/1.1 200) 6 headers in 224 bytes (1 switches on core 0)
2026-09-19 11:57:09.248 7 INFO placement.requestlog [req-df3eb06d-c294-47a9-b4d0-1a4a52c18428 req-b5a8546e-703e-4f1b-990b-67611183997e 3d25a58e57074634bbb4dd44caeef655 f89b7adfa8d848298cdf7ff0eca9fb23 - - c655d379651f4d77967d8beb848c9888 c655d379651f4d77967d8beb848c9888] 162.253.55.156 "GET /allocations/3c1989c9-a3f3-402b-9c7e-2ac581c67266" status: 200 len: 258 microversion: 1.28 [pid: 7|app: 0|req: 671/1332] 162.253.55.156 () {34 vars in 863 bytes} [Sat Sep 19 11:57:09 2026] GET /allocations/3c1989c9-a3f3-402b-9c7e-2ac581c67266 => generated 258 bytes in 23 msecs (HTTP/1.1 200) 8 headers in 296 bytes (1 switches on core 0)
2026-09-19 11:57:09.270 6 INFO placement.requestlog [req-df3eb06d-c294-47a9-b4d0-1a4a52c18428 req-5c92756c-e4ef-4610-8c96-1981782a4b5d 3d25a58e57074634bbb4dd44caeef655 f89b7adfa8d848298cdf7ff0eca9fb23 - - c655d379651f4d77967d8beb848c9888 c655d379651f4d77967d8beb848c9888] 162.253.55.156 "GET /allocations/af4f163a-eadb-4a4e-bfcc-7186f380e403" status: 200 len: 258 microversion: 1.28 [pid: 6|app: 0|req: 662/1333] 162.253.55.156 () {34 vars in 863 bytes} [Sat Sep 19 11:57:09 2026] GET /allocations/af4f163a-eadb-4a4e-bfcc-7186f380e403 => generated 258 bytes in 13 msecs (HTTP/1.1 200) 8 headers in 296 bytes (1 switches on core 0)
2026-09-19 11:57:10.329 7 INFO placement.requestlog [req-df3eb06d-c294-47a9-b4d0-1a4a52c18428 req-8b35e9f0-a9e1-45b9-b070-e040d2c8f52e 3d25a58e57074634bbb4dd44caeef655 f89b7adfa8d848298cdf7ff0eca9fb23 - - c655d379651f4d77967d8beb848c9888 c655d379651f4d77967d8beb848c9888] 162.253.55.156 "DELETE /allocations/3c1989c9-a3f3-402b-9c7e-2ac581c67266" status: 204 len: 0 microversion: 1.0 [pid: 7|app: 0|req: 672/1334] 162.253.55.156 () {34 vars in 841 bytes} [Sat Sep 19 11:57:10 2026] DELETE /allocations/3c1989c9-a3f3-402b-9c7e-2ac581c67266 => generated 0 bytes in 30 msecs (HTTP/1.1 204) 5 headers in 198 bytes (1 switches on core 0)
2026-09-19 11:57:18.402 6 INFO placement.requestlog [None req-de1c4be7-0afc-474a-9665-2d774f37fd09 - - - - - -] 10.0.0.10 "GET /" status: 200 len: 136 microversion: 1.0
2026-09-19 11:57:18.402 7 INFO placement.requestlog [None req-bfc7fe4c-97d9-4a71-81a0-a918aeb33d2b - - - - - -] 10.0.0.10 "GET /" status: 200 len: 136 microversion: 1.0
2026-09-19 11:57:20.767 7 INFO placement.requestlog [req-8828e82e-b703-43ee-b9d6-207901981074 req-f8d6fdb2-4c76-40e6-b9d6-71433289af3c 3d25a58e57074634bbb4dd44caeef655 f89b7adfa8d848298cdf7ff0eca9fb23 - - c655d379651f4d77967d8beb848c9888 c655d379651f4d77967d8beb848c9888] 162.253.55.156 "GET /resource_providers/524333ef-b41b-4e58-9e1a-74cd70ca1f40/allocations" status: 200 len: 153 microversion: 1.0 [pid: 7|app: 0|req: 674/1337] 162.253.55.156 () {32 vars in 857 bytes} [Sat Sep 19 11:57:20 2026] GET /resource_providers/524333ef-b41b-4e58-9e1a-74cd70ca1f40/allocations => generated 153 bytes in 26 msecs (HTTP/1.1 200) 6 headers in 224 bytes (1 switches on core 0)
2026-09-19 11:57:20.802 6 INFO placement.requestlog [req-8828e82e-b703-43ee-b9d6-207901981074 req-1e8ec055-2ba5-4b4d-8689-321642032ba3 3d25a58e57074634bbb4dd44caeef655 f89b7adfa8d848298cdf7ff0eca9fb23 - - c655d379651f4d77967d8beb848c9888 c655d379651f4d77967d8beb848c9888] 162.253.55.156 "GET /allocations/af4f163a-eadb-4a4e-bfcc-7186f380e403" status: 200 len: 258 microversion: 1.28 [pid: 6|app: 0|req: 664/1338] 162.253.55.156 () {34 vars in 863 bytes} [Sat Sep 19 11:57:20 2026] GET /allocations/af4f163a-eadb-4a4e-bfcc-7186f380e403 => generated 258 bytes in 26 msecs (HTTP/1.1 200) 8 headers in 296 bytes (1 switches on core 0)
2026-09-19 11:57:21.866 7 INFO placement.requestlog [req-8828e82e-b703-43ee-b9d6-207901981074 req-6df8d49a-9c88-4075-934e-a34382a8e646 3d25a58e57074634bbb4dd44caeef655 f89b7adfa8d848298cdf7ff0eca9fb23 - - c655d379651f4d77967d8beb848c9888 c655d379651f4d77967d8beb848c9888] 162.253.55.156 "DELETE /allocations/af4f163a-eadb-4a4e-bfcc-7186f380e403" status: 204 len: 0 microversion: 1.0 [pid: 7|app: 0|req: 675/1339] 162.253.55.156 () {34 vars in 841 bytes} [Sat Sep 19 11:57:21 2026] DELETE /allocations/af4f163a-eadb-4a4e-bfcc-7186f380e403 => generated 0 bytes in 37 msecs (HTTP/1.1 204) 5 headers in 198 bytes (1 switches on core 0)
2026-09-19 11:57:28.401 6 INFO placement.requestlog [None req-2538fe4d-9b5b-48e8-ab06-3f7b288a9beb - - - - - -] 10.0.0.10 "GET /" status: 200 len: 136 microversion: 1.0
2026-09-19 11:57:28.401 7 INFO placement.requestlog [None req-fb606a22-f0b4-4592-aa7d-a0ffa5926225 - - - - - -] 10.0.0.10 "GET /" status: 200 len: 136 microversion: 1.0
