Jun 21 02:31:04.399035 np0000182407 neutron-rpc-server[104496]: ERROR neutron.plugins.ml2.drivers.ovn.mech_driver.ovsdb.ovsdb_monitor self._wait_startup_before_caching or
Jun 21 02:31:04.399035 np0000182407 neutron-rpc-server[104496]: ERROR neutron.plugins.ml2.drivers.ovn.mech_driver.ovsdb.ovsdb_monitor ^^^^^^^^^^^^^^^^^^^^^^^^^^^^^^^^^
Jun 21 02:31:04.399035 np0000182407 neutron-rpc-server[104496]: ERROR neutron.plugins.ml2.drivers.ovn.mech_driver.ovsdb.ovsdb_monitor
File "/opt/stack/neutron/neutron/common/ovn/hash_ring_manager.py", line 63, in _wait_startup_before_caching
Jun 21 02:31:04.399035 np0000182407 neutron-rpc-server[104496]: ERROR neutron.plugins.ml2.drivers.ovn.mech_driver.ovsdb.ovsdb_monitor raise RuntimeError(msg)
Jun 21 02:31:04.399035 np0000182407 neutron-rpc-server[104496]: ERROR neutron.plugins.ml2.drivers.ovn.mech_driver.ovsdb.ovsdb_monitor RuntimeError: The Neutron API workers count is zero
Jun 21 02:31:04.399413 np0000182407 neutron-rpc-server[104496]: ERROR neutron.plugins.ml2.drivers.ovn.mech_driver.ovsdb.ovsdb_monitor
Jun 21 02:31:04.399514 np0000182407 neutron-rpc-server[104542]: DEBUG cotyledon.oslo_config_glue [-] publish_errors = False {{(pid=104542) log_opt_values /opt/stack/data/venv/lib/python3.12/site-packages/oslo_config/cfg.py:3242}}
Jun 21 02:31:04.399514 np0000182407 neutron-rpc-server[104542]: DEBUG cotyledon.oslo_config_glue [-] rate_limit_burst = 0 {{(pid=104542) log_opt_values /opt/stack/data/venv/lib/python3.12/site-packages/oslo_config/cfg.py:3242}}
Jun 21 02:31:04.399639 np0000182407 neutron-rpc-server[104496]: ERROR neutron.common.ovn.hash_ring_manager [None req-c1e9ec28-0217-4f35-ac0a-5b6a8cbaa5fb None None] The Neutron API workers count is zero
Jun 21 02:31:04.399746 np0000182407 neutron-rpc-server[104542]: DEBUG cotyledon.oslo_config_glue [-] rate_limit_except_level = CRITICAL {{(pid=104542) log_opt_values /opt/stack/data/venv/lib/python3.12/site-packages/oslo_config/cfg.py:3242}}
Jun 21 02:31:04.399840 np0000182407 neutron-rpc-server[104547]: DEBUG cotyledon.oslo_config_glue [-] allowed_conntrack_helpers = [{'amanda': 'tcp'}, {'ftp': 'tcp'}, {'h323': 'udp'}, {'h323': 'tcp'}, {'irc': 'tcp'}, {'netbios-ns': 'udp'}, {'pptp': 'tcp'}, {'sane': 'tcp'}, {'sip': 'udp'}, {'sip': 'tcp'}, {'snmp': 'udp'}, {'tftp': 'udp'}] {{(pid=104547) log_opt_values /opt/stack/data/venv/lib/python3.12/site-packages/oslo_config/cfg.py:3242}}
Jun 21 02:31:04.399942 np0000182407 neutron-rpc-server[104542]: DEBUG cotyledon.oslo_config_glue [-] rate_limit_interval = 0 {{(pid=104542) log_opt_values /opt/stack/data/venv/lib/python3.12/site-packages/oslo_config/cfg.py:3242}}
Jun 21 02:31:04.400053 np0000182407 neutron-rpc-server[104547]: DEBUG cotyledon.oslo_config_glue [-] api_extensions_path = {{(pid=104547) log_opt_values /opt/stack/data/venv/lib/python3.12/site-packages/oslo_config/cfg.py:3242}}
Jun 21 02:31:04.400158 np0000182407 neutron-rpc-server[104496]: ERROR neutron.plugins.ml2.drivers.ovn.mech_driver.ovsdb.ovsdb_monitor [None req-c1e9ec28-0217-4f35-ac0a-5b6a8cbaa5fb None None] The Neutron API workers count is zero: RuntimeError: The Neutron API workers count is zero
Jun 21 02:31:04.400158 np0000182407 neutron-rpc-server[104496]: ERROR neutron.plugins.ml2.drivers.ovn.mech_driver.ovsdb.ovsdb_monitor
Traceback (most recent call last):
Jun 21 02:31:04.400158 np0000182407 neutron-rpc-server[104496]: ERROR neutron.plugins.ml2.drivers.ovn.mech_driver.ovsdb.ovsdb_monitor
File "/opt/stack/neutron/neutron/plugins/ml2/drivers/ovn/mech_driver/ovsdb/ovsdb_monitor.py", line 989, in notify
Jun 21 02:31:04.400158 np0000182407 neutron-rpc-server[104496]: ERROR neutron.plugins.ml2.drivers.ovn.mech_driver.ovsdb.ovsdb_monitor target_node, node_last_touch = self._hash_ring.get_node(
Jun 21 02:31:04.400158 np0000182407 neutron-rpc-server[104496]: ERROR neutron.plugins.ml2.drivers.ovn.mech_driver.ovsdb.ovsdb_monitor ^^^^^^^^^^^^^^^^^^^^^^^^^
Jun 21 02:31:04.400158 np0000182407 neutron-rpc-server[104496]: ERROR neutron.plugins.ml2.drivers.ovn.mech_driver.ovsdb.ovsdb_monitor
File "/opt/stack/neutron/neutron/common/ovn/hash_ring_manager.py", line 117, in get_node
Jun 21 02:31:04.400158 np0000182407 neutron-rpc-server[104496]: ERROR neutron.plugins.ml2.drivers.ovn.mech_driver.ovsdb.ovsdb_monitor self._load_hash_ring()
Jun 21 02:31:04.400158 np0000182407 neutron-rpc-server[104496]: ERROR neutron.plugins.ml2.drivers.ovn.mech_driver.ovsdb.ovsdb_monitor
File "/opt/stack/neutron/neutron/common/ovn/hash_ring_manager.py", line 95, in _load_hash_ring
Jun 21 02:31:04.400158 np0000182407 neutron-rpc-server[104496]: ERROR neutron.plugins.ml2.drivers.ovn.mech_driver.ovsdb.ovsdb_monitor self._wait_startup_before_caching or
Jun 21 02:31:04.400158 np0000182407 neutron-rpc-server[104496]: ERROR neutron.plugins.ml2.drivers.ovn.mech_driver.ovsdb.ovsdb_monitor ^^^^^^^^^^^^^^^^^^^^^^^^^^^^^^^^^
Jun 21 02:31:04.400158 np0000182407 neutron-rpc-server[104496]: ERROR neutron.plugins.ml2.drivers.ovn.mech_driver.ovsdb.ovsdb_monitor
File "/opt/stack/neutron/neutron/common/ovn/hash_ring_manager.py", line 63, in _wait_startup_before_caching
Jun 21 02:31:04.400158 np0000182407 neutron-rpc-server[104496]: ERROR neutron.plugins.ml2.drivers.ovn.mech_driver.ovsdb.ovsdb_monitor raise RuntimeError(msg)
Jun 21 02:31:04.400158 np0000182407 neutron-rpc-server[104496]: ERROR neutron.plugins.ml2.drivers.ovn.mech_driver.ovsdb.ovsdb_monitor RuntimeError: The Neutron API workers count is zero
Jun 21 02:31:04.400553 np0000182407 neutron-rpc-server[104496]: ERROR neutron.plugins.ml2.drivers.ovn.mech_driver.ovsdb.ovsdb_monitor
Jun 21 02:31:04.400658 np0000182407 neutron-rpc-server[104542]: DEBUG cotyledon.oslo_config_glue [-] router_distributed = False {{(pid=104542) log_opt_values /opt/stack/data/venv/lib/python3.12/site-packages/oslo_config/cfg.py:3242}}
Jun 21 02:31:04.400763 np0000182407 neutron-rpc-server[104547]: DEBUG cotyledon.oslo_config_glue [-] api_paste_config = api-paste.ini {{(pid=104547) log_opt_values /opt/stack/data/venv/lib/python3.12/site-packages/oslo_config/cfg.py:3242}}
Jun 21 02:31:04.400868 np0000182407 neutron-rpc-server[104496]: ERROR neutron.common.ovn.hash_ring_manager [None req-c1e9ec28-0217-4f35-ac0a-5b6a8cbaa5fb None None] The Neutron API workers count is zero
Jun 21 02:31:04.400950 np0000182407 neutron-rpc-server[104516]: DEBUG ovsdbapp.backend.ovs_idl [None req-b4b6bbb2-f64c-40e7-9def-67f338f37068 None None] Created lookup_table index Logical_Switch.name {{(pid=104516) autocreate_indices /opt/stack/data/venv/lib/python3.12/site-packages/ovsdbapp/backend/ovs_idl/__init__.py:87}}
Jun 21 02:31:04.401052 np0000182407 neutron-rpc-server[104542]: DEBUG cotyledon.oslo_config_glue [-] rpc_resources_processing_step = 20 {{(pid=104542) log_opt_values /opt/stack/data/venv/lib/python3.12/site-packages/oslo_config/cfg.py:3242}}
Jun 21 02:31:04.401148 np0000182407 neutron-rpc-server[104547]: DEBUG cotyledon.oslo_config_glue [-] auth_strategy = keystone {{(pid=104547) log_opt_values /opt/stack/data/venv/lib/python3.12/site-packages/oslo_config/cfg.py:3242}}
Jun 21 02:31:04.401232 np0000182407 neutron-rpc-server[104542]: DEBUG cotyledon.oslo_config_glue [-] rpc_response_max_timeout = 600 {{(pid=104542) log_opt_values /opt/stack/data/venv/lib/python3.12/site-packages/oslo_config/cfg.py:3242}}
Jun 21 02:31:04.401333 np0000182407 neutron-rpc-server[104547]: DEBUG cotyledon.oslo_config_glue [-] base_mac = fa:16:3e:00:00:00 {{(pid=104547) log_opt_values /opt/stack/data/venv/lib/python3.12/site-packages/oslo_config/cfg.py:3242}}
Jun 21 02:31:04.401418 np0000182407 neutron-rpc-server[104516]: DEBUG ovsdbapp.backend.ovs_idl [None req-b4b6bbb2-f64c-40e7-9def-67f338f37068 None None] Created lookup_table index Logical_Router.name {{(pid=104516) autocreate_indices /opt/stack/data/venv/lib/python3.12/site-packages/ovsdbapp/backend/ovs_idl/__init__.py:87}}
Jun 21 02:31:04.401518 np0000182407 neutron-rpc-server[104496]: ERROR neutron.plugins.ml2.drivers.ovn.mech_driver.ovsdb.ovsdb_monitor [None req-c1e9ec28-0217-4f35-ac0a-5b6a8cbaa5fb None None] The Neutron API workers count is zero: RuntimeError: The Neutron API workers count is zero
Jun 21 02:31:04.401518 np0000182407 neutron-rpc-server[104496]: ERROR neutron.plugins.ml2.drivers.ovn.mech_driver.ovsdb.ovsdb_monitor
Traceback (most recent call last):
Jun 21 02:31:04.401518 np0000182407 neutron-rpc-server[104496]: ERROR neutron.plugins.ml2.drivers.ovn.mech_driver.ovsdb.ovsdb_monitor
File "/opt/stack/neutron/neutron/plugins/ml2/drivers/ovn/mech_driver/ovsdb/ovsdb_monitor.py", line 989, in notify
Jun 21 02:31:04.401518 np0000182407 neutron-rpc-server[104496]: ERROR neutron.plugins.ml2.drivers.ovn.mech_driver.ovsdb.ovsdb_monitor target_node, node_last_touch = self._hash_ring.get_node(
Jun 21 02:31:04.401518 np0000182407 neutron-rpc-server[104496]: ERROR neutron.plugins.ml2.drivers.ovn.mech_driver.ovsdb.ovsdb_monitor ^^^^^^^^^^^^^^^^^^^^^^^^^
Jun 21 02:31:04.401518 np0000182407 neutron-rpc-server[104496]: ERROR neutron.plugins.ml2.drivers.ovn.mech_driver.ovsdb.ovsdb_monitor
File "/opt/stack/neutron/neutron/common/ovn/hash_ring_manager.py", line 117, in get_node
Jun 21 02:31:04.401518 np0000182407 neutron-rpc-server[104496]: ERROR neutron.plugins.ml2.drivers.ovn.mech_driver.ovsdb.ovsdb_monitor self._load_hash_ring()
Jun 21 02:31:04.401518 np0000182407 neutron-rpc-server[104496]: ERROR neutron.plugins.ml2.drivers.ovn.mech_driver.ovsdb.ovsdb_monitor
File "/opt/stack/neutron/neutron/common/ovn/hash_ring_manager.py", line 95, in _load_hash_ring
Jun 21 02:31:04.401518 np0000182407 neutron-rpc-server[104496]: ERROR neutron.plugins.ml2.drivers.ovn.mech_driver.ovsdb.ovsdb_monitor self._wait_startup_before_caching or
Jun 21 02:31:04.401518 np0000182407 neutron-rpc-server[104496]: ERROR neutron.plugins.ml2.drivers.ovn.mech_driver.ovsdb.ovsdb_monitor ^^^^^^^^^^^^^^^^^^^^^^^^^^^^^^^^^
Jun 21 02:31:04.401518 np0000182407 neutron-rpc-server[104496]: ERROR neutron.plugins.ml2.drivers.ovn.mech_driver.ovsdb.ovsdb_monitor
File "/opt/stack/neutron/neutron/common/ovn/hash_ring_manager.py", line 63, in _wait_startup_before_caching
Jun 21 02:31:04.401518 np0000182407 neutron-rpc-server[104496]: ERROR neutron.plugins.ml2.drivers.ovn.mech_driver.ovsdb.ovsdb_monitor raise RuntimeError(msg)
Jun 21 02:31:04.401518 np0000182407 neutron-rpc-server[104496]: ERROR neutron.plugins.ml2.drivers.ovn.mech_driver.ovsdb.ovsdb_monitor RuntimeError: The Neutron API workers count is zero
Jun 21 02:31:04.401878 np0000182407 neutron-rpc-server[104496]: ERROR neutron.plugins.ml2.drivers.ovn.mech_driver.ovsdb.ovsdb_monitor
Jun 21 02:31:04.401981 np0000182407 neutron-rpc-server[104547]: DEBUG cotyledon.oslo_config_glue [-] client_socket_timeout = 900 {{(pid=104547) log_opt_values /opt/stack/data/venv/lib/python3.12/site-packages/oslo_config/cfg.py:3242}}
Jun 21 02:31:04.402112 np0000182407 neutron-rpc-server[104542]: DEBUG cotyledon.oslo_config_glue [-] rpc_response_timeout = 60 {{(pid=104542) log_opt_values /opt/stack/data/venv/lib/python3.12/site-packages/oslo_config/cfg.py:3242}}
Jun 21 02:31:04.402237 np0000182407 neutron-rpc-server[104516]: DEBUG ovsdbapp.backend.ovs_idl [None req-b4b6bbb2-f64c-40e7-9def-67f338f37068 None None] Created lookup_table index Load_Balancer.name {{(pid=104516) autocreate_indices /opt/stack/data/venv/lib/python3.12/site-packages/ovsdbapp/backend/ovs_idl/__init__.py:87}}
Jun 21 02:31:04.402365 np0000182407 neutron-rpc-server[104496]: ERROR neutron.common.ovn.hash_ring_manager [None req-c1e9ec28-0217-4f35-ac0a-5b6a8cbaa5fb None None] The Neutron API workers count is zero
Jun 21 02:31:04.402464 np0000182407 neutron-rpc-server[104542]: DEBUG cotyledon.oslo_config_glue [-] rpc_state_report_workers = 0 {{(pid=104542) log_opt_values /opt/stack/data/venv/lib/python3.12/site-packages/oslo_config/cfg.py:3242}}
Jun 21 02:31:04.402596 np0000182407 neutron-rpc-server[104516]: DEBUG ovsdbapp.backend.ovs_idl [None req-b4b6bbb2-f64c-40e7-9def-67f338f37068 None None] Created schema index Copp.name {{(pid=104516) autocreate_indices /opt/stack/data/venv/lib/python3.12/site-packages/ovsdbapp/backend/ovs_idl/__init__.py:106}}
Jun 21 02:31:04.402695 np0000182407 neutron-rpc-server[104547]: DEBUG cotyledon.oslo_config_glue [-] config_dir = [] {{(pid=104547) log_opt_values /opt/stack/data/venv/lib/python3.12/site-packages/oslo_config/cfg.py:3242}}
Jun 21 02:31:04.402695 np0000182407 neutron-rpc-server[104547]: DEBUG cotyledon.oslo_config_glue [-] config_file = ['/etc/neutron/neutron.conf', '/etc/neutron/plugins/ml2/ml2_conf.ini'] {{(pid=104547) log_opt_values /opt/stack/data/venv/lib/python3.12/site-packages/oslo_config/cfg.py:3242}}
Jun 21 02:31:04.402834 np0000182407 neutron-rpc-server[104516]: DEBUG ovsdbapp.backend.ovs_idl [None req-b4b6bbb2-f64c-40e7-9def-67f338f37068 None None] Created schema index Meter.name {{(pid=104516) autocreate_indices /opt/stack/data/venv/lib/python3.12/site-packages/ovsdbapp/backend/ovs_idl/__init__.py:106}}
Jun 21 02:31:04.402941 np0000182407 neutron-rpc-server[104542]: DEBUG cotyledon.oslo_config_glue [-] rpc_workers = None {{(pid=104542) log_opt_values /opt/stack/data/venv/lib/python3.12/site-packages/oslo_config/cfg.py:3242}}
Jun 21 02:31:04.403041 np0000182407 neutron-rpc-server[104516]: DEBUG ovsdbapp.backend.ovs_idl [None req-b4b6bbb2-f64c-40e7-9def-67f338f37068 None None] Created schema index Load_Balancer_Group.name {{(pid=104516) autocreate_indices /opt/stack/data/venv/lib/python3.12/site-packages/ovsdbapp/backend/ovs_idl/__init__.py:106}}
Jun 21 02:31:04.403144 np0000182407 neutron-rpc-server[104547]: DEBUG cotyledon.oslo_config_glue [-] config_source = [] {{(pid=104547) log_opt_values /opt/stack/data/venv/lib/python3.12/site-packages/oslo_config/cfg.py:3242}}
Jun 21 02:31:04.403280 np0000182407 neutron-rpc-server[104542]: DEBUG cotyledon.oslo_config_glue [-] send_events_interval = 2 {{(pid=104542) log_opt_values /opt/stack/data/venv/lib/python3.12/site-packages/oslo_config/cfg.py:3242}}
Jun 21 02:31:04.403427 np0000182407 neutron-rpc-server[104516]: DEBUG ovsdbapp.backend.ovs_idl [None req-b4b6bbb2-f64c-40e7-9def-67f338f37068 None None] Created schema index HA_Chassis_Group.name {{(pid=104516) autocreate_indices /opt/stack/data/venv/lib/python3.12/site-packages/ovsdbapp/backend/ovs_idl/__init__.py:106}}
Jun 21 02:31:04.403527 np0000182407 neutron-rpc-server[104496]: ERROR neutron.plugins.ml2.drivers.ovn.mech_driver.ovsdb.ovsdb_monitor [None req-c1e9ec28-0217-4f35-ac0a-5b6a8cbaa5fb None None] The Neutron API workers count is zero: RuntimeError: The Neutron API workers count is zero
Jun 21 02:31:04.403527 np0000182407 neutron-rpc-server[104496]: ERROR neutron.plugins.ml2.drivers.ovn.mech_driver.ovsdb.ovsdb_monitor
Traceback (most recent call last):
Jun 21 02:31:04.403527 np0000182407 neutron-rpc-server[104496]: ERROR neutron.plugins.ml2.drivers.ovn.mech_driver.ovsdb.ovsdb_monitor
File "/opt/stack/neutron/neutron/plugins/ml2/drivers/ovn/mech_driver/ovsdb/ovsdb_monitor.py", line 989, in notify
Jun 21 02:31:04.403527 np0000182407 neutron-rpc-server[104496]: ERROR neutron.plugins.ml2.drivers.ovn.mech_driver.ovsdb.ovsdb_monitor target_node, node_last_touch = self._hash_ring.get_node(
Jun 21 02:31:04.403527 np0000182407 neutron-rpc-server[104496]: ERROR neutron.plugins.ml2.drivers.ovn.mech_driver.ovsdb.ovsdb_monitor ^^^^^^^^^^^^^^^^^^^^^^^^^
Jun 21 02:31:04.403527 np0000182407 neutron-rpc-server[104496]: ERROR neutron.plugins.ml2.drivers.ovn.mech_driver.ovsdb.ovsdb_monitor
File "/opt/stack/neutron/neutron/common/ovn/hash_ring_manager.py", line 117, in get_node
Jun 21 02:31:04.403527 np0000182407 neutron-rpc-server[104496]: ERROR neutron.plugins.ml2.drivers.ovn.mech_driver.ovsdb.ovsdb_monitor self._load_hash_ring()
Jun 21 02:31:04.403527 np0000182407 neutron-rpc-server[104496]: ERROR neutron.plugins.ml2.drivers.ovn.mech_driver.ovsdb.ovsdb_monitor
File "/opt/stack/neutron/neutron/common/ovn/hash_ring_manager.py", line 95, in _load_hash_ring
Jun 21 02:31:04.403527 np0000182407 neutron-rpc-server[104496]: ERROR neutron.plugins.ml2.drivers.ovn.mech_driver.ovsdb.ovsdb_monitor self._wait_startup_before_caching or
Jun 21 02:31:04.403527 np0000182407 neutron-rpc-server[104496]: ERROR neutron.plugins.ml2.drivers.ovn.mech_driver.ovsdb.ovsdb_monitor ^^^^^^^^^^^^^^^^^^^^^^^^^^^^^^^^^
Jun 21 02:31:04.403527 np0000182407 neutron-rpc-server[104496]: ERROR neutron.plugins.ml2.drivers.ovn.mech_driver.ovsdb.ovsdb_monitor
File "/opt/stack/neutron/neutron/common/ovn/hash_ring_manager.py", line 63, in _wait_startup_before_caching
Jun 21 02:31:04.403527 np0000182407 neutron-rpc-server[104496]: ERROR neutron.plugins.ml2.drivers.ovn.mech_driver.ovsdb.ovsdb_monitor raise RuntimeError(msg)
Jun 21 02:31:04.403527 np0000182407 neutron-rpc-server[104496]: ERROR neutron.plugins.ml2.drivers.ovn.mech_driver.ovsdb.ovsdb_monitor RuntimeError: The Neutron API workers count is zero
Jun 21 02:31:04.403864 np0000182407 neutron-rpc-server[104496]: ERROR neutron.plugins.ml2.drivers.ovn.mech_driver.ovsdb.ovsdb_monitor
Jun 21 02:31:04.403983 np0000182407 neutron-rpc-server[104547]: DEBUG cotyledon.oslo_config_glue [-] control_exchange = neutron {{(pid=104547) log_opt_values /opt/stack/data/venv/lib/python3.12/site-packages/oslo_config/cfg.py:3242}}
Jun 21 02:31:04.404118 np0000182407 neutron-rpc-server[104542]: DEBUG cotyledon.oslo_config_glue [-] service_plugins = ['ovn-router'] {{(pid=104542) log_opt_values /opt/stack/data/venv/lib/python3.12/site-packages/oslo_config/cfg.py:3242}}
Jun 21 02:31:04.404271 np0000182407 neutron-rpc-server[104496]: INFO neutron.plugins.ml2.drivers.ovn.mech_driver.ovsdb.impl_idl_ovn [None req-c1e9ec28-0217-4f35-ac0a-5b6a8cbaa5fb None None] Getting OvsdbSbOvnIdl for RpcWorker with retry
Jun 21 02:31:04.404505 np0000182407 neutron-rpc-server[104547]: DEBUG cotyledon.oslo_config_glue [-] core_plugin = ml2 {{(pid=104547) log_opt_values /opt/stack/data/venv/lib/python3.12/site-packages/oslo_config/cfg.py:3242}}
Jun 21 02:31:04.404622 np0000182407 neutron-rpc-server[104542]: DEBUG cotyledon.oslo_config_glue [-] setproctitle = on {{(pid=104542) log_opt_values /opt/stack/data/venv/lib/python3.12/site-packages/oslo_config/cfg.py:3242}}
Jun 21 02:31:04.404622 np0000182407 neutron-rpc-server[104542]: DEBUG cotyledon.oslo_config_glue [-] shell_completion = None {{(pid=104542) log_opt_values /opt/stack/data/venv/lib/python3.12/site-packages/oslo_config/cfg.py:3242}}
Jun 21 02:31:04.404622 np0000182407 neutron-rpc-server[104542]: DEBUG cotyledon.oslo_config_glue [-] state_path = /opt/stack/data/neutron {{(pid=104542) log_opt_values /opt/stack/data/venv/lib/python3.12/site-packages/oslo_config/cfg.py:3242}}
Jun 21 02:31:04.404622 np0000182407 neutron-rpc-server[104542]: DEBUG cotyledon.oslo_config_glue [-] syslog_log_facility = LOG_USER {{(pid=104542) log_opt_values /opt/stack/data/venv/lib/python3.12/site-packages/oslo_config/cfg.py:3242}}
Jun 21 02:31:04.404622 np0000182407 neutron-rpc-server[104542]: DEBUG cotyledon.oslo_config_glue [-] tcp_keepidle = 600 {{(pid=104542) log_opt_values /opt/stack/data/venv/lib/python3.12/site-packages/oslo_config/cfg.py:3242}}
Jun 21 02:31:04.404622 np0000182407 neutron-rpc-server[104542]: DEBUG cotyledon.oslo_config_glue [-] transport_url = **** {{(pid=104542) log_opt_values /opt/stack/data/venv/lib/python3.12/site-packages/oslo_config/cfg.py:3242}}
Jun 21 02:31:04.404622 np0000182407 neutron-rpc-server[104542]: DEBUG cotyledon.oslo_config_glue [-] use_journal = False {{(pid=104542) log_opt_values /opt/stack/data/venv/lib/python3.12/site-packages/oslo_config/cfg.py:3242}}
Jun 21 02:31:04.404622 np0000182407 neutron-rpc-server[104542]: DEBUG cotyledon.oslo_config_glue [-] use_json = False {{(pid=104542) log_opt_values /opt/stack/data/venv/lib/python3.12/site-packages/oslo_config/cfg.py:3242}}
Jun 21 02:31:04.404622 np0000182407 neutron-rpc-server[104542]: DEBUG cotyledon.oslo_config_glue [-] use_stderr = False {{(pid=104542) log_opt_values /opt/stack/data/venv/lib/python3.12/site-packages/oslo_config/cfg.py:3242}}
Jun 21 02:31:04.404912 np0000182407 neutron-rpc-server[104547]: DEBUG cotyledon.oslo_config_glue [-] debug = True {{(pid=104547) log_opt_values /opt/stack/data/venv/lib/python3.12/site-packages/oslo_config/cfg.py:3242}}
Jun 21 02:31:04.405013 np0000182407 neutron-rpc-server[104542]: DEBUG cotyledon.oslo_config_glue [-] use_syslog = False {{(pid=104542) log_opt_values /opt/stack/data/venv/lib/python3.12/site-packages/oslo_config/cfg.py:3242}}
Jun 21 02:31:04.405013 np0000182407 neutron-rpc-server[104542]: DEBUG cotyledon.oslo_config_glue [-] vlan_qinq = None {{(pid=104542) log_opt_values /opt/stack/data/venv/lib/python3.12/site-packages/oslo_config/cfg.py:3242}}
Jun 21 02:31:04.405013 np0000182407 neutron-rpc-server[104542]: DEBUG cotyledon.oslo_config_glue [-] vlan_transparent = None {{(pid=104542) log_opt_values /opt/stack/data/venv/lib/python3.12/site-packages/oslo_config/cfg.py:3242}}
Jun 21 02:31:04.405013 np0000182407 neutron-rpc-server[104542]: DEBUG cotyledon.oslo_config_glue [-] wsgi_default_pool_size = 100 {{(pid=104542) log_opt_values /opt/stack/data/venv/lib/python3.12/site-packages/oslo_config/cfg.py:3242}}
Jun 21 02:31:04.405247 np0000182407 neutron-rpc-server[104547]: DEBUG cotyledon.oslo_config_glue [-] default_availability_zones = [] {{(pid=104547) log_opt_values /opt/stack/data/venv/lib/python3.12/site-packages/oslo_config/cfg.py:3242}}
Jun 21 02:31:04.405384 np0000182407 neutron-rpc-server[104542]: DEBUG cotyledon.oslo_config_glue [-] wsgi_keep_alive = True {{(pid=104542) log_opt_values /opt/stack/data/venv/lib/python3.12/site-packages/oslo_config/cfg.py:3242}}
Jun 21 02:31:04.405384 np0000182407 neutron-rpc-server[104542]: DEBUG cotyledon.oslo_config_glue [-] wsgi_log_format = %(client_ip)s "%(request_line)s" status: %(status_code)s len: %(body_length)s time: %(wall_seconds).7f {{(pid=104542) log_opt_values /opt/stack/data/venv/lib/python3.12/site-packages/oslo_config/cfg.py:3242}}
Jun 21 02:31:04.405384 np0000182407 neutron-rpc-server[104542]: DEBUG cotyledon.oslo_config_glue [-] wsgi_server_debug = False {{(pid=104542) log_opt_values /opt/stack/data/venv/lib/python3.12/site-packages/oslo_config/cfg.py:3242}}
Jun 21 02:31:04.405561 np0000182407 neutron-rpc-server[104516]: DEBUG ovsdbapp.backend.ovs_idl [None req-b4b6bbb2-f64c-40e7-9def-67f338f37068 None None] Created schema index Address_Set.name {{(pid=104516) autocreate_indices /opt/stack/data/venv/lib/python3.12/site-packages/ovsdbapp/backend/ovs_idl/__init__.py:106}}
Jun 21 02:31:04.405669 np0000182407 neutron-rpc-server[104542]: DEBUG cotyledon.oslo_config_glue [-] oslo_concurrency.disable_process_locking = False {{(pid=104542) log_opt_values /opt/stack/data/venv/lib/python3.12/site-packages/oslo_config/cfg.py:3253}}
Jun 21 02:31:04.405766 np0000182407 neutron-rpc-server[104516]: DEBUG ovsdbapp.backend.ovs_idl [None req-b4b6bbb2-f64c-40e7-9def-67f338f37068 None None] Created schema index Connection.target {{(pid=104516) autocreate_indices /opt/stack/data/venv/lib/python3.12/site-packages/ovsdbapp/backend/ovs_idl/__init__.py:106}}
Jun 21 02:31:04.405861 np0000182407 neutron-rpc-server[104542]: DEBUG cotyledon.oslo_config_glue [-] oslo_concurrency.lock_path = /opt/stack/data/neutron/lock {{(pid=104542) log_opt_values /opt/stack/data/venv/lib/python3.12/site-packages/oslo_config/cfg.py:3253}}
Jun 21 02:31:04.405994 np0000182407 neutron-rpc-server[104516]: DEBUG ovsdbapp.backend.ovs_idl [None req-b4b6bbb2-f64c-40e7-9def-67f338f37068 None None] Created schema index Gateway_Chassis.name {{(pid=104516) autocreate_indices /opt/stack/data/venv/lib/python3.12/site-packages/ovsdbapp/backend/ovs_idl/__init__.py:106}}
Jun 21 02:31:04.406104 np0000182407 neutron-rpc-server[104547]: DEBUG cotyledon.oslo_config_glue [-] default_log_levels = ['amqp=WARN', 'boto=WARN', 'sqlalchemy=WARN', 'suds=INFO', 'oslo.messaging=INFO', 'oslo_messaging=INFO', 'iso8601=WARN', 'requests.packages.urllib3.connectionpool=WARN', 'urllib3.connectionpool=WARN', 'websocket=WARN', 'requests.packages.urllib3.util.retry=WARN', 'urllib3.util.retry=WARN', 'keystonemiddleware=WARN', 'routes.middleware=WARN', 'stevedore=WARN', 'taskflow=WARN', 'keystoneauth=WARN', 'oslo.cache=INFO', 'oslo_policy=INFO', 'dogpile.core.dogpile=INFO', 'OFPHandler=INFO', 'OfctlService=INFO', 'os_ken.base.app_manager=INFO', 'os_ken.controller.controller=INFO'] {{(pid=104547) log_opt_values /opt/stack/data/venv/lib/python3.12/site-packages/oslo_config/cfg.py:3242}}
Jun 21 02:31:04.406241 np0000182407 neutron-rpc-server[104516]: DEBUG ovsdbapp.backend.ovs_idl [None req-b4b6bbb2-f64c-40e7-9def-67f338f37068 None None] Created schema index Mirror.name {{(pid=104516) autocreate_indices /opt/stack/data/venv/lib/python3.12/site-packages/ovsdbapp/backend/ovs_idl/__init__.py:106}}
Jun 21 02:31:04.406361 np0000182407 neutron-rpc-server[104542]: DEBUG cotyledon.oslo_config_glue [-] profiler.connection_string = messaging:// {{(pid=104542) log_opt_values /opt/stack/data/venv/lib/python3.12/site-packages/oslo_config/cfg.py:3253}}
Jun 21 02:31:04.406465 np0000182407 neutron-rpc-server[104516]: DEBUG ovsdbapp.backend.ovs_idl [None req-b4b6bbb2-f64c-40e7-9def-67f338f37068 None None] Created schema index Chassis_Template_Var.chassis {{(pid=104516) autocreate_indices /opt/stack/data/venv/lib/python3.12/site-packages/ovsdbapp/backend/ovs_idl/__init__.py:106}}
Jun 21 02:31:04.406591 np0000182407 neutron-rpc-server[104542]: DEBUG cotyledon.oslo_config_glue [-] profiler.enabled = False {{(pid=104542) log_opt_values /opt/stack/data/venv/lib/python3.12/site-packages/oslo_config/cfg.py:3253}}
Jun 21 02:31:04.406710 np0000182407 neutron-rpc-server[104516]: DEBUG ovsdbapp.backend.ovs_idl [None req-b4b6bbb2-f64c-40e7-9def-67f338f37068 None None] Created schema index Logical_Router_Port.name {{(pid=104516) autocreate_indices /opt/stack/data/venv/lib/python3.12/site-packages/ovsdbapp/backend/ovs_idl/__init__.py:106}}
Jun 21 02:31:04.406812 np0000182407 neutron-rpc-server[104547]: DEBUG cotyledon.oslo_config_glue [-] dhcp_agent_notification = False {{(pid=104547) log_opt_values /opt/stack/data/venv/lib/python3.12/site-packages/oslo_config/cfg.py:3242}}
Jun 21 02:31:04.406923 np0000182407 neutron-rpc-server[104516]: DEBUG ovsdbapp.backend.ovs_idl [None req-b4b6bbb2-f64c-40e7-9def-67f338f37068 None None] Created schema index Port_Group.name {{(pid=104516) autocreate_indices /opt/stack/data/venv/lib/python3.12/site-packages/ovsdbapp/backend/ovs_idl/__init__.py:106}}
Jun 21 02:31:04.406923 np0000182407 neutron-rpc-server[104516]: DEBUG ovsdbapp.backend.ovs_idl [None req-b4b6bbb2-f64c-40e7-9def-67f338f37068 None None] Created schema index Logical_Switch_Port.name {{(pid=104516) autocreate_indices /opt/stack/data/venv/lib/python3.12/site-packages/ovsdbapp/backend/ovs_idl/__init__.py:106}}
Jun 21 02:31:04.407084 np0000182407 neutron-rpc-server[104547]: DEBUG cotyledon.oslo_config_glue [-] dhcp_agents_per_network = 1 {{(pid=104547) log_opt_values /opt/stack/data/venv/lib/python3.12/site-packages/oslo_config/cfg.py:3242}}
Jun 21 02:31:04.407084 np0000182407 neutron-rpc-server[104547]: DEBUG cotyledon.oslo_config_glue [-] dhcp_lease_duration = 86400 {{(pid=104547) log_opt_values /opt/stack/data/venv/lib/python3.12/site-packages/oslo_config/cfg.py:3242}}
Jun 21 02:31:04.407224 np0000182407 neutron-rpc-server[104542]: DEBUG cotyledon.oslo_config_glue [-] profiler.es_doc_type = notification {{(pid=104542) log_opt_values /opt/stack/data/venv/lib/python3.12/site-packages/oslo_config/cfg.py:3253}}
Jun 21 02:31:04.407377 np0000182407 neutron-rpc-server[104547]: DEBUG cotyledon.oslo_config_glue [-] dhcp_load_type = networks {{(pid=104547) log_opt_values /opt/stack/data/venv/lib/python3.12/site-packages/oslo_config/cfg.py:3242}}
Jun 21 02:31:04.407470 np0000182407 neutron-rpc-server[104506]: WARNING neutron.plugins.ml2.drivers.ovn.mech_driver.mech_driver [-] uWSGI is the only supported loader for the Neutron API; it provides, via ``uwsgi`` library, the worker ID. If other loader is used, a random hash ring node UUID will be provided
Jun 21 02:31:04.407568 np0000182407 neutron-rpc-server[104542]: DEBUG cotyledon.oslo_config_glue [-] profiler.es_scroll_size = 10000 {{(pid=104542) log_opt_values /opt/stack/data/venv/lib/python3.12/site-packages/oslo_config/cfg.py:3253}}
Jun 21 02:31:04.407673 np0000182407 neutron-rpc-server[104547]: DEBUG cotyledon.oslo_config_glue [-] dns_domain = openstacklocal {{(pid=104547) log_opt_values /opt/stack/data/venv/lib/python3.12/site-packages/oslo_config/cfg.py:3242}}
Jun 21 02:31:04.407766 np0000182407 neutron-rpc-server[104542]: DEBUG cotyledon.oslo_config_glue [-] profiler.es_scroll_time = 2m {{(pid=104542) log_opt_values /opt/stack/data/venv/lib/python3.12/site-packages/oslo_config/cfg.py:3253}}
Jun 21 02:31:04.407870 np0000182407 neutron-rpc-server[104547]: DEBUG cotyledon.oslo_config_glue [-] dvr_base_mac = fa:16:3f:00:00:00 {{(pid=104547) log_opt_values /opt/stack/data/venv/lib/python3.12/site-packages/oslo_config/cfg.py:3242}}
Jun 21 02:31:04.407975 np0000182407 neutron-rpc-server[104542]: DEBUG cotyledon.oslo_config_glue [-] profiler.filter_error_trace = False {{(pid=104542) log_opt_values /opt/stack/data/venv/lib/python3.12/site-packages/oslo_config/cfg.py:3253}}
Jun 21 02:31:04.408068 np0000182407 neutron-rpc-server[104547]: DEBUG cotyledon.oslo_config_glue [-] enable_default_route_bfd = False {{(pid=104547) log_opt_values /opt/stack/data/venv/lib/python3.12/site-packages/oslo_config/cfg.py:3242}}
Jun 21 02:31:04.408164 np0000182407 neutron-rpc-server[104542]: DEBUG cotyledon.oslo_config_glue [-] profiler.hmac_keys = **** {{(pid=104542) log_opt_values /opt/stack/data/venv/lib/python3.12/site-packages/oslo_config/cfg.py:3253}}
Jun 21 02:31:04.408289 np0000182407 neutron-rpc-server[104547]: DEBUG cotyledon.oslo_config_glue [-] enable_default_route_ecmp = False {{(pid=104547) log_opt_values /opt/stack/data/venv/lib/python3.12/site-packages/oslo_config/cfg.py:3242}}
Jun 21 02:31:04.408289 np0000182407 neutron-rpc-server[104547]: DEBUG cotyledon.oslo_config_glue [-] enable_dvr = True {{(pid=104547) log_opt_values /opt/stack/data/venv/lib/python3.12/site-packages/oslo_config/cfg.py:3242}}
Jun 21 02:31:04.408468 np0000182407 neutron-rpc-server[104542]: DEBUG cotyledon.oslo_config_glue [-] profiler.sentinel_service_name = mymaster {{(pid=104542) log_opt_values /opt/stack/data/venv/lib/python3.12/site-packages/oslo_config/cfg.py:3253}}
Jun 21 02:31:04.408621 np0000182407 neutron-rpc-server[104547]: DEBUG cotyledon.oslo_config_glue [-] enable_new_agents = True {{(pid=104547) log_opt_values /opt/stack/data/venv/lib/python3.12/site-packages/oslo_config/cfg.py:3242}}
Jun 21 02:31:04.408774 np0000182407 neutron-rpc-server[104542]: DEBUG cotyledon.oslo_config_glue [-] profiler.socket_timeout = 0.1 {{(pid=104542) log_opt_values /opt/stack/data/venv/lib/python3.12/site-packages/oslo_config/cfg.py:3253}}
Jun 21 02:31:04.408918 np0000182407 neutron-rpc-server[104547]: DEBUG cotyledon.oslo_config_glue [-] enable_services_on_agents_with_admin_state_down = False {{(pid=104547) log_opt_values /opt/stack/data/venv/lib/python3.12/site-packages/oslo_config/cfg.py:3242}}
Jun 21 02:31:04.409058 np0000182407 neutron-rpc-server[104542]: DEBUG cotyledon.oslo_config_glue [-] profiler.trace_requests = False {{(pid=104542) log_opt_values /opt/stack/data/venv/lib/python3.12/site-packages/oslo_config/cfg.py:3253}}
Jun 21 02:31:04.409188 np0000182407 neutron-rpc-server[104547]: DEBUG cotyledon.oslo_config_glue [-] enable_snat_by_default = True {{(pid=104547) log_opt_values /opt/stack/data/venv/lib/python3.12/site-packages/oslo_config/cfg.py:3242}}
Jun 21 02:31:04.409352 np0000182407 neutron-rpc-server[104542]: DEBUG cotyledon.oslo_config_glue [-] profiler.trace_sqlalchemy = False {{(pid=104542) log_opt_values /opt/stack/data/venv/lib/python3.12/site-packages/oslo_config/cfg.py:3253}}
Jun 21 02:31:04.409510 np0000182407 neutron-rpc-server[104547]: DEBUG cotyledon.oslo_config_glue [-] enable_traditional_dhcp = True {{(pid=104547) log_opt_values /opt/stack/data/venv/lib/python3.12/site-packages/oslo_config/cfg.py:3242}}
Jun 21 02:31:04.409510 np0000182407 neutron-rpc-server[104547]: DEBUG cotyledon.oslo_config_glue [-] external_dns_driver = None {{(pid=104547) log_opt_values /opt/stack/data/venv/lib/python3.12/site-packages/oslo_config/cfg.py:3242}}
Jun 21 02:31:04.409722 np0000182407 neutron-rpc-server[104542]: DEBUG cotyledon.oslo_config_glue [-] profiler_jaeger.process_tags = {} {{(pid=104542) log_opt_values /opt/stack/data/venv/lib/python3.12/site-packages/oslo_config/cfg.py:3253}}
Jun 21 02:31:04.409915 np0000182407 neutron-rpc-server[104547]: DEBUG cotyledon.oslo_config_glue [-] fatal_deprecations = False {{(pid=104547) log_opt_values /opt/stack/data/venv/lib/python3.12/site-packages/oslo_config/cfg.py:3242}}
Jun 21 02:31:04.410038 np0000182407 neutron-rpc-server[104542]: DEBUG cotyledon.oslo_config_glue [-] profiler_jaeger.service_name_prefix = None {{(pid=104542) log_opt_values /opt/stack/data/venv/lib/python3.12/site-packages/oslo_config/cfg.py:3253}}
Jun 21 02:31:04.410145 np0000182407 neutron-rpc-server[104547]: DEBUG cotyledon.oslo_config_glue [-] filter_validation = True {{(pid=104547) log_opt_values /opt/stack/data/venv/lib/python3.12/site-packages/oslo_config/cfg.py:3242}}
Jun 21 02:31:04.410246 np0000182407 neutron-rpc-server[104542]: DEBUG cotyledon.oslo_config_glue [-] profiler_otlp.service_name_prefix = None {{(pid=104542) log_opt_values /opt/stack/data/venv/lib/python3.12/site-packages/oslo_config/cfg.py:3253}}
Jun 21 02:31:04.410394 np0000182407 neutron-rpc-server[104547]: DEBUG cotyledon.oslo_config_glue [-] global_physnet_mtu = 1430 {{(pid=104547) log_opt_values /opt/stack/data/venv/lib/python3.12/site-packages/oslo_config/cfg.py:3242}}
Jun 21 02:31:04.410535 np0000182407 neutron-rpc-server[104523]: WARNING neutron.plugins.ml2.drivers.ovn.mech_driver.mech_driver [-] uWSGI is the only supported loader for the Neutron API; it provides, via ``uwsgi`` library, the worker ID. If other loader is used, a random hash ring node UUID will be provided
Jun 21 02:31:04.410645 np0000182407 neutron-rpc-server[104542]: DEBUG cotyledon.oslo_config_glue [-] oslo_messaging_metrics.metrics_buffer_size = 1000 {{(pid=104542) log_opt_values /opt/stack/data/venv/lib/python3.12/site-packages/oslo_config/cfg.py:3253}}
Jun 21 02:31:04.410748 np0000182407 neutron-rpc-server[104547]: DEBUG cotyledon.oslo_config_glue [-] graceful_shutdown_timeout = 60 {{(pid=104547) log_opt_values /opt/stack/data/venv/lib/python3.12/site-packages/oslo_config/cfg.py:3242}}
Jun 21 02:31:04.410866 np0000182407 neutron-rpc-server[104542]: DEBUG cotyledon.oslo_config_glue [-] oslo_messaging_metrics.metrics_enabled = False {{(pid=104542) log_opt_values /opt/stack/data/venv/lib/python3.12/site-packages/oslo_config/cfg.py:3253}}
Jun 21 02:31:04.411010 np0000182407 neutron-rpc-server[104506]: DEBUG ovsdbapp.backend.ovs_idl [None req-d6c19d93-a874-4ae2-b09b-c28567490e24 None None] Created lookup_table index Logical_Switch.name {{(pid=104506) autocreate_indices /opt/stack/data/venv/lib/python3.12/site-packages/ovsdbapp/backend/ovs_idl/__init__.py:87}}
Jun 21 02:31:04.411133 np0000182407 neutron-rpc-server[104542]: DEBUG cotyledon.oslo_config_glue [-] oslo_messaging_metrics.metrics_process_name = {{(pid=104542) log_opt_values /opt/stack/data/venv/lib/python3.12/site-packages/oslo_config/cfg.py:3253}}
Jun 21 02:31:04.411228 np0000182407 neutron-rpc-server[104506]: DEBUG ovsdbapp.backend.ovs_idl [None req-d6c19d93-a874-4ae2-b09b-c28567490e24 None None] Created lookup_table index Logical_Router.name {{(pid=104506) autocreate_indices /opt/stack/data/venv/lib/python3.12/site-packages/ovsdbapp/backend/ovs_idl/__init__.py:87}}
Jun 21 02:31:04.411348 np0000182407 neutron-rpc-server[104542]: DEBUG cotyledon.oslo_config_glue [-] oslo_messaging_metrics.metrics_socket_file = /var/tmp/metrics_collector.sock {{(pid=104542) log_opt_values /opt/stack/data/venv/lib/python3.12/site-packages/oslo_config/cfg.py:3253}}
Jun 21 02:31:04.411465 np0000182407 neutron-rpc-server[104506]: DEBUG ovsdbapp.backend.ovs_idl [None req-d6c19d93-a874-4ae2-b09b-c28567490e24 None None] Created lookup_table index Load_Balancer.name {{(pid=104506) autocreate_indices /opt/stack/data/venv/lib/python3.12/site-packages/ovsdbapp/backend/ovs_idl/__init__.py:87}}
Jun 21 02:31:04.411465 np0000182407 neutron-rpc-server[104506]: DEBUG ovsdbapp.backend.ovs_idl [None req-d6c19d93-a874-4ae2-b09b-c28567490e24 None None] Created schema index Copp.name {{(pid=104506) autocreate_indices /opt/stack/data/venv/lib/python3.12/site-packages/ovsdbapp/backend/ovs_idl/__init__.py:106}}
Jun 21 02:31:04.411585 np0000182407 neutron-rpc-server[104542]: DEBUG cotyledon.oslo_config_glue [-] oslo_messaging_metrics.metrics_thread_stop_timeout = 10 {{(pid=104542) log_opt_values /opt/stack/data/venv/lib/python3.12/site-packages/oslo_config/cfg.py:3253}}
Jun 21 02:31:04.411697 np0000182407 neutron-rpc-server[104506]: DEBUG ovsdbapp.backend.ovs_idl [None req-d6c19d93-a874-4ae2-b09b-c28567490e24 None None] Created schema index Meter.name {{(pid=104506) autocreate_indices /opt/stack/data/venv/lib/python3.12/site-packages/ovsdbapp/backend/ovs_idl/__init__.py:106}}
Jun 21 02:31:04.411824 np0000182407 neutron-rpc-server[104523]: DEBUG ovsdbapp.backend.ovs_idl [None req-cf202fcd-11ab-4748-8d31-6c7bfcbc3412 None None] Created lookup_table index Logical_Switch.name {{(pid=104523) autocreate_indices /opt/stack/data/venv/lib/python3.12/site-packages/ovsdbapp/backend/ovs_idl/__init__.py:87}}
Jun 21 02:31:04.411961 np0000182407 neutron-rpc-server[104506]: DEBUG ovsdbapp.backend.ovs_idl [None req-d6c19d93-a874-4ae2-b09b-c28567490e24 None None] Created schema index Load_Balancer_Group.name {{(pid=104506) autocreate_indices /opt/stack/data/venv/lib/python3.12/site-packages/ovsdbapp/backend/ovs_idl/__init__.py:106}}
Jun 21 02:31:04.412075 np0000182407 neutron-rpc-server[104542]: DEBUG cotyledon.oslo_config_glue [-] oslo_policy.enforce_new_defaults = True {{(pid=104542) log_opt_values /opt/stack/data/venv/lib/python3.12/site-packages/oslo_config/cfg.py:3253}}
Jun 21 02:31:04.412179 np0000182407 neutron-rpc-server[104523]: DEBUG ovsdbapp.backend.ovs_idl [None req-cf202fcd-11ab-4748-8d31-6c7bfcbc3412 None None] Created lookup_table index Logical_Router.name {{(pid=104523) autocreate_indices /opt/stack/data/venv/lib/python3.12/site-packages/ovsdbapp/backend/ovs_idl/__init__.py:87}}
Jun 21 02:31:04.412311 np0000182407 neutron-rpc-server[104506]: DEBUG ovsdbapp.backend.ovs_idl [None req-d6c19d93-a874-4ae2-b09b-c28567490e24 None None] Created schema index HA_Chassis_Group.name {{(pid=104506) autocreate_indices /opt/stack/data/venv/lib/python3.12/site-packages/ovsdbapp/backend/ovs_idl/__init__.py:106}}
Jun 21 02:31:04.412421 np0000182407 neutron-rpc-server[104523]: DEBUG ovsdbapp.backend.ovs_idl [None req-cf202fcd-11ab-4748-8d31-6c7bfcbc3412 None None] Created lookup_table index Load_Balancer.name {{(pid=104523) autocreate_indices /opt/stack/data/venv/lib/python3.12/site-packages/ovsdbapp/backend/ovs_idl/__init__.py:87}}
Jun 21 02:31:04.412515 np0000182407 neutron-rpc-server[104542]: DEBUG cotyledon.oslo_config_glue [-] oslo_policy.enforce_scope = True {{(pid=104542) log_opt_values /opt/stack/data/venv/lib/python3.12/site-packages/oslo_config/cfg.py:3253}}
Jun 21 02:31:04.412611 np0000182407 neutron-rpc-server[104506]: DEBUG ovsdbapp.backend.ovs_idl [None req-d6c19d93-a874-4ae2-b09b-c28567490e24 None None] Created schema index Address_Set.name {{(pid=104506) autocreate_indices /opt/stack/data/venv/lib/python3.12/site-packages/ovsdbapp/backend/ovs_idl/__init__.py:106}}
Jun 21 02:31:04.412725 np0000182407 neutron-rpc-server[104523]: DEBUG ovsdbapp.backend.ovs_idl [None req-cf202fcd-11ab-4748-8d31-6c7bfcbc3412 None None] Created schema index Copp.name {{(pid=104523) autocreate_indices /opt/stack/data/venv/lib/python3.12/site-packages/ovsdbapp/backend/ovs_idl/__init__.py:106}}
Jun 21 02:31:04.412857 np0000182407 neutron-rpc-server[104542]: DEBUG cotyledon.oslo_config_glue [-] oslo_policy.policy_default_rule = default {{(pid=104542) log_opt_values /opt/stack/data/venv/lib/python3.12/site-packages/oslo_config/cfg.py:3253}}
Jun 21 02:31:04.412978 np0000182407 neutron-rpc-server[104506]: DEBUG ovsdbapp.backend.ovs_idl [None req-d6c19d93-a874-4ae2-b09b-c28567490e24 None None] Created schema index Connection.target {{(pid=104506) autocreate_indices /opt/stack/data/venv/lib/python3.12/site-packages/ovsdbapp/backend/ovs_idl/__init__.py:106}}
Jun 21 02:31:04.413091 np0000182407 neutron-rpc-server[104523]: DEBUG ovsdbapp.backend.ovs_idl [None req-cf202fcd-11ab-4748-8d31-6c7bfcbc3412 None None] Created schema index Meter.name {{(pid=104523) autocreate_indices /opt/stack/data/venv/lib/python3.12/site-packages/ovsdbapp/backend/ovs_idl/__init__.py:106}}
Jun 21 02:31:04.413234 np0000182407 neutron-rpc-server[104506]: DEBUG ovsdbapp.backend.ovs_idl [None req-d6c19d93-a874-4ae2-b09b-c28567490e24 None None] Created schema index Gateway_Chassis.name {{(pid=104506) autocreate_indices /opt/stack/data/venv/lib/python3.12/site-packages/ovsdbapp/backend/ovs_idl/__init__.py:106}}
Jun 21 02:31:04.413369 np0000182407 neutron-rpc-server[104542]: DEBUG cotyledon.oslo_config_glue [-] oslo_policy.policy_dirs = ['policy.d'] {{(pid=104542) log_opt_values /opt/stack/data/venv/lib/python3.12/site-packages/oslo_config/cfg.py:3253}}
Jun 21 02:31:04.413520 np0000182407 neutron-rpc-server[104523]: DEBUG ovsdbapp.backend.ovs_idl [None req-cf202fcd-11ab-4748-8d31-6c7bfcbc3412 None None] Created schema index Load_Balancer_Group.name {{(pid=104523) autocreate_indices /opt/stack/data/venv/lib/python3.12/site-packages/ovsdbapp/backend/ovs_idl/__init__.py:106}}
Jun 21 02:31:04.413617 np0000182407 neutron-rpc-server[104547]: DEBUG cotyledon.oslo_config_glue [-] host = np0000182407 {{(pid=104547) log_opt_values /opt/stack/data/venv/lib/python3.12/site-packages/oslo_config/cfg.py:3242}}
Jun 21 02:31:04.413715 np0000182407 neutron-rpc-server[104523]: DEBUG ovsdbapp.backend.ovs_idl [None req-cf202fcd-11ab-4748-8d31-6c7bfcbc3412 None None] Created schema index HA_Chassis_Group.name {{(pid=104523) autocreate_indices /opt/stack/data/venv/lib/python3.12/site-packages/ovsdbapp/backend/ovs_idl/__init__.py:106}}
Jun 21 02:31:04.413828 np0000182407 neutron-rpc-server[104506]: DEBUG ovsdbapp.backend.ovs_idl [None req-d6c19d93-a874-4ae2-b09b-c28567490e24 None None] Created schema index Mirror.name {{(pid=104506) autocreate_indices /opt/stack/data/venv/lib/python3.12/site-packages/ovsdbapp/backend/ovs_idl/__init__.py:106}}
Jun 21 02:31:04.413992 np0000182407 neutron-rpc-server[104542]: DEBUG cotyledon.oslo_config_glue [-] oslo_policy.policy_file = /etc/neutron/policy.json {{(pid=104542) log_opt_values /opt/stack/data/venv/lib/python3.12/site-packages/oslo_config/cfg.py:3253}}
Jun 21 02:31:04.414135 np0000182407 neutron-rpc-server[104523]: DEBUG ovsdbapp.backend.ovs_idl [None req-cf202fcd-11ab-4748-8d31-6c7bfcbc3412 None None] Created schema index Address_Set.name {{(pid=104523) autocreate_indices /opt/stack/data/venv/lib/python3.12/site-packages/ovsdbapp/backend/ovs_idl/__init__.py:106}}
Jun 21 02:31:04.414323 np0000182407 neutron-rpc-server[104506]: DEBUG ovsdbapp.backend.ovs_idl [None req-d6c19d93-a874-4ae2-b09b-c28567490e24 None None] Created schema index Chassis_Template_Var.chassis {{(pid=104506) autocreate_indices /opt/stack/data/venv/lib/python3.12/site-packages/ovsdbapp/backend/ovs_idl/__init__.py:106}}
Jun 21 02:31:04.414477 np0000182407 neutron-rpc-server[104542]: DEBUG cotyledon.oslo_config_glue [-] oslo_policy.remote_content_type = application/x-www-form-urlencoded {{(pid=104542) log_opt_values /opt/stack/data/venv/lib/python3.12/site-packages/oslo_config/cfg.py:3253}}
Jun 21 02:31:04.414645 np0000182407 neutron-rpc-server[104523]: DEBUG ovsdbapp.backend.ovs_idl [None req-cf202fcd-11ab-4748-8d31-6c7bfcbc3412 None None] Created schema index Connection.target {{(pid=104523) autocreate_indices /opt/stack/data/venv/lib/python3.12/site-packages/ovsdbapp/backend/ovs_idl/__init__.py:106}}
Jun 21 02:31:04.414789 np0000182407 neutron-rpc-server[104506]: DEBUG ovsdbapp.backend.ovs_idl [None req-d6c19d93-a874-4ae2-b09b-c28567490e24 None None] Created schema index Logical_Router_Port.name {{(pid=104506) autocreate_indices /opt/stack/data/venv/lib/python3.12/site-packages/ovsdbapp/backend/ovs_idl/__init__.py:106}}
Jun 21 02:31:04.414937 np0000182407 neutron-rpc-server[104542]: DEBUG cotyledon.oslo_config_glue [-] oslo_policy.remote_ssl_ca_crt_file = None {{(pid=104542) log_opt_values /opt/stack/data/venv/lib/python3.12/site-packages/oslo_config/cfg.py:3253}}
Jun 21 02:31:04.415087 np0000182407 neutron-rpc-server[104547]: DEBUG cotyledon.oslo_config_glue [-] host_dvr_for_dhcp = True {{(pid=104547) log_opt_values /opt/stack/data/venv/lib/python3.12/site-packages/oslo_config/cfg.py:3242}}
Jun 21 02:31:04.415254 np0000182407 neutron-rpc-server[104523]: DEBUG ovsdbapp.backend.ovs_idl [None req-cf202fcd-11ab-4748-8d31-6c7bfcbc3412 None None] Created schema index Gateway_Chassis.name {{(pid=104523) autocreate_indices /opt/stack/data/venv/lib/python3.12/site-packages/ovsdbapp/backend/ovs_idl/__init__.py:106}}
Jun 21 02:31:04.415481 np0000182407 neutron-rpc-server[104506]: DEBUG ovsdbapp.backend.ovs_idl [None req-d6c19d93-a874-4ae2-b09b-c28567490e24 None None] Created schema index Port_Group.name {{(pid=104506) autocreate_indices /opt/stack/data/venv/lib/python3.12/site-packages/ovsdbapp/backend/ovs_idl/__init__.py:106}}
Jun 21 02:31:04.415641 np0000182407 neutron-rpc-server[104542]: DEBUG cotyledon.oslo_config_glue [-] oslo_policy.remote_ssl_client_crt_file = None {{(pid=104542) log_opt_values /opt/stack/data/venv/lib/python3.12/site-packages/oslo_config/cfg.py:3253}}
Jun 21 02:31:04.415829 np0000182407 neutron-rpc-server[104523]: DEBUG ovsdbapp.backend.ovs_idl [None req-cf202fcd-11ab-4748-8d31-6c7bfcbc3412 None None] Created schema index Mirror.name {{(pid=104523) autocreate_indices /opt/stack/data/venv/lib/python3.12/site-packages/ovsdbapp/backend/ovs_idl/__init__.py:106}}
Jun 21 02:31:04.415971 np0000182407 neutron-rpc-server[104506]: DEBUG ovsdbapp.backend.ovs_idl [None req-d6c19d93-a874-4ae2-b09b-c28567490e24 None None] Created schema index Logical_Switch_Port.name {{(pid=104506) autocreate_indices /opt/stack/data/venv/lib/python3.12/site-packages/ovsdbapp/backend/ovs_idl/__init__.py:106}}
Jun 21 02:31:04.416143 np0000182407 neutron-rpc-server[104542]: DEBUG cotyledon.oslo_config_glue [-] oslo_policy.remote_ssl_client_key_file = None {{(pid=104542) log_opt_values /opt/stack/data/venv/lib/python3.12/site-packages/oslo_config/cfg.py:3253}}
Jun 21 02:31:04.416364 np0000182407 neutron-rpc-server[104523]: DEBUG ovsdbapp.backend.ovs_idl [None req-cf202fcd-11ab-4748-8d31-6c7bfcbc3412 None None] Created schema index Chassis_Template_Var.chassis {{(pid=104523) autocreate_indices /opt/stack/data/venv/lib/python3.12/site-packages/ovsdbapp/backend/ovs_idl/__init__.py:106}}
Jun 21 02:31:04.416364 np0000182407 neutron-rpc-server[104523]: DEBUG ovsdbapp.backend.ovs_idl [None req-cf202fcd-11ab-4748-8d31-6c7bfcbc3412 None None] Created schema index Logical_Router_Port.name {{(pid=104523) autocreate_indices /opt/stack/data/venv/lib/python3.12/site-packages/ovsdbapp/backend/ovs_idl/__init__.py:106}}
Jun 21 02:31:04.416634 np0000182407 neutron-rpc-server[104547]: DEBUG cotyledon.oslo_config_glue [-] http_retries = 3 {{(pid=104547) log_opt_values /opt/stack/data/venv/lib/python3.12/site-packages/oslo_config/cfg.py:3242}}
Jun 21 02:31:04.416782 np0000182407 neutron-rpc-server[104542]: DEBUG cotyledon.oslo_config_glue [-] oslo_policy.remote_ssl_verify_server_crt = False {{(pid=104542) log_opt_values /opt/stack/data/venv/lib/python3.12/site-packages/oslo_config/cfg.py:3253}}
Jun 21 02:31:04.416960 np0000182407 neutron-rpc-server[104523]: DEBUG ovsdbapp.backend.ovs_idl [None req-cf202fcd-11ab-4748-8d31-6c7bfcbc3412 None None] Created schema index Port_Group.name {{(pid=104523) autocreate_indices /opt/stack/data/venv/lib/python3.12/site-packages/ovsdbapp/backend/ovs_idl/__init__.py:106}}
Jun 21 02:31:04.417073 np0000182407 neutron-rpc-server[104542]: DEBUG cotyledon.oslo_config_glue [-] oslo_policy.remote_timeout = 60.0 {{(pid=104542) log_opt_values /opt/stack/data/venv/lib/python3.12/site-packages/oslo_config/cfg.py:3253}}
Jun 21 02:31:04.417192 np0000182407 neutron-rpc-server[104523]: DEBUG ovsdbapp.backend.ovs_idl [None req-cf202fcd-11ab-4748-8d31-6c7bfcbc3412 None None] Created schema index Logical_Switch_Port.name {{(pid=104523) autocreate_indices /opt/stack/data/venv/lib/python3.12/site-packages/ovsdbapp/backend/ovs_idl/__init__.py:106}}
Jun 21 02:31:04.417316 np0000182407 neutron-rpc-server[104542]: DEBUG cotyledon.oslo_config_glue [-] oslo_middleware.http_basic_auth_user_file = /etc/htpasswd {{(pid=104542) log_opt_values /opt/stack/data/venv/lib/python3.12/site-packages/oslo_config/cfg.py:3253}}
Jun 21 02:31:04.417316 np0000182407 neutron-rpc-server[104542]: DEBUG cotyledon.oslo_config_glue [-] service_providers.service_provider = [] {{(pid=104542) log_opt_values /opt/stack/data/venv/lib/python3.12/site-packages/oslo_config/cfg.py:3253}}
Jun 21 02:31:04.417436 np0000182407 neutron-rpc-server[104547]: DEBUG cotyledon.oslo_config_glue [-] instance_format = [instance: %(uuid)s] {{(pid=104547) log_opt_values /opt/stack/data/venv/lib/python3.12/site-packages/oslo_config/cfg.py:3242}}
Jun 21 02:31:04.417436 np0000182407 neutron-rpc-server[104547]: DEBUG cotyledon.oslo_config_glue [-] instance_uuid_format = [instance: %(uuid)s] {{(pid=104547) log_opt_values /opt/stack/data/venv/lib/python3.12/site-packages/oslo_config/cfg.py:3242}}
Jun 21 02:31:04.417565 np0000182407 neutron-rpc-server[104542]: DEBUG cotyledon.oslo_config_glue [-] nova.auth_section = None {{(pid=104542) log_opt_values /opt/stack/data/venv/lib/python3.12/site-packages/oslo_config/cfg.py:3253}}
