Jul 02 00:59:05.524658 np0000183843 devstack@neutron-api.service[102037]: DEBUG oslo_concurrency.processutils [None req-b20bf771-77eb-4b65-96bd-d10767a58be0 None None] Running cmd (subprocess): ovsdb-client transact ssl:199.204.45.229:6641 --timeout 180 -p /opt/stack/data/CA/int-ca/private/devstack-cert.key -c /opt/stack/data/CA/int-ca/devstack-cert.crt -C /opt/stack/data/CA/int-ca/ca-chain.pem ["OVN_Northbound", {"op": "wait", "timeout": 0, "table": "Port_Group", "where": [["name", "==", "pvlan_pg_drop"]], "until": "==", "rows": []}, {"op": "insert", "table": "ACL", "row": {"action": "drop", "direction": "to-lport", "match": "outport == @pvlan_pg_drop && ip", "priority": 1010}, "uuid-name": "pvlandroptoport"}, {"op": "insert", "table": "ACL", "row": {"action": "drop", "direction": "from-lport", "match": "inport == @pvlan_pg_drop && ip", "priority": 1010}, "uuid-name": "pvlandropfromport"}, {"op": "insert", "table": "Port_Group", "row": {"name": "pvlan_pg_drop", "acls": ["set", [["named-uuid", "pvlandroptoport"], ["named-uuid", "pvlandropfromport"]]]}}] {{(pid=102037) execute /opt/stack/data/venv/lib/python3.12/site-packages/oslo_concurrency/processutils.py:440}}
Jul 02 00:59:05.560588 np0000183843 devstack@neutron-api.service[102037]: DEBUG oslo_concurrency.processutils [None req-b20bf771-77eb-4b65-96bd-d10767a58be0 None None] CMD "ovsdb-client transact ssl:199.204.45.229:6641 --timeout 180 -p /opt/stack/data/CA/int-ca/private/devstack-cert.key -c /opt/stack/data/CA/int-ca/devstack-cert.crt -C /opt/stack/data/CA/int-ca/ca-chain.pem ["OVN_Northbound", {"op": "wait", "timeout": 0, "table": "Port_Group", "where": [["name", "==", "pvlan_pg_drop"]], "until": "==", "rows": []}, {"op": "insert", "table": "ACL", "row": {"action": "drop", "direction": "to-lport", "match": "outport == @pvlan_pg_drop && ip", "priority": 1010}, "uuid-name": "pvlandroptoport"}, {"op": "insert", "table": "ACL", "row": {"action": "drop", "direction": "from-lport", "match": "inport == @pvlan_pg_drop && ip", "priority": 1010}, "uuid-name": "pvlandropfromport"}, {"op": "insert", "table": "Port_Group", "row": {"name": "pvlan_pg_drop", "acls": ["set", [["named-uuid", "pvlandroptoport"], ["named-uuid", "pvlandropfromport"]]]}}]" returned: 0 in 0.035s {{(pid=102037) execute /opt/stack/data/venv/lib/python3.12/site-packages/oslo_concurrency/processutils.py:468}}
Jul 02 00:59:05.563628 np0000183843 devstack@neutron-api.service[102037]: WSGI app 0 (mountpoint='') ready in 7 seconds on interpreter 0x75479eaa3668 pid: 102037 (default app)
Jul 02 00:59:07.602447 np0000183843 devstack@neutron-api.service[102038]: DEBUG neutron.plugins.ml2.drivers.ovn.mech_driver.ovsdb.ovsdb_monitor [-] Hash Ring: Node 33b9463c769d55829b4115890b6d7fc7 (host: np0000183843) handling event "update" for row ce83be77-d7ad-4d44-821e-c17c7b0f9185 (table: Connection) {{(pid=102038) notify /opt/stack/neutron/neutron/plugins/ml2/drivers/ovn/mech_driver/ovsdb/ovsdb_monitor.py:1015}}
Jul 02 00:59:07.606381 np0000183843 devstack@neutron-api.service[102039]: DEBUG neutron.common.ovn.hash_ring_manager [-] Allow caching, nodes 4>=4 {{(pid=102039) _wait_startup_before_caching /opt/stack/neutron/neutron/common/ovn/hash_ring_manager.py:71}}
Jul 02 00:59:07.606381 np0000183843 devstack@neutron-api.service[102039]: DEBUG neutron.plugins.ml2.drivers.ovn.mech_driver.ovsdb.ovsdb_monitor [-] Hash Ring: Node 9e5a795c7f0e52e69edb2317c1171f20 (host: np0000183843) handling event "update" for row ce83be77-d7ad-4d44-821e-c17c7b0f9185 (table: Connection) {{(pid=102039) notify /opt/stack/neutron/neutron/plugins/ml2/drivers/ovn/mech_driver/ovsdb/ovsdb_monitor.py:1015}}
Jul 02 00:59:07.606902 np0000183843 devstack@neutron-api.service[102037]: DEBUG neutron.plugins.ml2.drivers.ovn.mech_driver.ovsdb.ovsdb_monitor [-] Hash Ring: Node 165238e7b791532e82213f1511932cca (host: np0000183843) handling event "update" for row ce83be77-d7ad-4d44-821e-c17c7b0f9185 (table: Connection) {{(pid=102037) notify /opt/stack/neutron/neutron/plugins/ml2/drivers/ovn/mech_driver/ovsdb/ovsdb_monitor.py:1015}}
Jul 02 00:59:10.166714 np0000183843 devstack@neutron-api.service[102039]: DEBUG neutron.plugins.ml2.drivers.ovn.mech_driver.ovsdb.ovsdb_monitor [-] Hash Ring: Node 9e5a795c7f0e52e69edb2317c1171f20 (host: np0000183843) handling event "update" for row ce83be77-d7ad-4d44-821e-c17c7b0f9185 (table: Connection) {{(pid=102039) notify /opt/stack/neutron/neutron/plugins/ml2/drivers/ovn/mech_driver/ovsdb/ovsdb_monitor.py:1015}}
Jul 02 00:59:10.167976 np0000183843 devstack@neutron-api.service[102038]: DEBUG neutron.plugins.ml2.drivers.ovn.mech_driver.ovsdb.ovsdb_monitor [-] Hash Ring: Node 33b9463c769d55829b4115890b6d7fc7 (host: np0000183843) handling event "update" for row ce83be77-d7ad-4d44-821e-c17c7b0f9185 (table: Connection) {{(pid=102038) notify /opt/stack/neutron/neutron/plugins/ml2/drivers/ovn/mech_driver/ovsdb/ovsdb_monitor.py:1015}}
Jul 02 00:59:10.169049 np0000183843 devstack@neutron-api.service[102037]: DEBUG neutron.plugins.ml2.drivers.ovn.mech_driver.ovsdb.ovsdb_monitor [-] Hash Ring: Node 165238e7b791532e82213f1511932cca (host: np0000183843) handling event "update" for row ce83be77-d7ad-4d44-821e-c17c7b0f9185 (table: Connection) {{(pid=102037) notify /opt/stack/neutron/neutron/plugins/ml2/drivers/ovn/mech_driver/ovsdb/ovsdb_monitor.py:1015}}
Jul 02 00:59:11.234405 np0000183843 devstack@neutron-api.service[102039]: DEBUG neutron.api.wsgi [None req-c1ffb661-903d-4dfe-9530-de439ecb3638 admin admin] Missing Content-Type {{(pid=102039) get_content_type /opt/stack/neutron/neutron/api/wsgi.py:80}}
Jul 02 00:59:11.235059 np0000183843 devstack@neutron-api.service[102039]: DEBUG neutron.api.wsgi [None req-c1ffb661-903d-4dfe-9530-de439ecb3638 admin admin] https://199.204.45.229/networking/v2.0/extensions returned with HTTP 200 {{(pid=102039) __call__ /opt/stack/neutron/neutron/api/wsgi.py:540}}
Jul 02 00:59:11.235059 np0000183843 devstack@neutron-api.service[102039]: [pid: 102039|app: 0|req: 2/2] 199.204.45.229 () {64 vars in 1323 bytes} [Thu Jul 2 00:59:10 2026] GET /networking/v2.0/extensions => generated 16171 bytes in 431 msecs (HTTP/1.1 200) 4 headers in 159 bytes (1 switches on core 0)
Jul 02 00:59:11.651208 np0000183843 devstack@neutron-api.service[102038]: DEBUG neutron.api.v2.base [None req-7679dfdb-bf4f-4df8-b66f-21c6b8455982 admin admin] Request body: {'subnetpool': {'is_default': True, 'name': 'shared-default-subnetpool-v4', 'prefixes': ['10.1.0.0/20'], 'default_prefixlen': 26, 'shared': True}} {{(pid=102038) prepare_request_body /opt/stack/neutron/neutron/api/v2/base.py:727}}
Jul 02 00:59:11.863667 np0000183843 devstack@neutron-api.service[102038]: DEBUG neutron.policy [None req-7679dfdb-bf4f-4df8-b66f-21c6b8455982 admin admin] Loaded default policies from ['neutron'] under neutron.policies entry points {{(pid=102038) register_rules /opt/stack/neutron/neutron/policy.py:65}}
Jul 02 00:59:12.026353 np0000183843 devstack@neutron-api.service[102038]: DEBUG neutron_lib.callbacks.manager [None req-7679dfdb-bf4f-4df8-b66f-21c6b8455982 admin admin] Publish callbacks ['neutron.objects.securitygroup.RbacNeutronDbObjectMixin.validate_rbac_policy_change-2388834255376', 'neutron.objects.address_group.RbacNeutronDbObjectMixin.validate_rbac_policy_change-2388834236862', 'neutron.objects.network.RbacNeutronDbObjectMixin.validate_rbac_policy_change-2388833578763', 'neutron.objects.qos.policy.RbacNeutronDbObjectMixin.validate_rbac_policy_change-2388833573342', 'neutron.objects.subnetpool.RbacNeutronDbObjectMixin.validate_rbac_policy_change-2388833551850', 'neutron.objects.address_scope.RbacNeutronDbObjectMixin.validate_rbac_policy_change-2388833573711', 'neutron.plugins.ml2.plugin.External_net_db_mixin._process_ext_policy_create-198591', 'neutron.plugins.ml2.plugin.NeutronDbPluginV2.validate_network_rbac_policy_change-223127'] for rbac-policy (None), before_create {{(pid=102038) _notify_loop /opt/stack/data/venv/lib/python3.12/site-packages/neutron_lib/callbacks/manager.py:184}}
Jul 02 00:59:12.072046 np0000183843 devstack@neutron-api.service[102038]: DEBUG neutron_lib.callbacks.manager [None req-7679dfdb-bf4f-4df8-b66f-21c6b8455982 admin admin] Publish callbacks [] for subnetpool (None), before_response {{(pid=102038) _notify_loop /opt/stack/data/venv/lib/python3.12/site-packages/neutron_lib/callbacks/manager.py:184}}
Jul 02 00:59:12.072783 np0000183843 devstack@neutron-api.service[102038]: [pid: 102038|app: 0|req: 1/3] 199.204.45.229 () {68 vars in 1367 bytes} [Thu Jul 2 00:59:11 2026] POST /networking/v2.0/subnetpools => generated 533 bytes in 544 msecs (HTTP/1.1 201) 4 headers in 162 bytes (1 switches on core 0)
Jul 02 00:59:12.409934 np0000183843 devstack@neutron-api.service[102036]: DEBUG neutron.api.v2.base [None req-a3551eeb-e13f-4e63-8330-27d80e12bd20 admin admin] Request body: {'subnetpool': {'is_default': True, 'name': 'shared-default-subnetpool-v6', 'prefixes': ['fdd9:6820:157a::/56'], 'default_prefixlen': 64, 'shared': True}} {{(pid=102036) prepare_request_body /opt/stack/neutron/neutron/api/v2/base.py:727}}
Jul 02 00:59:12.593073 np0000183843 devstack@neutron-api.service[102036]: DEBUG neutron.policy [None req-a3551eeb-e13f-4e63-8330-27d80e12bd20 admin admin] Loaded default policies from ['neutron'] under neutron.policies entry points {{(pid=102036) register_rules /opt/stack/neutron/neutron/policy.py:65}}
Jul 02 00:59:12.738749 np0000183843 devstack@neutron-api.service[102036]: DEBUG neutron_lib.callbacks.manager [None req-a3551eeb-e13f-4e63-8330-27d80e12bd20 admin admin] Publish callbacks ['neutron.objects.securitygroup.RbacNeutronDbObjectMixin.validate_rbac_policy_change-2388834135782', 'neutron.objects.address_group.RbacNeutronDbObjectMixin.validate_rbac_policy_change-2388833572238', 'neutron.objects.network.RbacNeutronDbObjectMixin.validate_rbac_policy_change-2388833590362', 'neutron.objects.qos.policy.RbacNeutronDbObjectMixin.validate_rbac_policy_change-2388833587037', 'neutron.objects.subnetpool.RbacNeutronDbObjectMixin.validate_rbac_policy_change-2388833550108', 'neutron.objects.address_scope.RbacNeutronDbObjectMixin.validate_rbac_policy_change-2388833585614', 'neutron.plugins.ml2.plugin.External_net_db_mixin._process_ext_policy_create-138694', 'neutron.plugins.ml2.plugin.NeutronDbPluginV2.validate_network_rbac_policy_change-154350'] for rbac-policy (None), before_create {{(pid=102036) _notify_loop /opt/stack/data/venv/lib/python3.12/site-packages/neutron_lib/callbacks/manager.py:184}}
Jul 02 00:59:12.786755 np0000183843 devstack@neutron-api.service[102036]: DEBUG neutron_lib.callbacks.manager [None req-a3551eeb-e13f-4e63-8330-27d80e12bd20 admin admin] Publish callbacks [] for subnetpool (None), before_response {{(pid=102036) _notify_loop /opt/stack/data/venv/lib/python3.12/site-packages/neutron_lib/callbacks/manager.py:184}}
Jul 02 00:59:12.787226 np0000183843 devstack@neutron-api.service[102036]: [pid: 102036|app: 0|req: 1/4] 199.204.45.229 () {68 vars in 1367 bytes} [Thu Jul 2 00:59:12 2026] POST /networking/v2.0/subnetpools => generated 543 bytes in 492 msecs (HTTP/1.1 201) 4 headers in 162 bytes (1 switches on core 0)
Jul 02 00:59:13.223124 np0000183843 devstack@neutron-api.service[102037]: DEBUG neutron.api.v2.base [None req-d2d9f1be-2752-4f99-8ad6-c92e6ed7e6a8 admin admin] Request body: {'network': {'admin_state_up': True, 'name': 'private'}} {{(pid=102037) prepare_request_body /opt/stack/neutron/neutron/api/v2/base.py:727}}
Jul 02 00:59:13.259468 np0000183843 devstack@neutron-api.service[102037]: DEBUG neutron.pecan_wsgi.hooks.quota_enforcement [None req-d2d9f1be-2752-4f99-8ad6-c92e6ed7e6a8 admin admin] Made reservation on behalf of 69cce7dd45b642ca8b79608f93b8326d for: {'network': 1} {{(pid=102037) before /opt/stack/neutron/neutron/pecan_wsgi/hooks/quota_enforcement.py:66}}
Jul 02 00:59:13.442951 np0000183843 devstack@neutron-api.service[102037]: DEBUG neutron.policy [None req-d2d9f1be-2752-4f99-8ad6-c92e6ed7e6a8 admin admin] Loaded default policies from ['neutron'] under neutron.policies entry points {{(pid=102037) register_rules /opt/stack/neutron/neutron/policy.py:65}}
Jul 02 00:59:13.550504 np0000183843 devstack@neutron-api.service[102037]: DEBUG neutron_lib.callbacks.manager [None req-d2d9f1be-2752-4f99-8ad6-c92e6ed7e6a8 admin admin] Publish callbacks ['neutron.plugins.ml2.plugin.SecurityGroupDbMixin._ensure_default_security_group_handler-15746899'] for network (None), before_create {{(pid=102037) _notify_loop /opt/stack/data/venv/lib/python3.12/site-packages/neutron_lib/callbacks/manager.py:184}}
Jul 02 00:59:13.572156 np0000183843 devstack@neutron-api.service[102037]: DEBUG neutron_lib.callbacks.manager [None req-d2d9f1be-2752-4f99-8ad6-c92e6ed7e6a8 admin admin] Publish callbacks [] for security_group (None), before_create {{(pid=102037) _notify_loop /opt/stack/data/venv/lib/python3.12/site-packages/neutron_lib/callbacks/manager.py:184}}
Jul 02 00:59:13.675964 np0000183843 devstack@neutron-api.service[102037]: DEBUG neutron_lib.callbacks.manager [None req-d2d9f1be-2752-4f99-8ad6-c92e6ed7e6a8 admin admin] Publish callbacks ['neutron.plugins.ml2.drivers.ovn.mech_driver.mech_driver.OVNMechanismDriver._create_security_group_precommit-881246'] for security_group (6af80104-7ba2-4c2b-8650-c91774c66944), precommit_create {{(pid=102037) _notify_loop /opt/stack/data/venv/lib/python3.12/site-packages/neutron_lib/callbacks/manager.py:184}}
Jul 02 00:59:13.676203 np0000183843 devstack@neutron-api.service[102037]: DEBUG neutron.db.ovn_revision_numbers_db [None req-d2d9f1be-2752-4f99-8ad6-c92e6ed7e6a8 admin admin] create_initial_revision uuid=6af80104-7ba2-4c2b-8650-c91774c66944, type=security_groups, rev=-1 {{(pid=102037) create_initial_revision /opt/stack/neutron/neutron/db/ovn_revision_numbers_db.py:98}}
Jul 02 00:59:13.678501 np0000183843 devstack@neutron-api.service[102037]: DEBUG neutron.db.ovn_revision_numbers_db [None req-d2d9f1be-2752-4f99-8ad6-c92e6ed7e6a8 admin admin] create_initial_revision uuid=366f8954-b0c4-4577-9658-b8b86aff077b, type=security_group_rules, rev=-1 {{(pid=102037) create_initial_revision /opt/stack/neutron/neutron/db/ovn_revision_numbers_db.py:98}}
Jul 02 00:59:13.679681 np0000183843 devstack@neutron-api.service[102037]: DEBUG neutron.db.ovn_revision_numbers_db [None req-d2d9f1be-2752-4f99-8ad6-c92e6ed7e6a8 admin admin] create_initial_revision uuid=9b824fd7-2f63-451c-b224-68aae2c46eac, type=security_group_rules, rev=-1 {{(pid=102037) create_initial_revision /opt/stack/neutron/neutron/db/ovn_revision_numbers_db.py:98}}
Jul 02 00:59:13.680824 np0000183843 devstack@neutron-api.service[102037]: DEBUG neutron.db.ovn_revision_numbers_db [None req-d2d9f1be-2752-4f99-8ad6-c92e6ed7e6a8 admin admin] create_initial_revision uuid=f4b9f91a-52b2-4401-a19c-e23ad37a6254, type=security_group_rules, rev=-1 {{(pid=102037) create_initial_revision /opt/stack/neutron/neutron/db/ovn_revision_numbers_db.py:98}}
Jul 02 00:59:13.681909 np0000183843 devstack@neutron-api.service[102037]: DEBUG neutron.db.ovn_revision_numbers_db [None req-d2d9f1be-2752-4f99-8ad6-c92e6ed7e6a8 admin admin] create_initial_revision uuid=fdaac482-7361-4f77-bddf-595d7e353719, type=security_group_rules, rev=-1 {{(pid=102037) create_initial_revision /opt/stack/neutron/neutron/db/ovn_revision_numbers_db.py:98}}
Jul 02 00:59:13.688709 np0000183843 devstack@neutron-api.service[102037]: DEBUG neutron_lib.callbacks.manager [None req-d2d9f1be-2752-4f99-8ad6-c92e6ed7e6a8 admin admin] Publish callbacks ['neutron.plugins.ml2.drivers.ovn.mech_driver.mech_driver.OVNMechanismDriver._create_security_group-881216', 'neutron.plugins.ml2.ovo_rpc._ObjectChangeHandler.handle_event-2266312'] for security_group (6af80104-7ba2-4c2b-8650-c91774c66944), after_create {{(pid=102037) _notify_loop /opt/stack/data/venv/lib/python3.12/site-packages/neutron_lib/callbacks/manager.py:184}}
Jul 02 00:59:13.688840 np0000183843 devstack@neutron-api.service[102037]: INFO neutron.plugins.ml2.drivers.ovn.mech_driver.ovsdb.extensions.qos [None req-d2d9f1be-2752-4f99-8ad6-c92e6ed7e6a8 admin admin] Starting OVNClientQosExtension
Jul 02 00:59:13.688985 np0000183843 devstack@neutron-api.service[102037]: INFO neutron.plugins.ml2.drivers.ovn.mech_driver.ovsdb.extensions.placement [None req-d2d9f1be-2752-4f99-8ad6-c92e6ed7e6a8 admin admin] Starting OVNClientPlacementExtension
Jul 02 00:59:13.690550 np0000183843 devstack@neutron-api.service[102037]: DEBUG ovsdbapp.backend.ovs_idl.transaction [-] Running txn n=1 command(idx=0): PgAddCommand(_result=None, name=pg_6af80104_7ba2_4c2b_8650_c91774c66944, may_exist=False, columns={'acls': [], 'external_ids': {'neutron:security_group_id': '6af80104-7ba2-4c2b-8650-c91774c66944'}}) {{(pid=102037) do_commit /opt/stack/data/venv/lib/python3.12/site-packages/ovsdbapp/backend/ovs_idl/transaction.py:89}}
Jul 02 00:59:13.692745 np0000183843 devstack@neutron-api.service[102037]: DEBUG ovsdbapp.backend.ovs_idl.transaction [-] Running txn n=1 command(idx=1): PgAclAddCommand(_result=None, entity=pg_6af80104_7ba2_4c2b_8650_c91774c66944, direction=from-lport, priority=1002, match=inport == @pg_6af80104_7ba2_4c2b_8650_c91774c66944 && ip4, action=allow-related, log=False, may_exist=True, severity=[], name=[], meter=[], external_ids={'neutron:security_group_rule_id': '366f8954-b0c4-4577-9658-b8b86aff077b'}) {{(pid=102037) do_commit /opt/stack/data/venv/lib/python3.12/site-packages/ovsdbapp/backend/ovs_idl/transaction.py:89}}
Jul 02 00:59:13.693410 np0000183843 devstack@neutron-api.service[102037]: DEBUG ovsdbapp.backend.ovs_idl.transaction [-] Running txn n=1 command(idx=2): PgAclAddCommand(_result=None, entity=pg_6af80104_7ba2_4c2b_8650_c91774c66944, direction=from-lport, priority=1002, match=inport == @pg_6af80104_7ba2_4c2b_8650_c91774c66944 && ip6, action=allow-related, log=False, may_exist=True, severity=[], name=[], meter=[], external_ids={'neutron:security_group_rule_id': '9b824fd7-2f63-451c-b224-68aae2c46eac'}) {{(pid=102037) do_commit /opt/stack/data/venv/lib/python3.12/site-packages/ovsdbapp/backend/ovs_idl/transaction.py:89}}
Jul 02 00:59:13.693911 np0000183843 devstack@neutron-api.service[102037]: DEBUG ovsdbapp.backend.ovs_idl.transaction [-] Running txn n=1 command(idx=3): PgAclAddCommand(_result=None, entity=pg_6af80104_7ba2_4c2b_8650_c91774c66944, direction=to-lport, priority=1002, match=outport == @pg_6af80104_7ba2_4c2b_8650_c91774c66944 && ip6 && ip6.src == $pg_6af80104_7ba2_4c2b_8650_c91774c66944_ip6, action=allow-related, log=False, may_exist=True, severity=[], name=[], meter=[], external_ids={'neutron:security_group_rule_id': 'f4b9f91a-52b2-4401-a19c-e23ad37a6254'}) {{(pid=102037) do_commit /opt/stack/data/venv/lib/python3.12/site-packages/ovsdbapp/backend/ovs_idl/transaction.py:89}}
Jul 02 00:59:13.694393 np0000183843 devstack@neutron-api.service[102037]: DEBUG ovsdbapp.backend.ovs_idl.transaction [-] Running txn n=1 command(idx=4): PgAclAddCommand(_result=None, entity=pg_6af80104_7ba2_4c2b_8650_c91774c66944, direction=to-lport, priority=1002, match=outport == @pg_6af80104_7ba2_4c2b_8650_c91774c66944 && ip4 && ip4.src == $pg_6af80104_7ba2_4c2b_8650_c91774c66944_ip4, action=allow-related, log=False, may_exist=True, severity=[], name=[], meter=[], external_ids={'neutron:security_group_rule_id': 'fdaac482-7361-4f77-bddf-595d7e353719'}) {{(pid=102037) do_commit /opt/stack/data/venv/lib/python3.12/site-packages/ovsdbapp/backend/ovs_idl/transaction.py:89}}
Jul 02 00:59:13.699859 np0000183843 devstack@neutron-api.service[102037]: DEBUG neutron.plugins.ml2.drivers.ovn.mech_driver.ovsdb.ovsdb_monitor [-] Hash Ring: Node 165238e7b791532e82213f1511932cca (host: np0000183843) handling event "create" for row 1577cea4-5495-4a3b-a35c-d9f7c8dadcf3 (table: ACL) {{(pid=102037) notify /opt/stack/neutron/neutron/plugins/ml2/drivers/ovn/mech_driver/ovsdb/ovsdb_monitor.py:1015}}
Jul 02 00:59:13.700093 np0000183843 devstack@neutron-api.service[102037]: DEBUG neutron.plugins.ml2.drivers.ovn.mech_driver.ovsdb.ovsdb_monitor [-] Hash Ring: Node 165238e7b791532e82213f1511932cca (host: np0000183843) handling event "create" for row 26e50344-2e9a-4714-929a-fc2abfa11efc (table: Port_Group) {{(pid=102037) notify /opt/stack/neutron/neutron/plugins/ml2/drivers/ovn/mech_driver/ovsdb/ovsdb_monitor.py:1015}}
Jul 02 00:59:13.704619 np0000183843 devstack@neutron-api.service[102038]: DEBUG neutron.plugins.ml2.drivers.ovn.mech_driver.ovsdb.ovsdb_monitor [-] Hash Ring: Node 33b9463c769d55829b4115890b6d7fc7 (host: np0000183843) handling event "create" for row 660cf865-2d5e-4a9a-87f7-c608edb2af47 (table: ACL) {{(pid=102038) notify /opt/stack/neutron/neutron/plugins/ml2/drivers/ovn/mech_driver/ovsdb/ovsdb_monitor.py:1015}}
Jul 02 00:59:13.704828 np0000183843 devstack@neutron-api.service[102039]: DEBUG neutron.plugins.ml2.drivers.ovn.mech_driver.ovsdb.ovsdb_monitor [-] Hash Ring: Node 9e5a795c7f0e52e69edb2317c1171f20 (host: np0000183843) handling event "create" for row 03634a5a-35f8-4406-9018-c77c47dd88ba (table: ACL) {{(pid=102039) notify /opt/stack/neutron/neutron/plugins/ml2/drivers/ovn/mech_driver/ovsdb/ovsdb_monitor.py:1015}}
Jul 02 00:59:13.705287 np0000183843 devstack@neutron-api.service[102038]: DEBUG neutron.plugins.ml2.drivers.ovn.mech_driver.ovsdb.ovsdb_monitor [-] Hash Ring: Node 33b9463c769d55829b4115890b6d7fc7 (host: np0000183843) handling event "create" for row f785feff-bb09-4275-bb92-d8ef970299fc (table: ACL) {{(pid=102038) notify /opt/stack/neutron/neutron/plugins/ml2/drivers/ovn/mech_driver/ovsdb/ovsdb_monitor.py:1015}}
Jul 02 00:59:13.705342 np0000183843 devstack@neutron-api.service[102039]: DEBUG neutron.plugins.ml2.drivers.ovn.mech_driver.ovsdb.ovsdb_monitor [-] Hash Ring: Node 9e5a795c7f0e52e69edb2317c1171f20 (host: np0000183843) handling event "create" for row 1577cea4-5495-4a3b-a35c-d9f7c8dadcf3 (table: ACL) {{(pid=102039) notify /opt/stack/neutron/neutron/plugins/ml2/drivers/ovn/mech_driver/ovsdb/ovsdb_monitor.py:1015}}
Jul 02 00:59:13.705665 np0000183843 devstack@neutron-api.service[102038]: DEBUG neutron.plugins.ml2.drivers.ovn.mech_driver.ovsdb.ovsdb_monitor [-] Hash Ring: Node 33b9463c769d55829b4115890b6d7fc7 (host: np0000183843) handling event "create" for row 26e50344-2e9a-4714-929a-fc2abfa11efc (table: Port_Group) {{(pid=102038) notify /opt/stack/neutron/neutron/plugins/ml2/drivers/ovn/mech_driver/ovsdb/ovsdb_monitor.py:1015}}
Jul 02 00:59:13.705722 np0000183843 devstack@neutron-api.service[102039]: DEBUG neutron.plugins.ml2.drivers.ovn.mech_driver.ovsdb.ovsdb_monitor [-] Hash Ring: Node 9e5a795c7f0e52e69edb2317c1171f20 (host: np0000183843) handling event "create" for row 660cf865-2d5e-4a9a-87f7-c608edb2af47 (table: ACL) {{(pid=102039) notify /opt/stack/neutron/neutron/plugins/ml2/drivers/ovn/mech_driver/ovsdb/ovsdb_monitor.py:1015}}
Jul 02 00:59:13.705722 np0000183843 devstack@neutron-api.service[102039]: DEBUG neutron.plugins.ml2.drivers.ovn.mech_driver.ovsdb.ovsdb_monitor [-] Hash Ring: Node 9e5a795c7f0e52e69edb2317c1171f20 (host: np0000183843) handling event "create" for row f785feff-bb09-4275-bb92-d8ef970299fc (table: ACL) {{(pid=102039) notify /opt/stack/neutron/neutron/plugins/ml2/drivers/ovn/mech_driver/ovsdb/ovsdb_monitor.py:1015}}
Jul 02 00:59:13.706044 np0000183843 devstack@neutron-api.service[102039]: DEBUG neutron.plugins.ml2.drivers.ovn.mech_driver.ovsdb.ovsdb_monitor [-] Hash Ring: Node 9e5a795c7f0e52e69edb2317c1171f20 (host: np0000183843) handling event "create" for row 26e50344-2e9a-4714-929a-fc2abfa11efc (table: Port_Group) {{(pid=102039) notify /opt/stack/neutron/neutron/plugins/ml2/drivers/ovn/mech_driver/ovsdb/ovsdb_monitor.py:1015}}
Jul 02 00:59:13.712851 np0000183843 devstack@neutron-api.service[102036]: DEBUG neutron.plugins.ml2.drivers.ovn.mech_driver.ovsdb.ovsdb_monitor [-] Hash Ring: Node 684f3e19765459f98f56ed1f7fd072bf (host: np0000183843) handling event "create" for row 03634a5a-35f8-4406-9018-c77c47dd88ba (table: ACL) {{(pid=102036) notify /opt/stack/neutron/neutron/plugins/ml2/drivers/ovn/mech_driver/ovsdb/ovsdb_monitor.py:1015}}
Jul 02 00:59:13.735021 np0000183843 devstack@neutron-api.service[102037]: INFO neutron.db.ovn_revision_numbers_db [None req-d2d9f1be-2752-4f99-8ad6-c92e6ed7e6a8 admin admin] Successfully bumped revision number for resource 6af80104-7ba2-4c2b-8650-c91774c66944 (type: security_groups) to 1
Jul 02 00:59:13.752157 np0000183843 devstack@neutron-api.service[102037]: INFO neutron.db.ovn_revision_numbers_db [None req-d2d9f1be-2752-4f99-8ad6-c92e6ed7e6a8 admin admin] Successfully bumped revision number for resource 366f8954-b0c4-4577-9658-b8b86aff077b (type: security_group_rules) to 0
Jul 02 00:59:13.767337 np0000183843 devstack@neutron-api.service[102037]: INFO neutron.db.ovn_revision_numbers_db [None req-d2d9f1be-2752-4f99-8ad6-c92e6ed7e6a8 admin admin] Successfully bumped revision number for resource 9b824fd7-2f63-451c-b224-68aae2c46eac (type: security_group_rules) to 0
Jul 02 00:59:13.782866 np0000183843 devstack@neutron-api.service[102037]: INFO neutron.db.ovn_revision_numbers_db [None req-d2d9f1be-2752-4f99-8ad6-c92e6ed7e6a8 admin admin] Successfully bumped revision number for resource f4b9f91a-52b2-4401-a19c-e23ad37a6254 (type: security_group_rules) to 0
Jul 02 00:59:13.797687 np0000183843 devstack@neutron-api.service[102037]: INFO neutron.db.ovn_revision_numbers_db [None req-d2d9f1be-2752-4f99-8ad6-c92e6ed7e6a8 admin admin] Successfully bumped revision number for resource fdaac482-7361-4f77-bddf-595d7e353719 (type: security_group_rules) to 0
Jul 02 00:59:13.824338 np0000183843 devstack@neutron-api.service[102037]: DEBUG neutron.api.rpc.handlers.resources_rpc [None req-d2d9f1be-2752-4f99-8ad6-c92e6ed7e6a8 admin admin] Pushing event updated for resources: {'SecurityGroup': ['ID=6af80104-7ba2-4c2b-8650-c91774c66944,revision_number=1']} {{(pid=102037) push /opt/stack/neutron/neutron/api/rpc/handlers/resources_rpc.py:237}}
Jul 02 00:59:13.833659 np0000183843 devstack@neutron-api.service[102037]: DEBUG ovsdbapp.backend.ovs_idl.transaction [-] Running txn n=1 command(idx=0): CheckLivenessCommand(_result=None) {{(pid=102037) do_commit /opt/stack/data/venv/lib/python3.12/site-packages/ovsdbapp/backend/ovs_idl/transaction.py:89}}
Jul 02 00:59:13.862935 np0000183843 devstack@neutron-api.service[102037]: DEBUG neutron.plugins.ml2.drivers.ovn.mech_driver.ovsdb.ovsdb_monitor [-] Hash Ring: Node 165238e7b791532e82213f1511932cca (host: np0000183843) handling event "update" for row 6e0f1291-8494-4f7d-8266-e09d9d840fab (table: NB_Global) {{(pid=102037) notify /opt/stack/neutron/neutron/plugins/ml2/drivers/ovn/mech_driver/ovsdb/ovsdb_monitor.py:1015}}
Jul 02 00:59:13.864588 np0000183843 devstack@neutron-api.service[102038]: DEBUG neutron.plugins.ml2.drivers.ovn.mech_driver.ovsdb.ovsdb_monitor [-] Hash Ring: Node 33b9463c769d55829b4115890b6d7fc7 (host: np0000183843) handling event "update" for row 6e0f1291-8494-4f7d-8266-e09d9d840fab (table: NB_Global) {{(pid=102038) notify /opt/stack/neutron/neutron/plugins/ml2/drivers/ovn/mech_driver/ovsdb/ovsdb_monitor.py:1015}}
Jul 02 00:59:13.866370 np0000183843 devstack@neutron-api.service[102038]: DEBUG neutron.plugins.ml2.drivers.ovn.mech_driver.ovsdb.ovsdb_monitor [-] Hash Ring: Node 33b9463c769d55829b4115890b6d7fc7 (host: np0000183843) handling event "update" for row 6e0f1291-8494-4f7d-8266-e09d9d840fab (table: NB_Global) {{(pid=102038) notify /opt/stack/neutron/neutron/plugins/ml2/drivers/ovn/mech_driver/ovsdb/ovsdb_monitor.py:1015}}
Jul 02 00:59:13.867040 np0000183843 devstack@neutron-api.service[102039]: DEBUG neutron.plugins.ml2.drivers.ovn.mech_driver.ovsdb.ovsdb_monitor [-] Hash Ring: Node 9e5a795c7f0e52e69edb2317c1171f20 (host: np0000183843) handling event "update" for row 6e0f1291-8494-4f7d-8266-e09d9d840fab (table: NB_Global) {{(pid=102039) notify /opt/stack/neutron/neutron/plugins/ml2/drivers/ovn/mech_driver/ovsdb/ovsdb_monitor.py:1015}}
Jul 02 00:59:13.867794 np0000183843 devstack@neutron-api.service[102038]: DEBUG neutron.plugins.ml2.drivers.ovn.mech_driver.ovsdb.ovsdb_monitor [-] ChassisAgentWriteEvent : Matched Chassis_Private, update, None None {{(pid=102038) matches /opt/stack/neutron/neutron/plugins/ml2/drivers/ovn/mech_driver/ovsdb/ovsdb_monitor.py:64}}
Jul 02 00:59:13.868563 np0000183843 devstack@neutron-api.service[102039]: DEBUG neutron.plugins.ml2.drivers.ovn.mech_driver.ovsdb.ovsdb_monitor [-] Hash Ring: Node 9e5a795c7f0e52e69edb2317c1171f20 (host: np0000183843) handling event "update" for row 6e0f1291-8494-4f7d-8266-e09d9d840fab (table: NB_Global) {{(pid=102039) notify /opt/stack/neutron/neutron/plugins/ml2/drivers/ovn/mech_driver/ovsdb/ovsdb_monitor.py:1015}}
Jul 02 00:59:13.870658 np0000183843 devstack@neutron-api.service[102039]: DEBUG neutron.plugins.ml2.drivers.ovn.mech_driver.ovsdb.ovsdb_monitor [-] ChassisAgentWriteEvent : Matched Chassis_Private, update, None None {{(pid=102039) matches /opt/stack/neutron/neutron/plugins/ml2/drivers/ovn/mech_driver/ovsdb/ovsdb_monitor.py:64}}
Jul 02 00:59:13.871437 np0000183843 devstack@neutron-api.service[102038]: DEBUG neutron.plugins.ml2.drivers.ovn.mech_driver.ovsdb.ovsdb_monitor [-] Hash Ring: Node 33b9463c769d55829b4115890b6d7fc7 (host: np0000183843) handling event "update" for row 6e0f1291-8494-4f7d-8266-e09d9d840fab (table: NB_Global) {{(pid=102038) notify /opt/stack/neutron/neutron/plugins/ml2/drivers/ovn/mech_driver/ovsdb/ovsdb_monitor.py:1015}}
Jul 02 00:59:13.872286 np0000183843 devstack@neutron-api.service[102037]: DEBUG neutron.api.rpc.callbacks.version_manager [None req-d2d9f1be-2752-4f99-8ad6-c92e6ed7e6a8 admin admin] Tracked resource versions report:
Jul 02 00:59:13.872286 np0000183843 devstack@neutron-api.service[102037]: pushed versions:
Jul 02 00:59:13.872286 np0000183843 devstack@neutron-api.service[102037]: { 'AddressGroup': {'1.2'},
Jul 02 00:59:13.872286 np0000183843 devstack@neutron-api.service[102037]: 'Agent': {'1.1'},
Jul 02 00:59:13.872286 np0000183843 devstack@neutron-api.service[102037]: 'ConntrackHelper': {'1.0'},
Jul 02 00:59:13.872286 np0000183843 devstack@neutron-api.service[102037]: 'LocalIPAssociation': {'1.0'},
Jul 02 00:59:13.872286 np0000183843 devstack@neutron-api.service[102037]: 'Log': {'1.0'},
Jul 02 00:59:13.872286 np0000183843 devstack@neutron-api.service[102037]: 'NDPProxy': {'1.0'},
Jul 02 00:59:13.872286 np0000183843 devstack@neutron-api.service[102037]: 'Network': {'1.3'},
Jul 02 00:59:13.872286 np0000183843 devstack@neutron-api.service[102037]: 'Port': {'1.11'},
Jul 02 00:59:13.872286 np0000183843 devstack@neutron-api.service[102037]: 'PortForwarding': {'1.3'},
Jul 02 00:59:13.872286 np0000183843 devstack@neutron-api.service[102037]: 'QosPolicy': {'1.10'},
Jul 02 00:59:13.872286 np0000183843 devstack@neutron-api.service[102037]: 'SecurityGroup': {'1.6'},
Jul 02 00:59:13.872286 np0000183843 devstack@neutron-api.service[102037]: 'SecurityGroupRule': {'1.3'},
Jul 02 00:59:13.872286 np0000183843 devstack@neutron-api.service[102037]: 'SubPort': {'1.0'},
Jul 02 00:59:13.872286 np0000183843 devstack@neutron-api.service[102037]: 'Subnet': {'1.2'},
Jul 02 00:59:13.872286 np0000183843 devstack@neutron-api.service[102037]: 'Trunk': {'1.1'}}
Jul 02 00:59:13.872286 np0000183843 devstack@neutron-api.service[102037]: consumer versions:
Jul 02 00:59:13.872286 np0000183843 devstack@neutron-api.service[102037]: {}
Jul 02 00:59:13.872286 np0000183843 devstack@neutron-api.service[102037]: {{(pid=102037) report /opt/stack/neutron/neutron/api/rpc/callbacks/version_manager.py:183}}
Jul 02 00:59:13.873319 np0000183843 devstack@neutron-api.service[102036]: DEBUG neutron.plugins.ml2.drivers.ovn.mech_driver.ovsdb.ovsdb_monitor [-] ChassisAgentWriteEvent : Matched Chassis_Private, update, None None {{(pid=102036) matches /opt/stack/neutron/neutron/plugins/ml2/drivers/ovn/mech_driver/ovsdb/ovsdb_monitor.py:64}}
Jul 02 00:59:13.873319 np0000183843 devstack@neutron-api.service[102036]: DEBUG neutron.plugins.ml2.drivers.ovn.mech_driver.ovsdb.ovsdb_monitor [-] Hash Ring: Node 684f3e19765459f98f56ed1f7fd072bf (host: np0000183843) handling event "update" for row f8734e79-2276-481f-8d72-235467db9ced (table: Chassis_Private) {{(pid=102036) notify /opt/stack/neutron/neutron/plugins/ml2/drivers/ovn/mech_driver/ovsdb/ovsdb_monitor.py:1015}}
Jul 02 00:59:13.875766 np0000183843 devstack@neutron-api.service[102038]: DEBUG neutron.plugins.ml2.drivers.ovn.mech_driver.ovsdb.ovsdb_monitor [-] Hash Ring: Node 33b9463c769d55829b4115890b6d7fc7 (host: np0000183843) handling event "update" for row 6e0f1291-8494-4f7d-8266-e09d9d840fab (table: NB_Global) {{(pid=102038) notify /opt/stack/neutron/neutron/plugins/ml2/drivers/ovn/mech_driver/ovsdb/ovsdb_monitor.py:1015}}
Jul 02 00:59:13.876853 np0000183843 devstack@neutron-api.service[102039]: DEBUG neutron.plugins.ml2.drivers.ovn.mech_driver.ovsdb.ovsdb_monitor [-] Hash Ring: Node 9e5a795c7f0e52e69edb2317c1171f20 (host: np0000183843) handling event "update" for row 6e0f1291-8494-4f7d-8266-e09d9d840fab (table: NB_Global) {{(pid=102039) notify /opt/stack/neutron/neutron/plugins/ml2/drivers/ovn/mech_driver/ovsdb/ovsdb_monitor.py:1015}}
Jul 02 00:59:13.877810 np0000183843 devstack@neutron-api.service[102039]: DEBUG neutron.plugins.ml2.drivers.ovn.mech_driver.ovsdb.ovsdb_monitor [-] Hash Ring: Node 9e5a795c7f0e52e69edb2317c1171f20 (host: np0000183843) handling event "update" for row 6e0f1291-8494-4f7d-8266-e09d9d840fab (table: NB_Global) {{(pid=102039) notify /opt/stack/neutron/neutron/plugins/ml2/drivers/ovn/mech_driver/ovsdb/ovsdb_monitor.py:1015}}
Jul 02 00:59:13.879301 np0000183843 devstack@neutron-api.service[102037]: DEBUG neutron.plugins.ml2.drivers.ovn.mech_driver.ovsdb.ovsdb_monitor [-] ChassisAgentWriteEvent : Matched Chassis_Private, update, None None {{(pid=102037) matches /opt/stack/neutron/neutron/plugins/ml2/drivers/ovn/mech_driver/ovsdb/ovsdb_monitor.py:64}}
Jul 02 00:59:13.880259 np0000183843 devstack@neutron-api.service[102039]: DEBUG neutron.common.ovn.hash_ring_manager [-] Allow caching, nodes 4>=4 {{(pid=102039) _wait_startup_before_caching /opt/stack/neutron/neutron/common/ovn/hash_ring_manager.py:71}}
Jul 02 00:59:13.880259 np0000183843 devstack@neutron-api.service[102039]: DEBUG neutron.plugins.ml2.drivers.ovn.mech_driver.ovsdb.ovsdb_monitor [-] Hash Ring: Node 9e5a795c7f0e52e69edb2317c1171f20 (host: np0000183843) handling event "update" for row f8734e79-2276-481f-8d72-235467db9ced (table: Chassis_Private) {{(pid=102039) notify /opt/stack/neutron/neutron/plugins/ml2/drivers/ovn/mech_driver/ovsdb/ovsdb_monitor.py:1015}}
Jul 02 00:59:13.881272 np0000183843 devstack@neutron-api.service[102037]: DEBUG neutron.plugins.ml2.drivers.ovn.mech_driver.ovsdb.ovsdb_monitor [-] Hash Ring: Node 165238e7b791532e82213f1511932cca (host: np0000183843) handling event "update" for row 6e0f1291-8494-4f7d-8266-e09d9d840fab (table: NB_Global) {{(pid=102037) notify /opt/stack/neutron/neutron/plugins/ml2/drivers/ovn/mech_driver/ovsdb/ovsdb_monitor.py:1015}}
Jul 02 00:59:13.881858 np0000183843 devstack@neutron-api.service[102038]: DEBUG neutron.plugins.ml2.drivers.ovn.mech_driver.ovsdb.ovsdb_monitor [-] ChassisOVNAgentWriteEvent : Matched Chassis_Private, update, None None {{(pid=102038) matches /opt/stack/neutron/neutron/plugins/ml2/drivers/ovn/mech_driver/ovsdb/ovsdb_monitor.py:64}}
Jul 02 00:59:13.881964 np0000183843 devstack@neutron-api.service[102036]: DEBUG neutron.plugins.ml2.drivers.ovn.mech_driver.ovsdb.ovsdb_monitor [-] ChassisOVNAgentWriteEvent : Matched Chassis_Private, update, None None {{(pid=102036) matches /opt/stack/neutron/neutron/plugins/ml2/drivers/ovn/mech_driver/ovsdb/ovsdb_monitor.py:64}}
Jul 02 00:59:13.882056 np0000183843 devstack@neutron-api.service[102039]: DEBUG neutron.plugins.ml2.drivers.ovn.mech_driver.ovsdb.ovsdb_monitor [-] ChassisOVNAgentWriteEvent : Matched Chassis_Private, update, None None {{(pid=102039) matches /opt/stack/neutron/neutron/plugins/ml2/drivers/ovn/mech_driver/ovsdb/ovsdb_monitor.py:64}}
Jul 02 00:59:13.882449 np0000183843 devstack@neutron-api.service[102036]: DEBUG neutron.plugins.ml2.drivers.ovn.mech_driver.ovsdb.ovsdb_monitor [-] Hash Ring: Node 684f3e19765459f98f56ed1f7fd072bf (host: np0000183843) handling event "update" for row f8734e79-2276-481f-8d72-235467db9ced (table: Chassis_Private) {{(pid=102036) notify /opt/stack/neutron/neutron/plugins/ml2/drivers/ovn/mech_driver/ovsdb/ovsdb_monitor.py:1015}}
Jul 02 00:59:13.882540 np0000183843 devstack@neutron-api.service[102037]: DEBUG neutron.plugins.ml2.drivers.ovn.mech_driver.ovsdb.ovsdb_monitor [-] Hash Ring: Node 165238e7b791532e82213f1511932cca (host: np0000183843) handling event "update" for row 6e0f1291-8494-4f7d-8266-e09d9d840fab (table: NB_Global) {{(pid=102037) notify /opt/stack/neutron/neutron/plugins/ml2/drivers/ovn/mech_driver/ovsdb/ovsdb_monitor.py:1015}}
Jul 02 00:59:13.882624 np0000183843 devstack@neutron-api.service[102039]: DEBUG neutron.plugins.ml2.drivers.ovn.mech_driver.ovsdb.ovsdb_monitor [-] Hash Ring: Node 9e5a795c7f0e52e69edb2317c1171f20 (host: np0000183843) handling event "update" for row f8734e79-2276-481f-8d72-235467db9ced (table: Chassis_Private) {{(pid=102039) notify /opt/stack/neutron/neutron/plugins/ml2/drivers/ovn/mech_driver/ovsdb/ovsdb_monitor.py:1015}}
Jul 02 00:59:13.882710 np0000183843 devstack@neutron-api.service[102037]: DEBUG neutron.plugins.ml2.drivers.ovn.mech_driver.ovsdb.ovsdb_monitor [-] Hash Ring: Node 165238e7b791532e82213f1511932cca (host: np0000183843) handling event "update" for row 6e0f1291-8494-4f7d-8266-e09d9d840fab (table: NB_Global) {{(pid=102037) notify /opt/stack/neutron/neutron/plugins/ml2/drivers/ovn/mech_driver/ovsdb/ovsdb_monitor.py:1015}}
Jul 02 00:59:13.887924 np0000183843 devstack@neutron-api.service[102037]: DEBUG neutron.plugins.ml2.drivers.ovn.mech_driver.ovsdb.ovsdb_monitor [-] ChassisOVNAgentWriteEvent : Matched Chassis_Private, update, None None {{(pid=102037) matches /opt/stack/neutron/neutron/plugins/ml2/drivers/ovn/mech_driver/ovsdb/ovsdb_monitor.py:64}}
Jul 02 00:59:13.950422 np0000183843 devstack@neutron-api.service[102037]: DEBUG neutron.plugins.ml2.drivers.helpers [None req-d2d9f1be-2752-4f99-8ad6-c92e6ed7e6a8 admin admin] geneve segment allocate from pool success with {'geneve_vni': 10815} {{(pid=102037) allocate_partially_specified_segment /opt/stack/neutron/neutron/plugins/ml2/drivers/helpers.py:142}}
Jul 02 00:59:13.965406 np0000183843 devstack@neutron-api.service[102037]: DEBUG neutron_lib.callbacks.manager [None req-d2d9f1be-2752-4f99-8ad6-c92e6ed7e6a8 admin admin] Publish callbacks ['neutron.services.segments.db._add_segment_host_mapping_for_segment-8059396932318', 'neutron.plugins.ml2.plugin.Ml2Plugin._handle_segment_change-16016311'] for segment (6457cc8d-c2d4-4574-85d8-7accb90b4d03), precommit_create {{(pid=102037) _notify_loop /opt/stack/data/venv/lib/python3.12/site-packages/neutron_lib/callbacks/manager.py:184}}
Jul 02 00:59:13.965696 np0000183843 devstack@neutron-api.service[102037]: INFO neutron.db.segments_db [None req-d2d9f1be-2752-4f99-8ad6-c92e6ed7e6a8 admin admin] Added segment 6457cc8d-c2d4-4574-85d8-7accb90b4d03 of type geneve for network 3f3f5be8-300d-4fe2-8283-83b1ffd67a28
Jul 02 00:59:14.012583 np0000183843 devstack@neutron-api.service[102037]: DEBUG neutron_lib.callbacks.manager [None req-d2d9f1be-2752-4f99-8ad6-c92e6ed7e6a8 admin admin] Publish callbacks ['neutron.services.auto_allocate.db._ensure_external_network_default_value_callback-8059394946732'] for network (3f3f5be8-300d-4fe2-8283-83b1ffd67a28), precommit_create {{(pid=102037) _notify_loop /opt/stack/data/venv/lib/python3.12/site-packages/neutron_lib/callbacks/manager.py:184}}
Jul 02 00:59:14.029242 np0000183843 devstack@neutron-api.service[102037]: DEBUG neutron.plugins.ml2.drivers.ovn.mech_driver.mech_driver [None req-d2d9f1be-2752-4f99-8ad6-c92e6ed7e6a8 admin admin] Validating network segment with type geneve, segmentation ID 10815, physical network None {{(pid=102037) _validate_network_segments /opt/stack/neutron/neutron/plugins/ml2/drivers/ovn/mech_driver/mech_driver.py:646}}
Jul 02 00:59:14.029360 np0000183843 devstack@neutron-api.service[102037]: DEBUG neutron.db.ovn_revision_numbers_db [None req-d2d9f1be-2752-4f99-8ad6-c92e6ed7e6a8 admin admin] create_initial_revision uuid=3f3f5be8-300d-4fe2-8283-83b1ffd67a28, type=networks, rev=-1 {{(pid=102037) create_initial_revision /opt/stack/neutron/neutron/db/ovn_revision_numbers_db.py:98}}
Jul 02 00:59:14.050330 np0000183843 devstack@neutron-api.service[102037]: DEBUG neutron_lib.callbacks.manager [None req-d2d9f1be-2752-4f99-8ad6-c92e6ed7e6a8 admin admin] Publish callbacks ['neutron.plugins.ml2.ovo_rpc._ObjectChangeHandler.handle_event-2266317'] for network (3f3f5be8-300d-4fe2-8283-83b1ffd67a28), after_create {{(pid=102037) _notify_loop /opt/stack/data/venv/lib/python3.12/site-packages/neutron_lib/callbacks/manager.py:184}}
Jul 02 00:59:14.102916 np0000183843 devstack@neutron-api.service[102037]: DEBUG neutron.api.rpc.handlers.resources_rpc [None req-d2d9f1be-2752-4f99-8ad6-c92e6ed7e6a8 admin admin] Pushing event updated for resources: {'Network': ['ID=3f3f5be8-300d-4fe2-8283-83b1ffd67a28,revision_number=1']} {{(pid=102037) push /opt/stack/neutron/neutron/api/rpc/handlers/resources_rpc.py:237}}
Jul 02 00:59:14.114158 np0000183843 devstack@neutron-api.service[102037]: DEBUG ovsdbapp.backend.ovs_idl.transaction [-] Running txn n=1 command(idx=0): AddNetworkCommand(_result=None, network_uuid=3f3f5be8-300d-4fe2-8283-83b1ffd67a28, may_exist=True, columns={'external_ids': {'neutron:network_name': 'private', 'neutron:mtu': '1372', 'neutron:revision_number': '1', 'neutron:availability_zone_hints': '', 'neutron:provnet-network-type': 'geneve'}, 'other_config': {'mcast_snoop': 'false', 'mcast_flood_unregistered': 'false', 'vlan-passthru': 'false'}}) {{(pid=102037) do_commit /opt/stack/data/venv/lib/python3.12/site-packages/ovsdbapp/backend/ovs_idl/transaction.py:89}}
Jul 02 00:59:14.114960 np0000183843 devstack@neutron-api.service[102037]: DEBUG neutron.common.ovn.utils [-] OVS persist_uuid supported=True {{(pid=102037) ovs_persist_uuid_supported /opt/stack/neutron/neutron/common/ovn/utils.py:1562}}
Jul 02 00:59:14.118786 np0000183843 devstack@neutron-api.service[102039]: DEBUG neutron.plugins.ml2.drivers.ovn.mech_driver.ovsdb.ovsdb_monitor [-] Hash Ring: Node 9e5a795c7f0e52e69edb2317c1171f20 (host: np0000183843) handling event "create" for row 3f3f5be8-300d-4fe2-8283-83b1ffd67a28 (table: Logical_Switch) {{(pid=102039) notify /opt/stack/neutron/neutron/plugins/ml2/drivers/ovn/mech_driver/ovsdb/ovsdb_monitor.py:1015}}
Jul 02 00:59:14.120801 np0000183843 devstack@neutron-api.service[102037]: DEBUG neutron.plugins.ml2.drivers.ovn.mech_driver.ovsdb.ovsdb_monitor [-] Hash Ring: Node 165238e7b791532e82213f1511932cca (host: np0000183843) handling event "create" for row 3f3f5be8-300d-4fe2-8283-83b1ffd67a28 (table: Logical_Switch) {{(pid=102037) notify /opt/stack/neutron/neutron/plugins/ml2/drivers/ovn/mech_driver/ovsdb/ovsdb_monitor.py:1015}}
Jul 02 00:59:14.130599 np0000183843 devstack@neutron-api.service[102039]: DEBUG neutron.plugins.ml2.drivers.ovn.mech_driver.ovsdb.ovsdb_monitor [-] Hash Ring: Node 9e5a795c7f0e52e69edb2317c1171f20 (host: np0000183843) handling event "create" for row 6e272f1b-8853-44c8-9604-f95c1f16a5ba (table: Datapath_Binding) {{(pid=102039) notify /opt/stack/neutron/neutron/plugins/ml2/drivers/ovn/mech_driver/ovsdb/ovsdb_monitor.py:1015}}
Jul 02 00:59:14.132336 np0000183843 devstack@neutron-api.service[102038]: DEBUG neutron.plugins.ml2.drivers.ovn.mech_driver.ovsdb.ovsdb_monitor [-] Hash Ring: Node 33b9463c769d55829b4115890b6d7fc7 (host: np0000183843) handling event "create" for row 6e272f1b-8853-44c8-9604-f95c1f16a5ba (table: Datapath_Binding) {{(pid=102038) notify /opt/stack/neutron/neutron/plugins/ml2/drivers/ovn/mech_driver/ovsdb/ovsdb_monitor.py:1015}}
Jul 02 00:59:14.166981 np0000183843 devstack@neutron-api.service[102037]: INFO neutron.db.ovn_revision_numbers_db [None req-d2d9f1be-2752-4f99-8ad6-c92e6ed7e6a8 admin admin] Successfully bumped revision number for resource 3f3f5be8-300d-4fe2-8283-83b1ffd67a28 (type: networks) to 1
Jul 02 00:59:14.226863 np0000183843 devstack@neutron-api.service[102037]: DEBUG neutron_lib.callbacks.manager [None req-d2d9f1be-2752-4f99-8ad6-c92e6ed7e6a8 admin admin] Publish callbacks ['neutron.plugins.ml2.plugin.SecurityGroupDbMixin._ensure_default_security_group_handler-15746899'] for port (None), before_create {{(pid=102037) _notify_loop /opt/stack/data/venv/lib/python3.12/site-packages/neutron_lib/callbacks/manager.py:184}}
Jul 02 00:59:14.487393 np0000183843 devstack@neutron-api.service[102037]: DEBUG neutron_lib.callbacks.manager [None req-d2d9f1be-2752-4f99-8ad6-c92e6ed7e6a8 admin admin] Publish callbacks ['neutron.plugins.ml2.drivers.ovn.mech_driver.mech_driver.OVNMechanismDriver._validate_allowed_address_pairs-881366'] for allowed_address_pair (b32e4fd9-0733-45d5-b373-e29f950c2603), before_create {{(pid=102037) _notify_loop /opt/stack/data/venv/lib/python3.12/site-packages/neutron_lib/callbacks/manager.py:184}}
Jul 02 00:59:14.488056 np0000183843 devstack@neutron-api.service[102037]: DEBUG neutron_lib.callbacks.manager [None req-d2d9f1be-2752-4f99-8ad6-c92e6ed7e6a8 admin admin] Publish callbacks [] for port (b32e4fd9-0733-45d5-b373-e29f950c2603), precommit_create {{(pid=102037) _notify_loop /opt/stack/data/venv/lib/python3.12/site-packages/neutron_lib/callbacks/manager.py:184}}
Jul 02 00:59:14.488361 np0000183843 devstack@neutron-api.service[102037]: DEBUG neutron.plugins.ml2.drivers.ovn.mech_driver.mech_driver [None req-d2d9f1be-2752-4f99-8ad6-c92e6ed7e6a8 admin admin] No provisioning block for port b32e4fd9-0733-45d5-b373-e29f950c2603 since it does not have a host {{(pid=102037) _is_port_provisioning_required /opt/stack/neutron/neutron/plugins/ml2/drivers/ovn/mech_driver/mech_driver.py:899}}
Jul 02 00:59:14.488501 np0000183843 devstack@neutron-api.service[102037]: DEBUG neutron.db.ovn_revision_numbers_db [None req-d2d9f1be-2752-4f99-8ad6-c92e6ed7e6a8 admin admin] create_initial_revision uuid=b32e4fd9-0733-45d5-b373-e29f950c2603, type=ports, rev=-1 {{(pid=102037) create_initial_revision /opt/stack/neutron/neutron/db/ovn_revision_numbers_db.py:98}}
Jul 02 00:59:14.554591 np0000183843 devstack@neutron-api.service[102037]: DEBUG neutron_lib.callbacks.manager [None req-d2d9f1be-2752-4f99-8ad6-c92e6ed7e6a8 admin admin] Publish callbacks ['neutron.plugins.ml2.ovo_rpc._ObjectChangeHandler.handle_event-2266400'] for port (b32e4fd9-0733-45d5-b373-e29f950c2603), after_create {{(pid=102037) _notify_loop /opt/stack/data/venv/lib/python3.12/site-packages/neutron_lib/callbacks/manager.py:184}}
Jul 02 00:59:14.612753 np0000183843 devstack@neutron-api.service[102037]: DEBUG neutron.api.rpc.handlers.resources_rpc [None req-d2d9f1be-2752-4f99-8ad6-c92e6ed7e6a8 admin admin] Pushing event updated for resources: {'Port': ['ID=b32e4fd9-0733-45d5-b373-e29f950c2603,revision_number=1']} {{(pid=102037) push /opt/stack/neutron/neutron/api/rpc/handlers/resources_rpc.py:237}}
Jul 02 00:59:14.655470 np0000183843 devstack@neutron-api.service[102037]: DEBUG neutron.plugins.ml2.drivers.ovn.mech_driver.ovsdb.commands [None req-d2d9f1be-2752-4f99-8ad6-c92e6ed7e6a8 admin admin] Converting tag [] to a tag_request {{(pid=102037) _tag_column_to_tag_request /opt/stack/neutron/neutron/plugins/ml2/drivers/ovn/mech_driver/ovsdb/commands.py:205}}
Jul 02 00:59:14.656585 np0000183843 devstack@neutron-api.service[102037]: DEBUG ovsdbapp.backend.ovs_idl.transaction [-] Running txn n=1 command(idx=0): AddLSwitchPortCommand(_result=None, lport=b32e4fd9-0733-45d5-b373-e29f950c2603, lswitch=neutron-3f3f5be8-300d-4fe2-8283-83b1ffd67a28, may_exist=True, network_uuid=3f3f5be8-300d-4fe2-8283-83b1ffd67a28, columns={'addresses': ['fa:16:3e:e8:4a:08'], 'external_ids': {'neutron:port_name': '', 'neutron:device_id': 'ovnmeta-3f3f5be8-300d-4fe2-8283-83b1ffd67a28', 'neutron:project_id': '69cce7dd45b642ca8b79608f93b8326d', 'neutron:cidrs': '', 'neutron:device_owner': 'network:distributed', 'neutron:subnet_pool_addr_scope4': '', 'neutron:subnet_pool_addr_scope6': '', 'neutron:network_name': 'neutron-3f3f5be8-300d-4fe2-8283-83b1ffd67a28', 'neutron:security_group_ids': '', 'neutron:revision_number': '1', 'neutron:vnic_type': 'normal', 'neutron:port_capabilities': '', 'neutron:mtu': '1372'}, 'parent_name': [], 'enabled': True, 'options': {}, 'type': 'localport', 'port_security': [], 'dhcpv4_options': [], 'dhcpv6_options': [], 'tag_request': []}) {{(pid=102037) do_commit /opt/stack/data/venv/lib/python3.12/site-packages/ovsdbapp/backend/ovs_idl/transaction.py:89}}
Jul 02 00:59:14.657590 np0000183843 devstack@neutron-api.service[102037]: DEBUG ovsdbapp.backend.ovs_idl.transaction [-] Running txn n=1 command(idx=1): QoSDelCommand(_result=None, switch=neutron-3f3f5be8-300d-4fe2-8283-83b1ffd67a28, conditions=[('direction', '=', 'to-lport'), ('priority', '=', 2002), ('match', '=', 'outport == "b32e4fd9-0733-45d5-b373-e29f950c2603"')], if_exists=True) {{(pid=102037) do_commit /opt/stack/data/venv/lib/python3.12/site-packages/ovsdbapp/backend/ovs_idl/transaction.py:89}}
Jul 02 00:59:14.657891 np0000183843 devstack@neutron-api.service[102037]: DEBUG ovsdbapp.backend.ovs_idl.transaction [-] Running txn n=1 command(idx=2): QoSDelCommand(_result=None, switch=neutron-3f3f5be8-300d-4fe2-8283-83b1ffd67a28, conditions=[('direction', '=', 'from-lport'), ('priority', '=', 2002), ('match', '=', 'inport == "b32e4fd9-0733-45d5-b373-e29f950c2603"')], if_exists=True) {{(pid=102037) do_commit /opt/stack/data/venv/lib/python3.12/site-packages/ovsdbapp/backend/ovs_idl/transaction.py:89}}
Jul 02 00:59:14.662098 np0000183843 devstack@neutron-api.service[102039]: DEBUG neutron.plugins.ml2.drivers.ovn.mech_driver.ovsdb.ovsdb_monitor [-] Hash Ring: Node 9e5a795c7f0e52e69edb2317c1171f20 (host: np0000183843) handling event "update" for row 3f3f5be8-300d-4fe2-8283-83b1ffd67a28 (table: Logical_Switch) {{(pid=102039) notify /opt/stack/neutron/neutron/plugins/ml2/drivers/ovn/mech_driver/ovsdb/ovsdb_monitor.py:1015}}
