Apr 11 01:49:28.380262 np0000164976 devstack@neutron-api.service[104578]: DEBUG neutron.manager [None req-37625022-572b-467c-83ab-a47db472f383 None None] Successfully loaded TAG plugin. Description: Tag support {{(pid=104578) _create_and_add_service_plugin /opt/stack/neutron/neutron/manager.py:239}}
Apr 11 01:49:28.380355 np0000164976 devstack@neutron-api.service[104578]: INFO neutron.manager [None req-37625022-572b-467c-83ab-a47db472f383 None None] Loading Plugin: timestamp
Apr 11 01:49:28.381554 np0000164976 devstack@neutron-api.service[104578]: DEBUG neutron.manager [None req-37625022-572b-467c-83ab-a47db472f383 None None] Successfully loaded timestamp plugin. Description: Adds timestamps to Neutron resources with standard attributes {{(pid=104578) _create_and_add_service_plugin /opt/stack/neutron/neutron/manager.py:239}}
Apr 11 01:49:28.381627 np0000164976 devstack@neutron-api.service[104578]: INFO neutron.manager [None req-37625022-572b-467c-83ab-a47db472f383 None None] Loading Plugin: network_ip_availability
Apr 11 01:49:28.383069 np0000164976 devstack@neutron-api.service[104578]: DEBUG neutron.manager [None req-37625022-572b-467c-83ab-a47db472f383 None None] Successfully loaded network-ip-availability plugin. Description: Provides IP availability data for each network and subnet. {{(pid=104578) _create_and_add_service_plugin /opt/stack/neutron/neutron/manager.py:239}}
Apr 11 01:49:28.383161 np0000164976 devstack@neutron-api.service[104578]: INFO neutron.manager [None req-37625022-572b-467c-83ab-a47db472f383 None None] Loading Plugin: flavors
Apr 11 01:49:28.384037 np0000164976 devstack@neutron-api.service[104578]: DEBUG neutron.manager [None req-37625022-572b-467c-83ab-a47db472f383 None None] Successfully loaded FLAVORS plugin. Description: Neutron Flavors and Service Profiles manager plugin {{(pid=104578) _create_and_add_service_plugin /opt/stack/neutron/neutron/manager.py:239}}
Apr 11 01:49:28.384126 np0000164976 devstack@neutron-api.service[104578]: INFO neutron.manager [None req-37625022-572b-467c-83ab-a47db472f383 None None] Loading Plugin: revisions
Apr 11 01:49:28.385073 np0000164976 devstack@neutron-api.service[104578]: DEBUG neutron.manager [None req-37625022-572b-467c-83ab-a47db472f383 None None] Successfully loaded revision_plugin plugin. Description: Adds revision numbers to resources. {{(pid=104578) _create_and_add_service_plugin /opt/stack/neutron/neutron/manager.py:239}}
Apr 11 01:49:28.385200 np0000164976 devstack@neutron-api.service[104578]: DEBUG oslo_concurrency.lockutils [None req-37625022-572b-467c-83ab-a47db472f383 None None] Lock "manager" "released" by "neutron.manager.NeutronManager._create_instance" :: held 4.703s {{(pid=104578) inner /opt/stack/data/venv/lib/python3.12/site-packages/oslo_concurrency/lockutils.py:538}}
Apr 11 01:49:28.385391 np0000164976 devstack@neutron-api.service[104578]: DEBUG neutron.api.extensions [None req-37625022-572b-467c-83ab-a47db472f383 None None] get_extension_paths = OrderedDict({'/opt/stack/neutron/neutron/extensions': 1}) {{(pid=104578) get_extensions_path /opt/stack/neutron/neutron/api/extensions.py:640}}
Apr 11 01:49:28.385490 np0000164976 devstack@neutron-api.service[104578]: INFO neutron.api.extensions [None req-37625022-572b-467c-83ab-a47db472f383 None None] Initializing extension manager.
Apr 11 01:49:28.385736 np0000164976 devstack@neutron-api.service[104578]: DEBUG neutron.api.extensions [None req-37625022-572b-467c-83ab-a47db472f383 None None] Loading extension file: __init__.py {{(pid=104578) _load_all_extensions_from_path /opt/stack/neutron/neutron/api/extensions.py:449}}
Apr 11 01:49:28.385820 np0000164976 devstack@neutron-api.service[104578]: DEBUG neutron.api.extensions [None req-37625022-572b-467c-83ab-a47db472f383 None None] Loading extension file: __pycache__ {{(pid=104578) _load_all_extensions_from_path /opt/stack/neutron/neutron/api/extensions.py:449}}
Apr 11 01:49:28.385927 np0000164976 devstack@neutron-api.service[104578]: DEBUG neutron.api.extensions [None req-37625022-572b-467c-83ab-a47db472f383 None None] Loading extension file: address_group.py {{(pid=104578) _load_all_extensions_from_path /opt/stack/neutron/neutron/api/extensions.py:449}}
Apr 11 01:49:28.386253 np0000164976 devstack@neutron-api.service[104578]: DEBUG neutron.api.extensions [None req-37625022-572b-467c-83ab-a47db472f383 None None] Ext name="Address group" alias="address-group" description="Support address group" updated="2020-07-15T10:00:00-00:00" {{(pid=104578) _check_extension /opt/stack/neutron/neutron/api/extensions.py:415}}
Apr 11 01:49:28.387708 np0000164976 devstack@neutron-api.service[104578]: INFO neutron.api.extensions [None req-37625022-572b-467c-83ab-a47db472f383 None None] Loaded extension: address-group
Apr 11 01:49:28.387708 np0000164976 devstack@neutron-api.service[104578]: DEBUG neutron.api.extensions [None req-37625022-572b-467c-83ab-a47db472f383 None None] Loading extension file: address_scope.py {{(pid=104578) _load_all_extensions_from_path /opt/stack/neutron/neutron/api/extensions.py:449}}
Apr 11 01:49:28.387708 np0000164976 devstack@neutron-api.service[104578]: DEBUG neutron.api.extensions [None req-37625022-572b-467c-83ab-a47db472f383 None None] Ext name="Address scope" alias="address-scope" description="Address scopes extension." updated="2015-07-26T10:00:00-00:00" {{(pid=104578) _check_extension /opt/stack/neutron/neutron/api/extensions.py:415}}
Apr 11 01:49:28.387708 np0000164976 devstack@neutron-api.service[104578]: INFO neutron.api.extensions [None req-37625022-572b-467c-83ab-a47db472f383 None None] Loaded extension: address-scope
Apr 11 01:49:28.387708 np0000164976 devstack@neutron-api.service[104578]: DEBUG neutron.api.extensions [None req-37625022-572b-467c-83ab-a47db472f383 None None] Loading extension file: admin_state_down_before_update.py {{(pid=104578) _load_all_extensions_from_path /opt/stack/neutron/neutron/api/extensions.py:449}}
Apr 11 01:49:28.387708 np0000164976 devstack@neutron-api.service[104578]: DEBUG neutron.api.extensions [None req-37625022-572b-467c-83ab-a47db472f383 None None] Ext name="Enforce Router's Admin State Down Before Update Extension" alias="router-admin-state-down-before-update" description="Ensure that the admin state of a router is DOWN (admin_state_up=False) before updating the distributed attribute" updated="2019-07-02T15:56:00" {{(pid=104578) _check_extension /opt/stack/neutron/neutron/api/extensions.py:415}}
Apr 11 01:49:28.387708 np0000164976 devstack@neutron-api.service[104578]: INFO neutron.api.extensions [None req-37625022-572b-467c-83ab-a47db472f383 None None] Extension router-admin-state-down-before-update not supported by any of loaded plugins
Apr 11 01:49:28.388065 np0000164976 devstack@neutron-api.service[104578]: DEBUG neutron.api.extensions [None req-37625022-572b-467c-83ab-a47db472f383 None None] Loading extension file: agent.py {{(pid=104578) _load_all_extensions_from_path /opt/stack/neutron/neutron/api/extensions.py:449}}
Apr 11 01:49:28.388065 np0000164976 devstack@neutron-api.service[104578]: DEBUG neutron.api.extensions [None req-37625022-572b-467c-83ab-a47db472f383 None None] Ext name="agent" alias="agent" description="The agent management extension." updated="2013-02-03T10:00:00-00:00" {{(pid=104578) _check_extension /opt/stack/neutron/neutron/api/extensions.py:415}}
Apr 11 01:49:28.388191 np0000164976 devstack@neutron-api.service[104578]: INFO neutron.api.extensions [None req-37625022-572b-467c-83ab-a47db472f383 None None] Loaded extension: agent
Apr 11 01:49:28.388191 np0000164976 devstack@neutron-api.service[104578]: DEBUG neutron.api.extensions [None req-37625022-572b-467c-83ab-a47db472f383 None None] Loading extension file: agent_resources_synced.py {{(pid=104578) _load_all_extensions_from_path /opt/stack/neutron/neutron/api/extensions.py:449}}
Apr 11 01:49:28.388401 np0000164976 devstack@neutron-api.service[104578]: DEBUG neutron.api.extensions [None req-37625022-572b-467c-83ab-a47db472f383 None None] Ext name="Agent's Resource View Synced to Placement" alias="agent-resources-synced" description="Stores success/failure of last sync to Placement" updated="2018-12-19T00:00:00-00:00" {{(pid=104578) _check_extension /opt/stack/neutron/neutron/api/extensions.py:415}}
Apr 11 01:49:28.388572 np0000164976 devstack@neutron-api.service[104578]: INFO neutron.api.extensions [None req-37625022-572b-467c-83ab-a47db472f383 None None] Extension agent-resources-synced not supported by any of loaded plugins
Apr 11 01:49:28.388699 np0000164976 devstack@neutron-api.service[104578]: DEBUG neutron.api.extensions [None req-37625022-572b-467c-83ab-a47db472f383 None None] Loading extension file: allowedaddresspairs.py {{(pid=104578) _load_all_extensions_from_path /opt/stack/neutron/neutron/api/extensions.py:449}}
Apr 11 01:49:28.389331 np0000164976 devstack@neutron-api.service[104578]: DEBUG neutron.api.extensions [None req-37625022-572b-467c-83ab-a47db472f383 None None] Ext name="Allowed Address Pairs" alias="allowed-address-pairs" description="Provides allowed address pairs" updated="2013-07-23T10:00:00-00:00" {{(pid=104578) _check_extension /opt/stack/neutron/neutron/api/extensions.py:415}}
Apr 11 01:49:28.389362 np0000164976 devstack@neutron-api.service[104577]: INFO neutron.plugins.ml2.drivers.type_vlan [None req-e663005b-7bf4-44b5-8106-5c1a4241084e None None] VlanTypeDriver initialization complete
Apr 11 01:49:28.389820 np0000164976 devstack@neutron-api.service[104577]: INFO neutron.plugins.ml2.managers [None req-e663005b-7bf4-44b5-8106-5c1a4241084e None None] Initializing extension driver 'port_security'
Apr 11 01:49:28.389961 np0000164976 devstack@neutron-api.service[104578]: INFO neutron.api.extensions [None req-37625022-572b-467c-83ab-a47db472f383 None None] Loaded extension: allowed-address-pairs
Apr 11 01:49:28.389961 np0000164976 devstack@neutron-api.service[104578]: DEBUG neutron.api.extensions [None req-37625022-572b-467c-83ab-a47db472f383 None None] Loading extension file: auto_allocated_topology.py {{(pid=104578) _load_all_extensions_from_path /opt/stack/neutron/neutron/api/extensions.py:449}}
Apr 11 01:49:28.390009 np0000164976 devstack@neutron-api.service[104577]: INFO neutron.plugins.ml2.extensions.port_security [None req-e663005b-7bf4-44b5-8106-5c1a4241084e None None] PortSecurityExtensionDriver initialization complete
Apr 11 01:49:28.390009 np0000164976 devstack@neutron-api.service[104577]: INFO neutron.plugins.ml2.managers [None req-e663005b-7bf4-44b5-8106-5c1a4241084e None None] Initializing extension driver 'qos'
Apr 11 01:49:28.390009 np0000164976 devstack@neutron-api.service[104577]: DEBUG neutron.plugins.ml2.extensions.qos [None req-e663005b-7bf4-44b5-8106-5c1a4241084e None None] QosExtensionDriver initialization complete {{(pid=104577) initialize /opt/stack/neutron/neutron/plugins/ml2/extensions/qos.py:31}}
Apr 11 01:49:28.390115 np0000164976 devstack@neutron-api.service[104578]: DEBUG neutron.api.extensions [None req-37625022-572b-467c-83ab-a47db472f383 None None] Ext name="Auto Allocated Topology Services" alias="auto-allocated-topology" description="Auto Allocated Topology Services." updated="2016-01-01T00:00:00-00:00" {{(pid=104578) _check_extension /opt/stack/neutron/neutron/api/extensions.py:415}}
Apr 11 01:49:28.390712 np0000164976 devstack@neutron-api.service[104577]: INFO neutron.plugins.ml2.managers [None req-e663005b-7bf4-44b5-8106-5c1a4241084e None None] Initializing mechanism driver 'ovn'
Apr 11 01:49:28.390889 np0000164976 devstack@neutron-api.service[104578]: INFO neutron.api.extensions [None req-37625022-572b-467c-83ab-a47db472f383 None None] Loaded extension: auto-allocated-topology
Apr 11 01:49:28.390937 np0000164976 devstack@neutron-api.service[104577]: INFO neutron.plugins.ml2.drivers.ovn.mech_driver.mech_driver [None req-e663005b-7bf4-44b5-8106-5c1a4241084e None None] Starting OVNMechanismDriver
Apr 11 01:49:28.390967 np0000164976 devstack@neutron-api.service[104578]: DEBUG neutron.api.extensions [None req-37625022-572b-467c-83ab-a47db472f383 None None] Loading extension file: availability_zone.py {{(pid=104578) _load_all_extensions_from_path /opt/stack/neutron/neutron/api/extensions.py:449}}
Apr 11 01:49:28.390967 np0000164976 devstack@neutron-api.service[104578]: DEBUG neutron.api.extensions [None req-37625022-572b-467c-83ab-a47db472f383 None None] Ext name="Availability Zone" alias="availability_zone" description="The availability zone extension." updated="2015-01-01T10:00:00-00:00" {{(pid=104578) _check_extension /opt/stack/neutron/neutron/api/extensions.py:415}}
Apr 11 01:49:28.390967 np0000164976 devstack@neutron-api.service[104578]: INFO neutron.api.extensions [None req-37625022-572b-467c-83ab-a47db472f383 None None] Loaded extension: availability_zone
Apr 11 01:49:28.390967 np0000164976 devstack@neutron-api.service[104578]: DEBUG neutron.api.extensions [None req-37625022-572b-467c-83ab-a47db472f383 None None] Loading extension file: availability_zone_filter.py {{(pid=104578) _load_all_extensions_from_path /opt/stack/neutron/neutron/api/extensions.py:449}}
Apr 11 01:49:28.390967 np0000164976 devstack@neutron-api.service[104578]: DEBUG neutron.api.extensions [None req-37625022-572b-467c-83ab-a47db472f383 None None] Ext name="Availability Zone Filter Extension" alias="availability_zone_filter" description="Add filter parameters to AvailabilityZone resource" updated="2018-06-22T10:00:00-00:00" {{(pid=104578) _check_extension /opt/stack/neutron/neutron/api/extensions.py:415}}
Apr 11 01:49:28.391144 np0000164976 devstack@neutron-api.service[104578]: INFO neutron.api.extensions [None req-37625022-572b-467c-83ab-a47db472f383 None None] Extension availability_zone_filter not supported by any of loaded plugins
Apr 11 01:49:28.391229 np0000164976 devstack@neutron-api.service[104578]: DEBUG neutron.api.extensions [None req-37625022-572b-467c-83ab-a47db472f383 None None] Loading extension file: data_plane_status.py {{(pid=104578) _load_all_extensions_from_path /opt/stack/neutron/neutron/api/extensions.py:449}}
Apr 11 01:49:28.391465 np0000164976 devstack@neutron-api.service[104578]: DEBUG neutron.api.extensions [None req-37625022-572b-467c-83ab-a47db472f383 None None] Ext name="Port data plane status extension" alias="data-plane-status" description="Expose status of underlying data plane" updated="2017-01-24T10:00:00-00:00" {{(pid=104578) _check_extension /opt/stack/neutron/neutron/api/extensions.py:415}}
Apr 11 01:49:28.391622 np0000164976 devstack@neutron-api.service[104578]: INFO neutron.api.extensions [None req-37625022-572b-467c-83ab-a47db472f383 None None] Extension data-plane-status not supported by any of loaded plugins
Apr 11 01:49:28.391708 np0000164976 devstack@neutron-api.service[104578]: DEBUG neutron.api.extensions [None req-37625022-572b-467c-83ab-a47db472f383 None None] Loading extension file: default_subnetpools.py {{(pid=104578) _load_all_extensions_from_path /opt/stack/neutron/neutron/api/extensions.py:449}}
Apr 11 01:49:28.391777 np0000164976 devstack@neutron-api.service[104577]: DEBUG neutron_lib.callbacks.manager [None req-e663005b-7bf4-44b5-8106-5c1a4241084e None None] Subscribe: > process before_spawn 55550000, False {{(pid=104577) subscribe /opt/stack/data/venv/lib/python3.12/site-packages/neutron_lib/callbacks/manager.py:52}}
Apr 11 01:49:28.391927 np0000164976 devstack@neutron-api.service[104577]: DEBUG neutron_lib.callbacks.manager [None req-e663005b-7bf4-44b5-8106-5c1a4241084e None None] Subscribe: > process after_init 55550000, True {{(pid=104577) subscribe /opt/stack/data/venv/lib/python3.12/site-packages/neutron_lib/callbacks/manager.py:52}}
Apr 11 01:49:28.391959 np0000164976 devstack@neutron-api.service[104578]: DEBUG neutron.api.extensions [None req-37625022-572b-467c-83ab-a47db472f383 None None] Ext name="Default Subnetpools" alias="default-subnetpools" description="Provides ability to mark and use a subnetpool as the default." updated="2016-02-18T18:00:00-00:00" {{(pid=104578) _check_extension /opt/stack/neutron/neutron/api/extensions.py:415}}
Apr 11 01:49:28.392043 np0000164976 devstack@neutron-api.service[104577]: DEBUG neutron_lib.callbacks.manager [None req-e663005b-7bf4-44b5-8106-5c1a4241084e None None] Subscribe: > segment after_create 55550000, False {{(pid=104577) subscribe /opt/stack/data/venv/lib/python3.12/site-packages/neutron_lib/callbacks/manager.py:52}}
Apr 11 01:49:28.392107 np0000164976 devstack@neutron-api.service[104578]: INFO neutron.api.extensions [None req-37625022-572b-467c-83ab-a47db472f383 None None] Loaded extension: default-subnetpools
Apr 11 01:49:28.392149 np0000164976 devstack@neutron-api.service[104577]: DEBUG neutron_lib.callbacks.manager [None req-e663005b-7bf4-44b5-8106-5c1a4241084e None None] Subscribe: > segment after_create 55550000, False {{(pid=104577) subscribe /opt/stack/data/venv/lib/python3.12/site-packages/neutron_lib/callbacks/manager.py:52}}
Apr 11 01:49:28.392194 np0000164976 devstack@neutron-api.service[104578]: DEBUG neutron.api.extensions [None req-37625022-572b-467c-83ab-a47db472f383 None None] Loading extension file: dhcpagentscheduler.py {{(pid=104578) _load_all_extensions_from_path /opt/stack/neutron/neutron/api/extensions.py:449}}
Apr 11 01:49:28.392252 np0000164976 devstack@neutron-api.service[104577]: DEBUG neutron_lib.callbacks.manager [None req-e663005b-7bf4-44b5-8106-5c1a4241084e None None] Subscribe: > segment after_delete 55550000, False {{(pid=104577) subscribe /opt/stack/data/venv/lib/python3.12/site-packages/neutron_lib/callbacks/manager.py:52}}
Apr 11 01:49:28.392358 np0000164976 devstack@neutron-api.service[104577]: DEBUG neutron_lib.callbacks.manager [None req-e663005b-7bf4-44b5-8106-5c1a4241084e None None] Subscribe: > allowed_address_pair before_create 55550000, False {{(pid=104577) subscribe /opt/stack/data/venv/lib/python3.12/site-packages/neutron_lib/callbacks/manager.py:52}}
Apr 11 01:49:28.392469 np0000164976 devstack@neutron-api.service[104577]: DEBUG neutron_lib.callbacks.manager [None req-e663005b-7bf4-44b5-8106-5c1a4241084e None None] Subscribe: > security_group precommit_create 55550000, False {{(pid=104577) subscribe /opt/stack/data/venv/lib/python3.12/site-packages/neutron_lib/callbacks/manager.py:52}}
Apr 11 01:49:28.392556 np0000164976 devstack@neutron-api.service[104578]: DEBUG neutron.api.extensions [None req-37625022-572b-467c-83ab-a47db472f383 None None] Ext name="DHCP Agent Scheduler" alias="dhcp_agent_scheduler" description="Schedule networks among dhcp agents" updated="2013-02-07T10:00:00-00:00" {{(pid=104578) _check_extension /opt/stack/neutron/neutron/api/extensions.py:415}}
Apr 11 01:49:28.392589 np0000164976 devstack@neutron-api.service[104577]: DEBUG neutron_lib.callbacks.manager [None req-e663005b-7bf4-44b5-8106-5c1a4241084e None None] Subscribe: > security_group after_update 55550000, False {{(pid=104577) subscribe /opt/stack/data/venv/lib/python3.12/site-packages/neutron_lib/callbacks/manager.py:52}}
Apr 11 01:49:28.392677 np0000164976 devstack@neutron-api.service[104577]: DEBUG neutron_lib.callbacks.manager [None req-e663005b-7bf4-44b5-8106-5c1a4241084e None None] Subscribe: > security_group after_create 55550000, False {{(pid=104577) subscribe /opt/stack/data/venv/lib/python3.12/site-packages/neutron_lib/callbacks/manager.py:52}}
Apr 11 01:49:28.392730 np0000164976 devstack@neutron-api.service[104578]: INFO neutron.api.extensions [None req-37625022-572b-467c-83ab-a47db472f383 None None] Loaded extension: dhcp_agent_scheduler
Apr 11 01:49:28.392780 np0000164976 devstack@neutron-api.service[104577]: DEBUG neutron_lib.callbacks.manager [None req-e663005b-7bf4-44b5-8106-5c1a4241084e None None] Subscribe: > security_group precommit_delete 55550000, False {{(pid=104577) subscribe /opt/stack/data/venv/lib/python3.12/site-packages/neutron_lib/callbacks/manager.py:52}}
Apr 11 01:49:28.392818 np0000164976 devstack@neutron-api.service[104578]: DEBUG neutron.api.extensions [None req-37625022-572b-467c-83ab-a47db472f383 None None] Loading extension file: dns.py {{(pid=104578) _load_all_extensions_from_path /opt/stack/neutron/neutron/api/extensions.py:449}}
Apr 11 01:49:28.392883 np0000164976 devstack@neutron-api.service[104577]: DEBUG neutron_lib.callbacks.manager [None req-e663005b-7bf4-44b5-8106-5c1a4241084e None None] Subscribe: > security_group after_delete 55550000, False {{(pid=104577) subscribe /opt/stack/data/venv/lib/python3.12/site-packages/neutron_lib/callbacks/manager.py:52}}
Apr 11 01:49:28.393003 np0000164976 devstack@neutron-api.service[104577]: DEBUG neutron_lib.callbacks.manager [None req-e663005b-7bf4-44b5-8106-5c1a4241084e None None] Subscribe: > security_group_rule precommit_create 55550000, False {{(pid=104577) subscribe /opt/stack/data/venv/lib/python3.12/site-packages/neutron_lib/callbacks/manager.py:52}}
Apr 11 01:49:28.393055 np0000164976 devstack@neutron-api.service[104578]: DEBUG neutron.api.extensions [None req-37625022-572b-467c-83ab-a47db472f383 None None] Ext name="DNS Integration" alias="dns-integration" description="Provides integration with DNS." updated="2015-08-15T18:00:00-00:00" {{(pid=104578) _check_extension /opt/stack/neutron/neutron/api/extensions.py:415}}
Apr 11 01:49:28.393107 np0000164976 devstack@neutron-api.service[104577]: DEBUG neutron_lib.callbacks.manager [None req-e663005b-7bf4-44b5-8106-5c1a4241084e None None] Subscribe: > security_group_rule after_create 55550000, False {{(pid=104577) subscribe /opt/stack/data/venv/lib/python3.12/site-packages/neutron_lib/callbacks/manager.py:52}}
Apr 11 01:49:28.393208 np0000164976 devstack@neutron-api.service[104577]: DEBUG neutron_lib.callbacks.manager [None req-e663005b-7bf4-44b5-8106-5c1a4241084e None None] Subscribe: > security_group_rule before_delete 55550000, False {{(pid=104577) subscribe /opt/stack/data/venv/lib/python3.12/site-packages/neutron_lib/callbacks/manager.py:52}}
Apr 11 01:49:28.393237 np0000164976 devstack@neutron-api.service[104578]: INFO neutron.api.extensions [None req-37625022-572b-467c-83ab-a47db472f383 None None] Loaded extension: dns-integration
Apr 11 01:49:28.393308 np0000164976 devstack@neutron-api.service[104577]: DEBUG neutron_lib.callbacks.manager [None req-e663005b-7bf4-44b5-8106-5c1a4241084e None None] Subscribe: > address_group after_create 55550000, False {{(pid=104577) subscribe /opt/stack/data/venv/lib/python3.12/site-packages/neutron_lib/callbacks/manager.py:52}}
Apr 11 01:49:28.393337 np0000164976 devstack@neutron-api.service[104578]: DEBUG neutron.api.extensions [None req-37625022-572b-467c-83ab-a47db472f383 None None] Loading extension file: dns_domain_ports.py {{(pid=104578) _load_all_extensions_from_path /opt/stack/neutron/neutron/api/extensions.py:449}}
Apr 11 01:49:28.393411 np0000164976 devstack@neutron-api.service[104577]: DEBUG neutron_lib.callbacks.manager [None req-e663005b-7bf4-44b5-8106-5c1a4241084e None None] Subscribe: > address_group after_update 55550000, False {{(pid=104577) subscribe /opt/stack/data/venv/lib/python3.12/site-packages/neutron_lib/callbacks/manager.py:52}}
Apr 11 01:49:28.393509 np0000164976 devstack@neutron-api.service[104577]: DEBUG neutron_lib.callbacks.manager [None req-e663005b-7bf4-44b5-8106-5c1a4241084e None None] Subscribe: > address_group after_delete 55550000, False {{(pid=104577) subscribe /opt/stack/data/venv/lib/python3.12/site-packages/neutron_lib/callbacks/manager.py:52}}
Apr 11 01:49:28.393542 np0000164976 devstack@neutron-api.service[104578]: DEBUG neutron.api.extensions [None req-37625022-572b-467c-83ab-a47db472f383 None None] Ext name="dns_domain for ports" alias="dns-domain-ports" description="Allows the DNS domain to be specified for a network port." updated="2017-04-24T10:00:00-00:00" {{(pid=104578) _check_extension /opt/stack/neutron/neutron/api/extensions.py:415}}
Apr 11 01:49:28.393690 np0000164976 devstack@neutron-api.service[104578]: INFO neutron.api.extensions [None req-37625022-572b-467c-83ab-a47db472f383 None None] Loaded extension: dns-domain-ports
Apr 11 01:49:28.393717 np0000164976 devstack@neutron-api.service[104577]: DEBUG neutron_lib.callbacks.manager [None req-e663005b-7bf4-44b5-8106-5c1a4241084e None None] Subscribe: > qos_plugin after_init 55550000, False {{(pid=104577) subscribe /opt/stack/data/venv/lib/python3.12/site-packages/neutron_lib/callbacks/manager.py:52}}
Apr 11 01:49:28.393777 np0000164976 devstack@neutron-api.service[104578]: DEBUG neutron.api.extensions [None req-37625022-572b-467c-83ab-a47db472f383 None None] Loading extension file: dns_integration_domain_keywords.py {{(pid=104578) _load_all_extensions_from_path /opt/stack/neutron/neutron/api/extensions.py:449}}
Apr 11 01:49:28.393879 np0000164976 devstack@neutron-api.service[104577]: DEBUG neutron_lib.callbacks.manager [None req-e663005b-7bf4-44b5-8106-5c1a4241084e None None] Subscribe: > trunk_plugin after_init 55550000, False {{(pid=104577) subscribe /opt/stack/data/venv/lib/python3.12/site-packages/neutron_lib/callbacks/manager.py:52}}
Apr 11 01:49:28.394017 np0000164976 devstack@neutron-api.service[104578]: DEBUG neutron.api.extensions [None req-37625022-572b-467c-83ab-a47db472f383 None None] Ext name="DNS domain names with keywords allowed" alias="dns-integration-domain-keywords" description="Allows to use keywords like , , and as DNS domain name" updated="2020-06-15T18:00:00-00:00" {{(pid=104578) _check_extension /opt/stack/neutron/neutron/api/extensions.py:415}}
Apr 11 01:49:28.394115 np0000164976 devstack@neutron-api.service[104577]: DEBUG neutron_lib.callbacks.manager [None req-e663005b-7bf4-44b5-8106-5c1a4241084e None None] Subscribe: > logging-plugin after_init 55550000, False {{(pid=104577) subscribe /opt/stack/data/venv/lib/python3.12/site-packages/neutron_lib/callbacks/manager.py:52}}
Apr 11 01:49:28.394181 np0000164976 devstack@neutron-api.service[104578]: INFO neutron.api.extensions [None req-37625022-572b-467c-83ab-a47db472f383 None None] Loaded extension: dns-integration-domain-keywords
Apr 11 01:49:28.394269 np0000164976 devstack@neutron-api.service[104578]: DEBUG neutron.api.extensions [None req-37625022-572b-467c-83ab-a47db472f383 None None] Loading extension file: dvr.py {{(pid=104578) _load_all_extensions_from_path /opt/stack/neutron/neutron/api/extensions.py:449}}
Apr 11 01:49:28.394527 np0000164976 devstack@neutron-api.service[104578]: DEBUG neutron.api.extensions [None req-37625022-572b-467c-83ab-a47db472f383 None None] Ext name="Distributed Virtual Router" alias="dvr" description="Enables configuration of Distributed Virtual Routers." updated="2014-06-1T10:00:00-00:00" {{(pid=104578) _check_extension /opt/stack/neutron/neutron/api/extensions.py:415}}
Apr 11 01:49:28.394575 np0000164976 devstack@neutron-api.service[104577]: INFO neutron.services.logapi.drivers.ovn.driver [None req-e663005b-7bf4-44b5-8106-5c1a4241084e None None] OVN logging driver registered
Apr 11 01:49:28.394691 np0000164976 devstack@neutron-api.service[104578]: INFO neutron.api.extensions [None req-37625022-572b-467c-83ab-a47db472f383 None None] Extension dvr not supported by any of loaded plugins
Apr 11 01:49:28.394783 np0000164976 devstack@neutron-api.service[104578]: DEBUG neutron.api.extensions [None req-37625022-572b-467c-83ab-a47db472f383 None None] Loading extension file: ecmp_routes.py {{(pid=104578) _load_all_extensions_from_path /opt/stack/neutron/neutron/api/extensions.py:449}}
Apr 11 01:49:28.395039 np0000164976 devstack@neutron-api.service[104578]: DEBUG neutron.api.extensions [None req-37625022-572b-467c-83ab-a47db472f383 None None] Ext name="Equal Cost Multipath Routing" alias="ecmp_routes" description="Allows traffic to reach thesame destination via multiple different links " updated="2020-11-26T18:00:00-00:00" {{(pid=104578) _check_extension /opt/stack/neutron/neutron/api/extensions.py:415}}
Apr 11 01:49:28.395200 np0000164976 devstack@neutron-api.service[104578]: INFO neutron.api.extensions [None req-37625022-572b-467c-83ab-a47db472f383 None None] Extension ecmp_routes not supported by any of loaded plugins
Apr 11 01:49:28.395286 np0000164976 devstack@neutron-api.service[104578]: DEBUG neutron.api.extensions [None req-37625022-572b-467c-83ab-a47db472f383 None None] Loading extension file: empty_string_filtering.py {{(pid=104578) _load_all_extensions_from_path /opt/stack/neutron/neutron/api/extensions.py:449}}
Apr 11 01:49:28.395519 np0000164976 devstack@neutron-api.service[104578]: DEBUG neutron.api.extensions [None req-37625022-572b-467c-83ab-a47db472f383 None None] Ext name="Empty String Filtering Extension" alias="empty-string-filtering" description="Allow filtering by attributes with empty string value" updated="2018-05-01T10:00:00-00:00" {{(pid=104578) _check_extension /opt/stack/neutron/neutron/api/extensions.py:415}}
Apr 11 01:49:28.395680 np0000164976 devstack@neutron-api.service[104578]: INFO neutron.api.extensions [None req-37625022-572b-467c-83ab-a47db472f383 None None] Loaded extension: empty-string-filtering
Apr 11 01:49:28.395764 np0000164976 devstack@neutron-api.service[104578]: DEBUG neutron.api.extensions [None req-37625022-572b-467c-83ab-a47db472f383 None None] Loading extension file: expose_l3_conntrack_helper.py {{(pid=104578) _load_all_extensions_from_path /opt/stack/neutron/neutron/api/extensions.py:449}}
Apr 11 01:49:28.396006 np0000164976 devstack@neutron-api.service[104578]: DEBUG neutron.api.extensions [None req-37625022-572b-467c-83ab-a47db472f383 None None] Ext name="Expose CT target rules for conntrack helper" alias="expose-l3-conntrack-helper" description="Expose allow adding CT target rules for conntrack helper" updated="2019-04-04T10:00:00-00:00" {{(pid=104578) _check_extension /opt/stack/neutron/neutron/api/extensions.py:415}}
Apr 11 01:49:28.396090 np0000164976 devstack@neutron-api.service[104577]: DEBUG neutron.plugins.ml2.plugin [None req-e663005b-7bf4-44b5-8106-5c1a4241084e None None] neutron.plugins.ml2.plugin.Ml2Plugin method _start_rpc_notifiers called with arguments () {} {{(pid=104577) wrapper /opt/stack/data/venv/lib/python3.12/site-packages/oslo_log/helpers.py:77}}
Apr 11 01:49:28.396170 np0000164976 devstack@neutron-api.service[104578]: INFO neutron.api.extensions [None req-37625022-572b-467c-83ab-a47db472f383 None None] Extension expose-l3-conntrack-helper not supported by any of loaded plugins
Apr 11 01:49:28.396259 np0000164976 devstack@neutron-api.service[104578]: DEBUG neutron.api.extensions [None req-37625022-572b-467c-83ab-a47db472f383 None None] Loading extension file: expose_port_forwarding_in_fip.py {{(pid=104578) _load_all_extensions_from_path /opt/stack/neutron/neutron/api/extensions.py:449}}
Apr 11 01:49:28.396348 np0000164976 devstack@neutron-api.service[104577]: DEBUG neutron_lib.callbacks.manager [None req-e663005b-7bf4-44b5-8106-5c1a4241084e None None] Subscribe: > port after_create 55550000, False {{(pid=104577) subscribe /opt/stack/data/venv/lib/python3.12/site-packages/neutron_lib/callbacks/manager.py:52}}
Apr 11 01:49:28.396463 np0000164976 devstack@neutron-api.service[104577]: DEBUG neutron_lib.callbacks.manager [None req-e663005b-7bf4-44b5-8106-5c1a4241084e None None] Subscribe: > port after_update 55550000, False {{(pid=104577) subscribe /opt/stack/data/venv/lib/python3.12/site-packages/neutron_lib/callbacks/manager.py:52}}
Apr 11 01:49:28.396492 np0000164976 devstack@neutron-api.service[104578]: DEBUG neutron.api.extensions [None req-37625022-572b-467c-83ab-a47db472f383 None None] Ext name="Expose Floating IP port forwardings" alias="expose-port-forwarding-in-fip" description="Expose port forwarding fields in floating IP response" updated="2018-06-28T16:00:00-00:00" {{(pid=104578) _check_extension /opt/stack/neutron/neutron/api/extensions.py:415}}
Apr 11 01:49:28.396568 np0000164976 devstack@neutron-api.service[104577]: DEBUG neutron_lib.callbacks.manager [None req-e663005b-7bf4-44b5-8106-5c1a4241084e None None] Subscribe: > port after_delete 55550000, False {{(pid=104577) subscribe /opt/stack/data/venv/lib/python3.12/site-packages/neutron_lib/callbacks/manager.py:52}}
Apr 11 01:49:28.396639 np0000164976 devstack@neutron-api.service[104578]: INFO neutron.api.extensions [None req-37625022-572b-467c-83ab-a47db472f383 None None] Extension expose-port-forwarding-in-fip not supported by any of loaded plugins
Apr 11 01:49:28.396671 np0000164976 devstack@neutron-api.service[104577]: DEBUG neutron_lib.callbacks.manager [None req-e663005b-7bf4-44b5-8106-5c1a4241084e None None] Subscribe: > subnet after_create 55550000, False {{(pid=104577) subscribe /opt/stack/data/venv/lib/python3.12/site-packages/neutron_lib/callbacks/manager.py:52}}
Apr 11 01:49:28.396727 np0000164976 devstack@neutron-api.service[104578]: DEBUG neutron.api.extensions [None req-37625022-572b-467c-83ab-a47db472f383 None None] Loading extension file: external_net.py {{(pid=104578) _load_all_extensions_from_path /opt/stack/neutron/neutron/api/extensions.py:449}}
Apr 11 01:49:28.396766 np0000164976 devstack@neutron-api.service[104577]: DEBUG neutron_lib.callbacks.manager [None req-e663005b-7bf4-44b5-8106-5c1a4241084e None None] Subscribe: > subnet after_update 55550000, False {{(pid=104577) subscribe /opt/stack/data/venv/lib/python3.12/site-packages/neutron_lib/callbacks/manager.py:52}}
Apr 11 01:49:28.396865 np0000164976 devstack@neutron-api.service[104577]: DEBUG neutron_lib.callbacks.manager [None req-e663005b-7bf4-44b5-8106-5c1a4241084e None None] Subscribe: > subnet after_delete 55550000, False {{(pid=104577) subscribe /opt/stack/data/venv/lib/python3.12/site-packages/neutron_lib/callbacks/manager.py:52}}
Apr 11 01:49:28.396959 np0000164976 devstack@neutron-api.service[104578]: DEBUG neutron.api.extensions [None req-37625022-572b-467c-83ab-a47db472f383 None None] Ext name="Neutron external network" alias="external-net" description="Adds external network attribute to network resource." updated="2013-01-14T10:00:00-00:00" {{(pid=104578) _check_extension /opt/stack/neutron/neutron/api/extensions.py:415}}
Apr 11 01:49:28.396989 np0000164976 devstack@neutron-api.service[104577]: DEBUG neutron_lib.callbacks.manager [None req-e663005b-7bf4-44b5-8106-5c1a4241084e None None] Subscribe: > network after_create 55550000, False {{(pid=104577) subscribe /opt/stack/data/venv/lib/python3.12/site-packages/neutron_lib/callbacks/manager.py:52}}
Apr 11 01:49:28.397078 np0000164976 devstack@neutron-api.service[104577]: DEBUG neutron_lib.callbacks.manager [None req-e663005b-7bf4-44b5-8106-5c1a4241084e None None] Subscribe: > network after_update 55550000, False {{(pid=104577) subscribe /opt/stack/data/venv/lib/python3.12/site-packages/neutron_lib/callbacks/manager.py:52}}
Apr 11 01:49:28.397122 np0000164976 devstack@neutron-api.service[104578]: INFO neutron.api.extensions [None req-37625022-572b-467c-83ab-a47db472f383 None None] Loaded extension: external-net
Apr 11 01:49:28.397176 np0000164976 devstack@neutron-api.service[104577]: DEBUG neutron_lib.callbacks.manager [None req-e663005b-7bf4-44b5-8106-5c1a4241084e None None] Subscribe: > network after_delete 55550000, False {{(pid=104577) subscribe /opt/stack/data/venv/lib/python3.12/site-packages/neutron_lib/callbacks/manager.py:52}}
Apr 11 01:49:28.397209 np0000164976 devstack@neutron-api.service[104578]: DEBUG neutron.api.extensions [None req-37625022-572b-467c-83ab-a47db472f383 None None] Loading extension file: extra_dhcp_opt.py {{(pid=104578) _load_all_extensions_from_path /opt/stack/neutron/neutron/api/extensions.py:449}}
Apr 11 01:49:28.397274 np0000164976 devstack@neutron-api.service[104577]: DEBUG neutron_lib.callbacks.manager [None req-e663005b-7bf4-44b5-8106-5c1a4241084e None None] Subscribe: > security_group after_create 55550000, False {{(pid=104577) subscribe /opt/stack/data/venv/lib/python3.12/site-packages/neutron_lib/callbacks/manager.py:52}}
Apr 11 01:49:28.397370 np0000164976 devstack@neutron-api.service[104577]: DEBUG neutron_lib.callbacks.manager [None req-e663005b-7bf4-44b5-8106-5c1a4241084e None None] Subscribe: > security_group after_update 55550000, False {{(pid=104577) subscribe /opt/stack/data/venv/lib/python3.12/site-packages/neutron_lib/callbacks/manager.py:52}}
Apr 11 01:49:28.397424 np0000164976 devstack@neutron-api.service[104578]: DEBUG neutron.api.extensions [None req-37625022-572b-467c-83ab-a47db472f383 None None] Ext name="Neutron Extra DHCP options" alias="extra_dhcp_opt" description="Extra options configuration for DHCP. For example PXE boot options to DHCP clients can be specified (e.g. tftp-server, server-ip-address, bootfile-name)" updated="2013-03-17T12:00:00-00:00" {{(pid=104578) _check_extension /opt/stack/neutron/neutron/api/extensions.py:415}}
Apr 11 01:49:28.397469 np0000164976 devstack@neutron-api.service[104577]: DEBUG neutron_lib.callbacks.manager [None req-e663005b-7bf4-44b5-8106-5c1a4241084e None None] Subscribe: > security_group after_delete 55550000, False {{(pid=104577) subscribe /opt/stack/data/venv/lib/python3.12/site-packages/neutron_lib/callbacks/manager.py:52}}
Apr 11 01:49:28.397566 np0000164976 devstack@neutron-api.service[104577]: DEBUG neutron_lib.callbacks.manager [None req-e663005b-7bf4-44b5-8106-5c1a4241084e None None] Subscribe: > security_group_rule after_create 55550000, False {{(pid=104577) subscribe /opt/stack/data/venv/lib/python3.12/site-packages/neutron_lib/callbacks/manager.py:52}}
Apr 11 01:49:28.397595 np0000164976 devstack@neutron-api.service[104578]: INFO neutron.api.extensions [None req-37625022-572b-467c-83ab-a47db472f383 None None] Loaded extension: extra_dhcp_opt
Apr 11 01:49:28.397661 np0000164976 devstack@neutron-api.service[104577]: DEBUG neutron_lib.callbacks.manager [None req-e663005b-7bf4-44b5-8106-5c1a4241084e None None] Subscribe: > security_group_rule after_update 55550000, False {{(pid=104577) subscribe /opt/stack/data/venv/lib/python3.12/site-packages/neutron_lib/callbacks/manager.py:52}}
Apr 11 01:49:28.397696 np0000164976 devstack@neutron-api.service[104578]: DEBUG neutron.api.extensions [None req-37625022-572b-467c-83ab-a47db472f383 None None] Loading extension file: extraroute.py {{(pid=104578) _load_all_extensions_from_path /opt/stack/neutron/neutron/api/extensions.py:449}}
Apr 11 01:49:28.397759 np0000164976 devstack@neutron-api.service[104577]: DEBUG neutron_lib.callbacks.manager [None req-e663005b-7bf4-44b5-8106-5c1a4241084e None None] Subscribe: > security_group_rule after_delete 55550000, False {{(pid=104577) subscribe /opt/stack/data/venv/lib/python3.12/site-packages/neutron_lib/callbacks/manager.py:52}}
Apr 11 01:49:28.397858 np0000164976 devstack@neutron-api.service[104577]: DEBUG neutron_lib.callbacks.manager [None req-e663005b-7bf4-44b5-8106-5c1a4241084e None None] Subscribe: > address_group after_create 55550000, False {{(pid=104577) subscribe /opt/stack/data/venv/lib/python3.12/site-packages/neutron_lib/callbacks/manager.py:52}}
Apr 11 01:49:28.397888 np0000164976 devstack@neutron-api.service[104578]: DEBUG neutron.api.extensions [None req-37625022-572b-467c-83ab-a47db472f383 None None] Ext name="Neutron Extra Route" alias="extraroute" description="Extra routes configuration for L3 router" updated="2013-02-01T10:00:00-00:00" {{(pid=104578) _check_extension /opt/stack/neutron/neutron/api/extensions.py:415}}
Apr 11 01:49:28.397974 np0000164976 devstack@neutron-api.service[104577]: DEBUG neutron_lib.callbacks.manager [None req-e663005b-7bf4-44b5-8106-5c1a4241084e None None] Subscribe: > address_group after_update 55550000, False {{(pid=104577) subscribe /opt/stack/data/venv/lib/python3.12/site-packages/neutron_lib/callbacks/manager.py:52}}
Apr 11 01:49:28.398060 np0000164976 devstack@neutron-api.service[104578]: INFO neutron.api.extensions [None req-37625022-572b-467c-83ab-a47db472f383 None None] Loaded extension: extraroute
Apr 11 01:49:28.398088 np0000164976 devstack@neutron-api.service[104577]: DEBUG neutron_lib.callbacks.manager [None req-e663005b-7bf4-44b5-8106-5c1a4241084e None None] Subscribe: > address_group after_delete 55550000, False {{(pid=104577) subscribe /opt/stack/data/venv/lib/python3.12/site-packages/neutron_lib/callbacks/manager.py:52}}
Apr 11 01:49:28.398148 np0000164976 devstack@neutron-api.service[104578]: DEBUG neutron.api.extensions [None req-37625022-572b-467c-83ab-a47db472f383 None None] Loading extension file: extraroute_atomic.py {{(pid=104578) _load_all_extensions_from_path /opt/stack/neutron/neutron/api/extensions.py:449}}
Apr 11 01:49:28.398177 np0000164976 devstack@neutron-api.service[104577]: DEBUG neutron.plugins.ml2.ovo_rpc [None req-e663005b-7bf4-44b5-8106-5c1a4241084e None None] ML2 OVO RPC backend initialized. {{(pid=104577) __init__ /opt/stack/neutron/neutron/plugins/ml2/ovo_rpc.py:117}}
Apr 11 01:49:28.398382 np0000164976 devstack@neutron-api.service[104578]: DEBUG neutron.api.extensions [None req-37625022-572b-467c-83ab-a47db472f383 None None] Ext name="Atomically add/remove extra routes" alias="extraroute-atomic" description="Edit extra routes of a router on server side by atomically adding/removing extra routes" updated="2019-07-10T00:00:00+00:00" {{(pid=104578) _check_extension /opt/stack/neutron/neutron/api/extensions.py:415}}
Apr 11 01:49:28.398544 np0000164976 devstack@neutron-api.service[104578]: INFO neutron.api.extensions [None req-37625022-572b-467c-83ab-a47db472f383 None None] Loaded extension: extraroute-atomic
Apr 11 01:49:28.398630 np0000164976 devstack@neutron-api.service[104578]: DEBUG neutron.api.extensions [None req-37625022-572b-467c-83ab-a47db472f383 None None] Loading extension file: filter_validation.py {{(pid=104578) _load_all_extensions_from_path /opt/stack/neutron/neutron/api/extensions.py:449}}
Apr 11 01:49:28.398865 np0000164976 devstack@neutron-api.service[104578]: DEBUG neutron.api.extensions [None req-37625022-572b-467c-83ab-a47db472f383 None None] Ext name="Filter parameters validation" alias="filter-validation" description="Provides validation on filter parameters." updated="2018-07-04T10:00:00-00:00" {{(pid=104578) _check_extension /opt/stack/neutron/neutron/api/extensions.py:415}}
Apr 11 01:49:28.398916 np0000164976 devstack@neutron-api.service[104577]: INFO neutron.quota [None req-e663005b-7bf4-44b5-8106-5c1a4241084e None None] Loaded quota_driver: .
Apr 11 01:49:28.399051 np0000164976 devstack@neutron-api.service[104577]: INFO neutron.plugins.ml2.plugin [None req-e663005b-7bf4-44b5-8106-5c1a4241084e None None] Modular L2 Plugin initialization complete
Apr 11 01:49:28.399088 np0000164976 devstack@neutron-api.service[104578]: INFO neutron.api.extensions [None req-37625022-572b-467c-83ab-a47db472f383 None None] Loaded extension: filter-validation
Apr 11 01:49:28.399163 np0000164976 devstack@neutron-api.service[104578]: DEBUG neutron.api.extensions [None req-37625022-572b-467c-83ab-a47db472f383 None None] Loading extension file: fip_pf_description.py {{(pid=104578) _load_all_extensions_from_path /opt/stack/neutron/neutron/api/extensions.py:449}}
Apr 11 01:49:28.399197 np0000164976 devstack@neutron-api.service[104577]: DEBUG neutron.manager [None req-e663005b-7bf4-44b5-8106-5c1a4241084e None None] Loading services supported by the core plugin {{(pid=104577) _load_services_from_core_plugin /opt/stack/neutron/neutron/manager.py:170}}
Apr 11 01:49:28.399291 np0000164976 devstack@neutron-api.service[104577]: INFO neutron.plugins.ml2.managers [None req-e663005b-7bf4-44b5-8106-5c1a4241084e None None] Got port-security extension from driver 'port_security'
Apr 11 01:49:28.399384 np0000164976 devstack@neutron-api.service[104578]: DEBUG neutron.api.extensions [None req-37625022-572b-467c-83ab-a47db472f383 None None] Ext name="Floating IP Port Forwarding new attribute description" alias="floating-ip-port-forwarding-description" description="Add a description field to Port Forwarding rules" updated="2019-11-01T10:00:00-00:00" {{(pid=104578) _check_extension /opt/stack/neutron/neutron/api/extensions.py:415}}
Apr 11 01:49:28.399547 np0000164976 devstack@neutron-api.service[104578]: INFO neutron.api.extensions [None req-37625022-572b-467c-83ab-a47db472f383 None None] Extension floating-ip-port-forwarding-description not supported by any of loaded plugins
Apr 11 01:49:28.399591 np0000164976 devstack@neutron-api.service[104577]: DEBUG neutron.manager [None req-e663005b-7bf4-44b5-8106-5c1a4241084e None None] Loading service plugins: ['ovn-router', 'auto_allocate', 'tag', 'timestamp', 'network_ip_availability', 'flavors', 'revisions'] {{(pid=104577) _load_service_plugins /opt/stack/neutron/neutron/manager.py:195}}
Apr 11 01:49:28.399636 np0000164976 devstack@neutron-api.service[104578]: DEBUG neutron.api.extensions [None req-37625022-572b-467c-83ab-a47db472f383 None None] Loading extension file: fip_pf_detail.py {{(pid=104578) _load_all_extensions_from_path /opt/stack/neutron/neutron/api/extensions.py:449}}
Apr 11 01:49:28.399673 np0000164976 devstack@neutron-api.service[104577]: INFO neutron.manager [None req-e663005b-7bf4-44b5-8106-5c1a4241084e None None] Loading Plugin: ovn-router
Apr 11 01:49:28.399851 np0000164976 devstack@neutron-api.service[104578]: DEBUG neutron.api.extensions [None req-37625022-572b-467c-83ab-a47db472f383 None None] Ext name="Floating IP port forwarding detail" alias="floating-ip-port-forwarding-detail" description="Allow list floating ip return more port forwarding data, include'id' and 'internal_port_id'" updated="2022-05-06T10:00:00-00:00" {{(pid=104578) _check_extension /opt/stack/neutron/neutron/api/extensions.py:415}}
Apr 11 01:49:28.400032 np0000164976 devstack@neutron-api.service[104578]: INFO neutron.api.extensions [None req-37625022-572b-467c-83ab-a47db472f383 None None] Loaded extension: floating-ip-port-forwarding-detail
Apr 11 01:49:28.400116 np0000164976 devstack@neutron-api.service[104578]: DEBUG neutron.api.extensions [None req-37625022-572b-467c-83ab-a47db472f383 None None] Loading extension file: fip_pf_port_range.py {{(pid=104578) _load_all_extensions_from_path /opt/stack/neutron/neutron/api/extensions.py:449}}
Apr 11 01:49:28.400335 np0000164976 devstack@neutron-api.service[104578]: DEBUG neutron.api.extensions [None req-37625022-572b-467c-83ab-a47db472f383 None None] Ext name="Floating IP Port Forwarding support port ranges" alias="floating-ip-port-forwarding-port-ranges" description="Add support to port ranges" updated="2020-07-01T10:00:00-00:00" {{(pid=104578) _check_extension /opt/stack/neutron/neutron/api/extensions.py:415}}
Apr 11 01:49:28.400498 np0000164976 devstack@neutron-api.service[104578]: INFO neutron.api.extensions [None req-37625022-572b-467c-83ab-a47db472f383 None None] Extension floating-ip-port-forwarding-port-ranges not supported by any of loaded plugins
Apr 11 01:49:28.400582 np0000164976 devstack@neutron-api.service[104578]: DEBUG neutron.api.extensions [None req-37625022-572b-467c-83ab-a47db472f383 None None] Loading extension file: fip_port_details.py {{(pid=104578) _load_all_extensions_from_path /opt/stack/neutron/neutron/api/extensions.py:449}}
Apr 11 01:49:28.400797 np0000164976 devstack@neutron-api.service[104578]: DEBUG neutron.api.extensions [None req-37625022-572b-467c-83ab-a47db472f383 None None] Ext name="Floating IP Port Details Extension" alias="fip-port-details" description="Add port_details attribute to Floating IP resource" updated="2018-04-09T10:00:00-00:00" {{(pid=104578) _check_extension /opt/stack/neutron/neutron/api/extensions.py:415}}
Apr 11 01:49:28.400973 np0000164976 devstack@neutron-api.service[104578]: INFO neutron.api.extensions [None req-37625022-572b-467c-83ab-a47db472f383 None None] Loaded extension: fip-port-details
Apr 11 01:49:28.401059 np0000164976 devstack@neutron-api.service[104578]: DEBUG neutron.api.extensions [None req-37625022-572b-467c-83ab-a47db472f383 None None] Loading extension file: flavors.py {{(pid=104578) _load_all_extensions_from_path /opt/stack/neutron/neutron/api/extensions.py:449}}
Apr 11 01:49:28.401421 np0000164976 devstack@neutron-api.service[104578]: DEBUG neutron.api.extensions [None req-37625022-572b-467c-83ab-a47db472f383 None None] Ext name="Neutron Service Flavors" alias="flavors" description="Flavor specification for Neutron advanced services." updated="2015-09-17T10:00:00-00:00" {{(pid=104578) _check_extension /opt/stack/neutron/neutron/api/extensions.py:415}}
Apr 11 01:49:28.401592 np0000164976 devstack@neutron-api.service[104578]: INFO neutron.api.extensions [None req-37625022-572b-467c-83ab-a47db472f383 None None] Loaded extension: flavors
Apr 11 01:49:28.401680 np0000164976 devstack@neutron-api.service[104578]: DEBUG neutron.api.extensions [None req-37625022-572b-467c-83ab-a47db472f383 None None] Loading extension file: floating_ip_port_forwarding.py {{(pid=104578) _load_all_extensions_from_path /opt/stack/neutron/neutron/api/extensions.py:449}}
Apr 11 01:49:28.402003 np0000164976 devstack@neutron-api.service[104578]: DEBUG neutron.api.extensions [None req-37625022-572b-467c-83ab-a47db472f383 None None] Ext name="Floating IP Port Forwarding" alias="floating-ip-port-forwarding" description="Allow port forwarding from floating IP port to an internal port" updated="2018-01-19T10:00:00-00:00" {{(pid=104578) _check_extension /opt/stack/neutron/neutron/api/extensions.py:415}}
Apr 11 01:49:28.402170 np0000164976 devstack@neutron-api.service[104578]: INFO neutron.api.extensions [None req-37625022-572b-467c-83ab-a47db472f383 None None] Extension floating-ip-port-forwarding not supported by any of loaded plugins
Apr 11 01:49:28.402254 np0000164976 devstack@neutron-api.service[104578]: DEBUG neutron.api.extensions [None req-37625022-572b-467c-83ab-a47db472f383 None None] Loading extension file: floatingip_pools.py {{(pid=104578) _load_all_extensions_from_path /opt/stack/neutron/neutron/api/extensions.py:449}}
