2026-05-29 12:02:42.843 8 INFO neutron.quota.resource_registry [None req-b5c0a7e2-b05d-4224-a122-048103f17387 - - - - - -] Creating instance of TrackedResource for resource:subnet
2026-05-29 12:02:42.844 8 INFO neutron.quota.resource_registry [None req-b5c0a7e2-b05d-4224-a122-048103f17387 - - - - - -] Creating instance of TrackedResource for resource:subnetpool
2026-05-29 12:02:42.844 8 INFO neutron.quota.resource_registry [None req-b5c0a7e2-b05d-4224-a122-048103f17387 - - - - - -] Creating instance of TrackedResource for resource:port
2026-05-29 12:02:42.844 7 INFO neutron.api.extensions [None req-6087d2a1-97d5-4079-857f-9d50ad762008 - - - - - -] Loaded extension: qos-fip
2026-05-29 12:02:42.844 7 INFO neutron.api.extensions [None req-6087d2a1-97d5-4079-857f-9d50ad762008 - - - - - -] Extension qos-fip-network-policy not supported by any of loaded plugins
2026-05-29 12:02:42.845 8 INFO neutron.quota.resource_registry [None req-b5c0a7e2-b05d-4224-a122-048103f17387 - - - - - -] Creating instance of TrackedResource for resource:router
2026-05-29 12:02:42.845 7 INFO neutron.api.extensions [None req-6087d2a1-97d5-4079-857f-9d50ad762008 - - - - - -] Loaded extension: qos-gateway-ip
2026-05-29 12:02:42.845 8 INFO neutron.quota.resource_registry [None req-b5c0a7e2-b05d-4224-a122-048103f17387 - - - - - -] Creating instance of TrackedResource for resource:floatingip
2026-05-29 12:02:42.845 7 INFO neutron.api.extensions [None req-6087d2a1-97d5-4079-857f-9d50ad762008 - - - - - -] Loaded extension: qos-port-network-policy
2026-05-29 12:02:42.846 7 INFO neutron.api.extensions [None req-6087d2a1-97d5-4079-857f-9d50ad762008 - - - - - -] Loaded extension: qos-pps-minimum
2026-05-29 12:02:42.847 7 INFO neutron.api.extensions [None req-6087d2a1-97d5-4079-857f-9d50ad762008 - - - - - -] Loaded extension: qos-pps-minimum-rule-alias
2026-05-29 12:02:42.847 7 INFO neutron.api.extensions [None req-6087d2a1-97d5-4079-857f-9d50ad762008 - - - - - -] Loaded extension: qos-pps
2026-05-29 12:02:42.848 7 INFO neutron.api.extensions [None req-6087d2a1-97d5-4079-857f-9d50ad762008 - - - - - -] Loaded extension: qos-rule-type-details
2026-05-29 12:02:42.849 7 INFO neutron.api.extensions [None req-6087d2a1-97d5-4079-857f-9d50ad762008 - - - - - -] Loaded extension: qos-rule-type-filter
2026-05-29 12:02:42.849 8 INFO neutron.quota.resource_registry [None req-b5c0a7e2-b05d-4224-a122-048103f17387 - - - - - -] Creating instance of CountableResource for resource:rbac_policy
2026-05-29 12:02:42.849 8 INFO neutron.quota.resource_registry [None req-b5c0a7e2-b05d-4224-a122-048103f17387 - - - - - -] Creating instance of TrackedResource for resource:security_group
2026-05-29 12:02:42.849 8 INFO neutron.quota.resource_registry [None req-b5c0a7e2-b05d-4224-a122-048103f17387 - - - - - -] Creating instance of TrackedResource for resource:security_group_rule
2026-05-29 12:02:42.849 7 INFO neutron.api.extensions [None req-6087d2a1-97d5-4079-857f-9d50ad762008 - - - - - -] Loaded extension: qos-rules-alias
2026-05-29 12:02:42.849 8 INFO neutron.quota.resource_registry [None req-b5c0a7e2-b05d-4224-a122-048103f17387 - - - - - -] Creating instance of TrackedResource for resource:subnetpool
2026-05-29 12:02:42.850 8 WARNING neutron.quota.resource_registry [None req-b5c0a7e2-b05d-4224-a122-048103f17387 - - - - - -] subnetpool is already registered
2026-05-29 12:02:42.850 7 INFO neutron.api.extensions [None req-6087d2a1-97d5-4079-857f-9d50ad762008 - - - - - -] Loaded extension: quota-check-limit
2026-05-29 12:02:42.850 8 INFO neutron.quota.resource_registry [None req-b5c0a7e2-b05d-4224-a122-048103f17387 - - - - - -] Creating instance of TrackedResource for resource:subnetpool
2026-05-29 12:02:42.850 8 WARNING neutron.quota.resource_registry [None req-b5c0a7e2-b05d-4224-a122-048103f17387 - - - - - -] subnetpool is already registered
2026-05-29 12:02:42.850 8 INFO neutron.quota.resource_registry [None req-b5c0a7e2-b05d-4224-a122-048103f17387 - - - - - -] Creating instance of CountableResource for resource:trunk
2026-05-29 12:02:42.851 8 INFO neutron.quota.resource_registry [None req-b5c0a7e2-b05d-4224-a122-048103f17387 - - - - - -] Creating instance of CountableResource for resource:endpoint_group
2026-05-29 12:02:42.851 8 INFO neutron.quota.resource_registry [None req-b5c0a7e2-b05d-4224-a122-048103f17387 - - - - - -] Creating instance of CountableResource for resource:vpnservice
2026-05-29 12:02:42.851 8 INFO neutron.quota.resource_registry [None req-b5c0a7e2-b05d-4224-a122-048103f17387 - - - - - -] Creating instance of CountableResource for resource:ipsec_site_connection
2026-05-29 12:02:42.851 8 INFO neutron.quota.resource_registry [None req-b5c0a7e2-b05d-4224-a122-048103f17387 - - - - - -] Creating instance of CountableResource for resource:ipsecpolicy
2026-05-29 12:02:42.852 8 INFO neutron.quota.resource_registry [None req-b5c0a7e2-b05d-4224-a122-048103f17387 - - - - - -] Creating instance of CountableResource for resource:ikepolicy
2026-05-29 12:02:42.852 7 INFO neutron.api.extensions [None req-6087d2a1-97d5-4079-857f-9d50ad762008 - - - - - -] Loaded extension: quotas
2026-05-29 12:02:42.853 7 INFO neutron.api.extensions [None req-6087d2a1-97d5-4079-857f-9d50ad762008 - - - - - -] Loaded extension: quota_details
2026-05-29 12:02:42.854 8 INFO neutron.quota.resource_registry [None req-b5c0a7e2-b05d-4224-a122-048103f17387 - - - - - -] Creating instance of TrackedResource for resource:router
2026-05-29 12:02:42.854 7 INFO neutron.api.extensions [None req-6087d2a1-97d5-4079-857f-9d50ad762008 - - - - - -] Loaded extension: rbac-policies
2026-05-29 12:02:42.854 8 WARNING neutron.quota.resource_registry [None req-b5c0a7e2-b05d-4224-a122-048103f17387 - - - - - -] router is already registered
2026-05-29 12:02:42.854 8 INFO neutron.quota.resource_registry [None req-b5c0a7e2-b05d-4224-a122-048103f17387 - - - - - -] Creating instance of TrackedResource for resource:floatingip
2026-05-29 12:02:42.854 8 WARNING neutron.quota.resource_registry [None req-b5c0a7e2-b05d-4224-a122-048103f17387 - - - - - -] floatingip is already registered
2026-05-29 12:02:42.855 7 INFO neutron.api.extensions [None req-6087d2a1-97d5-4079-857f-9d50ad762008 - - - - - -] Loaded extension: rbac-address-group
2026-05-29 12:02:42.855 7 INFO neutron.api.extensions [None req-6087d2a1-97d5-4079-857f-9d50ad762008 - - - - - -] Loaded extension: rbac-address-scope
2026-05-29 12:02:42.855 8 INFO neutron.quota.resource_registry [None req-b5c0a7e2-b05d-4224-a122-048103f17387 - - - - - -] Creating instance of CountableResource for resource:rbac_policy
2026-05-29 12:02:42.856 7 INFO neutron.api.extensions [None req-6087d2a1-97d5-4079-857f-9d50ad762008 - - - - - -] Loaded extension: rbac-security-groups
2026-05-29 12:02:42.856 8 WARNING neutron.quota.resource_registry [None req-b5c0a7e2-b05d-4224-a122-048103f17387 - - - - - -] rbac_policy is already registered
2026-05-29 12:02:42.856 8 INFO neutron.quota.resource_registry [None req-b5c0a7e2-b05d-4224-a122-048103f17387 - - - - - -] Creating instance of TrackedResource for resource:security_group
2026-05-29 12:02:42.856 7 INFO neutron.api.extensions [None req-6087d2a1-97d5-4079-857f-9d50ad762008 - - - - - -] Loaded extension: rbac-subnetpool
2026-05-29 12:02:42.856 8 WARNING neutron.quota.resource_registry [None req-b5c0a7e2-b05d-4224-a122-048103f17387 - - - - - -] security_group is already registered
2026-05-29 12:02:42.856 8 INFO neutron.quota.resource_registry [None req-b5c0a7e2-b05d-4224-a122-048103f17387 - - - - - -] Creating instance of TrackedResource for resource:security_group_rule
2026-05-29 12:02:42.857 8 WARNING neutron.quota.resource_registry [None req-b5c0a7e2-b05d-4224-a122-048103f17387 - - - - - -] security_group_rule is already registered
2026-05-29 12:02:42.857 7 INFO neutron.api.extensions [None req-6087d2a1-97d5-4079-857f-9d50ad762008 - - - - - -] Loaded extension: revision-if-match
2026-05-29 12:02:42.857 8 INFO neutron.quota.resource_registry [None req-b5c0a7e2-b05d-4224-a122-048103f17387 - - - - - -] Creating instance of TrackedResource for resource:subnetpool
2026-05-29 12:02:42.857 8 WARNING neutron.quota.resource_registry [None req-b5c0a7e2-b05d-4224-a122-048103f17387 - - - - - -] subnetpool is already registered
2026-05-29 12:02:42.857 8 INFO neutron.quota.resource_registry [None req-b5c0a7e2-b05d-4224-a122-048103f17387 - - - - - -] Creating instance of TrackedResource for resource:subnetpool
2026-05-29 12:02:42.857 8 WARNING neutron.quota.resource_registry [None req-b5c0a7e2-b05d-4224-a122-048103f17387 - - - - - -] subnetpool is already registered
2026-05-29 12:02:42.857 7 INFO neutron.api.extensions [None req-6087d2a1-97d5-4079-857f-9d50ad762008 - - - - - -] Loaded extension: standard-attr-revisions
2026-05-29 12:02:42.858 8 INFO neutron.quota.resource_registry [None req-b5c0a7e2-b05d-4224-a122-048103f17387 - - - - - -] Creating instance of CountableResource for resource:trunk
2026-05-29 12:02:42.858 8 WARNING neutron.quota.resource_registry [None req-b5c0a7e2-b05d-4224-a122-048103f17387 - - - - - -] trunk is already registered
2026-05-29 12:02:42.858 8 INFO neutron.quota.resource_registry [None req-b5c0a7e2-b05d-4224-a122-048103f17387 - - - - - -] Creating instance of CountableResource for resource:endpoint_group
2026-05-29 12:02:42.858 7 INFO neutron.api.extensions [None req-6087d2a1-97d5-4079-857f-9d50ad762008 - - - - - -] Loaded extension: router_availability_zone
2026-05-29 12:02:42.858 8 WARNING neutron.quota.resource_registry [None req-b5c0a7e2-b05d-4224-a122-048103f17387 - - - - - -] endpoint_group is already registered
2026-05-29 12:02:42.858 8 INFO neutron.quota.resource_registry [None req-b5c0a7e2-b05d-4224-a122-048103f17387 - - - - - -] Creating instance of CountableResource for resource:vpnservice
2026-05-29 12:02:42.858 8 WARNING neutron.quota.resource_registry [None req-b5c0a7e2-b05d-4224-a122-048103f17387 - - - - - -] vpnservice is already registered
2026-05-29 12:02:42.859 7 INFO neutron.api.extensions [None req-6087d2a1-97d5-4079-857f-9d50ad762008 - - - - - -] Extension router-service-type not supported by any of loaded plugins
2026-05-29 12:02:42.859 8 INFO neutron.quota.resource_registry [None req-b5c0a7e2-b05d-4224-a122-048103f17387 - - - - - -] Creating instance of CountableResource for resource:ipsec_site_connection
2026-05-29 12:02:42.859 8 WARNING neutron.quota.resource_registry [None req-b5c0a7e2-b05d-4224-a122-048103f17387 - - - - - -] ipsec_site_connection is already registered
2026-05-29 12:02:42.859 8 INFO neutron.quota.resource_registry [None req-b5c0a7e2-b05d-4224-a122-048103f17387 - - - - - -] Creating instance of CountableResource for resource:ipsecpolicy
2026-05-29 12:02:42.859 8 WARNING neutron.quota.resource_registry [None req-b5c0a7e2-b05d-4224-a122-048103f17387 - - - - - -] ipsecpolicy is already registered
2026-05-29 12:02:42.859 8 INFO neutron.quota.resource_registry [None req-b5c0a7e2-b05d-4224-a122-048103f17387 - - - - - -] Creating instance of CountableResource for resource:ikepolicy
2026-05-29 12:02:42.860 8 WARNING neutron.quota.resource_registry [None req-b5c0a7e2-b05d-4224-a122-048103f17387 - - - - - -] ikepolicy is already registered
2026-05-29 12:02:42.860 7 INFO neutron.api.extensions [None req-6087d2a1-97d5-4079-857f-9d50ad762008 - - - - - -] Loaded extension: security-groups-default-rules
2026-05-29 12:02:42.861 7 INFO neutron.api.extensions [None req-6087d2a1-97d5-4079-857f-9d50ad762008 - - - - - -] Loaded extension: security-groups-normalized-cidr
2026-05-29 12:02:42.861 7 INFO neutron.api.extensions [None req-6087d2a1-97d5-4079-857f-9d50ad762008 - - - - - -] Loaded extension: port-security-groups-filtering
2026-05-29 12:02:42.862 7 INFO neutron.api.extensions [None req-6087d2a1-97d5-4079-857f-9d50ad762008 - - - - - -] Loaded extension: security-groups-remote-address-group
2026-05-29 12:02:42.862 7 INFO neutron.api.extensions [None req-6087d2a1-97d5-4079-857f-9d50ad762008 - - - - - -] Loaded extension: security-groups-shared-filtering
2026-05-29 12:02:42.870 7 INFO neutron.api.extensions [None req-6087d2a1-97d5-4079-857f-9d50ad762008 - - - - - -] Loaded extension: security-group
2026-05-29 12:02:42.871 7 INFO neutron.api.extensions [None req-6087d2a1-97d5-4079-857f-9d50ad762008 - - - - - -] Loaded extension: segment
2026-05-29 12:02:42.872 7 INFO neutron.api.extensions [None req-6087d2a1-97d5-4079-857f-9d50ad762008 - - - - - -] Loaded extension: segments-peer-subnet-host-routes
2026-05-29 12:02:42.872 7 INFO neutron.api.extensions [None req-6087d2a1-97d5-4079-857f-9d50ad762008 - - - - - -] Loaded extension: service-type
2026-05-29 12:02:42.873 7 INFO neutron.api.extensions [None req-6087d2a1-97d5-4079-857f-9d50ad762008 - - - - - -] Loaded extension: sorting
2026-05-29 12:02:42.873 7 INFO neutron.api.extensions [None req-6087d2a1-97d5-4079-857f-9d50ad762008 - - - - - -] Loaded extension: standard-attr-segment
2026-05-29 12:02:42.874 7 INFO neutron.api.extensions [None req-6087d2a1-97d5-4079-857f-9d50ad762008 - - - - - -] Loaded extension: standard-attr-description
2026-05-29 12:02:42.874 7 INFO neutron.api.extensions [None req-6087d2a1-97d5-4079-857f-9d50ad762008 - - - - - -] Loaded extension: stateful-security-group
2026-05-29 12:02:42.875 7 WARNING neutron.api.extensions [None req-6087d2a1-97d5-4079-857f-9d50ad762008 - - - - - -] Did not find expected name "Stdattrs_common" in /var/lib/openstack/lib/python3.10/site-packages/neutron/extensions/stdattrs_common.py
2026-05-29 12:02:42.876 7 INFO neutron.api.extensions [None req-6087d2a1-97d5-4079-857f-9d50ad762008 - - - - - -] Extension subnet-dns-publish-fixed-ip not supported by any of loaded plugins
2026-05-29 12:02:42.876 7 INFO neutron.api.extensions [None req-6087d2a1-97d5-4079-857f-9d50ad762008 - - - - - -] Loaded extension: subnet_onboard
2026-05-29 12:02:42.877 7 INFO neutron.api.extensions [None req-6087d2a1-97d5-4079-857f-9d50ad762008 - - - - - -] Loaded extension: subnet-segmentid-writable
2026-05-29 12:02:42.877 7 INFO neutron.api.extensions [None req-6087d2a1-97d5-4079-857f-9d50ad762008 - - - - - -] Loaded extension: subnet-service-types
2026-05-29 12:02:42.878 7 INFO neutron.api.extensions [None req-6087d2a1-97d5-4079-857f-9d50ad762008 - - - - - -] Loaded extension: subnet_allocation
2026-05-29 12:02:42.879 7 INFO neutron.api.extensions [None req-6087d2a1-97d5-4079-857f-9d50ad762008 - - - - - -] Loaded extension: subnetpool-prefix-ops
2026-05-29 12:02:42.879 7 INFO neutron.api.extensions [None req-6087d2a1-97d5-4079-857f-9d50ad762008 - - - - - -] Extension tag-ports-during-bulk-creation not supported by any of loaded plugins
2026-05-29 12:02:42.882 7 INFO neutron.api.extensions [None req-6087d2a1-97d5-4079-857f-9d50ad762008 - - - - - -] Loaded extension: standard-attr-tag
2026-05-29 12:02:42.883 7 INFO neutron.api.extensions [None req-6087d2a1-97d5-4079-857f-9d50ad762008 - - - - - -] Loaded extension: standard-attr-timestamp
2026-05-29 12:02:42.883 7 INFO neutron.api.extensions [None req-6087d2a1-97d5-4079-857f-9d50ad762008 - - - - - -] Loaded extension: trunk
2026-05-29 12:02:42.884 7 INFO neutron.api.extensions [None req-6087d2a1-97d5-4079-857f-9d50ad762008 - - - - - -] Loaded extension: trunk-details
2026-05-29 12:02:42.885 7 INFO neutron.api.extensions [None req-6087d2a1-97d5-4079-857f-9d50ad762008 - - - - - -] Extension uplink-status-propagation not supported by any of loaded plugins
2026-05-29 12:02:42.885 7 INFO neutron.api.extensions [None req-6087d2a1-97d5-4079-857f-9d50ad762008 - - - - - -] Extension vlan-transparent not supported by any of loaded plugins
2026-05-29 12:02:42.886 7 INFO neutron.api.extensions [None req-6087d2a1-97d5-4079-857f-9d50ad762008 - - - - - -] Loaded extension: vpn-endpoint-groups
2026-05-29 12:02:42.887 7 INFO neutron.api.extensions [None req-6087d2a1-97d5-4079-857f-9d50ad762008 - - - - - -] Loaded extension: vpn-flavors
2026-05-29 12:02:42.888 7 INFO neutron.api.extensions [None req-6087d2a1-97d5-4079-857f-9d50ad762008 - - - - - -] Loaded extension: vpnaas
2026-05-29 12:02:42.890 7 INFO neutron.quota.resource_registry [None req-6087d2a1-97d5-4079-857f-9d50ad762008 - - - - - -] Creating instance of TrackedResource for resource:network
2026-05-29 12:02:42.890 7 INFO neutron.quota.resource_registry [None req-6087d2a1-97d5-4079-857f-9d50ad762008 - - - - - -] Creating instance of TrackedResource for resource:subnet
2026-05-29 12:02:42.891 7 INFO neutron.quota.resource_registry [None req-6087d2a1-97d5-4079-857f-9d50ad762008 - - - - - -] Creating instance of TrackedResource for resource:subnetpool
2026-05-29 12:02:42.891 7 INFO neutron.quota.resource_registry [None req-6087d2a1-97d5-4079-857f-9d50ad762008 - - - - - -] Creating instance of TrackedResource for resource:port
2026-05-29 12:02:42.892 7 INFO neutron.quota.resource_registry [None req-6087d2a1-97d5-4079-857f-9d50ad762008 - - - - - -] Creating instance of TrackedResource for resource:router
2026-05-29 12:02:42.892 7 INFO neutron.quota.resource_registry [None req-6087d2a1-97d5-4079-857f-9d50ad762008 - - - - - -] Creating instance of TrackedResource for resource:floatingip
2026-05-29 12:02:42.895 7 INFO neutron.quota.resource_registry [None req-6087d2a1-97d5-4079-857f-9d50ad762008 - - - - - -] Creating instance of CountableResource for resource:rbac_policy
2026-05-29 12:02:42.895 7 INFO neutron.quota.resource_registry [None req-6087d2a1-97d5-4079-857f-9d50ad762008 - - - - - -] Creating instance of TrackedResource for resource:security_group
2026-05-29 12:02:42.895 7 INFO neutron.quota.resource_registry [None req-6087d2a1-97d5-4079-857f-9d50ad762008 - - - - - -] Creating instance of TrackedResource for resource:security_group_rule
2026-05-29 12:02:42.896 7 INFO neutron.quota.resource_registry [None req-6087d2a1-97d5-4079-857f-9d50ad762008 - - - - - -] Creating instance of TrackedResource for resource:subnetpool
2026-05-29 12:02:42.896 7 WARNING neutron.quota.resource_registry [None req-6087d2a1-97d5-4079-857f-9d50ad762008 - - - - - -] subnetpool is already registered
2026-05-29 12:02:42.896 7 INFO neutron.quota.resource_registry [None req-6087d2a1-97d5-4079-857f-9d50ad762008 - - - - - -] Creating instance of TrackedResource for resource:subnetpool
2026-05-29 12:02:42.896 7 WARNING neutron.quota.resource_registry [None req-6087d2a1-97d5-4079-857f-9d50ad762008 - - - - - -] subnetpool is already registered
2026-05-29 12:02:42.897 7 INFO neutron.quota.resource_registry [None req-6087d2a1-97d5-4079-857f-9d50ad762008 - - - - - -] Creating instance of CountableResource for resource:trunk
2026-05-29 12:02:42.897 7 INFO neutron.quota.resource_registry [None req-6087d2a1-97d5-4079-857f-9d50ad762008 - - - - - -] Creating instance of CountableResource for resource:endpoint_group
2026-05-29 12:02:42.897 7 INFO neutron.quota.resource_registry [None req-6087d2a1-97d5-4079-857f-9d50ad762008 - - - - - -] Creating instance of CountableResource for resource:vpnservice
2026-05-29 12:02:42.897 7 INFO neutron.quota.resource_registry [None req-6087d2a1-97d5-4079-857f-9d50ad762008 - - - - - -] Creating instance of CountableResource for resource:ipsec_site_connection
2026-05-29 12:02:42.897 7 INFO neutron.quota.resource_registry [None req-6087d2a1-97d5-4079-857f-9d50ad762008 - - - - - -] Creating instance of CountableResource for resource:ipsecpolicy
2026-05-29 12:02:42.898 7 INFO neutron.quota.resource_registry [None req-6087d2a1-97d5-4079-857f-9d50ad762008 - - - - - -] Creating instance of CountableResource for resource:ikepolicy
2026-05-29 12:02:42.898 8 WARNING keystonemiddleware._common.config [None req-b5c0a7e2-b05d-4224-a122-048103f17387 - - - - - -] The option "audit_map_file" is not known to keystonemiddleware
2026-05-29 12:02:42.899 7 INFO neutron.quota.resource_registry [None req-6087d2a1-97d5-4079-857f-9d50ad762008 - - - - - -] Creating instance of TrackedResource for resource:router
2026-05-29 12:02:42.900 7 WARNING neutron.quota.resource_registry [None req-6087d2a1-97d5-4079-857f-9d50ad762008 - - - - - -] router is already registered
2026-05-29 12:02:42.900 7 INFO neutron.quota.resource_registry [None req-6087d2a1-97d5-4079-857f-9d50ad762008 - - - - - -] Creating instance of TrackedResource for resource:floatingip
2026-05-29 12:02:42.900 7 WARNING neutron.quota.resource_registry [None req-6087d2a1-97d5-4079-857f-9d50ad762008 - - - - - -] floatingip is already registered
2026-05-29 12:02:42.901 7 INFO neutron.quota.resource_registry [None req-6087d2a1-97d5-4079-857f-9d50ad762008 - - - - - -] Creating instance of CountableResource for resource:rbac_policy
2026-05-29 12:02:42.901 7 WARNING neutron.quota.resource_registry [None req-6087d2a1-97d5-4079-857f-9d50ad762008 - - - - - -] rbac_policy is already registered
2026-05-29 12:02:42.901 7 INFO neutron.quota.resource_registry [None req-6087d2a1-97d5-4079-857f-9d50ad762008 - - - - - -] Creating instance of TrackedResource for resource:security_group
2026-05-29 12:02:42.901 7 WARNING neutron.quota.resource_registry [None req-6087d2a1-97d5-4079-857f-9d50ad762008 - - - - - -] security_group is already registered
2026-05-29 12:02:42.902 7 INFO neutron.quota.resource_registry [None req-6087d2a1-97d5-4079-857f-9d50ad762008 - - - - - -] Creating instance of TrackedResource for resource:security_group_rule
2026-05-29 12:02:42.902 7 WARNING neutron.quota.resource_registry [None req-6087d2a1-97d5-4079-857f-9d50ad762008 - - - - - -] security_group_rule is already registered
2026-05-29 12:02:42.902 7 INFO neutron.quota.resource_registry [None req-6087d2a1-97d5-4079-857f-9d50ad762008 - - - - - -] Creating instance of TrackedResource for resource:subnetpool
2026-05-29 12:02:42.902 7 WARNING neutron.quota.resource_registry [None req-6087d2a1-97d5-4079-857f-9d50ad762008 - - - - - -] subnetpool is already registered
2026-05-29 12:02:42.902 7 INFO neutron.quota.resource_registry [None req-6087d2a1-97d5-4079-857f-9d50ad762008 - - - - - -] Creating instance of TrackedResource for resource:subnetpool
2026-05-29 12:02:42.903 7 WARNING neutron.quota.resource_registry [None req-6087d2a1-97d5-4079-857f-9d50ad762008 - - - - - -] subnetpool is already registered
2026-05-29 12:02:42.903 7 INFO neutron.quota.resource_registry [None req-6087d2a1-97d5-4079-857f-9d50ad762008 - - - - - -] Creating instance of CountableResource for resource:trunk
2026-05-29 12:02:42.903 7 WARNING neutron.quota.resource_registry [None req-6087d2a1-97d5-4079-857f-9d50ad762008 - - - - - -] trunk is already registered
2026-05-29 12:02:42.903 7 INFO neutron.quota.resource_registry [None req-6087d2a1-97d5-4079-857f-9d50ad762008 - - - - - -] Creating instance of CountableResource for resource:endpoint_group
2026-05-29 12:02:42.903 7 WARNING neutron.quota.resource_registry [None req-6087d2a1-97d5-4079-857f-9d50ad762008 - - - - - -] endpoint_group is already registered
2026-05-29 12:02:42.904 7 INFO neutron.quota.resource_registry [None req-6087d2a1-97d5-4079-857f-9d50ad762008 - - - - - -] Creating instance of CountableResource for resource:vpnservice
2026-05-29 12:02:42.904 7 WARNING neutron.quota.resource_registry [None req-6087d2a1-97d5-4079-857f-9d50ad762008 - - - - - -] vpnservice is already registered
2026-05-29 12:02:42.904 7 INFO neutron.quota.resource_registry [None req-6087d2a1-97d5-4079-857f-9d50ad762008 - - - - - -] Creating instance of CountableResource for resource:ipsec_site_connection
2026-05-29 12:02:42.904 7 WARNING neutron.quota.resource_registry [None req-6087d2a1-97d5-4079-857f-9d50ad762008 - - - - - -] ipsec_site_connection is already registered
2026-05-29 12:02:42.904 7 INFO neutron.quota.resource_registry [None req-6087d2a1-97d5-4079-857f-9d50ad762008 - - - - - -] Creating instance of CountableResource for resource:ipsecpolicy
2026-05-29 12:02:42.905 7 WARNING neutron.quota.resource_registry [None req-6087d2a1-97d5-4079-857f-9d50ad762008 - - - - - -] ipsecpolicy is already registered
2026-05-29 12:02:42.905 7 INFO neutron.quota.resource_registry [None req-6087d2a1-97d5-4079-857f-9d50ad762008 - - - - - -] Creating instance of CountableResource for resource:ikepolicy
2026-05-29 12:02:42.905 7 WARNING neutron.quota.resource_registry [None req-6087d2a1-97d5-4079-857f-9d50ad762008 - - - - - -] ikepolicy is already registered
2026-05-29 12:02:42.905 8 WARNING oslo_config.cfg [None req-b5c0a7e2-b05d-4224-a122-048103f17387 - - - - - -] Deprecated: Option "auth_uri" from group "keystone_authtoken" is deprecated. Use option "www_authenticate_uri" from group "keystone_authtoken". WSGI app 0 (mountpoint='') ready in 6 seconds on interpreter 0x5618fbd3b160 pid: 8 (default app)
2026-05-29 12:02:42.942 7 WARNING keystonemiddleware._common.config [None req-6087d2a1-97d5-4079-857f-9d50ad762008 - - - - - -] The option "audit_map_file" is not known to keystonemiddleware
2026-05-29 12:02:42.949 7 WARNING oslo_config.cfg [None req-6087d2a1-97d5-4079-857f-9d50ad762008 - - - - - -] Deprecated: Option "auth_uri" from group "keystone_authtoken" is deprecated. Use option "www_authenticate_uri" from group "keystone_authtoken". WSGI app 0 (mountpoint='') ready in 6 seconds on interpreter 0x5618fbd3b160 pid: 7 (default app) /var/lib/openstack/lib/python3.10/site-packages/memcache.py:1303: SyntaxWarning: "is" with a literal. Did you mean "=="? if key is '': /var/lib/openstack/lib/python3.10/site-packages/memcache.py:1304: SyntaxWarning: "is" with a literal. Did you mean "=="? if key_extra_len is 0: /var/lib/openstack/lib/python3.10/site-packages/pycadf/identifier.py:71: UserWarning: Invalid uuid: unknown. To ensure interoperability, identifiers should be a valid uuid. warnings.warn(('Invalid uuid: %s. To ensure interoperability, '
2026-05-29 12:02:45.973 8 INFO neutron.pecan_wsgi.hooks.translation [None req-77dd6b3e-245b-4860-86c1-4b4a976c0aea bbd674174e2e458e90d2a10eccdb1137 e79b9ea506fc42b0bbe76ae66a101ff6 - - default default] GET failed (client error): The resource could not be found. [pid: 8|app: 0|req: 2/3] 199.204.45.109 () {44 vars in 928 bytes} [Fri May 29 12:02:45 2026] GET /v2.0/networks/public => generated 108 bytes in 714 msecs (HTTP/1.1 404) 4 headers in 164 bytes (1 switches on core 0) /var/lib/openstack/lib/python3.10/site-packages/memcache.py:1303: SyntaxWarning: "is" with a literal. Did you mean "=="? if key is '': /var/lib/openstack/lib/python3.10/site-packages/memcache.py:1304: SyntaxWarning: "is" with a literal. Did you mean "=="? if key_extra_len is 0: /var/lib/openstack/lib/python3.10/site-packages/pycadf/identifier.py:71: UserWarning: Invalid uuid: unknown. To ensure interoperability, identifiers should be a valid uuid. warnings.warn(('Invalid uuid: %s. To ensure interoperability, ' [pid: 7|app: 0|req: 2/4] 199.204.45.109 () {44 vars in 950 bytes} [Fri May 29 12:02:45 2026] GET /v2.0/networks?name=public => generated 15 bytes in 297 msecs (HTTP/1.1 200) 4 headers in 156 bytes (1 switches on core 0)
2026-05-29 12:02:46.446 8 WARNING oslo_policy.policy [None req-f5ef4d61-ece6-4c6a-b4ed-a0a4924352ee bbd674174e2e458e90d2a10eccdb1137 e79b9ea506fc42b0bbe76ae66a101ff6 - - default default] Policies ['get_subnets_tags'] reference a rule that is not defined.
2026-05-29 12:02:46.693 8 WARNING neutron.services.revisions.revision_plugin [None req-f5ef4d61-ece6-4c6a-b4ed-a0a4924352ee bbd674174e2e458e90d2a10eccdb1137 e79b9ea506fc42b0bbe76ae66a101ff6 - - default default] Could not find related network for resource to bump revision.
2026-05-29 12:02:46.719 8 INFO neutron.db.segments_db [None req-f5ef4d61-ece6-4c6a-b4ed-a0a4924352ee bbd674174e2e458e90d2a10eccdb1137 e79b9ea506fc42b0bbe76ae66a101ff6 - - default default] Added segment 7ca6796c-6a43-48e1-92aa-dea1f6f94937 of type flat for network 49cfc677-a93a-4cab-a596-96f54dac8a52
2026-05-29 12:02:46.776 8 INFO neutron.pecan_wsgi.hooks.translation [None req-f5ef4d61-ece6-4c6a-b4ed-a0a4924352ee bbd674174e2e458e90d2a10eccdb1137 e79b9ea506fc42b0bbe76ae66a101ff6 - - default default] POST failed (client error): The resource could not be found. [pid: 8|app: 0|req: 3/5] 199.204.45.109 () {48 vars in 968 bytes} [Fri May 29 12:02:46 2026] POST /v2.0/networks => generated 124 bytes in 514 msecs (HTTP/1.1 404) 4 headers in 164 bytes (1 switches on core 0)
2026-05-29 12:02:52.992 7 INFO neutron.pecan_wsgi.hooks.translation [None req-78076391-2429-4783-a988-943efc2952f4 bbd674174e2e458e90d2a10eccdb1137 e79b9ea506fc42b0bbe76ae66a101ff6 - - default default] GET failed (client error): The resource could not be found. [pid: 7|app: 0|req: 3/6] 199.204.45.109 () {44 vars in 928 bytes} [Fri May 29 12:02:52 2026] GET /v2.0/networks/public => generated 108 bytes in 372 msecs (HTTP/1.1 404) 4 headers in 164 bytes (1 switches on core 0) [pid: 8|app: 0|req: 4/7] 199.204.45.109 () {44 vars in 950 bytes} [Fri May 29 12:02:52 2026] GET /v2.0/networks?name=public => generated 15 bytes in 23 msecs (HTTP/1.1 200) 4 headers in 156 bytes (1 switches on core 0)
2026-05-29 12:02:53.363 7 WARNING oslo_policy.policy [None req-40fef745-098e-4406-8386-41f2a1ee2431 bbd674174e2e458e90d2a10eccdb1137 e79b9ea506fc42b0bbe76ae66a101ff6 - - default default] Policies ['get_subnets_tags'] reference a rule that is not defined.
2026-05-29 12:02:53.402 7 WARNING neutron.services.revisions.revision_plugin [None req-40fef745-098e-4406-8386-41f2a1ee2431 bbd674174e2e458e90d2a10eccdb1137 e79b9ea506fc42b0bbe76ae66a101ff6 - - default default] Could not find related network for resource to bump revision.
2026-05-29 12:02:53.446 7 INFO neutron.db.segments_db [None req-40fef745-098e-4406-8386-41f2a1ee2431 bbd674174e2e458e90d2a10eccdb1137 e79b9ea506fc42b0bbe76ae66a101ff6 - - default default] Added segment 775852e2-7b6f-46af-bce5-1afce4de1a80 of type flat for network 89eae93a-3d23-4fb0-8374-57e41a644542
2026-05-29 12:02:53.546 7 INFO neutron.pecan_wsgi.hooks.translation [None req-40fef745-098e-4406-8386-41f2a1ee2431 bbd674174e2e458e90d2a10eccdb1137 e79b9ea506fc42b0bbe76ae66a101ff6 - - default default] POST failed (client error): The resource could not be found. [pid: 7|app: 0|req: 4/8] 199.204.45.109 () {48 vars in 968 bytes} [Fri May 29 12:02:53 2026] POST /v2.0/networks => generated 124 bytes in 537 msecs (HTTP/1.1 404) 4 headers in 164 bytes (1 switches on core 0)
2026-05-29 12:02:59.499 7 INFO neutron.pecan_wsgi.hooks.translation [None req-1837d073-b637-40a7-9921-f24ca32a4beb bbd674174e2e458e90d2a10eccdb1137 e79b9ea506fc42b0bbe76ae66a101ff6 - - default default] GET failed (client error): The resource could not be found. [pid: 7|app: 0|req: 5/10] 199.204.45.109 () {44 vars in 928 bytes} [Fri May 29 12:02:59 2026] GET /v2.0/networks/public => generated 108 bytes in 66 msecs (HTTP/1.1 404) 4 headers in 164 bytes (1 switches on core 0) [pid: 8|app: 0|req: 6/11] 199.204.45.109 () {44 vars in 950 bytes} [Fri May 29 12:02:59 2026] GET /v2.0/networks?name=public => generated 15 bytes in 15 msecs (HTTP/1.1 200) 4 headers in 156 bytes (1 switches on core 0)
2026-05-29 12:02:59.597 7 WARNING neutron.services.revisions.revision_plugin [None req-1ad0f096-b1f1-4828-abdc-559ea43ce9b2 bbd674174e2e458e90d2a10eccdb1137 e79b9ea506fc42b0bbe76ae66a101ff6 - - default default] Could not find related network for resource to bump revision.
2026-05-29 12:02:59.617 7 INFO neutron.db.segments_db [None req-1ad0f096-b1f1-4828-abdc-559ea43ce9b2 bbd674174e2e458e90d2a10eccdb1137 e79b9ea506fc42b0bbe76ae66a101ff6 - - default default] Added segment f69ec4fb-600c-4d8b-abb9-a7ee497cdc2d of type flat for network 476798f5-16f0-41da-9bbb-830eccbe5a43
2026-05-29 12:02:59.677 7 INFO neutron.pecan_wsgi.hooks.translation [None req-1ad0f096-b1f1-4828-abdc-559ea43ce9b2 bbd674174e2e458e90d2a10eccdb1137 e79b9ea506fc42b0bbe76ae66a101ff6 - - default default] POST failed (client error): The resource could not be found. [pid: 7|app: 0|req: 6/12] 199.204.45.109 () {48 vars in 968 bytes} [Fri May 29 12:02:59 2026] POST /v2.0/networks => generated 124 bytes in 168 msecs (HTTP/1.1 404) 4 headers in 164 bytes (1 switches on core 0)
2026-05-29 12:03:05.591 8 INFO neutron.pecan_wsgi.hooks.translation [None req-96873965-2d39-478a-ad68-429cef49fe5d bbd674174e2e458e90d2a10eccdb1137 e79b9ea506fc42b0bbe76ae66a101ff6 - - default default] GET failed (client error): The resource could not be found. [pid: 8|app: 0|req: 7/13] 199.204.45.109 () {44 vars in 928 bytes} [Fri May 29 12:03:05 2026] GET /v2.0/networks/public => generated 108 bytes in 63 msecs (HTTP/1.1 404) 4 headers in 164 bytes (1 switches on core 0) [pid: 7|app: 0|req: 7/14] 199.204.45.109 () {44 vars in 950 bytes} [Fri May 29 12:03:05 2026] GET /v2.0/networks?name=public => generated 15 bytes in 22 msecs (HTTP/1.1 200) 4 headers in 156 bytes (1 switches on core 0)
2026-05-29 12:03:05.694 8 WARNING neutron.services.revisions.revision_plugin [None req-044b35ce-6193-40ee-bc82-53de6e2ca8eb bbd674174e2e458e90d2a10eccdb1137 e79b9ea506fc42b0bbe76ae66a101ff6 - - default default] Could not find related network for resource to bump revision.
2026-05-29 12:03:05.715 8 INFO neutron.db.segments_db [None req-044b35ce-6193-40ee-bc82-53de6e2ca8eb bbd674174e2e458e90d2a10eccdb1137 e79b9ea506fc42b0bbe76ae66a101ff6 - - default default] Added segment 2b594678-61be-4193-8de2-0db8fa19f5f1 of type flat for network ba10198c-9460-471c-9f8d-40eb29ca433b
2026-05-29 12:03:05.755 8 INFO neutron.pecan_wsgi.hooks.translation [None req-044b35ce-6193-40ee-bc82-53de6e2ca8eb bbd674174e2e458e90d2a10eccdb1137 e79b9ea506fc42b0bbe76ae66a101ff6 - - default default] POST failed (client error): The resource could not be found. [pid: 8|app: 0|req: 8/15] 199.204.45.109 () {48 vars in 968 bytes} [Fri May 29 12:03:05 2026] POST /v2.0/networks => generated 124 bytes in 144 msecs (HTTP/1.1 404) 4 headers in 164 bytes (1 switches on core 0)
2026-05-29 12:03:11.700 7 INFO neutron.pecan_wsgi.hooks.translation [None req-14b081d4-88d5-43b5-8696-fbf428a5da86 bbd674174e2e458e90d2a10eccdb1137 e79b9ea506fc42b0bbe76ae66a101ff6 - - default default] GET failed (client error): The resource could not be found. [pid: 7|app: 0|req: 8/16] 199.204.45.109 () {44 vars in 928 bytes} [Fri May 29 12:03:11 2026] GET /v2.0/networks/public => generated 108 bytes in 66 msecs (HTTP/1.1 404) 4 headers in 164 bytes (1 switches on core 0) [pid: 8|app: 0|req: 9/17] 199.204.45.109 () {44 vars in 950 bytes} [Fri May 29 12:03:11 2026] GET /v2.0/networks?name=public => generated 15 bytes in 26 msecs (HTTP/1.1 200) 4 headers in 156 bytes (1 switches on core 0)
2026-05-29 12:03:11.806 7 WARNING neutron.services.revisions.revision_plugin [None req-c68a879a-aee7-4827-941f-658dcb1a86f0 bbd674174e2e458e90d2a10eccdb1137 e79b9ea506fc42b0bbe76ae66a101ff6 - - default default] Could not find related network for resource to bump revision.
2026-05-29 12:03:11.840 7 INFO neutron.db.segments_db [None req-c68a879a-aee7-4827-941f-658dcb1a86f0 bbd674174e2e458e90d2a10eccdb1137 e79b9ea506fc42b0bbe76ae66a101ff6 - - default default] Added segment 3639aebe-84a7-4cbf-bd2c-2c71da9c7e5a of type flat for network 655caccf-eb3a-4add-b0d6-0667b809e493
2026-05-29 12:03:11.877 7 INFO neutron.pecan_wsgi.hooks.translation [None req-c68a879a-aee7-4827-941f-658dcb1a86f0 bbd674174e2e458e90d2a10eccdb1137 e79b9ea506fc42b0bbe76ae66a101ff6 - - default default] POST failed (client error): The resource could not be found. [pid: 7|app: 0|req: 9/18] 199.204.45.109 () {48 vars in 968 bytes} [Fri May 29 12:03:11 2026] POST /v2.0/networks => generated 124 bytes in 153 msecs (HTTP/1.1 404) 4 headers in 164 bytes (1 switches on core 0)
2026-05-29 12:03:17.847 7 INFO neutron.pecan_wsgi.hooks.translation [None req-bc2117af-06dc-4dad-9439-e8c07b85cfaa bbd674174e2e458e90d2a10eccdb1137 e79b9ea506fc42b0bbe76ae66a101ff6 - - default default] GET failed (client error): The resource could not be found. [pid: 7|app: 0|req: 10/20] 199.204.45.109 () {44 vars in 928 bytes} [Fri May 29 12:03:17 2026] GET /v2.0/networks/public => generated 108 bytes in 64 msecs (HTTP/1.1 404) 4 headers in 164 bytes (1 switches on core 0) [pid: 8|app: 0|req: 11/21] 199.204.45.109 () {44 vars in 950 bytes} [Fri May 29 12:03:17 2026] GET /v2.0/networks?name=public => generated 15 bytes in 19 msecs (HTTP/1.1 200) 4 headers in 156 bytes (1 switches on core 0)
2026-05-29 12:03:17.929 7 WARNING neutron.services.revisions.revision_plugin [None req-40067f18-4b56-45bf-9e03-7bf9bba25bb1 bbd674174e2e458e90d2a10eccdb1137 e79b9ea506fc42b0bbe76ae66a101ff6 - - default default] Could not find related network for resource to bump revision.
2026-05-29 12:03:17.983 7 INFO neutron.db.segments_db [None req-40067f18-4b56-45bf-9e03-7bf9bba25bb1 bbd674174e2e458e90d2a10eccdb1137 e79b9ea506fc42b0bbe76ae66a101ff6 - - default default] Added segment 1369296e-3e27-45c3-8380-2c268012eb2c of type flat for network 42ce3bf2-f86e-46bc-b75d-1763efccfe0f [pid: 7|app: 0|req: 11/22] 199.204.45.109 () {48 vars in 968 bytes} [Fri May 29 12:03:17 2026] POST /v2.0/networks => generated 706 bytes in 251 msecs (HTTP/1.1 201) 4 headers in 162 bytes (1 switches on core 0)
2026-05-29 12:03:19.297 8 INFO neutron.pecan_wsgi.hooks.translation [None req-7c71bb88-28b2-4ab4-9fe7-4a9b63bebf6d bbd674174e2e458e90d2a10eccdb1137 e79b9ea506fc42b0bbe76ae66a101ff6 - - default default] GET failed (client error): The resource could not be found. [pid: 8|app: 0|req: 12/23] 199.204.45.109 () {44 vars in 928 bytes} [Fri May 29 12:03:19 2026] GET /v2.0/networks/public => generated 108 bytes in 65 msecs (HTTP/1.1 404) 4 headers in 164 bytes (1 switches on core 0) [pid: 7|app: 0|req: 12/24] 199.204.45.109 () {44 vars in 950 bytes} [Fri May 29 12:03:19 2026] GET /v2.0/networks?name=public => generated 709 bytes in 84 msecs (HTTP/1.1 200) 4 headers in 157 bytes (1 switches on core 0)
2026-05-29 12:03:19.420 8 INFO neutron.pecan_wsgi.hooks.translation [None req-8ba1ab71-652c-4ce4-9385-37decbb73242 bbd674174e2e458e90d2a10eccdb1137 e79b9ea506fc42b0bbe76ae66a101ff6 - - default default] GET failed (client error): The resource could not be found. [pid: 8|app: 0|req: 13/25] 199.204.45.109 () {44 vars in 1035 bytes} [Fri May 29 12:03:19 2026] GET /v2.0/subnets/public-subnet?network_id=42ce3bf2-f86e-46bc-b75d-1763efccfe0f => generated 113 bytes in 28 msecs (HTTP/1.1 404) 4 headers in 164 bytes (1 switches on core 0) [pid: 7|app: 0|req: 13/26] 199.204.45.109 () {44 vars in 1058 bytes} [Fri May 29 12:03:19 2026] GET /v2.0/subnets?name=public-subnet&network_id=42ce3bf2-f86e-46bc-b75d-1763efccfe0f => generated 14 bytes in 27 msecs (HTTP/1.1 200) 4 headers in 156 bytes (1 switches on core 0) [pid: 8|app: 0|req: 14/27] 199.204.45.109 () {48 vars in 966 bytes} [Fri May 29 12:03:19 2026] POST /v2.0/subnets => generated 641 bytes in 429 msecs (HTTP/1.1 201) 4 headers in 162 bytes (1 switches on core 0)
2026-05-29 12:08:08.063 7 ERROR oslo.messaging._drivers.impl_rabbit [-] [5b641ce3-d90d-41dc-aade-1608d9797c6a] AMQP server on rabbitmq-neutron.openstack.svc.cluster.local:5672 is unreachable: . Trying again in 1 seconds.: amqp.exceptions.RecoverableConnectionError: 
2026-05-29 12:08:08.070 7 ERROR oslo.messaging._drivers.impl_rabbit [-] [768aaef0-32eb-467e-8c37-32fe00fb83cd] AMQP server on rabbitmq-neutron.openstack.svc.cluster.local:5672 is unreachable: . Trying again in 1 seconds.: amqp.exceptions.RecoverableConnectionError: 
2026-05-29 12:08:08.212 7 INFO neutron.pecan_wsgi.hooks.translation [None req-7ff46cac-878b-4ede-814b-b2bd5d651c25 bbd674174e2e458e90d2a10eccdb1137 e79b9ea506fc42b0bbe76ae66a101ff6 - - default default] GET failed (client error): The resource could not be found. [pid: 7|app: 0|req: 33/65] 199.204.45.109 () {44 vars in 938 bytes} [Fri May 29 12:08:08 2026] GET /v2.0/networks/lb-mgmt-net => generated 113 bytes in 163 msecs (HTTP/1.1 404) 4 headers in 164 bytes (1 switches on core 0)
2026-05-29 12:08:08.224 8 ERROR oslo.messaging._drivers.impl_rabbit [-] [e1c0c41f-a864-488e-93cb-727d9fff0de1] AMQP server on rabbitmq-neutron.openstack.svc.cluster.local:5672 is unreachable: . Trying again in 1 seconds.: amqp.exceptions.RecoverableConnectionError: 
2026-05-29 12:08:08.225 8 ERROR oslo.messaging._drivers.impl_rabbit [-] [f4edb656-2001-4f17-a43b-f4fb9e54f1e1] AMQP server on rabbitmq-neutron.openstack.svc.cluster.local:5672 is unreachable: . Trying again in 1 seconds.: amqp.exceptions.RecoverableConnectionError: 
2026-05-29 12:08:08.229 8 INFO oslo.messaging._drivers.impl_rabbit [-] A recoverable connection/channel error occurred, trying to reconnect: Server unexpectedly closed connection Fri May 29 12:08:08 2026 - SIGPIPE: writing to a closed pipe/socket/fd (probably the client disconnected) on request /v2.0/networks?name=lb-mgmt-net (ip 199.204.45.109) !!! [pid: 8|app: 0|req: 33/66] 199.204.45.109 () {44 vars in 960 bytes} [Fri May 29 12:08:08 2026] GET /v2.0/networks?name=lb-mgmt-net => generated 15 bytes in 37 msecs (HTTP/1.1 200) 4 headers in 156 bytes (1 switches on core 0)
2026-05-29 12:08:08.331 7 INFO neutron.db.segments_db [None req-ad6d45cf-5cb8-41e6-b799-29cd5a80215d bbd674174e2e458e90d2a10eccdb1137 e79b9ea506fc42b0bbe76ae66a101ff6 - - default default] Added segment 3343d983-eeb3-47c4-a293-d96eb5ed50c0 of type vxlan for network 5d4df462-58a9-4266-83b8-bb43ef69b622 [pid: 7|app: 0|req: 34/67] 199.204.45.109 () {48 vars in 967 bytes} [Fri May 29 12:08:08 2026] POST /v2.0/networks => generated 707 bytes in 201 msecs (HTTP/1.1 201) 4 headers in 162 bytes (1 switches on core 0)
2026-05-29 12:08:09.404 8 INFO oslo.messaging._drivers.impl_rabbit [-] [e1c0c41f-a864-488e-93cb-727d9fff0de1] Reconnected to AMQP server on rabbitmq-neutron.openstack.svc.cluster.local:5672 via [amqp] client with port 48224.
2026-05-29 12:08:09.405 8 INFO oslo.messaging._drivers.impl_rabbit [-] [f4edb656-2001-4f17-a43b-f4fb9e54f1e1] Reconnected to AMQP server on rabbitmq-neutron.openstack.svc.cluster.local:5672 via [amqp] client with port 48230.
2026-05-29 12:08:09.463 8 INFO neutron.pecan_wsgi.hooks.translation [None req-515ee3b7-d0a4-468a-a65d-cda495c8c375 bbd674174e2e458e90d2a10eccdb1137 e79b9ea506fc42b0bbe76ae66a101ff6 - - default default] GET failed (client error): The resource could not be found. [pid: 8|app: 0|req: 34/68] 199.204.45.109 () {44 vars in 938 bytes} [Fri May 29 12:08:09 2026] GET /v2.0/networks/lb-mgmt-net => generated 113 bytes in 85 msecs (HTTP/1.1 404) 4 headers in 164 bytes (1 switches on core 0)
2026-05-29 12:08:09.520 7 INFO oslo.messaging._drivers.impl_rabbit [-] [5b641ce3-d90d-41dc-aade-1608d9797c6a] Reconnected to AMQP server on rabbitmq-neutron.openstack.svc.cluster.local:5672 via [amqp] client with port 48240.
2026-05-29 12:08:09.523 7 INFO oslo.messaging._drivers.impl_rabbit [-] [768aaef0-32eb-467e-8c37-32fe00fb83cd] Reconnected to AMQP server on rabbitmq-neutron.openstack.svc.cluster.local:5672 via [amqp] client with port 48256. [pid: 7|app: 0|req: 35/69] 199.204.45.109 () {44 vars in 960 bytes} [Fri May 29 12:08:09 2026] GET /v2.0/networks?name=lb-mgmt-net => generated 691 bytes in 62 msecs (HTTP/1.1 200) 4 headers in 157 bytes (1 switches on core 0)
2026-05-29 12:08:09.565 8 INFO neutron.pecan_wsgi.hooks.translation [None req-b50bac45-5dcc-490a-a309-17f31adab944 bbd674174e2e458e90d2a10eccdb1137 e79b9ea506fc42b0bbe76ae66a101ff6 - - default default] GET failed (client error): The resource could not be found. [pid: 8|app: 0|req: 35/70] 199.204.45.109 () {44 vars in 1037 bytes} [Fri May 29 12:08:09 2026] GET /v2.0/subnets/lb-mgmt-subnet?network_id=5d4df462-58a9-4266-83b8-bb43ef69b622 => generated 114 bytes in 24 msecs (HTTP/1.1 404) 4 headers in 164 bytes (1 switches on core 0) [pid: 7|app: 0|req: 36/71] 199.204.45.109 () {44 vars in 1060 bytes} [Fri May 29 12:08:09 2026] GET /v2.0/subnets?name=lb-mgmt-subnet&network_id=5d4df462-58a9-4266-83b8-bb43ef69b622 => generated 14 bytes in 20 msecs (HTTP/1.1 200) 4 headers in 156 bytes (1 switches on core 0) [pid: 8|app: 0|req: 36/72] 199.204.45.109 () {48 vars in 966 bytes} [Fri May 29 12:08:09 2026] POST /v2.0/subnets => generated 627 bytes in 301 msecs (HTTP/1.1 201) 4 headers in 162 bytes (1 switches on core 0)
2026-05-29 12:08:11.047 7 INFO neutron.api.v2.resource [None req-6c04c3c0-7510-4bfa-b936-5d7c9db9ca9d bbd674174e2e458e90d2a10eccdb1137 e79b9ea506fc42b0bbe76ae66a101ff6 - - default default] show failed (client error): The resource could not be found. [pid: 7|app: 0|req: 37/73] 199.204.45.109 () {44 vars in 972 bytes} [Fri May 29 12:08:10 2026] GET /v2.0/security-groups/lb-health-mgr-sec-grp => generated 131 bytes in 71 msecs (HTTP/1.1 404) 4 headers in 164 bytes (1 switches on core 0) [pid: 8|app: 0|req: 37/74] 199.204.45.109 () {44 vars in 994 bytes} [Fri May 29 12:08:11 2026] GET /v2.0/security-groups?name=lb-health-mgr-sec-grp => generated 23 bytes in 39 msecs (HTTP/1.1 200) 4 headers in 156 bytes (1 switches on core 0) [pid: 7|app: 0|req: 38/75] 199.204.45.109 () {48 vars in 981 bytes} [Fri May 29 12:08:11 2026] POST /v2.0/security-groups => generated 1552 bytes in 187 msecs (HTTP/1.1 201) 4 headers in 163 bytes (1 switches on core 0) [pid: 8|app: 0|req: 38/76] 199.204.45.109 () {44 vars in 1002 bytes} [Fri May 29 12:08:12 2026] GET /v2.0/security-groups/4dbcce8f-94af-4fb9-afff-cec2a2a966c8 => generated 1552 bytes in 95 msecs (HTTP/1.1 200) 4 headers in 158 bytes (1 switches on core 0) [pid: 7|app: 0|req: 39/77] 199.204.45.109 () {44 vars in 1002 bytes} [Fri May 29 12:08:12 2026] GET /v2.0/security-groups/4dbcce8f-94af-4fb9-afff-cec2a2a966c8 => generated 1552 bytes in 48 msecs (HTTP/1.1 200) 4 headers in 158 bytes (1 switches on core 0) [pid: 8|app: 0|req: 39/78] 199.204.45.109 () {44 vars in 1002 bytes} [Fri May 29 12:08:12 2026] GET /v2.0/security-groups/4dbcce8f-94af-4fb9-afff-cec2a2a966c8 => generated 1552 bytes in 31 msecs (HTTP/1.1 200) 4 headers in 158 bytes (1 switches on core 0) [pid: 7|app: 0|req: 40/79] 199.204.45.109 () {48 vars in 992 bytes} [Fri May 29 12:08:12 2026] POST /v2.0/security-group-rules => generated 569 bytes in 142 msecs (HTTP/1.1 201) 4 headers in 162 bytes (1 switches on core 0) [pid: 8|app: 0|req: 40/80] 199.204.45.109 () {44 vars in 1002 bytes} [Fri May 29 12:08:13 2026] GET /v2.0/security-groups/4dbcce8f-94af-4fb9-afff-cec2a2a966c8 => generated 2134 bytes in 89 msecs (HTTP/1.1 200) 4 headers in 158 bytes (1 switches on core 0) [pid: 8|app: 0|req: 42/83] 199.204.45.109 () {44 vars in 1002 bytes} [Fri May 29 12:08:13 2026] GET /v2.0/security-groups/4dbcce8f-94af-4fb9-afff-cec2a2a966c8 => generated 2134 bytes in 33 msecs (HTTP/1.1 200) 4 headers in 158 bytes (1 switches on core 0) [pid: 7|app: 0|req: 42/84] 199.204.45.109 () {44 vars in 1002 bytes} [Fri May 29 12:08:13 2026] GET /v2.0/security-groups/4dbcce8f-94af-4fb9-afff-cec2a2a966c8 => generated 2134 bytes in 54 msecs (HTTP/1.1 200) 4 headers in 158 bytes (1 switches on core 0) [pid: 8|app: 0|req: 43/85] 199.204.45.109 () {48 vars in 992 bytes} [Fri May 29 12:08:13 2026] POST /v2.0/security-group-rules => generated 571 bytes in 154 msecs (HTTP/1.1 201) 4 headers in 162 bytes (1 switches on core 0) [pid: 7|app: 0|req: 43/86] 199.204.45.109 () {44 vars in 1002 bytes} [Fri May 29 12:08:14 2026] GET /v2.0/security-groups/4dbcce8f-94af-4fb9-afff-cec2a2a966c8 => generated 2718 bytes in 75 msecs (HTTP/1.1 200) 4 headers in 158 bytes (1 switches on core 0) [pid: 8|app: 0|req: 44/87] 199.204.45.109 () {44 vars in 1002 bytes} [Fri May 29 12:08:14 2026] GET /v2.0/security-groups/4dbcce8f-94af-4fb9-afff-cec2a2a966c8 => generated 2718 bytes in 42 msecs (HTTP/1.1 200) 4 headers in 158 bytes (1 switches on core 0) [pid: 7|app: 0|req: 44/88] 199.204.45.109 () {44 vars in 1002 bytes} [Fri May 29 12:08:14 2026] GET /v2.0/security-groups/4dbcce8f-94af-4fb9-afff-cec2a2a966c8 => generated 2718 bytes in 42 msecs (HTTP/1.1 200) 4 headers in 158 bytes (1 switches on core 0) [pid: 8|app: 0|req: 45/89] 199.204.45.109 () {48 vars in 992 bytes} [Fri May 29 12:08:15 2026] POST /v2.0/security-group-rules => generated 571 bytes in 187 msecs (HTTP/1.1 201) 4 headers in 162 bytes (1 switches on core 0) [pid: 7|app: 0|req: 45/90] 199.204.45.109 () {44 vars in 1002 bytes} [Fri May 29 12:08:16 2026] GET /v2.0/security-groups/4dbcce8f-94af-4fb9-afff-cec2a2a966c8 => generated 3302 bytes in 91 msecs (HTTP/1.1 200) 4 headers in 158 bytes (1 switches on core 0) [pid: 8|app: 0|req: 46/91] 199.204.45.109 () {44 vars in 1002 bytes} [Fri May 29 12:08:16 2026] GET /v2.0/security-groups/4dbcce8f-94af-4fb9-afff-cec2a2a966c8 => generated 3302 bytes in 46 msecs (HTTP/1.1 200) 4 headers in 158 bytes (1 switches on core 0) [pid: 7|app: 0|req: 46/92] 199.204.45.109 () {44 vars in 1002 bytes} [Fri May 29 12:08:16 2026] GET /v2.0/security-groups/4dbcce8f-94af-4fb9-afff-cec2a2a966c8 => generated 3302 bytes in 39 msecs (HTTP/1.1 200) 4 headers in 158 bytes (1 switches on core 0) [pid: 8|app: 0|req: 47/93] 199.204.45.109 () {48 vars in 992 bytes} [Fri May 29 12:08:16 2026] POST /v2.0/security-group-rules => generated 571 bytes in 158 msecs (HTTP/1.1 201) 4 headers in 162 bytes (1 switches on core 0) [pid: 7|app: 0|req: 47/94] 199.204.45.109 () {44 vars in 1002 bytes} [Fri May 29 12:08:17 2026] GET /v2.0/security-groups/4dbcce8f-94af-4fb9-afff-cec2a2a966c8 => generated 3886 bytes in 97 msecs (HTTP/1.1 200) 4 headers in 158 bytes (1 switches on core 0) [pid: 8|app: 0|req: 48/95] 199.204.45.109 () {44 vars in 1002 bytes} [Fri May 29 12:08:17 2026] GET /v2.0/security-groups/4dbcce8f-94af-4fb9-afff-cec2a2a966c8 => generated 3886 bytes in 53 msecs (HTTP/1.1 200) 4 headers in 158 bytes (1 switches on core 0) [pid: 7|app: 0|req: 48/96] 199.204.45.109 () {44 vars in 1002 bytes} [Fri May 29 12:08:17 2026] GET /v2.0/security-groups/4dbcce8f-94af-4fb9-afff-cec2a2a966c8 => generated 3886 bytes in 37 msecs (HTTP/1.1 200) 4 headers in 158 bytes (1 switches on core 0) [pid: 8|app: 0|req: 49/97] 199.204.45.109 () {48 vars in 992 bytes} [Fri May 29 12:08:17 2026] POST /v2.0/security-group-rules => generated 571 bytes in 155 msecs (HTTP/1.1 201) 4 headers in 162 bytes (1 switches on core 0) [pid: 7|app: 0|req: 49/98] 199.204.45.109 () {44 vars in 988 bytes} [Fri May 29 12:08:19 2026] GET /v2.0/networks/5d4df462-58a9-4266-83b8-bb43ef69b622 => generated 732 bytes in 144 msecs (HTTP/1.1 200) 4 headers in 157 bytes (1 switches on core 0)
