2026-07-10 01:00:49.590 10 INFO neutron.db.ovn_revision_numbers_db [None req-cb828b75-9512-4f9b-a2c0-b0c83b949a96 fdcfe6efecc7496ca17a5b8c015822be 516d52bf26fe48e4868e535fbc418f23 - - default default] Successfully bumped revision number for resource 386de0fd-1a93-4bdc-8ff6-a60e0e8ee1e3 (type: security_group_rules) to 0
2026-07-10 01:00:49.591 9 INFO neutron.db.ovn_revision_numbers_db [None req-d0e9448a-7319-499e-ad1c-d02a4c492a3d c98e0b0fdc0b48eb9c9d5dcb49551783 0e494e07e80a4e56bc6fe3846daf137c - - default default] Successfully bumped revision number for resource 33053e4c-31b1-4401-b436-f51a1f306073 (type: subnets) to 0
2026-07-10 01:00:49.612 9 INFO neutron.wsgi [None req-d0e9448a-7319-499e-ad1c-d02a4c492a3d c98e0b0fdc0b48eb9c9d5dcb49551783 0e494e07e80a4e56bc6fe3846daf137c - - default default] 10.0.0.99 "POST /v2.0/subnets HTTP/1.1" status: 201 len: 801 time: 0.8767684
2026-07-10 01:00:49.617 10 INFO neutron.db.ovn_revision_numbers_db [None req-cb828b75-9512-4f9b-a2c0-b0c83b949a96 fdcfe6efecc7496ca17a5b8c015822be 516d52bf26fe48e4868e535fbc418f23 - - default default] Successfully bumped revision number for resource dd53a259-dcaf-46ad-b051-00c9d909c4ca (type: security_group_rules) to 0
2026-07-10 01:00:49.622 9 WARNING neutron_lib.context [None req-eee71f4d-1afa-46f6-81f8-286e71cf2599 c98e0b0fdc0b48eb9c9d5dcb49551783 0e494e07e80a4e56bc6fe3846daf137c - - default default] Method 'is_advsvc' is deprecated since 2023.2 release (neutron-lib 3.8.0) and will be removed once support for the old RBAC API policies will be removed from Neutron. Please use method 'is_service_role' instead.
2026-07-10 01:00:49.640 10 INFO neutron.db.ovn_revision_numbers_db [None req-cb828b75-9512-4f9b-a2c0-b0c83b949a96 fdcfe6efecc7496ca17a5b8c015822be 516d52bf26fe48e4868e535fbc418f23 - - default default] Successfully bumped revision number for resource fa685994-6b1a-43ae-9eea-9f05812239d5 (type: security_group_rules) to 0
2026-07-10 01:00:49.665 10 INFO neutron.wsgi [None req-cb828b75-9512-4f9b-a2c0-b0c83b949a96 fdcfe6efecc7496ca17a5b8c015822be 516d52bf26fe48e4868e535fbc418f23 - - default default] 10.0.0.99 "GET /v2.0/security-groups?tenant_id=f09491f695a6423b837ab583574e6d63&name=default HTTP/1.1" status: 200 len: 3120 time: 0.4599810
2026-07-10 01:00:49.951 9 INFO neutron.wsgi [None req-6a3766c3-cda9-4744-9997-69cbf0305ca3 fdcfe6efecc7496ca17a5b8c015822be 516d52bf26fe48e4868e535fbc418f23 - - default default] 10.0.0.99 "DELETE /v2.0/security-groups/dc18b426-1e8b-4774-b321-13bce4abe18a HTTP/1.1" status: 204 len: 168 time: 0.2807550
2026-07-10 01:00:49.991 9 WARNING neutron.scheduler.dhcp_agent_scheduler [None req-eee71f4d-1afa-46f6-81f8-286e71cf2599 c98e0b0fdc0b48eb9c9d5dcb49551783 0e494e07e80a4e56bc6fe3846daf137c - - default default] No more DHCP agents
2026-07-10 01:00:49.994 9 WARNING neutron.api.rpc.agentnotifiers.dhcp_rpc_agent_api [None req-eee71f4d-1afa-46f6-81f8-286e71cf2599 c98e0b0fdc0b48eb9c9d5dcb49551783 0e494e07e80a4e56bc6fe3846daf137c - - default default] Unable to schedule network ceafb769-424f-43cf-900c-2aee7d0f103c: no agents available; will retry on subsequent port and subnet creation events.
2026-07-10 01:00:50.172 9 INFO neutron.db.ovn_revision_numbers_db [None req-eee71f4d-1afa-46f6-81f8-286e71cf2599 c98e0b0fdc0b48eb9c9d5dcb49551783 0e494e07e80a4e56bc6fe3846daf137c - - default default] Successfully bumped revision number for resource 96fb7f5c-7c52-4e34-bdb9-cb2e79b5df0a (type: ports) to 1
2026-07-10 01:00:50.208 9 INFO neutron.wsgi [None req-eee71f4d-1afa-46f6-81f8-286e71cf2599 c98e0b0fdc0b48eb9c9d5dcb49551783 0e494e07e80a4e56bc6fe3846daf137c - - default default] 10.0.0.99 "POST /v2.0/ports HTTP/1.1" status: 201 len: 1150 time: 0.5908327 /var/lib/openstack/lib/python3.10/site-packages/pycadf/identifier.py:71: UserWarning: Invalid uuid: neutron. To ensure interoperability, identifiers should be a valid uuid. warnings.warn(('Invalid uuid: %s. To ensure interoperability, '
2026-07-10 01:00:50.608 9 INFO neutron.wsgi [None req-4adeb399-60e3-4075-849c-a247ecb16e58 c98e0b0fdc0b48eb9c9d5dcb49551783 0e494e07e80a4e56bc6fe3846daf137c - - default default] 10.0.0.99 "DELETE /v2.0/ports/96fb7f5c-7c52-4e34-bdb9-cb2e79b5df0a HTTP/1.1" status: 204 len: 168 time: 0.3955247
2026-07-10 01:00:50.819 10 INFO neutron.wsgi [None req-d3b28921-8d67-45b0-8b08-f1df378c00ca 32d86cca90674ea79f920244eba6cd6f 6c87197c4e7049b78a27a5d578122f1f - - default default] 10.0.0.99 "DELETE /v2.0/routers/ad924b10-49a2-459d-9f3e-b3093c4f2b05 HTTP/1.1" status: 204 len: 168 time: 1.4128084
2026-07-10 01:00:50.850 10 INFO neutron.wsgi [None req-4caf0104-aeca-4f18-803d-5b6b2667443e 32d86cca90674ea79f920244eba6cd6f 6c87197c4e7049b78a27a5d578122f1f - - default default] 10.0.0.99 "GET /v2.0/ports?device_id=ad924b10-49a2-459d-9f3e-b3093c4f2b05 HTTP/1.1" status: 200 len: 205 time: 0.0230818
2026-07-10 01:00:50.851 9 INFO neutron.pecan_wsgi.hooks.translation [None req-a8c20dcb-803d-4f87-9234-7cd74dbf9b4f c98e0b0fdc0b48eb9c9d5dcb49551783 0e494e07e80a4e56bc6fe3846daf137c - - default default] DELETE failed (client error): The resource could not be found.
2026-07-10 01:00:50.854 9 INFO neutron.wsgi [None req-a8c20dcb-803d-4f87-9234-7cd74dbf9b4f c98e0b0fdc0b48eb9c9d5dcb49551783 0e494e07e80a4e56bc6fe3846daf137c - - default default] 10.0.0.99 "DELETE /v2.0/ports/96fb7f5c-7c52-4e34-bdb9-cb2e79b5df0a HTTP/1.1" status: 404 len: 333 time: 0.2405860
2026-07-10 01:00:50.875 9 INFO neutron.pecan_wsgi.hooks.translation [None req-0736cde6-c6a1-426e-8221-bd9b1f4b0a8d c98e0b0fdc0b48eb9c9d5dcb49551783 0e494e07e80a4e56bc6fe3846daf137c - - default default] GET failed (client error): The resource could not be found.
2026-07-10 01:00:50.876 9 INFO neutron.wsgi [None req-0736cde6-c6a1-426e-8221-bd9b1f4b0a8d c98e0b0fdc0b48eb9c9d5dcb49551783 0e494e07e80a4e56bc6fe3846daf137c - - default default] 10.0.0.99 "GET /v2.0/ports/96fb7f5c-7c52-4e34-bdb9-cb2e79b5df0a HTTP/1.1" status: 404 len: 333 time: 0.0174215
2026-07-10 01:00:50.881 10 INFO neutron.api.v2.resource [None req-09f2388f-fbf3-41c5-9975-6f11a58254e4 32d86cca90674ea79f920244eba6cd6f 6c87197c4e7049b78a27a5d578122f1f - - default default] delete failed (client error): The resource could not be found.
2026-07-10 01:00:50.882 10 INFO neutron.wsgi [None req-09f2388f-fbf3-41c5-9975-6f11a58254e4 32d86cca90674ea79f920244eba6cd6f 6c87197c4e7049b78a27a5d578122f1f - - default default] 10.0.0.99 "DELETE /v2.0/routers/ad924b10-49a2-459d-9f3e-b3093c4f2b05 HTTP/1.1" status: 404 len: 336 time: 0.0265079
2026-07-10 01:00:50.912 10 INFO neutron.wsgi [None req-694e1b87-dd2e-4955-a454-7ffb2739e4f5 32d86cca90674ea79f920244eba6cd6f 6c87197c4e7049b78a27a5d578122f1f - - default default] 10.0.0.99 "GET /v2.0/ports?device_id=3b49ebb0-b3fd-4474-a91d-4a12af4f24c3 HTTP/1.1" status: 200 len: 205 time: 0.0224681
2026-07-10 01:00:50.950 10 INFO neutron.api.v2.resource [None req-235906c6-e3e8-44ce-b0ab-21df87800be3 32d86cca90674ea79f920244eba6cd6f 6c87197c4e7049b78a27a5d578122f1f - - default default] delete failed (client error): The resource could not be found.
2026-07-10 01:00:50.953 10 INFO neutron.wsgi [None req-235906c6-e3e8-44ce-b0ab-21df87800be3 32d86cca90674ea79f920244eba6cd6f 6c87197c4e7049b78a27a5d578122f1f - - default default] 10.0.0.99 "DELETE /v2.0/routers/3b49ebb0-b3fd-4474-a91d-4a12af4f24c3 HTTP/1.1" status: 404 len: 336 time: 0.0357547
2026-07-10 01:00:50.980 10 INFO neutron.pecan_wsgi.hooks.translation [None req-26535a7e-2891-48a5-b001-8855f0e0ac28 32d86cca90674ea79f920244eba6cd6f 6c87197c4e7049b78a27a5d578122f1f - - default default] DELETE failed (client error): The resource could not be found.
2026-07-10 01:00:50.984 10 INFO neutron.wsgi [None req-26535a7e-2891-48a5-b001-8855f0e0ac28 32d86cca90674ea79f920244eba6cd6f 6c87197c4e7049b78a27a5d578122f1f - - default default] 10.0.0.99 "DELETE /v2.0/subnets/9098d32d-0d66-4162-85a2-fa3f5f7d3277 HTTP/1.1" status: 404 len: 337 time: 0.0267711
2026-07-10 01:00:51.020 10 INFO neutron.wsgi [None req-8390e5bf-11da-450e-8837-03dadad4226c 32d86cca90674ea79f920244eba6cd6f 6c87197c4e7049b78a27a5d578122f1f - - default default] 10.0.0.99 "GET /v2.0/ports?device_id=019f4280-e5b4-4cd1-a877-b1b48495929f HTTP/1.1" status: 200 len: 205 time: 0.0322821
2026-07-10 01:00:51.053 10 INFO neutron.api.v2.resource [None req-d8c56ab5-d4da-4135-bb5f-0f8d7a1fe069 32d86cca90674ea79f920244eba6cd6f 6c87197c4e7049b78a27a5d578122f1f - - default default] delete failed (client error): The resource could not be found.
2026-07-10 01:00:51.054 10 INFO neutron.wsgi [None req-d8c56ab5-d4da-4135-bb5f-0f8d7a1fe069 32d86cca90674ea79f920244eba6cd6f 6c87197c4e7049b78a27a5d578122f1f - - default default] 10.0.0.99 "DELETE /v2.0/routers/019f4280-e5b4-4cd1-a877-b1b48495929f HTTP/1.1" status: 404 len: 336 time: 0.0282776
2026-07-10 01:00:51.084 10 INFO neutron.pecan_wsgi.hooks.translation [None req-11c598f4-ab3d-4999-b1fb-ec0529693a3a 32d86cca90674ea79f920244eba6cd6f 6c87197c4e7049b78a27a5d578122f1f - - default default] DELETE failed (client error): The resource could not be found.
2026-07-10 01:00:51.088 10 INFO neutron.wsgi [None req-11c598f4-ab3d-4999-b1fb-ec0529693a3a 32d86cca90674ea79f920244eba6cd6f 6c87197c4e7049b78a27a5d578122f1f - - default default] 10.0.0.99 "DELETE /v2.0/subnets/fa5bf13d-1fae-465f-a9c4-ff97c4418f47 HTTP/1.1" status: 404 len: 337 time: 0.0284946
2026-07-10 01:00:51.126 9 INFO neutron.wsgi [None req-9fbc6ffc-9480-410a-ab01-eb8cd94ff2f5 c98e0b0fdc0b48eb9c9d5dcb49551783 0e494e07e80a4e56bc6fe3846daf137c - - default default] 10.0.0.99 "DELETE /v2.0/subnets/33053e4c-31b1-4401-b436-f51a1f306073 HTTP/1.1" status: 204 len: 168 time: 0.2451868
2026-07-10 01:00:51.127 10 INFO neutron.wsgi [None req-a684328b-fe28-40c4-9f2e-a238589fe6e5 32d86cca90674ea79f920244eba6cd6f 6c87197c4e7049b78a27a5d578122f1f - - default default] 10.0.0.99 "GET /v2.0/ports?device_id=0e30396d-ab24-420e-91dc-8d896ae6ffd1 HTTP/1.1" status: 200 len: 205 time: 0.0336742
2026-07-10 01:00:51.184 10 INFO neutron.api.v2.resource [None req-616a82d3-91a8-4daa-8936-fbf51ba2871b 32d86cca90674ea79f920244eba6cd6f 6c87197c4e7049b78a27a5d578122f1f - - default default] delete failed (client error): The resource could not be found.
2026-07-10 01:00:51.186 10 INFO neutron.wsgi [None req-616a82d3-91a8-4daa-8936-fbf51ba2871b 32d86cca90674ea79f920244eba6cd6f 6c87197c4e7049b78a27a5d578122f1f - - default default] 10.0.0.99 "DELETE /v2.0/routers/0e30396d-ab24-420e-91dc-8d896ae6ffd1 HTTP/1.1" status: 404 len: 336 time: 0.0481770
2026-07-10 01:00:51.212 10 INFO neutron.pecan_wsgi.hooks.translation [None req-299b9660-3417-44f2-bdd7-5ec1bed5b28f 32d86cca90674ea79f920244eba6cd6f 6c87197c4e7049b78a27a5d578122f1f - - default default] DELETE failed (client error): The resource could not be found.
2026-07-10 01:00:51.215 10 INFO neutron.wsgi [None req-299b9660-3417-44f2-bdd7-5ec1bed5b28f 32d86cca90674ea79f920244eba6cd6f 6c87197c4e7049b78a27a5d578122f1f - - default default] 10.0.0.99 "DELETE /v2.0/subnets/2905609e-99b4-41c7-b047-4db5af1d4cf1 HTTP/1.1" status: 404 len: 337 time: 0.0247076
2026-07-10 01:00:51.240 10 INFO neutron.pecan_wsgi.hooks.translation [None req-a0dd62d8-6c9e-4064-91f9-8a4d229e9dcd 32d86cca90674ea79f920244eba6cd6f 6c87197c4e7049b78a27a5d578122f1f - - default default] DELETE failed (client error): The resource could not be found.
2026-07-10 01:00:51.242 10 INFO neutron.wsgi [None req-a0dd62d8-6c9e-4064-91f9-8a4d229e9dcd 32d86cca90674ea79f920244eba6cd6f 6c87197c4e7049b78a27a5d578122f1f - - default default] 10.0.0.99 "DELETE /v2.0/subnets/4cc006fe-cf7e-47cb-ae6b-0660aa4b3fb7 HTTP/1.1" status: 404 len: 337 time: 0.0236487
2026-07-10 01:00:51.516 9 INFO neutron.services.segments.plugin [-] Segment bd485c74-119b-4f99-81fe-5748d010eea2 resource provider aggregate not found
2026-07-10 01:00:51.520 9 INFO neutron.services.segments.plugin [-] Segment bd485c74-119b-4f99-81fe-5748d010eea2 resource provider aggregate not found
2026-07-10 01:00:51.533 9 INFO neutron.services.segments.plugin [-] Segment bd485c74-119b-4f99-81fe-5748d010eea2 resource provider not found; error: Placement Client Error (4xx): {"errors": [{"status": 404, "title": "Not Found", "detail": "The resource could not be found.\n\n No resource provider with uuid bd485c74-119b-4f99-81fe-5748d010eea2 found for delete ", "request_id": "req-da7f2d21-9b86-43c4-a48c-4b2c80e485b8"}]}
2026-07-10 01:00:51.534 9 INFO neutron.services.segments.plugin [-] Segment bd485c74-119b-4f99-81fe-5748d010eea2 resource provider not found; error: Placement Client Error (4xx): {"errors": [{"status": 404, "title": "Not Found", "detail": "The resource could not be found.\n\n No resource provider with uuid bd485c74-119b-4f99-81fe-5748d010eea2 found for delete ", "request_id": "req-2281af2f-0623-4137-9be2-5da5b5010bc2"}]}
2026-07-10 01:00:51.556 9 INFO neutron.wsgi [None req-a805f7bf-ddca-4769-961e-ef439442914f c98e0b0fdc0b48eb9c9d5dcb49551783 0e494e07e80a4e56bc6fe3846daf137c - - default default] 10.0.0.99 "DELETE /v2.0/networks/ceafb769-424f-43cf-900c-2aee7d0f103c HTTP/1.1" status: 204 len: 168 time: 0.4224503
2026-07-10 01:00:51.570 10 WARNING neutron_lib.context [None req-e72d0709-c281-4fb6-804a-d973ac49bb1a c98e0b0fdc0b48eb9c9d5dcb49551783 0e494e07e80a4e56bc6fe3846daf137c - - default default] Method 'is_advsvc' is deprecated since 2023.2 release (neutron-lib 3.8.0) and will be removed once support for the old RBAC API policies will be removed from Neutron. Please use method 'is_service_role' instead.
2026-07-10 01:00:51.656 10 INFO neutron.db.segments_db [None req-e72d0709-c281-4fb6-804a-d973ac49bb1a c98e0b0fdc0b48eb9c9d5dcb49551783 0e494e07e80a4e56bc6fe3846daf137c - - default default] Added segment 2cc7f2fd-a406-4198-8315-e945b2a9c730 of type geneve for network b85c6245-e6e4-4fdf-9dc3-966bf29826ff
2026-07-10 01:00:51.805 10 INFO neutron.db.ovn_revision_numbers_db [None req-e72d0709-c281-4fb6-804a-d973ac49bb1a c98e0b0fdc0b48eb9c9d5dcb49551783 0e494e07e80a4e56bc6fe3846daf137c - - default default] Successfully bumped revision number for resource b85c6245-e6e4-4fdf-9dc3-966bf29826ff (type: networks) to 1
2026-07-10 01:00:51.862 9 INFO neutron.wsgi [None req-bf146507-36a5-47b0-8f90-ecc92146b6c4 fdcfe6efecc7496ca17a5b8c015822be 516d52bf26fe48e4868e535fbc418f23 - - default default] 10.0.0.99 "GET /v2.0/security-groups?tenant_id=6c87197c4e7049b78a27a5d578122f1f&name=default HTTP/1.1" status: 200 len: 3120 time: 0.1595273
2026-07-10 01:00:52.018 10 WARNING neutron.scheduler.dhcp_agent_scheduler [None req-e72d0709-c281-4fb6-804a-d973ac49bb1a c98e0b0fdc0b48eb9c9d5dcb49551783 0e494e07e80a4e56bc6fe3846daf137c - - default default] No more DHCP agents
2026-07-10 01:00:52.022 10 WARNING neutron.api.rpc.agentnotifiers.dhcp_rpc_agent_api [None req-e72d0709-c281-4fb6-804a-d973ac49bb1a c98e0b0fdc0b48eb9c9d5dcb49551783 0e494e07e80a4e56bc6fe3846daf137c - - default default] Unable to schedule network b85c6245-e6e4-4fdf-9dc3-966bf29826ff: no agents available; will retry on subsequent port and subnet creation events.
2026-07-10 01:00:52.102 10 INFO neutron.db.ovn_revision_numbers_db [None req-e72d0709-c281-4fb6-804a-d973ac49bb1a c98e0b0fdc0b48eb9c9d5dcb49551783 0e494e07e80a4e56bc6fe3846daf137c - - default default] Successfully bumped revision number for resource 2ebcdb01-f082-4487-bd42-c27ac148f35f (type: ports) to 1
2026-07-10 01:00:52.124 10 INFO neutron.wsgi [None req-e72d0709-c281-4fb6-804a-d973ac49bb1a c98e0b0fdc0b48eb9c9d5dcb49551783 0e494e07e80a4e56bc6fe3846daf137c - - default default] 10.0.0.99 "POST /v2.0/networks HTTP/1.1" status: 201 len: 831 time: 0.5600772
2026-07-10 01:00:52.127 9 INFO neutron.wsgi [None req-f9e09835-3144-418f-acdc-18d13988724b fdcfe6efecc7496ca17a5b8c015822be 516d52bf26fe48e4868e535fbc418f23 - - default default] 10.0.0.99 "DELETE /v2.0/security-groups/c52dadcd-bca1-4581-8e7f-a8f1729a3298 HTTP/1.1" status: 204 len: 168 time: 0.2556036
2026-07-10 01:00:52.133 9 WARNING neutron_lib.context [None req-9d5f71fc-51a7-45ed-bf93-b438d4455861 c98e0b0fdc0b48eb9c9d5dcb49551783 0e494e07e80a4e56bc6fe3846daf137c - - default default] Method 'is_advsvc' is deprecated since 2023.2 release (neutron-lib 3.8.0) and will be removed once support for the old RBAC API policies will be removed from Neutron. Please use method 'is_service_role' instead.
2026-07-10 01:00:52.146 9 INFO neutron.wsgi [req-b09244e8-e68a-494c-8e30-0f08db3f73e1 req-3596a970-6f31-4476-9e3c-efdecb738e00 4a924671abaf462ca3d1f222c8adacc3 0cea5b52854c4e668724328acc92db2b - - 95a8e68532af41d59ccacdfea55f3868 95a8e68532af41d59ccacdfea55f3868] 10.0.0.234 "GET /v2.0/ports?device_id=bf61284a-3ac4-49c5-8fd1-15701554267d HTTP/1.1" status: 200 len: 1413 time: 0.0462089
2026-07-10 01:00:52.219 9 INFO neutron.wsgi [req-b09244e8-e68a-494c-8e30-0f08db3f73e1 req-94255a93-6401-4bf0-8892-06e91b48ea71 4a924671abaf462ca3d1f222c8adacc3 0cea5b52854c4e668724328acc92db2b - - 95a8e68532af41d59ccacdfea55f3868 95a8e68532af41d59ccacdfea55f3868] 10.0.0.234 "GET /v2.0/security-groups?id=443222a7-3541-46bd-b41b-49051fb3eb7c&fields=id&fields=name HTTP/1.1" status: 200 len: 313 time: 0.0655086
2026-07-10 01:00:52.395 9 WARNING neutron.scheduler.dhcp_agent_scheduler [None req-9d5f71fc-51a7-45ed-bf93-b438d4455861 c98e0b0fdc0b48eb9c9d5dcb49551783 0e494e07e80a4e56bc6fe3846daf137c - - default default] No more DHCP agents
2026-07-10 01:00:52.398 9 WARNING neutron.api.rpc.agentnotifiers.dhcp_rpc_agent_api [None req-9d5f71fc-51a7-45ed-bf93-b438d4455861 c98e0b0fdc0b48eb9c9d5dcb49551783 0e494e07e80a4e56bc6fe3846daf137c - - default default] Unable to schedule network b85c6245-e6e4-4fdf-9dc3-966bf29826ff: no agents available; will retry on subsequent port and subnet creation events.
2026-07-10 01:00:52.468 10 INFO neutron.db.ovn_revision_numbers_db [None req-ca46a30b-7140-4ce9-9885-489799e9668e fdcfe6efecc7496ca17a5b8c015822be 516d52bf26fe48e4868e535fbc418f23 - - default default] Successfully bumped revision number for resource 488e43bc-1d53-4a63-868f-fca0391a9b46 (type: security_groups) to 1
2026-07-10 01:00:52.503 10 INFO neutron.db.ovn_revision_numbers_db [None req-ca46a30b-7140-4ce9-9885-489799e9668e fdcfe6efecc7496ca17a5b8c015822be 516d52bf26fe48e4868e535fbc418f23 - - default default] Successfully bumped revision number for resource 2afad7c7-2906-4871-b294-3c2d7546e084 (type: security_group_rules) to 0
2026-07-10 01:00:52.536 10 INFO neutron.db.ovn_revision_numbers_db [None req-ca46a30b-7140-4ce9-9885-489799e9668e fdcfe6efecc7496ca17a5b8c015822be 516d52bf26fe48e4868e535fbc418f23 - - default default] Successfully bumped revision number for resource 302d02ac-f6ff-45cd-8c05-a7071e9ec0e0 (type: security_group_rules) to 0
2026-07-10 01:00:52.557 10 INFO neutron.db.ovn_revision_numbers_db [None req-ca46a30b-7140-4ce9-9885-489799e9668e fdcfe6efecc7496ca17a5b8c015822be 516d52bf26fe48e4868e535fbc418f23 - - default default] Successfully bumped revision number for resource 3833a702-271f-4ed7-a368-cfcdf541a183 (type: security_group_rules) to 0
2026-07-10 01:00:52.572 10 INFO neutron.db.ovn_revision_numbers_db [None req-ca46a30b-7140-4ce9-9885-489799e9668e fdcfe6efecc7496ca17a5b8c015822be 516d52bf26fe48e4868e535fbc418f23 - - default default] Successfully bumped revision number for resource 7e327e37-bbff-4a24-81c6-8c556bb9d533 (type: security_group_rules) to 0
2026-07-10 01:00:52.593 10 INFO neutron.wsgi [None req-ca46a30b-7140-4ce9-9885-489799e9668e fdcfe6efecc7496ca17a5b8c015822be 516d52bf26fe48e4868e535fbc418f23 - - default default] 10.0.0.99 "GET /v2.0/security-groups?tenant_id=41d134a6c54340199e9eb6ba4bd87aff&name=default HTTP/1.1" status: 200 len: 3120 time: 0.3537796
2026-07-10 01:00:52.833 10 INFO neutron.wsgi [None req-25e01862-c612-4cde-aa6e-dc08ecc29206 fdcfe6efecc7496ca17a5b8c015822be 516d52bf26fe48e4868e535fbc418f23 - - default default] 10.0.0.99 "DELETE /v2.0/security-groups/488e43bc-1d53-4a63-868f-fca0391a9b46 HTTP/1.1" status: 204 len: 168 time: 0.2341614
2026-07-10 01:00:52.910 9 INFO neutron.db.ovn_revision_numbers_db [None req-9d5f71fc-51a7-45ed-bf93-b438d4455861 c98e0b0fdc0b48eb9c9d5dcb49551783 0e494e07e80a4e56bc6fe3846daf137c - - default default] Successfully bumped revision number for resource 2ebcdb01-f082-4487-bd42-c27ac148f35f (type: ports) to 2
2026-07-10 01:00:52.948 9 INFO neutron.db.ovn_revision_numbers_db [None req-9d5f71fc-51a7-45ed-bf93-b438d4455861 c98e0b0fdc0b48eb9c9d5dcb49551783 0e494e07e80a4e56bc6fe3846daf137c - - default default] Successfully bumped revision number for resource 4305dbdf-fec4-4e94-aee3-ce3401c68b3d (type: subnets) to 0
2026-07-10 01:00:52.970 9 INFO neutron.wsgi [None req-9d5f71fc-51a7-45ed-bf93-b438d4455861 c98e0b0fdc0b48eb9c9d5dcb49551783 0e494e07e80a4e56bc6fe3846daf137c - - default default] 10.0.0.99 "POST /v2.0/subnets HTTP/1.1" status: 201 len: 801 time: 0.8400207
2026-07-10 01:00:52.984 9 WARNING neutron_lib.context [None req-8ed62314-faf9-4c2b-840b-9ebbb89bcbba c98e0b0fdc0b48eb9c9d5dcb49551783 0e494e07e80a4e56bc6fe3846daf137c - - default default] Method 'is_advsvc' is deprecated since 2023.2 release (neutron-lib 3.8.0) and will be removed once support for the old RBAC API policies will be removed from Neutron. Please use method 'is_service_role' instead.
2026-07-10 01:00:53.331 9 WARNING neutron.scheduler.dhcp_agent_scheduler [None req-8ed62314-faf9-4c2b-840b-9ebbb89bcbba c98e0b0fdc0b48eb9c9d5dcb49551783 0e494e07e80a4e56bc6fe3846daf137c - - default default] No more DHCP agents
2026-07-10 01:00:53.335 9 WARNING neutron.api.rpc.agentnotifiers.dhcp_rpc_agent_api [None req-8ed62314-faf9-4c2b-840b-9ebbb89bcbba c98e0b0fdc0b48eb9c9d5dcb49551783 0e494e07e80a4e56bc6fe3846daf137c - - default default] Unable to schedule network b85c6245-e6e4-4fdf-9dc3-966bf29826ff: no agents available; will retry on subsequent port and subnet creation events.
2026-07-10 01:00:53.513 9 INFO neutron.db.ovn_revision_numbers_db [None req-8ed62314-faf9-4c2b-840b-9ebbb89bcbba c98e0b0fdc0b48eb9c9d5dcb49551783 0e494e07e80a4e56bc6fe3846daf137c - - default default] Successfully bumped revision number for resource af9989e7-5788-42f3-8c6b-7cdca9ebc6cb (type: ports) to 1
2026-07-10 01:00:53.550 9 INFO neutron.wsgi [None req-8ed62314-faf9-4c2b-840b-9ebbb89bcbba c98e0b0fdc0b48eb9c9d5dcb49551783 0e494e07e80a4e56bc6fe3846daf137c - - default default] 10.0.0.99 "POST /v2.0/ports HTTP/1.1" status: 201 len: 1111 time: 0.5745454
2026-07-10 01:00:53.953 9 INFO neutron.wsgi [None req-b06cf2e3-c3de-48db-a7bf-c8ba41a1d53b c98e0b0fdc0b48eb9c9d5dcb49551783 0e494e07e80a4e56bc6fe3846daf137c - - default default] 10.0.0.99 "DELETE /v2.0/ports/af9989e7-5788-42f3-8c6b-7cdca9ebc6cb HTTP/1.1" status: 204 len: 168 time: 0.3951480
2026-07-10 01:00:53.976 9 INFO neutron.pecan_wsgi.hooks.translation [None req-cbb32ffd-54b6-442e-81c6-13e32e087a93 c98e0b0fdc0b48eb9c9d5dcb49551783 0e494e07e80a4e56bc6fe3846daf137c - - default default] GET failed (client error): The resource could not be found.
2026-07-10 01:00:53.977 9 INFO neutron.wsgi [None req-cbb32ffd-54b6-442e-81c6-13e32e087a93 c98e0b0fdc0b48eb9c9d5dcb49551783 0e494e07e80a4e56bc6fe3846daf137c - - default default] 10.0.0.99 "GET /v2.0/ports/af9989e7-5788-42f3-8c6b-7cdca9ebc6cb HTTP/1.1" status: 404 len: 333 time: 0.0208690
2026-07-10 01:00:53.989 10 INFO neutron.wsgi [None req-f439121f-6d44-4f40-afe7-336f65457038 24c104f1faba4882990ed06be9b95065 69846aa907794423958e12acadd420d9 - - default default] 10.0.0.99 "GET /v2.0/ports?project_id=00eff0a66ac4491b9b4c1eccf15f2d45&network_id=95c6d1a1-6148-4575-97ac-2b49bf99fb4e HTTP/1.1" status: 200 len: 3514 time: 0.1099560
2026-07-10 01:00:54.125 10 WARNING neutron_lib.context [None req-84de4cfc-25d4-4c18-be60-e2a0bd253fb9 c809baa574774f8a9844eda02f5104ff 0025be9019d84146b459168b56dbe63a - - default default] Method 'is_advsvc' is deprecated since 2023.2 release (neutron-lib 3.8.0) and will be removed once support for the old RBAC API policies will be removed from Neutron. Please use method 'is_service_role' instead.
2026-07-10 01:00:54.227 9 INFO neutron.wsgi [None req-6c8affac-3943-4c0a-8ba9-1697dbdd6116 c98e0b0fdc0b48eb9c9d5dcb49551783 0e494e07e80a4e56bc6fe3846daf137c - - default default] 10.0.0.99 "DELETE /v2.0/subnets/4305dbdf-fec4-4e94-aee3-ce3401c68b3d HTTP/1.1" status: 204 len: 168 time: 0.2454004
2026-07-10 01:00:54.236 9 INFO neutron.wsgi [None req-d9e1fbca-0f34-4c33-afcf-6d68723f7e95 24c104f1faba4882990ed06be9b95065 69846aa907794423958e12acadd420d9 - - default default] 10.0.0.99 "GET /v2.0/subnets?network_id=db097c83-e6e8-4e2a-8c29-36e3564d3044 HTTP/1.1" status: 200 len: 838 time: 0.0448070
2026-07-10 01:00:54.270 9 WARNING neutron.plugins.ml2.drivers.ovn.mech_driver.ovsdb.ovn_client [None req-d0b11067-93fc-4619-b573-f0f8e2ce51cc - - - - - -] No port found with ID 664a15f2-7fa0-4807-bf1e-24f851afa5c3: RuntimeError: No port found with ID 664a15f2-7fa0-4807-bf1e-24f851afa5c3
2026-07-10 01:00:54.298 10 INFO neutron.db.ovn_revision_numbers_db [None req-84de4cfc-25d4-4c18-be60-e2a0bd253fb9 c809baa574774f8a9844eda02f5104ff 0025be9019d84146b459168b56dbe63a - - default default] Successfully bumped revision number for resource 5878607e-47bd-4b63-959b-86d817a4d6e6 (type: security_groups) to 1
2026-07-10 01:00:54.324 10 INFO neutron.db.ovn_revision_numbers_db [None req-84de4cfc-25d4-4c18-be60-e2a0bd253fb9 c809baa574774f8a9844eda02f5104ff 0025be9019d84146b459168b56dbe63a - - default default] Successfully bumped revision number for resource 3b33157a-1a92-4fda-bd2e-6db50752e26e (type: security_group_rules) to 0
2026-07-10 01:00:54.339 10 INFO neutron.db.ovn_revision_numbers_db [None req-84de4cfc-25d4-4c18-be60-e2a0bd253fb9 c809baa574774f8a9844eda02f5104ff 0025be9019d84146b459168b56dbe63a - - default default] Successfully bumped revision number for resource 9215704b-0703-49f9-bd79-f6419a4a73af (type: security_group_rules) to 0
2026-07-10 01:00:54.373 10 INFO neutron.db.ovn_revision_numbers_db [None req-84de4cfc-25d4-4c18-be60-e2a0bd253fb9 c809baa574774f8a9844eda02f5104ff 0025be9019d84146b459168b56dbe63a - - default default] Successfully bumped revision number for resource 9a98e4d5-2521-4887-8ee1-e953844d5faf (type: security_group_rules) to 0
2026-07-10 01:00:54.405 10 INFO neutron.db.ovn_revision_numbers_db [None req-84de4cfc-25d4-4c18-be60-e2a0bd253fb9 c809baa574774f8a9844eda02f5104ff 0025be9019d84146b459168b56dbe63a - - default default] Successfully bumped revision number for resource f2c8e9a3-b991-4084-9a91-0b4f3213de89 (type: security_group_rules) to 0
2026-07-10 01:00:54.545 10 INFO neutron.db.ovn_revision_numbers_db [None req-84de4cfc-25d4-4c18-be60-e2a0bd253fb9 c809baa574774f8a9844eda02f5104ff 0025be9019d84146b459168b56dbe63a - - default default] Successfully bumped revision number for resource fa7d7347-7c6b-4928-9b5d-301de66ccb72 (type: security_groups) to 1
2026-07-10 01:00:54.563 10 INFO neutron.db.ovn_revision_numbers_db [None req-84de4cfc-25d4-4c18-be60-e2a0bd253fb9 c809baa574774f8a9844eda02f5104ff 0025be9019d84146b459168b56dbe63a - - default default] Successfully bumped revision number for resource 25291b77-5441-4cbc-abca-00d66e94c844 (type: security_group_rules) to 0
2026-07-10 01:00:54.593 10 INFO neutron.db.ovn_revision_numbers_db [None req-84de4cfc-25d4-4c18-be60-e2a0bd253fb9 c809baa574774f8a9844eda02f5104ff 0025be9019d84146b459168b56dbe63a - - default default] Successfully bumped revision number for resource 769f6c44-6a4f-417b-9147-989887a307f2 (type: security_group_rules) to 0
2026-07-10 01:00:54.621 10 INFO neutron.wsgi [None req-84de4cfc-25d4-4c18-be60-e2a0bd253fb9 c809baa574774f8a9844eda02f5104ff 0025be9019d84146b459168b56dbe63a - - default default] 10.0.0.99 "POST /v2.0/security-groups HTTP/1.1" status: 201 len: 1824 time: 0.6689467 /var/lib/openstack/lib/python3.10/site-packages/pycadf/identifier.py:71: UserWarning: Invalid uuid: neutron. To ensure interoperability, identifiers should be a valid uuid. warnings.warn(('Invalid uuid: %s. To ensure interoperability, '
2026-07-10 01:00:54.668 9 INFO neutron.db.ovn_revision_numbers_db [None req-138d3aa3-100f-4558-8b46-193a3f2064b7 03c652a722954b85a69b21cfe42ac333 00eff0a66ac4491b9b4c1eccf15f2d45 - - default default] Successfully bumped revision number for resource f0b4fc08-c4fd-4736-b959-dbdca01c529c (type: floatingips) to 2
2026-07-10 01:00:54.686 10 INFO neutron.wsgi [None req-494971a2-ba3e-434b-8575-20c88e8c08fc c809baa574774f8a9844eda02f5104ff 0025be9019d84146b459168b56dbe63a - - default default] 10.0.0.99 "GET /v2.0/security-groups HTTP/1.1" status: 200 len: 4724 time: 0.0587530
2026-07-10 01:00:54.696 10 INFO neutron.services.segments.plugin [-] Segment 2cc7f2fd-a406-4198-8315-e945b2a9c730 resource provider aggregate not found
2026-07-10 01:00:54.702 10 INFO neutron.services.segments.plugin [-] Segment 2cc7f2fd-a406-4198-8315-e945b2a9c730 resource provider aggregate not found
2026-07-10 01:00:54.707 10 INFO neutron.services.segments.plugin [-] Segment 2cc7f2fd-a406-4198-8315-e945b2a9c730 resource provider not found; error: Placement Client Error (4xx): {"errors": [{"status": 404, "title": "Not Found", "detail": "The resource could not be found.\n\n No resource provider with uuid 2cc7f2fd-a406-4198-8315-e945b2a9c730 found for delete ", "request_id": "req-ae566947-4d87-4986-8310-7b73bce38faa"}]}
2026-07-10 01:00:54.715 10 INFO neutron.services.segments.plugin [-] Segment 2cc7f2fd-a406-4198-8315-e945b2a9c730 resource provider not found; error: Placement Client Error (4xx): {"errors": [{"status": 404, "title": "Not Found", "detail": "The resource could not be found.\n\n No resource provider with uuid 2cc7f2fd-a406-4198-8315-e945b2a9c730 found for delete ", "request_id": "req-04d85e60-1983-46ce-b4e2-35745c183368"}]}
2026-07-10 01:00:54.735 10 INFO neutron.wsgi [None req-20792bf2-8283-4118-894d-c7cf7ff13e38 c98e0b0fdc0b48eb9c9d5dcb49551783 0e494e07e80a4e56bc6fe3846daf137c - - default default] 10.0.0.99 "DELETE /v2.0/networks/b85c6245-e6e4-4fdf-9dc3-966bf29826ff HTTP/1.1" status: 204 len: 168 time: 0.5027940
2026-07-10 01:00:54.745 10 WARNING neutron_lib.context [None req-d7e5f188-45e3-4fac-b069-558c744759d0 c98e0b0fdc0b48eb9c9d5dcb49551783 0e494e07e80a4e56bc6fe3846daf137c - - default default] Method 'is_advsvc' is deprecated since 2023.2 release (neutron-lib 3.8.0) and will be removed once support for the old RBAC API policies will be removed from Neutron. Please use method 'is_service_role' instead.
2026-07-10 01:00:54.772 9 INFO neutron.db.l3_db [None req-138d3aa3-100f-4558-8b46-193a3f2064b7 03c652a722954b85a69b21cfe42ac333 00eff0a66ac4491b9b4c1eccf15f2d45 - - default default] Floating IP f0b4fc08-c4fd-4736-b959-dbdca01c529c disassociated. External IP: 10.96.250.202, port: 7496cf81-d9d9-4af5-a2c7-b9dfc5ccd6ef.
2026-07-10 01:00:54.819 9 INFO neutron.wsgi [None req-138d3aa3-100f-4558-8b46-193a3f2064b7 03c652a722954b85a69b21cfe42ac333 00eff0a66ac4491b9b4c1eccf15f2d45 - - default default] 10.0.0.99 "PUT /v2.0/floatingips/f0b4fc08-c4fd-4736-b959-dbdca01c529c HTTP/1.1" status: 200 len: 748 time: 0.4021904
2026-07-10 01:00:54.840 9 INFO neutron.db.ovn_revision_numbers_db [None req-21f2ba80-1dd9-478e-9b6b-92d8c7f2df9f c809baa574774f8a9844eda02f5104ff 0025be9019d84146b459168b56dbe63a - - default default] Successfully bumped revision number for resource fa7d7347-7c6b-4928-9b5d-301de66ccb72 (type: security_groups) to 2
2026-07-10 01:00:54.844 9 INFO neutron.wsgi [None req-21f2ba80-1dd9-478e-9b6b-92d8c7f2df9f c809baa574774f8a9844eda02f5104ff 0025be9019d84146b459168b56dbe63a - - default default] 10.0.0.99 "PUT /v2.0/security-groups/fa7d7347-7c6b-4928-9b5d-301de66ccb72 HTTP/1.1" status: 200 len: 1859 time: 0.1471248
2026-07-10 01:00:54.852 10 INFO neutron.wsgi [None req-9636c38e-a03d-4b05-86a0-9d45e96aa63a 03c652a722954b85a69b21cfe42ac333 00eff0a66ac4491b9b4c1eccf15f2d45 - - default default] 10.0.0.99 "GET /v2.0/floatingips/f0b4fc08-c4fd-4736-b959-dbdca01c529c HTTP/1.1" status: 200 len: 746 time: 0.0278780
2026-07-10 01:00:54.862 9 INFO neutron.notifiers.nova [-] Nova event matching ['req-833f90df-09ad-431e-8298-05b97f47a562'] response: {'name': 'network-changed', 'server_uuid': 'bf61284a-3ac4-49c5-8fd1-15701554267d', 'tag': '7496cf81-d9d9-4af5-a2c7-b9dfc5ccd6ef', 'status': 'completed', 'code': 200}
2026-07-10 01:00:54.889 9 INFO neutron.wsgi [None req-479cc39b-3694-429d-a339-208d9efddd41 c809baa574774f8a9844eda02f5104ff 0025be9019d84146b459168b56dbe63a - - default default] 10.0.0.99 "GET /v2.0/security-groups/fa7d7347-7c6b-4928-9b5d-301de66ccb72 HTTP/1.1" status: 200 len: 1859 time: 0.0404408
2026-07-10 01:00:54.936 9 INFO neutron.wsgi [req-b228e415-5d01-4c11-aad6-ca188feb514f req-ec081d2f-3b11-4a60-a99d-af94828e4fbf 4a924671abaf462ca3d1f222c8adacc3 0cea5b52854c4e668724328acc92db2b - - 95a8e68532af41d59ccacdfea55f3868 95a8e68532af41d59ccacdfea55f3868] 199.204.45.205 "GET /v2.0/ports?tenant_id=00eff0a66ac4491b9b4c1eccf15f2d45&device_id=bf61284a-3ac4-49c5-8fd1-15701554267d HTTP/1.1" status: 200 len: 1413 time: 0.0505083
2026-07-10 01:00:54.951 9 INFO neutron.db.ovn_revision_numbers_db [None req-f8151673-d219-4965-b27d-5f0567c66ca3 fdcfe6efecc7496ca17a5b8c015822be 516d52bf26fe48e4868e535fbc418f23 - - default default] Successfully bumped revision number for resource 3bbd272f-a3d3-4133-ad9c-151899df21b2 (type: security_groups) to 1
2026-07-10 01:00:54.984 9 INFO neutron.db.ovn_revision_numbers_db [None req-f8151673-d219-4965-b27d-5f0567c66ca3 fdcfe6efecc7496ca17a5b8c015822be 516d52bf26fe48e4868e535fbc418f23 - - default default] Successfully bumped revision number for resource 2eae1c13-ff77-423a-be2d-70a8c52f30bc (type: security_group_rules) to 0
2026-07-10 01:00:55.011 9 INFO neutron.db.ovn_revision_numbers_db [None req-f8151673-d219-4965-b27d-5f0567c66ca3 fdcfe6efecc7496ca17a5b8c015822be 516d52bf26fe48e4868e535fbc418f23 - - default default] Successfully bumped revision number for resource 2fe1aa33-7e85-49ec-82e8-7a18cfa26a72 (type: security_group_rules) to 0
2026-07-10 01:00:55.018 9 INFO neutron.wsgi [req-b228e415-5d01-4c11-aad6-ca188feb514f req-81ac03b7-48b4-444d-9e72-956ddbf3d318 4a924671abaf462ca3d1f222c8adacc3 0cea5b52854c4e668724328acc92db2b - - 95a8e68532af41d59ccacdfea55f3868 95a8e68532af41d59ccacdfea55f3868] 199.204.45.205 "GET /v2.0/networks?id=95c6d1a1-6148-4575-97ac-2b49bf99fb4e HTTP/1.1" status: 200 len: 957 time: 0.0771437
2026-07-10 01:00:55.046 9 INFO neutron.db.ovn_revision_numbers_db [None req-f8151673-d219-4965-b27d-5f0567c66ca3 fdcfe6efecc7496ca17a5b8c015822be 516d52bf26fe48e4868e535fbc418f23 - - default default] Successfully bumped revision number for resource 6661cc69-9527-4a88-b5a9-f010728a8b60 (type: security_group_rules) to 0
2026-07-10 01:00:55.049 9 INFO neutron.wsgi [req-b228e415-5d01-4c11-aad6-ca188feb514f req-aa6b78ff-6821-4237-a5de-db44af9ccbf2 4a924671abaf462ca3d1f222c8adacc3 0cea5b52854c4e668724328acc92db2b - - 95a8e68532af41d59ccacdfea55f3868 95a8e68532af41d59ccacdfea55f3868] 199.204.45.205 "GET /v2.0/floatingips?fixed_ip_address=10.100.0.13&port_id=7496cf81-d9d9-4af5-a2c7-b9dfc5ccd6ef HTTP/1.1" status: 200 len: 217 time: 0.0258923
2026-07-10 01:00:55.060 10 INFO neutron.wsgi [None req-f74b6664-3f86-483e-9afc-8eb46e1d6bc0 c809baa574774f8a9844eda02f5104ff 0025be9019d84146b459168b56dbe63a - - default default] 10.0.0.99 "DELETE /v2.0/security-groups/fa7d7347-7c6b-4928-9b5d-301de66ccb72 HTTP/1.1" status: 204 len: 168 time: 0.1654520 /var/lib/openstack/lib/python3.10/site-packages/pycadf/identifier.py:71: UserWarning: Invalid uuid: neutron. To ensure interoperability, identifiers should be a valid uuid. warnings.warn(('Invalid uuid: %s. To ensure interoperability, '
2026-07-10 01:00:55.072 9 INFO neutron.db.ovn_revision_numbers_db [None req-f8151673-d219-4965-b27d-5f0567c66ca3 fdcfe6efecc7496ca17a5b8c015822be 516d52bf26fe48e4868e535fbc418f23 - - default default] Successfully bumped revision number for resource c27ad66f-8c70-45d4-aca2-89998b13b742 (type: security_group_rules) to 0
2026-07-10 01:00:55.073 10 WARNING neutron.scheduler.dhcp_agent_scheduler [None req-d7e5f188-45e3-4fac-b069-558c744759d0 c98e0b0fdc0b48eb9c9d5dcb49551783 0e494e07e80a4e56bc6fe3846daf137c - - default default] No more DHCP agents
2026-07-10 01:00:55.079 10 WARNING neutron.api.rpc.agentnotifiers.dhcp_rpc_agent_api [None req-d7e5f188-45e3-4fac-b069-558c744759d0 c98e0b0fdc0b48eb9c9d5dcb49551783 0e494e07e80a4e56bc6fe3846daf137c - - default default] Unable to schedule network 03bfde7e-ee97-43ab-abf6-906c7f3e3de1: no agents available; will retry on subsequent port and subnet creation events.
2026-07-10 01:00:55.106 9 INFO neutron.wsgi [req-b228e415-5d01-4c11-aad6-ca188feb514f req-12ae0233-8348-45da-98a4-7aacc66aadba 4a924671abaf462ca3d1f222c8adacc3 0cea5b52854c4e668724328acc92db2b - - 95a8e68532af41d59ccacdfea55f3868 95a8e68532af41d59ccacdfea55f3868] 199.204.45.205 "GET /v2.0/subnets?id=48127174-b94d-4fa1-ab67-274b27381f2f HTTP/1.1" status: 200 len: 852 time: 0.0518968
2026-07-10 01:00:55.134 9 INFO neutron.wsgi [req-b228e415-5d01-4c11-aad6-ca188feb514f req-9c405426-432c-4a0f-bd8e-da471f93094f 4a924671abaf462ca3d1f222c8adacc3 0cea5b52854c4e668724328acc92db2b - - 95a8e68532af41d59ccacdfea55f3868 95a8e68532af41d59ccacdfea55f3868] 199.204.45.205 "GET /v2.0/ports?network_id=95c6d1a1-6148-4575-97ac-2b49bf99fb4e&device_owner=network%3Adhcp HTTP/1.1" status: 200 len: 210 time: 0.0232408
2026-07-10 01:00:55.137 9 INFO neutron.db.segments_db [None req-f8151673-d219-4965-b27d-5f0567c66ca3 fdcfe6efecc7496ca17a5b8c015822be 516d52bf26fe48e4868e535fbc418f23 - - default default] Added segment 2240610c-3f76-4dfb-96ca-b3ea425590c8 of type geneve for network cce4f38c-4116-4a38-b0fd-9633f4ce96c2
2026-07-10 01:00:55.137 10 INFO neutron.wsgi [None req-0c7524f4-c0f9-452e-9356-d882d0540787 c809baa574774f8a9844eda02f5104ff 0025be9019d84146b459168b56dbe63a - - default default] 10.0.0.99 "GET /v2.0/security-groups HTTP/1.1" status: 200 len: 3120 time: 0.0710025
2026-07-10 01:00:55.175 9 INFO neutron.api.v2.resource [None req-3f76df59-9ca3-427a-a9ab-247c53661f72 c809baa574774f8a9844eda02f5104ff 0025be9019d84146b459168b56dbe63a - - default default] delete failed (client error): The resource could not be found.
2026-07-10 01:00:55.176 9 INFO neutron.wsgi [None req-3f76df59-9ca3-427a-a9ab-247c53661f72 c809baa574774f8a9844eda02f5104ff 0025be9019d84146b459168b56dbe63a - - default default] 10.0.0.99 "DELETE /v2.0/security-groups/fa7d7347-7c6b-4928-9b5d-301de66ccb72 HTTP/1.1" status: 404 len: 347 time: 0.0348749
2026-07-10 01:00:55.176 10 INFO neutron.db.ovn_revision_numbers_db [None req-d7e5f188-45e3-4fac-b069-558c744759d0 c98e0b0fdc0b48eb9c9d5dcb49551783 0e494e07e80a4e56bc6fe3846daf137c - - default default] Successfully bumped revision number for resource 41a8840b-f82a-42da-82d2-150d5309f2b2 (type: ports) to 1
2026-07-10 01:00:55.194 9 WARNING neutron_lib.context [None req-69ae4276-0253-4202-a968-884843f165df c809baa574774f8a9844eda02f5104ff 0025be9019d84146b459168b56dbe63a - - default default] Method 'is_advsvc' is deprecated since 2023.2 release (neutron-lib 3.8.0) and will be removed once support for the old RBAC API policies will be removed from Neutron. Please use method 'is_service_role' instead.
2026-07-10 01:00:55.196 10 INFO neutron.wsgi [None req-d7e5f188-45e3-4fac-b069-558c744759d0 c98e0b0fdc0b48eb9c9d5dcb49551783 0e494e07e80a4e56bc6fe3846daf137c - - default default] 10.0.0.99 "POST /v2.0/ports HTTP/1.1" status: 201 len: 973 time: 0.4551816 /var/lib/openstack/lib/python3.10/site-packages/pycadf/identifier.py:71: UserWarning: Invalid uuid: neutron. To ensure interoperability, identifiers should be a valid uuid. warnings.warn(('Invalid uuid: %s. To ensure interoperability, '
2026-07-10 01:00:55.263 9 INFO neutron.wsgi [req-b228e415-5d01-4c11-aad6-ca188feb514f req-56143544-6242-4b46-a98a-93fd8753172f 4a924671abaf462ca3d1f222c8adacc3 0cea5b52854c4e668724328acc92db2b - - 95a8e68532af41d59ccacdfea55f3868 95a8e68532af41d59ccacdfea55f3868] 199.204.45.205 "GET /v2.0/networks/95c6d1a1-6148-4575-97ac-2b49bf99fb4e?fields=segments HTTP/1.1" status: 200 len: 212 time: 0.1205156
2026-07-10 01:00:55.390 9 INFO neutron.wsgi [req-b228e415-5d01-4c11-aad6-ca188feb514f req-3020a67b-a79e-4424-901e-cb5d3692bcb1 4a924671abaf462ca3d1f222c8adacc3 0cea5b52854c4e668724328acc92db2b - - 95a8e68532af41d59ccacdfea55f3868 95a8e68532af41d59ccacdfea55f3868] 199.204.45.205 "GET /v2.0/networks/95c6d1a1-6148-4575-97ac-2b49bf99fb4e?fields=provider%3Aphysical_network&fields=provider%3Anetwork_type HTTP/1.1" status: 200 len: 277 time: 0.1200340
2026-07-10 01:00:55.399 9 INFO neutron.db.ovn_revision_numbers_db [None req-f8151673-d219-4965-b27d-5f0567c66ca3 fdcfe6efecc7496ca17a5b8c015822be 516d52bf26fe48e4868e535fbc418f23 - - default default] Successfully bumped revision number for resource cce4f38c-4116-4a38-b0fd-9633f4ce96c2 (type: networks) to 1
2026-07-10 01:00:55.420 9 INFO neutron.plugins.ml2.drivers.ovn.mech_driver.mech_driver [None req-d0b11067-93fc-4619-b573-f0f8e2ce51cc - - - - - -] OVN reports status down for port: 41a8840b-f82a-42da-82d2-150d5309f2b2
2026-07-10 01:00:55.457 9 INFO neutron.db.ovn_revision_numbers_db [None req-69ae4276-0253-4202-a968-884843f165df c809baa574774f8a9844eda02f5104ff 0025be9019d84146b459168b56dbe63a - - default default] Successfully bumped revision number for resource 37df76e5-008c-421e-9ee0-1b0e0145f0a2 (type: security_groups) to 1
2026-07-10 01:00:55.458 10 INFO neutron.db.ovn_revision_numbers_db [None req-8ead4a95-c941-4bc4-bfef-44ea3dfae063 c98e0b0fdc0b48eb9c9d5dcb49551783 0e494e07e80a4e56bc6fe3846daf137c - - default default] Successfully bumped revision number for resource 41a8840b-f82a-42da-82d2-150d5309f2b2 (type: ports) to 2
2026-07-10 01:00:55.472 10 INFO neutron.wsgi [None req-8ead4a95-c941-4bc4-bfef-44ea3dfae063 c98e0b0fdc0b48eb9c9d5dcb49551783 0e494e07e80a4e56bc6fe3846daf137c - - default default] 10.0.0.99 "PUT /v2.0/ports/41a8840b-f82a-42da-82d2-150d5309f2b2 HTTP/1.1" status: 200 len: 946 time: 0.2699440 /var/lib/openstack/lib/python3.10/site-packages/pycadf/identifier.py:71: UserWarning: Invalid uuid: neutron. To ensure interoperability, identifiers should be a valid uuid. warnings.warn(('Invalid uuid: %s. To ensure interoperability, '
2026-07-10 01:00:55.483 9 INFO neutron.db.ovn_revision_numbers_db [None req-69ae4276-0253-4202-a968-884843f165df c809baa574774f8a9844eda02f5104ff 0025be9019d84146b459168b56dbe63a - - default default] Successfully bumped revision number for resource 8f156321-9c44-403b-a0d7-0caf6dacf2d1 (type: security_group_rules) to 0
2026-07-10 01:00:55.535 9 INFO neutron.db.ovn_revision_numbers_db [None req-69ae4276-0253-4202-a968-884843f165df c809baa574774f8a9844eda02f5104ff 0025be9019d84146b459168b56dbe63a - - default default] Successfully bumped revision number for resource d65877b2-f40d-4ffd-8590-0a9577d7a384 (type: security_group_rules) to 0
2026-07-10 01:00:55.559 9 INFO neutron.wsgi [None req-69ae4276-0253-4202-a968-884843f165df c809baa574774f8a9844eda02f5104ff 0025be9019d84146b459168b56dbe63a - - default default] 10.0.0.99 "POST /v2.0/security-groups HTTP/1.1" status: 201 len: 1824 time: 0.3729663
2026-07-10 01:00:55.571 9 WARNING neutron_lib.context [None req-61f7d913-f6b3-40bf-8111-4db70e88fa9a c809baa574774f8a9844eda02f5104ff 0025be9019d84146b459168b56dbe63a - - default default] Method 'is_advsvc' is deprecated since 2023.2 release (neutron-lib 3.8.0) and will be removed once support for the old RBAC API policies will be removed from Neutron. Please use method 'is_service_role' instead.
2026-07-10 01:00:55.771 10 INFO neutron.wsgi [None req-ecc1be78-ab9e-4bac-8c15-894939a0a8da c98e0b0fdc0b48eb9c9d5dcb49551783 0e494e07e80a4e56bc6fe3846daf137c - - default default] 10.0.0.99 "DELETE /v2.0/ports/41a8840b-f82a-42da-82d2-150d5309f2b2 HTTP/1.1" status: 204 len: 168 time: 0.2956586
2026-07-10 01:00:55.841 10 INFO neutron.wsgi [None req-2cd50b43-2f72-497f-952a-3242dc4981ff c98e0b0fdc0b48eb9c9d5dcb49551783 0e494e07e80a4e56bc6fe3846daf137c - - default default] 10.0.0.99 "GET /v2.0/ports HTTP/1.1" status: 200 len: 1728 time: 0.0645130
2026-07-10 01:00:55.853 9 WARNING neutron.scheduler.dhcp_agent_scheduler [None req-f8151673-d219-4965-b27d-5f0567c66ca3 fdcfe6efecc7496ca17a5b8c015822be 516d52bf26fe48e4868e535fbc418f23 - - default default] No more DHCP agents
2026-07-10 01:00:55.856 9 WARNING neutron.api.rpc.agentnotifiers.dhcp_rpc_agent_api [None req-f8151673-d219-4965-b27d-5f0567c66ca3 fdcfe6efecc7496ca17a5b8c015822be 516d52bf26fe48e4868e535fbc418f23 - - default default] Unable to schedule network cce4f38c-4116-4a38-b0fd-9633f4ce96c2: no agents available; will retry on subsequent port and subnet creation events.
2026-07-10 01:00:55.862 10 INFO neutron.pecan_wsgi.hooks.translation [None req-d09b856e-b58e-4b28-989c-ce0258a0030c c98e0b0fdc0b48eb9c9d5dcb49551783 0e494e07e80a4e56bc6fe3846daf137c - - default default] GET failed (client error): The resource could not be found.
2026-07-10 01:00:55.863 10 INFO neutron.wsgi [None req-d09b856e-b58e-4b28-989c-ce0258a0030c c98e0b0fdc0b48eb9c9d5dcb49551783 0e494e07e80a4e56bc6fe3846daf137c - - default default] 10.0.0.99 "GET /v2.0/ports/41a8840b-f82a-42da-82d2-150d5309f2b2 HTTP/1.1" status: 404 len: 333 time: 0.0179868
2026-07-10 01:00:55.917 10 INFO neutron.wsgi [None req-a0ff8800-3674-4403-adf8-a23f525e6d30 c98e0b0fdc0b48eb9c9d5dcb49551783 0e494e07e80a4e56bc6fe3846daf137c - - default default] 10.0.0.99 "GET /v2.0/ports HTTP/1.1" status: 200 len: 1728 time: 0.0434544
2026-07-10 01:00:55.927 10 WARNING neutron_lib.context [None req-5fdcaf05-58c8-48f9-a692-83268926442a 03c652a722954b85a69b21cfe42ac333 00eff0a66ac4491b9b4c1eccf15f2d45 - - default default] Method 'is_advsvc' is deprecated since 2023.2 release (neutron-lib 3.8.0) and will be removed once support for the old RBAC API policies will be removed from Neutron. Please use method 'is_service_role' instead.
2026-07-10 01:00:56.014 9 INFO neutron.db.ovn_revision_numbers_db [None req-f8151673-d219-4965-b27d-5f0567c66ca3 fdcfe6efecc7496ca17a5b8c015822be 516d52bf26fe48e4868e535fbc418f23 - - default default] Successfully bumped revision number for resource dbc1bbeb-ab9f-4b66-92c9-cddb487265dc (type: ports) to 1
2026-07-10 01:00:56.037 9 INFO neutron.wsgi [None req-0616620f-979b-4421-b707-b7f88c81702f c98e0b0fdc0b48eb9c9d5dcb49551783 0e494e07e80a4e56bc6fe3846daf137c - - default default] 10.0.0.99 "GET /v2.0/ports/d849276c-ee1f-4b9c-92e8-811717ea65c6 HTTP/1.1" status: 200 len: 968 time: 0.1117957
2026-07-10 01:00:56.039 9 INFO neutron.db.ovn_revision_numbers_db [None req-61f7d913-f6b3-40bf-8111-4db70e88fa9a c809baa574774f8a9844eda02f5104ff 0025be9019d84146b459168b56dbe63a - - default default] Successfully bumped revision number for resource c1b833fe-dad8-432e-8658-1b819c621467 (type: security_group_rules) to 0
2026-07-10 01:00:56.061 9 INFO neutron.wsgi [None req-f8151673-d219-4965-b27d-5f0567c66ca3 fdcfe6efecc7496ca17a5b8c015822be 516d52bf26fe48e4868e535fbc418f23 - - default default] 10.0.0.99 "POST /v2.0/networks HTTP/1.1" status: 201 len: 943 time: 1.5128531
2026-07-10 01:00:56.083 9 INFO neutron.pecan_wsgi.hooks.translation [None req-0b644d8a-c8c7-4fd7-b7fc-1ea05787fd3f c98e0b0fdc0b48eb9c9d5dcb49551783 0e494e07e80a4e56bc6fe3846daf137c - - default default] DELETE failed (client error): The resource could not be found.
2026-07-10 01:00:56.086 9 INFO neutron.wsgi [None req-0b644d8a-c8c7-4fd7-b7fc-1ea05787fd3f c98e0b0fdc0b48eb9c9d5dcb49551783 0e494e07e80a4e56bc6fe3846daf137c - - default default] 10.0.0.99 "DELETE /v2.0/ports/af9989e7-5788-42f3-8c6b-7cdca9ebc6cb HTTP/1.1" status: 404 len: 333 time: 0.0294309
2026-07-10 01:00:56.089 9 INFO neutron.wsgi [None req-61f7d913-f6b3-40bf-8111-4db70e88fa9a c809baa574774f8a9844eda02f5104ff 0025be9019d84146b459168b56dbe63a - - default default] 10.0.0.99 "POST /v2.0/security-group-rules HTTP/1.1" status: 201 len: 800 time: 0.5218620
2026-07-10 01:00:56.107 9 INFO neutron.pecan_wsgi.hooks.translation [None req-d6765a68-660f-488e-b65d-97d2c3a25c53 c98e0b0fdc0b48eb9c9d5dcb49551783 0e494e07e80a4e56bc6fe3846daf137c - - default default] DELETE failed (client error): The resource could not be found.
2026-07-10 01:00:56.107 10 INFO neutron.db.ovn_revision_numbers_db [None req-5fdcaf05-58c8-48f9-a692-83268926442a 03c652a722954b85a69b21cfe42ac333 00eff0a66ac4491b9b4c1eccf15f2d45 - - default default] Successfully bumped revision number for resource e1675471-9587-40a3-944d-f0ce90ae8041 (type: security_groups) to 1
2026-07-10 01:00:56.109 9 INFO neutron.wsgi [None req-d6765a68-660f-488e-b65d-97d2c3a25c53 c98e0b0fdc0b48eb9c9d5dcb49551783 0e494e07e80a4e56bc6fe3846daf137c - - default default] 10.0.0.99 "DELETE /v2.0/subnets/4305dbdf-fec4-4e94-aee3-ce3401c68b3d HTTP/1.1" status: 404 len: 337 time: 0.0165842
2026-07-10 01:00:56.135 9 INFO neutron.pecan_wsgi.hooks.translation [None req-6ab8c465-c5f7-41ac-91ca-f3f4d942e481 c98e0b0fdc0b48eb9c9d5dcb49551783 0e494e07e80a4e56bc6fe3846daf137c - - default default] DELETE failed (client error): The resource could not be found.
2026-07-10 01:00:56.138 9 INFO neutron.wsgi [None req-6ab8c465-c5f7-41ac-91ca-f3f4d942e481 c98e0b0fdc0b48eb9c9d5dcb49551783 0e494e07e80a4e56bc6fe3846daf137c - - default default] 10.0.0.99 "DELETE /v2.0/subnets/33053e4c-31b1-4401-b436-f51a1f306073 HTTP/1.1" status: 404 len: 337 time: 0.0197787
2026-07-10 01:00:56.147 10 INFO neutron.db.ovn_revision_numbers_db [None req-5fdcaf05-58c8-48f9-a692-83268926442a 03c652a722954b85a69b21cfe42ac333 00eff0a66ac4491b9b4c1eccf15f2d45 - - default default] Successfully bumped revision number for resource bfce6c54-f4f0-4b07-bb5c-df4282160dd2 (type: security_group_rules) to 0
2026-07-10 01:00:56.170 10 INFO neutron.wsgi [None req-4225a65a-f506-4ad6-b26c-ff7c5176cccc c809baa574774f8a9844eda02f5104ff 0025be9019d84146b459168b56dbe63a - - default default] 10.0.0.99 "GET /v2.0/security-group-rules/c1b833fe-dad8-432e-8658-1b819c621467 HTTP/1.1" status: 200 len: 795 time: 0.0748587
2026-07-10 01:00:56.178 10 INFO neutron.db.ovn_revision_numbers_db [None req-5fdcaf05-58c8-48f9-a692-83268926442a 03c652a722954b85a69b21cfe42ac333 00eff0a66ac4491b9b4c1eccf15f2d45 - - default default] Successfully bumped revision number for resource d2293c8f-df8e-4782-aac3-0a6b58278b3a (type: security_group_rules) to 0
