File "/var/lib/openstack/lib/python3.10/site-packages/neutron/services/ovn_l3/plugin.py", line 391, in _port_update
2026-07-10 00:59:59.488 9 ERROR neutron_lib.callbacks.manager l3plugin._ovn_client.update_router_port(context,
2026-07-10 00:59:59.488 9 ERROR neutron_lib.callbacks.manager
File "/var/lib/openstack/lib/python3.10/site-packages/neutron/plugins/ml2/drivers/ovn/mech_driver/ovsdb/ovn_client.py", line 1878, in update_router_port
2026-07-10 00:59:59.488 9 ERROR neutron_lib.callbacks.manager self._update_lrouter_port(context, port, if_exists=if_exists,
2026-07-10 00:59:59.488 9 ERROR neutron_lib.callbacks.manager
File "/var/lib/openstack/lib/python3.10/site-packages/neutron/plugins/ml2/drivers/ovn/mech_driver/ovsdb/ovn_client.py", line 1855, in _update_lrouter_port
2026-07-10 00:59:59.488 9 ERROR neutron_lib.callbacks.manager external_ids = self._nb_idl.db_get(
2026-07-10 00:59:59.488 9 ERROR neutron_lib.callbacks.manager
File "/var/lib/openstack/lib/python3.10/site-packages/ovsdbapp/backend/ovs_idl/command.py", line 47, in execute
2026-07-10 00:59:59.488 9 ERROR neutron_lib.callbacks.manager self.run_idl(None)
2026-07-10 00:59:59.488 9 ERROR neutron_lib.callbacks.manager
File "/var/lib/openstack/lib/python3.10/site-packages/ovsdbapp/backend/ovs_idl/command.py", line 235, in run_idl
2026-07-10 00:59:59.488 9 ERROR neutron_lib.callbacks.manager record = self.api.lookup(self.table, self.record)
2026-07-10 00:59:59.488 9 ERROR neutron_lib.callbacks.manager
File "/var/lib/openstack/lib/python3.10/site-packages/ovsdbapp/backend/ovs_idl/__init__.py", line 184, in lookup
2026-07-10 00:59:59.488 9 ERROR neutron_lib.callbacks.manager return self._lookup(table, record)
2026-07-10 00:59:59.488 9 ERROR neutron_lib.callbacks.manager
File "/var/lib/openstack/lib/python3.10/site-packages/ovsdbapp/backend/ovs_idl/__init__.py", line 235, in _lookup
2026-07-10 00:59:59.488 9 ERROR neutron_lib.callbacks.manager row = idlutils.row_by_value(self, rl.table, rl.column, record)
2026-07-10 00:59:59.488 9 ERROR neutron_lib.callbacks.manager
File "/var/lib/openstack/lib/python3.10/site-packages/ovsdbapp/backend/ovs_idl/idlutils.py", line 114, in row_by_value
2026-07-10 00:59:59.488 9 ERROR neutron_lib.callbacks.manager raise RowNotFound(table=table, col=column, match=match)
2026-07-10 00:59:59.488 9 ERROR neutron_lib.callbacks.manager ovsdbapp.backend.ovs_idl.idlutils.RowNotFound: Cannot find Logical_Router_Port with name=lrp-bc6460c7-a8c2-43be-8c80-7a92457c4fcf
2026-07-10 00:59:59.488 9 ERROR neutron_lib.callbacks.manager 
2026-07-10 00:59:59.493 10 INFO neutron.wsgi [None req-2bb551fa-015b-4e24-88cf-f03a68aaad12 ff29b2cf9b8e490a838c9e388989cd57 d15024e882fd40bb9503425938ed2a2f - - default default] 10.0.0.99 "GET /v2.0/extensions/flavors HTTP/1.1" status: 200 len: 387 time: 0.0055778
2026-07-10 00:59:59.503 10 INFO neutron.wsgi [None req-238af8c1-4ed0-4786-b221-214b6dbd32f6 ff29b2cf9b8e490a838c9e388989cd57 d15024e882fd40bb9503425938ed2a2f - - default default] 10.0.0.99 "GET /v2.0/extensions/floatingip-pools HTTP/1.1" status: 200 len: 382 time: 0.0062213
2026-07-10 00:59:59.508 9 INFO neutron.db.ovn_revision_numbers_db [None req-0d0d3003-ee7f-4588-8e0f-88af7b30abc6 fdcfe6efecc7496ca17a5b8c015822be 516d52bf26fe48e4868e535fbc418f23 - - default default] Successfully bumped revision number for resource f5aa109c-8dc5-4cfa-8e95-97df5677a7de (type: security_groups) to 1
2026-07-10 00:59:59.513 9 INFO neutron.wsgi [None req-2f236786-8ee8-416a-aecc-4c3005019940 ff29b2cf9b8e490a838c9e388989cd57 d15024e882fd40bb9503425938ed2a2f - - default default] 10.0.0.99 "GET /v2.0/extensions/ip_allocation HTTP/1.1" status: 200 len: 356 time: 0.0060351
2026-07-10 00:59:59.526 9 INFO neutron.wsgi [None req-9c9aec17-ac14-49bd-8f57-4f6894ccf8bd ff29b2cf9b8e490a838c9e388989cd57 d15024e882fd40bb9503425938ed2a2f - - default default] 10.0.0.99 "GET /v2.0/extensions/l2_adjacency HTTP/1.1" status: 200 len: 372 time: 0.0043893
2026-07-10 00:59:59.537 10 INFO neutron.wsgi [None req-b9d2bba0-b682-4677-95f6-c2730a1eaf1c ff29b2cf9b8e490a838c9e388989cd57 d15024e882fd40bb9503425938ed2a2f - - default default] 10.0.0.99 "GET /v2.0/extensions/router HTTP/1.1" status: 200 len: 450 time: 0.0064149
2026-07-10 00:59:59.542 9 INFO neutron.db.ovn_revision_numbers_db [None req-0d0d3003-ee7f-4588-8e0f-88af7b30abc6 fdcfe6efecc7496ca17a5b8c015822be 516d52bf26fe48e4868e535fbc418f23 - - default default] Successfully bumped revision number for resource 2def779c-c3b6-47df-a24f-e6602dd9e538 (type: security_group_rules) to 0
2026-07-10 00:59:59.549 9 INFO neutron.wsgi [None req-8dd332f9-4bee-4f49-b9ed-6aa31ffa7ee4 ff29b2cf9b8e490a838c9e388989cd57 d15024e882fd40bb9503425938ed2a2f - - default default] 10.0.0.99 "GET /v2.0/extensions/enable-default-route-bfd HTTP/1.1" status: 200 len: 406 time: 0.0078046
2026-07-10 00:59:59.558 10 INFO neutron.wsgi [None req-f04db6fb-0324-4702-a642-3845c4aa8a62 ff29b2cf9b8e490a838c9e388989cd57 d15024e882fd40bb9503425938ed2a2f - - default default] 10.0.0.99 "GET /v2.0/extensions/enable-default-route-ecmp HTTP/1.1" status: 200 len: 409 time: 0.0055048
2026-07-10 00:59:59.570 10 INFO neutron.wsgi [None req-30dd25da-4d24-46c4-8ceb-a740198dff71 ff29b2cf9b8e490a838c9e388989cd57 d15024e882fd40bb9503425938ed2a2f - - default default] 10.0.0.99 "GET /v2.0/extensions/ext-gw-mode HTTP/1.1" status: 200 len: 462 time: 0.0063989
2026-07-10 00:59:59.574 9 INFO neutron.db.ovn_revision_numbers_db [None req-0d0d3003-ee7f-4588-8e0f-88af7b30abc6 fdcfe6efecc7496ca17a5b8c015822be 516d52bf26fe48e4868e535fbc418f23 - - default default] Successfully bumped revision number for resource 38fa5bb4-41dc-40c1-a570-a0555c4d4ac9 (type: security_group_rules) to 0
2026-07-10 00:59:59.579 9 INFO neutron.wsgi [None req-8b5ff4d5-fe8b-4426-81a6-eb81e578b91e ff29b2cf9b8e490a838c9e388989cd57 d15024e882fd40bb9503425938ed2a2f - - default default] 10.0.0.99 "GET /v2.0/extensions/l3-ha HTTP/1.1" status: 200 len: 360 time: 0.0050325
2026-07-10 00:59:59.587 10 INFO neutron.wsgi [None req-9e84e25e-1093-47b6-9c5e-1d71f8b63613 ff29b2cf9b8e490a838c9e388989cd57 d15024e882fd40bb9503425938ed2a2f - - default default] 10.0.0.99 "GET /v2.0/extensions/external-gateway-multihoming HTTP/1.1" status: 200 len: 421 time: 0.0053902
2026-07-10 00:59:59.598 9 INFO neutron.wsgi [None req-e252b7dd-ac3d-4f36-8ac0-7a48945702fd ff29b2cf9b8e490a838c9e388989cd57 d15024e882fd40bb9503425938ed2a2f - - default default] 10.0.0.99 "GET /v2.0/extensions/l3-flavors HTTP/1.1" status: 200 len: 366 time: 0.0056400
2026-07-10 00:59:59.607 10 INFO neutron.wsgi [None req-d382ba43-bb6c-40b1-b267-428325245cd1 ff29b2cf9b8e490a838c9e388989cd57 d15024e882fd40bb9503425938ed2a2f - - default default] 10.0.0.99 "GET /v2.0/extensions/logging HTTP/1.1" status: 200 len: 407 time: 0.0050805
2026-07-10 00:59:59.615 10 INFO neutron.wsgi [None req-122a50ee-077b-48f2-8746-1aedb3739144 ff29b2cf9b8e490a838c9e388989cd57 d15024e882fd40bb9503425938ed2a2f - - default default] 10.0.0.99 "GET /v2.0/extensions/multi-provider HTTP/1.1" status: 200 len: 406 time: 0.0047836
2026-07-10 00:59:59.626 9 INFO neutron.wsgi [None req-258834b7-8682-4dd6-8aa3-738ab5f0e689 ff29b2cf9b8e490a838c9e388989cd57 d15024e882fd40bb9503425938ed2a2f - - default default] 10.0.0.99 "GET /v2.0/extensions/net-mtu HTTP/1.1" status: 200 len: 370 time: 0.0072250
2026-07-10 00:59:59.626 9 INFO neutron.db.ovn_revision_numbers_db [None req-0d0d3003-ee7f-4588-8e0f-88af7b30abc6 fdcfe6efecc7496ca17a5b8c015822be 516d52bf26fe48e4868e535fbc418f23 - - default default] Successfully bumped revision number for resource aae7cd52-6247-4f4b-9887-c9d8330455b3 (type: security_group_rules) to 0
2026-07-10 00:59:59.635 9 INFO neutron.wsgi [None req-f155f5fc-2851-49cc-b851-d55cf60f103f ff29b2cf9b8e490a838c9e388989cd57 d15024e882fd40bb9503425938ed2a2f - - default default] 10.0.0.99 "GET /v2.0/extensions/net-mtu-writable HTTP/1.1" status: 200 len: 401 time: 0.0066035
2026-07-10 00:59:59.646 9 INFO neutron.db.ovn_revision_numbers_db [None req-0d0d3003-ee7f-4588-8e0f-88af7b30abc6 fdcfe6efecc7496ca17a5b8c015822be 516d52bf26fe48e4868e535fbc418f23 - - default default] Successfully bumped revision number for resource f3b0cfca-53e7-4941-b0ba-fe2798792fec (type: security_group_rules) to 0
2026-07-10 00:59:59.647 10 INFO neutron.wsgi [None req-addafa83-6001-41c7-b2a4-e432c8f127f2 ff29b2cf9b8e490a838c9e388989cd57 d15024e882fd40bb9503425938ed2a2f - - default default] 10.0.0.99 "GET /v2.0/extensions/network_availability_zone HTTP/1.1" status: 200 len: 394 time: 0.0064552
2026-07-10 00:59:59.654 10 INFO neutron.wsgi [None req-f9282d25-c290-4760-b4fd-5e0d4bdaa833 ff29b2cf9b8e490a838c9e388989cd57 d15024e882fd40bb9503425938ed2a2f - - default default] 10.0.0.99 "GET /v2.0/extensions/network-ip-availability HTTP/1.1" status: 200 len: 410 time: 0.0042183
2026-07-10 00:59:59.671 9 INFO neutron.wsgi [None req-0d0d3003-ee7f-4588-8e0f-88af7b30abc6 fdcfe6efecc7496ca17a5b8c015822be 516d52bf26fe48e4868e535fbc418f23 - - default default] 10.0.0.99 "GET /v2.0/security-groups?tenant_id=f120942132f040949d0b8fa111ae69f1&name=default HTTP/1.1" status: 200 len: 3120 time: 0.4674420
2026-07-10 00:59:59.680 10 INFO neutron.wsgi [None req-f40d6a49-9e2f-4177-a542-39a373e7be80 ff29b2cf9b8e490a838c9e388989cd57 d15024e882fd40bb9503425938ed2a2f - - default default] 10.0.0.99 "GET /v2.0/extensions/pagination HTTP/1.1" status: 200 len: 386 time: 0.0195808
2026-07-10 00:59:59.707 9 INFO neutron.db.ovn_revision_numbers_db [None req-a23fb9d3-16bb-4562-87de-bb7519af6912 b06a3996ee7544cc9ac370d43e755752 e004169ee308460e9ab8017c4ff56358 - - default default] Successfully bumped revision number for resource bc6460c7-a8c2-43be-8c80-7a92457c4fcf (type: ports) to 1
2026-07-10 00:59:59.708 10 INFO neutron.wsgi [None req-53e491f8-89c9-43ee-bcd9-5c83a8b8f702 ff29b2cf9b8e490a838c9e388989cd57 d15024e882fd40bb9503425938ed2a2f - - default default] 10.0.0.99 "GET /v2.0/extensions/port-device-profile HTTP/1.1" status: 200 len: 383 time: 0.0223167
2026-07-10 00:59:59.721 9 INFO neutron.wsgi [None req-e5a1f0fe-40da-43ca-8987-709981770fd9 ff29b2cf9b8e490a838c9e388989cd57 d15024e882fd40bb9503425938ed2a2f - - default default] 10.0.0.99 "GET /v2.0/extensions/port-mac-address-regenerate HTTP/1.1" status: 200 len: 403 time: 0.0077608
2026-07-10 00:59:59.731 10 INFO neutron.wsgi [None req-75299c42-e7c6-4678-b9ed-08e52c9280d6 ff29b2cf9b8e490a838c9e388989cd57 d15024e882fd40bb9503425938ed2a2f - - default default] 10.0.0.99 "GET /v2.0/extensions/port-numa-affinity-policy HTTP/1.1" status: 200 len: 392 time: 0.0051634
2026-07-10 00:59:59.748 10 INFO neutron.wsgi [None req-d8271a57-4762-4768-87cb-29ec09d9ddfe ff29b2cf9b8e490a838c9e388989cd57 d15024e882fd40bb9503425938ed2a2f - - default default] 10.0.0.99 "GET /v2.0/extensions/port-resource-request HTTP/1.1" status: 200 len: 379 time: 0.0107417
2026-07-10 00:59:59.759 10 INFO neutron.wsgi [None req-b8dcd04c-ef6b-41f6-8b62-ce8a7313904a ff29b2cf9b8e490a838c9e388989cd57 d15024e882fd40bb9503425938ed2a2f - - default default] 10.0.0.99 "GET /v2.0/extensions/port-resource-request-groups HTTP/1.1" status: 200 len: 465 time: 0.0056965
2026-07-10 00:59:59.771 9 INFO neutron.wsgi [None req-5aee92de-ec0c-4725-80e7-7ca53bbb7dd4 ff29b2cf9b8e490a838c9e388989cd57 d15024e882fd40bb9503425938ed2a2f - - default default] 10.0.0.99 "GET /v2.0/extensions/binding HTTP/1.1" status: 200 len: 387 time: 0.0075457
2026-07-10 00:59:59.788 9 INFO neutron.wsgi [None req-3d3d21c2-98a6-4aab-ae1f-51d7bfed2030 ff29b2cf9b8e490a838c9e388989cd57 d15024e882fd40bb9503425938ed2a2f - - default default] 10.0.0.99 "GET /v2.0/extensions/binding-extended HTTP/1.1" status: 200 len: 406 time: 0.0090809
2026-07-10 00:59:59.802 9 INFO neutron.wsgi [None req-ecd1c437-8f3c-4f85-bfc1-a2e465256e67 ff29b2cf9b8e490a838c9e388989cd57 d15024e882fd40bb9503425938ed2a2f - - default default] 10.0.0.99 "GET /v2.0/extensions/port-security HTTP/1.1" status: 200 len: 354 time: 0.0078709
2026-07-10 00:59:59.815 9 INFO neutron.wsgi [None req-8b9a2d47-d6c6-450d-a3c1-e4dd2f1be4c2 ff29b2cf9b8e490a838c9e388989cd57 d15024e882fd40bb9503425938ed2a2f - - default default] 10.0.0.99 "GET /v2.0/extensions/project-id HTTP/1.1" status: 200 len: 398 time: 0.0076389
2026-07-10 00:59:59.828 10 INFO neutron.wsgi [None req-fb3b5524-41b0-4dfe-857f-f00a3e6d0f58 ff29b2cf9b8e490a838c9e388989cd57 d15024e882fd40bb9503425938ed2a2f - - default default] 10.0.0.99 "GET /v2.0/extensions/provider HTTP/1.1" status: 200 len: 385 time: 0.0077198
2026-07-10 00:59:59.837 9 INFO neutron.wsgi [None req-9a2ab46a-50aa-4b81-bba0-31c81c83e8a3 ff29b2cf9b8e490a838c9e388989cd57 d15024e882fd40bb9503425938ed2a2f - - default default] 10.0.0.99 "GET /v2.0/extensions/qos HTTP/1.1" status: 200 len: 360 time: 0.0042832
2026-07-10 00:59:59.845 9 INFO neutron.wsgi [None req-0708cc36-1e15-4c8d-b0e8-343b2ea8f7d6 ff29b2cf9b8e490a838c9e388989cd57 d15024e882fd40bb9503425938ed2a2f - - default default] 10.0.0.99 "GET /v2.0/extensions/qos-bw-limit-direction HTTP/1.1" status: 200 len: 452 time: 0.0051200
2026-07-10 00:59:59.855 9 INFO neutron.wsgi [None req-9d8d2c0a-4f32-4d47-a80c-93f348dc91ec ff29b2cf9b8e490a838c9e388989cd57 d15024e882fd40bb9503425938ed2a2f - - default default] 10.0.0.99 "GET /v2.0/extensions/qos-bw-minimum-ingress HTTP/1.1" status: 200 len: 445 time: 0.0049493
2026-07-10 00:59:59.858 9 WARNING neutron.scheduler.dhcp_agent_scheduler [None req-a23fb9d3-16bb-4562-87de-bb7519af6912 b06a3996ee7544cc9ac370d43e755752 e004169ee308460e9ab8017c4ff56358 - - default default] No more DHCP agents
2026-07-10 00:59:59.860 9 WARNING neutron.api.rpc.agentnotifiers.dhcp_rpc_agent_api [None req-a23fb9d3-16bb-4562-87de-bb7519af6912 b06a3996ee7544cc9ac370d43e755752 e004169ee308460e9ab8017c4ff56358 - - default default] Unable to schedule network a90bf904-8a3a-4478-b087-4379437fa048: no agents available; will retry on subsequent port and subnet creation events.
2026-07-10 00:59:59.864 10 INFO neutron.wsgi [None req-0ca9d795-faf2-41df-99dd-6b90c7d8d716 ff29b2cf9b8e490a838c9e388989cd57 d15024e882fd40bb9503425938ed2a2f - - default default] 10.0.0.99 "GET /v2.0/extensions/qos-default HTTP/1.1" status: 200 len: 377 time: 0.0049932
2026-07-10 00:59:59.872 10 INFO neutron.wsgi [None req-8f49d224-8ea1-440e-ae57-b3707b427c0f ff29b2cf9b8e490a838c9e388989cd57 d15024e882fd40bb9503425938ed2a2f - - default default] 10.0.0.99 "GET /v2.0/extensions/qos-fip HTTP/1.1" status: 200 len: 372 time: 0.0044191
2026-07-10 00:59:59.877 10 INFO neutron.wsgi [None req-feda21a9-ddd6-423e-bba7-1d0a6b2096ca b0f85e41de1b4171b3f7884fbd7f9e95 39c62d0dbc88425996afec45b68c77cc - - default default] 10.0.0.99 "DELETE /v2.0/floatingips/31919dae-28ce-4cd9-8864-223462352f94 HTTP/1.1" status: 204 len: 168 time: 0.4577682
2026-07-10 00:59:59.884 9 INFO neutron.wsgi [None req-976e543e-0215-49c4-9cd9-b817d8574313 ff29b2cf9b8e490a838c9e388989cd57 d15024e882fd40bb9503425938ed2a2f - - default default] 10.0.0.99 "GET /v2.0/extensions/qos-gateway-ip HTTP/1.1" status: 200 len: 391 time: 0.0080080
2026-07-10 00:59:59.886 10 WARNING neutron_lib.context [None req-445d376d-a3c4-4f05-bc48-26fddc831ba3 b0f85e41de1b4171b3f7884fbd7f9e95 39c62d0dbc88425996afec45b68c77cc - - default default] Method 'is_advsvc' is deprecated since 2023.2 release (neutron-lib 3.8.0) and will be removed once support for the old RBAC API policies will be removed from Neutron. Please use method 'is_service_role' instead.
2026-07-10 00:59:59.896 10 INFO neutron.wsgi [None req-e52fffa3-7503-4551-a013-3e8759915e33 ff29b2cf9b8e490a838c9e388989cd57 d15024e882fd40bb9503425938ed2a2f - - default default] 10.0.0.99 "GET /v2.0/extensions/qos-port-network-policy HTTP/1.1" status: 200 len: 403 time: 0.0051928
2026-07-10 00:59:59.904 10 INFO neutron.wsgi [None req-86ac1307-9459-4817-bdd0-9bcd1c80df12 ff29b2cf9b8e490a838c9e388989cd57 d15024e882fd40bb9503425938ed2a2f - - default default] 10.0.0.99 "GET /v2.0/extensions/qos-pps-minimum HTTP/1.1" status: 200 len: 397 time: 0.0047417
2026-07-10 00:59:59.923 10 INFO neutron.wsgi [None req-e5912e37-6ef2-41fd-865f-86b233ece067 ff29b2cf9b8e490a838c9e388989cd57 d15024e882fd40bb9503425938ed2a2f - - default default] 10.0.0.99 "GET /v2.0/extensions/qos-pps-minimum-rule-alias HTTP/1.1" status: 200 len: 471 time: 0.0141878
2026-07-10 00:59:59.936 10 INFO neutron.wsgi [None req-ded8343c-3dda-43f9-843e-c5a3a3854810 ff29b2cf9b8e490a838c9e388989cd57 d15024e882fd40bb9503425938ed2a2f - - default default] 10.0.0.99 "GET /v2.0/extensions/qos-pps HTTP/1.1" status: 200 len: 389 time: 0.0057328
2026-07-10 00:59:59.947 10 INFO neutron.wsgi [None req-db8e0939-8e63-411a-8034-31886f6f55b9 ff29b2cf9b8e490a838c9e388989cd57 d15024e882fd40bb9503425938ed2a2f - - default default] 10.0.0.99 "GET /v2.0/extensions/qos-rule-type-details HTTP/1.1" status: 200 len: 423 time: 0.0071044
2026-07-10 00:59:59.958 9 INFO neutron.wsgi [None req-207d3d26-9f6b-44e2-a53e-1d297ae86102 ff29b2cf9b8e490a838c9e388989cd57 d15024e882fd40bb9503425938ed2a2f - - default default] 10.0.0.99 "GET /v2.0/extensions/qos-rule-type-filter HTTP/1.1" status: 200 len: 567 time: 0.0061274
2026-07-10 00:59:59.968 9 INFO neutron.wsgi [None req-e6ecaaeb-0e3c-462d-831b-569a42e40448 ff29b2cf9b8e490a838c9e388989cd57 d15024e882fd40bb9503425938ed2a2f - - default default] 10.0.0.99 "GET /v2.0/extensions/qos-rules-alias HTTP/1.1" status: 200 len: 448 time: 0.0069270
2026-07-10 00:59:59.978 9 INFO neutron.wsgi [None req-805577a0-983c-4a9f-b3ef-814fcdcd5645 ff29b2cf9b8e490a838c9e388989cd57 d15024e882fd40bb9503425938ed2a2f - - default default] 10.0.0.99 "GET /v2.0/extensions/quota-check-limit HTTP/1.1" status: 200 len: 420 time: 0.0061584
2026-07-10 00:59:59.995 9 INFO neutron.wsgi [None req-e364a8fb-78c1-47fd-8006-888add2a9f84 ff29b2cf9b8e490a838c9e388989cd57 d15024e882fd40bb9503425938ed2a2f - - default default] 10.0.0.99 "GET /v2.0/extensions/quotas HTTP/1.1" status: 200 len: 386 time: 0.0127354
2026-07-10 01:00:00.007 9 INFO neutron.wsgi [None req-2ef97674-463c-4629-9579-107cacf0ef2e ff29b2cf9b8e490a838c9e388989cd57 d15024e882fd40bb9503425938ed2a2f - - default default] 10.0.0.99 "GET /v2.0/extensions/quota_details HTTP/1.1" status: 200 len: 407 time: 0.0061913
2026-07-10 01:00:00.019 10 INFO neutron.wsgi [None req-035e7939-87df-47a6-8a9f-1788b44d52c5 ff29b2cf9b8e490a838c9e388989cd57 d15024e882fd40bb9503425938ed2a2f - - default default] 10.0.0.99 "GET /v2.0/extensions/rbac-policies HTTP/1.1" status: 200 len: 417 time: 0.0074911
2026-07-10 01:00:00.030 10 INFO neutron.wsgi [None req-2ccbd132-7260-4c77-8236-d03ce592f09d ff29b2cf9b8e490a838c9e388989cd57 d15024e882fd40bb9503425938ed2a2f - - default default] 10.0.0.99 "GET /v2.0/extensions/rbac-address-scope HTTP/1.1" status: 200 len: 384 time: 0.0056584
2026-07-10 01:00:00.045 10 INFO neutron.wsgi [None req-1000c189-2da4-4ada-af58-480246da37e4 ff29b2cf9b8e490a838c9e388989cd57 d15024e882fd40bb9503425938ed2a2f - - default default] 10.0.0.99 "GET /v2.0/extensions/rbac-security-groups HTTP/1.1" status: 200 len: 404 time: 0.0074341
2026-07-10 01:00:00.063 10 INFO neutron.wsgi [None req-12542b2a-7df8-424e-8245-9fa83e23efe4 ff29b2cf9b8e490a838c9e388989cd57 d15024e882fd40bb9503425938ed2a2f - - default default] 10.0.0.99 "GET /v2.0/extensions/revision-if-match HTTP/1.1" status: 200 len: 441 time: 0.0067079
2026-07-10 01:00:00.073 10 INFO neutron.wsgi [None req-5af47223-e4dc-49fe-892c-a71c8621928c ff29b2cf9b8e490a838c9e388989cd57 d15024e882fd40bb9503425938ed2a2f - - default default] 10.0.0.99 "GET /v2.0/extensions/standard-attr-revisions HTTP/1.1" status: 200 len: 423 time: 0.0038908
2026-07-10 01:00:00.084 9 INFO neutron.wsgi [None req-f5dec49f-cff2-4e5b-ad4c-e29a5ad14079 ff29b2cf9b8e490a838c9e388989cd57 d15024e882fd40bb9503425938ed2a2f - - default default] 10.0.0.99 "GET /v2.0/extensions/router_availability_zone HTTP/1.1" status: 200 len: 391 time: 0.0056968
2026-07-10 01:00:00.093 9 INFO neutron.wsgi [None req-079ab133-9bdd-4b19-b92d-d0c0c92fc20b ff29b2cf9b8e490a838c9e388989cd57 d15024e882fd40bb9503425938ed2a2f - - default default] 10.0.0.99 "GET /v2.0/extensions/security-groups-default-rules HTTP/1.1" status: 200 len: 456 time: 0.0050256
2026-07-10 01:00:00.101 9 INFO neutron.wsgi [None req-c76f1349-74bf-4d63-abc1-aacf2e37bd12 ff29b2cf9b8e490a838c9e388989cd57 d15024e882fd40bb9503425938ed2a2f - - default default] 10.0.0.99 "GET /v2.0/extensions/security-groups-normalized-cidr HTTP/1.1" status: 200 len: 445 time: 0.0041356
2026-07-10 01:00:00.102 9 INFO neutron.db.ovn_revision_numbers_db [None req-a23fb9d3-16bb-4562-87de-bb7519af6912 b06a3996ee7544cc9ac370d43e755752 e004169ee308460e9ab8017c4ff56358 - - default default] Successfully bumped revision number for resource bc6460c7-a8c2-43be-8c80-7a92457c4fcf (type: router_ports) to 1
2026-07-10 01:00:00.107 9 INFO neutron.wsgi [None req-a23fb9d3-16bb-4562-87de-bb7519af6912 b06a3996ee7544cc9ac370d43e755752 e004169ee308460e9ab8017c4ff56358 - - default default] 10.0.0.99 "PUT /v2.0/routers/76b13efd-15fe-4218-a56f-172ac0c43fe4/add_router_interface HTTP/1.1" status: 200 len: 503 time: 2.0386124
2026-07-10 01:00:00.110 10 INFO neutron.wsgi [None req-d3c34b7e-552a-48ae-94b8-a98af04b08bc ff29b2cf9b8e490a838c9e388989cd57 d15024e882fd40bb9503425938ed2a2f - - default default] 10.0.0.99 "GET /v2.0/extensions/security-groups-remote-address-group HTTP/1.1" status: 200 len: 448 time: 0.0051091
2026-07-10 01:00:00.127 10 INFO neutron.wsgi [None req-d39a24be-7225-4f8b-8525-7f6088172f2d ff29b2cf9b8e490a838c9e388989cd57 d15024e882fd40bb9503425938ed2a2f - - default default] 10.0.0.99 "GET /v2.0/extensions/security-groups-rules-belongs-to-default-sg HTTP/1.1" status: 200 len: 508 time: 0.0089650
2026-07-10 01:00:00.146 9 INFO neutron.wsgi [None req-7f57beae-f701-489e-b923-65fc0647e754 ff29b2cf9b8e490a838c9e388989cd57 d15024e882fd40bb9503425938ed2a2f - - default default] 10.0.0.99 "GET /v2.0/extensions/security-groups-shared-filtering HTTP/1.1" status: 200 len: 435 time: 0.0061309
2026-07-10 01:00:00.160 10 INFO neutron.wsgi [None req-b954ca3c-c1a5-4792-addb-6d1f4eb0baf5 ff29b2cf9b8e490a838c9e388989cd57 d15024e882fd40bb9503425938ed2a2f - - default default] 10.0.0.99 "GET /v2.0/extensions/security-group HTTP/1.1" status: 200 len: 364 time: 0.0095780
2026-07-10 01:00:00.163 9 INFO neutron.wsgi [None req-9c9d133c-41ca-4c4c-a43b-0e4916b80ec3 b06a3996ee7544cc9ac370d43e755752 e004169ee308460e9ab8017c4ff56358 - - default default] 10.0.0.99 "GET /v2.0/ports/bc6460c7-a8c2-43be-8c80-7a92457c4fcf HTTP/1.1" status: 200 len: 1139 time: 0.0520961
2026-07-10 01:00:00.169 9 INFO neutron.wsgi [None req-ee94d557-1887-49c4-bc1b-55744dc39928 fdcfe6efecc7496ca17a5b8c015822be 516d52bf26fe48e4868e535fbc418f23 - - default default] 10.0.0.99 "DELETE /v2.0/security-groups/f5aa109c-8dc5-4cfa-8e95-97df5677a7de HTTP/1.1" status: 204 len: 168 time: 0.4798143
2026-07-10 01:00:00.173 9 INFO neutron.wsgi [None req-1bf48f8f-a611-4abe-bc6f-1c5cad564a2c ff29b2cf9b8e490a838c9e388989cd57 d15024e882fd40bb9503425938ed2a2f - - default default] 10.0.0.99 "GET /v2.0/extensions/segment HTTP/1.1" status: 200 len: 339 time: 0.0070271
2026-07-10 01:00:00.186 9 INFO neutron.wsgi [None req-03397785-8efc-4d64-9545-ee56c1515490 ff29b2cf9b8e490a838c9e388989cd57 d15024e882fd40bb9503425938ed2a2f - - default default] 10.0.0.99 "GET /v2.0/extensions/segments-peer-subnet-host-routes HTTP/1.1" status: 200 len: 427 time: 0.0051291
2026-07-10 01:00:00.198 10 INFO neutron.wsgi [None req-c29441c4-45fb-4604-84be-d1cef3a9a8c6 ff29b2cf9b8e490a838c9e388989cd57 d15024e882fd40bb9503425938ed2a2f - - default default] 10.0.0.99 "GET /v2.0/extensions/service-type HTTP/1.1" status: 200 len: 415 time: 0.0054159
2026-07-10 01:00:00.208 9 INFO neutron.wsgi [None req-befd0742-95f9-46e4-99c4-6f7cd8acf3f0 ff29b2cf9b8e490a838c9e388989cd57 d15024e882fd40bb9503425938ed2a2f - - default default] 10.0.0.99 "GET /v2.0/extensions/sorting HTTP/1.1" status: 200 len: 377 time: 0.0067892
2026-07-10 01:00:00.219 10 INFO neutron.wsgi [None req-c0aa8629-e4a2-4732-a9cc-9f6f4abe2a7a ff29b2cf9b8e490a838c9e388989cd57 d15024e882fd40bb9503425938ed2a2f - - default default] 10.0.0.99 "GET /v2.0/extensions/standard-attr-segment HTTP/1.1" status: 200 len: 406 time: 0.0054867
2026-07-10 01:00:00.220 9 INFO neutron.wsgi [None req-c4101ee5-f4b0-441c-8169-16b3ab804e0f b06a3996ee7544cc9ac370d43e755752 e004169ee308460e9ab8017c4ff56358 - - default default] 10.0.0.99 "GET /v2.0/ports/bc6460c7-a8c2-43be-8c80-7a92457c4fcf HTTP/1.1" status: 200 len: 1139 time: 0.0540228
2026-07-10 01:00:00.230 9 INFO neutron.wsgi [None req-523399d8-e878-4222-b6ae-8c6972ba5b5b ff29b2cf9b8e490a838c9e388989cd57 d15024e882fd40bb9503425938ed2a2f - - default default] 10.0.0.99 "GET /v2.0/extensions/standard-attr-description HTTP/1.1" status: 200 len: 408 time: 0.0059505
2026-07-10 01:00:00.239 9 INFO neutron.wsgi [None req-8d317cd8-c896-42ed-b88b-f52329278e1d ff29b2cf9b8e490a838c9e388989cd57 d15024e882fd40bb9503425938ed2a2f - - default default] 10.0.0.99 "GET /v2.0/extensions/stateful-security-group HTTP/1.1" status: 200 len: 402 time: 0.0056405
2026-07-10 01:00:00.248 9 INFO neutron.wsgi [None req-842b1fbb-9693-4a8d-9750-964bb0e307f1 ff29b2cf9b8e490a838c9e388989cd57 d15024e882fd40bb9503425938ed2a2f - - default default] 10.0.0.99 "GET /v2.0/extensions/subnet-dns-publish-fixed-ip HTTP/1.1" status: 200 len: 421 time: 0.0056434
2026-07-10 01:00:00.258 10 INFO neutron.wsgi [None req-84bdecfe-9a64-415b-9f51-f8adb7bafee4 ff29b2cf9b8e490a838c9e388989cd57 d15024e882fd40bb9503425938ed2a2f - - default default] 10.0.0.99 "GET /v2.0/extensions/subnet-segmentid-writable HTTP/1.1" status: 200 len: 421 time: 0.0056589
2026-07-10 01:00:00.266 10 INFO neutron.wsgi [None req-4668818b-fcd1-4bc1-ba7f-4ecf3a9c0b97 ff29b2cf9b8e490a838c9e388989cd57 d15024e882fd40bb9503425938ed2a2f - - default default] 10.0.0.99 "GET /v2.0/extensions/subnet-service-types HTTP/1.1" status: 200 len: 400 time: 0.0052552
2026-07-10 01:00:00.278 9 INFO neutron.wsgi [None req-9f1511de-bce0-4738-bcf0-b7f87571e87c ff29b2cf9b8e490a838c9e388989cd57 d15024e882fd40bb9503425938ed2a2f - - default default] 10.0.0.99 "GET /v2.0/extensions/subnet_allocation HTTP/1.1" status: 200 len: 388 time: 0.0075703
2026-07-10 01:00:00.289 9 INFO neutron.wsgi [None req-0e7f2397-df29-4ca7-bd21-e32bd281affc ff29b2cf9b8e490a838c9e388989cd57 d15024e882fd40bb9503425938ed2a2f - - default default] 10.0.0.99 "GET /v2.0/extensions/subnetpool-prefix-ops HTTP/1.1" status: 200 len: 418 time: 0.0056493
2026-07-10 01:00:00.296 10 WARNING neutron.scheduler.dhcp_agent_scheduler [None req-445d376d-a3c4-4f05-bc48-26fddc831ba3 b0f85e41de1b4171b3f7884fbd7f9e95 39c62d0dbc88425996afec45b68c77cc - - default default] No more DHCP agents
2026-07-10 01:00:00.298 9 INFO neutron.wsgi [None req-4d25c7fd-6798-41c2-8956-99b7cc7f6c06 ff29b2cf9b8e490a838c9e388989cd57 d15024e882fd40bb9503425938ed2a2f - - default default] 10.0.0.99 "GET /v2.0/extensions/standard-attr-tag HTTP/1.1" status: 200 len: 537 time: 0.0061924
2026-07-10 01:00:00.300 10 WARNING neutron.api.rpc.agentnotifiers.dhcp_rpc_agent_api [None req-445d376d-a3c4-4f05-bc48-26fddc831ba3 b0f85e41de1b4171b3f7884fbd7f9e95 39c62d0dbc88425996afec45b68c77cc - - default default] Unable to schedule network db097c83-e6e8-4e2a-8c29-36e3564d3044: no agents available; will retry on subsequent port and subnet creation events.
2026-07-10 01:00:00.307 9 INFO neutron.wsgi [None req-9b7a0f0a-29d1-4f96-89c0-4acf76bfd46b ff29b2cf9b8e490a838c9e388989cd57 d15024e882fd40bb9503425938ed2a2f - - default default] 10.0.0.99 "GET /v2.0/extensions/standard-attr-timestamp HTTP/1.1" status: 200 len: 449 time: 0.0035474
2026-07-10 01:00:00.319 9 INFO neutron.wsgi [None req-cca1161a-961b-424c-87d3-3337205ea999 ff29b2cf9b8e490a838c9e388989cd57 d15024e882fd40bb9503425938ed2a2f - - default default] 10.0.0.99 "GET /v2.0/extensions/trunk HTTP/1.1" status: 200 len: 358 time: 0.0078928
2026-07-10 01:00:00.327 9 INFO neutron.wsgi [None req-c4d5808f-8c03-4ccb-92ee-0eb6f7cfe87f ff29b2cf9b8e490a838c9e388989cd57 d15024e882fd40bb9503425938ed2a2f - - default default] 10.0.0.99 "GET /v2.0/extensions/trunk-details HTTP/1.1" status: 200 len: 362 time: 0.0049565
2026-07-10 01:00:00.342 10 INFO neutron.wsgi [None req-045c4cbc-6fb4-475d-921f-247491c3ae86 ff29b2cf9b8e490a838c9e388989cd57 d15024e882fd40bb9503425938ed2a2f - - default default] 10.0.0.99 "GET /v2.0/extensions/vpn-agent-scheduler HTTP/1.1" status: 200 len: 393 time: 0.0067618
2026-07-10 01:00:00.355 9 INFO neutron.wsgi [None req-86eeb228-861d-4d2e-86d0-10f019a24169 ff29b2cf9b8e490a838c9e388989cd57 d15024e882fd40bb9503425938ed2a2f - - default default] 10.0.0.99 "GET /v2.0/extensions/vpn-endpoint-groups HTTP/1.1" status: 200 len: 371 time: 0.0077291
2026-07-10 01:00:00.362 9 INFO neutron.wsgi [None req-5a1356c2-2a9a-4b66-821f-af82654ad36e ff29b2cf9b8e490a838c9e388989cd57 d15024e882fd40bb9503425938ed2a2f - - default default] 10.0.0.99 "GET /v2.0/extensions/vpn-flavors HTTP/1.1" status: 200 len: 376 time: 0.0039158
2026-07-10 01:00:00.373 9 INFO neutron.wsgi [None req-1f88a6e4-930c-473b-a93b-b835ee3ff4f4 ff29b2cf9b8e490a838c9e388989cd57 d15024e882fd40bb9503425938ed2a2f - - default default] 10.0.0.99 "GET /v2.0/extensions/vpnaas HTTP/1.1" status: 200 len: 348 time: 0.0060716
2026-07-10 01:00:00.577 9 WARNING neutron.plugins.ml2.drivers.ovn.mech_driver.ovsdb.ovn_client [None req-d0b11067-93fc-4619-b573-f0f8e2ce51cc - - - - - -] No hosting information found for port ca1c4fe0-299e-46a9-a5c4-0b885dbff858: RuntimeError: No hosting information found for port ca1c4fe0-299e-46a9-a5c4-0b885dbff858
2026-07-10 01:00:00.588 10 INFO neutron.db.ovn_revision_numbers_db [None req-1327ee96-953b-41d8-aabf-c21ce77fcbf8 fdcfe6efecc7496ca17a5b8c015822be 516d52bf26fe48e4868e535fbc418f23 - - default default] Successfully bumped revision number for resource d14264c6-3b8d-4365-8351-5e1575cbc0d6 (type: security_groups) to 1
2026-07-10 01:00:00.611 10 INFO neutron.db.ovn_revision_numbers_db [None req-1327ee96-953b-41d8-aabf-c21ce77fcbf8 fdcfe6efecc7496ca17a5b8c015822be 516d52bf26fe48e4868e535fbc418f23 - - default default] Successfully bumped revision number for resource 0fec503c-9f34-4e79-ae11-baff16de2ee1 (type: security_group_rules) to 0
2026-07-10 01:00:00.618 9 INFO neutron.plugins.ml2.drivers.ovn.mech_driver.mech_driver [None req-d0b11067-93fc-4619-b573-f0f8e2ce51cc - - - - - -] OVN reports status up for port: bc6460c7-a8c2-43be-8c80-7a92457c4fcf
2026-07-10 01:00:00.637 9 INFO neutron.plugins.ml2.plugin [None req-d0b11067-93fc-4619-b573-f0f8e2ce51cc - - - - - -] Attempt 1 to provision port bc6460c7-a8c2-43be-8c80-7a92457c4fcf
2026-07-10 01:00:00.643 10 INFO neutron.db.ovn_revision_numbers_db [None req-1327ee96-953b-41d8-aabf-c21ce77fcbf8 fdcfe6efecc7496ca17a5b8c015822be 516d52bf26fe48e4868e535fbc418f23 - - default default] Successfully bumped revision number for resource 4a36eb82-f8b1-44e1-be94-900c6b709836 (type: security_group_rules) to 0
2026-07-10 01:00:00.684 10 INFO neutron.db.ovn_revision_numbers_db [None req-1327ee96-953b-41d8-aabf-c21ce77fcbf8 fdcfe6efecc7496ca17a5b8c015822be 516d52bf26fe48e4868e535fbc418f23 - - default default] Successfully bumped revision number for resource d0a65f3e-1f9a-4f55-a7fc-3089305d1252 (type: security_group_rules) to 0
2026-07-10 01:00:00.711 10 INFO neutron.db.ovn_revision_numbers_db [None req-1327ee96-953b-41d8-aabf-c21ce77fcbf8 fdcfe6efecc7496ca17a5b8c015822be 516d52bf26fe48e4868e535fbc418f23 - - default default] Successfully bumped revision number for resource f9f32ad4-1666-48a8-b82f-edf5e16d6c35 (type: security_group_rules) to 0
2026-07-10 01:00:00.732 10 INFO neutron.wsgi [None req-1327ee96-953b-41d8-aabf-c21ce77fcbf8 fdcfe6efecc7496ca17a5b8c015822be 516d52bf26fe48e4868e535fbc418f23 - - default default] 10.0.0.99 "GET /v2.0/security-groups?tenant_id=e8f516e4ea214074a6fd5668fa2e9bbb&name=default HTTP/1.1" status: 200 len: 3120 time: 0.4447815 /var/lib/openstack/lib/python3.10/site-packages/pycadf/identifier.py:71: UserWarning: Invalid uuid: neutron. To ensure interoperability, identifiers should be a valid uuid. warnings.warn(('Invalid uuid: %s. To ensure interoperability, '
2026-07-10 01:00:01.219 9 INFO neutron.wsgi [None req-68c27a3e-b9ef-49a6-90d2-cd603b793e76 fdcfe6efecc7496ca17a5b8c015822be 516d52bf26fe48e4868e535fbc418f23 - - default default] 10.0.0.99 "DELETE /v2.0/security-groups/d14264c6-3b8d-4365-8351-5e1575cbc0d6 HTTP/1.1" status: 204 len: 168 time: 0.4809659
2026-07-10 01:00:01.220 9 INFO neutron.db.ovn_revision_numbers_db [None req-d0b11067-93fc-4619-b573-f0f8e2ce51cc - - - - - -] Successfully bumped revision number for resource bc6460c7-a8c2-43be-8c80-7a92457c4fcf (type: ports) to 2
2026-07-10 01:00:01.270 10 INFO neutron.db.ovn_revision_numbers_db [None req-445d376d-a3c4-4f05-bc48-26fddc831ba3 b0f85e41de1b4171b3f7884fbd7f9e95 39c62d0dbc88425996afec45b68c77cc - - default default] Successfully bumped revision number for resource 07bae202-713f-46ce-8a89-87866496e79b (type: floatingips) to -1
2026-07-10 01:00:01.365 10 INFO neutron.wsgi [None req-49f274a4-6215-4377-94f6-17897be40103 b06a3996ee7544cc9ac370d43e755752 e004169ee308460e9ab8017c4ff56358 - - default default] 10.0.0.99 "GET /v2.0/ports/bc6460c7-a8c2-43be-8c80-7a92457c4fcf HTTP/1.1" status: 200 len: 1141 time: 0.1406705
2026-07-10 01:00:01.407 9 INFO neutron.db.ovn_revision_numbers_db [None req-d0b11067-93fc-4619-b573-f0f8e2ce51cc - - - - - -] Successfully bumped revision number for resource bc6460c7-a8c2-43be-8c80-7a92457c4fcf (type: router_ports) to 2
2026-07-10 01:00:01.454 9 INFO neutron.db.ovn_revision_numbers_db [None req-08dc15b0-8b93-429c-a368-0dac0efec37b fdcfe6efecc7496ca17a5b8c015822be 516d52bf26fe48e4868e535fbc418f23 - - default default] Successfully bumped revision number for resource cc3bfc02-bc9c-47d9-88bb-28ec4c79fd88 (type: security_groups) to 1
2026-07-10 01:00:01.479 9 INFO neutron.db.ovn_revision_numbers_db [None req-08dc15b0-8b93-429c-a368-0dac0efec37b fdcfe6efecc7496ca17a5b8c015822be 516d52bf26fe48e4868e535fbc418f23 - - default default] Successfully bumped revision number for resource 0dbcadb8-1c9f-46e1-8a6a-af2f24271293 (type: security_group_rules) to 0
2026-07-10 01:00:01.488 10 INFO neutron.db.ovn_revision_numbers_db [None req-445d376d-a3c4-4f05-bc48-26fddc831ba3 b0f85e41de1b4171b3f7884fbd7f9e95 39c62d0dbc88425996afec45b68c77cc - - default default] Successfully bumped revision number for resource 07bae202-713f-46ce-8a89-87866496e79b (type: floatingips) to 1
2026-07-10 01:00:01.489 10 INFO neutron.db.l3_db [None req-445d376d-a3c4-4f05-bc48-26fddc831ba3 b0f85e41de1b4171b3f7884fbd7f9e95 39c62d0dbc88425996afec45b68c77cc - - default default] Floating IP 07bae202-713f-46ce-8a89-87866496e79b associated. External IP: 10.96.250.217, port: fd07fc66-30d3-465a-a58c-52f2c4d16066.
2026-07-10 01:00:01.496 9 INFO neutron.db.ovn_revision_numbers_db [None req-08dc15b0-8b93-429c-a368-0dac0efec37b fdcfe6efecc7496ca17a5b8c015822be 516d52bf26fe48e4868e535fbc418f23 - - default default] Successfully bumped revision number for resource 5150d68a-0e33-4fb3-a134-0fe232c53fd3 (type: security_group_rules) to 0
2026-07-10 01:00:01.511 9 INFO neutron.db.ovn_revision_numbers_db [None req-08dc15b0-8b93-429c-a368-0dac0efec37b fdcfe6efecc7496ca17a5b8c015822be 516d52bf26fe48e4868e535fbc418f23 - - default default] Successfully bumped revision number for resource 6184591a-d359-46fc-8139-5b9602a66b6b (type: security_group_rules) to 0
2026-07-10 01:00:01.539 9 INFO neutron.db.ovn_revision_numbers_db [None req-08dc15b0-8b93-429c-a368-0dac0efec37b fdcfe6efecc7496ca17a5b8c015822be 516d52bf26fe48e4868e535fbc418f23 - - default default] Successfully bumped revision number for resource ba72f0e3-9938-44e8-a0ce-71d17bed0e53 (type: security_group_rules) to 0
2026-07-10 01:00:01.562 9 INFO neutron.wsgi [None req-08dc15b0-8b93-429c-a368-0dac0efec37b fdcfe6efecc7496ca17a5b8c015822be 516d52bf26fe48e4868e535fbc418f23 - - default default] 10.0.0.99 "GET /v2.0/security-groups?tenant_id=d15024e882fd40bb9503425938ed2a2f&name=default HTTP/1.1" status: 200 len: 3120 time: 0.4661324
2026-07-10 01:00:01.572 10 INFO neutron.wsgi [None req-445d376d-a3c4-4f05-bc48-26fddc831ba3 b0f85e41de1b4171b3f7884fbd7f9e95 39c62d0dbc88425996afec45b68c77cc - - default default] 10.0.0.99 "POST /v2.0/floatingips HTTP/1.1" status: 201 len: 1042 time: 1.6892900
2026-07-10 01:00:01.653 10 INFO neutron.wsgi [None req-1a2d092f-0601-4fa3-a2ea-1802ee8a65ac b0f85e41de1b4171b3f7884fbd7f9e95 39c62d0dbc88425996afec45b68c77cc - - default default] 10.0.0.99 "GET /v2.0/floatingips/07bae202-713f-46ce-8a89-87866496e79b HTTP/1.1" status: 200 len: 1039 time: 0.0753670
2026-07-10 01:00:01.748 10 INFO neutron.wsgi [None req-e27fd8cf-1c6b-45e4-8252-378e7cc947fc b0f85e41de1b4171b3f7884fbd7f9e95 39c62d0dbc88425996afec45b68c77cc - - default default] 10.0.0.99 "GET /v2.0/floatingips HTTP/1.1" status: 200 len: 1042 time: 0.0885420
2026-07-10 01:00:01.857 9 INFO neutron.wsgi [None req-b9be23db-07d4-4ccf-afc2-b0cc90e7cab7 fdcfe6efecc7496ca17a5b8c015822be 516d52bf26fe48e4868e535fbc418f23 - - default default] 10.0.0.99 "DELETE /v2.0/security-groups/cc3bfc02-bc9c-47d9-88bb-28ec4c79fd88 HTTP/1.1" status: 204 len: 168 time: 0.2869768
2026-07-10 01:00:02.710 10 INFO neutron.wsgi [None req-2a08528e-8dcc-4d4d-b168-66d68fd3e03d b06a3996ee7544cc9ac370d43e755752 e004169ee308460e9ab8017c4ff56358 - - default default] 10.0.0.99 "PUT /v2.0/routers/76b13efd-15fe-4218-a56f-172ac0c43fe4/remove_router_interface HTTP/1.1" status: 200 len: 503 time: 1.3402615
2026-07-10 01:00:02.739 9 INFO neutron.wsgi [None req-c372963b-3df0-46b0-b233-63c68409fc22 b06a3996ee7544cc9ac370d43e755752 e004169ee308460e9ab8017c4ff56358 - - default default] 10.0.0.99 "GET /v2.0/ports?device_id=76b13efd-15fe-4218-a56f-172ac0c43fe4 HTTP/1.1" status: 200 len: 205 time: 0.0227344
2026-07-10 01:00:02.897 10 INFO neutron.db.ovn_revision_numbers_db [None req-c1c2deb2-06cb-4546-bcdf-57d6fbb93e19 b0f85e41de1b4171b3f7884fbd7f9e95 39c62d0dbc88425996afec45b68c77cc - - default default] Successfully bumped revision number for resource 07bae202-713f-46ce-8a89-87866496e79b (type: floatingips) to 2
2026-07-10 01:00:03.078 10 INFO neutron.db.ovn_revision_numbers_db [None req-c1c2deb2-06cb-4546-bcdf-57d6fbb93e19 b0f85e41de1b4171b3f7884fbd7f9e95 39c62d0dbc88425996afec45b68c77cc - - default default] Successfully bumped revision number for resource 07bae202-713f-46ce-8a89-87866496e79b (type: floatingips) to 2
2026-07-10 01:00:03.079 10 INFO neutron.db.l3_db [None req-c1c2deb2-06cb-4546-bcdf-57d6fbb93e19 b0f85e41de1b4171b3f7884fbd7f9e95 39c62d0dbc88425996afec45b68c77cc - - default default] Floating IP 07bae202-713f-46ce-8a89-87866496e79b associated. External IP: 10.96.250.217, port: fd07fc66-30d3-465a-a58c-52f2c4d16066.
2026-07-10 01:00:03.147 10 INFO neutron.wsgi [None req-c1c2deb2-06cb-4546-bcdf-57d6fbb93e19 b0f85e41de1b4171b3f7884fbd7f9e95 39c62d0dbc88425996afec45b68c77cc - - default default] 10.0.0.99 "PUT /v2.0/floatingips/07bae202-713f-46ce-8a89-87866496e79b HTTP/1.1" status: 200 len: 1038 time: 1.3923066 /var/lib/openstack/lib/python3.10/site-packages/pycadf/identifier.py:71: UserWarning: Invalid uuid: neutron. To ensure interoperability, identifiers should be a valid uuid. warnings.warn(('Invalid uuid: %s. To ensure interoperability, '
2026-07-10 01:00:03.255 9 INFO neutron.wsgi [None req-06bdd234-aee8-416b-a4bf-b16dbb7b3dc2 b06a3996ee7544cc9ac370d43e755752 e004169ee308460e9ab8017c4ff56358 - - default default] 10.0.0.99 "DELETE /v2.0/routers/76b13efd-15fe-4218-a56f-172ac0c43fe4 HTTP/1.1" status: 204 len: 168 time: 0.5115497
2026-07-10 01:00:03.346 10 INFO neutron.db.ovn_revision_numbers_db [None req-c26e4bde-d39c-49ff-9e6a-acaca6ff4e3e b0f85e41de1b4171b3f7884fbd7f9e95 39c62d0dbc88425996afec45b68c77cc - - default default] Successfully bumped revision number for resource 07bae202-713f-46ce-8a89-87866496e79b (type: floatingips) to 3
2026-07-10 01:00:03.405 10 INFO neutron.db.l3_db [None req-c26e4bde-d39c-49ff-9e6a-acaca6ff4e3e b0f85e41de1b4171b3f7884fbd7f9e95 39c62d0dbc88425996afec45b68c77cc - - default default] Floating IP 07bae202-713f-46ce-8a89-87866496e79b disassociated. External IP: 10.96.250.217, port: a21c2c3a-8350-45db-b294-4bd0bca38bd9.
2026-07-10 01:00:03.443 10 INFO neutron.wsgi [None req-c26e4bde-d39c-49ff-9e6a-acaca6ff4e3e b0f85e41de1b4171b3f7884fbd7f9e95 39c62d0dbc88425996afec45b68c77cc - - default default] 10.0.0.99 "PUT /v2.0/floatingips/07bae202-713f-46ce-8a89-87866496e79b HTTP/1.1" status: 200 len: 748 time: 0.2901835
2026-07-10 01:00:03.459 9 INFO neutron.wsgi [None req-778b4915-5ffd-4c05-9ecc-09c65294c09c b06a3996ee7544cc9ac370d43e755752 e004169ee308460e9ab8017c4ff56358 - - default default] 10.0.0.99 "DELETE /v2.0/subnets/ab5b9835-b880-4a09-9099-c86684cb5ed6 HTTP/1.1" status: 204 len: 168 time: 0.1955562
2026-07-10 01:00:03.845 10 INFO neutron.wsgi [None req-3d35240b-1e9e-43ab-82ac-849804be827a b0f85e41de1b4171b3f7884fbd7f9e95 39c62d0dbc88425996afec45b68c77cc - - default default] 10.0.0.99 "DELETE /v2.0/floatingips/07bae202-713f-46ce-8a89-87866496e79b HTTP/1.1" status: 204 len: 168 time: 0.3975832
2026-07-10 01:00:03.849 9 INFO neutron.services.segments.plugin [-] Segment 161d40ff-149e-428d-a198-665f0c0b651c resource provider aggregate not found
2026-07-10 01:00:03.853 9 INFO neutron.services.segments.plugin [-] Segment 161d40ff-149e-428d-a198-665f0c0b651c resource provider aggregate not found
2026-07-10 01:00:03.869 9 INFO neutron.services.segments.plugin [-] Segment 161d40ff-149e-428d-a198-665f0c0b651c resource provider not found; error: Placement Client Error (4xx): {"errors": [{"status": 404, "title": "Not Found", "detail": "The resource could not be found.\n\n No resource provider with uuid 161d40ff-149e-428d-a198-665f0c0b651c found for delete ", "request_id": "req-6e820ec6-857f-4fa9-bc80-8dc06eee12cf"}]}
2026-07-10 01:00:03.873 9 INFO neutron.services.segments.plugin [-] Segment 161d40ff-149e-428d-a198-665f0c0b651c resource provider not found; error: Placement Client Error (4xx): {"errors": [{"status": 404, "title": "Not Found", "detail": "The resource could not be found.\n\n No resource provider with uuid 161d40ff-149e-428d-a198-665f0c0b651c found for delete ", "request_id": "req-e1a85d2b-28b0-425a-9374-f25c864bac54"}]}
2026-07-10 01:00:03.885 10 INFO neutron.api.v2.resource [None req-9192ea2a-3aba-4a74-a878-306862f2270c b0f85e41de1b4171b3f7884fbd7f9e95 39c62d0dbc88425996afec45b68c77cc - - default default] delete failed (client error): The resource could not be found.
2026-07-10 01:00:03.886 10 INFO neutron.wsgi [None req-9192ea2a-3aba-4a74-a878-306862f2270c b0f85e41de1b4171b3f7884fbd7f9e95 39c62d0dbc88425996afec45b68c77cc - - default default] 10.0.0.99 "DELETE /v2.0/floatingips/07bae202-713f-46ce-8a89-87866496e79b HTTP/1.1" status: 404 len: 345 time: 0.0346463
2026-07-10 01:00:03.892 9 INFO neutron.wsgi [None req-cb7735ba-cea6-4e0d-97a0-08f9c4480ce2 b06a3996ee7544cc9ac370d43e755752 e004169ee308460e9ab8017c4ff56358 - - default default] 10.0.0.99 "DELETE /v2.0/networks/a90bf904-8a3a-4478-b087-4379437fa048 HTTP/1.1" status: 204 len: 168 time: 0.4267702
2026-07-10 01:00:03.904 9 WARNING neutron_lib.context [None req-abdac086-88b6-4325-bbb0-3f2d90e671cb b06a3996ee7544cc9ac370d43e755752 e004169ee308460e9ab8017c4ff56358 - - default default] Method 'is_advsvc' is deprecated since 2023.2 release (neutron-lib 3.8.0) and will be removed once support for the old RBAC API policies will be removed from Neutron. Please use method 'is_service_role' instead.
2026-07-10 01:00:03.965 9 WARNING neutron_lib.context [None req-86a4be55-df65-4c46-8458-bfcacbe7f0e0 31153e03e6184489906c0c2be31f628c 7b96b3e5d20546e0b4cfc6431f41041a - - default default] Method 'is_advsvc' is deprecated since 2023.2 release (neutron-lib 3.8.0) and will be removed once support for the old RBAC API policies will be removed from Neutron. Please use method 'is_service_role' instead.
2026-07-10 01:00:03.966 9 WARNING neutron_lib.context [None req-86a4be55-df65-4c46-8458-bfcacbe7f0e0 31153e03e6184489906c0c2be31f628c 7b96b3e5d20546e0b4cfc6431f41041a - - default default] Method 'is_advsvc' is deprecated since 2023.2 release (neutron-lib 3.8.0) and will be removed once support for the old RBAC API policies will be removed from Neutron. Please use method 'is_service_role' instead.
2026-07-10 01:00:04.235 9 INFO neutron.db.ovn_revision_numbers_db [None req-86a4be55-df65-4c46-8458-bfcacbe7f0e0 31153e03e6184489906c0c2be31f628c 7b96b3e5d20546e0b4cfc6431f41041a - - default default] Successfully bumped revision number for resource 8962580a-4a34-4f13-9ac8-e49fe7566253 (type: security_groups) to 1
2026-07-10 01:00:04.255 9 INFO neutron.db.ovn_revision_numbers_db [None req-86a4be55-df65-4c46-8458-bfcacbe7f0e0 31153e03e6184489906c0c2be31f628c 7b96b3e5d20546e0b4cfc6431f41041a - - default default] Successfully bumped revision number for resource 15fe79e0-4b1b-4bd8-86d8-098b5473a802 (type: security_group_rules) to 0
2026-07-10 01:00:04.281 9 INFO neutron.db.ovn_revision_numbers_db [None req-86a4be55-df65-4c46-8458-bfcacbe7f0e0 31153e03e6184489906c0c2be31f628c 7b96b3e5d20546e0b4cfc6431f41041a - - default default] Successfully bumped revision number for resource 32e01b6e-7e5d-4373-921b-7edc9e4c8b78 (type: security_group_rules) to 0
2026-07-10 01:00:04.304 9 INFO neutron.db.ovn_revision_numbers_db [None req-86a4be55-df65-4c46-8458-bfcacbe7f0e0 31153e03e6184489906c0c2be31f628c 7b96b3e5d20546e0b4cfc6431f41041a - - default default] Successfully bumped revision number for resource 4d41244e-6a6d-4bb6-a3f6-cbbc3910c4b0 (type: security_group_rules) to 0
2026-07-10 01:00:04.340 9 INFO neutron.db.ovn_revision_numbers_db [None req-86a4be55-df65-4c46-8458-bfcacbe7f0e0 31153e03e6184489906c0c2be31f628c 7b96b3e5d20546e0b4cfc6431f41041a - - default default] Successfully bumped revision number for resource a68180f4-b1ed-4eb3-9e72-7fe7de0809d0 (type: security_group_rules) to 0
2026-07-10 01:00:04.375 10 INFO neutron.wsgi [None req-e713e6f0-22a0-4613-86d1-8e71349c9b2d b0f85e41de1b4171b3f7884fbd7f9e95 39c62d0dbc88425996afec45b68c77cc - - default default] 10.0.0.99 "DELETE /v2.0/ports/a21c2c3a-8350-45db-b294-4bd0bca38bd9 HTTP/1.1" status: 204 len: 168 time: 0.4831865
2026-07-10 01:00:04.454 9 INFO neutron.db.segments_db [None req-86a4be55-df65-4c46-8458-bfcacbe7f0e0 31153e03e6184489906c0c2be31f628c 7b96b3e5d20546e0b4cfc6431f41041a - - default default] Added segment 1bbb7c2c-f211-463e-95cb-3e2e9ec31426 of type geneve for network 06139d9c-250f-4e11-90d1-fc7f01e7e0a9
2026-07-10 01:00:04.518 9 WARNING neutron.scheduler.dhcp_agent_scheduler [None req-abdac086-88b6-4325-bbb0-3f2d90e671cb b06a3996ee7544cc9ac370d43e755752 e004169ee308460e9ab8017c4ff56358 - - default default] No more DHCP agents
2026-07-10 01:00:04.520 9 WARNING neutron.api.rpc.agentnotifiers.dhcp_rpc_agent_api [None req-abdac086-88b6-4325-bbb0-3f2d90e671cb b06a3996ee7544cc9ac370d43e755752 e004169ee308460e9ab8017c4ff56358 - - default default] Unable to schedule network db097c83-e6e8-4e2a-8c29-36e3564d3044: no agents available; will retry on subsequent port and subnet creation events.
2026-07-10 01:00:04.622 9 INFO neutron.db.segments_db [None req-86a4be55-df65-4c46-8458-bfcacbe7f0e0 31153e03e6184489906c0c2be31f628c 7b96b3e5d20546e0b4cfc6431f41041a - - default default] Added segment 77b306c2-5825-44f4-961d-c3acca993dc9 of type geneve for network 812c71f0-30f2-48ee-bea3-6c7c733e0077
2026-07-10 01:00:04.748 9 INFO neutron.db.ovn_revision_numbers_db [None req-abdac086-88b6-4325-bbb0-3f2d90e671cb b06a3996ee7544cc9ac370d43e755752 e004169ee308460e9ab8017c4ff56358 - - default default] Successfully bumped revision number for resource f25b057d-a4e7-48e0-b691-6c7de4850718 (type: ports) to 1
2026-07-10 01:00:04.773 10 INFO neutron.wsgi [None req-76c2da46-77ac-48a7-ba64-808fef392de3 b0f85e41de1b4171b3f7884fbd7f9e95 39c62d0dbc88425996afec45b68c77cc - - default default] 10.0.0.99 "DELETE /v2.0/ports/fd07fc66-30d3-465a-a58c-52f2c4d16066 HTTP/1.1" status: 204 len: 168 time: 0.3940532
2026-07-10 01:00:04.826 9 INFO neutron.db.ovn_revision_numbers_db [None req-86a4be55-df65-4c46-8458-bfcacbe7f0e0 31153e03e6184489906c0c2be31f628c 7b96b3e5d20546e0b4cfc6431f41041a - - default default] Successfully bumped revision number for resource 06139d9c-250f-4e11-90d1-fc7f01e7e0a9 (type: networks) to 1
2026-07-10 01:00:04.835 10 INFO neutron.wsgi [None req-54f61001-1d23-448e-a681-d75a41f34ef2 b0f85e41de1b4171b3f7884fbd7f9e95 39c62d0dbc88425996afec45b68c77cc - - default default] 10.0.0.99 "GET /v2.0/ports?device_id=56e9ee05-e6fd-4f19-877f-81ec191416c8 HTTP/1.1" status: 200 len: 1140 time: 0.0566978
2026-07-10 01:00:05.115 9 WARNING neutron.scheduler.dhcp_agent_scheduler [None req-86a4be55-df65-4c46-8458-bfcacbe7f0e0 31153e03e6184489906c0c2be31f628c 7b96b3e5d20546e0b4cfc6431f41041a - - default default] No more DHCP agents
2026-07-10 01:00:05.116 9 WARNING neutron.api.rpc.agentnotifiers.dhcp_rpc_agent_api [None req-86a4be55-df65-4c46-8458-bfcacbe7f0e0 31153e03e6184489906c0c2be31f628c 7b96b3e5d20546e0b4cfc6431f41041a - - default default] Unable to schedule network 06139d9c-250f-4e11-90d1-fc7f01e7e0a9: no agents available; will retry on subsequent port and subnet creation events.
2026-07-10 01:00:05.218 9 INFO neutron.db.ovn_revision_numbers_db [None req-86a4be55-df65-4c46-8458-bfcacbe7f0e0 31153e03e6184489906c0c2be31f628c 7b96b3e5d20546e0b4cfc6431f41041a - - default default] Successfully bumped revision number for resource d34ea5b3-c0eb-4e0b-8920-63641feb03c7 (type: ports) to 1
2026-07-10 01:00:05.320 9 INFO neutron.db.ovn_revision_numbers_db [None req-86a4be55-df65-4c46-8458-bfcacbe7f0e0 31153e03e6184489906c0c2be31f628c 7b96b3e5d20546e0b4cfc6431f41041a - - default default] Successfully bumped revision number for resource 812c71f0-30f2-48ee-bea3-6c7c733e0077 (type: networks) to 1
2026-07-10 01:00:05.765 9 WARNING neutron.scheduler.dhcp_agent_scheduler [None req-86a4be55-df65-4c46-8458-bfcacbe7f0e0 31153e03e6184489906c0c2be31f628c 7b96b3e5d20546e0b4cfc6431f41041a - - default default] No more DHCP agents
