2026-07-10 01:01:42.200 9 INFO neutron.db.ovn_revision_numbers_db [req-4297a655-3433-433a-bd2a-e34dfc024b02 req-65a2ba8e-d94f-42b3-9980-388cd57baaf4 4a924671abaf462ca3d1f222c8adacc3 0cea5b52854c4e668724328acc92db2b - - 95a8e68532af41d59ccacdfea55f3868 95a8e68532af41d59ccacdfea55f3868] Successfully bumped revision number for resource 59e27d38-04e8-43f6-8f2e-831e48a5ca3d (type: ports) to 2 /var/lib/openstack/lib/python3.10/site-packages/pycadf/identifier.py:71: UserWarning: Invalid uuid: neutron. To ensure interoperability, identifiers should be a valid uuid. warnings.warn(('Invalid uuid: %s. To ensure interoperability, '
2026-07-10 01:01:42.305 10 INFO neutron.db.ovn_revision_numbers_db [None req-2dd7f87b-d4cc-4c60-bb8b-cb330b4287d3 3500c40804084082b6bdc0fb48997412 fdac2f3dbc654083addbdf83f9858695 - - default default] Successfully bumped revision number for resource 95e40189-40c1-488f-a564-0b82de2db0a9 (type: networks) to 1
2026-07-10 01:01:42.311 9 INFO neutron.wsgi [req-0cf4cabc-b177-4eae-9ac1-1e07e274a4fb req-7d0eb568-534b-4b79-a82c-aebe84d9c000 c906ed74111d4cefab50694fbe33fe5d 8075469978de41dc8723370515430f23 - - default default] 10.0.0.27 "GET /v2.0/ports?device_id=f92c33c4-c054-4402-8b26-9a2d417148b9 HTTP/1.1" status: 200 len: 1208 time: 0.0586267
2026-07-10 01:01:42.422 9 INFO neutron.wsgi [req-0cf4cabc-b177-4eae-9ac1-1e07e274a4fb req-77e60050-c047-464b-8e8b-ca5466f9ffb6 c906ed74111d4cefab50694fbe33fe5d 8075469978de41dc8723370515430f23 - - default default] 10.0.0.27 "GET /v2.0/security-groups?id=663e5af1-e8d8-43a1-9533-0a935e786568&id=08e0be3f-b9bf-488f-9228-3672c2f06919&fields=id&fields=name HTTP/1.1" status: 200 len: 405 time: 0.1050694
2026-07-10 01:01:42.508 10 WARNING neutron.scheduler.dhcp_agent_scheduler [None req-2dd7f87b-d4cc-4c60-bb8b-cb330b4287d3 3500c40804084082b6bdc0fb48997412 fdac2f3dbc654083addbdf83f9858695 - - default default] No more DHCP agents
2026-07-10 01:01:42.510 10 WARNING neutron.api.rpc.agentnotifiers.dhcp_rpc_agent_api [None req-2dd7f87b-d4cc-4c60-bb8b-cb330b4287d3 3500c40804084082b6bdc0fb48997412 fdac2f3dbc654083addbdf83f9858695 - - default default] Unable to schedule network 95e40189-40c1-488f-a564-0b82de2db0a9: no agents available; will retry on subsequent port and subnet creation events.
2026-07-10 01:01:42.518 10 INFO neutron.wsgi [-] 10.0.0.162 "GET / HTTP/1.1" status: 200 len: 246 time: 0.0017586
2026-07-10 01:01:42.520 10 INFO neutron.wsgi [-] 10.0.0.162 "GET / HTTP/1.1" status: 200 len: 246 time: 0.0012956
2026-07-10 01:01:42.547 9 INFO neutron.db.ovn_revision_numbers_db [req-4297a655-3433-433a-bd2a-e34dfc024b02 req-65a2ba8e-d94f-42b3-9980-388cd57baaf4 4a924671abaf462ca3d1f222c8adacc3 0cea5b52854c4e668724328acc92db2b - - 95a8e68532af41d59ccacdfea55f3868 95a8e68532af41d59ccacdfea55f3868] Successfully bumped revision number for resource 59e27d38-04e8-43f6-8f2e-831e48a5ca3d (type: ports) to 2
2026-07-10 01:01:42.571 9 INFO neutron.wsgi [req-4297a655-3433-433a-bd2a-e34dfc024b02 req-65a2ba8e-d94f-42b3-9980-388cd57baaf4 4a924671abaf462ca3d1f222c8adacc3 0cea5b52854c4e668724328acc92db2b - - 95a8e68532af41d59ccacdfea55f3868 95a8e68532af41d59ccacdfea55f3868] 199.204.45.205 "PUT /v2.0/ports/59e27d38-04e8-43f6-8f2e-831e48a5ca3d HTTP/1.1" status: 200 len: 1415 time: 0.9391634
2026-07-10 01:01:42.609 10 INFO neutron.db.ovn_revision_numbers_db [None req-2dd7f87b-d4cc-4c60-bb8b-cb330b4287d3 3500c40804084082b6bdc0fb48997412 fdac2f3dbc654083addbdf83f9858695 - - default default] Successfully bumped revision number for resource 805c394b-e9be-438d-b6d6-9fd91d7d718e (type: ports) to 1 /var/lib/openstack/lib/python3.10/site-packages/pycadf/identifier.py:71: UserWarning: Invalid uuid: neutron. To ensure interoperability, identifiers should be a valid uuid. warnings.warn(('Invalid uuid: %s. To ensure interoperability, '
2026-07-10 01:01:42.627 9 INFO neutron.notifiers.nova [-] Nova event matching ['req-53a18971-fc05-45cc-80da-3b488f881aa6'] response: {'name': 'network-changed', 'server_uuid': 'f92c33c4-c054-4402-8b26-9a2d417148b9', 'tag': '59e27d38-04e8-43f6-8f2e-831e48a5ca3d', 'status': 'completed', 'code': 200}
2026-07-10 01:01:42.632 10 INFO neutron.wsgi [None req-2dd7f87b-d4cc-4c60-bb8b-cb330b4287d3 3500c40804084082b6bdc0fb48997412 fdac2f3dbc654083addbdf83f9858695 - - default default] 10.0.0.99 "POST /v2.0/networks HTTP/1.1" status: 201 len: 928 time: 0.6817250
2026-07-10 01:01:42.664 9 INFO neutron.wsgi [req-4297a655-3433-433a-bd2a-e34dfc024b02 req-b0d745b8-3b9a-40d9-8fc0-e989a76b8922 4a924671abaf462ca3d1f222c8adacc3 0cea5b52854c4e668724328acc92db2b - - 95a8e68532af41d59ccacdfea55f3868 95a8e68532af41d59ccacdfea55f3868] 199.204.45.205 "GET /v2.0/ports?tenant_id=8075469978de41dc8723370515430f23&device_id=f92c33c4-c054-4402-8b26-9a2d417148b9 HTTP/1.1" status: 200 len: 1446 time: 0.0571589
2026-07-10 01:01:42.703 9 INFO neutron.wsgi [req-4297a655-3433-433a-bd2a-e34dfc024b02 req-a32ad504-af53-4a1e-af82-db455b50b112 4a924671abaf462ca3d1f222c8adacc3 0cea5b52854c4e668724328acc92db2b - - 95a8e68532af41d59ccacdfea55f3868 95a8e68532af41d59ccacdfea55f3868] 199.204.45.205 "GET /v2.0/floatingips?fixed_ip_address=10.100.0.9&port_id=59e27d38-04e8-43f6-8f2e-831e48a5ca3d HTTP/1.1" status: 200 len: 217 time: 0.0342081
2026-07-10 01:01:42.750 9 INFO neutron.wsgi [req-4297a655-3433-433a-bd2a-e34dfc024b02 req-302abd97-df9d-4b5e-99af-e2591dc85175 4a924671abaf462ca3d1f222c8adacc3 0cea5b52854c4e668724328acc92db2b - - 95a8e68532af41d59ccacdfea55f3868 95a8e68532af41d59ccacdfea55f3868] 199.204.45.205 "GET /v2.0/subnets?id=5d6a6a10-6baf-443d-a634-72f6827f4a4e HTTP/1.1" status: 200 len: 865 time: 0.0405750
2026-07-10 01:01:42.775 10 WARNING neutron.scheduler.dhcp_agent_scheduler [None req-85b7014b-2c74-4052-b2b1-eeb88fad8e81 3500c40804084082b6bdc0fb48997412 fdac2f3dbc654083addbdf83f9858695 - - default default] No more DHCP agents
2026-07-10 01:01:42.776 10 WARNING neutron.api.rpc.agentnotifiers.dhcp_rpc_agent_api [None req-85b7014b-2c74-4052-b2b1-eeb88fad8e81 3500c40804084082b6bdc0fb48997412 fdac2f3dbc654083addbdf83f9858695 - - default default] Unable to schedule network 95e40189-40c1-488f-a564-0b82de2db0a9: no agents available; will retry on subsequent port and subnet creation events.
2026-07-10 01:01:42.778 9 INFO neutron.wsgi [req-4297a655-3433-433a-bd2a-e34dfc024b02 req-153d174e-31ac-4f13-8a9f-3a2df10a5691 4a924671abaf462ca3d1f222c8adacc3 0cea5b52854c4e668724328acc92db2b - - 95a8e68532af41d59ccacdfea55f3868 95a8e68532af41d59ccacdfea55f3868] 199.204.45.205 "GET /v2.0/ports?network_id=c2ce6829-09a3-440d-8af3-0d80bf379ce2&device_owner=network%3Adhcp HTTP/1.1" status: 200 len: 210 time: 0.0210674
2026-07-10 01:01:42.859 9 INFO neutron.wsgi [req-4297a655-3433-433a-bd2a-e34dfc024b02 req-bf0bba3e-79b5-4253-bc7c-345a422aafb4 4a924671abaf462ca3d1f222c8adacc3 0cea5b52854c4e668724328acc92db2b - - 95a8e68532af41d59ccacdfea55f3868 95a8e68532af41d59ccacdfea55f3868] 199.204.45.205 "GET /v2.0/networks/c2ce6829-09a3-440d-8af3-0d80bf379ce2?fields=segments HTTP/1.1" status: 200 len: 212 time: 0.0717969
2026-07-10 01:01:42.917 9 INFO neutron.db.ovn_revision_numbers_db [None req-5d12787e-ecf1-4b47-bfa0-dc0176df5f34 13d006712254423898a4b64fbc7ea4f7 f6732b51539040d0a11d16cfe5b1b5d5 - - default default] Successfully bumped revision number for resource edd1fb8d-4127-4782-a103-1180df5a6adb (type: ports) to 2
2026-07-10 01:01:42.931 9 INFO neutron.wsgi [req-4297a655-3433-433a-bd2a-e34dfc024b02 req-e805e636-c083-4d19-a2b9-2368d86f0ef0 4a924671abaf462ca3d1f222c8adacc3 0cea5b52854c4e668724328acc92db2b - - 95a8e68532af41d59ccacdfea55f3868 95a8e68532af41d59ccacdfea55f3868] 199.204.45.205 "GET /v2.0/networks/c2ce6829-09a3-440d-8af3-0d80bf379ce2?fields=provider%3Aphysical_network&fields=provider%3Anetwork_type HTTP/1.1" status: 200 len: 277 time: 0.0669837
2026-07-10 01:01:42.966 9 INFO neutron.db.ovn_revision_numbers_db [None req-5d12787e-ecf1-4b47-bfa0-dc0176df5f34 13d006712254423898a4b64fbc7ea4f7 f6732b51539040d0a11d16cfe5b1b5d5 - - default default] Successfully bumped revision number for resource 1d054962-e495-49d3-a55b-7daf6068f7db (type: subnets) to 0
2026-07-10 01:01:43.001 9 INFO neutron.wsgi [None req-5d12787e-ecf1-4b47-bfa0-dc0176df5f34 13d006712254423898a4b64fbc7ea4f7 f6732b51539040d0a11d16cfe5b1b5d5 - - default default] 10.0.0.99 "POST /v2.0/subnets HTTP/1.1" status: 201 len: 804 time: 1.1991537
2026-07-10 01:01:43.062 9 INFO neutron.wsgi [req-9d39f54f-4829-4aaf-8d15-d3b892879e7a req-caacbbc3-1805-44a7-9983-d63154430d17 4a924671abaf462ca3d1f222c8adacc3 0cea5b52854c4e668724328acc92db2b - - 95a8e68532af41d59ccacdfea55f3868 95a8e68532af41d59ccacdfea55f3868] 199.204.45.205 "GET /v2.0/ports?tenant_id=8075469978de41dc8723370515430f23&device_id=f92c33c4-c054-4402-8b26-9a2d417148b9 HTTP/1.1" status: 200 len: 1446 time: 0.0748253
2026-07-10 01:01:43.106 9 INFO neutron.wsgi [None req-34885d6d-f97f-45b7-958e-72623ad2fb71 13d006712254423898a4b64fbc7ea4f7 f6732b51539040d0a11d16cfe5b1b5d5 - - default default] 10.0.0.99 "PUT /v2.0/subnets/4614cb3b-6785-4af5-badb-555f4fb71854/tags HTTP/1.1" status: 200 len: 210 time: 0.0931139
2026-07-10 01:01:43.155 9 INFO neutron.wsgi [req-9d39f54f-4829-4aaf-8d15-d3b892879e7a req-ca8798e3-88fc-413d-a14b-3bad9d7021ea 4a924671abaf462ca3d1f222c8adacc3 0cea5b52854c4e668724328acc92db2b - - 95a8e68532af41d59ccacdfea55f3868 95a8e68532af41d59ccacdfea55f3868] 199.204.45.205 "GET /v2.0/networks?id=c2ce6829-09a3-440d-8af3-0d80bf379ce2 HTTP/1.1" status: 200 len: 970 time: 0.0827582
2026-07-10 01:01:43.186 9 INFO neutron.wsgi [req-9d39f54f-4829-4aaf-8d15-d3b892879e7a req-a636ac16-c83f-496a-9a3e-ccabcdab619a 4a924671abaf462ca3d1f222c8adacc3 0cea5b52854c4e668724328acc92db2b - - 95a8e68532af41d59ccacdfea55f3868 95a8e68532af41d59ccacdfea55f3868] 199.204.45.205 "GET /v2.0/floatingips?fixed_ip_address=10.100.0.9&port_id=59e27d38-04e8-43f6-8f2e-831e48a5ca3d HTTP/1.1" status: 200 len: 217 time: 0.0233800
2026-07-10 01:01:43.188 9 INFO neutron.wsgi [None req-eddc746b-8032-4c71-a6bd-b9b30531c203 13d006712254423898a4b64fbc7ea4f7 f6732b51539040d0a11d16cfe5b1b5d5 - - default default] 10.0.0.99 "PUT /v2.0/subnets/888d6a1c-c978-4830-919c-bb3f74b506d1/tags HTTP/1.1" status: 200 len: 218 time: 0.0784273
2026-07-10 01:01:43.231 9 INFO neutron.wsgi [req-9d39f54f-4829-4aaf-8d15-d3b892879e7a req-69348a5c-7f22-40fa-a7f2-d574bbd35754 4a924671abaf462ca3d1f222c8adacc3 0cea5b52854c4e668724328acc92db2b - - 95a8e68532af41d59ccacdfea55f3868 95a8e68532af41d59ccacdfea55f3868] 199.204.45.205 "GET /v2.0/subnets?id=5d6a6a10-6baf-443d-a634-72f6827f4a4e HTTP/1.1" status: 200 len: 865 time: 0.0389364
2026-07-10 01:01:43.262 9 INFO neutron.wsgi [req-9d39f54f-4829-4aaf-8d15-d3b892879e7a req-247d849e-e92e-45cf-837d-0c0c41827762 4a924671abaf462ca3d1f222c8adacc3 0cea5b52854c4e668724328acc92db2b - - 95a8e68532af41d59ccacdfea55f3868 95a8e68532af41d59ccacdfea55f3868] 199.204.45.205 "GET /v2.0/ports?network_id=c2ce6829-09a3-440d-8af3-0d80bf379ce2&device_owner=network%3Adhcp HTTP/1.1" status: 200 len: 210 time: 0.0241423
2026-07-10 01:01:43.297 9 INFO neutron.wsgi [None req-b8253203-44f3-4118-9b88-737f41e25e7c 13d006712254423898a4b64fbc7ea4f7 f6732b51539040d0a11d16cfe5b1b5d5 - - default default] 10.0.0.99 "PUT /v2.0/subnets/6da0d7cd-4e64-4709-a5a6-765bf98adb3a/tags HTTP/1.1" status: 200 len: 227 time: 0.0962076
2026-07-10 01:01:43.343 9 INFO neutron.wsgi [req-9d39f54f-4829-4aaf-8d15-d3b892879e7a req-acd52692-245f-45ea-9af7-5d5b4695a2b7 4a924671abaf462ca3d1f222c8adacc3 0cea5b52854c4e668724328acc92db2b - - 95a8e68532af41d59ccacdfea55f3868 95a8e68532af41d59ccacdfea55f3868] 199.204.45.205 "GET /v2.0/networks/c2ce6829-09a3-440d-8af3-0d80bf379ce2?fields=segments HTTP/1.1" status: 200 len: 212 time: 0.0744767
2026-07-10 01:01:43.393 9 INFO neutron.wsgi [None req-1603e9dd-10cb-43db-8629-46bfe2c83671 13d006712254423898a4b64fbc7ea4f7 f6732b51539040d0a11d16cfe5b1b5d5 - - default default] 10.0.0.99 "PUT /v2.0/subnets/ff2adbaf-52ba-4ba0-9df4-abe57d73a687/tags HTTP/1.1" status: 200 len: 212 time: 0.0895519
2026-07-10 01:01:43.441 10 INFO neutron.wsgi [req-f7467d89-49d4-49b0-9e29-e57676b8dbe2 req-9e033f36-5dcf-48c6-8777-54adff95a32d 4a924671abaf462ca3d1f222c8adacc3 0cea5b52854c4e668724328acc92db2b - - 95a8e68532af41d59ccacdfea55f3868 95a8e68532af41d59ccacdfea55f3868] 199.204.45.205 "GET /v2.0/ports?device_id=f92c33c4-c054-4402-8b26-9a2d417148b9 HTTP/1.1" status: 200 len: 1446 time: 0.3204169
2026-07-10 01:01:43.456 9 INFO neutron.wsgi [req-9d39f54f-4829-4aaf-8d15-d3b892879e7a req-2402c071-cc8d-4bda-b8bd-9127900eee34 4a924671abaf462ca3d1f222c8adacc3 0cea5b52854c4e668724328acc92db2b - - 95a8e68532af41d59ccacdfea55f3868 95a8e68532af41d59ccacdfea55f3868] 199.204.45.205 "GET /v2.0/networks/c2ce6829-09a3-440d-8af3-0d80bf379ce2?fields=provider%3Aphysical_network&fields=provider%3Anetwork_type HTTP/1.1" status: 200 len: 277 time: 0.1063714
2026-07-10 01:01:43.471 9 INFO neutron.wsgi [None req-a45e6ce5-ec81-428c-b872-362c66140928 13d006712254423898a4b64fbc7ea4f7 f6732b51539040d0a11d16cfe5b1b5d5 - - default default] 10.0.0.99 "GET /v2.0/subnets?tags=red HTTP/1.1" status: 200 len: 2027 time: 0.0708485
2026-07-10 01:01:43.528 10 INFO neutron.wsgi [req-f7467d89-49d4-49b0-9e29-e57676b8dbe2 req-716524b4-543c-4651-a261-c9b687568d07 4a924671abaf462ca3d1f222c8adacc3 0cea5b52854c4e668724328acc92db2b - - 95a8e68532af41d59ccacdfea55f3868 95a8e68532af41d59ccacdfea55f3868] 199.204.45.205 "GET /v2.0/security-groups?id=08e0be3f-b9bf-488f-9228-3672c2f06919&id=663e5af1-e8d8-43a1-9533-0a935e786568&fields=id&fields=name HTTP/1.1" status: 200 len: 405 time: 0.0807202
2026-07-10 01:01:43.563 9 INFO neutron.wsgi [None req-23e78a24-8ad9-484d-aa53-e4dfba9a47eb 13d006712254423898a4b64fbc7ea4f7 f6732b51539040d0a11d16cfe5b1b5d5 - - default default] 10.0.0.99 "GET /v2.0/subnets?tags=red%2Cblue HTTP/1.1" status: 200 len: 1430 time: 0.0786746
2026-07-10 01:01:43.589 9 INFO neutron.wsgi [req-612c2418-4d70-442e-b4c1-5235d11e8f05 req-cc50f02a-4988-4b37-998e-65753a3362e1 c906ed74111d4cefab50694fbe33fe5d 8075469978de41dc8723370515430f23 - - default default] 10.0.0.27 "GET /v2.0/ports?device_id=f92c33c4-c054-4402-8b26-9a2d417148b9 HTTP/1.1" status: 200 len: 1208 time: 0.0921292
2026-07-10 01:01:43.653 9 INFO neutron.plugins.ml2.drivers.ovn.mech_driver.mech_driver [None req-d0b11067-93fc-4619-b573-f0f8e2ce51cc - - - - - -] OVN reports status up for port: 59e27d38-04e8-43f6-8f2e-831e48a5ca3d
2026-07-10 01:01:43.664 10 INFO neutron.wsgi [None req-61fcc3d4-01f4-4b11-abd8-ba923a3b6ea6 13d006712254423898a4b64fbc7ea4f7 f6732b51539040d0a11d16cfe5b1b5d5 - - default default] 10.0.0.99 "GET /v2.0/subnets?tags-any=blue HTTP/1.1" status: 200 len: 1430 time: 0.0841680
2026-07-10 01:01:43.667 9 INFO neutron.wsgi [req-612c2418-4d70-442e-b4c1-5235d11e8f05 req-9c4a5790-6792-4949-80c5-e9fb200f7c01 c906ed74111d4cefab50694fbe33fe5d 8075469978de41dc8723370515430f23 - - default default] 10.0.0.27 "GET /v2.0/security-groups?id=663e5af1-e8d8-43a1-9533-0a935e786568&id=08e0be3f-b9bf-488f-9228-3672c2f06919&fields=id&fields=name HTTP/1.1" status: 200 len: 405 time: 0.0724740
2026-07-10 01:01:43.738 10 INFO neutron.db.ovn_revision_numbers_db [None req-f35b97d7-bc7a-4e43-9153-2788d403eeb0 fdcfe6efecc7496ca17a5b8c015822be 516d52bf26fe48e4868e535fbc418f23 - - default default] Successfully bumped revision number for resource 93399305-e607-4ed6-b1d6-17646ca7a9e5 (type: security_groups) to 1
2026-07-10 01:01:43.756 10 INFO neutron.db.ovn_revision_numbers_db [None req-f35b97d7-bc7a-4e43-9153-2788d403eeb0 fdcfe6efecc7496ca17a5b8c015822be 516d52bf26fe48e4868e535fbc418f23 - - default default] Successfully bumped revision number for resource 77fb0f4a-3061-4eb4-a151-d2b5c6d78d30 (type: security_group_rules) to 0
2026-07-10 01:01:43.782 10 INFO neutron.db.ovn_revision_numbers_db [None req-f35b97d7-bc7a-4e43-9153-2788d403eeb0 fdcfe6efecc7496ca17a5b8c015822be 516d52bf26fe48e4868e535fbc418f23 - - default default] Successfully bumped revision number for resource 94b4cd1b-5f4a-404b-a04c-755df837422f (type: security_group_rules) to 0
2026-07-10 01:01:43.799 10 INFO neutron.db.ovn_revision_numbers_db [None req-85b7014b-2c74-4052-b2b1-eeb88fad8e81 3500c40804084082b6bdc0fb48997412 fdac2f3dbc654083addbdf83f9858695 - - default default] Successfully bumped revision number for resource 805c394b-e9be-438d-b6d6-9fd91d7d718e (type: ports) to 2
2026-07-10 01:01:43.808 10 INFO neutron.db.ovn_revision_numbers_db [None req-f35b97d7-bc7a-4e43-9153-2788d403eeb0 fdcfe6efecc7496ca17a5b8c015822be 516d52bf26fe48e4868e535fbc418f23 - - default default] Successfully bumped revision number for resource a314d448-557a-4ff2-ba48-e4bcac78a1a2 (type: security_group_rules) to 0
2026-07-10 01:01:43.848 10 INFO neutron.db.ovn_revision_numbers_db [None req-85b7014b-2c74-4052-b2b1-eeb88fad8e81 3500c40804084082b6bdc0fb48997412 fdac2f3dbc654083addbdf83f9858695 - - default default] Successfully bumped revision number for resource 2f000b6e-eac7-42b1-b892-0ca3cdbf0750 (type: subnets) to 0
2026-07-10 01:01:43.854 10 INFO neutron.db.ovn_revision_numbers_db [None req-f35b97d7-bc7a-4e43-9153-2788d403eeb0 fdcfe6efecc7496ca17a5b8c015822be 516d52bf26fe48e4868e535fbc418f23 - - default default] Successfully bumped revision number for resource d10a47c1-a9fb-4562-8e9e-181a16c19213 (type: security_group_rules) to 0
2026-07-10 01:01:43.871 10 INFO neutron.wsgi [None req-85b7014b-2c74-4052-b2b1-eeb88fad8e81 3500c40804084082b6bdc0fb48997412 fdac2f3dbc654083addbdf83f9858695 - - default default] 10.0.0.99 "POST /v2.0/subnets HTTP/1.1" status: 201 len: 822 time: 1.2333145
2026-07-10 01:01:43.877 10 INFO neutron.wsgi [None req-f35b97d7-bc7a-4e43-9153-2788d403eeb0 fdcfe6efecc7496ca17a5b8c015822be 516d52bf26fe48e4868e535fbc418f23 - - default default] 10.0.0.99 "GET /v2.0/security-groups?tenant_id=8577e668583a49e1a1319b422f258955&name=default HTTP/1.1" status: 200 len: 3120 time: 0.8397315
2026-07-10 01:01:43.912 9 INFO neutron.plugins.ml2.plugin [None req-d0b11067-93fc-4619-b573-f0f8e2ce51cc - - - - - -] Attempt 1 to provision port 59e27d38-04e8-43f6-8f2e-831e48a5ca3d
2026-07-10 01:01:43.956 9 INFO neutron.wsgi [None req-9ab98f9a-0ea5-4652-8fde-469f74164ab5 13d006712254423898a4b64fbc7ea4f7 f6732b51539040d0a11d16cfe5b1b5d5 - - default default] 10.0.0.99 "GET /v2.0/subnets?tags-any=red%2Cblue HTTP/1.1" status: 200 len: 2027 time: 0.2806847
2026-07-10 01:01:44.030 9 INFO neutron.wsgi [None req-c7647386-1d0c-4fdd-ba18-c71ce422ff5f 13d006712254423898a4b64fbc7ea4f7 f6732b51539040d0a11d16cfe5b1b5d5 - - default default] 10.0.0.99 "GET /v2.0/subnets?not-tags=red HTTP/1.1" status: 200 len: 2018 time: 0.0678651
2026-07-10 01:01:44.114 9 INFO neutron.wsgi [None req-5eaa64b5-fba9-44db-8b73-3157191a69b7 13d006712254423898a4b64fbc7ea4f7 f6732b51539040d0a11d16cfe5b1b5d5 - - default default] 10.0.0.99 "GET /v2.0/subnets?not-tags=red%2Cblue HTTP/1.1" status: 200 len: 2615 time: 0.0722806
2026-07-10 01:01:44.182 9 INFO neutron.wsgi [None req-9587d262-4939-43a3-904d-b4fa6fc12ce5 13d006712254423898a4b64fbc7ea4f7 f6732b51539040d0a11d16cfe5b1b5d5 - - default default] 10.0.0.99 "GET /v2.0/subnets?not-tags-any=blue HTTP/1.1" status: 200 len: 2615 time: 0.0622172
2026-07-10 01:01:44.272 10 INFO neutron.wsgi [None req-76272215-bb67-4e63-99ad-aed87c9c4bbb 13d006712254423898a4b64fbc7ea4f7 f6732b51539040d0a11d16cfe5b1b5d5 - - default default] 10.0.0.99 "GET /v2.0/subnets?not-tags-any=red%2Cblue HTTP/1.1" status: 200 len: 2018 time: 0.0831432
2026-07-10 01:01:44.301 10 INFO neutron.wsgi [None req-f3996450-1f8b-4098-ba7d-35ae2f08f3d6 fdcfe6efecc7496ca17a5b8c015822be 516d52bf26fe48e4868e535fbc418f23 - - default default] 10.0.0.99 "DELETE /v2.0/security-groups/93399305-e607-4ed6-b1d6-17646ca7a9e5 HTTP/1.1" status: 204 len: 168 time: 0.4089162
2026-07-10 01:01:44.348 9 INFO neutron.db.ovn_revision_numbers_db [None req-d0b11067-93fc-4619-b573-f0f8e2ce51cc - - - - - -] Successfully bumped revision number for resource 59e27d38-04e8-43f6-8f2e-831e48a5ca3d (type: ports) to 4
2026-07-10 01:01:44.370 10 INFO neutron.wsgi [None req-efcac005-faea-41cb-b374-50cfe6e4124e 3500c40804084082b6bdc0fb48997412 fdac2f3dbc654083addbdf83f9858695 - - default default] 10.0.0.99 "POST /v2.0/rbac-policies HTTP/1.1" status: 201 len: 523 time: 0.4893525
2026-07-10 01:01:44.540 9 INFO neutron.wsgi [None req-dba99095-5aac-4531-a581-572353c8c005 13d006712254423898a4b64fbc7ea4f7 f6732b51539040d0a11d16cfe5b1b5d5 - - default default] 10.0.0.99 "DELETE /v2.0/subnets/4614cb3b-6785-4af5-badb-555f4fb71854 HTTP/1.1" status: 204 len: 168 time: 0.2599421
2026-07-10 01:01:44.541 10 INFO neutron.db.ovn_revision_numbers_db [None req-4ed15644-f8fb-4a96-ace4-35eaa8360cc2 fdcfe6efecc7496ca17a5b8c015822be 516d52bf26fe48e4868e535fbc418f23 - - default default] Successfully bumped revision number for resource f663f3b9-e1ee-4e3f-bf88-4e8e05075c40 (type: security_groups) to 1 /var/lib/openstack/lib/python3.10/site-packages/pycadf/identifier.py:71: UserWarning: Invalid uuid: neutron. To ensure interoperability, identifiers should be a valid uuid. warnings.warn(('Invalid uuid: %s. To ensure interoperability, '
2026-07-10 01:01:44.557 10 INFO neutron.db.ovn_revision_numbers_db [None req-4ed15644-f8fb-4a96-ace4-35eaa8360cc2 fdcfe6efecc7496ca17a5b8c015822be 516d52bf26fe48e4868e535fbc418f23 - - default default] Successfully bumped revision number for resource 16664450-eeb7-4b1a-81a1-d84918474aa5 (type: security_group_rules) to 0
2026-07-10 01:01:44.571 10 INFO neutron.db.ovn_revision_numbers_db [None req-4ed15644-f8fb-4a96-ace4-35eaa8360cc2 fdcfe6efecc7496ca17a5b8c015822be 516d52bf26fe48e4868e535fbc418f23 - - default default] Successfully bumped revision number for resource 2b276643-c528-439f-bbe9-aeb6cb9c5b34 (type: security_group_rules) to 0
2026-07-10 01:01:44.596 10 INFO neutron.db.ovn_revision_numbers_db [None req-4ed15644-f8fb-4a96-ace4-35eaa8360cc2 fdcfe6efecc7496ca17a5b8c015822be 516d52bf26fe48e4868e535fbc418f23 - - default default] Successfully bumped revision number for resource ec7a4987-23e3-4ee3-8208-bcd25c54339e (type: security_group_rules) to 0
2026-07-10 01:01:44.615 10 INFO neutron.db.ovn_revision_numbers_db [None req-4ed15644-f8fb-4a96-ace4-35eaa8360cc2 fdcfe6efecc7496ca17a5b8c015822be 516d52bf26fe48e4868e535fbc418f23 - - default default] Successfully bumped revision number for resource ff3f464d-a16b-4143-b69d-2e921d1f2d1e (type: security_group_rules) to 0
2026-07-10 01:01:44.639 10 INFO neutron.wsgi [None req-4ed15644-f8fb-4a96-ace4-35eaa8360cc2 fdcfe6efecc7496ca17a5b8c015822be 516d52bf26fe48e4868e535fbc418f23 - - default default] 10.0.0.99 "GET /v2.0/security-groups?tenant_id=08ce50b42a6e4389bb12b6de356685e5&name=default HTTP/1.1" status: 200 len: 3120 time: 0.2266674
2026-07-10 01:01:44.675 9 INFO neutron.notifiers.nova [-] Nova event matching ['req-b82825cc-2d29-4200-97a5-33850963c565'] response: {'server_uuid': 'f92c33c4-c054-4402-8b26-9a2d417148b9', 'name': 'network-vif-plugged', 'status': 'completed', 'tag': '59e27d38-04e8-43f6-8f2e-831e48a5ca3d', 'code': 200}
2026-07-10 01:01:44.675 9 INFO neutron.notifiers.nova [-] Nova event matching ['req-b82825cc-2d29-4200-97a5-33850963c565'] response: {'server_uuid': 'f92c33c4-c054-4402-8b26-9a2d417148b9', 'name': 'network-vif-plugged', 'status': 'completed', 'tag': '59e27d38-04e8-43f6-8f2e-831e48a5ca3d', 'code': 200}
2026-07-10 01:01:44.802 9 INFO neutron.wsgi [None req-8838ba27-c23f-4c10-a65b-e84c33368569 13d006712254423898a4b64fbc7ea4f7 f6732b51539040d0a11d16cfe5b1b5d5 - - default default] 10.0.0.99 "DELETE /v2.0/subnets/888d6a1c-c978-4830-919c-bb3f74b506d1 HTTP/1.1" status: 204 len: 168 time: 0.2567527
2026-07-10 01:01:44.873 9 INFO neutron.wsgi [req-cb692a33-7be7-47aa-a320-961587fb2974 req-774c9117-dfef-4f1a-be38-f33f0d46c295 c906ed74111d4cefab50694fbe33fe5d 8075469978de41dc8723370515430f23 - - default default] 10.0.0.27 "GET /v2.0/ports?device_id=f92c33c4-c054-4402-8b26-9a2d417148b9 HTTP/1.1" status: 200 len: 1210 time: 0.1298206
2026-07-10 01:01:44.926 9 INFO neutron.wsgi [req-cb692a33-7be7-47aa-a320-961587fb2974 req-df679b6f-1831-4d63-aa3f-4d17a033029a c906ed74111d4cefab50694fbe33fe5d 8075469978de41dc8723370515430f23 - - default default] 10.0.0.27 "GET /v2.0/security-groups?id=663e5af1-e8d8-43a1-9533-0a935e786568&id=08e0be3f-b9bf-488f-9228-3672c2f06919&fields=id&fields=name HTTP/1.1" status: 200 len: 405 time: 0.0472636
2026-07-10 01:01:45.001 10 INFO neutron.wsgi [None req-9ff8474d-6762-46b6-8ba7-a04e9e86f9d1 e65c73b181d94fa796eaacc1d482daf3 4a556ce64c5c48c2be5b9d99846abc46 - - default default] 10.0.0.99 "GET /v2.0/networks/95e40189-40c1-488f-a564-0b82de2db0a9 HTTP/1.1" status: 200 len: 848 time: 0.2381785
2026-07-10 01:01:45.034 10 INFO neutron.wsgi [None req-87583ba3-3108-49cf-bf4a-cb1379f5dbc6 fdcfe6efecc7496ca17a5b8c015822be 516d52bf26fe48e4868e535fbc418f23 - - default default] 10.0.0.99 "DELETE /v2.0/security-groups/f663f3b9-e1ee-4e3f-bf88-4e8e05075c40 HTTP/1.1" status: 204 len: 168 time: 0.3812990
2026-07-10 01:01:45.150 10 INFO neutron.wsgi [None req-af338e6b-519e-4986-bedc-0e2b111a43be 13d006712254423898a4b64fbc7ea4f7 f6732b51539040d0a11d16cfe5b1b5d5 - - default default] 10.0.0.99 "DELETE /v2.0/subnets/6da0d7cd-4e64-4709-a5a6-765bf98adb3a HTTP/1.1" status: 204 len: 168 time: 0.3378181
2026-07-10 01:01:45.350 9 INFO neutron.db.ovn_revision_numbers_db [None req-275b675f-0af9-4cac-8f7f-4b52379d1bc3 fdcfe6efecc7496ca17a5b8c015822be 516d52bf26fe48e4868e535fbc418f23 - - default default] Successfully bumped revision number for resource 7d9b783a-6155-4a6f-a5d0-72c266c251f1 (type: security_groups) to 1
2026-07-10 01:01:45.375 9 INFO neutron.db.ovn_revision_numbers_db [None req-275b675f-0af9-4cac-8f7f-4b52379d1bc3 fdcfe6efecc7496ca17a5b8c015822be 516d52bf26fe48e4868e535fbc418f23 - - default default] Successfully bumped revision number for resource 5c056530-b40f-4d33-bbf5-8ff445a38c4a (type: security_group_rules) to 0
2026-07-10 01:01:45.393 9 INFO neutron.db.ovn_revision_numbers_db [None req-275b675f-0af9-4cac-8f7f-4b52379d1bc3 fdcfe6efecc7496ca17a5b8c015822be 516d52bf26fe48e4868e535fbc418f23 - - default default] Successfully bumped revision number for resource 791b1b5b-a0bc-4959-8867-7c1ae01c3893 (type: security_group_rules) to 0
2026-07-10 01:01:45.412 9 INFO neutron.db.ovn_revision_numbers_db [None req-275b675f-0af9-4cac-8f7f-4b52379d1bc3 fdcfe6efecc7496ca17a5b8c015822be 516d52bf26fe48e4868e535fbc418f23 - - default default] Successfully bumped revision number for resource 8ad5b4cb-bd13-49e9-b16a-4c62ccedaee2 (type: security_group_rules) to 0
2026-07-10 01:01:45.428 9 INFO neutron.db.ovn_revision_numbers_db [None req-275b675f-0af9-4cac-8f7f-4b52379d1bc3 fdcfe6efecc7496ca17a5b8c015822be 516d52bf26fe48e4868e535fbc418f23 - - default default] Successfully bumped revision number for resource d32ed802-74dc-4daa-991e-e40c66749b91 (type: security_group_rules) to 0
2026-07-10 01:01:45.436 10 INFO neutron.wsgi [None req-71e65d6a-dc75-458f-86f5-40825ba34b16 13d006712254423898a4b64fbc7ea4f7 f6732b51539040d0a11d16cfe5b1b5d5 - - default default] 10.0.0.99 "DELETE /v2.0/subnets/ff2adbaf-52ba-4ba0-9df4-abe57d73a687 HTTP/1.1" status: 204 len: 168 time: 0.2762818
2026-07-10 01:01:45.468 9 INFO neutron.wsgi [None req-275b675f-0af9-4cac-8f7f-4b52379d1bc3 fdcfe6efecc7496ca17a5b8c015822be 516d52bf26fe48e4868e535fbc418f23 - - default default] 10.0.0.99 "GET /v2.0/security-groups?tenant_id=5a9c109cc79b4d91b6be0351d9a2fbfc&name=default HTTP/1.1" status: 200 len: 3120 time: 0.2601464
2026-07-10 01:01:45.520 10 INFO neutron.pecan_wsgi.hooks.translation [None req-c85a6a76-e3a1-43fd-9c27-c82748bdcf78 d46cee72177d4fdebbd0b4396e72767d 6ab205fbd58e4ce3a6dfbeb7649ecd58 - - default default] GET failed (client error): The resource could not be found.
2026-07-10 01:01:45.523 10 INFO neutron.wsgi [None req-c85a6a76-e3a1-43fd-9c27-c82748bdcf78 d46cee72177d4fdebbd0b4396e72767d 6ab205fbd58e4ce3a6dfbeb7649ecd58 - - default default] 10.0.0.99 "GET /v2.0/networks/95e40189-40c1-488f-a564-0b82de2db0a9 HTTP/1.1" status: 404 len: 339 time: 0.1349998
2026-07-10 01:01:45.679 9 INFO neutron.wsgi [None req-a9f0cd28-21e4-45c2-bbae-40a7356fdad7 13d006712254423898a4b64fbc7ea4f7 f6732b51539040d0a11d16cfe5b1b5d5 - - default default] 10.0.0.99 "DELETE /v2.0/subnets/1d054962-e495-49d3-a55b-7daf6068f7db HTTP/1.1" status: 204 len: 168 time: 0.2371693
2026-07-10 01:01:45.811 10 INFO neutron.wsgi [None req-89e9819e-cf1b-4c8f-a8be-994c31e2831f fdcfe6efecc7496ca17a5b8c015822be 516d52bf26fe48e4868e535fbc418f23 - - default default] 10.0.0.99 "DELETE /v2.0/security-groups/7d9b783a-6155-4a6f-a5d0-72c266c251f1 HTTP/1.1" status: 204 len: 168 time: 0.3364930
2026-07-10 01:01:46.088 9 INFO neutron.services.segments.plugin [-] Segment 4d7778a0-9f04-48e8-96c3-72080343c0dc resource provider aggregate not found
2026-07-10 01:01:46.098 9 INFO neutron.services.segments.plugin [-] Segment 4d7778a0-9f04-48e8-96c3-72080343c0dc resource provider aggregate not found
2026-07-10 01:01:46.105 9 INFO neutron.services.segments.plugin [-] Segment 4d7778a0-9f04-48e8-96c3-72080343c0dc resource provider not found; error: Placement Client Error (4xx): {"errors": [{"status": 404, "title": "Not Found", "detail": "The resource could not be found.\n\n No resource provider with uuid 4d7778a0-9f04-48e8-96c3-72080343c0dc found for delete ", "request_id": "req-22cb9e8f-ddd9-4e9f-92c8-ad33b57e79f5"}]}
2026-07-10 01:01:46.118 9 INFO neutron.wsgi [req-19ca88a7-b5d7-4556-840a-d87087229f5d req-8e55357d-a710-436c-ae15-244e586352a7 c906ed74111d4cefab50694fbe33fe5d 8075469978de41dc8723370515430f23 - - default default] 10.0.0.27 "GET /v2.0/ports?device_id=f92c33c4-c054-4402-8b26-9a2d417148b9 HTTP/1.1" status: 200 len: 1210 time: 0.0921142
2026-07-10 01:01:46.120 9 INFO neutron.services.segments.plugin [-] Segment 4d7778a0-9f04-48e8-96c3-72080343c0dc resource provider not found; error: Placement Client Error (4xx): {"errors": [{"status": 404, "title": "Not Found", "detail": "The resource could not be found.\n\n No resource provider with uuid 4d7778a0-9f04-48e8-96c3-72080343c0dc found for delete ", "request_id": "req-31f825eb-b525-4aa7-9749-69796f4d7206"}]}
2026-07-10 01:01:46.140 9 INFO neutron.wsgi [None req-8e01989e-2678-45b1-9c59-37f8d96e5b19 13d006712254423898a4b64fbc7ea4f7 f6732b51539040d0a11d16cfe5b1b5d5 - - default default] 10.0.0.99 "DELETE /v2.0/networks/f4c438ac-e80d-4259-b649-d55d051cb923 HTTP/1.1" status: 204 len: 168 time: 0.4551542
2026-07-10 01:01:46.173 9 INFO neutron.wsgi [req-19ca88a7-b5d7-4556-840a-d87087229f5d req-79d15598-0e6f-40a6-b52a-ee39c9832470 c906ed74111d4cefab50694fbe33fe5d 8075469978de41dc8723370515430f23 - - default default] 10.0.0.27 "GET /v2.0/security-groups?id=663e5af1-e8d8-43a1-9533-0a935e786568&id=08e0be3f-b9bf-488f-9228-3672c2f06919&fields=id&fields=name HTTP/1.1" status: 200 len: 405 time: 0.0496476
2026-07-10 01:01:46.239 10 INFO neutron.services.segments.plugin [-] Segment 6045ac27-dce7-47d2-9816-ac714c84a784 resource provider aggregate not found
2026-07-10 01:01:46.243 10 INFO neutron.services.segments.plugin [-] Segment 6045ac27-dce7-47d2-9816-ac714c84a784 resource provider aggregate not found
2026-07-10 01:01:46.265 10 INFO neutron.services.segments.plugin [-] Segment 6045ac27-dce7-47d2-9816-ac714c84a784 resource provider not found; error: Placement Client Error (4xx): {"errors": [{"status": 404, "title": "Not Found", "detail": "The resource could not be found.\n\n No resource provider with uuid 6045ac27-dce7-47d2-9816-ac714c84a784 found for delete ", "request_id": "req-6098cf69-0736-4f90-af5a-76df1fe2337b"}]}
2026-07-10 01:01:46.266 10 INFO neutron.services.segments.plugin [-] Segment 6045ac27-dce7-47d2-9816-ac714c84a784 resource provider not found; error: Placement Client Error (4xx): {"errors": [{"status": 404, "title": "Not Found", "detail": "The resource could not be found.\n\n No resource provider with uuid 6045ac27-dce7-47d2-9816-ac714c84a784 found for delete ", "request_id": "req-58df305a-7029-4e91-a733-520ab0d249c7"}]}
2026-07-10 01:01:46.289 10 INFO neutron.wsgi [None req-e415d609-57ae-4409-a016-dc9e34828d2c 3500c40804084082b6bdc0fb48997412 fdac2f3dbc654083addbdf83f9858695 - - default default] 10.0.0.99 "DELETE /v2.0/networks/95e40189-40c1-488f-a564-0b82de2db0a9 HTTP/1.1" status: 204 len: 168 time: 0.7605319
2026-07-10 01:01:46.314 10 INFO neutron.pecan_wsgi.hooks.translation [None req-373c31ae-a535-4ef2-9fb9-aaceecb213ee 3500c40804084082b6bdc0fb48997412 fdac2f3dbc654083addbdf83f9858695 - - default default] DELETE failed (client error): The resource could not be found.
2026-07-10 01:01:46.316 9 INFO neutron.wsgi [req-b89597c4-33bc-43b6-91be-d7d286e52b72 req-3449ddcb-28e0-45af-a0eb-83a484bd42e0 c906ed74111d4cefab50694fbe33fe5d 8075469978de41dc8723370515430f23 - - default default] 10.0.0.27 "GET /v2.0/ports?device_id=f92c33c4-c054-4402-8b26-9a2d417148b9 HTTP/1.1" status: 200 len: 1210 time: 0.0556874
2026-07-10 01:01:46.317 10 INFO neutron.wsgi [None req-373c31ae-a535-4ef2-9fb9-aaceecb213ee 3500c40804084082b6bdc0fb48997412 fdac2f3dbc654083addbdf83f9858695 - - default default] 10.0.0.99 "DELETE /v2.0/subnets/198bf2d1-2afa-49f9-9761-529ec7ad33e0 HTTP/1.1" status: 404 len: 337 time: 0.0203111
2026-07-10 01:01:46.360 9 INFO neutron.pecan_wsgi.hooks.translation [None req-292fd2ba-ef28-40d7-8344-63ba6f3e8321 3500c40804084082b6bdc0fb48997412 fdac2f3dbc654083addbdf83f9858695 - - default default] DELETE failed (client error): The resource could not be found.
2026-07-10 01:01:46.363 9 INFO neutron.wsgi [None req-292fd2ba-ef28-40d7-8344-63ba6f3e8321 3500c40804084082b6bdc0fb48997412 fdac2f3dbc654083addbdf83f9858695 - - default default] 10.0.0.99 "DELETE /v2.0/subnets/be27806f-71fc-4eee-81ee-f4bee42de6f1 HTTP/1.1" status: 404 len: 337 time: 0.0399387
2026-07-10 01:01:46.389 10 INFO neutron.pecan_wsgi.hooks.translation [None req-29336220-73f4-4b4f-ba3c-9d7899abd1a8 3500c40804084082b6bdc0fb48997412 fdac2f3dbc654083addbdf83f9858695 - - default default] DELETE failed (client error): The resource could not be found.
2026-07-10 01:01:46.393 10 INFO neutron.wsgi [None req-29336220-73f4-4b4f-ba3c-9d7899abd1a8 3500c40804084082b6bdc0fb48997412 fdac2f3dbc654083addbdf83f9858695 - - default default] 10.0.0.99 "DELETE /v2.0/subnets/2f000b6e-eac7-42b1-b892-0ca3cdbf0750 HTTP/1.1" status: 404 len: 337 time: 0.0258994
2026-07-10 01:01:46.654 10 INFO neutron.wsgi [None req-fc05611f-6998-4dc6-a76b-44e25b0d8636 13d006712254423898a4b64fbc7ea4f7 f6732b51539040d0a11d16cfe5b1b5d5 - - default default] 10.0.0.99 "DELETE /v2.0/networks/06bcf474-fecd-4159-8b05-8a94c4c6a1b1 HTTP/1.1" status: 204 len: 168 time: 0.5071478
2026-07-10 01:01:47.134 10 INFO neutron.wsgi [None req-3125b345-7244-4fbf-97ff-958f9b3ab219 13d006712254423898a4b64fbc7ea4f7 f6732b51539040d0a11d16cfe5b1b5d5 - - default default] 10.0.0.99 "DELETE /v2.0/networks/389be6a4-616b-4880-a4fa-c1badaae8116 HTTP/1.1" status: 204 len: 168 time: 0.4693174 /var/lib/openstack/lib/python3.10/site-packages/pycadf/identifier.py:71: UserWarning: Invalid uuid: neutron. To ensure interoperability, identifiers should be a valid uuid. warnings.warn(('Invalid uuid: %s. To ensure interoperability, '
2026-07-10 01:01:47.321 9 INFO neutron.db.ovn_revision_numbers_db [None req-397e2939-de9b-43c3-9690-88e2c1953cbe c906ed74111d4cefab50694fbe33fe5d 8075469978de41dc8723370515430f23 - - default default] Successfully bumped revision number for resource eb7ae19f-a802-48dd-8cc1-063fe96453a0 (type: floatingips) to 1
2026-07-10 01:01:47.441 10 INFO neutron.wsgi [None req-d762f644-a1ff-47f9-a27a-b8473f4b56c4 fdcfe6efecc7496ca17a5b8c015822be 516d52bf26fe48e4868e535fbc418f23 - - default default] 10.0.0.252 "GET /v2.0/floatingips HTTP/1.1" status: 200 len: 1033 time: 0.1820290
2026-07-10 01:01:47.463 9 INFO neutron.db.ovn_revision_numbers_db [None req-397e2939-de9b-43c3-9690-88e2c1953cbe c906ed74111d4cefab50694fbe33fe5d 8075469978de41dc8723370515430f23 - - default default] Successfully bumped revision number for resource eb7ae19f-a802-48dd-8cc1-063fe96453a0 (type: floatingips) to 2
2026-07-10 01:01:47.464 9 INFO neutron.db.l3_db [None req-397e2939-de9b-43c3-9690-88e2c1953cbe c906ed74111d4cefab50694fbe33fe5d 8075469978de41dc8723370515430f23 - - default default] Floating IP eb7ae19f-a802-48dd-8cc1-063fe96453a0 associated. External IP: 10.96.250.210, port: 59e27d38-04e8-43f6-8f2e-831e48a5ca3d.
2026-07-10 01:01:47.497 9 INFO neutron.wsgi [None req-397e2939-de9b-43c3-9690-88e2c1953cbe c906ed74111d4cefab50694fbe33fe5d 8075469978de41dc8723370515430f23 - - default default] 10.0.0.99 "PUT /v2.0/floatingips/eb7ae19f-a802-48dd-8cc1-063fe96453a0 HTTP/1.1" status: 200 len: 1049 time: 1.1660180
2026-07-10 01:01:47.537 9 INFO neutron.notifiers.nova [-] Nova event matching ['req-7c8c5676-27a3-4060-83f6-28b9318ab4d6'] response: {'name': 'network-changed', 'server_uuid': 'f92c33c4-c054-4402-8b26-9a2d417148b9', 'tag': '59e27d38-04e8-43f6-8f2e-831e48a5ca3d', 'status': 'completed', 'code': 200}
2026-07-10 01:01:47.865 10 INFO neutron.wsgi [req-937ab03b-c722-40d7-8846-d0eff787f53d req-92cca3b2-e1f7-4544-b978-606082b8b491 4a924671abaf462ca3d1f222c8adacc3 0cea5b52854c4e668724328acc92db2b - - 95a8e68532af41d59ccacdfea55f3868 95a8e68532af41d59ccacdfea55f3868] 199.204.45.205 "GET /v2.0/ports?tenant_id=8075469978de41dc8723370515430f23&device_id=f92c33c4-c054-4402-8b26-9a2d417148b9 HTTP/1.1" status: 200 len: 1448 time: 0.0794568
2026-07-10 01:01:47.899 10 INFO neutron.db.ovn_revision_numbers_db [None req-3a669ed3-75a3-4491-9dfc-ffd15778f5e9 fdcfe6efecc7496ca17a5b8c015822be 516d52bf26fe48e4868e535fbc418f23 - - default default] Successfully bumped revision number for resource c9600cf8-2b33-442a-858a-3c72d3001d89 (type: security_groups) to 1
2026-07-10 01:01:47.914 10 INFO neutron.wsgi [None req-7bf6e8db-db63-4ddd-838d-5a1da449cf02 fdcfe6efecc7496ca17a5b8c015822be 516d52bf26fe48e4868e535fbc418f23 - - default default] 10.0.0.252 "GET /v2.0/networks HTTP/1.1" status: 200 len: 5278 time: 0.4547811
2026-07-10 01:01:47.982 10 INFO neutron.db.ovn_revision_numbers_db [None req-3a669ed3-75a3-4491-9dfc-ffd15778f5e9 fdcfe6efecc7496ca17a5b8c015822be 516d52bf26fe48e4868e535fbc418f23 - - default default] Successfully bumped revision number for resource 33ab9c14-36c4-49af-9638-e785d4b664af (type: security_group_rules) to 0
2026-07-10 01:01:48.066 10 INFO neutron.wsgi [None req-4227eaff-897c-4532-a248-7de2b1e65c43 fdcfe6efecc7496ca17a5b8c015822be 516d52bf26fe48e4868e535fbc418f23 - - default default] 10.0.0.252 "GET /v2.0/ports HTTP/1.1" status: 200 len: 14909 time: 0.1410279
2026-07-10 01:01:48.072 10 INFO neutron.db.ovn_revision_numbers_db [None req-3a669ed3-75a3-4491-9dfc-ffd15778f5e9 fdcfe6efecc7496ca17a5b8c015822be 516d52bf26fe48e4868e535fbc418f23 - - default default] Successfully bumped revision number for resource 3bb2fe40-00f1-4bc0-abb3-be55750fc26a (type: security_group_rules) to 0
2026-07-10 01:01:48.097 10 INFO neutron.wsgi [req-937ab03b-c722-40d7-8846-d0eff787f53d req-e5f45f9d-bc4a-4eb3-b2f5-8549d28eba38 4a924671abaf462ca3d1f222c8adacc3 0cea5b52854c4e668724328acc92db2b - - 95a8e68532af41d59ccacdfea55f3868 95a8e68532af41d59ccacdfea55f3868] 199.204.45.205 "GET /v2.0/networks?id=c2ce6829-09a3-440d-8af3-0d80bf379ce2 HTTP/1.1" status: 200 len: 970 time: 0.2127173
2026-07-10 01:01:48.123 10 INFO neutron.db.ovn_revision_numbers_db [None req-3a669ed3-75a3-4491-9dfc-ffd15778f5e9 fdcfe6efecc7496ca17a5b8c015822be 516d52bf26fe48e4868e535fbc418f23 - - default default] Successfully bumped revision number for resource ba4112a1-7e4d-4089-a622-c74efdf341ad (type: security_group_rules) to 0
2026-07-10 01:01:48.166 10 INFO neutron.wsgi [None req-e5153a44-d826-435b-8bca-1da6c4d374ab fdcfe6efecc7496ca17a5b8c015822be 516d52bf26fe48e4868e535fbc418f23 - - default default] 10.0.0.252 "GET /v2.0/subnets HTTP/1.1" status: 200 len: 2744 time: 0.0849445
2026-07-10 01:01:48.168 10 INFO neutron.db.ovn_revision_numbers_db [None req-3a669ed3-75a3-4491-9dfc-ffd15778f5e9 fdcfe6efecc7496ca17a5b8c015822be 516d52bf26fe48e4868e535fbc418f23 - - default default] Successfully bumped revision number for resource f7fcdd22-5e39-4d38-9757-b05153867d83 (type: security_group_rules) to 0
2026-07-10 01:01:48.202 10 INFO neutron.wsgi [None req-30652858-d54e-49c9-afbc-e70587b67ab8 fdcfe6efecc7496ca17a5b8c015822be 516d52bf26fe48e4868e535fbc418f23 - - default default] 10.0.0.252 "GET /v2.0/subnetpools HTTP/1.1" status: 200 len: 193 time: 0.0342712
2026-07-10 01:01:48.218 10 INFO neutron.wsgi [None req-3a669ed3-75a3-4491-9dfc-ffd15778f5e9 fdcfe6efecc7496ca17a5b8c015822be 516d52bf26fe48e4868e535fbc418f23 - - default default] 10.0.0.99 "GET /v2.0/security-groups?tenant_id=4a556ce64c5c48c2be5b9d99846abc46&name=default HTTP/1.1" status: 200 len: 3120 time: 1.0651674
2026-07-10 01:01:48.241 10 INFO neutron.wsgi [req-937ab03b-c722-40d7-8846-d0eff787f53d req-ce62daf4-cc4a-4cc3-98bb-a330a46c3896 4a924671abaf462ca3d1f222c8adacc3 0cea5b52854c4e668724328acc92db2b - - 95a8e68532af41d59ccacdfea55f3868 95a8e68532af41d59ccacdfea55f3868] 199.204.45.205 "GET /v2.0/floatingips?fixed_ip_address=10.100.0.9&port_id=59e27d38-04e8-43f6-8f2e-831e48a5ca3d HTTP/1.1" status: 200 len: 1059 time: 0.1333182
2026-07-10 01:01:48.287 10 INFO neutron.wsgi [None req-3b10871e-92c6-420d-9ab6-7bdcd223f67e fdcfe6efecc7496ca17a5b8c015822be 516d52bf26fe48e4868e535fbc418f23 - - default default] 10.0.0.252 "GET /v2.0/subnets HTTP/1.1" status: 200 len: 2744 time: 0.0728459
2026-07-10 01:01:48.305 10 INFO neutron.services.segments.plugin [-] Segment 46039e25-40ad-4add-8e24-32a18769f5ed resource provider aggregate not found
2026-07-10 01:01:48.310 10 INFO neutron.services.segments.plugin [-] Segment 46039e25-40ad-4add-8e24-32a18769f5ed resource provider aggregate not found
2026-07-10 01:01:48.317 10 INFO neutron.wsgi [None req-8e8e2f45-af60-48a5-89ed-32c3ffe75cb4 fdcfe6efecc7496ca17a5b8c015822be 516d52bf26fe48e4868e535fbc418f23 - - default default] 10.0.0.252 "GET /v2.0/network-ip-availabilities HTTP/1.1" status: 200 len: 2489 time: 0.0270517
2026-07-10 01:01:48.321 10 INFO neutron.wsgi [req-937ab03b-c722-40d7-8846-d0eff787f53d req-9963e8d1-1f37-4f64-85d4-3a09cede3c18 4a924671abaf462ca3d1f222c8adacc3 0cea5b52854c4e668724328acc92db2b - - 95a8e68532af41d59ccacdfea55f3868 95a8e68532af41d59ccacdfea55f3868] 199.204.45.205 "GET /v2.0/subnets?id=5d6a6a10-6baf-443d-a634-72f6827f4a4e HTTP/1.1" status: 200 len: 865 time: 0.0730891
2026-07-10 01:01:48.331 10 INFO neutron.wsgi [None req-43c1ef8d-e19e-4461-bdb6-161be32e4dfb 13d006712254423898a4b64fbc7ea4f7 f6732b51539040d0a11d16cfe5b1b5d5 - - default default] 10.0.0.99 "DELETE /v2.0/networks/83d37e90-f38d-4e0c-b4ff-f16f8e34fc4b HTTP/1.1" status: 204 len: 168 time: 1.1914363
2026-07-10 01:01:48.333 10 INFO neutron.services.segments.plugin [-] Segment 46039e25-40ad-4add-8e24-32a18769f5ed resource provider not found; error: Placement Client Error (4xx): {"errors": [{"status": 404, "title": "Not Found", "detail": "The resource could not be found.\n\n No resource provider with uuid 46039e25-40ad-4add-8e24-32a18769f5ed found for delete ", "request_id": "req-41a46ea7-f696-457b-a37f-1a2a844d1970"}]}
2026-07-10 01:01:48.336 10 INFO neutron.services.segments.plugin [-] Segment 46039e25-40ad-4add-8e24-32a18769f5ed resource provider not found; error: Placement Client Error (4xx): {"errors": [{"status": 404, "title": "Not Found", "detail": "The resource could not be found.\n\n No resource provider with uuid 46039e25-40ad-4add-8e24-32a18769f5ed found for delete ", "request_id": "req-740648df-1ec7-46a5-90dd-6209986e4d28"}]}
2026-07-10 01:01:48.365 10 INFO neutron.services.segments.plugin [-] Segment 6fc97f77-228d-4342-8b03-dcb952dcdcca resource provider aggregate not found
2026-07-10 01:01:48.369 10 INFO neutron.services.segments.plugin [-] Segment 6fc97f77-228d-4342-8b03-dcb952dcdcca resource provider aggregate not found
2026-07-10 01:01:48.387 10 INFO neutron.services.segments.plugin [-] Segment 6fc97f77-228d-4342-8b03-dcb952dcdcca resource provider not found; error: Placement Client Error (4xx): {"errors": [{"status": 404, "title": "Not Found", "detail": "The resource could not be found.\n\n No resource provider with uuid 6fc97f77-228d-4342-8b03-dcb952dcdcca found for delete ", "request_id": "req-c08a87f4-5166-4e32-b7f6-b424ba36ea92"}]}
2026-07-10 01:01:48.393 10 INFO neutron.wsgi [req-937ab03b-c722-40d7-8846-d0eff787f53d req-190f1a55-00ea-4406-b344-e3c6ba88008e 4a924671abaf462ca3d1f222c8adacc3 0cea5b52854c4e668724328acc92db2b - - 95a8e68532af41d59ccacdfea55f3868 95a8e68532af41d59ccacdfea55f3868] 199.204.45.205 "GET /v2.0/ports?network_id=c2ce6829-09a3-440d-8af3-0d80bf379ce2&device_owner=network%3Adhcp HTTP/1.1" status: 200 len: 210 time: 0.0617650
2026-07-10 01:01:48.395 10 INFO neutron.services.segments.plugin [-] Segment 6fc97f77-228d-4342-8b03-dcb952dcdcca resource provider not found; error: Placement Client Error (4xx): {"errors": [{"status": 404, "title": "Not Found", "detail": "The resource could not be found.\n\n No resource provider with uuid 6fc97f77-228d-4342-8b03-dcb952dcdcca found for delete ", "request_id": "req-22c78f55-35c0-46b6-8e5f-72ebb4d13df7"}]}
2026-07-10 01:01:48.412 10 INFO neutron.services.segments.plugin [-] Segment 09dc95af-2517-445b-b3a2-40320d406df4 resource provider aggregate not found
2026-07-10 01:01:48.422 10 INFO neutron.services.segments.plugin [-] Segment 09dc95af-2517-445b-b3a2-40320d406df4 resource provider aggregate not found
2026-07-10 01:01:48.444 10 INFO neutron.services.segments.plugin [-] Segment 09dc95af-2517-445b-b3a2-40320d406df4 resource provider not found; error: Placement Client Error (4xx): {"errors": [{"status": 404, "title": "Not Found", "detail": "The resource could not be found.\n\n No resource provider with uuid 09dc95af-2517-445b-b3a2-40320d406df4 found for delete ", "request_id": "req-e0fbdd0b-34fa-45c7-9bfb-b8c43450183a"}]}
2026-07-10 01:01:48.453 10 INFO neutron.services.segments.plugin [-] Segment 09dc95af-2517-445b-b3a2-40320d406df4 resource provider not found; error: Placement Client Error (4xx): {"errors": [{"status": 404, "title": "Not Found", "detail": "The resource could not be found.\n\n No resource provider with uuid 09dc95af-2517-445b-b3a2-40320d406df4 found for delete ", "request_id": "req-946147eb-b618-43cd-b999-112ceab7f2cd"}]}
2026-07-10 01:01:48.468 9 INFO neutron.wsgi [None req-b8b14896-2001-4f53-9c7e-7a83a4922956 fdcfe6efecc7496ca17a5b8c015822be 516d52bf26fe48e4868e535fbc418f23 - - default default] 10.0.0.99 "DELETE /v2.0/security-groups/c9600cf8-2b33-442a-858a-3c72d3001d89 HTTP/1.1" status: 204 len: 168 time: 0.2434149
2026-07-10 01:01:48.482 10 INFO neutron.wsgi [None req-d7129a04-36a3-49ef-a542-1f09f4303ed0 fdcfe6efecc7496ca17a5b8c015822be 516d52bf26fe48e4868e535fbc418f23 - - default default] 10.0.0.252 "GET /v2.0/security-groups HTTP/1.1" status: 200 len: 40303 time: 0.1608505
2026-07-10 01:01:48.541 10 INFO neutron.wsgi [req-937ab03b-c722-40d7-8846-d0eff787f53d req-32986e8e-d449-4ec2-bbd4-be8306cab415 4a924671abaf462ca3d1f222c8adacc3 0cea5b52854c4e668724328acc92db2b - - 95a8e68532af41d59ccacdfea55f3868 95a8e68532af41d59ccacdfea55f3868] 199.204.45.205 "GET /v2.0/networks/c2ce6829-09a3-440d-8af3-0d80bf379ce2?fields=segments HTTP/1.1" status: 200 len: 212 time: 0.1348693
2026-07-10 01:01:48.652 10 INFO neutron.wsgi [None req-74d81050-adf4-4f96-a385-6580386a5a7a fdcfe6efecc7496ca17a5b8c015822be 516d52bf26fe48e4868e535fbc418f23 - - default default] 10.0.0.252 "GET /v2.0/routers HTTP/1.1" status: 200 len: 2112 time: 0.1573448
2026-07-10 01:01:48.665 10 INFO neutron.wsgi [req-937ab03b-c722-40d7-8846-d0eff787f53d req-5f80291a-d522-4ebd-892a-8385a6247a33 4a924671abaf462ca3d1f222c8adacc3 0cea5b52854c4e668724328acc92db2b - - 95a8e68532af41d59ccacdfea55f3868 95a8e68532af41d59ccacdfea55f3868] 199.204.45.205 "GET /v2.0/networks/c2ce6829-09a3-440d-8af3-0d80bf379ce2?fields=provider%3Aphysical_network&fields=provider%3Anetwork_type HTTP/1.1" status: 200 len: 277 time: 0.1157963
2026-07-10 01:01:48.682 10 INFO neutron.wsgi [None req-65938b62-3eb1-41e1-9b7a-2ab13b8b3c3b fdcfe6efecc7496ca17a5b8c015822be 516d52bf26fe48e4868e535fbc418f23 - - default default] 10.0.0.252 "GET /v2.0/agents?binary=ovn-controller HTTP/1.1" status: 200 len: 591 time: 0.0263731
2026-07-10 01:01:48.707 10 INFO neutron.wsgi [None req-ce5ef5fa-6b62-4875-ac8e-28d1571239d3 fdcfe6efecc7496ca17a5b8c015822be 516d52bf26fe48e4868e535fbc418f23 - - default default] 10.0.0.252 "GET /v2.0/agents HTTP/1.1" status: 200 len: 1390 time: 0.0161116
2026-07-10 01:01:48.727 9 INFO neutron.db.ovn_revision_numbers_db [None req-2e77b2f2-4bef-4fc2-97fb-09650a1b7b06 fdcfe6efecc7496ca17a5b8c015822be 516d52bf26fe48e4868e535fbc418f23 - - default default] Successfully bumped revision number for resource aa87be04-7ad0-43ca-9106-91b901108d94 (type: security_groups) to 1
2026-07-10 01:01:48.740 9 INFO neutron.db.ovn_revision_numbers_db [None req-2e77b2f2-4bef-4fc2-97fb-09650a1b7b06 fdcfe6efecc7496ca17a5b8c015822be 516d52bf26fe48e4868e535fbc418f23 - - default default] Successfully bumped revision number for resource 2340d477-5a1d-4c93-8487-f115825603d3 (type: security_group_rules) to 0
2026-07-10 01:01:48.755 9 INFO neutron.db.ovn_revision_numbers_db [None req-2e77b2f2-4bef-4fc2-97fb-09650a1b7b06 fdcfe6efecc7496ca17a5b8c015822be 516d52bf26fe48e4868e535fbc418f23 - - default default] Successfully bumped revision number for resource 65483047-f74b-4c0f-b5e8-c17720ab67d1 (type: security_group_rules) to 0
2026-07-10 01:01:48.768 9 INFO neutron.db.ovn_revision_numbers_db [None req-2e77b2f2-4bef-4fc2-97fb-09650a1b7b06 fdcfe6efecc7496ca17a5b8c015822be 516d52bf26fe48e4868e535fbc418f23 - - default default] Successfully bumped revision number for resource 754e1e20-8b41-41ec-a6a3-cf78f57a8f9b (type: security_group_rules) to 0
2026-07-10 01:01:48.783 9 INFO neutron.db.ovn_revision_numbers_db [None req-2e77b2f2-4bef-4fc2-97fb-09650a1b7b06 fdcfe6efecc7496ca17a5b8c015822be 516d52bf26fe48e4868e535fbc418f23 - - default default] Successfully bumped revision number for resource b1ab9799-0c3d-4a43-9207-e4a440d50205 (type: security_group_rules) to 0
