2026-07-10 00:59:15.066 9 INFO neutron.db.ovn_revision_numbers_db [None req-effc858b-7130-4b85-96ba-e9e689a185b7 - - - - - -] Successfully bumped revision number for resource ee51b5b7-3a5b-4ec9-b1ef-e3926fc53f7c (type: router_ports) to 3
2026-07-10 00:59:15.363 10 INFO neutron.db.ovn_revision_numbers_db [None req-76dc47ab-94e4-4f73-9f47-3120f64e40eb fdcfe6efecc7496ca17a5b8c015822be 516d52bf26fe48e4868e535fbc418f23 - - default default] Successfully bumped revision number for resource 2b232d6a-3939-4348-8f93-a33513c38913 (type: router_ports) to 1
2026-07-10 00:59:15.366 10 WARNING neutron.scheduler.dhcp_agent_scheduler [None req-5badae3b-aa83-42e4-94b7-128b676ef096 fdcfe6efecc7496ca17a5b8c015822be 516d52bf26fe48e4868e535fbc418f23 - - default default] No more DHCP agents
2026-07-10 00:59:15.373 9 INFO neutron.db.ovn_revision_numbers_db [None req-effc858b-7130-4b85-96ba-e9e689a185b7 - - - - - -] Successfully bumped revision number for resource ee51b5b7-3a5b-4ec9-b1ef-e3926fc53f7c (type: ports) to 2
2026-07-10 00:59:15.383 10 WARNING neutron.api.rpc.agentnotifiers.dhcp_rpc_agent_api [None req-5badae3b-aa83-42e4-94b7-128b676ef096 fdcfe6efecc7496ca17a5b8c015822be 516d52bf26fe48e4868e535fbc418f23 - - default default] Unable to schedule network cb9ceaf8-29ee-4c7f-b34b-2e99e9785b8f: no agents available; will retry on subsequent port and subnet creation events.
2026-07-10 00:59:15.394 10 INFO neutron.db.ovn_revision_numbers_db [None req-c46c5577-b700-4400-b608-46886f9f251b fdcfe6efecc7496ca17a5b8c015822be 516d52bf26fe48e4868e535fbc418f23 - - default default] Successfully bumped revision number for resource b1c115ca-89cf-41e6-a3d6-7f9a7ae08650 (type: security_groups) to 1
2026-07-10 00:59:15.432 10 INFO neutron.db.ovn_revision_numbers_db [None req-c46c5577-b700-4400-b608-46886f9f251b fdcfe6efecc7496ca17a5b8c015822be 516d52bf26fe48e4868e535fbc418f23 - - default default] Successfully bumped revision number for resource aa4cdbab-5fc6-4a3c-9bd9-94f67ffac084 (type: security_group_rules) to 0
2026-07-10 00:59:15.456 10 INFO neutron.db.ovn_revision_numbers_db [None req-c46c5577-b700-4400-b608-46886f9f251b fdcfe6efecc7496ca17a5b8c015822be 516d52bf26fe48e4868e535fbc418f23 - - default default] Successfully bumped revision number for resource c6684c32-328a-48a8-85b0-13528f9c17f4 (type: security_group_rules) to 0
2026-07-10 00:59:15.478 10 INFO neutron.db.ovn_revision_numbers_db [None req-76dc47ab-94e4-4f73-9f47-3120f64e40eb fdcfe6efecc7496ca17a5b8c015822be 516d52bf26fe48e4868e535fbc418f23 - - default default] Successfully bumped revision number for resource ebf6aa3a-fdfd-4dc6-b54b-27cb41ad03c7 (type: routers) to 2
2026-07-10 00:59:15.479 10 INFO neutron.db.ovn_revision_numbers_db [None req-c46c5577-b700-4400-b608-46886f9f251b fdcfe6efecc7496ca17a5b8c015822be 516d52bf26fe48e4868e535fbc418f23 - - default default] Successfully bumped revision number for resource d4fc12e6-5709-4e8b-b1dc-7b5087066ff7 (type: security_group_rules) to 0
2026-07-10 00:59:15.501 10 INFO neutron.wsgi [None req-76dc47ab-94e4-4f73-9f47-3120f64e40eb fdcfe6efecc7496ca17a5b8c015822be 516d52bf26fe48e4868e535fbc418f23 - - default default] 10.0.0.99 "POST /v2.0/routers HTTP/1.1" status: 201 len: 1161 time: 2.8821936
2026-07-10 00:59:15.501 10 INFO neutron.db.ovn_revision_numbers_db [None req-c46c5577-b700-4400-b608-46886f9f251b fdcfe6efecc7496ca17a5b8c015822be 516d52bf26fe48e4868e535fbc418f23 - - default default] Successfully bumped revision number for resource ee7253b6-bd1f-4be1-b742-2ebf4660db6c (type: security_group_rules) to 0
2026-07-10 00:59:15.535 10 INFO neutron.wsgi [None req-c46c5577-b700-4400-b608-46886f9f251b fdcfe6efecc7496ca17a5b8c015822be 516d52bf26fe48e4868e535fbc418f23 - - default default] 10.0.0.99 "GET /v2.0/security-groups?tenant_id=16c90a72bf0c482183f58c4f20ac34d9&name=default HTTP/1.1" status: 200 len: 3120 time: 0.6656270
2026-07-10 00:59:15.639 10 INFO neutron.db.ovn_revision_numbers_db [None req-5badae3b-aa83-42e4-94b7-128b676ef096 fdcfe6efecc7496ca17a5b8c015822be 516d52bf26fe48e4868e535fbc418f23 - - default default] Successfully bumped revision number for resource a1b85230-36ef-4559-9677-e542e912d0c8 (type: ports) to 1
2026-07-10 00:59:15.851 9 INFO neutron.db.ovn_revision_numbers_db [None req-effc858b-7130-4b85-96ba-e9e689a185b7 - - - - - -] Successfully bumped revision number for resource ee51b5b7-3a5b-4ec9-b1ef-e3926fc53f7c (type: ports) to 4
2026-07-10 00:59:15.870 10 INFO neutron.wsgi [None req-3a795a87-7c19-40f3-a075-a58f2a9e102b fdcfe6efecc7496ca17a5b8c015822be 516d52bf26fe48e4868e535fbc418f23 - - default default] 10.0.0.99 "DELETE /v2.0/security-groups/b1c115ca-89cf-41e6-a3d6-7f9a7ae08650 HTTP/1.1" status: 204 len: 168 time: 0.3273745
2026-07-10 00:59:16.262 10 ERROR ovsdbapp.backend.ovs_idl.command [None req-5badae3b-aa83-42e4-94b7-128b676ef096 fdcfe6efecc7496ca17a5b8c015822be 516d52bf26fe48e4868e535fbc418f23 - - default default] Error executing command (DbGetCommand): ovsdbapp.backend.ovs_idl.idlutils.RowNotFound: Cannot find Logical_Router_Port with name=lrp-a1b85230-36ef-4559-9677-e542e912d0c8
2026-07-10 00:59:16.262 10 ERROR ovsdbapp.backend.ovs_idl.command
Traceback (most recent call last):
2026-07-10 00:59:16.262 10 ERROR ovsdbapp.backend.ovs_idl.command
File "/var/lib/openstack/lib/python3.10/site-packages/ovsdbapp/backend/ovs_idl/command.py", line 47, in execute
2026-07-10 00:59:16.262 10 ERROR ovsdbapp.backend.ovs_idl.command self.run_idl(None)
2026-07-10 00:59:16.262 10 ERROR ovsdbapp.backend.ovs_idl.command
File "/var/lib/openstack/lib/python3.10/site-packages/ovsdbapp/backend/ovs_idl/command.py", line 235, in run_idl
2026-07-10 00:59:16.262 10 ERROR ovsdbapp.backend.ovs_idl.command record = self.api.lookup(self.table, self.record)
2026-07-10 00:59:16.262 10 ERROR ovsdbapp.backend.ovs_idl.command
File "/var/lib/openstack/lib/python3.10/site-packages/ovsdbapp/backend/ovs_idl/__init__.py", line 184, in lookup
2026-07-10 00:59:16.262 10 ERROR ovsdbapp.backend.ovs_idl.command return self._lookup(table, record)
2026-07-10 00:59:16.262 10 ERROR ovsdbapp.backend.ovs_idl.command
File "/var/lib/openstack/lib/python3.10/site-packages/ovsdbapp/backend/ovs_idl/__init__.py", line 235, in _lookup
2026-07-10 00:59:16.262 10 ERROR ovsdbapp.backend.ovs_idl.command row = idlutils.row_by_value(self, rl.table, rl.column, record)
2026-07-10 00:59:16.262 10 ERROR ovsdbapp.backend.ovs_idl.command
File "/var/lib/openstack/lib/python3.10/site-packages/ovsdbapp/backend/ovs_idl/idlutils.py", line 114, in row_by_value
2026-07-10 00:59:16.262 10 ERROR ovsdbapp.backend.ovs_idl.command raise RowNotFound(table=table, col=column, match=match)
2026-07-10 00:59:16.262 10 ERROR ovsdbapp.backend.ovs_idl.command ovsdbapp.backend.ovs_idl.idlutils.RowNotFound: Cannot find Logical_Router_Port with name=lrp-a1b85230-36ef-4559-9677-e542e912d0c8
2026-07-10 00:59:16.262 10 ERROR ovsdbapp.backend.ovs_idl.command 
2026-07-10 00:59:16.263 10 ERROR neutron_lib.callbacks.manager [None req-5badae3b-aa83-42e4-94b7-128b676ef096 fdcfe6efecc7496ca17a5b8c015822be 516d52bf26fe48e4868e535fbc418f23 - - default default] Error during notification for neutron.services.ovn_l3.plugin.OVNL3RouterPlugin._port_update-8784462010086 port, after_update: ovsdbapp.backend.ovs_idl.idlutils.RowNotFound: Cannot find Logical_Router_Port with name=lrp-a1b85230-36ef-4559-9677-e542e912d0c8
2026-07-10 00:59:16.263 10 ERROR neutron_lib.callbacks.manager
Traceback (most recent call last):
2026-07-10 00:59:16.263 10 ERROR neutron_lib.callbacks.manager
File "/var/lib/openstack/lib/python3.10/site-packages/neutron_lib/callbacks/manager.py", line 189, in _notify_loop
2026-07-10 00:59:16.263 10 ERROR neutron_lib.callbacks.manager callback.method(resource, event, trigger, payload=payload)
2026-07-10 00:59:16.263 10 ERROR neutron_lib.callbacks.manager
File "/var/lib/openstack/lib/python3.10/site-packages/neutron/services/ovn_l3/plugin.py", line 391, in _port_update
2026-07-10 00:59:16.263 10 ERROR neutron_lib.callbacks.manager l3plugin._ovn_client.update_router_port(context,
2026-07-10 00:59:16.263 10 ERROR neutron_lib.callbacks.manager
File "/var/lib/openstack/lib/python3.10/site-packages/neutron/plugins/ml2/drivers/ovn/mech_driver/ovsdb/ovn_client.py", line 1878, in update_router_port
2026-07-10 00:59:16.263 10 ERROR neutron_lib.callbacks.manager self._update_lrouter_port(context, port, if_exists=if_exists,
2026-07-10 00:59:16.263 10 ERROR neutron_lib.callbacks.manager
File "/var/lib/openstack/lib/python3.10/site-packages/neutron/plugins/ml2/drivers/ovn/mech_driver/ovsdb/ovn_client.py", line 1855, in _update_lrouter_port
2026-07-10 00:59:16.263 10 ERROR neutron_lib.callbacks.manager external_ids = self._nb_idl.db_get(
2026-07-10 00:59:16.263 10 ERROR neutron_lib.callbacks.manager
File "/var/lib/openstack/lib/python3.10/site-packages/ovsdbapp/backend/ovs_idl/command.py", line 47, in execute
2026-07-10 00:59:16.263 10 ERROR neutron_lib.callbacks.manager self.run_idl(None)
2026-07-10 00:59:16.263 10 ERROR neutron_lib.callbacks.manager
File "/var/lib/openstack/lib/python3.10/site-packages/ovsdbapp/backend/ovs_idl/command.py", line 235, in run_idl
2026-07-10 00:59:16.263 10 ERROR neutron_lib.callbacks.manager record = self.api.lookup(self.table, self.record)
2026-07-10 00:59:16.263 10 ERROR neutron_lib.callbacks.manager
File "/var/lib/openstack/lib/python3.10/site-packages/ovsdbapp/backend/ovs_idl/__init__.py", line 184, in lookup
2026-07-10 00:59:16.263 10 ERROR neutron_lib.callbacks.manager return self._lookup(table, record)
2026-07-10 00:59:16.263 10 ERROR neutron_lib.callbacks.manager
File "/var/lib/openstack/lib/python3.10/site-packages/ovsdbapp/backend/ovs_idl/__init__.py", line 235, in _lookup
2026-07-10 00:59:16.263 10 ERROR neutron_lib.callbacks.manager row = idlutils.row_by_value(self, rl.table, rl.column, record)
2026-07-10 00:59:16.263 10 ERROR neutron_lib.callbacks.manager
File "/var/lib/openstack/lib/python3.10/site-packages/ovsdbapp/backend/ovs_idl/idlutils.py", line 114, in row_by_value
2026-07-10 00:59:16.263 10 ERROR neutron_lib.callbacks.manager raise RowNotFound(table=table, col=column, match=match)
2026-07-10 00:59:16.263 10 ERROR neutron_lib.callbacks.manager ovsdbapp.backend.ovs_idl.idlutils.RowNotFound: Cannot find Logical_Router_Port with name=lrp-a1b85230-36ef-4559-9677-e542e912d0c8
2026-07-10 00:59:16.263 10 ERROR neutron_lib.callbacks.manager 
2026-07-10 00:59:16.384 10 INFO neutron.plugins.ml2.drivers.ovn.mech_driver.mech_driver [None req-c44d40b5-c3f5-4776-a4b2-3e0e7535fd5e - - - - - -] OVN reports status up for port: 2b232d6a-3939-4348-8f93-a33513c38913
2026-07-10 00:59:16.388 9 WARNING neutron.scheduler.dhcp_agent_scheduler [None req-c9042360-27d3-4f2c-8532-2f772c71a226 fdcfe6efecc7496ca17a5b8c015822be 516d52bf26fe48e4868e535fbc418f23 - - default default] No more DHCP agents
2026-07-10 00:59:16.393 10 INFO neutron.plugins.ml2.plugin [None req-c44d40b5-c3f5-4776-a4b2-3e0e7535fd5e - - - - - -] Attempt 1 to provision port 2b232d6a-3939-4348-8f93-a33513c38913
2026-07-10 00:59:16.394 9 WARNING neutron.api.rpc.agentnotifiers.dhcp_rpc_agent_api [None req-c9042360-27d3-4f2c-8532-2f772c71a226 fdcfe6efecc7496ca17a5b8c015822be 516d52bf26fe48e4868e535fbc418f23 - - default default] Unable to schedule network 33224d1f-0b98-4144-b0d6-263997ffd6ef: no agents available; will retry on subsequent port and subnet creation events.
2026-07-10 00:59:16.466 9 INFO neutron.db.ovn_revision_numbers_db [None req-effc858b-7130-4b85-96ba-e9e689a185b7 - - - - - -] Successfully bumped revision number for resource ee51b5b7-3a5b-4ec9-b1ef-e3926fc53f7c (type: router_ports) to 4
2026-07-10 00:59:16.512 9 INFO neutron.plugins.ml2.drivers.ovn.mech_driver.mech_driver [None req-d0b11067-93fc-4619-b573-f0f8e2ce51cc - - - - - -] OVN reports status up for port: a1b85230-36ef-4559-9677-e542e912d0c8
2026-07-10 00:59:16.534 9 INFO neutron.plugins.ml2.plugin [None req-d0b11067-93fc-4619-b573-f0f8e2ce51cc - - - - - -] Attempt 1 to provision port a1b85230-36ef-4559-9677-e542e912d0c8
2026-07-10 00:59:16.534 10 INFO neutron.db.ovn_revision_numbers_db [None req-5badae3b-aa83-42e4-94b7-128b676ef096 fdcfe6efecc7496ca17a5b8c015822be 516d52bf26fe48e4868e535fbc418f23 - - default default] Successfully bumped revision number for resource a1b85230-36ef-4559-9677-e542e912d0c8 (type: ports) to 1
2026-07-10 00:59:16.563 9 INFO neutron.plugins.ml2.drivers.ovn.mech_driver.ovsdb.ovsdb_monitor [None req-effc858b-7130-4b85-96ba-e9e689a185b7 - - - - - -] Router ebf6aa3a-fdfd-4dc6-b54b-27cb41ad03c7 is bound to host instance
2026-07-10 00:59:16.616 10 WARNING neutron.scheduler.dhcp_agent_scheduler [None req-5badae3b-aa83-42e4-94b7-128b676ef096 fdcfe6efecc7496ca17a5b8c015822be 516d52bf26fe48e4868e535fbc418f23 - - default default] No more DHCP agents
2026-07-10 00:59:16.619 10 WARNING neutron.api.rpc.agentnotifiers.dhcp_rpc_agent_api [None req-5badae3b-aa83-42e4-94b7-128b676ef096 fdcfe6efecc7496ca17a5b8c015822be 516d52bf26fe48e4868e535fbc418f23 - - default default] Unable to schedule network cb9ceaf8-29ee-4c7f-b34b-2e99e9785b8f: no agents available; will retry on subsequent port and subnet creation events.
2026-07-10 00:59:16.643 9 INFO neutron.db.ovn_revision_numbers_db [None req-c9042360-27d3-4f2c-8532-2f772c71a226 fdcfe6efecc7496ca17a5b8c015822be 516d52bf26fe48e4868e535fbc418f23 - - default default] Successfully bumped revision number for resource 9e9eedcd-b5cf-44f6-b444-dad64a7bd10e (type: ports) to 1
2026-07-10 00:59:17.368 9 INFO neutron.wsgi [req-7a8d81c5-7dcb-4e50-b0c8-70f0eb8d05c1 req-745cf035-c15c-43a9-b39d-636682e313e7 b13065b0f973485fbb4e80863a5c6d67 03e5181efa7b49fa8bb5a67eab4d04b2 - - default default] 10.0.0.27 "GET /v2.0/ports?device_id=efffdad6-cc56-44b0-abb3-1eb8fc49f486 HTTP/1.1" status: 200 len: 1170 time: 0.2397699
2026-07-10 00:59:17.472 9 INFO neutron.wsgi [req-7a8d81c5-7dcb-4e50-b0c8-70f0eb8d05c1 req-67405527-780d-4c3b-84bb-0a8e4093fd90 b13065b0f973485fbb4e80863a5c6d67 03e5181efa7b49fa8bb5a67eab4d04b2 - - default default] 10.0.0.27 "GET /v2.0/security-groups?id=f7db96b1-e751-49f0-b75d-eb143a1d0151&fields=id&fields=name HTTP/1.1" status: 200 len: 312 time: 0.0927784
2026-07-10 00:59:17.600 10 INFO neutron.db.ovn_revision_numbers_db [None req-5badae3b-aa83-42e4-94b7-128b676ef096 fdcfe6efecc7496ca17a5b8c015822be 516d52bf26fe48e4868e535fbc418f23 - - default default] Successfully bumped revision number for resource a1b85230-36ef-4559-9677-e542e912d0c8 (type: router_ports) to 1
2026-07-10 00:59:17.606 10 INFO neutron.wsgi [None req-5badae3b-aa83-42e4-94b7-128b676ef096 fdcfe6efecc7496ca17a5b8c015822be 516d52bf26fe48e4868e535fbc418f23 - - default default] 10.0.0.99 "PUT /v2.0/routers/93ec730f-60c1-43de-93db-d20fde3495a7/add_router_interface HTTP/1.1" status: 200 len: 503 time: 3.3148367
2026-07-10 00:59:17.784 9 INFO neutron.db.ovn_revision_numbers_db [None req-d0b11067-93fc-4619-b573-f0f8e2ce51cc - - - - - -] Successfully bumped revision number for resource a1b85230-36ef-4559-9677-e542e912d0c8 (type: ports) to 2
2026-07-10 00:59:17.854 9 INFO neutron.wsgi [req-f5fc2581-5d2d-4328-b255-1840442f3b88 req-f3d4288a-3c6e-4cdc-b326-c78e2cfd6172 b13065b0f973485fbb4e80863a5c6d67 03e5181efa7b49fa8bb5a67eab4d04b2 - - default default] 10.0.0.27 "GET /v2.0/ports?device_id=efffdad6-cc56-44b0-abb3-1eb8fc49f486 HTTP/1.1" status: 200 len: 1170 time: 0.1134603
2026-07-10 00:59:18.044 9 INFO neutron.wsgi [req-f5fc2581-5d2d-4328-b255-1840442f3b88 req-a9bd6177-6a36-4578-8fb5-d7b867c1e975 b13065b0f973485fbb4e80863a5c6d67 03e5181efa7b49fa8bb5a67eab4d04b2 - - default default] 10.0.0.27 "GET /v2.0/security-groups?id=f7db96b1-e751-49f0-b75d-eb143a1d0151&fields=id&fields=name HTTP/1.1" status: 200 len: 312 time: 0.1696970
2026-07-10 00:59:18.133 10 INFO neutron.wsgi [req-c64123b4-7ab8-4fe2-9023-0bdf8f8f0aa6 req-7dfe7d59-93f6-4ae5-9711-2f567fc142f9 b13065b0f973485fbb4e80863a5c6d67 03e5181efa7b49fa8bb5a67eab4d04b2 - - default default] 199.204.45.205 "GET /v2.0/ports?device_id=efffdad6-cc56-44b0-abb3-1eb8fc49f486 HTTP/1.1" status: 200 len: 1170 time: 0.0866194
2026-07-10 00:59:18.173 9 ERROR ovsdbapp.backend.ovs_idl.command [None req-c9042360-27d3-4f2c-8532-2f772c71a226 fdcfe6efecc7496ca17a5b8c015822be 516d52bf26fe48e4868e535fbc418f23 - - default default] Error executing command (DbGetCommand): ovsdbapp.backend.ovs_idl.idlutils.RowNotFound: Cannot find Logical_Router_Port with name=lrp-9e9eedcd-b5cf-44f6-b444-dad64a7bd10e
2026-07-10 00:59:18.173 9 ERROR ovsdbapp.backend.ovs_idl.command
Traceback (most recent call last):
2026-07-10 00:59:18.173 9 ERROR ovsdbapp.backend.ovs_idl.command
File "/var/lib/openstack/lib/python3.10/site-packages/ovsdbapp/backend/ovs_idl/command.py", line 47, in execute
2026-07-10 00:59:18.173 9 ERROR ovsdbapp.backend.ovs_idl.command self.run_idl(None)
2026-07-10 00:59:18.173 9 ERROR ovsdbapp.backend.ovs_idl.command
File "/var/lib/openstack/lib/python3.10/site-packages/ovsdbapp/backend/ovs_idl/command.py", line 235, in run_idl
2026-07-10 00:59:18.173 9 ERROR ovsdbapp.backend.ovs_idl.command record = self.api.lookup(self.table, self.record)
2026-07-10 00:59:18.173 9 ERROR ovsdbapp.backend.ovs_idl.command
File "/var/lib/openstack/lib/python3.10/site-packages/ovsdbapp/backend/ovs_idl/__init__.py", line 184, in lookup
2026-07-10 00:59:18.173 9 ERROR ovsdbapp.backend.ovs_idl.command return self._lookup(table, record)
2026-07-10 00:59:18.173 9 ERROR ovsdbapp.backend.ovs_idl.command
File "/var/lib/openstack/lib/python3.10/site-packages/ovsdbapp/backend/ovs_idl/__init__.py", line 235, in _lookup
2026-07-10 00:59:18.173 9 ERROR ovsdbapp.backend.ovs_idl.command row = idlutils.row_by_value(self, rl.table, rl.column, record)
2026-07-10 00:59:18.173 9 ERROR ovsdbapp.backend.ovs_idl.command
File "/var/lib/openstack/lib/python3.10/site-packages/ovsdbapp/backend/ovs_idl/idlutils.py", line 114, in row_by_value
2026-07-10 00:59:18.173 9 ERROR ovsdbapp.backend.ovs_idl.command raise RowNotFound(table=table, col=column, match=match)
2026-07-10 00:59:18.173 9 ERROR ovsdbapp.backend.ovs_idl.command ovsdbapp.backend.ovs_idl.idlutils.RowNotFound: Cannot find Logical_Router_Port with name=lrp-9e9eedcd-b5cf-44f6-b444-dad64a7bd10e
2026-07-10 00:59:18.173 9 ERROR ovsdbapp.backend.ovs_idl.command 
2026-07-10 00:59:18.173 9 ERROR neutron_lib.callbacks.manager [None req-c9042360-27d3-4f2c-8532-2f772c71a226 fdcfe6efecc7496ca17a5b8c015822be 516d52bf26fe48e4868e535fbc418f23 - - default default] Error during notification for neutron.services.ovn_l3.plugin.OVNL3RouterPlugin._port_update-8784462010086 port, after_update: ovsdbapp.backend.ovs_idl.idlutils.RowNotFound: Cannot find Logical_Router_Port with name=lrp-9e9eedcd-b5cf-44f6-b444-dad64a7bd10e
2026-07-10 00:59:18.173 9 ERROR neutron_lib.callbacks.manager
Traceback (most recent call last):
2026-07-10 00:59:18.173 9 ERROR neutron_lib.callbacks.manager
File "/var/lib/openstack/lib/python3.10/site-packages/neutron_lib/callbacks/manager.py", line 189, in _notify_loop
2026-07-10 00:59:18.173 9 ERROR neutron_lib.callbacks.manager callback.method(resource, event, trigger, payload=payload)
2026-07-10 00:59:18.173 9 ERROR neutron_lib.callbacks.manager
File "/var/lib/openstack/lib/python3.10/site-packages/neutron/services/ovn_l3/plugin.py", line 391, in _port_update
2026-07-10 00:59:18.173 9 ERROR neutron_lib.callbacks.manager l3plugin._ovn_client.update_router_port(context,
2026-07-10 00:59:18.173 9 ERROR neutron_lib.callbacks.manager
File "/var/lib/openstack/lib/python3.10/site-packages/neutron/plugins/ml2/drivers/ovn/mech_driver/ovsdb/ovn_client.py", line 1878, in update_router_port
2026-07-10 00:59:18.173 9 ERROR neutron_lib.callbacks.manager self._update_lrouter_port(context, port, if_exists=if_exists,
2026-07-10 00:59:18.173 9 ERROR neutron_lib.callbacks.manager
File "/var/lib/openstack/lib/python3.10/site-packages/neutron/plugins/ml2/drivers/ovn/mech_driver/ovsdb/ovn_client.py", line 1855, in _update_lrouter_port
2026-07-10 00:59:18.173 9 ERROR neutron_lib.callbacks.manager external_ids = self._nb_idl.db_get(
2026-07-10 00:59:18.173 9 ERROR neutron_lib.callbacks.manager
File "/var/lib/openstack/lib/python3.10/site-packages/ovsdbapp/backend/ovs_idl/command.py", line 47, in execute
2026-07-10 00:59:18.173 9 ERROR neutron_lib.callbacks.manager self.run_idl(None)
2026-07-10 00:59:18.173 9 ERROR neutron_lib.callbacks.manager
File "/var/lib/openstack/lib/python3.10/site-packages/ovsdbapp/backend/ovs_idl/command.py", line 235, in run_idl
2026-07-10 00:59:18.173 9 ERROR neutron_lib.callbacks.manager record = self.api.lookup(self.table, self.record)
2026-07-10 00:59:18.173 9 ERROR neutron_lib.callbacks.manager
File "/var/lib/openstack/lib/python3.10/site-packages/ovsdbapp/backend/ovs_idl/__init__.py", line 184, in lookup
2026-07-10 00:59:18.173 9 ERROR neutron_lib.callbacks.manager return self._lookup(table, record)
2026-07-10 00:59:18.173 9 ERROR neutron_lib.callbacks.manager
File "/var/lib/openstack/lib/python3.10/site-packages/ovsdbapp/backend/ovs_idl/__init__.py", line 235, in _lookup
2026-07-10 00:59:18.173 9 ERROR neutron_lib.callbacks.manager row = idlutils.row_by_value(self, rl.table, rl.column, record)
2026-07-10 00:59:18.173 9 ERROR neutron_lib.callbacks.manager
File "/var/lib/openstack/lib/python3.10/site-packages/ovsdbapp/backend/ovs_idl/idlutils.py", line 114, in row_by_value
2026-07-10 00:59:18.173 9 ERROR neutron_lib.callbacks.manager raise RowNotFound(table=table, col=column, match=match)
2026-07-10 00:59:18.173 9 ERROR neutron_lib.callbacks.manager ovsdbapp.backend.ovs_idl.idlutils.RowNotFound: Cannot find Logical_Router_Port with name=lrp-9e9eedcd-b5cf-44f6-b444-dad64a7bd10e
2026-07-10 00:59:18.173 9 ERROR neutron_lib.callbacks.manager 
2026-07-10 00:59:18.202 9 INFO neutron.db.ovn_revision_numbers_db [None req-d0b11067-93fc-4619-b573-f0f8e2ce51cc - - - - - -] Successfully bumped revision number for resource a1b85230-36ef-4559-9677-e542e912d0c8 (type: router_ports) to 2
2026-07-10 00:59:18.459 9 INFO neutron.db.ovn_revision_numbers_db [None req-effc858b-7130-4b85-96ba-e9e689a185b7 - - - - - -] Successfully bumped revision number for resource 2b232d6a-3939-4348-8f93-a33513c38913 (type: ports) to 1
2026-07-10 00:59:18.546 10 INFO neutron.db.l3_db [req-c64123b4-7ab8-4fe2-9023-0bdf8f8f0aa6 req-3486135a-05ff-4553-a7e3-1fd562ff2665 b13065b0f973485fbb4e80863a5c6d67 03e5181efa7b49fa8bb5a67eab4d04b2 - - default default] Floating IP d84df4fc-27f5-4c7a-9520-41d2907b3300 disassociated. External IP: 10.96.250.211, port: d0d45af9-7361-4e09-9189-5a4f81d67c19.
2026-07-10 00:59:18.549 9 INFO neutron.db.ovn_revision_numbers_db [None req-c9042360-27d3-4f2c-8532-2f772c71a226 fdcfe6efecc7496ca17a5b8c015822be 516d52bf26fe48e4868e535fbc418f23 - - default default] Successfully bumped revision number for resource 9e9eedcd-b5cf-44f6-b444-dad64a7bd10e (type: ports) to 1
2026-07-10 00:59:18.640 9 WARNING neutron.scheduler.dhcp_agent_scheduler [None req-c9042360-27d3-4f2c-8532-2f772c71a226 fdcfe6efecc7496ca17a5b8c015822be 516d52bf26fe48e4868e535fbc418f23 - - default default] No more DHCP agents
2026-07-10 00:59:18.664 9 WARNING neutron.api.rpc.agentnotifiers.dhcp_rpc_agent_api [None req-c9042360-27d3-4f2c-8532-2f772c71a226 fdcfe6efecc7496ca17a5b8c015822be 516d52bf26fe48e4868e535fbc418f23 - - default default] Unable to schedule network 33224d1f-0b98-4144-b0d6-263997ffd6ef: no agents available; will retry on subsequent port and subnet creation events.
2026-07-10 00:59:18.673 10 INFO neutron.wsgi [req-c64123b4-7ab8-4fe2-9023-0bdf8f8f0aa6 req-3486135a-05ff-4553-a7e3-1fd562ff2665 b13065b0f973485fbb4e80863a5c6d67 03e5181efa7b49fa8bb5a67eab4d04b2 - - default default] 199.204.45.205 "DELETE /v2.0/ports/d0d45af9-7361-4e09-9189-5a4f81d67c19 HTTP/1.1" status: 204 len: 173 time: 0.5332820
2026-07-10 00:59:18.724 10 INFO neutron.notifiers.nova [-] Nova event matching ['req-25657f40-205c-45b7-a91f-93402737ea71'] response: {'server_uuid': 'efffdad6-cc56-44b0-abb3-1eb8fc49f486', 'name': 'network-vif-deleted', 'tag': 'd0d45af9-7361-4e09-9189-5a4f81d67c19', 'status': 'completed', 'code': 200}
2026-07-10 00:59:18.796 9 INFO neutron.wsgi [req-f46b80a0-589d-4881-81b9-f24a0f120242 req-e9628cb7-dcf6-418e-baa5-4410bd5bb618 3ccf8b0bc99e4648abe65cb7a7f891a4 5990a1f3337647d599e47f5aaef48d40 - - default default] 10.0.0.27 "GET /v2.0/networks?id=cb9ceaf8-29ee-4c7f-b34b-2e99e9785b8f HTTP/1.1" status: 200 len: 877 time: 0.1356425
2026-07-10 00:59:18.818 9 INFO neutron.wsgi [req-f46b80a0-589d-4881-81b9-f24a0f120242 req-8d622fb1-5599-4b53-b8dd-331e7f6b80e7 3ccf8b0bc99e4648abe65cb7a7f891a4 5990a1f3337647d599e47f5aaef48d40 - - default default] 10.0.0.27 "GET /v2.0/quotas/5990a1f3337647d599e47f5aaef48d40 HTTP/1.1" status: 200 len: 491 time: 0.0135510
2026-07-10 00:59:19.200 9 INFO neutron.wsgi [req-f46b80a0-589d-4881-81b9-f24a0f120242 req-fddb3145-7210-4484-b4ba-8e9e708843ba 3ccf8b0bc99e4648abe65cb7a7f891a4 5990a1f3337647d599e47f5aaef48d40 - - default default] 10.0.0.27 "GET /v2.0/ports?tenant_id=5990a1f3337647d599e47f5aaef48d40&fields=id HTTP/1.1" status: 200 len: 302 time: 0.3701591
2026-07-10 00:59:19.274 10 INFO neutron.wsgi [None req-f3e11489-4a53-4a7e-b757-cd76914785b7 b13065b0f973485fbb4e80863a5c6d67 03e5181efa7b49fa8bb5a67eab4d04b2 - - default default] 10.0.0.99 "DELETE /v2.0/security-groups/f7db96b1-e751-49f0-b75d-eb143a1d0151 HTTP/1.1" status: 204 len: 168 time: 0.1189356
2026-07-10 00:59:19.290 10 INFO neutron.api.v2.resource [None req-f1f87ba6-9edf-4727-998e-e63043ec2d63 b13065b0f973485fbb4e80863a5c6d67 03e5181efa7b49fa8bb5a67eab4d04b2 - - default default] show failed (client error): The resource could not be found.
2026-07-10 00:59:19.291 10 INFO neutron.wsgi [None req-f1f87ba6-9edf-4727-998e-e63043ec2d63 b13065b0f973485fbb4e80863a5c6d67 03e5181efa7b49fa8bb5a67eab4d04b2 - - default default] 10.0.0.99 "GET /v2.0/security-groups/f7db96b1-e751-49f0-b75d-eb143a1d0151 HTTP/1.1" status: 404 len: 347 time: 0.0110054
2026-07-10 00:59:19.311 9 INFO neutron.wsgi [req-f46b80a0-589d-4881-81b9-f24a0f120242 req-4742bc08-500a-4e17-8aeb-2ea2622dd156 4a924671abaf462ca3d1f222c8adacc3 0cea5b52854c4e668724328acc92db2b - - 95a8e68532af41d59ccacdfea55f3868 95a8e68532af41d59ccacdfea55f3868] 10.0.0.27 "GET /v2.0/networks/cb9ceaf8-29ee-4c7f-b34b-2e99e9785b8f?fields=segments HTTP/1.1" status: 200 len: 212 time: 0.1013439
2026-07-10 00:59:19.342 9 INFO neutron.db.ovn_revision_numbers_db [None req-effc858b-7130-4b85-96ba-e9e689a185b7 - - - - - -] Successfully bumped revision number for resource 2b232d6a-3939-4348-8f93-a33513c38913 (type: router_ports) to 3
2026-07-10 00:59:19.433 9 INFO neutron.wsgi [req-f46b80a0-589d-4881-81b9-f24a0f120242 req-73c3b5d4-e326-4d5d-9f2e-b4d68188b756 4a924671abaf462ca3d1f222c8adacc3 0cea5b52854c4e668724328acc92db2b - - 95a8e68532af41d59ccacdfea55f3868 95a8e68532af41d59ccacdfea55f3868] 10.0.0.27 "GET /v2.0/networks/cb9ceaf8-29ee-4c7f-b34b-2e99e9785b8f?fields=provider%3Aphysical_network&fields=provider%3Anetwork_type HTTP/1.1" status: 200 len: 277 time: 0.1153152
2026-07-10 00:59:19.590 9 INFO neutron.wsgi [req-61d2e87a-3fac-40b0-ae55-3965aff2d529 req-ba3b2597-385d-4e1c-a11f-4f1a660812ce 3ccf8b0bc99e4648abe65cb7a7f891a4 5990a1f3337647d599e47f5aaef48d40 - - default default] 10.0.0.27 "GET /v2.0/ports?device_id=aca44dc3-7b55-4c86-add1-5b14d2510759 HTTP/1.1" status: 200 len: 210 time: 0.0284333
2026-07-10 00:59:19.645 10 INFO neutron.wsgi [None req-77c59e98-4612-4a66-9c82-6800f13273d2 b13065b0f973485fbb4e80863a5c6d67 03e5181efa7b49fa8bb5a67eab4d04b2 - - default default] 10.0.0.99 "DELETE /v2.0/floatingips/d84df4fc-27f5-4c7a-9520-41d2907b3300 HTTP/1.1" status: 204 len: 168 time: 0.3493214
2026-07-10 00:59:19.723 9 INFO neutron.db.ovn_revision_numbers_db [None req-effc858b-7130-4b85-96ba-e9e689a185b7 - - - - - -] Successfully bumped revision number for resource 2b232d6a-3939-4348-8f93-a33513c38913 (type: ports) to 2
2026-07-10 00:59:19.997 9 INFO neutron.db.ovn_revision_numbers_db [None req-c9042360-27d3-4f2c-8532-2f772c71a226 fdcfe6efecc7496ca17a5b8c015822be 516d52bf26fe48e4868e535fbc418f23 - - default default] Successfully bumped revision number for resource 9e9eedcd-b5cf-44f6-b444-dad64a7bd10e (type: router_ports) to 1
2026-07-10 00:59:20.003 9 INFO neutron.wsgi [None req-c9042360-27d3-4f2c-8532-2f772c71a226 fdcfe6efecc7496ca17a5b8c015822be 516d52bf26fe48e4868e535fbc418f23 - - default default] 10.0.0.99 "PUT /v2.0/routers/ebf6aa3a-fdfd-4dc6-b54b-27cb41ad03c7/add_router_interface HTTP/1.1" status: 200 len: 503 time: 4.4964607
2026-07-10 00:59:20.236 9 INFO neutron.db.ovn_revision_numbers_db [None req-effc858b-7130-4b85-96ba-e9e689a185b7 - - - - - -] Successfully bumped revision number for resource 2b232d6a-3939-4348-8f93-a33513c38913 (type: ports) to 4
2026-07-10 00:59:20.385 10 INFO neutron.wsgi [req-f46b80a0-589d-4881-81b9-f24a0f120242 req-5f9f55f5-ac37-40e2-9d62-0640c0dbaf96 3ccf8b0bc99e4648abe65cb7a7f891a4 5990a1f3337647d599e47f5aaef48d40 - - default default] 199.204.45.205 "GET /v2.0/networks?id=cb9ceaf8-29ee-4c7f-b34b-2e99e9785b8f HTTP/1.1" status: 200 len: 877 time: 0.1061647
2026-07-10 00:59:20.409 10 WARNING neutron_lib.context [req-f46b80a0-589d-4881-81b9-f24a0f120242 req-0b82b257-505a-4d6d-85de-b6a7f5ee8ad9 3ccf8b0bc99e4648abe65cb7a7f891a4 5990a1f3337647d599e47f5aaef48d40 - - default default] Method 'is_advsvc' is deprecated since 2023.2 release (neutron-lib 3.8.0) and will be removed once support for the old RBAC API policies will be removed from Neutron. Please use method 'is_service_role' instead.
2026-07-10 00:59:20.429 10 INFO neutron.db.ovn_revision_numbers_db [None req-f5ba65eb-7dd2-46f0-a57e-67259e1a6847 fdcfe6efecc7496ca17a5b8c015822be 516d52bf26fe48e4868e535fbc418f23 - - default default] Successfully bumped revision number for resource 31bb09ce-0202-429c-b556-3a79a58f6b51 (type: security_groups) to 1
2026-07-10 00:59:20.481 10 INFO neutron.db.ovn_revision_numbers_db [None req-f5ba65eb-7dd2-46f0-a57e-67259e1a6847 fdcfe6efecc7496ca17a5b8c015822be 516d52bf26fe48e4868e535fbc418f23 - - default default] Successfully bumped revision number for resource 16277e1c-c9c5-4202-8c5a-2f91dc52bcff (type: security_group_rules) to 0
2026-07-10 00:59:20.503 10 INFO neutron.db.ovn_revision_numbers_db [None req-f5ba65eb-7dd2-46f0-a57e-67259e1a6847 fdcfe6efecc7496ca17a5b8c015822be 516d52bf26fe48e4868e535fbc418f23 - - default default] Successfully bumped revision number for resource 2c1cc387-26e0-4fb7-a290-a22dd28cc0d9 (type: security_group_rules) to 0
2026-07-10 00:59:20.529 9 INFO neutron.db.ovn_revision_numbers_db [None req-effc858b-7130-4b85-96ba-e9e689a185b7 - - - - - -] Successfully bumped revision number for resource 2b232d6a-3939-4348-8f93-a33513c38913 (type: router_ports) to 4
2026-07-10 00:59:20.543 10 INFO neutron.db.ovn_revision_numbers_db [None req-f5ba65eb-7dd2-46f0-a57e-67259e1a6847 fdcfe6efecc7496ca17a5b8c015822be 516d52bf26fe48e4868e535fbc418f23 - - default default] Successfully bumped revision number for resource 3312a09d-694c-4b3b-af57-104f2384b587 (type: security_group_rules) to 0
2026-07-10 00:59:20.572 10 INFO neutron.db.ovn_revision_numbers_db [None req-f5ba65eb-7dd2-46f0-a57e-67259e1a6847 fdcfe6efecc7496ca17a5b8c015822be 516d52bf26fe48e4868e535fbc418f23 - - default default] Successfully bumped revision number for resource 9a13d630-f4c9-4671-ada1-0e8aa9e98496 (type: security_group_rules) to 0
2026-07-10 00:59:20.602 9 WARNING neutron_lib.context [None req-0d9ca8aa-ac11-40cf-b819-1dbcd45abc13 b604b29f930742539b5c012cd5280b42 42f17eb07b7248cc830ad2aff40773ce - - default default] Method 'is_advsvc' is deprecated since 2023.2 release (neutron-lib 3.8.0) and will be removed once support for the old RBAC API policies will be removed from Neutron. Please use method 'is_service_role' instead.
2026-07-10 00:59:20.612 10 INFO neutron.wsgi [None req-f5ba65eb-7dd2-46f0-a57e-67259e1a6847 fdcfe6efecc7496ca17a5b8c015822be 516d52bf26fe48e4868e535fbc418f23 - - default default] 10.0.0.99 "GET /v2.0/security-groups?tenant_id=9cb0ba21e543403dbbca964d94d53fc1&name=default HTTP/1.1" status: 200 len: 3120 time: 0.6426356
2026-07-10 00:59:20.696 9 INFO neutron.wsgi [req-1e317d38-87ed-481a-a27f-106912439f97 req-cc5c7096-8c40-4fce-907f-72277836a6c3 3ccf8b0bc99e4648abe65cb7a7f891a4 5990a1f3337647d599e47f5aaef48d40 - - default default] 10.0.0.27 "GET /v2.0/ports?device_id=aca44dc3-7b55-4c86-add1-5b14d2510759 HTTP/1.1" status: 200 len: 210 time: 0.0315602
2026-07-10 00:59:20.799 9 INFO neutron.db.ovn_revision_numbers_db [None req-0d9ca8aa-ac11-40cf-b819-1dbcd45abc13 b604b29f930742539b5c012cd5280b42 42f17eb07b7248cc830ad2aff40773ce - - default default] Successfully bumped revision number for resource b7d720f7-4a76-48f0-827b-c29115b7740f (type: security_groups) to 1
2026-07-10 00:59:20.839 9 INFO neutron.db.ovn_revision_numbers_db [None req-0d9ca8aa-ac11-40cf-b819-1dbcd45abc13 b604b29f930742539b5c012cd5280b42 42f17eb07b7248cc830ad2aff40773ce - - default default] Successfully bumped revision number for resource 929b1635-3c3d-4753-bb2f-8081a4f753e6 (type: security_group_rules) to 0
2026-07-10 00:59:20.867 9 INFO neutron.db.ovn_revision_numbers_db [None req-0d9ca8aa-ac11-40cf-b819-1dbcd45abc13 b604b29f930742539b5c012cd5280b42 42f17eb07b7248cc830ad2aff40773ce - - default default] Successfully bumped revision number for resource a59aeb25-1ea9-4f4c-94d6-8d48c0663155 (type: security_group_rules) to 0
2026-07-10 00:59:20.889 9 INFO neutron.wsgi [None req-0d9ca8aa-ac11-40cf-b819-1dbcd45abc13 b604b29f930742539b5c012cd5280b42 42f17eb07b7248cc830ad2aff40773ce - - default default] 10.0.0.99 "POST /v2.0/security-groups HTTP/1.1" status: 201 len: 1861 time: 0.2942779
2026-07-10 00:59:20.899 9 WARNING neutron_lib.context [None req-735df1f1-3c99-4b95-89df-6abb6ddac2e0 b604b29f930742539b5c012cd5280b42 42f17eb07b7248cc830ad2aff40773ce - - default default] Method 'is_advsvc' is deprecated since 2023.2 release (neutron-lib 3.8.0) and will be removed once support for the old RBAC API policies will be removed from Neutron. Please use method 'is_service_role' instead.
2026-07-10 00:59:20.923 9 INFO neutron.wsgi [None req-ba2e54a3-0aec-405b-8e60-f1c2fba971ae fdcfe6efecc7496ca17a5b8c015822be 516d52bf26fe48e4868e535fbc418f23 - - default default] 10.0.0.99 "DELETE /v2.0/security-groups/31bb09ce-0202-429c-b556-3a79a58f6b51 HTTP/1.1" status: 204 len: 168 time: 0.3044505
2026-07-10 00:59:20.947 10 WARNING neutron.scheduler.dhcp_agent_scheduler [req-f46b80a0-589d-4881-81b9-f24a0f120242 req-0b82b257-505a-4d6d-85de-b6a7f5ee8ad9 3ccf8b0bc99e4648abe65cb7a7f891a4 5990a1f3337647d599e47f5aaef48d40 - - default default] No more DHCP agents
2026-07-10 00:59:20.953 10 WARNING neutron.api.rpc.agentnotifiers.dhcp_rpc_agent_api [req-f46b80a0-589d-4881-81b9-f24a0f120242 req-0b82b257-505a-4d6d-85de-b6a7f5ee8ad9 3ccf8b0bc99e4648abe65cb7a7f891a4 5990a1f3337647d599e47f5aaef48d40 - - default default] Unable to schedule network cb9ceaf8-29ee-4c7f-b34b-2e99e9785b8f: no agents available; will retry on subsequent port and subnet creation events.
2026-07-10 00:59:21.094 9 INFO neutron.db.ovn_revision_numbers_db [None req-735df1f1-3c99-4b95-89df-6abb6ddac2e0 b604b29f930742539b5c012cd5280b42 42f17eb07b7248cc830ad2aff40773ce - - default default] Successfully bumped revision number for resource 24e99703-a432-4ec6-8d82-fffb0917668e (type: security_group_rules) to 0
2026-07-10 00:59:21.124 9 INFO neutron.wsgi [None req-735df1f1-3c99-4b95-89df-6abb6ddac2e0 b604b29f930742539b5c012cd5280b42 42f17eb07b7248cc830ad2aff40773ce - - default default] 10.0.0.99 "POST /v2.0/security-group-rules HTTP/1.1" status: 201 len: 796 time: 0.2301085
2026-07-10 00:59:21.134 9 WARNING neutron_lib.context [None req-7815b3ce-60c7-469b-88e6-591b5fdda010 b604b29f930742539b5c012cd5280b42 42f17eb07b7248cc830ad2aff40773ce - - default default] Method 'is_advsvc' is deprecated since 2023.2 release (neutron-lib 3.8.0) and will be removed once support for the old RBAC API policies will be removed from Neutron. Please use method 'is_service_role' instead.
2026-07-10 00:59:21.268 9 INFO neutron.db.ovn_revision_numbers_db [None req-6872f3fd-993b-4c67-a275-adce20ef7755 fdcfe6efecc7496ca17a5b8c015822be 516d52bf26fe48e4868e535fbc418f23 - - default default] Successfully bumped revision number for resource 5a162b3e-8d9f-4e0b-bbbd-4871791deb67 (type: security_groups) to 1
2026-07-10 00:59:21.291 9 INFO neutron.db.ovn_revision_numbers_db [None req-6872f3fd-993b-4c67-a275-adce20ef7755 fdcfe6efecc7496ca17a5b8c015822be 516d52bf26fe48e4868e535fbc418f23 - - default default] Successfully bumped revision number for resource 70804f9e-8c8d-4fe3-83db-b65dac898fb3 (type: security_group_rules) to 0
2026-07-10 00:59:21.296 9 INFO neutron.db.ovn_revision_numbers_db [None req-7815b3ce-60c7-469b-88e6-591b5fdda010 b604b29f930742539b5c012cd5280b42 42f17eb07b7248cc830ad2aff40773ce - - default default] Successfully bumped revision number for resource 1395cb65-eec7-4b89-bf4b-f827a5463d6d (type: security_group_rules) to 0
2026-07-10 00:59:21.319 9 INFO neutron.db.ovn_revision_numbers_db [None req-6872f3fd-993b-4c67-a275-adce20ef7755 fdcfe6efecc7496ca17a5b8c015822be 516d52bf26fe48e4868e535fbc418f23 - - default default] Successfully bumped revision number for resource 84fb0917-78d6-4ff9-84fd-ba18d9355c36 (type: security_group_rules) to 0
2026-07-10 00:59:21.471 10 INFO neutron.db.ovn_revision_numbers_db [req-f46b80a0-589d-4881-81b9-f24a0f120242 req-0b82b257-505a-4d6d-85de-b6a7f5ee8ad9 3ccf8b0bc99e4648abe65cb7a7f891a4 5990a1f3337647d599e47f5aaef48d40 - - default default] Successfully bumped revision number for resource d5906e74-8e90-41d6-be0b-0ea5a11e8e03 (type: ports) to 1
2026-07-10 00:59:21.500 10 INFO neutron.wsgi [req-f46b80a0-589d-4881-81b9-f24a0f120242 req-0b82b257-505a-4d6d-85de-b6a7f5ee8ad9 3ccf8b0bc99e4648abe65cb7a7f891a4 5990a1f3337647d599e47f5aaef48d40 - - default default] 199.204.45.205 "POST /v2.0/ports HTTP/1.1" status: 201 len: 1158 time: 1.1097848 /var/lib/openstack/lib/python3.10/site-packages/pycadf/identifier.py:71: UserWarning: Invalid uuid: neutron. To ensure interoperability, identifiers should be a valid uuid. warnings.warn(('Invalid uuid: %s. To ensure interoperability, '
2026-07-10 00:59:21.542 9 INFO neutron.wsgi [None req-7815b3ce-60c7-469b-88e6-591b5fdda010 b604b29f930742539b5c012cd5280b42 42f17eb07b7248cc830ad2aff40773ce - - default default] 10.0.0.99 "POST /v2.0/security-group-rules HTTP/1.1" status: 201 len: 801 time: 0.4129655
2026-07-10 00:59:21.548 9 INFO neutron.db.ovn_revision_numbers_db [None req-6872f3fd-993b-4c67-a275-adce20ef7755 fdcfe6efecc7496ca17a5b8c015822be 516d52bf26fe48e4868e535fbc418f23 - - default default] Successfully bumped revision number for resource 9402770a-dc7d-4bb5-84bf-99b15eac7fd7 (type: security_group_rules) to 0
2026-07-10 00:59:21.554 9 WARNING neutron_lib.context [None req-a7164fd4-5fa5-4a5f-b70e-26182be4cfe8 b604b29f930742539b5c012cd5280b42 42f17eb07b7248cc830ad2aff40773ce - - default default] Method 'is_advsvc' is deprecated since 2023.2 release (neutron-lib 3.8.0) and will be removed once support for the old RBAC API policies will be removed from Neutron. Please use method 'is_service_role' instead.
2026-07-10 00:59:21.572 9 INFO neutron.db.ovn_revision_numbers_db [None req-6872f3fd-993b-4c67-a275-adce20ef7755 fdcfe6efecc7496ca17a5b8c015822be 516d52bf26fe48e4868e535fbc418f23 - - default default] Successfully bumped revision number for resource ebab7743-5716-42c0-ba96-2bf717e42655 (type: security_group_rules) to 0
2026-07-10 00:59:21.602 9 INFO neutron.wsgi [None req-6872f3fd-993b-4c67-a275-adce20ef7755 fdcfe6efecc7496ca17a5b8c015822be 516d52bf26fe48e4868e535fbc418f23 - - default default] 10.0.0.99 "GET /v2.0/security-groups?tenant_id=143463f13961418db6b9ad5ca1fc6dcb&name=default HTTP/1.1" status: 200 len: 3120 time: 0.5589817
2026-07-10 00:59:21.641 10 INFO neutron.wsgi [None req-32422169-c9cc-4b65-aab7-870f5072042d fdcfe6efecc7496ca17a5b8c015822be 516d52bf26fe48e4868e535fbc418f23 - - default default] 10.0.0.99 "PUT /v2.0/routers/4700d5ad-e0e2-4562-9288-1ab0c4c1d43a/remove_router_interface HTTP/1.1" status: 200 len: 503 time: 1.9921670 /var/lib/openstack/lib/python3.10/site-packages/pycadf/identifier.py:71: UserWarning: Invalid uuid: neutron. To ensure interoperability, identifiers should be a valid uuid. warnings.warn(('Invalid uuid: %s. To ensure interoperability, '
2026-07-10 00:59:21.851 9 INFO neutron.wsgi [req-3d94fb37-4d79-4076-8c06-c10de76ebc6f req-af89df2e-11fc-4b16-8391-a2da03bae418 3ccf8b0bc99e4648abe65cb7a7f891a4 5990a1f3337647d599e47f5aaef48d40 - - default default] 10.0.0.27 "GET /v2.0/ports?device_id=aca44dc3-7b55-4c86-add1-5b14d2510759 HTTP/1.1" status: 200 len: 1156 time: 0.0605121
2026-07-10 00:59:21.891 9 WARNING neutron.scheduler.dhcp_agent_scheduler [None req-a7164fd4-5fa5-4a5f-b70e-26182be4cfe8 b604b29f930742539b5c012cd5280b42 42f17eb07b7248cc830ad2aff40773ce - - default default] No more DHCP agents
2026-07-10 00:59:21.901 9 WARNING neutron.api.rpc.agentnotifiers.dhcp_rpc_agent_api [None req-a7164fd4-5fa5-4a5f-b70e-26182be4cfe8 b604b29f930742539b5c012cd5280b42 42f17eb07b7248cc830ad2aff40773ce - - default default] Unable to schedule network db097c83-e6e8-4e2a-8c29-36e3564d3044: no agents available; will retry on subsequent port and subnet creation events.
2026-07-10 00:59:21.946 9 INFO neutron.wsgi [req-3d94fb37-4d79-4076-8c06-c10de76ebc6f req-daa098a3-e0e2-4e02-81ae-188709abcd76 3ccf8b0bc99e4648abe65cb7a7f891a4 5990a1f3337647d599e47f5aaef48d40 - - default default] 10.0.0.27 "GET /v2.0/security-groups?id=424dde52-b8e5-43cd-9e59-c423069fe6e7&fields=id&fields=name HTTP/1.1" status: 200 len: 286 time: 0.0870438
2026-07-10 00:59:21.979 9 INFO neutron.wsgi [None req-26345756-38f8-4166-b4b2-4c5d888ef16e fdcfe6efecc7496ca17a5b8c015822be 516d52bf26fe48e4868e535fbc418f23 - - default default] 10.0.0.99 "DELETE /v2.0/security-groups/5a162b3e-8d9f-4e0b-bbbd-4871791deb67 HTTP/1.1" status: 204 len: 168 time: 0.3706195
2026-07-10 00:59:22.162 10 INFO neutron.db.ovn_revision_numbers_db [req-f46b80a0-589d-4881-81b9-f24a0f120242 req-7fd85260-c279-4500-98a6-0268b1f01fec 4a924671abaf462ca3d1f222c8adacc3 0cea5b52854c4e668724328acc92db2b - - 95a8e68532af41d59ccacdfea55f3868 95a8e68532af41d59ccacdfea55f3868] Successfully bumped revision number for resource d5906e74-8e90-41d6-be0b-0ea5a11e8e03 (type: ports) to 2
2026-07-10 00:59:22.293 9 INFO neutron.wsgi [None req-a7164fd4-5fa5-4a5f-b70e-26182be4cfe8 b604b29f930742539b5c012cd5280b42 42f17eb07b7248cc830ad2aff40773ce - - default default] 10.0.0.99 "POST /v2.0/floatingips HTTP/1.1" status: 201 len: 751 time: 0.7465260
2026-07-10 00:59:22.484 10 INFO neutron.db.ovn_revision_numbers_db [req-f46b80a0-589d-4881-81b9-f24a0f120242 req-7fd85260-c279-4500-98a6-0268b1f01fec 4a924671abaf462ca3d1f222c8adacc3 0cea5b52854c4e668724328acc92db2b - - 95a8e68532af41d59ccacdfea55f3868 95a8e68532af41d59ccacdfea55f3868] Successfully bumped revision number for resource d5906e74-8e90-41d6-be0b-0ea5a11e8e03 (type: ports) to 2
2026-07-10 00:59:22.533 10 INFO neutron.wsgi [req-f46b80a0-589d-4881-81b9-f24a0f120242 req-7fd85260-c279-4500-98a6-0268b1f01fec 4a924671abaf462ca3d1f222c8adacc3 0cea5b52854c4e668724328acc92db2b - - 95a8e68532af41d59ccacdfea55f3868 95a8e68532af41d59ccacdfea55f3868] 199.204.45.205 "PUT /v2.0/ports/d5906e74-8e90-41d6-be0b-0ea5a11e8e03 HTTP/1.1" status: 200 len: 1376 time: 1.0251629
2026-07-10 00:59:22.568 10 INFO neutron.notifiers.nova [-] Nova event matching ['req-10b18872-8928-49fa-ab31-9ca30390b119'] response: {'name': 'network-changed', 'server_uuid': 'aca44dc3-7b55-4c86-add1-5b14d2510759', 'tag': 'd5906e74-8e90-41d6-be0b-0ea5a11e8e03', 'status': 'completed', 'code': 200} /var/lib/openstack/lib/python3.10/site-packages/pycadf/identifier.py:71: UserWarning: Invalid uuid: neutron. To ensure interoperability, identifiers should be a valid uuid. warnings.warn(('Invalid uuid: %s. To ensure interoperability, '
2026-07-10 00:59:22.646 10 INFO neutron.wsgi [req-f46b80a0-589d-4881-81b9-f24a0f120242 req-b822f193-6aa3-4110-a4cd-f3236fa7cce5 4a924671abaf462ca3d1f222c8adacc3 0cea5b52854c4e668724328acc92db2b - - 95a8e68532af41d59ccacdfea55f3868 95a8e68532af41d59ccacdfea55f3868] 199.204.45.205 "GET /v2.0/ports?tenant_id=5990a1f3337647d599e47f5aaef48d40&device_id=aca44dc3-7b55-4c86-add1-5b14d2510759 HTTP/1.1" status: 200 len: 1407 time: 0.0718672
2026-07-10 00:59:22.720 10 INFO neutron.wsgi [req-f46b80a0-589d-4881-81b9-f24a0f120242 req-4955ae06-fab8-471a-a93c-67fab37c6031 4a924671abaf462ca3d1f222c8adacc3 0cea5b52854c4e668724328acc92db2b - - 95a8e68532af41d59ccacdfea55f3868 95a8e68532af41d59ccacdfea55f3868] 199.204.45.205 "GET /v2.0/floatingips?fixed_ip_address=10.100.0.4&port_id=d5906e74-8e90-41d6-be0b-0ea5a11e8e03 HTTP/1.1" status: 200 len: 217 time: 0.0455122
2026-07-10 00:59:22.782 10 INFO neutron.wsgi [req-f46b80a0-589d-4881-81b9-f24a0f120242 req-b9f04577-4b89-45cb-b331-942c8849b024 4a924671abaf462ca3d1f222c8adacc3 0cea5b52854c4e668724328acc92db2b - - 95a8e68532af41d59ccacdfea55f3868 95a8e68532af41d59ccacdfea55f3868] 199.204.45.205 "GET /v2.0/subnets?id=514a528e-c602-46b8-bd3f-db8901d0599d HTTP/1.1" status: 200 len: 871 time: 0.0510507
2026-07-10 00:59:22.804 9 INFO neutron.wsgi [req-6d65ed97-de50-48f9-a525-5d69845a7eb9 req-50de7f86-ad74-4d0e-aabb-dccfa3ea81ed b604b29f930742539b5c012cd5280b42 42f17eb07b7248cc830ad2aff40773ce - - default default] 10.0.0.27 "GET /v2.0/security-groups?name=tempest-securitygroup--1521681086&fields=id&tenant_id=42f17eb07b7248cc830ad2aff40773ce HTTP/1.1" status: 200 len: 267 time: 0.0573912
2026-07-10 00:59:22.821 10 INFO neutron.wsgi [req-f46b80a0-589d-4881-81b9-f24a0f120242 req-e83e7bc3-91cc-4bce-a82a-8421e28edd4f 4a924671abaf462ca3d1f222c8adacc3 0cea5b52854c4e668724328acc92db2b - - 95a8e68532af41d59ccacdfea55f3868 95a8e68532af41d59ccacdfea55f3868] 199.204.45.205 "GET /v2.0/ports?network_id=cb9ceaf8-29ee-4c7f-b34b-2e99e9785b8f&device_owner=network%3Adhcp HTTP/1.1" status: 200 len: 210 time: 0.0317698
2026-07-10 00:59:22.825 10 INFO neutron.wsgi [None req-76621f90-7a67-4b8d-aa01-3c0e3a608567 fdcfe6efecc7496ca17a5b8c015822be 516d52bf26fe48e4868e535fbc418f23 - - default default] 10.0.0.99 "DELETE /v2.0/routers/4700d5ad-e0e2-4562-9288-1ab0c4c1d43a HTTP/1.1" status: 204 len: 168 time: 1.1780746
2026-07-10 00:59:22.886 9 INFO neutron.wsgi [req-6d65ed97-de50-48f9-a525-5d69845a7eb9 req-32603792-05c2-41ea-ab4f-f780ceea7fa1 b604b29f930742539b5c012cd5280b42 42f17eb07b7248cc830ad2aff40773ce - - default default] 10.0.0.27 "GET /v2.0/networks?id=33224d1f-0b98-4144-b0d6-263997ffd6ef HTTP/1.1" status: 200 len: 868 time: 0.0764811
2026-07-10 00:59:22.909 9 INFO neutron.wsgi [req-6d65ed97-de50-48f9-a525-5d69845a7eb9 req-506a521b-770c-4308-a3fb-48dd76fd8c85 b604b29f930742539b5c012cd5280b42 42f17eb07b7248cc830ad2aff40773ce - - default default] 10.0.0.27 "GET /v2.0/quotas/42f17eb07b7248cc830ad2aff40773ce HTTP/1.1" status: 200 len: 491 time: 0.0142684
2026-07-10 00:59:22.909 10 INFO neutron.wsgi [req-f46b80a0-589d-4881-81b9-f24a0f120242 req-10641cb4-5cc1-42ca-b4ef-35b22637c2c9 4a924671abaf462ca3d1f222c8adacc3 0cea5b52854c4e668724328acc92db2b - - 95a8e68532af41d59ccacdfea55f3868 95a8e68532af41d59ccacdfea55f3868] 199.204.45.205 "GET /v2.0/networks/cb9ceaf8-29ee-4c7f-b34b-2e99e9785b8f?fields=segments HTTP/1.1" status: 200 len: 212 time: 0.0802431
2026-07-10 00:59:23.004 10 INFO neutron.wsgi [req-f46b80a0-589d-4881-81b9-f24a0f120242 req-11063638-80b4-4ab2-be9f-7f983e11d43e 4a924671abaf462ca3d1f222c8adacc3 0cea5b52854c4e668724328acc92db2b - - 95a8e68532af41d59ccacdfea55f3868 95a8e68532af41d59ccacdfea55f3868] 199.204.45.205 "GET /v2.0/networks/cb9ceaf8-29ee-4c7f-b34b-2e99e9785b8f?fields=provider%3Aphysical_network&fields=provider%3Anetwork_type HTTP/1.1" status: 200 len: 277 time: 0.0844479
2026-07-10 00:59:23.047 9 INFO neutron.wsgi [req-6d65ed97-de50-48f9-a525-5d69845a7eb9 req-9909ba2c-9a6e-46a4-8a09-a4d3b51f17db b604b29f930742539b5c012cd5280b42 42f17eb07b7248cc830ad2aff40773ce - - default default] 10.0.0.27 "GET /v2.0/ports?tenant_id=42f17eb07b7248cc830ad2aff40773ce&fields=id HTTP/1.1" status: 200 len: 302 time: 0.1309619
2026-07-10 00:59:23.086 9 INFO neutron.wsgi [req-53043ee5-a7df-422d-9e18-05ee8de1e4f2 req-e7f9fc0a-6f19-4c9a-95db-7090a3da53cd 3ccf8b0bc99e4648abe65cb7a7f891a4 5990a1f3337647d599e47f5aaef48d40 - - default default] 10.0.0.27 "GET /v2.0/ports?device_id=aca44dc3-7b55-4c86-add1-5b14d2510759 HTTP/1.1" status: 200 len: 1168 time: 0.0632420
2026-07-10 00:59:23.095 10 INFO neutron.wsgi [req-cb89af22-88be-486c-a27c-694379ee0c48 req-fdd875fc-b1b6-4cd2-87fc-eb6cc0921751 4a924671abaf462ca3d1f222c8adacc3 0cea5b52854c4e668724328acc92db2b - - 95a8e68532af41d59ccacdfea55f3868 95a8e68532af41d59ccacdfea55f3868] 199.204.45.205 "GET /v2.0/ports?tenant_id=5990a1f3337647d599e47f5aaef48d40&device_id=aca44dc3-7b55-4c86-add1-5b14d2510759 HTTP/1.1" status: 200 len: 1407 time: 0.0432341
2026-07-10 00:59:23.105 10 INFO neutron.wsgi [None req-f6634e65-805e-46fa-bcbe-eaf66c97776f fdcfe6efecc7496ca17a5b8c015822be 516d52bf26fe48e4868e535fbc418f23 - - default default] 10.0.0.99 "DELETE /v2.0/subnets/f2111698-7ebf-44d9-8925-688a575e7c10 HTTP/1.1" status: 204 len: 168 time: 0.2762010
2026-07-10 00:59:23.166 10 INFO neutron.wsgi [req-cb89af22-88be-486c-a27c-694379ee0c48 req-8918613d-d6a4-428d-a125-8c1a0ca41c62 4a924671abaf462ca3d1f222c8adacc3 0cea5b52854c4e668724328acc92db2b - - 95a8e68532af41d59ccacdfea55f3868 95a8e68532af41d59ccacdfea55f3868] 199.204.45.205 "GET /v2.0/networks?id=cb9ceaf8-29ee-4c7f-b34b-2e99e9785b8f HTTP/1.1" status: 200 len: 976 time: 0.0606589
2026-07-10 00:59:23.173 9 INFO neutron.wsgi [req-53043ee5-a7df-422d-9e18-05ee8de1e4f2 req-6152aef0-ecc6-404b-9166-1349dead54c3 3ccf8b0bc99e4648abe65cb7a7f891a4 5990a1f3337647d599e47f5aaef48d40 - - default default] 10.0.0.27 "GET /v2.0/security-groups?id=424dde52-b8e5-43cd-9e59-c423069fe6e7&fields=id&fields=name HTTP/1.1" status: 200 len: 286 time: 0.0782328
