2026-07-10 01:01:58.103 10 INFO neutron.wsgi [None req-84d87d6f-fe09-4753-ad79-5fe2a9b928c5 a549846782f2481c924e3d09346ac02a a760024398fe42bc95379997e845d9b5 - - default default] 10.0.0.99 "GET /v2.0/floatingips?not-tags-any=red%2Cblue HTTP/1.1" status: 200 len: 1295 time: 0.0546861
2026-07-10 01:01:58.140 10 INFO neutron.wsgi [None req-108b00b3-a636-4d37-9824-0504745fec0e 7c7f51819df945f19d4b4021b50f71f0 8220703430f34f7498a1cfddc1795aa6 - - default default] 10.0.0.99 "DELETE /v2.0/policies/4295b9ec-5111-4aec-a2b7-7e358afdb045/tags/red HTTP/1.1" status: 204 len: 168 time: 0.0501475
2026-07-10 01:01:58.173 10 INFO neutron.wsgi [None req-1f3b944b-91c9-4a5b-92fc-7252b9dcbed6 7c7f51819df945f19d4b4021b50f71f0 8220703430f34f7498a1cfddc1795aa6 - - default default] 10.0.0.99 "GET /v2.0/policies/4295b9ec-5111-4aec-a2b7-7e358afdb045/tags HTTP/1.1" status: 200 len: 223 time: 0.0287089
2026-07-10 01:01:58.194 10 INFO neutron.api.v2.resource [None req-952b7bcb-3860-4dbe-b6cc-933ccdf5b4b3 7c7f51819df945f19d4b4021b50f71f0 8220703430f34f7498a1cfddc1795aa6 - - default default] delete failed (client error): The resource could not be found.
2026-07-10 01:01:58.195 10 INFO neutron.wsgi [None req-952b7bcb-3860-4dbe-b6cc-933ccdf5b4b3 7c7f51819df945f19d4b4021b50f71f0 8220703430f34f7498a1cfddc1795aa6 - - default default] 10.0.0.99 "DELETE /v2.0/policies/4295b9ec-5111-4aec-a2b7-7e358afdb045/tags/green HTTP/1.1" status: 404 len: 299 time: 0.0174263
2026-07-10 01:01:58.227 10 INFO neutron.wsgi [None req-bd5ef7d3-8655-4278-9312-8b73326e6f6f 7c7f51819df945f19d4b4021b50f71f0 8220703430f34f7498a1cfddc1795aa6 - - default default] 10.0.0.99 "DELETE /v2.0/policies/4295b9ec-5111-4aec-a2b7-7e358afdb045/tags HTTP/1.1" status: 204 len: 168 time: 0.0254824
2026-07-10 01:01:58.245 10 INFO neutron.wsgi [None req-960fa8e7-4389-46a3-a6f5-83cce0d2fa9e 7c7f51819df945f19d4b4021b50f71f0 8220703430f34f7498a1cfddc1795aa6 - - default default] 10.0.0.99 "GET /v2.0/policies/4295b9ec-5111-4aec-a2b7-7e358afdb045/tags HTTP/1.1" status: 200 len: 205 time: 0.0144320
2026-07-10 01:01:58.316 10 INFO neutron.wsgi [None req-35f507fc-f7f6-4079-8b25-1c9b2f543a4f 7c7f51819df945f19d4b4021b50f71f0 8220703430f34f7498a1cfddc1795aa6 - - default default] 10.0.0.99 "DELETE /v2.0/qos/policies/4295b9ec-5111-4aec-a2b7-7e358afdb045 HTTP/1.1" status: 204 len: 168 time: 0.0614836
2026-07-10 01:01:58.409 9 INFO neutron.wsgi [None req-fba3dc06-f6e4-47f8-bd87-d191942fc9da 509ac4400d2d4c138b905077dd73581d 9df8f2d5377d47b4b86d1e801d45cf6f - - default default] 10.0.0.99 "DELETE /v2.0/ports/9b399828-9077-400f-9d87-2d13a2416cda HTTP/1.1" status: 204 len: 168 time: 0.4287765
2026-07-10 01:01:58.540 9 INFO neutron.wsgi [None req-f5d823cd-caa3-457b-bb55-752318fa99cc a549846782f2481c924e3d09346ac02a a760024398fe42bc95379997e845d9b5 - - default default] 10.0.0.99 "DELETE /v2.0/floatingips/c4b544c5-b418-46b1-8338-2080bf4704cc HTTP/1.1" status: 204 len: 168 time: 0.4295948
2026-07-10 01:01:58.818 10 INFO neutron.services.segments.plugin [-] Segment f4040f14-1840-452e-8a70-f306f833165a resource provider aggregate not found
2026-07-10 01:01:58.823 10 INFO neutron.services.segments.plugin [-] Segment f4040f14-1840-452e-8a70-f306f833165a resource provider aggregate not found
2026-07-10 01:01:58.838 10 INFO neutron.services.segments.plugin [-] Segment f4040f14-1840-452e-8a70-f306f833165a resource provider not found; error: Placement Client Error (4xx): {"errors": [{"status": 404, "title": "Not Found", "detail": "The resource could not be found.\n\n No resource provider with uuid f4040f14-1840-452e-8a70-f306f833165a found for delete ", "request_id": "req-edae30c9-3d7c-4368-aa2b-07d5f2b07511"}]}
2026-07-10 01:01:58.839 10 INFO neutron.services.segments.plugin [-] Segment f4040f14-1840-452e-8a70-f306f833165a resource provider not found; error: Placement Client Error (4xx): {"errors": [{"status": 404, "title": "Not Found", "detail": "The resource could not be found.\n\n No resource provider with uuid f4040f14-1840-452e-8a70-f306f833165a found for delete ", "request_id": "req-0e3692b4-243b-4a5b-be46-9d45a7fc5617"}]}
2026-07-10 01:01:58.867 10 INFO neutron.wsgi [None req-3c603301-08b8-4364-ac94-e6a36d8b9a24 509ac4400d2d4c138b905077dd73581d 9df8f2d5377d47b4b86d1e801d45cf6f - - default default] 10.0.0.99 "DELETE /v2.0/networks/e322e891-9286-419a-990c-6b44312ccaee HTTP/1.1" status: 204 len: 168 time: 0.4529092
2026-07-10 01:01:58.885 9 INFO neutron.wsgi [None req-e31070e0-b27d-483d-a8cd-4d9625021d5c a549846782f2481c924e3d09346ac02a a760024398fe42bc95379997e845d9b5 - - default default] 10.0.0.99 "DELETE /v2.0/floatingips/498980cf-9bf2-4c2e-af22-92bb02239ea2 HTTP/1.1" status: 204 len: 168 time: 0.3396685
2026-07-10 01:01:59.407 10 INFO neutron.db.ovn_revision_numbers_db [None req-59965c10-5de1-4ef5-a1e3-a6f25d306a20 fdcfe6efecc7496ca17a5b8c015822be 516d52bf26fe48e4868e535fbc418f23 - - default default] Successfully bumped revision number for resource 803592c4-bad1-4584-b462-6e988bbac511 (type: security_groups) to 1
2026-07-10 01:01:59.427 10 INFO neutron.db.ovn_revision_numbers_db [None req-59965c10-5de1-4ef5-a1e3-a6f25d306a20 fdcfe6efecc7496ca17a5b8c015822be 516d52bf26fe48e4868e535fbc418f23 - - default default] Successfully bumped revision number for resource 68dfe150-c040-4a36-b34b-41ddad673871 (type: security_group_rules) to 0
2026-07-10 01:01:59.446 10 INFO neutron.db.ovn_revision_numbers_db [None req-59965c10-5de1-4ef5-a1e3-a6f25d306a20 fdcfe6efecc7496ca17a5b8c015822be 516d52bf26fe48e4868e535fbc418f23 - - default default] Successfully bumped revision number for resource 86b9c3b3-bd97-48e5-a8c7-3f117ba0f3b6 (type: security_group_rules) to 0
2026-07-10 01:01:59.460 10 INFO neutron.db.ovn_revision_numbers_db [None req-59965c10-5de1-4ef5-a1e3-a6f25d306a20 fdcfe6efecc7496ca17a5b8c015822be 516d52bf26fe48e4868e535fbc418f23 - - default default] Successfully bumped revision number for resource a65b6795-61c7-40bf-8949-63d42ac46292 (type: security_group_rules) to 0
2026-07-10 01:01:59.477 10 INFO neutron.db.ovn_revision_numbers_db [None req-59965c10-5de1-4ef5-a1e3-a6f25d306a20 fdcfe6efecc7496ca17a5b8c015822be 516d52bf26fe48e4868e535fbc418f23 - - default default] Successfully bumped revision number for resource c679f148-0959-4b44-940f-f303d60c6226 (type: security_group_rules) to 0
2026-07-10 01:01:59.504 10 INFO neutron.wsgi [None req-59965c10-5de1-4ef5-a1e3-a6f25d306a20 fdcfe6efecc7496ca17a5b8c015822be 516d52bf26fe48e4868e535fbc418f23 - - default default] 10.0.0.99 "GET /v2.0/security-groups?tenant_id=4af4c3511ef24394b9342e4f59cc3868&name=default HTTP/1.1" status: 200 len: 3120 time: 0.5228250
2026-07-10 01:01:59.547 9 INFO neutron.wsgi [None req-edd5e0f3-bba0-4892-9dba-8e3d29b3e13d a549846782f2481c924e3d09346ac02a a760024398fe42bc95379997e845d9b5 - - default default] 10.0.0.99 "DELETE /v2.0/floatingips/d160903c-ad6f-452c-b657-826880217b18 HTTP/1.1" status: 204 len: 168 time: 0.6550934
2026-07-10 01:01:59.760 10 INFO neutron.wsgi [None req-089fb45b-b2f4-40be-acc8-651fbb67096f fdcfe6efecc7496ca17a5b8c015822be 516d52bf26fe48e4868e535fbc418f23 - - default default] 10.0.0.99 "DELETE /v2.0/security-groups/803592c4-bad1-4584-b462-6e988bbac511 HTTP/1.1" status: 204 len: 168 time: 0.2498095
2026-07-10 01:01:59.951 9 INFO neutron.db.ovn_revision_numbers_db [None req-ac8df52e-c128-4ddc-9114-b4bfe1e1612f fdcfe6efecc7496ca17a5b8c015822be 516d52bf26fe48e4868e535fbc418f23 - - default default] Successfully bumped revision number for resource 3d7b791e-9961-43f6-b5c6-b891da569538 (type: security_groups) to 1
2026-07-10 01:01:59.972 9 INFO neutron.db.ovn_revision_numbers_db [None req-ac8df52e-c128-4ddc-9114-b4bfe1e1612f fdcfe6efecc7496ca17a5b8c015822be 516d52bf26fe48e4868e535fbc418f23 - - default default] Successfully bumped revision number for resource 0febd7de-22ce-4c44-988c-68b0726a67aa (type: security_group_rules) to 0
2026-07-10 01:01:59.977 9 INFO neutron.wsgi [None req-19e77256-4069-4e76-9d31-ec6083100a57 a549846782f2481c924e3d09346ac02a a760024398fe42bc95379997e845d9b5 - - default default] 10.0.0.99 "DELETE /v2.0/floatingips/19a5f0bd-7d0f-491d-b1c4-436e7f2ade60 HTTP/1.1" status: 204 len: 168 time: 0.4251671
2026-07-10 01:01:59.984 10 INFO neutron.db.ovn_revision_numbers_db [None req-a153e3ec-7e69-4c92-b5b7-0b4852978505 fdcfe6efecc7496ca17a5b8c015822be 516d52bf26fe48e4868e535fbc418f23 - - default default] Successfully bumped revision number for resource 79d750fd-e914-470f-9b25-93379c7faf9e (type: security_groups) to 1
2026-07-10 01:02:00.001 10 INFO neutron.db.ovn_revision_numbers_db [None req-a153e3ec-7e69-4c92-b5b7-0b4852978505 fdcfe6efecc7496ca17a5b8c015822be 516d52bf26fe48e4868e535fbc418f23 - - default default] Successfully bumped revision number for resource 0919d51f-389c-4339-a5b9-2c49b1994fcb (type: security_group_rules) to 0
2026-07-10 01:02:00.011 9 INFO neutron.db.ovn_revision_numbers_db [None req-ac8df52e-c128-4ddc-9114-b4bfe1e1612f fdcfe6efecc7496ca17a5b8c015822be 516d52bf26fe48e4868e535fbc418f23 - - default default] Successfully bumped revision number for resource 92b3e4cc-930a-4f41-b509-791662387c19 (type: security_group_rules) to 0
2026-07-10 01:02:00.019 10 INFO neutron.db.ovn_revision_numbers_db [None req-a153e3ec-7e69-4c92-b5b7-0b4852978505 fdcfe6efecc7496ca17a5b8c015822be 516d52bf26fe48e4868e535fbc418f23 - - default default] Successfully bumped revision number for resource 2184918a-77ca-43ce-ac4d-76071705fac1 (type: security_group_rules) to 0
2026-07-10 01:02:00.034 10 INFO neutron.db.ovn_revision_numbers_db [None req-a153e3ec-7e69-4c92-b5b7-0b4852978505 fdcfe6efecc7496ca17a5b8c015822be 516d52bf26fe48e4868e535fbc418f23 - - default default] Successfully bumped revision number for resource 7a6c43b6-58b1-4b04-afb6-195d0e5eba9b (type: security_group_rules) to 0
2026-07-10 01:02:00.045 9 INFO neutron.db.ovn_revision_numbers_db [None req-ac8df52e-c128-4ddc-9114-b4bfe1e1612f fdcfe6efecc7496ca17a5b8c015822be 516d52bf26fe48e4868e535fbc418f23 - - default default] Successfully bumped revision number for resource b6b09b23-87b7-44af-931a-931657212b66 (type: security_group_rules) to 0
2026-07-10 01:02:00.055 10 INFO neutron.db.ovn_revision_numbers_db [None req-a153e3ec-7e69-4c92-b5b7-0b4852978505 fdcfe6efecc7496ca17a5b8c015822be 516d52bf26fe48e4868e535fbc418f23 - - default default] Successfully bumped revision number for resource bb816aa4-e385-4c1c-bfdf-c6e99e806785 (type: security_group_rules) to 0
2026-07-10 01:02:00.078 9 INFO neutron.db.ovn_revision_numbers_db [None req-ac8df52e-c128-4ddc-9114-b4bfe1e1612f fdcfe6efecc7496ca17a5b8c015822be 516d52bf26fe48e4868e535fbc418f23 - - default default] Successfully bumped revision number for resource d054e369-74c5-4fa8-a426-827e3071a559 (type: security_group_rules) to 0
2026-07-10 01:02:00.087 10 INFO neutron.wsgi [None req-a153e3ec-7e69-4c92-b5b7-0b4852978505 fdcfe6efecc7496ca17a5b8c015822be 516d52bf26fe48e4868e535fbc418f23 - - default default] 10.0.0.99 "GET /v2.0/security-groups?tenant_id=8220703430f34f7498a1cfddc1795aa6&name=default HTTP/1.1" status: 200 len: 3120 time: 0.2302694
2026-07-10 01:02:00.102 9 INFO neutron.wsgi [None req-ac8df52e-c128-4ddc-9114-b4bfe1e1612f fdcfe6efecc7496ca17a5b8c015822be 516d52bf26fe48e4868e535fbc418f23 - - default default] 10.0.0.99 "GET /v2.0/security-groups?tenant_id=a18d29871abc468bb7e7e89204a531bc&name=default HTTP/1.1" status: 200 len: 3120 time: 0.4394643
2026-07-10 01:02:00.370 10 INFO neutron.wsgi [None req-8df03eef-f18a-4964-83f2-639eed1fd622 fdcfe6efecc7496ca17a5b8c015822be 516d52bf26fe48e4868e535fbc418f23 - - default default] 10.0.0.99 "DELETE /v2.0/security-groups/3d7b791e-9961-43f6-b5c6-b891da569538 HTTP/1.1" status: 204 len: 168 time: 0.2607996
2026-07-10 01:02:00.374 10 INFO neutron.wsgi [None req-fc75cd9c-616d-42d4-8216-fb01a2a64aaa fdcfe6efecc7496ca17a5b8c015822be 516d52bf26fe48e4868e535fbc418f23 - - default default] 10.0.0.99 "DELETE /v2.0/security-groups/79d750fd-e914-470f-9b25-93379c7faf9e HTTP/1.1" status: 204 len: 168 time: 0.2791147
2026-07-10 01:02:00.390 9 INFO neutron.wsgi [None req-afa96b27-3c31-490d-bfb5-a820141b8cb8 a549846782f2481c924e3d09346ac02a a760024398fe42bc95379997e845d9b5 - - default default] 10.0.0.99 "DELETE /v2.0/floatingips/5d089d42-a4b3-4818-94d3-bc0f4d4b900c HTTP/1.1" status: 204 len: 168 time: 0.4062846
2026-07-10 01:02:00.601 10 INFO neutron.wsgi [None req-8a60dd63-ba84-46f7-b611-ec20c681b354 fdcfe6efecc7496ca17a5b8c015822be 516d52bf26fe48e4868e535fbc418f23 - - default default] 10.0.0.99 "GET /v2.0/security-groups?tenant_id=9df8f2d5377d47b4b86d1e801d45cf6f&name=default HTTP/1.1" status: 200 len: 3120 time: 0.0399804
2026-07-10 01:02:00.829 10 INFO neutron.wsgi [None req-fa648c6b-48a1-44ba-99e7-280bcbb0e777 fdcfe6efecc7496ca17a5b8c015822be 516d52bf26fe48e4868e535fbc418f23 - - default default] 10.0.0.99 "DELETE /v2.0/security-groups/b3b43aba-dd29-4b7a-bd54-f1be61e7214c HTTP/1.1" status: 204 len: 168 time: 0.2214351
2026-07-10 01:02:01.570 9 INFO neutron.db.ovn_revision_numbers_db [None req-1e939097-7dbe-404f-8dee-f9e1e4a8480a fdcfe6efecc7496ca17a5b8c015822be 516d52bf26fe48e4868e535fbc418f23 - - default default] Successfully bumped revision number for resource 8bab088a-8d3d-4430-acbe-31a6d8534d28 (type: security_groups) to 1
2026-07-10 01:02:01.586 9 INFO neutron.db.ovn_revision_numbers_db [None req-1e939097-7dbe-404f-8dee-f9e1e4a8480a fdcfe6efecc7496ca17a5b8c015822be 516d52bf26fe48e4868e535fbc418f23 - - default default] Successfully bumped revision number for resource 0f2a0dfe-2511-4a35-95a8-03245160a44c (type: security_group_rules) to 0
2026-07-10 01:02:01.602 9 INFO neutron.db.ovn_revision_numbers_db [None req-1e939097-7dbe-404f-8dee-f9e1e4a8480a fdcfe6efecc7496ca17a5b8c015822be 516d52bf26fe48e4868e535fbc418f23 - - default default] Successfully bumped revision number for resource 4e2a7220-9301-49b9-98f5-330dfcaff14c (type: security_group_rules) to 0
2026-07-10 01:02:01.617 9 INFO neutron.db.ovn_revision_numbers_db [None req-1e939097-7dbe-404f-8dee-f9e1e4a8480a fdcfe6efecc7496ca17a5b8c015822be 516d52bf26fe48e4868e535fbc418f23 - - default default] Successfully bumped revision number for resource a4de81db-6a21-436d-99b0-f0c545abc5b7 (type: security_group_rules) to 0
2026-07-10 01:02:01.633 9 INFO neutron.db.ovn_revision_numbers_db [None req-1e939097-7dbe-404f-8dee-f9e1e4a8480a fdcfe6efecc7496ca17a5b8c015822be 516d52bf26fe48e4868e535fbc418f23 - - default default] Successfully bumped revision number for resource ee89ccf3-2c62-446a-90ad-e6c26355c064 (type: security_group_rules) to 0
2026-07-10 01:02:01.663 9 INFO neutron.wsgi [None req-1e939097-7dbe-404f-8dee-f9e1e4a8480a fdcfe6efecc7496ca17a5b8c015822be 516d52bf26fe48e4868e535fbc418f23 - - default default] 10.0.0.99 "GET /v2.0/security-groups?tenant_id=9d3be55c281246e383bcd888c62e576c&name=default HTTP/1.1" status: 200 len: 3120 time: 0.3751445
2026-07-10 01:02:01.911 10 INFO neutron.wsgi [None req-5c7f8d82-34dc-4322-aad2-f40ac01183fe fdcfe6efecc7496ca17a5b8c015822be 516d52bf26fe48e4868e535fbc418f23 - - default default] 10.0.0.99 "DELETE /v2.0/security-groups/8bab088a-8d3d-4430-acbe-31a6d8534d28 HTTP/1.1" status: 204 len: 168 time: 0.2430818
2026-07-10 01:02:02.237 9 INFO neutron.db.ovn_revision_numbers_db [None req-64dee4dc-c552-4317-86ca-8a8a7171bd0c fdcfe6efecc7496ca17a5b8c015822be 516d52bf26fe48e4868e535fbc418f23 - - default default] Successfully bumped revision number for resource 95d513e6-a3e8-4a10-bee8-164f52b1f312 (type: security_groups) to 1
2026-07-10 01:02:02.251 9 INFO neutron.db.ovn_revision_numbers_db [None req-64dee4dc-c552-4317-86ca-8a8a7171bd0c fdcfe6efecc7496ca17a5b8c015822be 516d52bf26fe48e4868e535fbc418f23 - - default default] Successfully bumped revision number for resource 36f5854d-e012-469e-9ba2-6788c550f405 (type: security_group_rules) to 0
2026-07-10 01:02:02.265 9 INFO neutron.db.ovn_revision_numbers_db [None req-64dee4dc-c552-4317-86ca-8a8a7171bd0c fdcfe6efecc7496ca17a5b8c015822be 516d52bf26fe48e4868e535fbc418f23 - - default default] Successfully bumped revision number for resource bd9642d0-f283-4395-adcf-cb28630cdc6a (type: security_group_rules) to 0
2026-07-10 01:02:02.283 9 INFO neutron.db.ovn_revision_numbers_db [None req-64dee4dc-c552-4317-86ca-8a8a7171bd0c fdcfe6efecc7496ca17a5b8c015822be 516d52bf26fe48e4868e535fbc418f23 - - default default] Successfully bumped revision number for resource c2143343-90e6-4ddd-ab5c-eeec310ca532 (type: security_group_rules) to 0
2026-07-10 01:02:02.298 9 INFO neutron.db.ovn_revision_numbers_db [None req-64dee4dc-c552-4317-86ca-8a8a7171bd0c fdcfe6efecc7496ca17a5b8c015822be 516d52bf26fe48e4868e535fbc418f23 - - default default] Successfully bumped revision number for resource f6362376-613f-4052-b101-dddef7298d88 (type: security_group_rules) to 0
2026-07-10 01:02:02.320 9 INFO neutron.wsgi [None req-64dee4dc-c552-4317-86ca-8a8a7171bd0c fdcfe6efecc7496ca17a5b8c015822be 516d52bf26fe48e4868e535fbc418f23 - - default default] 10.0.0.99 "GET /v2.0/security-groups?tenant_id=cd71302861e2472f84360572e3fd1e70&name=default HTTP/1.1" status: 200 len: 3120 time: 0.2318716
2026-07-10 01:02:02.540 9 INFO neutron.wsgi [None req-8be4b8c2-6c66-4408-9f86-e3de2040e66c fdcfe6efecc7496ca17a5b8c015822be 516d52bf26fe48e4868e535fbc418f23 - - default default] 10.0.0.99 "DELETE /v2.0/security-groups/95d513e6-a3e8-4a10-bee8-164f52b1f312 HTTP/1.1" status: 204 len: 168 time: 0.2153351
2026-07-10 01:02:02.745 9 INFO neutron.db.ovn_revision_numbers_db [None req-0621fd0a-080f-4316-8f48-193220546d8d fdcfe6efecc7496ca17a5b8c015822be 516d52bf26fe48e4868e535fbc418f23 - - default default] Successfully bumped revision number for resource b7b77abc-34bf-483e-863e-615cc9a38e6d (type: security_groups) to 1
2026-07-10 01:02:02.759 9 INFO neutron.db.ovn_revision_numbers_db [None req-0621fd0a-080f-4316-8f48-193220546d8d fdcfe6efecc7496ca17a5b8c015822be 516d52bf26fe48e4868e535fbc418f23 - - default default] Successfully bumped revision number for resource 025d55ad-93e5-4e87-945d-331993ce328f (type: security_group_rules) to 0
2026-07-10 01:02:02.774 9 INFO neutron.db.ovn_revision_numbers_db [None req-0621fd0a-080f-4316-8f48-193220546d8d fdcfe6efecc7496ca17a5b8c015822be 516d52bf26fe48e4868e535fbc418f23 - - default default] Successfully bumped revision number for resource 2236fb5e-bf98-469d-a79b-8b9774359742 (type: security_group_rules) to 0
2026-07-10 01:02:02.793 9 INFO neutron.db.ovn_revision_numbers_db [None req-0621fd0a-080f-4316-8f48-193220546d8d fdcfe6efecc7496ca17a5b8c015822be 516d52bf26fe48e4868e535fbc418f23 - - default default] Successfully bumped revision number for resource 60edd375-2ccb-4ced-8aea-ce4da7b09644 (type: security_group_rules) to 0
2026-07-10 01:02:02.807 9 INFO neutron.db.ovn_revision_numbers_db [None req-0621fd0a-080f-4316-8f48-193220546d8d fdcfe6efecc7496ca17a5b8c015822be 516d52bf26fe48e4868e535fbc418f23 - - default default] Successfully bumped revision number for resource e689bed8-2140-416b-81e2-2e83e0682e88 (type: security_group_rules) to 0
2026-07-10 01:02:02.828 9 INFO neutron.wsgi [None req-0621fd0a-080f-4316-8f48-193220546d8d fdcfe6efecc7496ca17a5b8c015822be 516d52bf26fe48e4868e535fbc418f23 - - default default] 10.0.0.99 "GET /v2.0/security-groups?tenant_id=a760024398fe42bc95379997e845d9b5&name=default HTTP/1.1" status: 200 len: 3120 time: 0.1920583
2026-07-10 01:02:03.104 9 INFO neutron.wsgi [None req-31410d60-c804-4d9d-9c60-3b8f7c276d51 fdcfe6efecc7496ca17a5b8c015822be 516d52bf26fe48e4868e535fbc418f23 - - default default] 10.0.0.99 "DELETE /v2.0/security-groups/b7b77abc-34bf-483e-863e-615cc9a38e6d HTTP/1.1" status: 204 len: 168 time: 0.2701783
2026-07-10 01:02:03.165 9 INFO neutron.wsgi [req-3237c850-67f9-4de7-837c-a7de34ca015a req-5ec63c19-2076-453e-9993-31a729448ecf c906ed74111d4cefab50694fbe33fe5d 8075469978de41dc8723370515430f23 - - default default] 10.0.0.27 "GET /v2.0/ports?device_id=f92c33c4-c054-4402-8b26-9a2d417148b9 HTTP/1.1" status: 200 len: 1210 time: 0.0975482
2026-07-10 01:02:03.208 9 INFO neutron.wsgi [req-3237c850-67f9-4de7-837c-a7de34ca015a req-8e40c595-8cc6-46e7-9784-479ddba8796c c906ed74111d4cefab50694fbe33fe5d 8075469978de41dc8723370515430f23 - - default default] 10.0.0.27 "GET /v2.0/security-groups?id=663e5af1-e8d8-43a1-9533-0a935e786568&id=08e0be3f-b9bf-488f-9228-3672c2f06919&fields=id&fields=name HTTP/1.1" status: 200 len: 405 time: 0.0352886
2026-07-10 01:02:03.501 10 INFO neutron.wsgi [None req-7b05e572-2dab-473a-ba54-fbb57066e883 f068f4ca503c4a798da4b7ffa6f7edb6 04b3a4de796e403ea838b1af24fa42b5 - - default default] 10.0.0.99 "GET /v2.0/ports?device_id=f92c33c4-c054-4402-8b26-9a2d417148b9 HTTP/1.1" status: 200 len: 1443 time: 0.2613249
2026-07-10 01:02:03.569 10 INFO neutron.wsgi [None req-b3c38898-33fd-41e6-ac4f-0efdf0ef2539 c906ed74111d4cefab50694fbe33fe5d 8075469978de41dc8723370515430f23 - - default default] 10.0.0.99 "GET /v2.0/floatingips?floating_network_id=db097c83-e6e8-4e2a-8c29-36e3564d3044&port_id=59e27d38-04e8-43f6-8f2e-831e48a5ca3d HTTP/1.1" status: 200 len: 1054 time: 0.0627506
2026-07-10 01:02:03.791 10 WARNING neutron_lib.context [None req-f0bbf126-7cee-4f5e-b00f-067d7cc3a532 a053fca8c27e4d9ba5fd832acfdfa065 edd3c9590f6546e2958a0fb91d45e9e5 - - default default] Method 'is_advsvc' is deprecated since 2023.2 release (neutron-lib 3.8.0) and will be removed once support for the old RBAC API policies will be removed from Neutron. Please use method 'is_service_role' instead.
2026-07-10 01:02:03.853 9 INFO neutron.wsgi [req-5dfae18b-15c8-417c-b5d8-3bf0dbb34d08 req-5d292503-9f5d-4c5c-8801-0d3f55939f56 4a924671abaf462ca3d1f222c8adacc3 0cea5b52854c4e668724328acc92db2b - - 95a8e68532af41d59ccacdfea55f3868 95a8e68532af41d59ccacdfea55f3868] 10.0.0.234 "GET /v2.0/ports?device_id=f92c33c4-c054-4402-8b26-9a2d417148b9 HTTP/1.1" status: 200 len: 1448 time: 0.0683348
2026-07-10 01:02:03.905 9 INFO neutron.wsgi [req-5dfae18b-15c8-417c-b5d8-3bf0dbb34d08 req-793d1010-57a4-4573-8fc2-bd191eeefdd1 4a924671abaf462ca3d1f222c8adacc3 0cea5b52854c4e668724328acc92db2b - - 95a8e68532af41d59ccacdfea55f3868 95a8e68532af41d59ccacdfea55f3868] 10.0.0.234 "GET /v2.0/security-groups?id=08e0be3f-b9bf-488f-9228-3672c2f06919&id=663e5af1-e8d8-43a1-9533-0a935e786568&fields=id&fields=name HTTP/1.1" status: 200 len: 405 time: 0.0447047
2026-07-10 01:02:03.945 10 INFO neutron.db.ovn_revision_numbers_db [None req-f0bbf126-7cee-4f5e-b00f-067d7cc3a532 a053fca8c27e4d9ba5fd832acfdfa065 edd3c9590f6546e2958a0fb91d45e9e5 - - default default] Successfully bumped revision number for resource ec9628a1-7af3-4df3-b930-81ac129609cb (type: security_groups) to 1
2026-07-10 01:02:03.960 10 INFO neutron.db.ovn_revision_numbers_db [None req-f0bbf126-7cee-4f5e-b00f-067d7cc3a532 a053fca8c27e4d9ba5fd832acfdfa065 edd3c9590f6546e2958a0fb91d45e9e5 - - default default] Successfully bumped revision number for resource 1fba0c0a-9f3a-4aa1-89cd-9b2bc38ac7c7 (type: security_group_rules) to 0
2026-07-10 01:02:03.979 10 INFO neutron.db.ovn_revision_numbers_db [None req-f0bbf126-7cee-4f5e-b00f-067d7cc3a532 a053fca8c27e4d9ba5fd832acfdfa065 edd3c9590f6546e2958a0fb91d45e9e5 - - default default] Successfully bumped revision number for resource 51e0f036-eeb1-4190-be33-3c5578d9bd70 (type: security_group_rules) to 0
2026-07-10 01:02:04.002 10 INFO neutron.db.ovn_revision_numbers_db [None req-f0bbf126-7cee-4f5e-b00f-067d7cc3a532 a053fca8c27e4d9ba5fd832acfdfa065 edd3c9590f6546e2958a0fb91d45e9e5 - - default default] Successfully bumped revision number for resource 595d82a4-59df-4db7-9add-debc6e09eaba (type: security_group_rules) to 0
2026-07-10 01:02:04.018 10 INFO neutron.db.ovn_revision_numbers_db [None req-f0bbf126-7cee-4f5e-b00f-067d7cc3a532 a053fca8c27e4d9ba5fd832acfdfa065 edd3c9590f6546e2958a0fb91d45e9e5 - - default default] Successfully bumped revision number for resource 9228e80a-0265-49a7-8a70-456ccb345ffa (type: security_group_rules) to 0
2026-07-10 01:02:04.078 10 INFO neutron.db.segments_db [None req-f0bbf126-7cee-4f5e-b00f-067d7cc3a532 a053fca8c27e4d9ba5fd832acfdfa065 edd3c9590f6546e2958a0fb91d45e9e5 - - default default] Added segment 503dfcdd-e554-4f12-9bff-2e4cf0c63d98 of type geneve for network 5286e7d8-6fea-428c-b32d-15c1a4a2434b
2026-07-10 01:02:04.241 10 INFO neutron.db.ovn_revision_numbers_db [None req-f0bbf126-7cee-4f5e-b00f-067d7cc3a532 a053fca8c27e4d9ba5fd832acfdfa065 edd3c9590f6546e2958a0fb91d45e9e5 - - default default] Successfully bumped revision number for resource 5286e7d8-6fea-428c-b32d-15c1a4a2434b (type: networks) to 1
2026-07-10 01:02:04.435 10 WARNING neutron.scheduler.dhcp_agent_scheduler [None req-f0bbf126-7cee-4f5e-b00f-067d7cc3a532 a053fca8c27e4d9ba5fd832acfdfa065 edd3c9590f6546e2958a0fb91d45e9e5 - - default default] No more DHCP agents
2026-07-10 01:02:04.437 10 WARNING neutron.api.rpc.agentnotifiers.dhcp_rpc_agent_api [None req-f0bbf126-7cee-4f5e-b00f-067d7cc3a532 a053fca8c27e4d9ba5fd832acfdfa065 edd3c9590f6546e2958a0fb91d45e9e5 - - default default] Unable to schedule network 5286e7d8-6fea-428c-b32d-15c1a4a2434b: no agents available; will retry on subsequent port and subnet creation events.
2026-07-10 01:02:04.518 10 INFO neutron.db.ovn_revision_numbers_db [None req-f0bbf126-7cee-4f5e-b00f-067d7cc3a532 a053fca8c27e4d9ba5fd832acfdfa065 edd3c9590f6546e2958a0fb91d45e9e5 - - default default] Successfully bumped revision number for resource 73be90ee-32d0-4948-be0a-8eee8e10bb98 (type: ports) to 1
2026-07-10 01:02:04.540 10 INFO neutron.wsgi [None req-f0bbf126-7cee-4f5e-b00f-067d7cc3a532 a053fca8c27e4d9ba5fd832acfdfa065 edd3c9590f6546e2958a0fb91d45e9e5 - - default default] 10.0.0.99 "POST /v2.0/networks HTTP/1.1" status: 201 len: 826 time: 0.7935648
2026-07-10 01:02:04.549 10 WARNING neutron_lib.context [None req-d53c4eb8-4bcf-4e1e-9e2d-73f53007e78e a053fca8c27e4d9ba5fd832acfdfa065 edd3c9590f6546e2958a0fb91d45e9e5 - - default default] Method 'is_advsvc' is deprecated since 2023.2 release (neutron-lib 3.8.0) and will be removed once support for the old RBAC API policies will be removed from Neutron. Please use method 'is_service_role' instead.
2026-07-10 01:02:04.793 10 WARNING neutron.scheduler.dhcp_agent_scheduler [None req-d53c4eb8-4bcf-4e1e-9e2d-73f53007e78e a053fca8c27e4d9ba5fd832acfdfa065 edd3c9590f6546e2958a0fb91d45e9e5 - - default default] No more DHCP agents
2026-07-10 01:02:04.797 10 WARNING neutron.api.rpc.agentnotifiers.dhcp_rpc_agent_api [None req-d53c4eb8-4bcf-4e1e-9e2d-73f53007e78e a053fca8c27e4d9ba5fd832acfdfa065 edd3c9590f6546e2958a0fb91d45e9e5 - - default default] Unable to schedule network 5286e7d8-6fea-428c-b32d-15c1a4a2434b: no agents available; will retry on subsequent port and subnet creation events.
2026-07-10 01:02:05.340 10 INFO neutron.db.ovn_revision_numbers_db [None req-d53c4eb8-4bcf-4e1e-9e2d-73f53007e78e a053fca8c27e4d9ba5fd832acfdfa065 edd3c9590f6546e2958a0fb91d45e9e5 - - default default] Successfully bumped revision number for resource 73be90ee-32d0-4948-be0a-8eee8e10bb98 (type: ports) to 2
2026-07-10 01:02:05.374 10 INFO neutron.db.ovn_revision_numbers_db [None req-d53c4eb8-4bcf-4e1e-9e2d-73f53007e78e a053fca8c27e4d9ba5fd832acfdfa065 edd3c9590f6546e2958a0fb91d45e9e5 - - default default] Successfully bumped revision number for resource 649e7360-7000-40a0-9bec-cc94106e3314 (type: subnets) to 0
2026-07-10 01:02:05.391 10 INFO neutron.wsgi [None req-d53c4eb8-4bcf-4e1e-9e2d-73f53007e78e a053fca8c27e4d9ba5fd832acfdfa065 edd3c9590f6546e2958a0fb91d45e9e5 - - default default] 10.0.0.99 "POST /v2.0/subnets HTTP/1.1" status: 201 len: 801 time: 0.8461566
2026-07-10 01:02:05.400 10 WARNING neutron_lib.context [None req-f6184447-a825-48ed-8325-e7da4d4361b7 a053fca8c27e4d9ba5fd832acfdfa065 edd3c9590f6546e2958a0fb91d45e9e5 - - default default] Method 'is_advsvc' is deprecated since 2023.2 release (neutron-lib 3.8.0) and will be removed once support for the old RBAC API policies will be removed from Neutron. Please use method 'is_service_role' instead.
2026-07-10 01:02:05.922 9 INFO neutron.wsgi [req-74ff9204-bb40-4a4c-9e32-93a97566d1b8 req-586fdd23-2b30-4128-9787-46b4fcbbe7f5 c906ed74111d4cefab50694fbe33fe5d 8075469978de41dc8723370515430f23 - - default default] 10.0.0.27 "GET /v2.0/ports?device_id=f92c33c4-c054-4402-8b26-9a2d417148b9 HTTP/1.1" status: 200 len: 1210 time: 0.0524738
2026-07-10 01:02:05.926 9 INFO neutron.plugins.ml2.drivers.ovn.mech_driver.mech_driver [None req-d0b11067-93fc-4619-b573-f0f8e2ce51cc - - - - - -] OVN reports status down for port: 59e27d38-04e8-43f6-8f2e-831e48a5ca3d
2026-07-10 01:02:05.989 9 INFO neutron.wsgi [req-74ff9204-bb40-4a4c-9e32-93a97566d1b8 req-a070645d-a67a-417b-9f4f-4e1d2ecad3ae c906ed74111d4cefab50694fbe33fe5d 8075469978de41dc8723370515430f23 - - default default] 10.0.0.27 "GET /v2.0/security-groups?id=663e5af1-e8d8-43a1-9533-0a935e786568&id=08e0be3f-b9bf-488f-9228-3672c2f06919&fields=id&fields=name HTTP/1.1" status: 200 len: 405 time: 0.0584490
2026-07-10 01:02:06.129 9 INFO neutron.notifiers.nova [-] Nova event matching ['req-4d5ee2b2-3c76-4271-b891-4f680bdcfdc0'] response: {'server_uuid': 'f92c33c4-c054-4402-8b26-9a2d417148b9', 'name': 'network-vif-unplugged', 'status': 'completed', 'tag': '59e27d38-04e8-43f6-8f2e-831e48a5ca3d', 'code': 200}
2026-07-10 01:02:06.288 10 WARNING neutron.scheduler.dhcp_agent_scheduler [None req-f6184447-a825-48ed-8325-e7da4d4361b7 a053fca8c27e4d9ba5fd832acfdfa065 edd3c9590f6546e2958a0fb91d45e9e5 - - default default] No more DHCP agents
2026-07-10 01:02:06.292 9 INFO neutron.db.ovn_revision_numbers_db [None req-d0b11067-93fc-4619-b573-f0f8e2ce51cc - - - - - -] Successfully bumped revision number for resource 59e27d38-04e8-43f6-8f2e-831e48a5ca3d (type: ports) to 5
2026-07-10 01:02:06.293 10 WARNING neutron.api.rpc.agentnotifiers.dhcp_rpc_agent_api [None req-f6184447-a825-48ed-8325-e7da4d4361b7 a053fca8c27e4d9ba5fd832acfdfa065 edd3c9590f6546e2958a0fb91d45e9e5 - - default default] Unable to schedule network db097c83-e6e8-4e2a-8c29-36e3564d3044: no agents available; will retry on subsequent port and subnet creation events.
2026-07-10 01:02:06.369 10 INFO neutron.wsgi [req-fb49f2c8-45ea-4fa8-8ba6-20da543fc9e9 req-d6e165cf-efc0-4b52-9951-b4d00e2feefa c906ed74111d4cefab50694fbe33fe5d 8075469978de41dc8723370515430f23 - - default default] 199.204.45.205 "GET /v2.0/ports?device_id=f92c33c4-c054-4402-8b26-9a2d417148b9 HTTP/1.1" status: 200 len: 1208 time: 0.1525872
2026-07-10 01:02:06.530 10 INFO neutron.db.ovn_revision_numbers_db [None req-f6184447-a825-48ed-8325-e7da4d4361b7 a053fca8c27e4d9ba5fd832acfdfa065 edd3c9590f6546e2958a0fb91d45e9e5 - - default default] Successfully bumped revision number for resource d767f68c-7db7-4b6d-a8ff-a370bcc9db1d (type: ports) to 1 /var/lib/openstack/lib/python3.10/site-packages/pycadf/identifier.py:71: UserWarning: Invalid uuid: neutron. To ensure interoperability, identifiers should be a valid uuid. warnings.warn(('Invalid uuid: %s. To ensure interoperability, '
2026-07-10 01:02:07.135 9 INFO neutron.wsgi [req-32f5749e-7c16-4a4f-a20d-8c38691413d7 req-edeba8e4-8d1f-4646-bcca-18304c92d6b5 c906ed74111d4cefab50694fbe33fe5d 8075469978de41dc8723370515430f23 - - default default] 10.0.0.27 "GET /v2.0/ports?device_id=f92c33c4-c054-4402-8b26-9a2d417148b9 HTTP/1.1" status: 200 len: 1208 time: 0.0606427
2026-07-10 01:02:07.188 9 INFO neutron.wsgi [req-32f5749e-7c16-4a4f-a20d-8c38691413d7 req-11d4a309-7368-4ced-b212-175fb0c61d53 c906ed74111d4cefab50694fbe33fe5d 8075469978de41dc8723370515430f23 - - default default] 10.0.0.27 "GET /v2.0/security-groups?id=663e5af1-e8d8-43a1-9533-0a935e786568&id=08e0be3f-b9bf-488f-9228-3672c2f06919&fields=id&fields=name HTTP/1.1" status: 200 len: 405 time: 0.0476780
2026-07-10 01:02:07.280 10 INFO neutron.db.l3_db [req-fb49f2c8-45ea-4fa8-8ba6-20da543fc9e9 req-4fdc2c59-a661-488b-9c2c-730f5a035f83 c906ed74111d4cefab50694fbe33fe5d 8075469978de41dc8723370515430f23 - - default default] Floating IP eb7ae19f-a802-48dd-8cc1-063fe96453a0 disassociated. External IP: 10.96.250.210, port: 59e27d38-04e8-43f6-8f2e-831e48a5ca3d.
2026-07-10 01:02:07.471 10 INFO neutron.wsgi [req-fb49f2c8-45ea-4fa8-8ba6-20da543fc9e9 req-4fdc2c59-a661-488b-9c2c-730f5a035f83 c906ed74111d4cefab50694fbe33fe5d 8075469978de41dc8723370515430f23 - - default default] 199.204.45.205 "DELETE /v2.0/ports/59e27d38-04e8-43f6-8f2e-831e48a5ca3d HTTP/1.1" status: 204 len: 173 time: 1.0958896
2026-07-10 01:02:07.541 10 INFO neutron.notifiers.nova [-] Nova event matching ['req-f1cef498-aaec-4640-9bc6-0189337c5b3d'] response: {'server_uuid': 'f92c33c4-c054-4402-8b26-9a2d417148b9', 'name': 'network-vif-deleted', 'tag': '59e27d38-04e8-43f6-8f2e-831e48a5ca3d', 'status': 'completed', 'code': 200}
2026-07-10 01:02:07.602 9 WARNING neutron_lib.context [None req-2ba22bd9-c52b-4062-8b18-c735df1cac54 1121bd56583d4e08b80f940bfda90feb 03aef7adcb9448baa3e5ffca87e7fe04 - - default default] Method 'is_advsvc' is deprecated since 2023.2 release (neutron-lib 3.8.0) and will be removed once support for the old RBAC API policies will be removed from Neutron. Please use method 'is_service_role' instead.
2026-07-10 01:02:07.755 9 INFO neutron.db.ovn_revision_numbers_db [None req-2ba22bd9-c52b-4062-8b18-c735df1cac54 1121bd56583d4e08b80f940bfda90feb 03aef7adcb9448baa3e5ffca87e7fe04 - - default default] Successfully bumped revision number for resource 1d3e4184-b44c-4cb3-8eb4-d5d7cc530b25 (type: security_groups) to 1
2026-07-10 01:02:07.766 10 INFO neutron.plugins.ml2.drivers.ovn.mech_driver.ovsdb.commands [None req-8df48e17-b942-4c7e-b33d-61fa045baa00 - - - - - -] Schedule LRP lrp-d767f68c-7db7-4b6d-a8ff-a370bcc9db1d on gateway 49292153-120e-4490-93ae-0f091a74c5d3 with priority 1
2026-07-10 01:02:07.774 9 INFO neutron.db.ovn_revision_numbers_db [None req-2ba22bd9-c52b-4062-8b18-c735df1cac54 1121bd56583d4e08b80f940bfda90feb 03aef7adcb9448baa3e5ffca87e7fe04 - - default default] Successfully bumped revision number for resource 3c5abbca-d785-46e4-8758-b1c47e4fa6b5 (type: security_group_rules) to 0
2026-07-10 01:02:07.782 10 INFO neutron.plugins.ml2.drivers.ovn.mech_driver.mech_driver [None req-c44d40b5-c3f5-4776-a4b2-3e0e7535fd5e - - - - - -] OVN reports status up for port: d767f68c-7db7-4b6d-a8ff-a370bcc9db1d
2026-07-10 01:02:07.788 9 INFO neutron.db.ovn_revision_numbers_db [None req-2ba22bd9-c52b-4062-8b18-c735df1cac54 1121bd56583d4e08b80f940bfda90feb 03aef7adcb9448baa3e5ffca87e7fe04 - - default default] Successfully bumped revision number for resource 6e8de370-8bb5-4cf3-9cd5-13839060e14f (type: security_group_rules) to 0
2026-07-10 01:02:07.803 10 INFO neutron.plugins.ml2.plugin [None req-c44d40b5-c3f5-4776-a4b2-3e0e7535fd5e - - - - - -] Attempt 1 to provision port d767f68c-7db7-4b6d-a8ff-a370bcc9db1d
2026-07-10 01:02:07.804 9 INFO neutron.db.ovn_revision_numbers_db [None req-2ba22bd9-c52b-4062-8b18-c735df1cac54 1121bd56583d4e08b80f940bfda90feb 03aef7adcb9448baa3e5ffca87e7fe04 - - default default] Successfully bumped revision number for resource 97ac830e-610a-4753-8e42-f4c84adb3234 (type: security_group_rules) to 0
2026-07-10 01:02:07.817 9 INFO neutron.db.ovn_revision_numbers_db [None req-2ba22bd9-c52b-4062-8b18-c735df1cac54 1121bd56583d4e08b80f940bfda90feb 03aef7adcb9448baa3e5ffca87e7fe04 - - default default] Successfully bumped revision number for resource fb68db54-c41c-4a5a-a963-d3f0aa84d799 (type: security_group_rules) to 0
2026-07-10 01:02:07.846 10 INFO neutron.db.ovn_revision_numbers_db [None req-f6184447-a825-48ed-8325-e7da4d4361b7 a053fca8c27e4d9ba5fd832acfdfa065 edd3c9590f6546e2958a0fb91d45e9e5 - - default default] Successfully bumped revision number for resource d767f68c-7db7-4b6d-a8ff-a370bcc9db1d (type: router_ports) to 1
2026-07-10 01:02:07.868 9 INFO neutron.db.segments_db [None req-2ba22bd9-c52b-4062-8b18-c735df1cac54 1121bd56583d4e08b80f940bfda90feb 03aef7adcb9448baa3e5ffca87e7fe04 - - default default] Added segment ee503355-8b43-4a3e-994b-a4a20111a7cf of type geneve for network c7b84d9f-9fc9-4025-b0f9-8f30b067b57d
2026-07-10 01:02:07.952 10 INFO neutron.db.ovn_revision_numbers_db [None req-f6184447-a825-48ed-8325-e7da4d4361b7 a053fca8c27e4d9ba5fd832acfdfa065 edd3c9590f6546e2958a0fb91d45e9e5 - - default default] Successfully bumped revision number for resource f36672cd-e66c-4480-ac90-1f76bf61f546 (type: routers) to 2
2026-07-10 01:02:07.974 10 INFO neutron.wsgi [None req-f6184447-a825-48ed-8325-e7da4d4361b7 a053fca8c27e4d9ba5fd832acfdfa065 edd3c9590f6546e2958a0fb91d45e9e5 - - default default] 10.0.0.99 "POST /v2.0/routers HTTP/1.1" status: 201 len: 1135 time: 2.5785148 /var/lib/openstack/lib/python3.10/site-packages/pycadf/identifier.py:71: UserWarning: Invalid uuid: neutron. To ensure interoperability, identifiers should be a valid uuid. warnings.warn(('Invalid uuid: %s. To ensure interoperability, '
2026-07-10 01:02:08.038 9 INFO neutron.db.ovn_revision_numbers_db [None req-2ba22bd9-c52b-4062-8b18-c735df1cac54 1121bd56583d4e08b80f940bfda90feb 03aef7adcb9448baa3e5ffca87e7fe04 - - default default] Successfully bumped revision number for resource c7b84d9f-9fc9-4025-b0f9-8f30b067b57d (type: networks) to 1
2026-07-10 01:02:08.174 9 INFO neutron.notifiers.nova [-] Nova event matching ['req-c84650c1-a5aa-4cff-965b-2b14b6bd31b2'] response: {'server_uuid': 'f92c33c4-c054-4402-8b26-9a2d417148b9', 'name': 'network-vif-unplugged', 'status': 'completed', 'tag': '59e27d38-04e8-43f6-8f2e-831e48a5ca3d', 'code': 200}
2026-07-10 01:02:08.252 9 WARNING neutron.scheduler.dhcp_agent_scheduler [None req-2ba22bd9-c52b-4062-8b18-c735df1cac54 1121bd56583d4e08b80f940bfda90feb 03aef7adcb9448baa3e5ffca87e7fe04 - - default default] No more DHCP agents
2026-07-10 01:02:08.256 9 WARNING neutron.api.rpc.agentnotifiers.dhcp_rpc_agent_api [None req-2ba22bd9-c52b-4062-8b18-c735df1cac54 1121bd56583d4e08b80f940bfda90feb 03aef7adcb9448baa3e5ffca87e7fe04 - - default default] Unable to schedule network c7b84d9f-9fc9-4025-b0f9-8f30b067b57d: no agents available; will retry on subsequent port and subnet creation events.
2026-07-10 01:02:08.373 9 INFO neutron.db.ovn_revision_numbers_db [None req-2ba22bd9-c52b-4062-8b18-c735df1cac54 1121bd56583d4e08b80f940bfda90feb 03aef7adcb9448baa3e5ffca87e7fe04 - - default default] Successfully bumped revision number for resource 3af0f6d6-559a-40b7-93bc-e8e646d1ff5f (type: ports) to 1
2026-07-10 01:02:08.404 9 INFO neutron.wsgi [None req-2ba22bd9-c52b-4062-8b18-c735df1cac54 1121bd56583d4e08b80f940bfda90feb 03aef7adcb9448baa3e5ffca87e7fe04 - - default default] 10.0.0.99 "POST /v2.0/networks HTTP/1.1" status: 201 len: 831 time: 0.9977703
2026-07-10 01:02:08.413 9 WARNING neutron_lib.context [None req-63f7347f-940d-4dce-828c-ebf652f8d6b3 1121bd56583d4e08b80f940bfda90feb 03aef7adcb9448baa3e5ffca87e7fe04 - - default default] Method 'is_advsvc' is deprecated since 2023.2 release (neutron-lib 3.8.0) and will be removed once support for the old RBAC API policies will be removed from Neutron. Please use method 'is_service_role' instead.
2026-07-10 01:02:08.508 9 INFO neutron.db.segments_db [None req-63f7347f-940d-4dce-828c-ebf652f8d6b3 1121bd56583d4e08b80f940bfda90feb 03aef7adcb9448baa3e5ffca87e7fe04 - - default default] Added segment ad813e44-68b3-47c5-ab0d-567b14ad4d1c of type geneve for network 484a0673-93ab-48f3-a543-7e8c4b2d5aee
2026-07-10 01:02:08.528 9 INFO neutron.wsgi [None req-64cdd3bc-bfe2-453c-8033-47e8614c67ec c906ed74111d4cefab50694fbe33fe5d 8075469978de41dc8723370515430f23 - - default default] 10.0.0.99 "DELETE /v2.0/security-groups/08e0be3f-b9bf-488f-9228-3672c2f06919 HTTP/1.1" status: 204 len: 168 time: 0.1497290
2026-07-10 01:02:08.557 9 INFO neutron.api.v2.resource [None req-0ac7d445-e023-4c8a-9874-99908e6c8c47 c906ed74111d4cefab50694fbe33fe5d 8075469978de41dc8723370515430f23 - - default default] show failed (client error): The resource could not be found.
2026-07-10 01:02:08.558 9 INFO neutron.wsgi [None req-0ac7d445-e023-4c8a-9874-99908e6c8c47 c906ed74111d4cefab50694fbe33fe5d 8075469978de41dc8723370515430f23 - - default default] 10.0.0.99 "GET /v2.0/security-groups/08e0be3f-b9bf-488f-9228-3672c2f06919 HTTP/1.1" status: 404 len: 347 time: 0.0226264
2026-07-10 01:02:08.722 9 INFO neutron.db.ovn_revision_numbers_db [None req-63f7347f-940d-4dce-828c-ebf652f8d6b3 1121bd56583d4e08b80f940bfda90feb 03aef7adcb9448baa3e5ffca87e7fe04 - - default default] Successfully bumped revision number for resource 484a0673-93ab-48f3-a543-7e8c4b2d5aee (type: networks) to 1
2026-07-10 01:02:08.938 9 WARNING neutron.scheduler.dhcp_agent_scheduler [None req-63f7347f-940d-4dce-828c-ebf652f8d6b3 1121bd56583d4e08b80f940bfda90feb 03aef7adcb9448baa3e5ffca87e7fe04 - - default default] No more DHCP agents
2026-07-10 01:02:08.943 9 WARNING neutron.api.rpc.agentnotifiers.dhcp_rpc_agent_api [None req-63f7347f-940d-4dce-828c-ebf652f8d6b3 1121bd56583d4e08b80f940bfda90feb 03aef7adcb9448baa3e5ffca87e7fe04 - - default default] Unable to schedule network 484a0673-93ab-48f3-a543-7e8c4b2d5aee: no agents available; will retry on subsequent port and subnet creation events.
2026-07-10 01:02:08.991 10 WARNING neutron.scheduler.dhcp_agent_scheduler [None req-9f116a80-e13e-4654-9ba8-0e1b202c0f11 a053fca8c27e4d9ba5fd832acfdfa065 edd3c9590f6546e2958a0fb91d45e9e5 - - default default] No more DHCP agents
2026-07-10 01:02:08.996 10 WARNING neutron.api.rpc.agentnotifiers.dhcp_rpc_agent_api [None req-9f116a80-e13e-4654-9ba8-0e1b202c0f11 a053fca8c27e4d9ba5fd832acfdfa065 edd3c9590f6546e2958a0fb91d45e9e5 - - default default] Unable to schedule network 5286e7d8-6fea-428c-b32d-15c1a4a2434b: no agents available; will retry on subsequent port and subnet creation events.
2026-07-10 01:02:09.061 9 INFO neutron.db.ovn_revision_numbers_db [None req-63f7347f-940d-4dce-828c-ebf652f8d6b3 1121bd56583d4e08b80f940bfda90feb 03aef7adcb9448baa3e5ffca87e7fe04 - - default default] Successfully bumped revision number for resource 1b39d1dc-0f63-4953-bae8-ea2996ed7947 (type: ports) to 1
2026-07-10 01:02:09.069 9 INFO neutron.wsgi [None req-ae2fe542-92c9-47b2-bf85-93dc9f5be961 c906ed74111d4cefab50694fbe33fe5d 8075469978de41dc8723370515430f23 - - default default] 10.0.0.99 "DELETE /v2.0/floatingips/eb7ae19f-a802-48dd-8cc1-063fe96453a0 HTTP/1.1" status: 204 len: 168 time: 0.5003328
2026-07-10 01:02:09.093 9 INFO neutron.wsgi [None req-63f7347f-940d-4dce-828c-ebf652f8d6b3 1121bd56583d4e08b80f940bfda90feb 03aef7adcb9448baa3e5ffca87e7fe04 - - default default] 10.0.0.99 "POST /v2.0/networks HTTP/1.1" status: 201 len: 831 time: 0.6852441
2026-07-10 01:02:09.108 10 WARNING neutron_lib.context [None req-6c9db223-db77-4036-99d3-f15d02bdf824 1121bd56583d4e08b80f940bfda90feb 03aef7adcb9448baa3e5ffca87e7fe04 - - default default] Method 'is_advsvc' is deprecated since 2023.2 release (neutron-lib 3.8.0) and will be removed once support for the old RBAC API policies will be removed from Neutron. Please use method 'is_service_role' instead.
2026-07-10 01:02:09.219 10 INFO neutron.db.ovn_revision_numbers_db [None req-9f116a80-e13e-4654-9ba8-0e1b202c0f11 a053fca8c27e4d9ba5fd832acfdfa065 edd3c9590f6546e2958a0fb91d45e9e5 - - default default] Successfully bumped revision number for resource 90ce7771-51fb-4439-a0f3-3aff0d714cea (type: ports) to 1
2026-07-10 01:02:09.233 10 INFO neutron.db.segments_db [None req-6c9db223-db77-4036-99d3-f15d02bdf824 1121bd56583d4e08b80f940bfda90feb 03aef7adcb9448baa3e5ffca87e7fe04 - - default default] Added segment 5d605f44-fac6-425c-b4a7-5bf037ce2fec of type geneve for network 16198eac-1815-4269-bf72-7881d3ec4b6e
2026-07-10 01:02:09.254 9 INFO neutron.wsgi [None req-f778ea2c-f544-417f-a7cf-f6b4d4cf9d0d c906ed74111d4cefab50694fbe33fe5d 8075469978de41dc8723370515430f23 - - default default] 10.0.0.99 "DELETE /v2.0/security-groups/663e5af1-e8d8-43a1-9533-0a935e786568 HTTP/1.1" status: 204 len: 168 time: 0.1794422
2026-07-10 01:02:09.482 10 INFO neutron.db.ovn_revision_numbers_db [None req-6c9db223-db77-4036-99d3-f15d02bdf824 1121bd56583d4e08b80f940bfda90feb 03aef7adcb9448baa3e5ffca87e7fe04 - - default default] Successfully bumped revision number for resource 16198eac-1815-4269-bf72-7881d3ec4b6e (type: networks) to 1
2026-07-10 01:02:09.735 10 WARNING neutron.scheduler.dhcp_agent_scheduler [None req-6c9db223-db77-4036-99d3-f15d02bdf824 1121bd56583d4e08b80f940bfda90feb 03aef7adcb9448baa3e5ffca87e7fe04 - - default default] No more DHCP agents
2026-07-10 01:02:09.739 10 WARNING neutron.api.rpc.agentnotifiers.dhcp_rpc_agent_api [None req-6c9db223-db77-4036-99d3-f15d02bdf824 1121bd56583d4e08b80f940bfda90feb 03aef7adcb9448baa3e5ffca87e7fe04 - - default default] Unable to schedule network 16198eac-1815-4269-bf72-7881d3ec4b6e: no agents available; will retry on subsequent port and subnet creation events.
2026-07-10 01:02:09.845 10 INFO neutron.db.ovn_revision_numbers_db [None req-6c9db223-db77-4036-99d3-f15d02bdf824 1121bd56583d4e08b80f940bfda90feb 03aef7adcb9448baa3e5ffca87e7fe04 - - default default] Successfully bumped revision number for resource be147789-a3d9-40a4-9473-865903a66733 (type: ports) to 1
2026-07-10 01:02:09.883 10 INFO neutron.wsgi [None req-6c9db223-db77-4036-99d3-f15d02bdf824 1121bd56583d4e08b80f940bfda90feb 03aef7adcb9448baa3e5ffca87e7fe04 - - default default] 10.0.0.99 "POST /v2.0/networks HTTP/1.1" status: 201 len: 831 time: 0.7824686
2026-07-10 01:02:09.898 9 WARNING neutron_lib.context [None req-76e97ab2-5b55-439b-bdb3-f0167b1e8c25 1121bd56583d4e08b80f940bfda90feb 03aef7adcb9448baa3e5ffca87e7fe04 - - default default] Method 'is_advsvc' is deprecated since 2023.2 release (neutron-lib 3.8.0) and will be removed once support for the old RBAC API policies will be removed from Neutron. Please use method 'is_service_role' instead.
2026-07-10 01:02:10.010 9 INFO neutron.db.segments_db [None req-76e97ab2-5b55-439b-bdb3-f0167b1e8c25 1121bd56583d4e08b80f940bfda90feb 03aef7adcb9448baa3e5ffca87e7fe04 - - default default] Added segment 70742701-3212-47fc-8149-70cb80b3a0cb of type geneve for network ba82f94a-0ef1-4940-b5e2-eae46b12dac6
2026-07-10 01:02:10.034 10 ERROR ovsdbapp.backend.ovs_idl.command [None req-9f116a80-e13e-4654-9ba8-0e1b202c0f11 a053fca8c27e4d9ba5fd832acfdfa065 edd3c9590f6546e2958a0fb91d45e9e5 - - default default] Error executing command (DbGetCommand): ovsdbapp.backend.ovs_idl.idlutils.RowNotFound: Cannot find Logical_Router_Port with name=lrp-90ce7771-51fb-4439-a0f3-3aff0d714cea
2026-07-10 01:02:10.034 10 ERROR ovsdbapp.backend.ovs_idl.command
Traceback (most recent call last):
2026-07-10 01:02:10.034 10 ERROR ovsdbapp.backend.ovs_idl.command
File "/var/lib/openstack/lib/python3.10/site-packages/ovsdbapp/backend/ovs_idl/command.py", line 47, in execute
2026-07-10 01:02:10.034 10 ERROR ovsdbapp.backend.ovs_idl.command self.run_idl(None)
2026-07-10 01:02:10.034 10 ERROR ovsdbapp.backend.ovs_idl.command
File "/var/lib/openstack/lib/python3.10/site-packages/ovsdbapp/backend/ovs_idl/command.py", line 235, in run_idl
2026-07-10 01:02:10.034 10 ERROR ovsdbapp.backend.ovs_idl.command record = self.api.lookup(self.table, self.record)
2026-07-10 01:02:10.034 10 ERROR ovsdbapp.backend.ovs_idl.command
File "/var/lib/openstack/lib/python3.10/site-packages/ovsdbapp/backend/ovs_idl/__init__.py", line 184, in lookup
2026-07-10 01:02:10.034 10 ERROR ovsdbapp.backend.ovs_idl.command return self._lookup(table, record)
2026-07-10 01:02:10.034 10 ERROR ovsdbapp.backend.ovs_idl.command
File "/var/lib/openstack/lib/python3.10/site-packages/ovsdbapp/backend/ovs_idl/__init__.py", line 235, in _lookup
2026-07-10 01:02:10.034 10 ERROR ovsdbapp.backend.ovs_idl.command row = idlutils.row_by_value(self, rl.table, rl.column, record)
2026-07-10 01:02:10.034 10 ERROR ovsdbapp.backend.ovs_idl.command
File "/var/lib/openstack/lib/python3.10/site-packages/ovsdbapp/backend/ovs_idl/idlutils.py", line 114, in row_by_value
2026-07-10 01:02:10.034 10 ERROR ovsdbapp.backend.ovs_idl.command raise RowNotFound(table=table, col=column, match=match)
2026-07-10 01:02:10.034 10 ERROR ovsdbapp.backend.ovs_idl.command ovsdbapp.backend.ovs_idl.idlutils.RowNotFound: Cannot find Logical_Router_Port with name=lrp-90ce7771-51fb-4439-a0f3-3aff0d714cea
2026-07-10 01:02:10.034 10 ERROR ovsdbapp.backend.ovs_idl.command 
2026-07-10 01:02:10.035 10 ERROR neutron_lib.callbacks.manager [None req-9f116a80-e13e-4654-9ba8-0e1b202c0f11 a053fca8c27e4d9ba5fd832acfdfa065 edd3c9590f6546e2958a0fb91d45e9e5 - - default default] Error during notification for neutron.services.ovn_l3.plugin.OVNL3RouterPlugin._port_update-8784462010086 port, after_update: ovsdbapp.backend.ovs_idl.idlutils.RowNotFound: Cannot find Logical_Router_Port with name=lrp-90ce7771-51fb-4439-a0f3-3aff0d714cea
2026-07-10 01:02:10.035 10 ERROR neutron_lib.callbacks.manager
Traceback (most recent call last):
2026-07-10 01:02:10.035 10 ERROR neutron_lib.callbacks.manager
File "/var/lib/openstack/lib/python3.10/site-packages/neutron_lib/callbacks/manager.py", line 189, in _notify_loop
2026-07-10 01:02:10.035 10 ERROR neutron_lib.callbacks.manager callback.method(resource, event, trigger, payload=payload)
2026-07-10 01:02:10.035 10 ERROR neutron_lib.callbacks.manager
File "/var/lib/openstack/lib/python3.10/site-packages/neutron/services/ovn_l3/plugin.py", line 391, in _port_update
2026-07-10 01:02:10.035 10 ERROR neutron_lib.callbacks.manager l3plugin._ovn_client.update_router_port(context,
2026-07-10 01:02:10.035 10 ERROR neutron_lib.callbacks.manager
File "/var/lib/openstack/lib/python3.10/site-packages/neutron/plugins/ml2/drivers/ovn/mech_driver/ovsdb/ovn_client.py", line 1878, in update_router_port
2026-07-10 01:02:10.035 10 ERROR neutron_lib.callbacks.manager self._update_lrouter_port(context, port, if_exists=if_exists,
2026-07-10 01:02:10.035 10 ERROR neutron_lib.callbacks.manager
File "/var/lib/openstack/lib/python3.10/site-packages/neutron/plugins/ml2/drivers/ovn/mech_driver/ovsdb/ovn_client.py", line 1855, in _update_lrouter_port
2026-07-10 01:02:10.035 10 ERROR neutron_lib.callbacks.manager external_ids = self._nb_idl.db_get(
2026-07-10 01:02:10.035 10 ERROR neutron_lib.callbacks.manager
File "/var/lib/openstack/lib/python3.10/site-packages/ovsdbapp/backend/ovs_idl/command.py", line 47, in execute
2026-07-10 01:02:10.035 10 ERROR neutron_lib.callbacks.manager self.run_idl(None)
