2026-07-10 00:59:00.660 9 INFO neutron.notifiers.nova [-] Nova event matching ['req-06d519ba-a11c-4958-8903-e4451ff42cd5'] response: {'server_uuid': 'efffdad6-cc56-44b0-abb3-1eb8fc49f486', 'name': 'network-vif-plugged', 'status': 'completed', 'tag': 'd0d45af9-7361-4e09-9189-5a4f81d67c19', 'code': 200}
2026-07-10 00:59:00.711 9 INFO neutron.plugins.ml2.drivers.ovn.mech_driver.mech_driver [None req-d0b11067-93fc-4619-b573-f0f8e2ce51cc - - - - - -] OVN reports status down for port: 12fc682a-dd50-43be-9878-658c9915663c
2026-07-10 00:59:00.714 10 INFO neutron.wsgi [req-ccc8e138-88e6-4274-a3f8-52269f69499e req-8d488cdd-2e1e-4115-bf9c-dbf26f8c577f 4a924671abaf462ca3d1f222c8adacc3 0cea5b52854c4e668724328acc92db2b - - 95a8e68532af41d59ccacdfea55f3868 95a8e68532af41d59ccacdfea55f3868] 199.204.45.205 "GET /v2.0/networks/37a4956a-600b-483a-8a37-a197253b1021?fields=segments HTTP/1.1" status: 200 len: 212 time: 0.0937810
2026-07-10 00:59:00.757 9 INFO neutron.wsgi [req-ecb4b18a-cfa7-40ef-b212-f8da3f0082d8 req-7e2961c2-fdcf-4265-819a-3055fcc94275 c8f699a327354499a656a71ff7bca629 cbb1eb73fc5a418aabc89af55114c8a2 - - default default] 10.0.0.27 "GET /v2.0/ports?device_id=05a90fdd-9650-407a-8608-124cb22ee592 HTTP/1.1" status: 200 len: 1170 time: 0.0626128
2026-07-10 00:59:00.783 10 INFO neutron.wsgi [req-f5ca1714-03b5-4e6f-ac46-fe7667ccd1b3 req-49f02383-f19c-490e-a90c-7bcb40884d13 4a924671abaf462ca3d1f222c8adacc3 0cea5b52854c4e668724328acc92db2b - - 95a8e68532af41d59ccacdfea55f3868 95a8e68532af41d59ccacdfea55f3868] 199.204.45.205 "GET /v2.0/ports?tenant_id=cbb1eb73fc5a418aabc89af55114c8a2&device_id=05a90fdd-9650-407a-8608-124cb22ee592 HTTP/1.1" status: 200 len: 1409 time: 0.0955706
2026-07-10 00:59:00.836 9 INFO neutron.wsgi [req-ecb4b18a-cfa7-40ef-b212-f8da3f0082d8 req-ad7dfdb2-2345-44ef-a821-b59e476e9882 c8f699a327354499a656a71ff7bca629 cbb1eb73fc5a418aabc89af55114c8a2 - - default default] 10.0.0.27 "GET /v2.0/security-groups?id=11b380df-334e-4198-a157-3b7b3623350d&fields=id&fields=name HTTP/1.1" status: 200 len: 312 time: 0.0709593
2026-07-10 00:59:00.865 10 INFO neutron.wsgi [req-ccc8e138-88e6-4274-a3f8-52269f69499e req-655cd780-83f3-4aa5-bc9b-685718e00532 4a924671abaf462ca3d1f222c8adacc3 0cea5b52854c4e668724328acc92db2b - - 95a8e68532af41d59ccacdfea55f3868 95a8e68532af41d59ccacdfea55f3868] 199.204.45.205 "GET /v2.0/networks/37a4956a-600b-483a-8a37-a197253b1021?fields=provider%3Aphysical_network&fields=provider%3Anetwork_type HTTP/1.1" status: 200 len: 277 time: 0.1376772
2026-07-10 00:59:00.873 10 INFO neutron.wsgi [req-f5ca1714-03b5-4e6f-ac46-fe7667ccd1b3 req-20ab11dc-d77e-4f40-8d09-2e8a442cf142 4a924671abaf462ca3d1f222c8adacc3 0cea5b52854c4e668724328acc92db2b - - 95a8e68532af41d59ccacdfea55f3868 95a8e68532af41d59ccacdfea55f3868] 199.204.45.205 "GET /v2.0/networks?id=eafcd465-460a-45d3-8927-e42e7f81feaa HTTP/1.1" status: 200 len: 977 time: 0.0847156
2026-07-10 00:59:00.993 10 INFO neutron.wsgi [req-ac1dc8a7-be23-4f4f-b8f8-12fdba225f9b req-43e92a85-27c0-4479-87b5-af978b9a696b fec1388474e046248b90a28cbaef1415 4096a282d7c940c4a4e711aeb3b75f5d - - default default] 199.204.45.205 "GET /v2.0/ports?device_id=208bfa6f-0914-4a1d-a5a8-371cc4449c7d&device_owner=compute%3Anova&fixed_ips=ip_address%3D10.100.0.10 HTTP/1.1" status: 200 len: 1356 time: 0.1089609
2026-07-10 00:59:01.001 10 INFO neutron.wsgi [req-f5ca1714-03b5-4e6f-ac46-fe7667ccd1b3 req-c37b3146-3321-4fdc-b39f-a10c34de0bb5 4a924671abaf462ca3d1f222c8adacc3 0cea5b52854c4e668724328acc92db2b - - 95a8e68532af41d59ccacdfea55f3868 95a8e68532af41d59ccacdfea55f3868] 199.204.45.205 "GET /v2.0/floatingips?fixed_ip_address=10.100.0.4&port_id=12fc682a-dd50-43be-9878-658c9915663c HTTP/1.1" status: 200 len: 1059 time: 0.1212504
2026-07-10 00:59:01.074 10 INFO neutron.wsgi [req-f5ca1714-03b5-4e6f-ac46-fe7667ccd1b3 req-7831331c-083a-46b6-9d85-765bb13a257e 4a924671abaf462ca3d1f222c8adacc3 0cea5b52854c4e668724328acc92db2b - - 95a8e68532af41d59ccacdfea55f3868 95a8e68532af41d59ccacdfea55f3868] 199.204.45.205 "GET /v2.0/subnets?id=63d9fbe9-68a8-4c67-8bf7-94224d355f8b HTTP/1.1" status: 200 len: 872 time: 0.0623791
2026-07-10 00:59:01.075 9 INFO neutron.wsgi [req-4808dca2-22a2-42f1-803e-c5216f8df19f req-2f84aa63-4fb2-44b4-9019-9f4379e2b2e7 c8f699a327354499a656a71ff7bca629 cbb1eb73fc5a418aabc89af55114c8a2 - - default default] 199.204.45.205 "GET /v2.0/ports?device_id=05a90fdd-9650-407a-8608-124cb22ee592 HTTP/1.1" status: 200 len: 1168 time: 0.0488467
2026-07-10 00:59:01.111 10 INFO neutron.wsgi [req-f5ca1714-03b5-4e6f-ac46-fe7667ccd1b3 req-5e0dfa25-66b4-4d2a-8ab3-fa49b06659cb 4a924671abaf462ca3d1f222c8adacc3 0cea5b52854c4e668724328acc92db2b - - 95a8e68532af41d59ccacdfea55f3868 95a8e68532af41d59ccacdfea55f3868] 199.204.45.205 "GET /v2.0/ports?network_id=eafcd465-460a-45d3-8927-e42e7f81feaa&device_owner=network%3Adhcp HTTP/1.1" status: 200 len: 210 time: 0.0249252
2026-07-10 00:59:01.224 9 INFO neutron.db.ovn_revision_numbers_db [None req-d0b11067-93fc-4619-b573-f0f8e2ce51cc - - - - - -] Successfully bumped revision number for resource 12fc682a-dd50-43be-9878-658c9915663c (type: ports) to 5
2026-07-10 00:59:01.458 10 INFO neutron.wsgi [req-f5ca1714-03b5-4e6f-ac46-fe7667ccd1b3 req-0be1cc96-a4ca-4386-b0c7-5be08cd39b56 4a924671abaf462ca3d1f222c8adacc3 0cea5b52854c4e668724328acc92db2b - - 95a8e68532af41d59ccacdfea55f3868 95a8e68532af41d59ccacdfea55f3868] 199.204.45.205 "GET /v2.0/networks/eafcd465-460a-45d3-8927-e42e7f81feaa?fields=segments HTTP/1.1" status: 200 len: 212 time: 0.3347981 /var/lib/openstack/lib/python3.10/site-packages/pycadf/identifier.py:71: UserWarning: Invalid uuid: neutron. To ensure interoperability, identifiers should be a valid uuid. warnings.warn(('Invalid uuid: %s. To ensure interoperability, '
2026-07-10 00:59:01.480 10 INFO neutron.wsgi [None req-969aa3a5-858f-434d-8fcf-2eca36ed49fa fdcfe6efecc7496ca17a5b8c015822be 516d52bf26fe48e4868e535fbc418f23 - - default default] 10.0.0.99 "DELETE /v2.0/security-groups/04e8909e-2178-4546-a64f-1689dd1bb334 HTTP/1.1" status: 204 len: 168 time: 0.8756270
2026-07-10 00:59:01.520 9 INFO neutron.wsgi [req-5a6d060c-aa58-443f-8519-c2aefe94a02b req-e5cfeb63-a963-4bfd-be08-9c4aa536fe94 b13065b0f973485fbb4e80863a5c6d67 03e5181efa7b49fa8bb5a67eab4d04b2 - - default default] 10.0.0.27 "GET /v2.0/ports?device_id=efffdad6-cc56-44b0-abb3-1eb8fc49f486 HTTP/1.1" status: 200 len: 1170 time: 0.0689447
2026-07-10 00:59:01.560 10 INFO neutron.wsgi [req-f5ca1714-03b5-4e6f-ac46-fe7667ccd1b3 req-59466ab4-6ba1-4a25-9ccf-e5a5d971b719 4a924671abaf462ca3d1f222c8adacc3 0cea5b52854c4e668724328acc92db2b - - 95a8e68532af41d59ccacdfea55f3868 95a8e68532af41d59ccacdfea55f3868] 199.204.45.205 "GET /v2.0/networks/eafcd465-460a-45d3-8927-e42e7f81feaa?fields=provider%3Aphysical_network&fields=provider%3Anetwork_type HTTP/1.1" status: 200 len: 277 time: 0.0945954
2026-07-10 00:59:01.592 9 INFO neutron.wsgi [req-5a6d060c-aa58-443f-8519-c2aefe94a02b req-1b192840-5841-4576-af25-a5d86fa5afe5 b13065b0f973485fbb4e80863a5c6d67 03e5181efa7b49fa8bb5a67eab4d04b2 - - default default] 10.0.0.27 "GET /v2.0/security-groups?id=f7db96b1-e751-49f0-b75d-eb143a1d0151&fields=id&fields=name HTTP/1.1" status: 200 len: 312 time: 0.0675094
2026-07-10 00:59:01.684 9 INFO neutron.db.l3_db [req-4808dca2-22a2-42f1-803e-c5216f8df19f req-cd83676c-b44d-4b28-b516-391537e83acb c8f699a327354499a656a71ff7bca629 cbb1eb73fc5a418aabc89af55114c8a2 - - default default] Floating IP a64ef9fa-5614-48b0-8e95-f1c47c9c7938 disassociated. External IP: 10.96.250.217, port: 12fc682a-dd50-43be-9878-658c9915663c.
2026-07-10 00:59:01.831 9 INFO neutron.wsgi [req-4808dca2-22a2-42f1-803e-c5216f8df19f req-cd83676c-b44d-4b28-b516-391537e83acb c8f699a327354499a656a71ff7bca629 cbb1eb73fc5a418aabc89af55114c8a2 - - default default] 199.204.45.205 "DELETE /v2.0/ports/12fc682a-dd50-43be-9878-658c9915663c HTTP/1.1" status: 204 len: 173 time: 0.7443159 /var/lib/openstack/lib/python3.10/site-packages/pycadf/identifier.py:71: UserWarning: Invalid uuid: neutron. To ensure interoperability, identifiers should be a valid uuid. warnings.warn(('Invalid uuid: %s. To ensure interoperability, '
2026-07-10 00:59:01.966 9 INFO neutron.wsgi [req-4f6adf9b-1ab3-4416-9dc0-d460bda2ed24 req-dd4ba2b8-d2d1-4bb9-b144-e01efb20af6b c8f699a327354499a656a71ff7bca629 cbb1eb73fc5a418aabc89af55114c8a2 - - default default] 10.0.0.27 "GET /v2.0/ports?device_id=05a90fdd-9650-407a-8608-124cb22ee592 HTTP/1.1" status: 200 len: 210 time: 0.0348465
2026-07-10 00:59:01.968 10 INFO neutron.db.ovn_revision_numbers_db [req-ac1dc8a7-be23-4f4f-b8f8-12fdba225f9b req-2c8d6b58-0e64-4db1-a3d8-1e16628578cc fec1388474e046248b90a28cbaef1415 4096a282d7c940c4a4e711aeb3b75f5d - - default default] Successfully bumped revision number for resource ddab4739-20a6-44af-a707-b104e3724039 (type: ports) to 6
2026-07-10 00:59:01.985 10 INFO neutron.wsgi [req-ac1dc8a7-be23-4f4f-b8f8-12fdba225f9b req-2c8d6b58-0e64-4db1-a3d8-1e16628578cc fec1388474e046248b90a28cbaef1415 4096a282d7c940c4a4e711aeb3b75f5d - - default default] 199.204.45.205 "PUT /v2.0/ports/ddab4739-20a6-44af-a707-b104e3724039 HTTP/1.1" status: 200 len: 1171 time: 0.9827898 /var/lib/openstack/lib/python3.10/site-packages/pycadf/identifier.py:71: UserWarning: Invalid uuid: neutron. To ensure interoperability, identifiers should be a valid uuid. warnings.warn(('Invalid uuid: %s. To ensure interoperability, '
2026-07-10 00:59:02.031 10 INFO neutron.notifiers.nova [-] Nova event matching ['req-e1c49804-f17e-4c7e-9313-598404a7c608'] response: {'name': 'network-changed', 'server_uuid': '208bfa6f-0914-4a1d-a5a8-371cc4449c7d', 'tag': 'ddab4739-20a6-44af-a707-b104e3724039', 'status': 'completed', 'code': 200}
2026-07-10 00:59:02.062 10 INFO neutron.wsgi [req-ac1dc8a7-be23-4f4f-b8f8-12fdba225f9b req-2c558805-0f40-4490-a5ae-3d3e71ec5bc0 4a924671abaf462ca3d1f222c8adacc3 0cea5b52854c4e668724328acc92db2b - - 95a8e68532af41d59ccacdfea55f3868 95a8e68532af41d59ccacdfea55f3868] 199.204.45.205 "GET /v2.0/ports?tenant_id=4096a282d7c940c4a4e711aeb3b75f5d&device_id=208bfa6f-0914-4a1d-a5a8-371cc4449c7d HTTP/1.1" status: 200 len: 1413 time: 0.0537424
2026-07-10 00:59:02.155 10 INFO neutron.wsgi [req-ac1dc8a7-be23-4f4f-b8f8-12fdba225f9b req-5dad7854-b66d-4c9c-851a-8076a6257205 4a924671abaf462ca3d1f222c8adacc3 0cea5b52854c4e668724328acc92db2b - - 95a8e68532af41d59ccacdfea55f3868 95a8e68532af41d59ccacdfea55f3868] 199.204.45.205 "GET /v2.0/networks?id=37a4956a-600b-483a-8a37-a197253b1021 HTTP/1.1" status: 200 len: 982 time: 0.0876575
2026-07-10 00:59:02.215 10 INFO neutron.wsgi [req-ac1dc8a7-be23-4f4f-b8f8-12fdba225f9b req-99fa841a-7c9a-4e4d-a52f-a7c3a313d7fc 4a924671abaf462ca3d1f222c8adacc3 0cea5b52854c4e668724328acc92db2b - - 95a8e68532af41d59ccacdfea55f3868 95a8e68532af41d59ccacdfea55f3868] 199.204.45.205 "GET /v2.0/floatingips?fixed_ip_address=10.100.0.12&port_id=ddab4739-20a6-44af-a707-b104e3724039 HTTP/1.1" status: 200 len: 1060 time: 0.0501204
2026-07-10 00:59:02.275 10 INFO neutron.wsgi [req-ac1dc8a7-be23-4f4f-b8f8-12fdba225f9b req-333f03fa-c7dc-4262-a047-90ef1a2f7d3c 4a924671abaf462ca3d1f222c8adacc3 0cea5b52854c4e668724328acc92db2b - - 95a8e68532af41d59ccacdfea55f3868 95a8e68532af41d59ccacdfea55f3868] 199.204.45.205 "GET /v2.0/subnets?id=140ed936-c35a-4c55-9679-26947c586b12 HTTP/1.1" status: 200 len: 877 time: 0.0395837
2026-07-10 00:59:02.311 10 INFO neutron.wsgi [req-ac1dc8a7-be23-4f4f-b8f8-12fdba225f9b req-14585828-d080-4484-a99a-3ebb9aa5f007 4a924671abaf462ca3d1f222c8adacc3 0cea5b52854c4e668724328acc92db2b - - 95a8e68532af41d59ccacdfea55f3868 95a8e68532af41d59ccacdfea55f3868] 199.204.45.205 "GET /v2.0/ports?network_id=37a4956a-600b-483a-8a37-a197253b1021&device_owner=network%3Adhcp HTTP/1.1" status: 200 len: 210 time: 0.0313780
2026-07-10 00:59:02.392 10 INFO neutron.wsgi [req-ac1dc8a7-be23-4f4f-b8f8-12fdba225f9b req-a52f79b3-6c17-4088-a227-b3fd3b2a3529 4a924671abaf462ca3d1f222c8adacc3 0cea5b52854c4e668724328acc92db2b - - 95a8e68532af41d59ccacdfea55f3868 95a8e68532af41d59ccacdfea55f3868] 199.204.45.205 "GET /v2.0/networks/37a4956a-600b-483a-8a37-a197253b1021?fields=segments HTTP/1.1" status: 200 len: 212 time: 0.0757008
2026-07-10 00:59:02.471 10 INFO neutron.wsgi [req-ac1dc8a7-be23-4f4f-b8f8-12fdba225f9b req-06557df7-7223-423d-838a-77db906b42b6 4a924671abaf462ca3d1f222c8adacc3 0cea5b52854c4e668724328acc92db2b - - 95a8e68532af41d59ccacdfea55f3868 95a8e68532af41d59ccacdfea55f3868] 199.204.45.205 "GET /v2.0/networks/37a4956a-600b-483a-8a37-a197253b1021?fields=provider%3Aphysical_network&fields=provider%3Anetwork_type HTTP/1.1" status: 200 len: 277 time: 0.0712078
2026-07-10 00:59:02.561 10 INFO neutron.wsgi [req-9a0891b6-a47a-4652-b635-4758ffaf7804 req-c8c5d2e7-9478-4b0b-83c9-a7541bb70d6f 4a924671abaf462ca3d1f222c8adacc3 0cea5b52854c4e668724328acc92db2b - - 95a8e68532af41d59ccacdfea55f3868 95a8e68532af41d59ccacdfea55f3868] 199.204.45.205 "GET /v2.0/ports?tenant_id=4096a282d7c940c4a4e711aeb3b75f5d&device_id=208bfa6f-0914-4a1d-a5a8-371cc4449c7d HTTP/1.1" status: 200 len: 1413 time: 0.0468957
2026-07-10 00:59:02.645 10 INFO neutron.wsgi [req-9a0891b6-a47a-4652-b635-4758ffaf7804 req-cf1b69bb-9b48-4513-8473-402153c3a6a7 4a924671abaf462ca3d1f222c8adacc3 0cea5b52854c4e668724328acc92db2b - - 95a8e68532af41d59ccacdfea55f3868 95a8e68532af41d59ccacdfea55f3868] 199.204.45.205 "GET /v2.0/networks?id=37a4956a-600b-483a-8a37-a197253b1021 HTTP/1.1" status: 200 len: 982 time: 0.0736334
2026-07-10 00:59:02.690 10 INFO neutron.wsgi [req-9a0891b6-a47a-4652-b635-4758ffaf7804 req-e25c2962-f67c-4e1a-bb4d-a34052c31660 4a924671abaf462ca3d1f222c8adacc3 0cea5b52854c4e668724328acc92db2b - - 95a8e68532af41d59ccacdfea55f3868 95a8e68532af41d59ccacdfea55f3868] 199.204.45.205 "GET /v2.0/floatingips?fixed_ip_address=10.100.0.12&port_id=ddab4739-20a6-44af-a707-b104e3724039 HTTP/1.1" status: 200 len: 1060 time: 0.0395024
2026-07-10 00:59:02.720 9 INFO neutron.notifiers.nova [-] Nova event matching ['req-434cf2ab-0bac-4f28-bb42-ccb73a844ec2'] response: {'server_uuid': '05a90fdd-9650-407a-8608-124cb22ee592', 'name': 'network-vif-unplugged', 'status': 'completed', 'tag': '12fc682a-dd50-43be-9878-658c9915663c', 'code': 200}
2026-07-10 00:59:02.721 9 INFO neutron.notifiers.nova [-] Nova event matching ['req-434cf2ab-0bac-4f28-bb42-ccb73a844ec2'] response: {'server_uuid': '05a90fdd-9650-407a-8608-124cb22ee592', 'name': 'network-vif-unplugged', 'status': 'completed', 'tag': '12fc682a-dd50-43be-9878-658c9915663c', 'code': 200}
2026-07-10 00:59:02.721 9 INFO neutron.notifiers.nova [-] Nova event matching ['req-434cf2ab-0bac-4f28-bb42-ccb73a844ec2'] response: {'server_uuid': '05a90fdd-9650-407a-8608-124cb22ee592', 'name': 'network-vif-deleted', 'tag': '12fc682a-dd50-43be-9878-658c9915663c', 'status': 'completed', 'code': 200}
2026-07-10 00:59:02.736 10 INFO neutron.wsgi [req-9a0891b6-a47a-4652-b635-4758ffaf7804 req-8f456a62-3a0e-4038-ba83-9d04037df6a6 4a924671abaf462ca3d1f222c8adacc3 0cea5b52854c4e668724328acc92db2b - - 95a8e68532af41d59ccacdfea55f3868 95a8e68532af41d59ccacdfea55f3868] 199.204.45.205 "GET /v2.0/subnets?id=140ed936-c35a-4c55-9679-26947c586b12 HTTP/1.1" status: 200 len: 877 time: 0.0385978
2026-07-10 00:59:02.768 10 INFO neutron.wsgi [req-9a0891b6-a47a-4652-b635-4758ffaf7804 req-32fe8b6a-dd5d-4c07-bcf6-9c81bcf03ece 4a924671abaf462ca3d1f222c8adacc3 0cea5b52854c4e668724328acc92db2b - - 95a8e68532af41d59ccacdfea55f3868 95a8e68532af41d59ccacdfea55f3868] 199.204.45.205 "GET /v2.0/ports?network_id=37a4956a-600b-483a-8a37-a197253b1021&device_owner=network%3Adhcp HTTP/1.1" status: 200 len: 210 time: 0.0253491
2026-07-10 00:59:02.852 10 INFO neutron.wsgi [req-9a0891b6-a47a-4652-b635-4758ffaf7804 req-02d5c129-9133-4c76-bcf6-5b63ad307254 4a924671abaf462ca3d1f222c8adacc3 0cea5b52854c4e668724328acc92db2b - - 95a8e68532af41d59ccacdfea55f3868 95a8e68532af41d59ccacdfea55f3868] 199.204.45.205 "GET /v2.0/networks/37a4956a-600b-483a-8a37-a197253b1021?fields=segments HTTP/1.1" status: 200 len: 212 time: 0.0779374
2026-07-10 00:59:02.936 10 INFO neutron.wsgi [req-9a0891b6-a47a-4652-b635-4758ffaf7804 req-392594f1-5ae8-4262-b83d-7de76f7e43af 4a924671abaf462ca3d1f222c8adacc3 0cea5b52854c4e668724328acc92db2b - - 95a8e68532af41d59ccacdfea55f3868 95a8e68532af41d59ccacdfea55f3868] 199.204.45.205 "GET /v2.0/networks/37a4956a-600b-483a-8a37-a197253b1021?fields=provider%3Aphysical_network&fields=provider%3Anetwork_type HTTP/1.1" status: 200 len: 277 time: 0.0716066
2026-07-10 00:59:03.030 9 INFO neutron.plugins.ml2.drivers.ovn.mech_driver.mech_driver [None req-d0b11067-93fc-4619-b573-f0f8e2ce51cc - - - - - -] OVN reports status down for port: ddab4739-20a6-44af-a707-b104e3724039
2026-07-10 00:59:03.151 9 INFO neutron.wsgi [req-4af40e38-a006-48f8-8087-1e672b2b7731 req-55651c5e-8d62-4164-8e83-bbea14c86fa5 fec1388474e046248b90a28cbaef1415 4096a282d7c940c4a4e711aeb3b75f5d - - default default] 10.0.0.27 "GET /v2.0/ports?device_id=208bfa6f-0914-4a1d-a5a8-371cc4449c7d HTTP/1.1" status: 200 len: 1174 time: 0.1556654
2026-07-10 00:59:03.228 9 INFO neutron.wsgi [req-4af40e38-a006-48f8-8087-1e672b2b7731 req-3655ab0a-c602-45f7-ab59-efefec1e0055 fec1388474e046248b90a28cbaef1415 4096a282d7c940c4a4e711aeb3b75f5d - - default default] 10.0.0.27 "GET /v2.0/security-groups?id=7f43d2df-c92e-45e9-872b-c61770d98c27&fields=id&fields=name HTTP/1.1" status: 200 len: 313 time: 0.0612543
2026-07-10 00:59:03.297 10 INFO neutron.wsgi [None req-27085e08-f6ff-484a-81a0-e253119a9dd2 c8f699a327354499a656a71ff7bca629 cbb1eb73fc5a418aabc89af55114c8a2 - - default default] 10.0.0.99 "DELETE /v2.0/security-groups/11b380df-334e-4198-a157-3b7b3623350d HTTP/1.1" status: 204 len: 168 time: 0.1987884
2026-07-10 00:59:03.319 10 INFO neutron.api.v2.resource [None req-393064a4-a942-415f-a39e-e6a8422eee30 c8f699a327354499a656a71ff7bca629 cbb1eb73fc5a418aabc89af55114c8a2 - - default default] show failed (client error): The resource could not be found.
2026-07-10 00:59:03.320 10 INFO neutron.wsgi [None req-393064a4-a942-415f-a39e-e6a8422eee30 c8f699a327354499a656a71ff7bca629 cbb1eb73fc5a418aabc89af55114c8a2 - - default default] 10.0.0.99 "GET /v2.0/security-groups/11b380df-334e-4198-a157-3b7b3623350d HTTP/1.1" status: 404 len: 347 time: 0.0182073
2026-07-10 00:59:03.357 10 INFO neutron.wsgi [req-1cb8ab92-7587-424b-9a05-5e676b1ff016 req-a672e08b-46fe-42a7-a1f8-33bcda04fd67 fec1388474e046248b90a28cbaef1415 4096a282d7c940c4a4e711aeb3b75f5d - - default default] 199.204.45.205 "GET /v2.0/ports?device_id=208bfa6f-0914-4a1d-a5a8-371cc4449c7d HTTP/1.1" status: 200 len: 1172 time: 0.0455463
2026-07-10 00:59:03.432 9 INFO neutron.db.ovn_revision_numbers_db [None req-d0b11067-93fc-4619-b573-f0f8e2ce51cc - - - - - -] Successfully bumped revision number for resource ddab4739-20a6-44af-a707-b104e3724039 (type: ports) to 7
2026-07-10 00:59:03.781 10 INFO neutron.db.l3_db [req-1cb8ab92-7587-424b-9a05-5e676b1ff016 req-fe5570fa-21b6-41d4-8b62-15c1c80ea229 fec1388474e046248b90a28cbaef1415 4096a282d7c940c4a4e711aeb3b75f5d - - default default] Floating IP 305224e2-0064-4bae-bd7a-f816bf67f719 disassociated. External IP: 10.96.250.216, port: ddab4739-20a6-44af-a707-b104e3724039.
2026-07-10 00:59:03.921 10 INFO neutron.wsgi [req-1cb8ab92-7587-424b-9a05-5e676b1ff016 req-fe5570fa-21b6-41d4-8b62-15c1c80ea229 fec1388474e046248b90a28cbaef1415 4096a282d7c940c4a4e711aeb3b75f5d - - default default] 199.204.45.205 "DELETE /v2.0/ports/ddab4739-20a6-44af-a707-b104e3724039 HTTP/1.1" status: 204 len: 173 time: 0.5599718
2026-07-10 00:59:03.922 9 INFO neutron.wsgi [None req-e1101025-03a6-49d3-a5ee-b5c466bc4907 c8f699a327354499a656a71ff7bca629 cbb1eb73fc5a418aabc89af55114c8a2 - - default default] 10.0.0.99 "DELETE /v2.0/floatingips/a64ef9fa-5614-48b0-8e95-f1c47c9c7938 HTTP/1.1" status: 204 len: 168 time: 0.5898294
2026-07-10 00:59:04.090 10 INFO neutron.notifiers.nova [-] Nova event matching ['req-8be7d030-d91c-4c7e-a443-7a72bd66476a'] response: {'server_uuid': '208bfa6f-0914-4a1d-a5a8-371cc4449c7d', 'name': 'network-vif-deleted', 'tag': 'ddab4739-20a6-44af-a707-b104e3724039', 'status': 'completed', 'code': 200}
2026-07-10 00:59:04.467 10 INFO neutron.wsgi [None req-73393c80-8890-4f49-af43-c19d3d7bbca5 fec1388474e046248b90a28cbaef1415 4096a282d7c940c4a4e711aeb3b75f5d - - default default] 10.0.0.99 "DELETE /v2.0/security-groups/7f43d2df-c92e-45e9-872b-c61770d98c27 HTTP/1.1" status: 204 len: 168 time: 0.1518519
2026-07-10 00:59:04.499 10 INFO neutron.api.v2.resource [None req-f77fd08e-62d3-4d9c-8c24-627abfb9231d fec1388474e046248b90a28cbaef1415 4096a282d7c940c4a4e711aeb3b75f5d - - default default] show failed (client error): The resource could not be found.
2026-07-10 00:59:04.500 10 INFO neutron.wsgi [None req-f77fd08e-62d3-4d9c-8c24-627abfb9231d fec1388474e046248b90a28cbaef1415 4096a282d7c940c4a4e711aeb3b75f5d - - default default] 10.0.0.99 "GET /v2.0/security-groups/7f43d2df-c92e-45e9-872b-c61770d98c27 HTTP/1.1" status: 404 len: 347 time: 0.0271614 /var/lib/openstack/lib/python3.10/site-packages/pycadf/identifier.py:71: UserWarning: Invalid uuid: neutron. To ensure interoperability, identifiers should be a valid uuid. warnings.warn(('Invalid uuid: %s. To ensure interoperability, '
2026-07-10 00:59:04.768 9 INFO neutron.notifiers.nova [-] Nova event matching ['req-d4a31e0b-0cb1-4877-9187-956d897d8d24'] response: {'server_uuid': '208bfa6f-0914-4a1d-a5a8-371cc4449c7d', 'name': 'network-vif-unplugged', 'status': 'completed', 'tag': 'ddab4739-20a6-44af-a707-b104e3724039', 'code': 200}
2026-07-10 00:59:04.768 9 INFO neutron.notifiers.nova [-] Nova event matching ['req-d4a31e0b-0cb1-4877-9187-956d897d8d24'] response: {'server_uuid': '208bfa6f-0914-4a1d-a5a8-371cc4449c7d', 'name': 'network-vif-unplugged', 'status': 'completed', 'tag': 'ddab4739-20a6-44af-a707-b104e3724039', 'code': 200}
2026-07-10 00:59:04.929 9 INFO neutron.wsgi [None req-50f43721-a720-4e68-8c26-35351bb64e15 fec1388474e046248b90a28cbaef1415 4096a282d7c940c4a4e711aeb3b75f5d - - default default] 10.0.0.99 "DELETE /v2.0/floatingips/305224e2-0064-4bae-bd7a-f816bf67f719 HTTP/1.1" status: 204 len: 168 time: 0.4241245
2026-07-10 00:59:05.357 10 INFO neutron.wsgi [None req-7ac0bf53-4e42-4c6f-b2ef-8063832ba600 fdcfe6efecc7496ca17a5b8c015822be 516d52bf26fe48e4868e535fbc418f23 - - default default] 10.0.0.99 "PUT /v2.0/routers/c9936421-b906-4e21-bdb1-fc91c04d5134/remove_router_interface HTTP/1.1" status: 200 len: 503 time: 1.4256735 /var/lib/openstack/lib/python3.10/site-packages/pycadf/identifier.py:71: UserWarning: Invalid uuid: neutron. To ensure interoperability, identifiers should be a valid uuid. warnings.warn(('Invalid uuid: %s. To ensure interoperability, '
2026-07-10 00:59:06.387 9 INFO neutron.wsgi [None req-fba8aa7a-394d-4901-ad90-df4f638c909f fdcfe6efecc7496ca17a5b8c015822be 516d52bf26fe48e4868e535fbc418f23 - - default default] 10.0.0.99 "PUT /v2.0/routers/915d1838-0fea-4dbc-a617-28da92d6d3dc/remove_router_interface HTTP/1.1" status: 200 len: 503 time: 1.3691835 /var/lib/openstack/lib/python3.10/site-packages/pycadf/identifier.py:71: UserWarning: Invalid uuid: neutron. To ensure interoperability, identifiers should be a valid uuid. warnings.warn(('Invalid uuid: %s. To ensure interoperability, '
2026-07-10 00:59:06.435 10 INFO neutron.wsgi [None req-d4cea492-17fe-42c2-bf5e-079b78b55be8 fdcfe6efecc7496ca17a5b8c015822be 516d52bf26fe48e4868e535fbc418f23 - - default default] 10.0.0.99 "DELETE /v2.0/routers/c9936421-b906-4e21-bdb1-fc91c04d5134 HTTP/1.1" status: 204 len: 168 time: 1.0739794
2026-07-10 00:59:06.650 10 INFO neutron.wsgi [None req-8f5f9ed1-1830-403d-b716-d81aa1ed83e1 fdcfe6efecc7496ca17a5b8c015822be 516d52bf26fe48e4868e535fbc418f23 - - default default] 10.0.0.99 "DELETE /v2.0/subnets/63d9fbe9-68a8-4c67-8bf7-94224d355f8b HTTP/1.1" status: 204 len: 168 time: 0.2100761
2026-07-10 00:59:07.162 10 INFO neutron.wsgi [None req-c7038b61-3c3e-4478-b6a9-97452f36fb4c fdcfe6efecc7496ca17a5b8c015822be 516d52bf26fe48e4868e535fbc418f23 - - default default] 10.0.0.99 "DELETE /v2.0/networks/eafcd465-460a-45d3-8927-e42e7f81feaa HTTP/1.1" status: 204 len: 168 time: 0.5073383
2026-07-10 00:59:07.279 9 INFO neutron.wsgi [None req-04e74102-7543-4fa2-8924-cd8771c75ef3 fdcfe6efecc7496ca17a5b8c015822be 516d52bf26fe48e4868e535fbc418f23 - - default default] 10.0.0.99 "DELETE /v2.0/routers/915d1838-0fea-4dbc-a617-28da92d6d3dc HTTP/1.1" status: 204 len: 168 time: 0.8871968
2026-07-10 00:59:07.384 9 INFO neutron.wsgi [None req-9d3926c6-9505-4dbb-8e56-a568a74c2103 fdcfe6efecc7496ca17a5b8c015822be 516d52bf26fe48e4868e535fbc418f23 - - default default] 10.0.0.99 "GET /v2.0/security-groups?tenant_id=cbb1eb73fc5a418aabc89af55114c8a2&name=default HTTP/1.1" status: 200 len: 3120 time: 0.0450666
2026-07-10 00:59:07.559 10 INFO neutron.wsgi [None req-230c19ba-b7b5-43ec-8361-e739062309dd fdcfe6efecc7496ca17a5b8c015822be 516d52bf26fe48e4868e535fbc418f23 - - default default] 10.0.0.99 "DELETE /v2.0/subnets/140ed936-c35a-4c55-9679-26947c586b12 HTTP/1.1" status: 204 len: 168 time: 0.2724717
2026-07-10 00:59:07.597 10 INFO neutron.services.segments.plugin [-] Segment f57dbc25-74df-4494-bdf3-128a466164f1 resource provider aggregate not found
2026-07-10 00:59:07.618 10 INFO neutron.services.segments.plugin [-] Segment f57dbc25-74df-4494-bdf3-128a466164f1 resource provider aggregate not found
2026-07-10 00:59:07.625 10 INFO neutron.services.segments.plugin [-] Segment f57dbc25-74df-4494-bdf3-128a466164f1 resource provider not found; error: Placement Client Error (4xx): {"errors": [{"status": 404, "title": "Not Found", "detail": "The resource could not be found.\n\n No resource provider with uuid f57dbc25-74df-4494-bdf3-128a466164f1 found for delete ", "request_id": "req-ceaaf033-a88c-40ee-b083-b6da264ba7d6"}]}
2026-07-10 00:59:07.645 10 INFO neutron.services.segments.plugin [-] Segment f57dbc25-74df-4494-bdf3-128a466164f1 resource provider not found; error: Placement Client Error (4xx): {"errors": [{"status": 404, "title": "Not Found", "detail": "The resource could not be found.\n\n No resource provider with uuid f57dbc25-74df-4494-bdf3-128a466164f1 found for delete ", "request_id": "req-71a09541-0099-48d5-9d54-52517a658cba"}]}
2026-07-10 00:59:07.658 9 INFO neutron.wsgi [None req-cb809c42-7fc7-498b-a0a2-b1f76bcefb48 fdcfe6efecc7496ca17a5b8c015822be 516d52bf26fe48e4868e535fbc418f23 - - default default] 10.0.0.99 "DELETE /v2.0/security-groups/99fb2bb6-5892-4c3e-a130-37e0827e7030 HTTP/1.1" status: 204 len: 168 time: 0.2700706
2026-07-10 00:59:07.727 10 INFO neutron.db.ovn_revision_numbers_db [None req-56400c33-44d7-4f11-b452-f4863a2ff1da fdcfe6efecc7496ca17a5b8c015822be 516d52bf26fe48e4868e535fbc418f23 - - default default] Successfully bumped revision number for resource 968ae262-57c4-404a-9e1b-f3ba2bc2a4d0 (type: security_groups) to 1
2026-07-10 00:59:07.753 10 INFO neutron.db.ovn_revision_numbers_db [None req-56400c33-44d7-4f11-b452-f4863a2ff1da fdcfe6efecc7496ca17a5b8c015822be 516d52bf26fe48e4868e535fbc418f23 - - default default] Successfully bumped revision number for resource 8e6d8b87-64dd-445c-b64c-d71a029adbb9 (type: security_group_rules) to 0
2026-07-10 00:59:07.774 10 INFO neutron.db.ovn_revision_numbers_db [None req-56400c33-44d7-4f11-b452-f4863a2ff1da fdcfe6efecc7496ca17a5b8c015822be 516d52bf26fe48e4868e535fbc418f23 - - default default] Successfully bumped revision number for resource 99062ef0-a2b1-4bd3-9a46-1d65c2205eee (type: security_group_rules) to 0
2026-07-10 00:59:07.797 10 INFO neutron.db.ovn_revision_numbers_db [None req-56400c33-44d7-4f11-b452-f4863a2ff1da fdcfe6efecc7496ca17a5b8c015822be 516d52bf26fe48e4868e535fbc418f23 - - default default] Successfully bumped revision number for resource 9e8aa856-8515-4d9f-8024-1c0aebd5a67e (type: security_group_rules) to 0
2026-07-10 00:59:07.811 10 INFO neutron.db.ovn_revision_numbers_db [None req-56400c33-44d7-4f11-b452-f4863a2ff1da fdcfe6efecc7496ca17a5b8c015822be 516d52bf26fe48e4868e535fbc418f23 - - default default] Successfully bumped revision number for resource ef9c8f09-9767-4323-af82-3f2302512903 (type: security_group_rules) to 0
2026-07-10 00:59:07.842 10 INFO neutron.wsgi [None req-56400c33-44d7-4f11-b452-f4863a2ff1da fdcfe6efecc7496ca17a5b8c015822be 516d52bf26fe48e4868e535fbc418f23 - - default default] 10.0.0.99 "GET /v2.0/security-groups?tenant_id=bb1b362099a5416e87b4b5d3ac4e088f&name=default HTTP/1.1" status: 200 len: 3120 time: 0.5629947
2026-07-10 00:59:08.024 10 INFO neutron.wsgi [None req-f0bebaf4-4817-4a4b-95bb-cd59f4d396a3 fdcfe6efecc7496ca17a5b8c015822be 516d52bf26fe48e4868e535fbc418f23 - - default default] 10.0.0.99 "DELETE /v2.0/networks/37a4956a-600b-483a-8a37-a197253b1021 HTTP/1.1" status: 204 len: 168 time: 0.4590735
2026-07-10 00:59:08.108 9 INFO neutron.wsgi [None req-b7f579fd-b066-415f-ba24-d5c826470b2e fdcfe6efecc7496ca17a5b8c015822be 516d52bf26fe48e4868e535fbc418f23 - - default default] 10.0.0.99 "DELETE /v2.0/security-groups/968ae262-57c4-404a-9e1b-f3ba2bc2a4d0 HTTP/1.1" status: 204 len: 168 time: 0.2605348
2026-07-10 00:59:08.254 10 INFO neutron.wsgi [None req-dfd11de8-fef4-4f0f-8008-4054fa5166c3 fdcfe6efecc7496ca17a5b8c015822be 516d52bf26fe48e4868e535fbc418f23 - - default default] 10.0.0.99 "GET /v2.0/security-groups?tenant_id=4096a282d7c940c4a4e711aeb3b75f5d&name=default HTTP/1.1" status: 200 len: 3116 time: 0.0578177
2026-07-10 00:59:08.369 9 INFO neutron.db.ovn_revision_numbers_db [None req-a9d12106-5796-4dcd-a63b-1e3f6c4cc47a fdcfe6efecc7496ca17a5b8c015822be 516d52bf26fe48e4868e535fbc418f23 - - default default] Successfully bumped revision number for resource 6ffac856-fcd3-456a-95ca-17a09ad308e8 (type: security_groups) to 1
2026-07-10 00:59:08.383 9 INFO neutron.db.ovn_revision_numbers_db [None req-a9d12106-5796-4dcd-a63b-1e3f6c4cc47a fdcfe6efecc7496ca17a5b8c015822be 516d52bf26fe48e4868e535fbc418f23 - - default default] Successfully bumped revision number for resource 0419111f-075b-402a-9c79-a5354780dd03 (type: security_group_rules) to 0
2026-07-10 00:59:08.395 9 INFO neutron.db.ovn_revision_numbers_db [None req-a9d12106-5796-4dcd-a63b-1e3f6c4cc47a fdcfe6efecc7496ca17a5b8c015822be 516d52bf26fe48e4868e535fbc418f23 - - default default] Successfully bumped revision number for resource 060e6b4f-69ac-44a5-9f17-178cae3aa3c3 (type: security_group_rules) to 0
2026-07-10 00:59:08.420 9 INFO neutron.db.ovn_revision_numbers_db [None req-a9d12106-5796-4dcd-a63b-1e3f6c4cc47a fdcfe6efecc7496ca17a5b8c015822be 516d52bf26fe48e4868e535fbc418f23 - - default default] Successfully bumped revision number for resource b7f39006-e675-4d0c-8c9c-408ecfed81c2 (type: security_group_rules) to 0
2026-07-10 00:59:08.436 9 INFO neutron.db.ovn_revision_numbers_db [None req-a9d12106-5796-4dcd-a63b-1e3f6c4cc47a fdcfe6efecc7496ca17a5b8c015822be 516d52bf26fe48e4868e535fbc418f23 - - default default] Successfully bumped revision number for resource bd6b2d3b-5e87-4e41-bb24-1312462eca9b (type: security_group_rules) to 0
2026-07-10 00:59:08.467 9 INFO neutron.wsgi [None req-a9d12106-5796-4dcd-a63b-1e3f6c4cc47a fdcfe6efecc7496ca17a5b8c015822be 516d52bf26fe48e4868e535fbc418f23 - - default default] 10.0.0.99 "GET /v2.0/security-groups?tenant_id=e75bb2e40d644ebeb2fec79dfb975d1e&name=default HTTP/1.1" status: 200 len: 3120 time: 0.2163088
2026-07-10 00:59:08.523 10 INFO neutron.wsgi [None req-6a30f523-f044-4d0e-ad51-215b1a4c1709 fdcfe6efecc7496ca17a5b8c015822be 516d52bf26fe48e4868e535fbc418f23 - - default default] 10.0.0.99 "DELETE /v2.0/security-groups/45c4c1c9-7284-4057-b74c-86597bf2044d HTTP/1.1" status: 204 len: 168 time: 0.2650657
2026-07-10 00:59:08.705 9 INFO neutron.wsgi [None req-9b0b2685-3d5d-4d37-90d0-52d91386ad7e fdcfe6efecc7496ca17a5b8c015822be 516d52bf26fe48e4868e535fbc418f23 - - default default] 10.0.0.99 "DELETE /v2.0/security-groups/6ffac856-fcd3-456a-95ca-17a09ad308e8 HTTP/1.1" status: 204 len: 168 time: 0.2321804
2026-07-10 00:59:09.652 10 INFO neutron.services.segments.plugin [-] Segment a848286e-6c58-460a-b690-93a67712cb9f resource provider aggregate not found
2026-07-10 00:59:09.667 10 INFO neutron.services.segments.plugin [-] Segment a848286e-6c58-460a-b690-93a67712cb9f resource provider not found; error: Placement Client Error (4xx): {"errors": [{"status": 404, "title": "Not Found", "detail": "The resource could not be found.\n\n No resource provider with uuid a848286e-6c58-460a-b690-93a67712cb9f found for delete ", "request_id": "req-cb510d96-c2e2-4b73-bd00-861e858494db"}]}
2026-07-10 00:59:09.668 10 INFO neutron.services.segments.plugin [-] Segment a848286e-6c58-460a-b690-93a67712cb9f resource provider aggregate not found
2026-07-10 00:59:09.685 10 INFO neutron.services.segments.plugin [-] Segment a848286e-6c58-460a-b690-93a67712cb9f resource provider not found; error: Placement Client Error (4xx): {"errors": [{"status": 404, "title": "Not Found", "detail": "The resource could not be found.\n\n No resource provider with uuid a848286e-6c58-460a-b690-93a67712cb9f found for delete ", "request_id": "req-6da03eff-3669-44aa-8ce7-cf44c13ed474"}]}
2026-07-10 00:59:09.803 10 INFO neutron.db.ovn_revision_numbers_db [None req-e955bee3-a279-4392-b3ab-1a2456b3a6ab fdcfe6efecc7496ca17a5b8c015822be 516d52bf26fe48e4868e535fbc418f23 - - default default] Successfully bumped revision number for resource 424dde52-b8e5-43cd-9e59-c423069fe6e7 (type: security_groups) to 1
2026-07-10 00:59:09.821 10 INFO neutron.db.ovn_revision_numbers_db [None req-e955bee3-a279-4392-b3ab-1a2456b3a6ab fdcfe6efecc7496ca17a5b8c015822be 516d52bf26fe48e4868e535fbc418f23 - - default default] Successfully bumped revision number for resource 5a9ad55f-c932-40b1-b781-58ea69264e96 (type: security_group_rules) to 0
2026-07-10 00:59:09.837 10 INFO neutron.db.ovn_revision_numbers_db [None req-e955bee3-a279-4392-b3ab-1a2456b3a6ab fdcfe6efecc7496ca17a5b8c015822be 516d52bf26fe48e4868e535fbc418f23 - - default default] Successfully bumped revision number for resource 718a6802-caff-4896-9259-2e3e13f8f976 (type: security_group_rules) to 0
2026-07-10 00:59:09.850 10 INFO neutron.db.ovn_revision_numbers_db [None req-e955bee3-a279-4392-b3ab-1a2456b3a6ab fdcfe6efecc7496ca17a5b8c015822be 516d52bf26fe48e4868e535fbc418f23 - - default default] Successfully bumped revision number for resource ba43cbf0-3561-43e6-82a9-a97c16057277 (type: security_group_rules) to 0
2026-07-10 00:59:09.870 10 INFO neutron.db.ovn_revision_numbers_db [None req-e955bee3-a279-4392-b3ab-1a2456b3a6ab fdcfe6efecc7496ca17a5b8c015822be 516d52bf26fe48e4868e535fbc418f23 - - default default] Successfully bumped revision number for resource e05aa0b5-44ac-4bed-b5ee-5f0e49e2ee1f (type: security_group_rules) to 0
2026-07-10 00:59:09.923 10 INFO neutron.db.segments_db [None req-e955bee3-a279-4392-b3ab-1a2456b3a6ab fdcfe6efecc7496ca17a5b8c015822be 516d52bf26fe48e4868e535fbc418f23 - - default default] Added segment 3eb8395f-5209-447e-969c-5f2650abb084 of type geneve for network cb9ceaf8-29ee-4c7f-b34b-2e99e9785b8f
2026-07-10 00:59:10.102 10 INFO neutron.db.ovn_revision_numbers_db [None req-e955bee3-a279-4392-b3ab-1a2456b3a6ab fdcfe6efecc7496ca17a5b8c015822be 516d52bf26fe48e4868e535fbc418f23 - - default default] Successfully bumped revision number for resource cb9ceaf8-29ee-4c7f-b34b-2e99e9785b8f (type: networks) to 1
2026-07-10 00:59:10.499 10 WARNING neutron.scheduler.dhcp_agent_scheduler [None req-e955bee3-a279-4392-b3ab-1a2456b3a6ab fdcfe6efecc7496ca17a5b8c015822be 516d52bf26fe48e4868e535fbc418f23 - - default default] No more DHCP agents
2026-07-10 00:59:10.503 10 WARNING neutron.api.rpc.agentnotifiers.dhcp_rpc_agent_api [None req-e955bee3-a279-4392-b3ab-1a2456b3a6ab fdcfe6efecc7496ca17a5b8c015822be 516d52bf26fe48e4868e535fbc418f23 - - default default] Unable to schedule network cb9ceaf8-29ee-4c7f-b34b-2e99e9785b8f: no agents available; will retry on subsequent port and subnet creation events.
2026-07-10 00:59:10.616 10 INFO neutron.db.ovn_revision_numbers_db [None req-e955bee3-a279-4392-b3ab-1a2456b3a6ab fdcfe6efecc7496ca17a5b8c015822be 516d52bf26fe48e4868e535fbc418f23 - - default default] Successfully bumped revision number for resource f4ad3099-1e4f-442e-b25f-75d8e26dc18c (type: ports) to 1
2026-07-10 00:59:10.650 10 INFO neutron.wsgi [None req-e955bee3-a279-4392-b3ab-1a2456b3a6ab fdcfe6efecc7496ca17a5b8c015822be 516d52bf26fe48e4868e535fbc418f23 - - default default] 10.0.0.99 "POST /v2.0/networks HTTP/1.1" status: 201 len: 948 time: 1.1358876
2026-07-10 00:59:10.654 10 INFO neutron.db.ovn_revision_numbers_db [None req-b36fbfea-7e64-4ce9-ac92-dfc7167d779d fdcfe6efecc7496ca17a5b8c015822be 516d52bf26fe48e4868e535fbc418f23 - - default default] Successfully bumped revision number for resource 62d86713-8a0d-4c7e-bc2f-864bfb962642 (type: security_groups) to 1
2026-07-10 00:59:10.669 10 INFO neutron.db.ovn_revision_numbers_db [None req-b36fbfea-7e64-4ce9-ac92-dfc7167d779d fdcfe6efecc7496ca17a5b8c015822be 516d52bf26fe48e4868e535fbc418f23 - - default default] Successfully bumped revision number for resource 72ce9b61-5491-4fdc-be1d-deb3f73fcaa7 (type: security_group_rules) to 0
2026-07-10 00:59:10.685 10 INFO neutron.db.ovn_revision_numbers_db [None req-b36fbfea-7e64-4ce9-ac92-dfc7167d779d fdcfe6efecc7496ca17a5b8c015822be 516d52bf26fe48e4868e535fbc418f23 - - default default] Successfully bumped revision number for resource 8498195f-5e10-4ba9-af2c-3bb084a27a9c (type: security_group_rules) to 0
2026-07-10 00:59:10.706 10 INFO neutron.db.ovn_revision_numbers_db [None req-b36fbfea-7e64-4ce9-ac92-dfc7167d779d fdcfe6efecc7496ca17a5b8c015822be 516d52bf26fe48e4868e535fbc418f23 - - default default] Successfully bumped revision number for resource c3cfc213-4da3-4b31-b913-2b4876c9fcf0 (type: security_group_rules) to 0
2026-07-10 00:59:10.724 10 INFO neutron.db.ovn_revision_numbers_db [None req-b36fbfea-7e64-4ce9-ac92-dfc7167d779d fdcfe6efecc7496ca17a5b8c015822be 516d52bf26fe48e4868e535fbc418f23 - - default default] Successfully bumped revision number for resource e41b2707-3aaf-4ebc-8da8-97a17d994c64 (type: security_group_rules) to 0
2026-07-10 00:59:10.775 10 INFO neutron.db.segments_db [None req-b36fbfea-7e64-4ce9-ac92-dfc7167d779d fdcfe6efecc7496ca17a5b8c015822be 516d52bf26fe48e4868e535fbc418f23 - - default default] Added segment bfcecbde-5260-499e-a079-2fbb2a06fbd3 of type geneve for network 33224d1f-0b98-4144-b0d6-263997ffd6ef
2026-07-10 00:59:10.810 9 WARNING neutron.scheduler.dhcp_agent_scheduler [None req-86973c54-06b7-4e68-b772-bfd7eccccd4b fdcfe6efecc7496ca17a5b8c015822be 516d52bf26fe48e4868e535fbc418f23 - - default default] No more DHCP agents
2026-07-10 00:59:10.811 9 WARNING neutron.api.rpc.agentnotifiers.dhcp_rpc_agent_api [None req-86973c54-06b7-4e68-b772-bfd7eccccd4b fdcfe6efecc7496ca17a5b8c015822be 516d52bf26fe48e4868e535fbc418f23 - - default default] Unable to schedule network cb9ceaf8-29ee-4c7f-b34b-2e99e9785b8f: no agents available; will retry on subsequent port and subnet creation events.
2026-07-10 00:59:10.935 10 INFO neutron.db.ovn_revision_numbers_db [None req-b36fbfea-7e64-4ce9-ac92-dfc7167d779d fdcfe6efecc7496ca17a5b8c015822be 516d52bf26fe48e4868e535fbc418f23 - - default default] Successfully bumped revision number for resource 33224d1f-0b98-4144-b0d6-263997ffd6ef (type: networks) to 1
2026-07-10 00:59:11.160 10 WARNING neutron.scheduler.dhcp_agent_scheduler [None req-b36fbfea-7e64-4ce9-ac92-dfc7167d779d fdcfe6efecc7496ca17a5b8c015822be 516d52bf26fe48e4868e535fbc418f23 - - default default] No more DHCP agents
2026-07-10 00:59:11.162 10 WARNING neutron.api.rpc.agentnotifiers.dhcp_rpc_agent_api [None req-b36fbfea-7e64-4ce9-ac92-dfc7167d779d fdcfe6efecc7496ca17a5b8c015822be 516d52bf26fe48e4868e535fbc418f23 - - default default] Unable to schedule network 33224d1f-0b98-4144-b0d6-263997ffd6ef: no agents available; will retry on subsequent port and subnet creation events.
2026-07-10 00:59:11.248 10 INFO neutron.db.ovn_revision_numbers_db [None req-b36fbfea-7e64-4ce9-ac92-dfc7167d779d fdcfe6efecc7496ca17a5b8c015822be 516d52bf26fe48e4868e535fbc418f23 - - default default] Successfully bumped revision number for resource 6d086786-3e86-4e66-9fb6-5f8bb7d084d9 (type: ports) to 1
2026-07-10 00:59:11.273 10 INFO neutron.wsgi [None req-b36fbfea-7e64-4ce9-ac92-dfc7167d779d fdcfe6efecc7496ca17a5b8c015822be 516d52bf26fe48e4868e535fbc418f23 - - default default] 10.0.0.99 "POST /v2.0/networks HTTP/1.1" status: 201 len: 939 time: 1.1204398
2026-07-10 00:59:11.436 9 INFO neutron.db.ovn_revision_numbers_db [None req-86973c54-06b7-4e68-b772-bfd7eccccd4b fdcfe6efecc7496ca17a5b8c015822be 516d52bf26fe48e4868e535fbc418f23 - - default default] Successfully bumped revision number for resource f4ad3099-1e4f-442e-b25f-75d8e26dc18c (type: ports) to 2
2026-07-10 00:59:11.444 10 WARNING neutron.scheduler.dhcp_agent_scheduler [None req-f365afec-ed55-4eb3-8309-1d10f988195f fdcfe6efecc7496ca17a5b8c015822be 516d52bf26fe48e4868e535fbc418f23 - - default default] No more DHCP agents
2026-07-10 00:59:11.447 10 WARNING neutron.api.rpc.agentnotifiers.dhcp_rpc_agent_api [None req-f365afec-ed55-4eb3-8309-1d10f988195f fdcfe6efecc7496ca17a5b8c015822be 516d52bf26fe48e4868e535fbc418f23 - - default default] Unable to schedule network 33224d1f-0b98-4144-b0d6-263997ffd6ef: no agents available; will retry on subsequent port and subnet creation events.
2026-07-10 00:59:11.476 9 INFO neutron.db.ovn_revision_numbers_db [None req-86973c54-06b7-4e68-b772-bfd7eccccd4b fdcfe6efecc7496ca17a5b8c015822be 516d52bf26fe48e4868e535fbc418f23 - - default default] Successfully bumped revision number for resource 514a528e-c602-46b8-bd3f-db8901d0599d (type: subnets) to 0
2026-07-10 00:59:11.494 9 INFO neutron.wsgi [None req-86973c54-06b7-4e68-b772-bfd7eccccd4b fdcfe6efecc7496ca17a5b8c015822be 516d52bf26fe48e4868e535fbc418f23 - - default default] 10.0.0.99 "POST /v2.0/subnets HTTP/1.1" status: 201 len: 868 time: 0.8381863
2026-07-10 00:59:12.260 10 WARNING neutron.scheduler.dhcp_agent_scheduler [None req-14694942-bd29-42ab-b2e0-3ff4a7ba4243 fdcfe6efecc7496ca17a5b8c015822be 516d52bf26fe48e4868e535fbc418f23 - - default default] No more DHCP agents
2026-07-10 00:59:12.267 10 WARNING neutron.api.rpc.agentnotifiers.dhcp_rpc_agent_api [None req-14694942-bd29-42ab-b2e0-3ff4a7ba4243 fdcfe6efecc7496ca17a5b8c015822be 516d52bf26fe48e4868e535fbc418f23 - - default default] Unable to schedule network db097c83-e6e8-4e2a-8c29-36e3564d3044: no agents available; will retry on subsequent port and subnet creation events.
2026-07-10 00:59:12.520 9 INFO neutron.wsgi [-] 10.0.0.162 "GET / HTTP/1.1" status: 200 len: 246 time: 0.0035868
2026-07-10 00:59:12.522 9 INFO neutron.wsgi [-] 10.0.0.162 "GET / HTTP/1.1" status: 200 len: 246 time: 0.0013084
2026-07-10 00:59:12.526 10 INFO neutron.db.ovn_revision_numbers_db [None req-f365afec-ed55-4eb3-8309-1d10f988195f fdcfe6efecc7496ca17a5b8c015822be 516d52bf26fe48e4868e535fbc418f23 - - default default] Successfully bumped revision number for resource 6d086786-3e86-4e66-9fb6-5f8bb7d084d9 (type: ports) to 2
2026-07-10 00:59:12.583 10 INFO neutron.db.ovn_revision_numbers_db [None req-f365afec-ed55-4eb3-8309-1d10f988195f fdcfe6efecc7496ca17a5b8c015822be 516d52bf26fe48e4868e535fbc418f23 - - default default] Successfully bumped revision number for resource dd5cd1a3-bca8-4db1-a64a-be4b943cc624 (type: subnets) to 0
2026-07-10 00:59:12.608 10 INFO neutron.wsgi [None req-f365afec-ed55-4eb3-8309-1d10f988195f fdcfe6efecc7496ca17a5b8c015822be 516d52bf26fe48e4868e535fbc418f23 - - default default] 10.0.0.99 "POST /v2.0/subnets HTTP/1.1" status: 201 len: 859 time: 1.3301938
2026-07-10 00:59:12.690 10 INFO neutron.db.ovn_revision_numbers_db [None req-14694942-bd29-42ab-b2e0-3ff4a7ba4243 fdcfe6efecc7496ca17a5b8c015822be 516d52bf26fe48e4868e535fbc418f23 - - default default] Successfully bumped revision number for resource ee51b5b7-3a5b-4ec9-b1ef-e3926fc53f7c (type: ports) to 1
2026-07-10 00:59:13.344 10 WARNING neutron.scheduler.dhcp_agent_scheduler [None req-76dc47ab-94e4-4f73-9f47-3120f64e40eb fdcfe6efecc7496ca17a5b8c015822be 516d52bf26fe48e4868e535fbc418f23 - - default default] No more DHCP agents
2026-07-10 00:59:13.348 10 WARNING neutron.api.rpc.agentnotifiers.dhcp_rpc_agent_api [None req-76dc47ab-94e4-4f73-9f47-3120f64e40eb fdcfe6efecc7496ca17a5b8c015822be 516d52bf26fe48e4868e535fbc418f23 - - default default] Unable to schedule network db097c83-e6e8-4e2a-8c29-36e3564d3044: no agents available; will retry on subsequent port and subnet creation events.
2026-07-10 00:59:13.446 9 INFO neutron.wsgi [req-a2f2a01a-aa9b-4eaa-bf88-04af405e7cd9 req-2257579d-d42a-405c-ba86-28d49ae686fd 4a924671abaf462ca3d1f222c8adacc3 0cea5b52854c4e668724328acc92db2b - - 95a8e68532af41d59ccacdfea55f3868 95a8e68532af41d59ccacdfea55f3868] 10.0.0.234 "GET /v2.0/ports?device_id=efffdad6-cc56-44b0-abb3-1eb8fc49f486 HTTP/1.1" status: 200 len: 1409 time: 0.1959682
2026-07-10 00:59:13.498 9 INFO neutron.wsgi [req-a2f2a01a-aa9b-4eaa-bf88-04af405e7cd9 req-f2005d13-0aa4-4c07-bf70-8648993322a5 4a924671abaf462ca3d1f222c8adacc3 0cea5b52854c4e668724328acc92db2b - - 95a8e68532af41d59ccacdfea55f3868 95a8e68532af41d59ccacdfea55f3868] 10.0.0.234 "GET /v2.0/security-groups?id=f7db96b1-e751-49f0-b75d-eb143a1d0151&fields=id&fields=name HTTP/1.1" status: 200 len: 312 time: 0.0414207
2026-07-10 00:59:13.641 10 INFO neutron.db.ovn_revision_numbers_db [None req-76dc47ab-94e4-4f73-9f47-3120f64e40eb fdcfe6efecc7496ca17a5b8c015822be 516d52bf26fe48e4868e535fbc418f23 - - default default] Successfully bumped revision number for resource 2b232d6a-3939-4348-8f93-a33513c38913 (type: ports) to 1
2026-07-10 00:59:13.683 10 INFO neutron.plugins.ml2.drivers.ovn.mech_driver.ovsdb.commands [None req-8df48e17-b942-4c7e-b33d-61fa045baa00 - - - - - -] Schedule LRP lrp-ee51b5b7-3a5b-4ec9-b1ef-e3926fc53f7c on gateway 49292153-120e-4490-93ae-0f091a74c5d3 with priority 1
2026-07-10 00:59:13.712 10 INFO neutron.plugins.ml2.drivers.ovn.mech_driver.mech_driver [None req-c44d40b5-c3f5-4776-a4b2-3e0e7535fd5e - - - - - -] OVN reports status up for port: ee51b5b7-3a5b-4ec9-b1ef-e3926fc53f7c
2026-07-10 00:59:13.724 9 INFO neutron.plugins.ml2.drivers.ovn.mech_driver.ovsdb.ovsdb_monitor [None req-effc858b-7130-4b85-96ba-e9e689a185b7 - - - - - -] Router 93ec730f-60c1-43de-93db-d20fde3495a7 is bound to host instance
2026-07-10 00:59:13.969 10 INFO neutron.plugins.ml2.plugin [None req-c44d40b5-c3f5-4776-a4b2-3e0e7535fd5e - - - - - -] Attempt 1 to provision port ee51b5b7-3a5b-4ec9-b1ef-e3926fc53f7c
2026-07-10 00:59:14.029 10 INFO neutron.db.ovn_revision_numbers_db [None req-14694942-bd29-42ab-b2e0-3ff4a7ba4243 fdcfe6efecc7496ca17a5b8c015822be 516d52bf26fe48e4868e535fbc418f23 - - default default] Successfully bumped revision number for resource ee51b5b7-3a5b-4ec9-b1ef-e3926fc53f7c (type: router_ports) to 1
2026-07-10 00:59:14.067 10 INFO neutron.db.ovn_revision_numbers_db [None req-0db3f42d-5128-4ebe-a5cd-7a1a4a9a4e76 fdcfe6efecc7496ca17a5b8c015822be 516d52bf26fe48e4868e535fbc418f23 - - default default] Successfully bumped revision number for resource fa15fe5d-9511-4e09-9e91-98ca63ab0adb (type: security_groups) to 1
2026-07-10 00:59:14.105 10 INFO neutron.db.ovn_revision_numbers_db [None req-0db3f42d-5128-4ebe-a5cd-7a1a4a9a4e76 fdcfe6efecc7496ca17a5b8c015822be 516d52bf26fe48e4868e535fbc418f23 - - default default] Successfully bumped revision number for resource 32b838ff-0dc2-49fe-b5b8-cbdf26bc9126 (type: security_group_rules) to 0
2026-07-10 00:59:14.181 10 INFO neutron.db.ovn_revision_numbers_db [None req-0db3f42d-5128-4ebe-a5cd-7a1a4a9a4e76 fdcfe6efecc7496ca17a5b8c015822be 516d52bf26fe48e4868e535fbc418f23 - - default default] Successfully bumped revision number for resource 5c530a9c-aeb0-4e13-b9b7-cc0c32151593 (type: security_group_rules) to 0
2026-07-10 00:59:14.219 10 INFO neutron.db.ovn_revision_numbers_db [None req-0db3f42d-5128-4ebe-a5cd-7a1a4a9a4e76 fdcfe6efecc7496ca17a5b8c015822be 516d52bf26fe48e4868e535fbc418f23 - - default default] Successfully bumped revision number for resource 5faf1621-c2cd-4ded-a924-08262154a8f4 (type: security_group_rules) to 0
2026-07-10 00:59:14.227 10 INFO neutron.db.ovn_revision_numbers_db [None req-14694942-bd29-42ab-b2e0-3ff4a7ba4243 fdcfe6efecc7496ca17a5b8c015822be 516d52bf26fe48e4868e535fbc418f23 - - default default] Successfully bumped revision number for resource 93ec730f-60c1-43de-93db-d20fde3495a7 (type: routers) to 2
2026-07-10 00:59:14.238 10 INFO neutron.db.ovn_revision_numbers_db [None req-0db3f42d-5128-4ebe-a5cd-7a1a4a9a4e76 fdcfe6efecc7496ca17a5b8c015822be 516d52bf26fe48e4868e535fbc418f23 - - default default] Successfully bumped revision number for resource 605e9929-d242-41cd-8944-83ad23fa3410 (type: security_group_rules) to 0
2026-07-10 00:59:14.278 10 INFO neutron.wsgi [None req-0db3f42d-5128-4ebe-a5cd-7a1a4a9a4e76 fdcfe6efecc7496ca17a5b8c015822be 516d52bf26fe48e4868e535fbc418f23 - - default default] 10.0.0.99 "GET /v2.0/security-groups?tenant_id=d70a2a0d4f8545ffa12366810c8cb539&name=default HTTP/1.1" status: 200 len: 3120 time: 0.8669200
2026-07-10 00:59:14.283 10 INFO neutron.wsgi [None req-14694942-bd29-42ab-b2e0-3ff4a7ba4243 fdcfe6efecc7496ca17a5b8c015822be 516d52bf26fe48e4868e535fbc418f23 - - default default] 10.0.0.99 "POST /v2.0/routers HTTP/1.1" status: 201 len: 1170 time: 2.7835612
2026-07-10 00:59:14.661 9 INFO neutron.db.ovn_revision_numbers_db [None req-effc858b-7130-4b85-96ba-e9e689a185b7 - - - - - -] Successfully bumped revision number for resource ee51b5b7-3a5b-4ec9-b1ef-e3926fc53f7c (type: ports) to 1
2026-07-10 00:59:14.751 10 INFO neutron.wsgi [None req-d2e7ca8c-32f9-40b7-9399-eec862be9138 fdcfe6efecc7496ca17a5b8c015822be 516d52bf26fe48e4868e535fbc418f23 - - default default] 10.0.0.99 "DELETE /v2.0/security-groups/fa15fe5d-9511-4e09-9e91-98ca63ab0adb HTTP/1.1" status: 204 len: 168 time: 0.4630518
2026-07-10 00:59:15.027 10 INFO neutron.plugins.ml2.drivers.ovn.mech_driver.ovsdb.commands [None req-8df48e17-b942-4c7e-b33d-61fa045baa00 - - - - - -] Schedule LRP lrp-2b232d6a-3939-4348-8f93-a33513c38913 on gateway 49292153-120e-4490-93ae-0f091a74c5d3 with priority 1
