2026-07-10 01:01:19.400 9 INFO neutron.db.ovn_revision_numbers_db [None req-3a1471df-4cfb-4c5e-92bf-e5efdc3644ac fdcfe6efecc7496ca17a5b8c015822be 516d52bf26fe48e4868e535fbc418f23 - - default default] Successfully bumped revision number for resource d24a2676-bef0-4334-ae42-65513009e542 (type: security_groups) to 1
2026-07-10 01:01:19.451 9 INFO neutron.db.ovn_revision_numbers_db [None req-3a1471df-4cfb-4c5e-92bf-e5efdc3644ac fdcfe6efecc7496ca17a5b8c015822be 516d52bf26fe48e4868e535fbc418f23 - - default default] Successfully bumped revision number for resource 7eed1700-1f6e-43f6-985a-86464760564c (type: security_group_rules) to 0
2026-07-10 01:01:19.464 9 INFO neutron.db.ovn_revision_numbers_db [None req-3a1471df-4cfb-4c5e-92bf-e5efdc3644ac fdcfe6efecc7496ca17a5b8c015822be 516d52bf26fe48e4868e535fbc418f23 - - default default] Successfully bumped revision number for resource 906efd2a-a686-407c-a05c-510de3b6a860 (type: security_group_rules) to 0
2026-07-10 01:01:19.481 9 INFO neutron.db.ovn_revision_numbers_db [None req-3a1471df-4cfb-4c5e-92bf-e5efdc3644ac fdcfe6efecc7496ca17a5b8c015822be 516d52bf26fe48e4868e535fbc418f23 - - default default] Successfully bumped revision number for resource cc82e046-c8a8-469b-a5f1-fef21387cb88 (type: security_group_rules) to 0
2026-07-10 01:01:19.494 9 INFO neutron.db.ovn_revision_numbers_db [None req-3a1471df-4cfb-4c5e-92bf-e5efdc3644ac fdcfe6efecc7496ca17a5b8c015822be 516d52bf26fe48e4868e535fbc418f23 - - default default] Successfully bumped revision number for resource f0b2a708-3c6d-4217-a10c-9658390f5c6c (type: security_group_rules) to 0
2026-07-10 01:01:19.543 9 INFO neutron.db.segments_db [None req-3a1471df-4cfb-4c5e-92bf-e5efdc3644ac fdcfe6efecc7496ca17a5b8c015822be 516d52bf26fe48e4868e535fbc418f23 - - default default] Added segment 5901fead-9873-4a96-aa2b-0ba27c76623b of type geneve for network c2ce6829-09a3-440d-8af3-0d80bf379ce2
2026-07-10 01:01:19.708 9 INFO neutron.db.ovn_revision_numbers_db [None req-3a1471df-4cfb-4c5e-92bf-e5efdc3644ac fdcfe6efecc7496ca17a5b8c015822be 516d52bf26fe48e4868e535fbc418f23 - - default default] Successfully bumped revision number for resource c2ce6829-09a3-440d-8af3-0d80bf379ce2 (type: networks) to 1
2026-07-10 01:01:19.799 9 INFO neutron.plugins.ml2.drivers.ovn.mech_driver.mech_driver [None req-d0b11067-93fc-4619-b573-f0f8e2ce51cc - - - - - -] OVN reports status down for port: e2fe095e-425a-4107-a8d1-77ddb77136bc
2026-07-10 01:01:19.883 9 INFO neutron.wsgi [req-cafa759a-d182-4d14-9c30-96d1a89750da req-ad012633-bda8-4db0-8a52-a851f9426b05 03c652a722954b85a69b21cfe42ac333 00eff0a66ac4491b9b4c1eccf15f2d45 - - default default] 10.0.0.27 "GET /v2.0/ports?device_id=12e9973b-1863-45c6-940a-31fa454218cb HTTP/1.1" status: 200 len: 1170 time: 0.1545208
2026-07-10 01:01:19.974 9 INFO neutron.wsgi [req-cafa759a-d182-4d14-9c30-96d1a89750da req-fad457de-5c4b-46a9-aa41-85c70ca2d45c 03c652a722954b85a69b21cfe42ac333 00eff0a66ac4491b9b4c1eccf15f2d45 - - default default] 10.0.0.27 "GET /v2.0/security-groups?id=e1675471-9587-40a3-944d-f0ce90ae8041&fields=id&fields=name HTTP/1.1" status: 200 len: 312 time: 0.0798857
2026-07-10 01:01:19.984 9 WARNING neutron.scheduler.dhcp_agent_scheduler [None req-3a1471df-4cfb-4c5e-92bf-e5efdc3644ac fdcfe6efecc7496ca17a5b8c015822be 516d52bf26fe48e4868e535fbc418f23 - - default default] No more DHCP agents
2026-07-10 01:01:19.986 9 WARNING neutron.api.rpc.agentnotifiers.dhcp_rpc_agent_api [None req-3a1471df-4cfb-4c5e-92bf-e5efdc3644ac fdcfe6efecc7496ca17a5b8c015822be 516d52bf26fe48e4868e535fbc418f23 - - default default] Unable to schedule network c2ce6829-09a3-440d-8af3-0d80bf379ce2: no agents available; will retry on subsequent port and subnet creation events.
2026-07-10 01:01:20.062 9 INFO neutron.notifiers.nova [-] Nova event matching ['req-0c184715-fdc1-49cf-891a-08755e6827a7'] response: {'server_uuid': '12e9973b-1863-45c6-940a-31fa454218cb', 'name': 'network-vif-unplugged', 'status': 'completed', 'tag': 'e2fe095e-425a-4107-a8d1-77ddb77136bc', 'code': 200}
2026-07-10 01:01:20.388 9 INFO neutron.db.ovn_revision_numbers_db [None req-3a1471df-4cfb-4c5e-92bf-e5efdc3644ac fdcfe6efecc7496ca17a5b8c015822be 516d52bf26fe48e4868e535fbc418f23 - - default default] Successfully bumped revision number for resource 753b717e-9f58-47ee-8850-c85c7be93297 (type: ports) to 1
2026-07-10 01:01:20.398 9 INFO neutron.wsgi [req-82c144bd-3b10-40ec-b420-0573cf888df4 req-3bb8ec9e-c642-4ea5-89f8-f18f6b0d3748 03c652a722954b85a69b21cfe42ac333 00eff0a66ac4491b9b4c1eccf15f2d45 - - default default] 199.204.45.205 "GET /v2.0/ports?device_id=12e9973b-1863-45c6-940a-31fa454218cb HTTP/1.1" status: 200 len: 1168 time: 0.0519147
2026-07-10 01:01:20.442 9 INFO neutron.wsgi [None req-3a1471df-4cfb-4c5e-92bf-e5efdc3644ac fdcfe6efecc7496ca17a5b8c015822be 516d52bf26fe48e4868e535fbc418f23 - - default default] 10.0.0.99 "POST /v2.0/networks HTTP/1.1" status: 201 len: 942 time: 1.4560277
2026-07-10 01:01:20.597 9 INFO neutron.db.ovn_revision_numbers_db [None req-d0b11067-93fc-4619-b573-f0f8e2ce51cc - - - - - -] Successfully bumped revision number for resource e2fe095e-425a-4107-a8d1-77ddb77136bc (type: ports) to 5
2026-07-10 01:01:20.621 10 WARNING neutron.scheduler.dhcp_agent_scheduler [None req-f45b2e1b-e87b-46d0-919a-83da854e565e fdcfe6efecc7496ca17a5b8c015822be 516d52bf26fe48e4868e535fbc418f23 - - default default] No more DHCP agents
2026-07-10 01:01:20.625 10 WARNING neutron.api.rpc.agentnotifiers.dhcp_rpc_agent_api [None req-f45b2e1b-e87b-46d0-919a-83da854e565e fdcfe6efecc7496ca17a5b8c015822be 516d52bf26fe48e4868e535fbc418f23 - - default default] Unable to schedule network c2ce6829-09a3-440d-8af3-0d80bf379ce2: no agents available; will retry on subsequent port and subnet creation events.
2026-07-10 01:01:20.952 9 INFO neutron.db.l3_db [req-82c144bd-3b10-40ec-b420-0573cf888df4 req-eea8fbe1-27c0-420b-a279-f4125644e204 03c652a722954b85a69b21cfe42ac333 00eff0a66ac4491b9b4c1eccf15f2d45 - - default default] Floating IP f0b4fc08-c4fd-4736-b959-dbdca01c529c disassociated. External IP: 10.96.250.202, port: e2fe095e-425a-4107-a8d1-77ddb77136bc. /var/lib/openstack/lib/python3.10/site-packages/pycadf/identifier.py:71: UserWarning: Invalid uuid: neutron. To ensure interoperability, identifiers should be a valid uuid. warnings.warn(('Invalid uuid: %s. To ensure interoperability, '
2026-07-10 01:01:21.120 9 INFO neutron.wsgi [req-f800e0fc-623d-440e-ae3d-386860bd9567 req-9ddf4174-f53b-4153-839b-a8cb73568299 03c652a722954b85a69b21cfe42ac333 00eff0a66ac4491b9b4c1eccf15f2d45 - - default default] 10.0.0.27 "GET /v2.0/ports?device_id=12e9973b-1863-45c6-940a-31fa454218cb HTTP/1.1" status: 200 len: 1168 time: 0.0570383
2026-07-10 01:01:21.148 9 INFO neutron.wsgi [req-82c144bd-3b10-40ec-b420-0573cf888df4 req-eea8fbe1-27c0-420b-a279-f4125644e204 03c652a722954b85a69b21cfe42ac333 00eff0a66ac4491b9b4c1eccf15f2d45 - - default default] 199.204.45.205 "DELETE /v2.0/ports/e2fe095e-425a-4107-a8d1-77ddb77136bc HTTP/1.1" status: 204 len: 173 time: 0.7421827
2026-07-10 01:01:21.178 9 INFO neutron.wsgi [req-f800e0fc-623d-440e-ae3d-386860bd9567 req-6f51d317-d520-41df-b63b-7eb855cecd7a 03c652a722954b85a69b21cfe42ac333 00eff0a66ac4491b9b4c1eccf15f2d45 - - default default] 10.0.0.27 "GET /v2.0/security-groups?id=e1675471-9587-40a3-944d-f0ce90ae8041&fields=id&fields=name HTTP/1.1" status: 200 len: 312 time: 0.0515032
2026-07-10 01:01:21.228 10 INFO neutron.db.ovn_revision_numbers_db [None req-f45b2e1b-e87b-46d0-919a-83da854e565e fdcfe6efecc7496ca17a5b8c015822be 516d52bf26fe48e4868e535fbc418f23 - - default default] Successfully bumped revision number for resource 753b717e-9f58-47ee-8850-c85c7be93297 (type: ports) to 2
2026-07-10 01:01:21.268 10 INFO neutron.db.ovn_revision_numbers_db [None req-f45b2e1b-e87b-46d0-919a-83da854e565e fdcfe6efecc7496ca17a5b8c015822be 516d52bf26fe48e4868e535fbc418f23 - - default default] Successfully bumped revision number for resource 5d6a6a10-6baf-443d-a634-72f6827f4a4e (type: subnets) to 0
2026-07-10 01:01:21.297 10 INFO neutron.wsgi [None req-f45b2e1b-e87b-46d0-919a-83da854e565e fdcfe6efecc7496ca17a5b8c015822be 516d52bf26fe48e4868e535fbc418f23 - - default default] 10.0.0.99 "POST /v2.0/subnets HTTP/1.1" status: 201 len: 862 time: 0.8477511
2026-07-10 01:01:21.664 9 INFO neutron.wsgi [None req-274e90d6-8e1f-4b49-a640-2ab9da551187 512025bd983446b6baf27f7d0d4ae67a e4ce202659ae4d3b9db0ddc67b1e4a52 - - default default] 10.0.0.99 "POST /v2.0/qos/policies HTTP/1.1" status: 201 len: 558 time: 0.2434771
2026-07-10 01:01:21.712 9 INFO neutron.wsgi [None req-58c29323-ffbc-4d80-b0e0-adc9c7a90723 512025bd983446b6baf27f7d0d4ae67a e4ce202659ae4d3b9db0ddc67b1e4a52 - - default default] 10.0.0.99 "POST /v2.0/qos/policies HTTP/1.1" status: 201 len: 558 time: 0.0434773
2026-07-10 01:01:21.778 9 INFO neutron.wsgi [None req-47027f92-8711-4dc9-a888-2f614b42904d 512025bd983446b6baf27f7d0d4ae67a e4ce202659ae4d3b9db0ddc67b1e4a52 - - default default] 10.0.0.99 "POST /v2.0/qos/policies HTTP/1.1" status: 201 len: 558 time: 0.0608315
2026-07-10 01:01:21.827 10 WARNING neutron.scheduler.dhcp_agent_scheduler [None req-a14b2e31-a644-43fc-ae8a-37f58704e76e fdcfe6efecc7496ca17a5b8c015822be 516d52bf26fe48e4868e535fbc418f23 - - default default] No more DHCP agents
2026-07-10 01:01:21.829 10 WARNING neutron.api.rpc.agentnotifiers.dhcp_rpc_agent_api [None req-a14b2e31-a644-43fc-ae8a-37f58704e76e fdcfe6efecc7496ca17a5b8c015822be 516d52bf26fe48e4868e535fbc418f23 - - default default] Unable to schedule network db097c83-e6e8-4e2a-8c29-36e3564d3044: no agents available; will retry on subsequent port and subnet creation events.
2026-07-10 01:01:21.831 9 INFO neutron.wsgi [None req-bde69323-1f74-42dd-a376-93d0026863da 512025bd983446b6baf27f7d0d4ae67a e4ce202659ae4d3b9db0ddc67b1e4a52 - - default default] 10.0.0.99 "POST /v2.0/qos/policies HTTP/1.1" status: 201 len: 558 time: 0.0477095
2026-07-10 01:01:21.876 9 INFO neutron.wsgi [None req-c669f4e8-015b-4d59-a76c-70c681a00adf 512025bd983446b6baf27f7d0d4ae67a e4ce202659ae4d3b9db0ddc67b1e4a52 - - default default] 10.0.0.99 "POST /v2.0/qos/policies HTTP/1.1" status: 201 len: 558 time: 0.0410056
2026-07-10 01:01:21.911 9 INFO neutron.wsgi [None req-80896c03-4c0f-4408-9f6d-62f4c7a2b99d 512025bd983446b6baf27f7d0d4ae67a e4ce202659ae4d3b9db0ddc67b1e4a52 - - default default] 10.0.0.99 "PUT /v2.0/policies/f2f5ceb6-d252-4c52-a083-b1a4472b3422/tags HTTP/1.1" status: 200 len: 210 time: 0.0295193
2026-07-10 01:01:21.948 9 INFO neutron.wsgi [None req-463d9da8-5e75-434b-a9a5-528aede7dcd2 512025bd983446b6baf27f7d0d4ae67a e4ce202659ae4d3b9db0ddc67b1e4a52 - - default default] 10.0.0.99 "PUT /v2.0/policies/2d70c56c-88c7-4ce5-a465-bac4c8a63ad7/tags HTTP/1.1" status: 200 len: 218 time: 0.0338852
2026-07-10 01:01:21.993 9 INFO neutron.wsgi [None req-d6c0c458-c687-4737-839c-992a699a2aee 512025bd983446b6baf27f7d0d4ae67a e4ce202659ae4d3b9db0ddc67b1e4a52 - - default default] 10.0.0.99 "PUT /v2.0/policies/f457279f-c9e0-4dc8-8c52-e88dc93baa16/tags HTTP/1.1" status: 200 len: 227 time: 0.0406163
2026-07-10 01:01:22.006 10 INFO neutron.db.ovn_revision_numbers_db [None req-a14b2e31-a644-43fc-ae8a-37f58704e76e fdcfe6efecc7496ca17a5b8c015822be 516d52bf26fe48e4868e535fbc418f23 - - default default] Successfully bumped revision number for resource 89e28af8-7025-4bfe-96dd-3f91e90cfd61 (type: ports) to 1
2026-07-10 01:01:22.039 9 INFO neutron.wsgi [None req-ccf9b7e3-558c-4d3f-bd07-513874a982f9 512025bd983446b6baf27f7d0d4ae67a e4ce202659ae4d3b9db0ddc67b1e4a52 - - default default] 10.0.0.99 "PUT /v2.0/policies/01093eaa-005d-416f-a31c-155faff0e291/tags HTTP/1.1" status: 200 len: 212 time: 0.0407348
2026-07-10 01:01:22.103 9 INFO neutron.notifiers.nova [-] Nova event matching ['req-2a6d966a-58f1-4bd7-978f-3b85fe814e9e'] response: {'server_uuid': '12e9973b-1863-45c6-940a-31fa454218cb', 'name': 'network-vif-unplugged', 'status': 'completed', 'tag': 'e2fe095e-425a-4107-a8d1-77ddb77136bc', 'code': 200}
2026-07-10 01:01:22.104 9 INFO neutron.notifiers.nova [-] Nova event matching ['req-2a6d966a-58f1-4bd7-978f-3b85fe814e9e'] response: {'server_uuid': '12e9973b-1863-45c6-940a-31fa454218cb', 'name': 'network-vif-deleted', 'tag': 'e2fe095e-425a-4107-a8d1-77ddb77136bc', 'status': 'completed', 'code': 200}
2026-07-10 01:01:22.434 9 INFO neutron.wsgi [None req-f0322acf-81c9-429e-8731-29ec123b2a03 03c652a722954b85a69b21cfe42ac333 00eff0a66ac4491b9b4c1eccf15f2d45 - - default default] 10.0.0.99 "DELETE /v2.0/security-groups/e1675471-9587-40a3-944d-f0ce90ae8041 HTTP/1.1" status: 204 len: 168 time: 0.1865933
2026-07-10 01:01:22.506 9 INFO neutron.wsgi [None req-3066268e-83ba-4247-b3fa-b24ca9f14ea7 01bf8d7d4080405182446ee114aaa818 d5b39d2a3b274d7b83e452c473fc804b - - default default] 10.0.0.99 "GET /v2.0/qos/policies?tags=red HTTP/1.1" status: 200 len: 1296 time: 0.1059008
2026-07-10 01:01:22.567 9 INFO neutron.wsgi [None req-55ccdb09-3a6b-4c5a-b6b8-bd8f6d6afd92 01bf8d7d4080405182446ee114aaa818 d5b39d2a3b274d7b83e452c473fc804b - - default default] 10.0.0.99 "GET /v2.0/qos/policies?tags=red%2Cblue HTTP/1.1" status: 200 len: 941 time: 0.0557041
2026-07-10 01:01:22.726 10 INFO neutron.wsgi [None req-92c38b01-8858-4750-837f-15e36c930392 01bf8d7d4080405182446ee114aaa818 d5b39d2a3b274d7b83e452c473fc804b - - default default] 10.0.0.99 "GET /v2.0/qos/policies?tags-any=blue HTTP/1.1" status: 200 len: 941 time: 0.1539316
2026-07-10 01:01:22.794 9 INFO neutron.wsgi [None req-9be45162-6aa1-4b9c-bf75-f5fd2de29b32 01bf8d7d4080405182446ee114aaa818 d5b39d2a3b274d7b83e452c473fc804b - - default default] 10.0.0.99 "GET /v2.0/qos/policies?tags-any=red%2Cblue HTTP/1.1" status: 200 len: 1296 time: 0.0627484
2026-07-10 01:01:22.828 10 INFO neutron.plugins.ml2.drivers.ovn.mech_driver.ovsdb.commands [None req-8df48e17-b942-4c7e-b33d-61fa045baa00 - - - - - -] Schedule LRP lrp-89e28af8-7025-4bfe-96dd-3f91e90cfd61 on gateway 49292153-120e-4490-93ae-0f091a74c5d3 with priority 1
2026-07-10 01:01:22.853 9 INFO neutron.plugins.ml2.drivers.ovn.mech_driver.mech_driver [None req-d0b11067-93fc-4619-b573-f0f8e2ce51cc - - - - - -] OVN reports status up for port: 89e28af8-7025-4bfe-96dd-3f91e90cfd61
2026-07-10 01:01:22.865 9 INFO neutron.plugins.ml2.drivers.ovn.mech_driver.ovsdb.ovsdb_monitor [None req-effc858b-7130-4b85-96ba-e9e689a185b7 - - - - - -] Router b9e4a9b3-b7c5-4287-bb6e-f45cecc09109 is bound to host instance
2026-07-10 01:01:22.870 9 INFO neutron.plugins.ml2.plugin [None req-d0b11067-93fc-4619-b573-f0f8e2ce51cc - - - - - -] Attempt 1 to provision port 89e28af8-7025-4bfe-96dd-3f91e90cfd61
2026-07-10 01:01:22.885 10 INFO neutron.db.ovn_revision_numbers_db [None req-a14b2e31-a644-43fc-ae8a-37f58704e76e fdcfe6efecc7496ca17a5b8c015822be 516d52bf26fe48e4868e535fbc418f23 - - default default] Successfully bumped revision number for resource 89e28af8-7025-4bfe-96dd-3f91e90cfd61 (type: router_ports) to 1
2026-07-10 01:01:22.923 9 INFO neutron.wsgi [req-4eb7276e-3e8d-4430-9ce9-ed53ad0fb440 req-5f320d72-85e5-4984-b7cc-d9e8c8c937b7 4a924671abaf462ca3d1f222c8adacc3 0cea5b52854c4e668724328acc92db2b - - 95a8e68532af41d59ccacdfea55f3868 95a8e68532af41d59ccacdfea55f3868] 199.204.45.205 "GET /v2.0/ports?device_id=bf61284a-3ac4-49c5-8fd1-15701554267d&fields=binding%3Ahost_id&fields=binding%3Avif_type HTTP/1.1" status: 200 len: 265 time: 0.0587199
2026-07-10 01:01:22.924 10 INFO neutron.wsgi [None req-8c3a60f4-9024-4acf-9774-cfdfd3113b39 01bf8d7d4080405182446ee114aaa818 d5b39d2a3b274d7b83e452c473fc804b - - default default] 10.0.0.99 "GET /v2.0/qos/policies?not-tags=red HTTP/1.1" status: 200 len: 913 time: 0.1239848
2026-07-10 01:01:23.043 9 INFO neutron.wsgi [req-4eb7276e-3e8d-4430-9ce9-ed53ad0fb440 req-a6d055ab-cc38-492d-99a5-65cfb3d6f8bd 4a924671abaf462ca3d1f222c8adacc3 0cea5b52854c4e668724328acc92db2b - - 95a8e68532af41d59ccacdfea55f3868 95a8e68532af41d59ccacdfea55f3868] 199.204.45.205 "GET /v2.0/ports?tenant_id=00eff0a66ac4491b9b4c1eccf15f2d45&device_id=bf61284a-3ac4-49c5-8fd1-15701554267d HTTP/1.1" status: 200 len: 1413 time: 0.0425448
2026-07-10 01:01:23.135 9 INFO neutron.wsgi [req-4eb7276e-3e8d-4430-9ce9-ed53ad0fb440 req-e8d68b0c-09e8-44e9-a0df-2f58128290a5 4a924671abaf462ca3d1f222c8adacc3 0cea5b52854c4e668724328acc92db2b - - 95a8e68532af41d59ccacdfea55f3868 95a8e68532af41d59ccacdfea55f3868] 199.204.45.205 "GET /v2.0/networks?id=95c6d1a1-6148-4575-97ac-2b49bf99fb4e HTTP/1.1" status: 200 len: 957 time: 0.0735226
2026-07-10 01:01:23.170 9 INFO neutron.wsgi [req-4eb7276e-3e8d-4430-9ce9-ed53ad0fb440 req-48abd03e-d44e-4fc8-acfc-8f4b5413c940 4a924671abaf462ca3d1f222c8adacc3 0cea5b52854c4e668724328acc92db2b - - 95a8e68532af41d59ccacdfea55f3868 95a8e68532af41d59ccacdfea55f3868] 199.204.45.205 "GET /v2.0/floatingips?fixed_ip_address=10.100.0.13&port_id=7496cf81-d9d9-4af5-a2c7-b9dfc5ccd6ef HTTP/1.1" status: 200 len: 217 time: 0.0209663
2026-07-10 01:01:23.227 9 INFO neutron.wsgi [req-4eb7276e-3e8d-4430-9ce9-ed53ad0fb440 req-f868e03c-29f3-419b-95cb-e31b9cc3884f 4a924671abaf462ca3d1f222c8adacc3 0cea5b52854c4e668724328acc92db2b - - 95a8e68532af41d59ccacdfea55f3868 95a8e68532af41d59ccacdfea55f3868] 199.204.45.205 "GET /v2.0/subnets?id=48127174-b94d-4fa1-ab67-274b27381f2f HTTP/1.1" status: 200 len: 852 time: 0.0458491
2026-07-10 01:01:23.271 9 INFO neutron.wsgi [req-4eb7276e-3e8d-4430-9ce9-ed53ad0fb440 req-3a65cb0b-2a6d-450f-89ce-bbbf93d3501f 4a924671abaf462ca3d1f222c8adacc3 0cea5b52854c4e668724328acc92db2b - - 95a8e68532af41d59ccacdfea55f3868 95a8e68532af41d59ccacdfea55f3868] 199.204.45.205 "GET /v2.0/ports?network_id=95c6d1a1-6148-4575-97ac-2b49bf99fb4e&device_owner=network%3Adhcp HTTP/1.1" status: 200 len: 210 time: 0.0267153
2026-07-10 01:01:23.336 10 INFO neutron.db.ovn_revision_numbers_db [None req-a14b2e31-a644-43fc-ae8a-37f58704e76e fdcfe6efecc7496ca17a5b8c015822be 516d52bf26fe48e4868e535fbc418f23 - - default default] Successfully bumped revision number for resource b9e4a9b3-b7c5-4287-bb6e-f45cecc09109 (type: routers) to 2
2026-07-10 01:01:23.358 10 INFO neutron.wsgi [None req-a14b2e31-a644-43fc-ae8a-37f58704e76e fdcfe6efecc7496ca17a5b8c015822be 516d52bf26fe48e4868e535fbc418f23 - - default default] 10.0.0.99 "POST /v2.0/routers HTTP/1.1" status: 201 len: 1164 time: 2.0563440
2026-07-10 01:01:23.373 10 INFO neutron.wsgi [None req-18dabeab-8969-4dd5-8a59-733ea87ef237 03c652a722954b85a69b21cfe42ac333 00eff0a66ac4491b9b4c1eccf15f2d45 - - default default] 10.0.0.99 "DELETE /v2.0/floatingips/f0b4fc08-c4fd-4736-b959-dbdca01c529c HTTP/1.1" status: 204 len: 168 time: 0.9067466
2026-07-10 01:01:23.405 10 INFO neutron.wsgi [None req-26a35f4a-f50b-4b8b-8c4d-d85d4635542a 01bf8d7d4080405182446ee114aaa818 d5b39d2a3b274d7b83e452c473fc804b - - default default] 10.0.0.99 "GET /v2.0/qos/policies?not-tags=red%2Cblue HTTP/1.1" status: 200 len: 1268 time: 0.4722776
2026-07-10 01:01:23.407 9 INFO neutron.wsgi [req-4eb7276e-3e8d-4430-9ce9-ed53ad0fb440 req-4266ba4c-7ae0-4d1b-bf8a-96f68ac27daa 4a924671abaf462ca3d1f222c8adacc3 0cea5b52854c4e668724328acc92db2b - - 95a8e68532af41d59ccacdfea55f3868 95a8e68532af41d59ccacdfea55f3868] 199.204.45.205 "GET /v2.0/networks/95c6d1a1-6148-4575-97ac-2b49bf99fb4e?fields=segments HTTP/1.1" status: 200 len: 212 time: 0.1271267
2026-07-10 01:01:23.533 9 INFO neutron.wsgi [req-4eb7276e-3e8d-4430-9ce9-ed53ad0fb440 req-76a4fe70-d6be-461e-8558-a39e0a0321b7 4a924671abaf462ca3d1f222c8adacc3 0cea5b52854c4e668724328acc92db2b - - 95a8e68532af41d59ccacdfea55f3868 95a8e68532af41d59ccacdfea55f3868] 199.204.45.205 "GET /v2.0/networks/95c6d1a1-6148-4575-97ac-2b49bf99fb4e?fields=provider%3Aphysical_network&fields=provider%3Anetwork_type HTTP/1.1" status: 200 len: 277 time: 0.1167111
2026-07-10 01:01:23.536 9 INFO neutron.db.ovn_revision_numbers_db [None req-02aade71-8afc-4488-8d4e-bb6d983febef fdcfe6efecc7496ca17a5b8c015822be 516d52bf26fe48e4868e535fbc418f23 - - default default] Successfully bumped revision number for resource 0fb84c6d-c980-46ca-9b60-1f4b7ddda0ff (type: security_groups) to 1
2026-07-10 01:01:23.578 9 INFO neutron.db.ovn_revision_numbers_db [None req-02aade71-8afc-4488-8d4e-bb6d983febef fdcfe6efecc7496ca17a5b8c015822be 516d52bf26fe48e4868e535fbc418f23 - - default default] Successfully bumped revision number for resource 00a4124b-62da-46dc-84d1-b0db673691ab (type: security_group_rules) to 0
2026-07-10 01:01:23.601 9 INFO neutron.wsgi [req-063fd7e8-ccf0-4947-b77e-13b30d9a5e49 req-a5b82881-abf9-43a0-96da-042f94e823c7 03c652a722954b85a69b21cfe42ac333 00eff0a66ac4491b9b4c1eccf15f2d45 - - default default] 10.0.0.27 "GET /v2.0/ports?device_id=bf61284a-3ac4-49c5-8fd1-15701554267d HTTP/1.1" status: 200 len: 1174 time: 0.0662117
2026-07-10 01:01:23.615 10 INFO neutron.wsgi [None req-960f7eb9-bf1e-406a-87cd-97d39b138415 01bf8d7d4080405182446ee114aaa818 d5b39d2a3b274d7b83e452c473fc804b - - default default] 10.0.0.99 "GET /v2.0/qos/policies?not-tags-any=blue HTTP/1.1" status: 200 len: 1268 time: 0.2053542
2026-07-10 01:01:23.616 9 INFO neutron.db.ovn_revision_numbers_db [None req-02aade71-8afc-4488-8d4e-bb6d983febef fdcfe6efecc7496ca17a5b8c015822be 516d52bf26fe48e4868e535fbc418f23 - - default default] Successfully bumped revision number for resource 359412c1-95e4-4ed9-9d5b-5ed73f3fb5ac (type: security_group_rules) to 0
2026-07-10 01:01:23.645 9 INFO neutron.db.ovn_revision_numbers_db [None req-02aade71-8afc-4488-8d4e-bb6d983febef fdcfe6efecc7496ca17a5b8c015822be 516d52bf26fe48e4868e535fbc418f23 - - default default] Successfully bumped revision number for resource 55dc00f1-b10d-4171-b968-86e7d8b6bc23 (type: security_group_rules) to 0
2026-07-10 01:01:23.667 9 INFO neutron.wsgi [req-063fd7e8-ccf0-4947-b77e-13b30d9a5e49 req-1001d3ae-7e73-4ea7-87eb-d28206303561 03c652a722954b85a69b21cfe42ac333 00eff0a66ac4491b9b4c1eccf15f2d45 - - default default] 10.0.0.27 "GET /v2.0/security-groups?id=443222a7-3541-46bd-b41b-49051fb3eb7c&fields=id&fields=name HTTP/1.1" status: 200 len: 313 time: 0.0585518
2026-07-10 01:01:23.678 9 INFO neutron.db.ovn_revision_numbers_db [None req-02aade71-8afc-4488-8d4e-bb6d983febef fdcfe6efecc7496ca17a5b8c015822be 516d52bf26fe48e4868e535fbc418f23 - - default default] Successfully bumped revision number for resource a07b971a-5597-4a92-b04a-f79add129780 (type: security_group_rules) to 0
2026-07-10 01:01:23.708 10 INFO neutron.wsgi [None req-5ed9179c-fb1c-40e7-91e3-16f8ff7dd3dc 01bf8d7d4080405182446ee114aaa818 d5b39d2a3b274d7b83e452c473fc804b - - default default] 10.0.0.99 "GET /v2.0/qos/policies?not-tags-any=red%2Cblue HTTP/1.1" status: 200 len: 913 time: 0.0896082
2026-07-10 01:01:23.711 9 INFO neutron.wsgi [None req-02aade71-8afc-4488-8d4e-bb6d983febef fdcfe6efecc7496ca17a5b8c015822be 516d52bf26fe48e4868e535fbc418f23 - - default default] 10.0.0.99 "GET /v2.0/security-groups?tenant_id=5480590df556456faeea6317ca205e1e&name=default HTTP/1.1" status: 200 len: 3120 time: 0.5873964
2026-07-10 01:01:23.844 9 INFO neutron.wsgi [None req-b8bf896d-705b-4aec-9ebc-c8b24386bcd7 512025bd983446b6baf27f7d0d4ae67a e4ce202659ae4d3b9db0ddc67b1e4a52 - - default default] 10.0.0.99 "DELETE /v2.0/qos/policies/f2f5ceb6-d252-4c52-a083-b1a4472b3422 HTTP/1.1" status: 204 len: 168 time: 0.1127527
2026-07-10 01:01:23.946 9 INFO neutron.wsgi [req-33befb27-c3ea-473e-99c6-fb2b21543db3 req-d788212a-3eb6-485d-888b-e012031b408d 03c652a722954b85a69b21cfe42ac333 00eff0a66ac4491b9b4c1eccf15f2d45 - - default default] 199.204.45.205 "GET /v2.0/ports?device_id=bf61284a-3ac4-49c5-8fd1-15701554267d HTTP/1.1" status: 200 len: 1174 time: 0.0761449
2026-07-10 01:01:23.949 9 INFO neutron.db.ovn_revision_numbers_db [None req-effc858b-7130-4b85-96ba-e9e689a185b7 - - - - - -] Successfully bumped revision number for resource 89e28af8-7025-4bfe-96dd-3f91e90cfd61 (type: ports) to 1
2026-07-10 01:01:24.097 10 INFO neutron.wsgi [None req-dca34021-ad0f-4d18-ad11-306c492cd46e 512025bd983446b6baf27f7d0d4ae67a e4ce202659ae4d3b9db0ddc67b1e4a52 - - default default] 10.0.0.99 "DELETE /v2.0/qos/policies/2d70c56c-88c7-4ce5-a465-bac4c8a63ad7 HTTP/1.1" status: 204 len: 168 time: 0.2457895
2026-07-10 01:01:24.219 10 WARNING neutron.scheduler.dhcp_agent_scheduler [None req-882b86ca-1185-4c94-b264-12111791fd14 fdcfe6efecc7496ca17a5b8c015822be 516d52bf26fe48e4868e535fbc418f23 - - default default] No more DHCP agents
2026-07-10 01:01:24.223 10 INFO neutron.wsgi [None req-35404617-3a11-4eb6-80ff-3817d44998b9 512025bd983446b6baf27f7d0d4ae67a e4ce202659ae4d3b9db0ddc67b1e4a52 - - default default] 10.0.0.99 "DELETE /v2.0/qos/policies/f457279f-c9e0-4dc8-8c52-e88dc93baa16 HTTP/1.1" status: 204 len: 168 time: 0.1156204
2026-07-10 01:01:24.224 10 WARNING neutron.api.rpc.agentnotifiers.dhcp_rpc_agent_api [None req-882b86ca-1185-4c94-b264-12111791fd14 fdcfe6efecc7496ca17a5b8c015822be 516d52bf26fe48e4868e535fbc418f23 - - default default] Unable to schedule network c2ce6829-09a3-440d-8af3-0d80bf379ce2: no agents available; will retry on subsequent port and subnet creation events.
2026-07-10 01:01:24.288 10 INFO neutron.wsgi [None req-295914d3-d558-4f6f-b493-e132f325b55e fdcfe6efecc7496ca17a5b8c015822be 516d52bf26fe48e4868e535fbc418f23 - - default default] 10.0.0.99 "DELETE /v2.0/security-groups/0fb84c6d-c980-46ca-9b60-1f4b7ddda0ff HTTP/1.1" status: 204 len: 168 time: 0.5608733
2026-07-10 01:01:24.343 10 INFO neutron.wsgi [None req-2f1d15dd-9f36-4e40-8351-4e48df0f2fd5 512025bd983446b6baf27f7d0d4ae67a e4ce202659ae4d3b9db0ddc67b1e4a52 - - default default] 10.0.0.99 "DELETE /v2.0/qos/policies/01093eaa-005d-416f-a31c-155faff0e291 HTTP/1.1" status: 204 len: 168 time: 0.1104062
2026-07-10 01:01:24.441 10 INFO neutron.wsgi [None req-9007bbf3-aeb7-4932-9f6f-890c6a465ea3 512025bd983446b6baf27f7d0d4ae67a e4ce202659ae4d3b9db0ddc67b1e4a52 - - default default] 10.0.0.99 "DELETE /v2.0/qos/policies/641c73a1-306e-4475-9d88-6f0c7b79e668 HTTP/1.1" status: 204 len: 168 time: 0.0871384
2026-07-10 01:01:24.446 10 INFO neutron.db.ovn_revision_numbers_db [None req-882b86ca-1185-4c94-b264-12111791fd14 fdcfe6efecc7496ca17a5b8c015822be 516d52bf26fe48e4868e535fbc418f23 - - default default] Successfully bumped revision number for resource 9e03a823-14de-430e-ba50-e9a8b6741805 (type: ports) to 1
2026-07-10 01:01:24.726 9 INFO neutron.wsgi [req-33befb27-c3ea-473e-99c6-fb2b21543db3 req-8c4cba1b-8d0c-4bcf-af55-47c506f23d44 03c652a722954b85a69b21cfe42ac333 00eff0a66ac4491b9b4c1eccf15f2d45 - - default default] 199.204.45.205 "DELETE /v2.0/ports/7496cf81-d9d9-4af5-a2c7-b9dfc5ccd6ef HTTP/1.1" status: 204 len: 173 time: 0.7744677
2026-07-10 01:01:24.759 9 INFO neutron.wsgi [req-6a67c9b8-9401-4429-ae25-fe44cf2a5dc0 req-fad52afa-79ed-4dd0-9f63-bca55f02a999 03c652a722954b85a69b21cfe42ac333 00eff0a66ac4491b9b4c1eccf15f2d45 - - default default] 10.0.0.27 "GET /v2.0/ports?device_id=bf61284a-3ac4-49c5-8fd1-15701554267d HTTP/1.1" status: 200 len: 210 time: 0.0284858
2026-07-10 01:01:24.770 9 INFO neutron.notifiers.nova [-] Nova event matching ['req-b6c35501-62e3-4921-8c18-878961e64f1f'] response: {'server_uuid': 'bf61284a-3ac4-49c5-8fd1-15701554267d', 'name': 'network-vif-deleted', 'tag': '7496cf81-d9d9-4af5-a2c7-b9dfc5ccd6ef', 'status': 'completed', 'code': 200}
2026-07-10 01:01:24.834 9 INFO neutron.db.ovn_revision_numbers_db [None req-effc858b-7130-4b85-96ba-e9e689a185b7 - - - - - -] Successfully bumped revision number for resource 89e28af8-7025-4bfe-96dd-3f91e90cfd61 (type: router_ports) to 3
2026-07-10 01:01:25.084 9 INFO neutron.db.ovn_revision_numbers_db [None req-effc858b-7130-4b85-96ba-e9e689a185b7 - - - - - -] Successfully bumped revision number for resource 89e28af8-7025-4bfe-96dd-3f91e90cfd61 (type: ports) to 2
2026-07-10 01:01:25.094 10 ERROR ovsdbapp.backend.ovs_idl.command [None req-882b86ca-1185-4c94-b264-12111791fd14 fdcfe6efecc7496ca17a5b8c015822be 516d52bf26fe48e4868e535fbc418f23 - - default default] Error executing command (DbGetCommand): ovsdbapp.backend.ovs_idl.idlutils.RowNotFound: Cannot find Logical_Router_Port with name=lrp-9e03a823-14de-430e-ba50-e9a8b6741805
2026-07-10 01:01:25.094 10 ERROR ovsdbapp.backend.ovs_idl.command
Traceback (most recent call last):
2026-07-10 01:01:25.094 10 ERROR ovsdbapp.backend.ovs_idl.command
File "/var/lib/openstack/lib/python3.10/site-packages/ovsdbapp/backend/ovs_idl/command.py", line 47, in execute
2026-07-10 01:01:25.094 10 ERROR ovsdbapp.backend.ovs_idl.command self.run_idl(None)
2026-07-10 01:01:25.094 10 ERROR ovsdbapp.backend.ovs_idl.command
File "/var/lib/openstack/lib/python3.10/site-packages/ovsdbapp/backend/ovs_idl/command.py", line 235, in run_idl
2026-07-10 01:01:25.094 10 ERROR ovsdbapp.backend.ovs_idl.command record = self.api.lookup(self.table, self.record)
2026-07-10 01:01:25.094 10 ERROR ovsdbapp.backend.ovs_idl.command
File "/var/lib/openstack/lib/python3.10/site-packages/ovsdbapp/backend/ovs_idl/__init__.py", line 184, in lookup
2026-07-10 01:01:25.094 10 ERROR ovsdbapp.backend.ovs_idl.command return self._lookup(table, record)
2026-07-10 01:01:25.094 10 ERROR ovsdbapp.backend.ovs_idl.command
File "/var/lib/openstack/lib/python3.10/site-packages/ovsdbapp/backend/ovs_idl/__init__.py", line 235, in _lookup
2026-07-10 01:01:25.094 10 ERROR ovsdbapp.backend.ovs_idl.command row = idlutils.row_by_value(self, rl.table, rl.column, record)
2026-07-10 01:01:25.094 10 ERROR ovsdbapp.backend.ovs_idl.command
File "/var/lib/openstack/lib/python3.10/site-packages/ovsdbapp/backend/ovs_idl/idlutils.py", line 114, in row_by_value
2026-07-10 01:01:25.094 10 ERROR ovsdbapp.backend.ovs_idl.command raise RowNotFound(table=table, col=column, match=match)
2026-07-10 01:01:25.094 10 ERROR ovsdbapp.backend.ovs_idl.command ovsdbapp.backend.ovs_idl.idlutils.RowNotFound: Cannot find Logical_Router_Port with name=lrp-9e03a823-14de-430e-ba50-e9a8b6741805
2026-07-10 01:01:25.094 10 ERROR ovsdbapp.backend.ovs_idl.command 
2026-07-10 01:01:25.095 10 ERROR neutron_lib.callbacks.manager [None req-882b86ca-1185-4c94-b264-12111791fd14 fdcfe6efecc7496ca17a5b8c015822be 516d52bf26fe48e4868e535fbc418f23 - - default default] Error during notification for neutron.services.ovn_l3.plugin.OVNL3RouterPlugin._port_update-8784462010086 port, after_update: ovsdbapp.backend.ovs_idl.idlutils.RowNotFound: Cannot find Logical_Router_Port with name=lrp-9e03a823-14de-430e-ba50-e9a8b6741805
2026-07-10 01:01:25.095 10 ERROR neutron_lib.callbacks.manager
Traceback (most recent call last):
2026-07-10 01:01:25.095 10 ERROR neutron_lib.callbacks.manager
File "/var/lib/openstack/lib/python3.10/site-packages/neutron_lib/callbacks/manager.py", line 189, in _notify_loop
2026-07-10 01:01:25.095 10 ERROR neutron_lib.callbacks.manager callback.method(resource, event, trigger, payload=payload)
2026-07-10 01:01:25.095 10 ERROR neutron_lib.callbacks.manager
File "/var/lib/openstack/lib/python3.10/site-packages/neutron/services/ovn_l3/plugin.py", line 391, in _port_update
2026-07-10 01:01:25.095 10 ERROR neutron_lib.callbacks.manager l3plugin._ovn_client.update_router_port(context,
2026-07-10 01:01:25.095 10 ERROR neutron_lib.callbacks.manager
File "/var/lib/openstack/lib/python3.10/site-packages/neutron/plugins/ml2/drivers/ovn/mech_driver/ovsdb/ovn_client.py", line 1878, in update_router_port
2026-07-10 01:01:25.095 10 ERROR neutron_lib.callbacks.manager self._update_lrouter_port(context, port, if_exists=if_exists,
2026-07-10 01:01:25.095 10 ERROR neutron_lib.callbacks.manager
File "/var/lib/openstack/lib/python3.10/site-packages/neutron/plugins/ml2/drivers/ovn/mech_driver/ovsdb/ovn_client.py", line 1855, in _update_lrouter_port
2026-07-10 01:01:25.095 10 ERROR neutron_lib.callbacks.manager external_ids = self._nb_idl.db_get(
2026-07-10 01:01:25.095 10 ERROR neutron_lib.callbacks.manager
File "/var/lib/openstack/lib/python3.10/site-packages/ovsdbapp/backend/ovs_idl/command.py", line 47, in execute
2026-07-10 01:01:25.095 10 ERROR neutron_lib.callbacks.manager self.run_idl(None)
2026-07-10 01:01:25.095 10 ERROR neutron_lib.callbacks.manager
File "/var/lib/openstack/lib/python3.10/site-packages/ovsdbapp/backend/ovs_idl/command.py", line 235, in run_idl
2026-07-10 01:01:25.095 10 ERROR neutron_lib.callbacks.manager record = self.api.lookup(self.table, self.record)
2026-07-10 01:01:25.095 10 ERROR neutron_lib.callbacks.manager
File "/var/lib/openstack/lib/python3.10/site-packages/ovsdbapp/backend/ovs_idl/__init__.py", line 184, in lookup
2026-07-10 01:01:25.095 10 ERROR neutron_lib.callbacks.manager return self._lookup(table, record)
2026-07-10 01:01:25.095 10 ERROR neutron_lib.callbacks.manager
File "/var/lib/openstack/lib/python3.10/site-packages/ovsdbapp/backend/ovs_idl/__init__.py", line 235, in _lookup
2026-07-10 01:01:25.095 10 ERROR neutron_lib.callbacks.manager row = idlutils.row_by_value(self, rl.table, rl.column, record)
2026-07-10 01:01:25.095 10 ERROR neutron_lib.callbacks.manager
File "/var/lib/openstack/lib/python3.10/site-packages/ovsdbapp/backend/ovs_idl/idlutils.py", line 114, in row_by_value
2026-07-10 01:01:25.095 10 ERROR neutron_lib.callbacks.manager raise RowNotFound(table=table, col=column, match=match)
2026-07-10 01:01:25.095 10 ERROR neutron_lib.callbacks.manager ovsdbapp.backend.ovs_idl.idlutils.RowNotFound: Cannot find Logical_Router_Port with name=lrp-9e03a823-14de-430e-ba50-e9a8b6741805
2026-07-10 01:01:25.095 10 ERROR neutron_lib.callbacks.manager 
2026-07-10 01:01:25.357 10 INFO neutron.db.ovn_revision_numbers_db [None req-882b86ca-1185-4c94-b264-12111791fd14 fdcfe6efecc7496ca17a5b8c015822be 516d52bf26fe48e4868e535fbc418f23 - - default default] Successfully bumped revision number for resource 9e03a823-14de-430e-ba50-e9a8b6741805 (type: ports) to 1
2026-07-10 01:01:25.431 10 WARNING neutron.scheduler.dhcp_agent_scheduler [None req-882b86ca-1185-4c94-b264-12111791fd14 fdcfe6efecc7496ca17a5b8c015822be 516d52bf26fe48e4868e535fbc418f23 - - default default] No more DHCP agents
2026-07-10 01:01:25.432 10 WARNING neutron.api.rpc.agentnotifiers.dhcp_rpc_agent_api [None req-882b86ca-1185-4c94-b264-12111791fd14 fdcfe6efecc7496ca17a5b8c015822be 516d52bf26fe48e4868e535fbc418f23 - - default default] Unable to schedule network c2ce6829-09a3-440d-8af3-0d80bf379ce2: no agents available; will retry on subsequent port and subnet creation events.
2026-07-10 01:01:25.434 9 INFO neutron.plugins.ml2.drivers.ovn.mech_driver.mech_driver [None req-d0b11067-93fc-4619-b573-f0f8e2ce51cc - - - - - -] OVN reports status down for port: 7496cf81-d9d9-4af5-a2c7-b9dfc5ccd6ef
2026-07-10 01:01:25.452 9 INFO neutron.plugins.ml2.drivers.ovn.mech_driver.mech_driver [None req-d0b11067-93fc-4619-b573-f0f8e2ce51cc - - - - - -] OVN reports status up for port: 9e03a823-14de-430e-ba50-e9a8b6741805
2026-07-10 01:01:25.461 9 INFO neutron.plugins.ml2.plugin [None req-d0b11067-93fc-4619-b573-f0f8e2ce51cc - - - - - -] Attempt 1 to provision port 9e03a823-14de-430e-ba50-e9a8b6741805
2026-07-10 01:01:25.529 9 INFO neutron.db.ovn_revision_numbers_db [None req-effc858b-7130-4b85-96ba-e9e689a185b7 - - - - - -] Successfully bumped revision number for resource 89e28af8-7025-4bfe-96dd-3f91e90cfd61 (type: ports) to 4
2026-07-10 01:01:25.899 9 INFO neutron.db.ovn_revision_numbers_db [None req-fbb91213-ab9d-4a01-9da5-7e30c7e00ecb fdcfe6efecc7496ca17a5b8c015822be 516d52bf26fe48e4868e535fbc418f23 - - default default] Successfully bumped revision number for resource 96bbaf53-b953-41b4-9974-4b1587e78f8f (type: security_groups) to 1
2026-07-10 01:01:25.946 9 INFO neutron.db.ovn_revision_numbers_db [None req-fbb91213-ab9d-4a01-9da5-7e30c7e00ecb fdcfe6efecc7496ca17a5b8c015822be 516d52bf26fe48e4868e535fbc418f23 - - default default] Successfully bumped revision number for resource 71cb8b57-0944-44b0-8288-f1514b921f47 (type: security_group_rules) to 0
2026-07-10 01:01:26.000 9 INFO neutron.db.ovn_revision_numbers_db [None req-fbb91213-ab9d-4a01-9da5-7e30c7e00ecb fdcfe6efecc7496ca17a5b8c015822be 516d52bf26fe48e4868e535fbc418f23 - - default default] Successfully bumped revision number for resource defdab9f-2454-447f-8d13-6677aac873da (type: security_group_rules) to 0
2026-07-10 01:01:26.031 10 INFO neutron.db.ovn_revision_numbers_db [None req-882b86ca-1185-4c94-b264-12111791fd14 fdcfe6efecc7496ca17a5b8c015822be 516d52bf26fe48e4868e535fbc418f23 - - default default] Successfully bumped revision number for resource 9e03a823-14de-430e-ba50-e9a8b6741805 (type: router_ports) to 1
2026-07-10 01:01:26.040 10 INFO neutron.wsgi [None req-882b86ca-1185-4c94-b264-12111791fd14 fdcfe6efecc7496ca17a5b8c015822be 516d52bf26fe48e4868e535fbc418f23 - - default default] 10.0.0.99 "PUT /v2.0/routers/b9e4a9b3-b7c5-4287-bb6e-f45cecc09109/add_router_interface HTTP/1.1" status: 200 len: 503 time: 2.6747994
2026-07-10 01:01:26.064 9 INFO neutron.db.ovn_revision_numbers_db [None req-fbb91213-ab9d-4a01-9da5-7e30c7e00ecb fdcfe6efecc7496ca17a5b8c015822be 516d52bf26fe48e4868e535fbc418f23 - - default default] Successfully bumped revision number for resource eb67df9a-c291-464a-9021-06c715ac609a (type: security_group_rules) to 0
2026-07-10 01:01:26.121 9 INFO neutron.db.ovn_revision_numbers_db [None req-fbb91213-ab9d-4a01-9da5-7e30c7e00ecb fdcfe6efecc7496ca17a5b8c015822be 516d52bf26fe48e4868e535fbc418f23 - - default default] Successfully bumped revision number for resource f433b6d2-cd3a-499c-be72-524b91111221 (type: security_group_rules) to 0
2026-07-10 01:01:26.127 9 INFO neutron.db.ovn_revision_numbers_db [None req-effc858b-7130-4b85-96ba-e9e689a185b7 - - - - - -] Successfully bumped revision number for resource 89e28af8-7025-4bfe-96dd-3f91e90cfd61 (type: router_ports) to 4
2026-07-10 01:01:26.170 9 INFO neutron.wsgi [None req-fbb91213-ab9d-4a01-9da5-7e30c7e00ecb fdcfe6efecc7496ca17a5b8c015822be 516d52bf26fe48e4868e535fbc418f23 - - default default] 10.0.0.99 "GET /v2.0/security-groups?tenant_id=d5b39d2a3b274d7b83e452c473fc804b&name=default HTTP/1.1" status: 200 len: 3120 time: 0.7753432
2026-07-10 01:01:26.233 9 INFO neutron.wsgi [None req-2c1542d2-0a0e-4e59-9ec8-c204b37db7e8 03c652a722954b85a69b21cfe42ac333 00eff0a66ac4491b9b4c1eccf15f2d45 - - default default] 10.0.0.99 "DELETE /v2.0/security-groups/443222a7-3541-46bd-b41b-49051fb3eb7c HTTP/1.1" status: 204 len: 168 time: 0.4071231
2026-07-10 01:01:26.275 9 INFO neutron.db.ovn_revision_numbers_db [None req-d0b11067-93fc-4619-b573-f0f8e2ce51cc - - - - - -] Successfully bumped revision number for resource 9e03a823-14de-430e-ba50-e9a8b6741805 (type: ports) to 2
2026-07-10 01:01:26.413 9 INFO neutron.db.ovn_revision_numbers_db [None req-d0b11067-93fc-4619-b573-f0f8e2ce51cc - - - - - -] Successfully bumped revision number for resource 9e03a823-14de-430e-ba50-e9a8b6741805 (type: router_ports) to 2
2026-07-10 01:01:26.858 10 INFO neutron.wsgi [None req-433debef-3677-4088-b7f5-eafba30d432c fdcfe6efecc7496ca17a5b8c015822be 516d52bf26fe48e4868e535fbc418f23 - - default default] 10.0.0.99 "DELETE /v2.0/security-groups/96bbaf53-b953-41b4-9974-4b1587e78f8f HTTP/1.1" status: 204 len: 168 time: 0.6806285
2026-07-10 01:01:27.199 9 INFO neutron.db.ovn_revision_numbers_db [None req-2432b7fb-ca85-4825-aa1f-75219a70263d fdcfe6efecc7496ca17a5b8c015822be 516d52bf26fe48e4868e535fbc418f23 - - default default] Successfully bumped revision number for resource f484c6a6-ecb2-49c7-997c-afffbdd606bb (type: security_groups) to 1
2026-07-10 01:01:27.221 9 INFO neutron.db.ovn_revision_numbers_db [None req-2432b7fb-ca85-4825-aa1f-75219a70263d fdcfe6efecc7496ca17a5b8c015822be 516d52bf26fe48e4868e535fbc418f23 - - default default] Successfully bumped revision number for resource 456fabc6-e884-4f6b-8b73-29246373caab (type: security_group_rules) to 0
2026-07-10 01:01:27.241 9 INFO neutron.db.ovn_revision_numbers_db [None req-2432b7fb-ca85-4825-aa1f-75219a70263d fdcfe6efecc7496ca17a5b8c015822be 516d52bf26fe48e4868e535fbc418f23 - - default default] Successfully bumped revision number for resource 5598bf9f-d88e-49bc-a2b2-1977fdcbd285 (type: security_group_rules) to 0
2026-07-10 01:01:27.264 9 INFO neutron.db.ovn_revision_numbers_db [None req-2432b7fb-ca85-4825-aa1f-75219a70263d fdcfe6efecc7496ca17a5b8c015822be 516d52bf26fe48e4868e535fbc418f23 - - default default] Successfully bumped revision number for resource a164a0f0-dee7-4b00-8b65-e2b1bbd7d5dd (type: security_group_rules) to 0
2026-07-10 01:01:27.292 9 INFO neutron.db.ovn_revision_numbers_db [None req-2432b7fb-ca85-4825-aa1f-75219a70263d fdcfe6efecc7496ca17a5b8c015822be 516d52bf26fe48e4868e535fbc418f23 - - default default] Successfully bumped revision number for resource f9c7d7fb-a410-4daa-84bb-8a08b7d97188 (type: security_group_rules) to 0
2026-07-10 01:01:27.319 9 INFO neutron.wsgi [None req-2432b7fb-ca85-4825-aa1f-75219a70263d fdcfe6efecc7496ca17a5b8c015822be 516d52bf26fe48e4868e535fbc418f23 - - default default] 10.0.0.99 "GET /v2.0/security-groups?tenant_id=7b6f4b57c5504c669543bf01dbeecd75&name=default HTTP/1.1" status: 200 len: 3120 time: 0.2546682
2026-07-10 01:01:27.382 9 INFO neutron.db.ovn_revision_numbers_db [None req-7bc3a6d8-6b08-41fd-a908-0e3dfc33e8fb fdcfe6efecc7496ca17a5b8c015822be 516d52bf26fe48e4868e535fbc418f23 - - default default] Successfully bumped revision number for resource dc79522c-3a45-4071-ae8a-ea46b9133306 (type: security_groups) to 1
2026-07-10 01:01:27.399 9 INFO neutron.db.ovn_revision_numbers_db [None req-7bc3a6d8-6b08-41fd-a908-0e3dfc33e8fb fdcfe6efecc7496ca17a5b8c015822be 516d52bf26fe48e4868e535fbc418f23 - - default default] Successfully bumped revision number for resource 08168f02-050b-46f8-ad47-31155606389d (type: security_group_rules) to 0
2026-07-10 01:01:27.412 9 INFO neutron.db.ovn_revision_numbers_db [None req-7bc3a6d8-6b08-41fd-a908-0e3dfc33e8fb fdcfe6efecc7496ca17a5b8c015822be 516d52bf26fe48e4868e535fbc418f23 - - default default] Successfully bumped revision number for resource 1c2967cc-ad1c-4445-a0d3-b7d66bd35a09 (type: security_group_rules) to 0
2026-07-10 01:01:27.426 9 INFO neutron.db.ovn_revision_numbers_db [None req-7bc3a6d8-6b08-41fd-a908-0e3dfc33e8fb fdcfe6efecc7496ca17a5b8c015822be 516d52bf26fe48e4868e535fbc418f23 - - default default] Successfully bumped revision number for resource adf94cf8-8a4e-4243-afcf-e0dc7a22e60d (type: security_group_rules) to 0
2026-07-10 01:01:27.440 9 INFO neutron.db.ovn_revision_numbers_db [None req-7bc3a6d8-6b08-41fd-a908-0e3dfc33e8fb fdcfe6efecc7496ca17a5b8c015822be 516d52bf26fe48e4868e535fbc418f23 - - default default] Successfully bumped revision number for resource ef87ee13-0892-46c1-8358-6df89775b4af (type: security_group_rules) to 0
2026-07-10 01:01:27.495 9 INFO neutron.db.segments_db [None req-7bc3a6d8-6b08-41fd-a908-0e3dfc33e8fb fdcfe6efecc7496ca17a5b8c015822be 516d52bf26fe48e4868e535fbc418f23 - - default default] Added segment 4af67e9c-0623-43b9-9fdc-a88cf33783a1 of type geneve for network 31b8f21d-8329-4f6f-b7b9-c55828637724
2026-07-10 01:01:27.517 9 INFO neutron.wsgi [-] 10.0.0.162 "GET / HTTP/1.1" status: 200 len: 246 time: 0.0013964
2026-07-10 01:01:27.518 9 INFO neutron.wsgi [-] 10.0.0.162 "GET / HTTP/1.1" status: 200 len: 246 time: 0.0009401
2026-07-10 01:01:27.636 10 INFO neutron.wsgi [None req-de4d40ab-a7b3-4f67-9321-f61878c47cc5 fdcfe6efecc7496ca17a5b8c015822be 516d52bf26fe48e4868e535fbc418f23 - - default default] 10.0.0.99 "DELETE /v2.0/security-groups/f484c6a6-ecb2-49c7-997c-afffbdd606bb HTTP/1.1" status: 204 len: 168 time: 0.3122058 /var/lib/openstack/lib/python3.10/site-packages/pycadf/identifier.py:71: UserWarning: Invalid uuid: neutron. To ensure interoperability, identifiers should be a valid uuid. warnings.warn(('Invalid uuid: %s. To ensure interoperability, '
2026-07-10 01:01:27.811 10 INFO neutron.wsgi [None req-0dee7f87-158f-404a-8a1e-cd2086d6d794 03c652a722954b85a69b21cfe42ac333 00eff0a66ac4491b9b4c1eccf15f2d45 - - default default] 10.0.0.99 "PUT /v2.0/routers/987fc746-9b3f-47e4-b182-455ae5bfa14b/remove_router_interface HTTP/1.1" status: 200 len: 503 time: 1.5348787
2026-07-10 01:01:27.944 9 INFO neutron.db.ovn_revision_numbers_db [None req-7bc3a6d8-6b08-41fd-a908-0e3dfc33e8fb fdcfe6efecc7496ca17a5b8c015822be 516d52bf26fe48e4868e535fbc418f23 - - default default] Successfully bumped revision number for resource 31b8f21d-8329-4f6f-b7b9-c55828637724 (type: networks) to 1
2026-07-10 01:01:27.998 10 INFO neutron.db.ovn_revision_numbers_db [None req-57e2020c-1c56-44a8-a4a0-17ea963597be fdcfe6efecc7496ca17a5b8c015822be 516d52bf26fe48e4868e535fbc418f23 - - default default] Successfully bumped revision number for resource 2d59799c-93b9-4147-b7c3-3f2890840f7b (type: security_groups) to 1
2026-07-10 01:01:28.020 10 INFO neutron.db.ovn_revision_numbers_db [None req-57e2020c-1c56-44a8-a4a0-17ea963597be fdcfe6efecc7496ca17a5b8c015822be 516d52bf26fe48e4868e535fbc418f23 - - default default] Successfully bumped revision number for resource 7af632e2-b7f7-48a0-86d3-44d076167047 (type: security_group_rules) to 0
2026-07-10 01:01:28.058 10 INFO neutron.db.ovn_revision_numbers_db [None req-57e2020c-1c56-44a8-a4a0-17ea963597be fdcfe6efecc7496ca17a5b8c015822be 516d52bf26fe48e4868e535fbc418f23 - - default default] Successfully bumped revision number for resource a4d67192-24d3-474b-b00f-0c92f3ac6197 (type: security_group_rules) to 0
2026-07-10 01:01:28.078 10 INFO neutron.db.ovn_revision_numbers_db [None req-57e2020c-1c56-44a8-a4a0-17ea963597be fdcfe6efecc7496ca17a5b8c015822be 516d52bf26fe48e4868e535fbc418f23 - - default default] Successfully bumped revision number for resource d4daa139-8317-402a-ae42-d6c8bf06b46c (type: security_group_rules) to 0
2026-07-10 01:01:28.097 10 INFO neutron.db.ovn_revision_numbers_db [None req-57e2020c-1c56-44a8-a4a0-17ea963597be fdcfe6efecc7496ca17a5b8c015822be 516d52bf26fe48e4868e535fbc418f23 - - default default] Successfully bumped revision number for resource f9f62d6e-a261-4096-ba47-0cb416841ee6 (type: security_group_rules) to 0
2026-07-10 01:01:28.124 10 INFO neutron.wsgi [None req-57e2020c-1c56-44a8-a4a0-17ea963597be fdcfe6efecc7496ca17a5b8c015822be 516d52bf26fe48e4868e535fbc418f23 - - default default] 10.0.0.99 "GET /v2.0/security-groups?tenant_id=e4ce202659ae4d3b9db0ddc67b1e4a52&name=default HTTP/1.1" status: 200 len: 3120 time: 0.3423278
2026-07-10 01:01:28.181 10 INFO neutron.wsgi [None req-8f1d96af-b867-443d-97be-eeb846f720d5 03c652a722954b85a69b21cfe42ac333 00eff0a66ac4491b9b4c1eccf15f2d45 - - default default] 10.0.0.99 "DELETE /v2.0/subnets/48127174-b94d-4fa1-ab67-274b27381f2f HTTP/1.1" status: 204 len: 168 time: 0.3642666
2026-07-10 01:01:28.186 9 WARNING neutron.scheduler.dhcp_agent_scheduler [None req-7bc3a6d8-6b08-41fd-a908-0e3dfc33e8fb fdcfe6efecc7496ca17a5b8c015822be 516d52bf26fe48e4868e535fbc418f23 - - default default] No more DHCP agents
2026-07-10 01:01:28.210 9 WARNING neutron.api.rpc.agentnotifiers.dhcp_rpc_agent_api [None req-7bc3a6d8-6b08-41fd-a908-0e3dfc33e8fb fdcfe6efecc7496ca17a5b8c015822be 516d52bf26fe48e4868e535fbc418f23 - - default default] Unable to schedule network 31b8f21d-8329-4f6f-b7b9-c55828637724: no agents available; will retry on subsequent port and subnet creation events.
2026-07-10 01:01:28.324 9 INFO neutron.db.ovn_revision_numbers_db [None req-7bc3a6d8-6b08-41fd-a908-0e3dfc33e8fb fdcfe6efecc7496ca17a5b8c015822be 516d52bf26fe48e4868e535fbc418f23 - - default default] Successfully bumped revision number for resource 3ad13935-38fa-4ecf-884a-2dd7d772d15d (type: ports) to 1
2026-07-10 01:01:28.356 9 INFO neutron.wsgi [None req-7bc3a6d8-6b08-41fd-a908-0e3dfc33e8fb fdcfe6efecc7496ca17a5b8c015822be 516d52bf26fe48e4868e535fbc418f23 - - default default] 10.0.0.99 "POST /v2.0/networks HTTP/1.1" status: 201 len: 943 time: 1.1579800
2026-07-10 01:01:28.387 10 INFO neutron.wsgi [None req-0ca1f539-2ca3-4a7d-ade6-654b9df08aad fdcfe6efecc7496ca17a5b8c015822be 516d52bf26fe48e4868e535fbc418f23 - - default default] 10.0.0.99 "DELETE /v2.0/security-groups/2d59799c-93b9-4147-b7c3-3f2890840f7b HTTP/1.1" status: 204 len: 168 time: 0.2583122
2026-07-10 01:01:28.646 9 WARNING neutron.scheduler.dhcp_agent_scheduler [None req-ee005b6e-ed1e-451a-adae-a5281ebec833 fdcfe6efecc7496ca17a5b8c015822be 516d52bf26fe48e4868e535fbc418f23 - - default default] No more DHCP agents
2026-07-10 01:01:28.649 9 WARNING neutron.api.rpc.agentnotifiers.dhcp_rpc_agent_api [None req-ee005b6e-ed1e-451a-adae-a5281ebec833 fdcfe6efecc7496ca17a5b8c015822be 516d52bf26fe48e4868e535fbc418f23 - - default default] Unable to schedule network 31b8f21d-8329-4f6f-b7b9-c55828637724: no agents available; will retry on subsequent port and subnet creation events.
2026-07-10 01:01:28.910 9 WARNING neutron_lib.context [None req-8dd8ea58-a93e-44a5-a5d3-fb2f99983b8f c30daa48c67f4622b00cf7178e9ea992 f375fc3762c048cd82970d548672a80e - - default default] Method 'is_advsvc' is deprecated since 2023.2 release (neutron-lib 3.8.0) and will be removed once support for the old RBAC API policies will be removed from Neutron. Please use method 'is_service_role' instead.
2026-07-10 01:01:29.216 9 INFO neutron.db.ovn_revision_numbers_db [None req-8dd8ea58-a93e-44a5-a5d3-fb2f99983b8f c30daa48c67f4622b00cf7178e9ea992 f375fc3762c048cd82970d548672a80e - - default default] Successfully bumped revision number for resource d6987fd5-0aa2-40a0-8979-06badc7bb0c4 (type: security_groups) to 1
2026-07-10 01:01:29.266 9 INFO neutron.db.ovn_revision_numbers_db [None req-8dd8ea58-a93e-44a5-a5d3-fb2f99983b8f c30daa48c67f4622b00cf7178e9ea992 f375fc3762c048cd82970d548672a80e - - default default] Successfully bumped revision number for resource 41f09f93-8eeb-4774-ae42-79335104e176 (type: security_group_rules) to 0
2026-07-10 01:01:29.307 9 INFO neutron.db.ovn_revision_numbers_db [None req-8dd8ea58-a93e-44a5-a5d3-fb2f99983b8f c30daa48c67f4622b00cf7178e9ea992 f375fc3762c048cd82970d548672a80e - - default default] Successfully bumped revision number for resource 493cd155-c50b-4e84-a825-41694cd2f67f (type: security_group_rules) to 0
2026-07-10 01:01:29.387 9 INFO neutron.db.ovn_revision_numbers_db [None req-8dd8ea58-a93e-44a5-a5d3-fb2f99983b8f c30daa48c67f4622b00cf7178e9ea992 f375fc3762c048cd82970d548672a80e - - default default] Successfully bumped revision number for resource 76e37a16-fd0e-49bf-b819-0174eb75b4a1 (type: security_group_rules) to 0
