2026-07-10 00:59:35.818 9 INFO neutron.db.ovn_revision_numbers_db [None req-840beb96-5984-4d2f-a76d-74ac72d59895 b06a3996ee7544cc9ac370d43e755752 e004169ee308460e9ab8017c4ff56358 - - default default] Successfully bumped revision number for resource 335bc792-24a3-4db0-a6f8-f7bda62ad978 (type: security_groups) to 1
2026-07-10 00:59:35.840 9 INFO neutron.db.ovn_revision_numbers_db [None req-840beb96-5984-4d2f-a76d-74ac72d59895 b06a3996ee7544cc9ac370d43e755752 e004169ee308460e9ab8017c4ff56358 - - default default] Successfully bumped revision number for resource 009858a0-9b46-407a-b11e-3d8004bd81ab (type: security_group_rules) to 0
2026-07-10 00:59:35.862 9 INFO neutron.db.ovn_revision_numbers_db [None req-840beb96-5984-4d2f-a76d-74ac72d59895 b06a3996ee7544cc9ac370d43e755752 e004169ee308460e9ab8017c4ff56358 - - default default] Successfully bumped revision number for resource 5e233f88-f046-4936-b31c-4dfda9e6368f (type: security_group_rules) to 0
2026-07-10 00:59:35.884 9 INFO neutron.db.ovn_revision_numbers_db [None req-840beb96-5984-4d2f-a76d-74ac72d59895 b06a3996ee7544cc9ac370d43e755752 e004169ee308460e9ab8017c4ff56358 - - default default] Successfully bumped revision number for resource 6134c34d-e4f5-4c4d-8891-8e810d8af783 (type: security_group_rules) to 0
2026-07-10 00:59:35.909 9 INFO neutron.db.ovn_revision_numbers_db [None req-840beb96-5984-4d2f-a76d-74ac72d59895 b06a3996ee7544cc9ac370d43e755752 e004169ee308460e9ab8017c4ff56358 - - default default] Successfully bumped revision number for resource 8086413d-f1f7-45aa-afd4-d108d35c4b70 (type: security_group_rules) to 0
2026-07-10 00:59:35.978 9 INFO neutron.db.segments_db [None req-840beb96-5984-4d2f-a76d-74ac72d59895 b06a3996ee7544cc9ac370d43e755752 e004169ee308460e9ab8017c4ff56358 - - default default] Added segment b95a93bf-f9ef-495e-a87b-ff9e0bb2f571 of type geneve for network d1112462-90c3-437c-9bea-7715ea8f1595
2026-07-10 00:59:36.043 10 INFO neutron.wsgi [None req-25557922-e5bb-41e2-8c0f-b959e7570584 fdcfe6efecc7496ca17a5b8c015822be 516d52bf26fe48e4868e535fbc418f23 - - default default] 10.0.0.99 "DELETE /v2.0/subnets/514a528e-c602-46b8-bd3f-db8901d0599d HTTP/1.1" status: 204 len: 168 time: 0.2273612
2026-07-10 00:59:36.225 9 INFO neutron.db.ovn_revision_numbers_db [None req-03b5b0b7-3fac-4571-a044-e532bd537fa2 fdcfe6efecc7496ca17a5b8c015822be 516d52bf26fe48e4868e535fbc418f23 - - default default] Successfully bumped revision number for resource d8bc964d-4e40-4792-bfbd-2b9bafa5a638 (type: security_groups) to 1
2026-07-10 00:59:36.254 9 INFO neutron.db.ovn_revision_numbers_db [None req-03b5b0b7-3fac-4571-a044-e532bd537fa2 fdcfe6efecc7496ca17a5b8c015822be 516d52bf26fe48e4868e535fbc418f23 - - default default] Successfully bumped revision number for resource 37ddedc0-2997-48e1-8e68-8443eea92f19 (type: security_group_rules) to 0
2026-07-10 00:59:36.263 9 INFO neutron.db.ovn_revision_numbers_db [None req-840beb96-5984-4d2f-a76d-74ac72d59895 b06a3996ee7544cc9ac370d43e755752 e004169ee308460e9ab8017c4ff56358 - - default default] Successfully bumped revision number for resource d1112462-90c3-437c-9bea-7715ea8f1595 (type: networks) to 1
2026-07-10 00:59:36.316 9 INFO neutron.db.ovn_revision_numbers_db [None req-03b5b0b7-3fac-4571-a044-e532bd537fa2 fdcfe6efecc7496ca17a5b8c015822be 516d52bf26fe48e4868e535fbc418f23 - - default default] Successfully bumped revision number for resource 7e2184d1-10c4-445a-a49e-44644505b2fd (type: security_group_rules) to 0
2026-07-10 00:59:36.344 9 INFO neutron.db.ovn_revision_numbers_db [None req-03b5b0b7-3fac-4571-a044-e532bd537fa2 fdcfe6efecc7496ca17a5b8c015822be 516d52bf26fe48e4868e535fbc418f23 - - default default] Successfully bumped revision number for resource 8681897a-9a83-4769-9b36-a7a94aabf4c1 (type: security_group_rules) to 0
2026-07-10 00:59:36.396 9 INFO neutron.db.ovn_revision_numbers_db [None req-03b5b0b7-3fac-4571-a044-e532bd537fa2 fdcfe6efecc7496ca17a5b8c015822be 516d52bf26fe48e4868e535fbc418f23 - - default default] Successfully bumped revision number for resource f3f9c8e5-51bd-4344-8d1e-33bc1076b26d (type: security_group_rules) to 0
2026-07-10 00:59:36.435 9 INFO neutron.wsgi [None req-03b5b0b7-3fac-4571-a044-e532bd537fa2 fdcfe6efecc7496ca17a5b8c015822be 516d52bf26fe48e4868e535fbc418f23 - - default default] 10.0.0.99 "GET /v2.0/security-groups?tenant_id=2e3681558ecf4f86aa424c6741c293be&name=default HTTP/1.1" status: 200 len: 3120 time: 0.6812758
2026-07-10 00:59:36.445 10 INFO neutron.services.segments.plugin [-] Segment 3eb8395f-5209-447e-969c-5f2650abb084 resource provider aggregate not found
2026-07-10 00:59:36.456 10 INFO neutron.services.segments.plugin [-] Segment 3eb8395f-5209-447e-969c-5f2650abb084 resource provider aggregate not found
2026-07-10 00:59:36.472 10 INFO neutron.services.segments.plugin [-] Segment 3eb8395f-5209-447e-969c-5f2650abb084 resource provider not found; error: Placement Client Error (4xx): {"errors": [{"status": 404, "title": "Not Found", "detail": "The resource could not be found.\n\n No resource provider with uuid 3eb8395f-5209-447e-969c-5f2650abb084 found for delete ", "request_id": "req-d10620f7-bf31-47a4-a27e-416e20c5e76b"}]}
2026-07-10 00:59:36.475 10 INFO neutron.services.segments.plugin [-] Segment 3eb8395f-5209-447e-969c-5f2650abb084 resource provider not found; error: Placement Client Error (4xx): {"errors": [{"status": 404, "title": "Not Found", "detail": "The resource could not be found.\n\n No resource provider with uuid 3eb8395f-5209-447e-969c-5f2650abb084 found for delete ", "request_id": "req-6ac59153-c4f0-43c7-815d-c1626c417f2f"}]}
2026-07-10 00:59:36.487 10 INFO neutron.wsgi [None req-3ec8c562-f236-4a07-b907-7c2841e6cc94 fdcfe6efecc7496ca17a5b8c015822be 516d52bf26fe48e4868e535fbc418f23 - - default default] 10.0.0.99 "DELETE /v2.0/networks/cb9ceaf8-29ee-4c7f-b34b-2e99e9785b8f HTTP/1.1" status: 204 len: 168 time: 0.4393225
2026-07-10 00:59:36.637 10 INFO neutron.wsgi [None req-0139bebd-8d7a-4418-a39f-52d0d361433d fdcfe6efecc7496ca17a5b8c015822be 516d52bf26fe48e4868e535fbc418f23 - - default default] 10.0.0.99 "GET /v2.0/security-groups?tenant_id=5990a1f3337647d599e47f5aaef48d40&name=default HTTP/1.1" status: 200 len: 3120 time: 0.0534768
2026-07-10 00:59:36.652 9 WARNING neutron.scheduler.dhcp_agent_scheduler [None req-840beb96-5984-4d2f-a76d-74ac72d59895 b06a3996ee7544cc9ac370d43e755752 e004169ee308460e9ab8017c4ff56358 - - default default] No more DHCP agents
2026-07-10 00:59:36.654 9 WARNING neutron.api.rpc.agentnotifiers.dhcp_rpc_agent_api [None req-840beb96-5984-4d2f-a76d-74ac72d59895 b06a3996ee7544cc9ac370d43e755752 e004169ee308460e9ab8017c4ff56358 - - default default] Unable to schedule network d1112462-90c3-437c-9bea-7715ea8f1595: no agents available; will retry on subsequent port and subnet creation events.
2026-07-10 00:59:36.751 10 INFO neutron.wsgi [None req-8c4763fe-16c4-43d5-aa4c-849debba00f6 fdcfe6efecc7496ca17a5b8c015822be 516d52bf26fe48e4868e535fbc418f23 - - default default] 10.0.0.99 "DELETE /v2.0/security-groups/d8bc964d-4e40-4792-bfbd-2b9bafa5a638 HTTP/1.1" status: 204 len: 168 time: 0.3081779
2026-07-10 00:59:36.752 9 INFO neutron.wsgi [None req-a2838617-d556-4575-aecb-8f2c323fb9ce fdcfe6efecc7496ca17a5b8c015822be 516d52bf26fe48e4868e535fbc418f23 - - default default] 10.0.0.99 "DELETE /v2.0/routers/ebf6aa3a-fdfd-4dc6-b54b-27cb41ad03c7 HTTP/1.1" status: 204 len: 168 time: 1.4636469
2026-07-10 00:59:36.762 9 INFO neutron.db.ovn_revision_numbers_db [None req-840beb96-5984-4d2f-a76d-74ac72d59895 b06a3996ee7544cc9ac370d43e755752 e004169ee308460e9ab8017c4ff56358 - - default default] Successfully bumped revision number for resource d42ccf4a-72f7-4c88-8879-d076a5ab27e4 (type: ports) to 1
2026-07-10 00:59:36.783 9 INFO neutron.wsgi [None req-840beb96-5984-4d2f-a76d-74ac72d59895 b06a3996ee7544cc9ac370d43e755752 e004169ee308460e9ab8017c4ff56358 - - default default] 10.0.0.99 "POST /v2.0/networks HTTP/1.1" status: 201 len: 832 time: 1.6323400
2026-07-10 00:59:36.792 9 WARNING neutron_lib.context [None req-28dde57e-ee39-4c3d-bfda-1875e042e40a b06a3996ee7544cc9ac370d43e755752 e004169ee308460e9ab8017c4ff56358 - - default default] Method 'is_advsvc' is deprecated since 2023.2 release (neutron-lib 3.8.0) and will be removed once support for the old RBAC API policies will be removed from Neutron. Please use method 'is_service_role' instead.
2026-07-10 00:59:36.871 9 INFO neutron.db.segments_db [None req-28dde57e-ee39-4c3d-bfda-1875e042e40a b06a3996ee7544cc9ac370d43e755752 e004169ee308460e9ab8017c4ff56358 - - default default] Added segment 55c32a41-d691-4a97-8a4f-5792bbb3d4ca of type geneve for network 4ebfff9e-7767-4873-9332-509d4e34db2e
2026-07-10 00:59:36.928 10 INFO neutron.wsgi [None req-f0b50cde-020b-42fb-9739-1df6a9b4c766 fdcfe6efecc7496ca17a5b8c015822be 516d52bf26fe48e4868e535fbc418f23 - - default default] 10.0.0.99 "DELETE /v2.0/security-groups/424dde52-b8e5-43cd-9e59-c423069fe6e7 HTTP/1.1" status: 204 len: 168 time: 0.2862098
2026-07-10 00:59:36.980 10 INFO neutron.wsgi [None req-42cb3687-796a-4464-8aa4-3063d8fe4749 fdcfe6efecc7496ca17a5b8c015822be 516d52bf26fe48e4868e535fbc418f23 - - default default] 10.0.0.99 "DELETE /v2.0/subnets/dd5cd1a3-bca8-4db1-a64a-be4b943cc624 HTTP/1.1" status: 204 len: 168 time: 0.2243342
2026-07-10 00:59:37.045 9 INFO neutron.db.ovn_revision_numbers_db [None req-28dde57e-ee39-4c3d-bfda-1875e042e40a b06a3996ee7544cc9ac370d43e755752 e004169ee308460e9ab8017c4ff56358 - - default default] Successfully bumped revision number for resource 4ebfff9e-7767-4873-9332-509d4e34db2e (type: networks) to 1
2026-07-10 00:59:37.137 9 INFO neutron.db.ovn_revision_numbers_db [None req-a19c5d5b-c688-455e-b363-d1aff63b8b8c fdcfe6efecc7496ca17a5b8c015822be 516d52bf26fe48e4868e535fbc418f23 - - default default] Successfully bumped revision number for resource 6f575025-cab1-4c4b-b58d-dffa15ae6cf5 (type: security_groups) to 1
2026-07-10 00:59:37.164 9 INFO neutron.db.ovn_revision_numbers_db [None req-a19c5d5b-c688-455e-b363-d1aff63b8b8c fdcfe6efecc7496ca17a5b8c015822be 516d52bf26fe48e4868e535fbc418f23 - - default default] Successfully bumped revision number for resource 59d1dace-31f5-45ef-9e7a-e803ae4e090e (type: security_group_rules) to 0
2026-07-10 00:59:37.183 9 INFO neutron.db.ovn_revision_numbers_db [None req-a19c5d5b-c688-455e-b363-d1aff63b8b8c fdcfe6efecc7496ca17a5b8c015822be 516d52bf26fe48e4868e535fbc418f23 - - default default] Successfully bumped revision number for resource 753582c2-23d6-4afa-8e1f-8c5f1c5f78ee (type: security_group_rules) to 0
2026-07-10 00:59:37.205 9 INFO neutron.db.ovn_revision_numbers_db [None req-a19c5d5b-c688-455e-b363-d1aff63b8b8c fdcfe6efecc7496ca17a5b8c015822be 516d52bf26fe48e4868e535fbc418f23 - - default default] Successfully bumped revision number for resource b79143bd-31f5-4a70-86d0-7451e94dc6d8 (type: security_group_rules) to 0
2026-07-10 00:59:37.220 9 INFO neutron.db.ovn_revision_numbers_db [None req-a19c5d5b-c688-455e-b363-d1aff63b8b8c fdcfe6efecc7496ca17a5b8c015822be 516d52bf26fe48e4868e535fbc418f23 - - default default] Successfully bumped revision number for resource d1988b22-1004-4f7d-aad9-7ae394efbb4e (type: security_group_rules) to 0
2026-07-10 00:59:37.248 9 INFO neutron.wsgi [None req-a19c5d5b-c688-455e-b363-d1aff63b8b8c fdcfe6efecc7496ca17a5b8c015822be 516d52bf26fe48e4868e535fbc418f23 - - default default] 10.0.0.99 "GET /v2.0/security-groups?tenant_id=0a099962baee45acbabd2af9adfee1b4&name=default HTTP/1.1" status: 200 len: 3120 time: 0.3250308
2026-07-10 00:59:37.255 9 WARNING neutron.scheduler.dhcp_agent_scheduler [None req-28dde57e-ee39-4c3d-bfda-1875e042e40a b06a3996ee7544cc9ac370d43e755752 e004169ee308460e9ab8017c4ff56358 - - default default] No more DHCP agents
2026-07-10 00:59:37.264 9 WARNING neutron.api.rpc.agentnotifiers.dhcp_rpc_agent_api [None req-28dde57e-ee39-4c3d-bfda-1875e042e40a b06a3996ee7544cc9ac370d43e755752 e004169ee308460e9ab8017c4ff56358 - - default default] Unable to schedule network 4ebfff9e-7767-4873-9332-509d4e34db2e: no agents available; will retry on subsequent port and subnet creation events.
2026-07-10 00:59:37.387 9 INFO neutron.db.ovn_revision_numbers_db [None req-28dde57e-ee39-4c3d-bfda-1875e042e40a b06a3996ee7544cc9ac370d43e755752 e004169ee308460e9ab8017c4ff56358 - - default default] Successfully bumped revision number for resource d41733c8-ba43-47db-b6ac-0d2ccbfa1e93 (type: ports) to 1
2026-07-10 00:59:37.416 9 INFO neutron.wsgi [None req-28dde57e-ee39-4c3d-bfda-1875e042e40a b06a3996ee7544cc9ac370d43e755752 e004169ee308460e9ab8017c4ff56358 - - default default] 10.0.0.99 "POST /v2.0/networks HTTP/1.1" status: 201 len: 833 time: 0.6293683
2026-07-10 00:59:37.429 9 WARNING neutron_lib.context [None req-71e55fb2-96bd-4afb-b4ef-a50211731e32 b06a3996ee7544cc9ac370d43e755752 e004169ee308460e9ab8017c4ff56358 - - default default] Method 'is_advsvc' is deprecated since 2023.2 release (neutron-lib 3.8.0) and will be removed once support for the old RBAC API policies will be removed from Neutron. Please use method 'is_service_role' instead.
2026-07-10 00:59:37.471 10 INFO neutron.wsgi [None req-96c55fa9-5a98-415c-8435-f7227ce4d2c6 fdcfe6efecc7496ca17a5b8c015822be 516d52bf26fe48e4868e535fbc418f23 - - default default] 10.0.0.99 "DELETE /v2.0/networks/33224d1f-0b98-4144-b0d6-263997ffd6ef HTTP/1.1" status: 204 len: 168 time: 0.4814308
2026-07-10 00:59:37.571 9 INFO neutron.wsgi [None req-136f1b92-c600-4e76-8a08-3fec82a21112 fdcfe6efecc7496ca17a5b8c015822be 516d52bf26fe48e4868e535fbc418f23 - - default default] 10.0.0.99 "DELETE /v2.0/security-groups/6f575025-cab1-4c4b-b58d-dffa15ae6cf5 HTTP/1.1" status: 204 len: 168 time: 0.3162520
2026-07-10 00:59:37.610 10 INFO neutron.wsgi [None req-2b71f1ba-7756-4bcd-81ff-9d3cf53b660d fdcfe6efecc7496ca17a5b8c015822be 516d52bf26fe48e4868e535fbc418f23 - - default default] 10.0.0.99 "GET /v2.0/security-groups?tenant_id=42f17eb07b7248cc830ad2aff40773ce&name=default HTTP/1.1" status: 200 len: 3120 time: 0.0420096
2026-07-10 00:59:37.693 9 WARNING neutron.scheduler.dhcp_agent_scheduler [None req-71e55fb2-96bd-4afb-b4ef-a50211731e32 b06a3996ee7544cc9ac370d43e755752 e004169ee308460e9ab8017c4ff56358 - - default default] No more DHCP agents
2026-07-10 00:59:37.694 9 WARNING neutron.api.rpc.agentnotifiers.dhcp_rpc_agent_api [None req-71e55fb2-96bd-4afb-b4ef-a50211731e32 b06a3996ee7544cc9ac370d43e755752 e004169ee308460e9ab8017c4ff56358 - - default default] Unable to schedule network d1112462-90c3-437c-9bea-7715ea8f1595: no agents available; will retry on subsequent port and subnet creation events.
2026-07-10 00:59:37.729 9 INFO neutron.db.ovn_revision_numbers_db [None req-71e55fb2-96bd-4afb-b4ef-a50211731e32 b06a3996ee7544cc9ac370d43e755752 e004169ee308460e9ab8017c4ff56358 - - default default] Successfully bumped revision number for resource 4f2fadf3-1777-4228-8cb9-aa3f2a5a240c (type: subnets) to 0
2026-07-10 00:59:37.747 9 INFO neutron.wsgi [None req-71e55fb2-96bd-4afb-b4ef-a50211731e32 b06a3996ee7544cc9ac370d43e755752 e004169ee308460e9ab8017c4ff56358 - - default default] 10.0.0.99 "POST /v2.0/subnets HTTP/1.1" status: 201 len: 821 time: 0.3226738
2026-07-10 00:59:37.758 9 WARNING neutron_lib.context [None req-c087a093-5deb-4634-9524-6977525c1a97 b06a3996ee7544cc9ac370d43e755752 e004169ee308460e9ab8017c4ff56358 - - default default] Method 'is_advsvc' is deprecated since 2023.2 release (neutron-lib 3.8.0) and will be removed once support for the old RBAC API policies will be removed from Neutron. Please use method 'is_service_role' instead.
2026-07-10 00:59:37.847 10 INFO neutron.wsgi [None req-ba8c26c9-123e-4d9a-8234-6b79d0952952 fdcfe6efecc7496ca17a5b8c015822be 516d52bf26fe48e4868e535fbc418f23 - - default default] 10.0.0.99 "DELETE /v2.0/security-groups/62d86713-8a0d-4c7e-bc2f-864bfb962642 HTTP/1.1" status: 204 len: 168 time: 0.2321894
2026-07-10 00:59:38.011 9 WARNING neutron.scheduler.dhcp_agent_scheduler [None req-c087a093-5deb-4634-9524-6977525c1a97 b06a3996ee7544cc9ac370d43e755752 e004169ee308460e9ab8017c4ff56358 - - default default] No more DHCP agents
2026-07-10 00:59:38.012 9 WARNING neutron.api.rpc.agentnotifiers.dhcp_rpc_agent_api [None req-c087a093-5deb-4634-9524-6977525c1a97 b06a3996ee7544cc9ac370d43e755752 e004169ee308460e9ab8017c4ff56358 - - default default] Unable to schedule network 4ebfff9e-7767-4873-9332-509d4e34db2e: no agents available; will retry on subsequent port and subnet creation events.
2026-07-10 00:59:38.057 9 INFO neutron.db.ovn_revision_numbers_db [None req-c087a093-5deb-4634-9524-6977525c1a97 b06a3996ee7544cc9ac370d43e755752 e004169ee308460e9ab8017c4ff56358 - - default default] Successfully bumped revision number for resource 29d1a60d-952f-4d71-81b0-e9bd87cc8a11 (type: subnets) to 0
2026-07-10 00:59:38.071 9 INFO neutron.wsgi [None req-c087a093-5deb-4634-9524-6977525c1a97 b06a3996ee7544cc9ac370d43e755752 e004169ee308460e9ab8017c4ff56358 - - default default] 10.0.0.99 "POST /v2.0/subnets HTTP/1.1" status: 201 len: 830 time: 0.3182986
2026-07-10 00:59:38.081 9 WARNING neutron_lib.context [None req-cb89ba03-8289-4378-8b53-5d370d17aaac b06a3996ee7544cc9ac370d43e755752 e004169ee308460e9ab8017c4ff56358 - - default default] Method 'is_advsvc' is deprecated since 2023.2 release (neutron-lib 3.8.0) and will be removed once support for the old RBAC API policies will be removed from Neutron. Please use method 'is_service_role' instead.
2026-07-10 00:59:38.187 9 INFO neutron.db.ovn_revision_numbers_db [None req-cb89ba03-8289-4378-8b53-5d370d17aaac b06a3996ee7544cc9ac370d43e755752 e004169ee308460e9ab8017c4ff56358 - - default default] Successfully bumped revision number for resource 5a686291-301b-43fa-85ec-f1e8e5721edf (type: routers) to 1
2026-07-10 00:59:38.204 9 INFO neutron.wsgi [None req-cb89ba03-8289-4378-8b53-5d370d17aaac b06a3996ee7544cc9ac370d43e755752 e004169ee308460e9ab8017c4ff56358 - - default default] 10.0.0.99 "POST /v2.0/routers HTTP/1.1" status: 201 len: 806 time: 0.1283855
2026-07-10 00:59:38.501 10 INFO neutron.services.segments.plugin [-] Segment bfcecbde-5260-499e-a079-2fbb2a06fbd3 resource provider aggregate not found
2026-07-10 00:59:38.506 10 INFO neutron.services.segments.plugin [-] Segment bfcecbde-5260-499e-a079-2fbb2a06fbd3 resource provider aggregate not found
2026-07-10 00:59:38.522 10 INFO neutron.services.segments.plugin [-] Segment bfcecbde-5260-499e-a079-2fbb2a06fbd3 resource provider not found; error: Placement Client Error (4xx): {"errors": [{"status": 404, "title": "Not Found", "detail": "The resource could not be found.\n\n No resource provider with uuid bfcecbde-5260-499e-a079-2fbb2a06fbd3 found for delete ", "request_id": "req-08220949-682e-4da5-b670-4e73b49a8432"}]}
2026-07-10 00:59:38.524 10 INFO neutron.services.segments.plugin [-] Segment bfcecbde-5260-499e-a079-2fbb2a06fbd3 resource provider not found; error: Placement Client Error (4xx): {"errors": [{"status": 404, "title": "Not Found", "detail": "The resource could not be found.\n\n No resource provider with uuid bfcecbde-5260-499e-a079-2fbb2a06fbd3 found for delete ", "request_id": "req-3fe140af-92d7-49e9-a9f1-3e0888e77ffc"}]}
2026-07-10 00:59:39.040 9 WARNING neutron.scheduler.dhcp_agent_scheduler [None req-f1498c9d-4330-464d-ac19-a9c69abbe895 b06a3996ee7544cc9ac370d43e755752 e004169ee308460e9ab8017c4ff56358 - - default default] No more DHCP agents
2026-07-10 00:59:39.044 9 WARNING neutron.api.rpc.agentnotifiers.dhcp_rpc_agent_api [None req-f1498c9d-4330-464d-ac19-a9c69abbe895 b06a3996ee7544cc9ac370d43e755752 e004169ee308460e9ab8017c4ff56358 - - default default] Unable to schedule network d1112462-90c3-437c-9bea-7715ea8f1595: no agents available; will retry on subsequent port and subnet creation events.
2026-07-10 00:59:39.162 9 INFO neutron.db.ovn_revision_numbers_db [None req-f1498c9d-4330-464d-ac19-a9c69abbe895 b06a3996ee7544cc9ac370d43e755752 e004169ee308460e9ab8017c4ff56358 - - default default] Successfully bumped revision number for resource 73a41845-cae4-4265-a6a0-c6691edcf625 (type: ports) to 1
2026-07-10 00:59:39.640 9 ERROR ovsdbapp.backend.ovs_idl.command [None req-f1498c9d-4330-464d-ac19-a9c69abbe895 b06a3996ee7544cc9ac370d43e755752 e004169ee308460e9ab8017c4ff56358 - - default default] Error executing command (DbGetCommand): ovsdbapp.backend.ovs_idl.idlutils.RowNotFound: Cannot find Logical_Router_Port with name=lrp-73a41845-cae4-4265-a6a0-c6691edcf625
2026-07-10 00:59:39.640 9 ERROR ovsdbapp.backend.ovs_idl.command
Traceback (most recent call last):
2026-07-10 00:59:39.640 9 ERROR ovsdbapp.backend.ovs_idl.command
File "/var/lib/openstack/lib/python3.10/site-packages/ovsdbapp/backend/ovs_idl/command.py", line 47, in execute
2026-07-10 00:59:39.640 9 ERROR ovsdbapp.backend.ovs_idl.command self.run_idl(None)
2026-07-10 00:59:39.640 9 ERROR ovsdbapp.backend.ovs_idl.command
File "/var/lib/openstack/lib/python3.10/site-packages/ovsdbapp/backend/ovs_idl/command.py", line 235, in run_idl
2026-07-10 00:59:39.640 9 ERROR ovsdbapp.backend.ovs_idl.command record = self.api.lookup(self.table, self.record)
2026-07-10 00:59:39.640 9 ERROR ovsdbapp.backend.ovs_idl.command
File "/var/lib/openstack/lib/python3.10/site-packages/ovsdbapp/backend/ovs_idl/__init__.py", line 184, in lookup
2026-07-10 00:59:39.640 9 ERROR ovsdbapp.backend.ovs_idl.command return self._lookup(table, record)
2026-07-10 00:59:39.640 9 ERROR ovsdbapp.backend.ovs_idl.command
File "/var/lib/openstack/lib/python3.10/site-packages/ovsdbapp/backend/ovs_idl/__init__.py", line 235, in _lookup
2026-07-10 00:59:39.640 9 ERROR ovsdbapp.backend.ovs_idl.command row = idlutils.row_by_value(self, rl.table, rl.column, record)
2026-07-10 00:59:39.640 9 ERROR ovsdbapp.backend.ovs_idl.command
File "/var/lib/openstack/lib/python3.10/site-packages/ovsdbapp/backend/ovs_idl/idlutils.py", line 114, in row_by_value
2026-07-10 00:59:39.640 9 ERROR ovsdbapp.backend.ovs_idl.command raise RowNotFound(table=table, col=column, match=match)
2026-07-10 00:59:39.640 9 ERROR ovsdbapp.backend.ovs_idl.command ovsdbapp.backend.ovs_idl.idlutils.RowNotFound: Cannot find Logical_Router_Port with name=lrp-73a41845-cae4-4265-a6a0-c6691edcf625
2026-07-10 00:59:39.640 9 ERROR ovsdbapp.backend.ovs_idl.command 
2026-07-10 00:59:39.641 9 ERROR neutron_lib.callbacks.manager [None req-f1498c9d-4330-464d-ac19-a9c69abbe895 b06a3996ee7544cc9ac370d43e755752 e004169ee308460e9ab8017c4ff56358 - - default default] Error during notification for neutron.services.ovn_l3.plugin.OVNL3RouterPlugin._port_update-8784462010086 port, after_update: ovsdbapp.backend.ovs_idl.idlutils.RowNotFound: Cannot find Logical_Router_Port with name=lrp-73a41845-cae4-4265-a6a0-c6691edcf625
2026-07-10 00:59:39.641 9 ERROR neutron_lib.callbacks.manager
Traceback (most recent call last):
2026-07-10 00:59:39.641 9 ERROR neutron_lib.callbacks.manager
File "/var/lib/openstack/lib/python3.10/site-packages/neutron_lib/callbacks/manager.py", line 189, in _notify_loop
2026-07-10 00:59:39.641 9 ERROR neutron_lib.callbacks.manager callback.method(resource, event, trigger, payload=payload)
2026-07-10 00:59:39.641 9 ERROR neutron_lib.callbacks.manager
File "/var/lib/openstack/lib/python3.10/site-packages/neutron/services/ovn_l3/plugin.py", line 391, in _port_update
2026-07-10 00:59:39.641 9 ERROR neutron_lib.callbacks.manager l3plugin._ovn_client.update_router_port(context,
2026-07-10 00:59:39.641 9 ERROR neutron_lib.callbacks.manager
File "/var/lib/openstack/lib/python3.10/site-packages/neutron/plugins/ml2/drivers/ovn/mech_driver/ovsdb/ovn_client.py", line 1878, in update_router_port
2026-07-10 00:59:39.641 9 ERROR neutron_lib.callbacks.manager self._update_lrouter_port(context, port, if_exists=if_exists,
2026-07-10 00:59:39.641 9 ERROR neutron_lib.callbacks.manager
File "/var/lib/openstack/lib/python3.10/site-packages/neutron/plugins/ml2/drivers/ovn/mech_driver/ovsdb/ovn_client.py", line 1855, in _update_lrouter_port
2026-07-10 00:59:39.641 9 ERROR neutron_lib.callbacks.manager external_ids = self._nb_idl.db_get(
2026-07-10 00:59:39.641 9 ERROR neutron_lib.callbacks.manager
File "/var/lib/openstack/lib/python3.10/site-packages/ovsdbapp/backend/ovs_idl/command.py", line 47, in execute
2026-07-10 00:59:39.641 9 ERROR neutron_lib.callbacks.manager self.run_idl(None)
2026-07-10 00:59:39.641 9 ERROR neutron_lib.callbacks.manager
File "/var/lib/openstack/lib/python3.10/site-packages/ovsdbapp/backend/ovs_idl/command.py", line 235, in run_idl
2026-07-10 00:59:39.641 9 ERROR neutron_lib.callbacks.manager record = self.api.lookup(self.table, self.record)
2026-07-10 00:59:39.641 9 ERROR neutron_lib.callbacks.manager
File "/var/lib/openstack/lib/python3.10/site-packages/ovsdbapp/backend/ovs_idl/__init__.py", line 184, in lookup
2026-07-10 00:59:39.641 9 ERROR neutron_lib.callbacks.manager return self._lookup(table, record)
2026-07-10 00:59:39.641 9 ERROR neutron_lib.callbacks.manager
File "/var/lib/openstack/lib/python3.10/site-packages/ovsdbapp/backend/ovs_idl/__init__.py", line 235, in _lookup
2026-07-10 00:59:39.641 9 ERROR neutron_lib.callbacks.manager row = idlutils.row_by_value(self, rl.table, rl.column, record)
2026-07-10 00:59:39.641 9 ERROR neutron_lib.callbacks.manager
File "/var/lib/openstack/lib/python3.10/site-packages/ovsdbapp/backend/ovs_idl/idlutils.py", line 114, in row_by_value
2026-07-10 00:59:39.641 9 ERROR neutron_lib.callbacks.manager raise RowNotFound(table=table, col=column, match=match)
2026-07-10 00:59:39.641 9 ERROR neutron_lib.callbacks.manager ovsdbapp.backend.ovs_idl.idlutils.RowNotFound: Cannot find Logical_Router_Port with name=lrp-73a41845-cae4-4265-a6a0-c6691edcf625
2026-07-10 00:59:39.641 9 ERROR neutron_lib.callbacks.manager 
2026-07-10 00:59:39.788 9 INFO neutron.plugins.ml2.drivers.ovn.mech_driver.mech_driver [None req-d0b11067-93fc-4619-b573-f0f8e2ce51cc - - - - - -] OVN reports status up for port: 73a41845-cae4-4265-a6a0-c6691edcf625
2026-07-10 00:59:39.795 9 INFO neutron.plugins.ml2.plugin [None req-d0b11067-93fc-4619-b573-f0f8e2ce51cc - - - - - -] Attempt 1 to provision port 73a41845-cae4-4265-a6a0-c6691edcf625
2026-07-10 00:59:39.812 9 INFO neutron.db.ovn_revision_numbers_db [None req-f1498c9d-4330-464d-ac19-a9c69abbe895 b06a3996ee7544cc9ac370d43e755752 e004169ee308460e9ab8017c4ff56358 - - default default] Successfully bumped revision number for resource 73a41845-cae4-4265-a6a0-c6691edcf625 (type: ports) to 1
2026-07-10 00:59:39.889 9 WARNING neutron.scheduler.dhcp_agent_scheduler [None req-f1498c9d-4330-464d-ac19-a9c69abbe895 b06a3996ee7544cc9ac370d43e755752 e004169ee308460e9ab8017c4ff56358 - - default default] No more DHCP agents
2026-07-10 00:59:39.892 9 WARNING neutron.api.rpc.agentnotifiers.dhcp_rpc_agent_api [None req-f1498c9d-4330-464d-ac19-a9c69abbe895 b06a3996ee7544cc9ac370d43e755752 e004169ee308460e9ab8017c4ff56358 - - default default] Unable to schedule network d1112462-90c3-437c-9bea-7715ea8f1595: no agents available; will retry on subsequent port and subnet creation events.
2026-07-10 00:59:40.168 9 INFO neutron.db.ovn_revision_numbers_db [None req-f1498c9d-4330-464d-ac19-a9c69abbe895 b06a3996ee7544cc9ac370d43e755752 e004169ee308460e9ab8017c4ff56358 - - default default] Successfully bumped revision number for resource 73a41845-cae4-4265-a6a0-c6691edcf625 (type: router_ports) to 1
2026-07-10 00:59:40.174 9 INFO neutron.wsgi [None req-f1498c9d-4330-464d-ac19-a9c69abbe895 b06a3996ee7544cc9ac370d43e755752 e004169ee308460e9ab8017c4ff56358 - - default default] 10.0.0.99 "PUT /v2.0/routers/5a686291-301b-43fa-85ec-f1e8e5721edf/add_router_interface HTTP/1.1" status: 200 len: 503 time: 1.9641569
2026-07-10 00:59:40.453 9 INFO neutron.wsgi [None req-f9a5e9ea-980c-4484-9bbb-4bc8894c7b7e b06a3996ee7544cc9ac370d43e755752 e004169ee308460e9ab8017c4ff56358 - - default default] 10.0.0.99 "GET /v2.0/ports/73a41845-cae4-4265-a6a0-c6691edcf625 HTTP/1.1" status: 200 len: 1141 time: 0.2730217
2026-07-10 00:59:40.608 9 INFO neutron.db.ovn_revision_numbers_db [None req-d0b11067-93fc-4619-b573-f0f8e2ce51cc - - - - - -] Successfully bumped revision number for resource 73a41845-cae4-4265-a6a0-c6691edcf625 (type: ports) to 2
2026-07-10 00:59:40.776 9 INFO neutron.db.ovn_revision_numbers_db [None req-d0b11067-93fc-4619-b573-f0f8e2ce51cc - - - - - -] Successfully bumped revision number for resource 73a41845-cae4-4265-a6a0-c6691edcf625 (type: router_ports) to 2
2026-07-10 00:59:41.417 10 WARNING neutron.scheduler.dhcp_agent_scheduler [None req-7f90379c-653a-4c3f-b460-3b40782a1efd b06a3996ee7544cc9ac370d43e755752 e004169ee308460e9ab8017c4ff56358 - - default default] No more DHCP agents
2026-07-10 00:59:41.419 10 WARNING neutron.api.rpc.agentnotifiers.dhcp_rpc_agent_api [None req-7f90379c-653a-4c3f-b460-3b40782a1efd b06a3996ee7544cc9ac370d43e755752 e004169ee308460e9ab8017c4ff56358 - - default default] Unable to schedule network 4ebfff9e-7767-4873-9332-509d4e34db2e: no agents available; will retry on subsequent port and subnet creation events.
2026-07-10 00:59:41.532 10 INFO neutron.db.ovn_revision_numbers_db [None req-7f90379c-653a-4c3f-b460-3b40782a1efd b06a3996ee7544cc9ac370d43e755752 e004169ee308460e9ab8017c4ff56358 - - default default] Successfully bumped revision number for resource f6090c21-6005-403b-9646-7cfdea077454 (type: ports) to 1
2026-07-10 00:59:42.164 10 ERROR ovsdbapp.backend.ovs_idl.command [None req-7f90379c-653a-4c3f-b460-3b40782a1efd b06a3996ee7544cc9ac370d43e755752 e004169ee308460e9ab8017c4ff56358 - - default default] Error executing command (DbGetCommand): ovsdbapp.backend.ovs_idl.idlutils.RowNotFound: Cannot find Logical_Router_Port with name=lrp-f6090c21-6005-403b-9646-7cfdea077454
2026-07-10 00:59:42.164 10 ERROR ovsdbapp.backend.ovs_idl.command
Traceback (most recent call last):
2026-07-10 00:59:42.164 10 ERROR ovsdbapp.backend.ovs_idl.command
File "/var/lib/openstack/lib/python3.10/site-packages/ovsdbapp/backend/ovs_idl/command.py", line 47, in execute
2026-07-10 00:59:42.164 10 ERROR ovsdbapp.backend.ovs_idl.command self.run_idl(None)
2026-07-10 00:59:42.164 10 ERROR ovsdbapp.backend.ovs_idl.command
File "/var/lib/openstack/lib/python3.10/site-packages/ovsdbapp/backend/ovs_idl/command.py", line 235, in run_idl
2026-07-10 00:59:42.164 10 ERROR ovsdbapp.backend.ovs_idl.command record = self.api.lookup(self.table, self.record)
2026-07-10 00:59:42.164 10 ERROR ovsdbapp.backend.ovs_idl.command
File "/var/lib/openstack/lib/python3.10/site-packages/ovsdbapp/backend/ovs_idl/__init__.py", line 184, in lookup
2026-07-10 00:59:42.164 10 ERROR ovsdbapp.backend.ovs_idl.command return self._lookup(table, record)
2026-07-10 00:59:42.164 10 ERROR ovsdbapp.backend.ovs_idl.command
File "/var/lib/openstack/lib/python3.10/site-packages/ovsdbapp/backend/ovs_idl/__init__.py", line 235, in _lookup
2026-07-10 00:59:42.164 10 ERROR ovsdbapp.backend.ovs_idl.command row = idlutils.row_by_value(self, rl.table, rl.column, record)
2026-07-10 00:59:42.164 10 ERROR ovsdbapp.backend.ovs_idl.command
File "/var/lib/openstack/lib/python3.10/site-packages/ovsdbapp/backend/ovs_idl/idlutils.py", line 114, in row_by_value
2026-07-10 00:59:42.164 10 ERROR ovsdbapp.backend.ovs_idl.command raise RowNotFound(table=table, col=column, match=match)
2026-07-10 00:59:42.164 10 ERROR ovsdbapp.backend.ovs_idl.command ovsdbapp.backend.ovs_idl.idlutils.RowNotFound: Cannot find Logical_Router_Port with name=lrp-f6090c21-6005-403b-9646-7cfdea077454
2026-07-10 00:59:42.164 10 ERROR ovsdbapp.backend.ovs_idl.command 
2026-07-10 00:59:42.165 10 ERROR neutron_lib.callbacks.manager [None req-7f90379c-653a-4c3f-b460-3b40782a1efd b06a3996ee7544cc9ac370d43e755752 e004169ee308460e9ab8017c4ff56358 - - default default] Error during notification for neutron.services.ovn_l3.plugin.OVNL3RouterPlugin._port_update-8784462010086 port, after_update: ovsdbapp.backend.ovs_idl.idlutils.RowNotFound: Cannot find Logical_Router_Port with name=lrp-f6090c21-6005-403b-9646-7cfdea077454
2026-07-10 00:59:42.165 10 ERROR neutron_lib.callbacks.manager
Traceback (most recent call last):
2026-07-10 00:59:42.165 10 ERROR neutron_lib.callbacks.manager
File "/var/lib/openstack/lib/python3.10/site-packages/neutron_lib/callbacks/manager.py", line 189, in _notify_loop
2026-07-10 00:59:42.165 10 ERROR neutron_lib.callbacks.manager callback.method(resource, event, trigger, payload=payload)
2026-07-10 00:59:42.165 10 ERROR neutron_lib.callbacks.manager
File "/var/lib/openstack/lib/python3.10/site-packages/neutron/services/ovn_l3/plugin.py", line 391, in _port_update
2026-07-10 00:59:42.165 10 ERROR neutron_lib.callbacks.manager l3plugin._ovn_client.update_router_port(context,
2026-07-10 00:59:42.165 10 ERROR neutron_lib.callbacks.manager
File "/var/lib/openstack/lib/python3.10/site-packages/neutron/plugins/ml2/drivers/ovn/mech_driver/ovsdb/ovn_client.py", line 1878, in update_router_port
2026-07-10 00:59:42.165 10 ERROR neutron_lib.callbacks.manager self._update_lrouter_port(context, port, if_exists=if_exists,
2026-07-10 00:59:42.165 10 ERROR neutron_lib.callbacks.manager
File "/var/lib/openstack/lib/python3.10/site-packages/neutron/plugins/ml2/drivers/ovn/mech_driver/ovsdb/ovn_client.py", line 1855, in _update_lrouter_port
2026-07-10 00:59:42.165 10 ERROR neutron_lib.callbacks.manager external_ids = self._nb_idl.db_get(
2026-07-10 00:59:42.165 10 ERROR neutron_lib.callbacks.manager
File "/var/lib/openstack/lib/python3.10/site-packages/ovsdbapp/backend/ovs_idl/command.py", line 47, in execute
2026-07-10 00:59:42.165 10 ERROR neutron_lib.callbacks.manager self.run_idl(None)
2026-07-10 00:59:42.165 10 ERROR neutron_lib.callbacks.manager
File "/var/lib/openstack/lib/python3.10/site-packages/ovsdbapp/backend/ovs_idl/command.py", line 235, in run_idl
2026-07-10 00:59:42.165 10 ERROR neutron_lib.callbacks.manager record = self.api.lookup(self.table, self.record)
2026-07-10 00:59:42.165 10 ERROR neutron_lib.callbacks.manager
File "/var/lib/openstack/lib/python3.10/site-packages/ovsdbapp/backend/ovs_idl/__init__.py", line 184, in lookup
2026-07-10 00:59:42.165 10 ERROR neutron_lib.callbacks.manager return self._lookup(table, record)
2026-07-10 00:59:42.165 10 ERROR neutron_lib.callbacks.manager
File "/var/lib/openstack/lib/python3.10/site-packages/ovsdbapp/backend/ovs_idl/__init__.py", line 235, in _lookup
2026-07-10 00:59:42.165 10 ERROR neutron_lib.callbacks.manager row = idlutils.row_by_value(self, rl.table, rl.column, record)
2026-07-10 00:59:42.165 10 ERROR neutron_lib.callbacks.manager
File "/var/lib/openstack/lib/python3.10/site-packages/ovsdbapp/backend/ovs_idl/idlutils.py", line 114, in row_by_value
2026-07-10 00:59:42.165 10 ERROR neutron_lib.callbacks.manager raise RowNotFound(table=table, col=column, match=match)
2026-07-10 00:59:42.165 10 ERROR neutron_lib.callbacks.manager ovsdbapp.backend.ovs_idl.idlutils.RowNotFound: Cannot find Logical_Router_Port with name=lrp-f6090c21-6005-403b-9646-7cfdea077454
2026-07-10 00:59:42.165 10 ERROR neutron_lib.callbacks.manager 
2026-07-10 00:59:42.218 9 INFO neutron.db.ovn_revision_numbers_db [None req-c08ef9d0-a31f-4be2-a5bc-b55426d52281 fdcfe6efecc7496ca17a5b8c015822be 516d52bf26fe48e4868e535fbc418f23 - - default default] Successfully bumped revision number for resource 46e14f1e-227e-4624-a165-f0c4e5f10fef (type: security_groups) to 1
2026-07-10 00:59:42.235 9 INFO neutron.db.ovn_revision_numbers_db [None req-c08ef9d0-a31f-4be2-a5bc-b55426d52281 fdcfe6efecc7496ca17a5b8c015822be 516d52bf26fe48e4868e535fbc418f23 - - default default] Successfully bumped revision number for resource 49c6fc86-82d6-4f83-b98b-874de4e92383 (type: security_group_rules) to 0
2026-07-10 00:59:42.239 10 INFO neutron.db.ovn_revision_numbers_db [None req-52bc0826-1f62-44c6-9a04-4cc4863c1baf fdcfe6efecc7496ca17a5b8c015822be 516d52bf26fe48e4868e535fbc418f23 - - default default] Successfully bumped revision number for resource 12ced606-d144-4e8f-8f5c-69b08a6c211b (type: security_groups) to 1
2026-07-10 00:59:42.258 9 INFO neutron.db.ovn_revision_numbers_db [None req-c08ef9d0-a31f-4be2-a5bc-b55426d52281 fdcfe6efecc7496ca17a5b8c015822be 516d52bf26fe48e4868e535fbc418f23 - - default default] Successfully bumped revision number for resource 68ec9113-2002-4a41-913e-e2348f828916 (type: security_group_rules) to 0
2026-07-10 00:59:42.259 10 INFO neutron.db.ovn_revision_numbers_db [None req-52bc0826-1f62-44c6-9a04-4cc4863c1baf fdcfe6efecc7496ca17a5b8c015822be 516d52bf26fe48e4868e535fbc418f23 - - default default] Successfully bumped revision number for resource 21d02be9-542d-43a5-94c8-05716e5b7784 (type: security_group_rules) to 0
2026-07-10 00:59:42.273 9 INFO neutron.db.ovn_revision_numbers_db [None req-c08ef9d0-a31f-4be2-a5bc-b55426d52281 fdcfe6efecc7496ca17a5b8c015822be 516d52bf26fe48e4868e535fbc418f23 - - default default] Successfully bumped revision number for resource a364276c-83ad-4828-944c-0bdd3d458d62 (type: security_group_rules) to 0
2026-07-10 00:59:42.288 10 INFO neutron.db.ovn_revision_numbers_db [None req-52bc0826-1f62-44c6-9a04-4cc4863c1baf fdcfe6efecc7496ca17a5b8c015822be 516d52bf26fe48e4868e535fbc418f23 - - default default] Successfully bumped revision number for resource 3309a868-5506-41ed-b376-eccaab2317e0 (type: security_group_rules) to 0
2026-07-10 00:59:42.299 9 INFO neutron.db.ovn_revision_numbers_db [None req-c08ef9d0-a31f-4be2-a5bc-b55426d52281 fdcfe6efecc7496ca17a5b8c015822be 516d52bf26fe48e4868e535fbc418f23 - - default default] Successfully bumped revision number for resource c217c14d-5ed9-4a75-b62b-a27d5896864a (type: security_group_rules) to 0
2026-07-10 00:59:42.312 9 INFO neutron.db.ovn_revision_numbers_db [None req-c55ef912-aacf-4365-92a6-89d8a19ff017 fdcfe6efecc7496ca17a5b8c015822be 516d52bf26fe48e4868e535fbc418f23 - - default default] Successfully bumped revision number for resource e1c18f2d-88d4-4cb1-834e-a8339d90b0ca (type: security_groups) to 1
2026-07-10 00:59:42.315 10 INFO neutron.db.ovn_revision_numbers_db [None req-52bc0826-1f62-44c6-9a04-4cc4863c1baf fdcfe6efecc7496ca17a5b8c015822be 516d52bf26fe48e4868e535fbc418f23 - - default default] Successfully bumped revision number for resource 7e7e0d74-1e4f-4653-896a-7f71ed788913 (type: security_group_rules) to 0
2026-07-10 00:59:42.323 9 INFO neutron.wsgi [None req-c08ef9d0-a31f-4be2-a5bc-b55426d52281 fdcfe6efecc7496ca17a5b8c015822be 516d52bf26fe48e4868e535fbc418f23 - - default default] 10.0.0.99 "GET /v2.0/security-groups?tenant_id=9ababd13a7b2495fbba3c9c3c3471b12&name=default HTTP/1.1" status: 200 len: 3120 time: 0.4235501
2026-07-10 00:59:42.338 10 INFO neutron.db.ovn_revision_numbers_db [None req-52bc0826-1f62-44c6-9a04-4cc4863c1baf fdcfe6efecc7496ca17a5b8c015822be 516d52bf26fe48e4868e535fbc418f23 - - default default] Successfully bumped revision number for resource ae19abb6-ac68-4017-bfbc-dba4c1eb5db3 (type: security_group_rules) to 0
2026-07-10 00:59:42.338 9 INFO neutron.db.ovn_revision_numbers_db [None req-c55ef912-aacf-4365-92a6-89d8a19ff017 fdcfe6efecc7496ca17a5b8c015822be 516d52bf26fe48e4868e535fbc418f23 - - default default] Successfully bumped revision number for resource 4c1558d5-0ffd-47a4-9dda-2c809c38147f (type: security_group_rules) to 0
2026-07-10 00:59:42.354 9 INFO neutron.db.ovn_revision_numbers_db [None req-c55ef912-aacf-4365-92a6-89d8a19ff017 fdcfe6efecc7496ca17a5b8c015822be 516d52bf26fe48e4868e535fbc418f23 - - default default] Successfully bumped revision number for resource f397f137-7c98-42a4-aaef-5257a3ace56f (type: security_group_rules) to 0
2026-07-10 00:59:42.367 9 INFO neutron.db.ovn_revision_numbers_db [None req-c55ef912-aacf-4365-92a6-89d8a19ff017 fdcfe6efecc7496ca17a5b8c015822be 516d52bf26fe48e4868e535fbc418f23 - - default default] Successfully bumped revision number for resource f54ebd9a-98e4-48a1-959f-5a3184a63025 (type: security_group_rules) to 0
2026-07-10 00:59:42.380 9 INFO neutron.db.ovn_revision_numbers_db [None req-c55ef912-aacf-4365-92a6-89d8a19ff017 fdcfe6efecc7496ca17a5b8c015822be 516d52bf26fe48e4868e535fbc418f23 - - default default] Successfully bumped revision number for resource fc7885d9-876e-4c54-ba93-d7ff58f15132 (type: security_group_rules) to 0
2026-07-10 00:59:42.385 10 INFO neutron.wsgi [None req-52bc0826-1f62-44c6-9a04-4cc4863c1baf fdcfe6efecc7496ca17a5b8c015822be 516d52bf26fe48e4868e535fbc418f23 - - default default] 10.0.0.99 "GET /v2.0/security-groups?tenant_id=447c51c5105a465fafc420c5921f79eb&name=default HTTP/1.1" status: 200 len: 3120 time: 0.5623245
2026-07-10 00:59:42.392 10 INFO neutron.db.ovn_revision_numbers_db [None req-7f90379c-653a-4c3f-b460-3b40782a1efd b06a3996ee7544cc9ac370d43e755752 e004169ee308460e9ab8017c4ff56358 - - default default] Successfully bumped revision number for resource f6090c21-6005-403b-9646-7cfdea077454 (type: ports) to 1
2026-07-10 00:59:42.411 9 INFO neutron.wsgi [None req-c55ef912-aacf-4365-92a6-89d8a19ff017 fdcfe6efecc7496ca17a5b8c015822be 516d52bf26fe48e4868e535fbc418f23 - - default default] 10.0.0.99 "GET /v2.0/security-groups?tenant_id=860e65faad0d40a3a1ed169bff463165&name=default HTTP/1.1" status: 200 len: 3120 time: 0.3015225
2026-07-10 00:59:42.493 10 WARNING neutron.scheduler.dhcp_agent_scheduler [None req-7f90379c-653a-4c3f-b460-3b40782a1efd b06a3996ee7544cc9ac370d43e755752 e004169ee308460e9ab8017c4ff56358 - - default default] No more DHCP agents
2026-07-10 00:59:42.497 10 WARNING neutron.api.rpc.agentnotifiers.dhcp_rpc_agent_api [None req-7f90379c-653a-4c3f-b460-3b40782a1efd b06a3996ee7544cc9ac370d43e755752 e004169ee308460e9ab8017c4ff56358 - - default default] Unable to schedule network 4ebfff9e-7767-4873-9332-509d4e34db2e: no agents available; will retry on subsequent port and subnet creation events.
2026-07-10 00:59:42.519 10 INFO neutron.wsgi [-] 10.0.0.162 "GET / HTTP/1.1" status: 200 len: 246 time: 0.0020978
2026-07-10 00:59:42.522 10 INFO neutron.wsgi [-] 10.0.0.162 "GET / HTTP/1.1" status: 200 len: 246 time: 0.0022526
2026-07-10 00:59:42.679 9 INFO neutron.wsgi [None req-ad99bf57-ca25-4d8c-95cd-c90c2c797887 fdcfe6efecc7496ca17a5b8c015822be 516d52bf26fe48e4868e535fbc418f23 - - default default] 10.0.0.99 "DELETE /v2.0/security-groups/12ced606-d144-4e8f-8f5c-69b08a6c211b HTTP/1.1" status: 204 len: 168 time: 0.2873533
2026-07-10 00:59:42.683 9 INFO neutron.wsgi [None req-ea0f1e69-b2fc-4a7b-9de6-4dd5d5a84443 fdcfe6efecc7496ca17a5b8c015822be 516d52bf26fe48e4868e535fbc418f23 - - default default] 10.0.0.99 "DELETE /v2.0/security-groups/e1c18f2d-88d4-4cb1-834e-a8339d90b0ca HTTP/1.1" status: 204 len: 168 time: 0.2649815
2026-07-10 00:59:42.698 10 INFO neutron.wsgi [None req-5bd3e031-40c0-422d-86f9-e9cf98888243 fdcfe6efecc7496ca17a5b8c015822be 516d52bf26fe48e4868e535fbc418f23 - - default default] 10.0.0.99 "DELETE /v2.0/security-groups/46e14f1e-227e-4624-a165-f0c4e5f10fef HTTP/1.1" status: 204 len: 168 time: 0.3686366
2026-07-10 00:59:42.703 10 INFO neutron.db.ovn_revision_numbers_db [None req-7f90379c-653a-4c3f-b460-3b40782a1efd b06a3996ee7544cc9ac370d43e755752 e004169ee308460e9ab8017c4ff56358 - - default default] Successfully bumped revision number for resource f6090c21-6005-403b-9646-7cfdea077454 (type: router_ports) to 1
2026-07-10 00:59:42.708 10 INFO neutron.wsgi [None req-7f90379c-653a-4c3f-b460-3b40782a1efd b06a3996ee7544cc9ac370d43e755752 e004169ee308460e9ab8017c4ff56358 - - default default] 10.0.0.99 "PUT /v2.0/routers/5a686291-301b-43fa-85ec-f1e8e5721edf/add_router_interface HTTP/1.1" status: 200 len: 503 time: 2.2485931
2026-07-10 00:59:42.747 9 INFO neutron.wsgi [None req-71322906-edb4-488a-bb71-f734523c5fd8 b06a3996ee7544cc9ac370d43e755752 e004169ee308460e9ab8017c4ff56358 - - default default] 10.0.0.99 "GET /v2.0/ports/f6090c21-6005-403b-9646-7cfdea077454 HTTP/1.1" status: 200 len: 1147 time: 0.0345147
2026-07-10 00:59:42.791 9 INFO neutron.wsgi [None req-058c8205-62de-425c-a2c6-eeec62a4e029 b06a3996ee7544cc9ac370d43e755752 e004169ee308460e9ab8017c4ff56358 - - default default] 10.0.0.99 "GET /v2.0/ports/f6090c21-6005-403b-9646-7cfdea077454 HTTP/1.1" status: 200 len: 1147 time: 0.0384638
2026-07-10 00:59:42.899 10 INFO neutron.db.ovn_revision_numbers_db [None req-357703a8-bb51-4982-8156-6f0d2b534cf2 fdcfe6efecc7496ca17a5b8c015822be 516d52bf26fe48e4868e535fbc418f23 - - default default] Successfully bumped revision number for resource c26fd166-f4c5-4970-9480-79a0ea0d12d3 (type: security_groups) to 1
2026-07-10 00:59:42.920 10 INFO neutron.db.ovn_revision_numbers_db [None req-357703a8-bb51-4982-8156-6f0d2b534cf2 fdcfe6efecc7496ca17a5b8c015822be 516d52bf26fe48e4868e535fbc418f23 - - default default] Successfully bumped revision number for resource 121a4a01-ab52-4158-ba8b-432ee251621d (type: security_group_rules) to 0
2026-07-10 00:59:42.935 10 INFO neutron.db.ovn_revision_numbers_db [None req-357703a8-bb51-4982-8156-6f0d2b534cf2 fdcfe6efecc7496ca17a5b8c015822be 516d52bf26fe48e4868e535fbc418f23 - - default default] Successfully bumped revision number for resource 1974585d-75d4-439e-9b0d-ac63caaa6926 (type: security_group_rules) to 0
2026-07-10 00:59:42.944 9 INFO neutron.db.ovn_revision_numbers_db [None req-57fa7f8e-b8d3-4f2c-9a5c-bb06000a7182 fdcfe6efecc7496ca17a5b8c015822be 516d52bf26fe48e4868e535fbc418f23 - - default default] Successfully bumped revision number for resource 6f472f9d-5337-4317-8eef-c75e0f457d1e (type: security_groups) to 1
2026-07-10 00:59:42.946 9 INFO neutron.db.ovn_revision_numbers_db [None req-9d313e76-4bfa-446e-b9d4-9c0c90361273 fdcfe6efecc7496ca17a5b8c015822be 516d52bf26fe48e4868e535fbc418f23 - - default default] Successfully bumped revision number for resource 8240099f-f009-40b1-9752-711241e6fcf7 (type: security_groups) to 1
2026-07-10 00:59:42.949 10 INFO neutron.db.ovn_revision_numbers_db [None req-357703a8-bb51-4982-8156-6f0d2b534cf2 fdcfe6efecc7496ca17a5b8c015822be 516d52bf26fe48e4868e535fbc418f23 - - default default] Successfully bumped revision number for resource cf9f513a-e08e-48c7-a590-640a7e9bbfdc (type: security_group_rules) to 0
2026-07-10 00:59:42.960 9 INFO neutron.db.ovn_revision_numbers_db [None req-57fa7f8e-b8d3-4f2c-9a5c-bb06000a7182 fdcfe6efecc7496ca17a5b8c015822be 516d52bf26fe48e4868e535fbc418f23 - - default default] Successfully bumped revision number for resource 4065809b-c626-4fa1-9274-deb307dbd1c8 (type: security_group_rules) to 0
2026-07-10 00:59:42.962 9 INFO neutron.db.ovn_revision_numbers_db [None req-9d313e76-4bfa-446e-b9d4-9c0c90361273 fdcfe6efecc7496ca17a5b8c015822be 516d52bf26fe48e4868e535fbc418f23 - - default default] Successfully bumped revision number for resource 0fc99125-6891-4687-b6b1-26bab18b0845 (type: security_group_rules) to 0
2026-07-10 00:59:42.962 10 INFO neutron.db.ovn_revision_numbers_db [None req-357703a8-bb51-4982-8156-6f0d2b534cf2 fdcfe6efecc7496ca17a5b8c015822be 516d52bf26fe48e4868e535fbc418f23 - - default default] Successfully bumped revision number for resource fcc212fe-552e-4479-a328-f66219028be2 (type: security_group_rules) to 0
2026-07-10 00:59:42.976 9 INFO neutron.db.ovn_revision_numbers_db [None req-57fa7f8e-b8d3-4f2c-9a5c-bb06000a7182 fdcfe6efecc7496ca17a5b8c015822be 516d52bf26fe48e4868e535fbc418f23 - - default default] Successfully bumped revision number for resource 600d624f-770a-4fbf-a03a-d30605f77184 (type: security_group_rules) to 0
2026-07-10 00:59:42.978 9 INFO neutron.db.ovn_revision_numbers_db [None req-9d313e76-4bfa-446e-b9d4-9c0c90361273 fdcfe6efecc7496ca17a5b8c015822be 516d52bf26fe48e4868e535fbc418f23 - - default default] Successfully bumped revision number for resource 5186a8d5-1643-480d-9e4e-c407b1a17d58 (type: security_group_rules) to 0
2026-07-10 00:59:42.984 10 INFO neutron.wsgi [None req-357703a8-bb51-4982-8156-6f0d2b534cf2 fdcfe6efecc7496ca17a5b8c015822be 516d52bf26fe48e4868e535fbc418f23 - - default default] 10.0.0.99 "GET /v2.0/security-groups?tenant_id=8186b75d6e7e47fc902495e9ce276f8e&name=default HTTP/1.1" status: 200 len: 3120 time: 0.2080388
2026-07-10 00:59:43.000 9 INFO neutron.db.ovn_revision_numbers_db [None req-57fa7f8e-b8d3-4f2c-9a5c-bb06000a7182 fdcfe6efecc7496ca17a5b8c015822be 516d52bf26fe48e4868e535fbc418f23 - - default default] Successfully bumped revision number for resource 607231c3-b133-4cda-a19d-3aae7ad723d2 (type: security_group_rules) to 0
2026-07-10 00:59:43.006 9 INFO neutron.db.ovn_revision_numbers_db [None req-9d313e76-4bfa-446e-b9d4-9c0c90361273 fdcfe6efecc7496ca17a5b8c015822be 516d52bf26fe48e4868e535fbc418f23 - - default default] Successfully bumped revision number for resource 751569d0-004f-4cd4-b390-700c6cb7c784 (type: security_group_rules) to 0
2026-07-10 00:59:43.030 9 INFO neutron.db.ovn_revision_numbers_db [None req-57fa7f8e-b8d3-4f2c-9a5c-bb06000a7182 fdcfe6efecc7496ca17a5b8c015822be 516d52bf26fe48e4868e535fbc418f23 - - default default] Successfully bumped revision number for resource fb6250db-a492-4a34-b0ba-4f66afa3d348 (type: security_group_rules) to 0
2026-07-10 00:59:43.038 9 INFO neutron.db.ovn_revision_numbers_db [None req-9d313e76-4bfa-446e-b9d4-9c0c90361273 fdcfe6efecc7496ca17a5b8c015822be 516d52bf26fe48e4868e535fbc418f23 - - default default] Successfully bumped revision number for resource f4a9d5dd-6bbe-4fcc-a7e8-5a61e59d00b9 (type: security_group_rules) to 0
2026-07-10 00:59:43.063 9 INFO neutron.wsgi [None req-57fa7f8e-b8d3-4f2c-9a5c-bb06000a7182 fdcfe6efecc7496ca17a5b8c015822be 516d52bf26fe48e4868e535fbc418f23 - - default default] 10.0.0.99 "GET /v2.0/security-groups?tenant_id=7668b2eaaa1744a0b3779b064fa34b95&name=default HTTP/1.1" status: 200 len: 3120 time: 0.2702613
2026-07-10 00:59:43.071 9 INFO neutron.wsgi [None req-9d313e76-4bfa-446e-b9d4-9c0c90361273 fdcfe6efecc7496ca17a5b8c015822be 516d52bf26fe48e4868e535fbc418f23 - - default default] 10.0.0.99 "GET /v2.0/security-groups?tenant_id=5d1a10010a1b4100a252df633717875e&name=default HTTP/1.1" status: 200 len: 3120 time: 0.2771554
2026-07-10 00:59:43.246 10 INFO neutron.wsgi [None req-3aea4b9e-aa21-4967-a698-8d765fe07490 fdcfe6efecc7496ca17a5b8c015822be 516d52bf26fe48e4868e535fbc418f23 - - default default] 10.0.0.99 "DELETE /v2.0/security-groups/c26fd166-f4c5-4970-9480-79a0ea0d12d3 HTTP/1.1" status: 204 len: 168 time: 0.2535410
