2026-07-10 01:02:54.656 9 INFO neutron.db.ovn_revision_numbers_db [None req-3473659c-ea9c-4738-b0f5-f9eb86ef24ce a053fca8c27e4d9ba5fd832acfdfa065 edd3c9590f6546e2958a0fb91d45e9e5 - - default default] Successfully bumped revision number for resource 709ce9c2-b195-4cb3-93a6-4971f9ff1f01 (type: ports) to 1
2026-07-10 01:02:54.713 10 INFO neutron.wsgi [None req-219713d4-038b-4bc9-84c2-fd8473f91eaf fdcfe6efecc7496ca17a5b8c015822be 516d52bf26fe48e4868e535fbc418f23 - - default default] 10.0.0.99 "DELETE /v2.0/security-groups/dac70957-85d5-414e-99a9-8ae13e89ba23 HTTP/1.1" status: 204 len: 168 time: 0.2504766
2026-07-10 01:02:54.765 10 INFO neutron.services.segments.plugin [-] Segment 856aab7e-fca7-4161-aeb2-5cd3b852107b resource provider aggregate not found
2026-07-10 01:02:54.770 10 INFO neutron.services.segments.plugin [-] Segment 856aab7e-fca7-4161-aeb2-5cd3b852107b resource provider aggregate not found
2026-07-10 01:02:54.784 10 INFO neutron.services.segments.plugin [-] Segment 856aab7e-fca7-4161-aeb2-5cd3b852107b resource provider not found; error: Placement Client Error (4xx): {"errors": [{"status": 404, "title": "Not Found", "detail": "The resource could not be found.\n\n No resource provider with uuid 856aab7e-fca7-4161-aeb2-5cd3b852107b found for delete ", "request_id": "req-dadb4496-c760-4978-8c49-543c56634afc"}]}
2026-07-10 01:02:54.785 10 INFO neutron.services.segments.plugin [-] Segment 856aab7e-fca7-4161-aeb2-5cd3b852107b resource provider not found; error: Placement Client Error (4xx): {"errors": [{"status": 404, "title": "Not Found", "detail": "The resource could not be found.\n\n No resource provider with uuid 856aab7e-fca7-4161-aeb2-5cd3b852107b found for delete ", "request_id": "req-7f5eaa51-b5c7-490e-9909-70eccc086aa3"}]}
2026-07-10 01:02:54.912 10 INFO neutron.wsgi [None req-a443e4cd-a221-4978-a4e8-db2bebccd426 fdcfe6efecc7496ca17a5b8c015822be 516d52bf26fe48e4868e535fbc418f23 - - default default] 10.0.0.99 "GET /v2.0/security-groups?tenant_id=216670a17e0d40f6a62fcdef18b11d89&name=default HTTP/1.1" status: 200 len: 3124 time: 0.0451441
2026-07-10 01:02:55.191 10 INFO neutron.wsgi [None req-bb5fe99e-3647-43aa-a145-43f262350f8c fdcfe6efecc7496ca17a5b8c015822be 516d52bf26fe48e4868e535fbc418f23 - - default default] 10.0.0.99 "DELETE /v2.0/security-groups/731bb29e-aa0b-46d4-8bc4-ce6945ae1462 HTTP/1.1" status: 204 len: 168 time: 0.2758689
2026-07-10 01:02:55.300 9 ERROR ovsdbapp.backend.ovs_idl.command [None req-3473659c-ea9c-4738-b0f5-f9eb86ef24ce a053fca8c27e4d9ba5fd832acfdfa065 edd3c9590f6546e2958a0fb91d45e9e5 - - default default] Error executing command (DbGetCommand): ovsdbapp.backend.ovs_idl.idlutils.RowNotFound: Cannot find Logical_Router_Port with name=lrp-709ce9c2-b195-4cb3-93a6-4971f9ff1f01
2026-07-10 01:02:55.300 9 ERROR ovsdbapp.backend.ovs_idl.command
Traceback (most recent call last):
2026-07-10 01:02:55.300 9 ERROR ovsdbapp.backend.ovs_idl.command
File "/var/lib/openstack/lib/python3.10/site-packages/ovsdbapp/backend/ovs_idl/command.py", line 47, in execute
2026-07-10 01:02:55.300 9 ERROR ovsdbapp.backend.ovs_idl.command self.run_idl(None)
2026-07-10 01:02:55.300 9 ERROR ovsdbapp.backend.ovs_idl.command
File "/var/lib/openstack/lib/python3.10/site-packages/ovsdbapp/backend/ovs_idl/command.py", line 235, in run_idl
2026-07-10 01:02:55.300 9 ERROR ovsdbapp.backend.ovs_idl.command record = self.api.lookup(self.table, self.record)
2026-07-10 01:02:55.300 9 ERROR ovsdbapp.backend.ovs_idl.command
File "/var/lib/openstack/lib/python3.10/site-packages/ovsdbapp/backend/ovs_idl/__init__.py", line 184, in lookup
2026-07-10 01:02:55.300 9 ERROR ovsdbapp.backend.ovs_idl.command return self._lookup(table, record)
2026-07-10 01:02:55.300 9 ERROR ovsdbapp.backend.ovs_idl.command
File "/var/lib/openstack/lib/python3.10/site-packages/ovsdbapp/backend/ovs_idl/__init__.py", line 235, in _lookup
2026-07-10 01:02:55.300 9 ERROR ovsdbapp.backend.ovs_idl.command row = idlutils.row_by_value(self, rl.table, rl.column, record)
2026-07-10 01:02:55.300 9 ERROR ovsdbapp.backend.ovs_idl.command
File "/var/lib/openstack/lib/python3.10/site-packages/ovsdbapp/backend/ovs_idl/idlutils.py", line 114, in row_by_value
2026-07-10 01:02:55.300 9 ERROR ovsdbapp.backend.ovs_idl.command raise RowNotFound(table=table, col=column, match=match)
2026-07-10 01:02:55.300 9 ERROR ovsdbapp.backend.ovs_idl.command ovsdbapp.backend.ovs_idl.idlutils.RowNotFound: Cannot find Logical_Router_Port with name=lrp-709ce9c2-b195-4cb3-93a6-4971f9ff1f01
2026-07-10 01:02:55.300 9 ERROR ovsdbapp.backend.ovs_idl.command 
2026-07-10 01:02:55.300 9 ERROR neutron_lib.callbacks.manager [None req-3473659c-ea9c-4738-b0f5-f9eb86ef24ce a053fca8c27e4d9ba5fd832acfdfa065 edd3c9590f6546e2958a0fb91d45e9e5 - - default default] Error during notification for neutron.services.ovn_l3.plugin.OVNL3RouterPlugin._port_update-8784462010086 port, after_update: ovsdbapp.backend.ovs_idl.idlutils.RowNotFound: Cannot find Logical_Router_Port with name=lrp-709ce9c2-b195-4cb3-93a6-4971f9ff1f01
2026-07-10 01:02:55.300 9 ERROR neutron_lib.callbacks.manager
Traceback (most recent call last):
2026-07-10 01:02:55.300 9 ERROR neutron_lib.callbacks.manager
File "/var/lib/openstack/lib/python3.10/site-packages/neutron_lib/callbacks/manager.py", line 189, in _notify_loop
2026-07-10 01:02:55.300 9 ERROR neutron_lib.callbacks.manager callback.method(resource, event, trigger, payload=payload)
2026-07-10 01:02:55.300 9 ERROR neutron_lib.callbacks.manager
File "/var/lib/openstack/lib/python3.10/site-packages/neutron/services/ovn_l3/plugin.py", line 391, in _port_update
2026-07-10 01:02:55.300 9 ERROR neutron_lib.callbacks.manager l3plugin._ovn_client.update_router_port(context,
2026-07-10 01:02:55.300 9 ERROR neutron_lib.callbacks.manager
File "/var/lib/openstack/lib/python3.10/site-packages/neutron/plugins/ml2/drivers/ovn/mech_driver/ovsdb/ovn_client.py", line 1878, in update_router_port
2026-07-10 01:02:55.300 9 ERROR neutron_lib.callbacks.manager self._update_lrouter_port(context, port, if_exists=if_exists,
2026-07-10 01:02:55.300 9 ERROR neutron_lib.callbacks.manager
File "/var/lib/openstack/lib/python3.10/site-packages/neutron/plugins/ml2/drivers/ovn/mech_driver/ovsdb/ovn_client.py", line 1855, in _update_lrouter_port
2026-07-10 01:02:55.300 9 ERROR neutron_lib.callbacks.manager external_ids = self._nb_idl.db_get(
2026-07-10 01:02:55.300 9 ERROR neutron_lib.callbacks.manager
File "/var/lib/openstack/lib/python3.10/site-packages/ovsdbapp/backend/ovs_idl/command.py", line 47, in execute
2026-07-10 01:02:55.300 9 ERROR neutron_lib.callbacks.manager self.run_idl(None)
2026-07-10 01:02:55.300 9 ERROR neutron_lib.callbacks.manager
File "/var/lib/openstack/lib/python3.10/site-packages/ovsdbapp/backend/ovs_idl/command.py", line 235, in run_idl
2026-07-10 01:02:55.300 9 ERROR neutron_lib.callbacks.manager record = self.api.lookup(self.table, self.record)
2026-07-10 01:02:55.300 9 ERROR neutron_lib.callbacks.manager
File "/var/lib/openstack/lib/python3.10/site-packages/ovsdbapp/backend/ovs_idl/__init__.py", line 184, in lookup
2026-07-10 01:02:55.300 9 ERROR neutron_lib.callbacks.manager return self._lookup(table, record)
2026-07-10 01:02:55.300 9 ERROR neutron_lib.callbacks.manager
File "/var/lib/openstack/lib/python3.10/site-packages/ovsdbapp/backend/ovs_idl/__init__.py", line 235, in _lookup
2026-07-10 01:02:55.300 9 ERROR neutron_lib.callbacks.manager row = idlutils.row_by_value(self, rl.table, rl.column, record)
2026-07-10 01:02:55.300 9 ERROR neutron_lib.callbacks.manager
File "/var/lib/openstack/lib/python3.10/site-packages/ovsdbapp/backend/ovs_idl/idlutils.py", line 114, in row_by_value
2026-07-10 01:02:55.300 9 ERROR neutron_lib.callbacks.manager raise RowNotFound(table=table, col=column, match=match)
2026-07-10 01:02:55.300 9 ERROR neutron_lib.callbacks.manager ovsdbapp.backend.ovs_idl.idlutils.RowNotFound: Cannot find Logical_Router_Port with name=lrp-709ce9c2-b195-4cb3-93a6-4971f9ff1f01
2026-07-10 01:02:55.300 9 ERROR neutron_lib.callbacks.manager 
2026-07-10 01:02:55.538 9 INFO neutron.db.ovn_revision_numbers_db [None req-3473659c-ea9c-4738-b0f5-f9eb86ef24ce a053fca8c27e4d9ba5fd832acfdfa065 edd3c9590f6546e2958a0fb91d45e9e5 - - default default] Successfully bumped revision number for resource 709ce9c2-b195-4cb3-93a6-4971f9ff1f01 (type: ports) to 1
2026-07-10 01:02:55.611 9 WARNING neutron.scheduler.dhcp_agent_scheduler [None req-3473659c-ea9c-4738-b0f5-f9eb86ef24ce a053fca8c27e4d9ba5fd832acfdfa065 edd3c9590f6546e2958a0fb91d45e9e5 - - default default] No more DHCP agents
2026-07-10 01:02:55.612 9 WARNING neutron.api.rpc.agentnotifiers.dhcp_rpc_agent_api [None req-3473659c-ea9c-4738-b0f5-f9eb86ef24ce a053fca8c27e4d9ba5fd832acfdfa065 edd3c9590f6546e2958a0fb91d45e9e5 - - default default] Unable to schedule network c3335abb-d261-4537-b79e-55cbadd12a83: no agents available; will retry on subsequent port and subnet creation events.
2026-07-10 01:02:56.402 9 INFO neutron.db.ovn_revision_numbers_db [None req-3473659c-ea9c-4738-b0f5-f9eb86ef24ce a053fca8c27e4d9ba5fd832acfdfa065 edd3c9590f6546e2958a0fb91d45e9e5 - - default default] Successfully bumped revision number for resource 709ce9c2-b195-4cb3-93a6-4971f9ff1f01 (type: router_ports) to 1
2026-07-10 01:02:56.659 9 WARNING neutron.scheduler.dhcp_agent_scheduler [None req-fbd89e89-2f99-4211-b58e-7fe0158370ae - - - - - -] No more DHCP agents
2026-07-10 01:02:56.661 9 WARNING neutron.api.rpc.agentnotifiers.dhcp_rpc_agent_api [None req-fbd89e89-2f99-4211-b58e-7fe0158370ae - - - - - -] Unable to schedule network c3335abb-d261-4537-b79e-55cbadd12a83: no agents available; will retry on subsequent port and subnet creation events.
2026-07-10 01:02:56.845 10 WARNING neutron.plugins.ml2.drivers.ovn.mech_driver.ovsdb.ovn_client [None req-c44d40b5-c3f5-4776-a4b2-3e0e7535fd5e - - - - - -] No hosting information found for port 63c0f6f0-8afd-4a9d-a0a0-e2cbc8065d0d: RuntimeError: No hosting information found for port 63c0f6f0-8afd-4a9d-a0a0-e2cbc8065d0d
2026-07-10 01:02:56.845 10 INFO neutron.plugins.ml2.drivers.ovn.mech_driver.mech_driver [None req-c44d40b5-c3f5-4776-a4b2-3e0e7535fd5e - - - - - -] OVN reports status up for port: 709ce9c2-b195-4cb3-93a6-4971f9ff1f01
2026-07-10 01:02:56.854 10 INFO neutron.plugins.ml2.plugin [None req-c44d40b5-c3f5-4776-a4b2-3e0e7535fd5e - - - - - -] Attempt 1 to provision port 709ce9c2-b195-4cb3-93a6-4971f9ff1f01
2026-07-10 01:02:57.188 9 INFO neutron.db.ovn_revision_numbers_db [None req-fbd89e89-2f99-4211-b58e-7fe0158370ae - - - - - -] Successfully bumped revision number for resource a03f9f0f-922f-4023-a526-4114daff3a29 (type: ports) to 1
2026-07-10 01:02:57.427 9 INFO neutron.db.ovn_revision_numbers_db [None req-fbd89e89-2f99-4211-b58e-7fe0158370ae - - - - - -] Successfully bumped revision number for resource a03f9f0f-922f-4023-a526-4114daff3a29 (type: ports) to 1
2026-07-10 01:02:57.437 10 INFO neutron.db.ovn_revision_numbers_db [None req-c44d40b5-c3f5-4776-a4b2-3e0e7535fd5e - - - - - -] Successfully bumped revision number for resource 709ce9c2-b195-4cb3-93a6-4971f9ff1f01 (type: ports) to 2
2026-07-10 01:02:57.518 10 INFO neutron.wsgi [-] 10.0.0.162 "GET / HTTP/1.1" status: 200 len: 246 time: 0.0021517
2026-07-10 01:02:57.521 10 INFO neutron.wsgi [-] 10.0.0.162 "GET / HTTP/1.1" status: 200 len: 246 time: 0.0019033
2026-07-10 01:02:57.597 10 INFO neutron.db.ovn_revision_numbers_db [None req-c44d40b5-c3f5-4776-a4b2-3e0e7535fd5e - - - - - -] Successfully bumped revision number for resource 709ce9c2-b195-4cb3-93a6-4971f9ff1f01 (type: router_ports) to 2
2026-07-10 01:02:57.639 9 INFO neutron.wsgi [None req-3473659c-ea9c-4738-b0f5-f9eb86ef24ce a053fca8c27e4d9ba5fd832acfdfa065 edd3c9590f6546e2958a0fb91d45e9e5 - - default default] 10.0.0.99 "POST /v2.0/vpn/vpnservices HTTP/1.1" status: 201 len: 658 time: 5.8867946
2026-07-10 01:02:57.670 10 INFO neutron.wsgi [None req-f05256a8-96ba-4fa9-81d2-755f35b2331f a053fca8c27e4d9ba5fd832acfdfa065 edd3c9590f6546e2958a0fb91d45e9e5 - - default default] 10.0.0.99 "GET /v2.0/vpn/vpnservices HTTP/1.1" status: 200 len: 1501 time: 0.0244055
2026-07-10 01:02:59.420 9 WARNING neutron_lib.context [None req-168d84e6-a2a4-47cb-9634-97bc5326d802 6289536519e9425f990ac0297743b453 891897e2f3a94c63a39979d49c6ca05a - - default default] Method 'is_advsvc' is deprecated since 2023.2 release (neutron-lib 3.8.0) and will be removed once support for the old RBAC API policies will be removed from Neutron. Please use method 'is_service_role' instead.
2026-07-10 01:02:59.585 9 INFO neutron.db.ovn_revision_numbers_db [None req-168d84e6-a2a4-47cb-9634-97bc5326d802 6289536519e9425f990ac0297743b453 891897e2f3a94c63a39979d49c6ca05a - - default default] Successfully bumped revision number for resource 8c697092-153f-43f5-a0cb-1314a516cacf (type: security_groups) to 1
2026-07-10 01:02:59.605 9 INFO neutron.db.ovn_revision_numbers_db [None req-168d84e6-a2a4-47cb-9634-97bc5326d802 6289536519e9425f990ac0297743b453 891897e2f3a94c63a39979d49c6ca05a - - default default] Successfully bumped revision number for resource 5e040f19-3f38-4d93-b536-b659eb5d7f3c (type: security_group_rules) to 0
2026-07-10 01:02:59.658 9 INFO neutron.db.ovn_revision_numbers_db [None req-168d84e6-a2a4-47cb-9634-97bc5326d802 6289536519e9425f990ac0297743b453 891897e2f3a94c63a39979d49c6ca05a - - default default] Successfully bumped revision number for resource a9f40c7e-7d1e-41f6-908d-796032f018db (type: security_group_rules) to 0
2026-07-10 01:02:59.683 9 INFO neutron.db.ovn_revision_numbers_db [None req-168d84e6-a2a4-47cb-9634-97bc5326d802 6289536519e9425f990ac0297743b453 891897e2f3a94c63a39979d49c6ca05a - - default default] Successfully bumped revision number for resource ca703f23-09da-4337-ba16-22268f885e69 (type: security_group_rules) to 0
2026-07-10 01:02:59.699 9 INFO neutron.db.ovn_revision_numbers_db [None req-168d84e6-a2a4-47cb-9634-97bc5326d802 6289536519e9425f990ac0297743b453 891897e2f3a94c63a39979d49c6ca05a - - default default] Successfully bumped revision number for resource d6930771-b51f-43a7-9771-10fdee47c5d2 (type: security_group_rules) to 0
2026-07-10 01:02:59.752 9 INFO neutron.db.segments_db [None req-168d84e6-a2a4-47cb-9634-97bc5326d802 6289536519e9425f990ac0297743b453 891897e2f3a94c63a39979d49c6ca05a - - default default] Added segment 5ead92ba-4657-481f-b267-b59c31fb557a of type geneve for network 07ffaf7e-0d1b-4a77-b0b4-331c56414894
2026-07-10 01:02:59.902 9 INFO neutron.db.ovn_revision_numbers_db [None req-168d84e6-a2a4-47cb-9634-97bc5326d802 6289536519e9425f990ac0297743b453 891897e2f3a94c63a39979d49c6ca05a - - default default] Successfully bumped revision number for resource 07ffaf7e-0d1b-4a77-b0b4-331c56414894 (type: networks) to 1
2026-07-10 01:03:00.145 9 WARNING neutron.scheduler.dhcp_agent_scheduler [None req-168d84e6-a2a4-47cb-9634-97bc5326d802 6289536519e9425f990ac0297743b453 891897e2f3a94c63a39979d49c6ca05a - - default default] No more DHCP agents
2026-07-10 01:03:00.160 9 WARNING neutron.api.rpc.agentnotifiers.dhcp_rpc_agent_api [None req-168d84e6-a2a4-47cb-9634-97bc5326d802 6289536519e9425f990ac0297743b453 891897e2f3a94c63a39979d49c6ca05a - - default default] Unable to schedule network 07ffaf7e-0d1b-4a77-b0b4-331c56414894: no agents available; will retry on subsequent port and subnet creation events.
2026-07-10 01:03:00.287 9 INFO neutron.db.ovn_revision_numbers_db [None req-168d84e6-a2a4-47cb-9634-97bc5326d802 6289536519e9425f990ac0297743b453 891897e2f3a94c63a39979d49c6ca05a - - default default] Successfully bumped revision number for resource 98116113-e1df-4700-bd1b-eec6b00e2856 (type: ports) to 1
2026-07-10 01:03:00.314 9 INFO neutron.wsgi [None req-168d84e6-a2a4-47cb-9634-97bc5326d802 6289536519e9425f990ac0297743b453 891897e2f3a94c63a39979d49c6ca05a - - default default] 10.0.0.99 "POST /v2.0/networks HTTP/1.1" status: 201 len: 831 time: 1.1123953
2026-07-10 01:03:00.325 9 WARNING neutron_lib.context [None req-0b149fc3-8248-4130-b217-afc177e764b3 6289536519e9425f990ac0297743b453 891897e2f3a94c63a39979d49c6ca05a - - default default] Method 'is_advsvc' is deprecated since 2023.2 release (neutron-lib 3.8.0) and will be removed once support for the old RBAC API policies will be removed from Neutron. Please use method 'is_service_role' instead.
2026-07-10 01:03:00.651 9 WARNING neutron.scheduler.dhcp_agent_scheduler [None req-0b149fc3-8248-4130-b217-afc177e764b3 6289536519e9425f990ac0297743b453 891897e2f3a94c63a39979d49c6ca05a - - default default] No more DHCP agents
2026-07-10 01:03:00.654 9 WARNING neutron.api.rpc.agentnotifiers.dhcp_rpc_agent_api [None req-0b149fc3-8248-4130-b217-afc177e764b3 6289536519e9425f990ac0297743b453 891897e2f3a94c63a39979d49c6ca05a - - default default] Unable to schedule network 07ffaf7e-0d1b-4a77-b0b4-331c56414894: no agents available; will retry on subsequent port and subnet creation events.
2026-07-10 01:03:00.748 9 INFO neutron.db.ovn_revision_numbers_db [None req-0b149fc3-8248-4130-b217-afc177e764b3 6289536519e9425f990ac0297743b453 891897e2f3a94c63a39979d49c6ca05a - - default default] Successfully bumped revision number for resource a480b73f-f7a6-46e2-a807-ceb80d656b01 (type: ports) to 1
2026-07-10 01:03:00.787 9 INFO neutron.wsgi [None req-0b149fc3-8248-4130-b217-afc177e764b3 6289536519e9425f990ac0297743b453 891897e2f3a94c63a39979d49c6ca05a - - default default] 10.0.0.99 "POST /v2.0/ports HTTP/1.1" status: 201 len: 942 time: 0.4671557 /var/lib/openstack/lib/python3.10/site-packages/pycadf/identifier.py:71: UserWarning: Invalid uuid: neutron. To ensure interoperability, identifiers should be a valid uuid. warnings.warn(('Invalid uuid: %s. To ensure interoperability, '
2026-07-10 01:03:00.797 9 WARNING neutron_lib.context [None req-71a9da8e-3398-4f6c-a66d-bf461cc101d7 6289536519e9425f990ac0297743b453 891897e2f3a94c63a39979d49c6ca05a - - default default] Method 'is_advsvc' is deprecated since 2023.2 release (neutron-lib 3.8.0) and will be removed once support for the old RBAC API policies will be removed from Neutron. Please use method 'is_service_role' instead.
2026-07-10 01:03:00.911 10 INFO neutron.services.segments.plugin [-] Segment 84ced6dd-f9a6-4e18-8e36-9b281e3fd741 resource provider aggregate not found
2026-07-10 01:03:00.919 10 INFO neutron.services.segments.plugin [-] Segment 84ced6dd-f9a6-4e18-8e36-9b281e3fd741 resource provider aggregate not found
2026-07-10 01:03:00.940 10 INFO neutron.services.segments.plugin [-] Segment 84ced6dd-f9a6-4e18-8e36-9b281e3fd741 resource provider not found; error: Placement Client Error (4xx): {"errors": [{"status": 404, "title": "Not Found", "detail": "The resource could not be found.\n\n No resource provider with uuid 84ced6dd-f9a6-4e18-8e36-9b281e3fd741 found for delete ", "request_id": "req-3111d6ea-e684-47f4-ad3f-74a3d20ddb48"}]}
2026-07-10 01:03:00.943 10 INFO neutron.services.segments.plugin [-] Segment 84ced6dd-f9a6-4e18-8e36-9b281e3fd741 resource provider not found; error: Placement Client Error (4xx): {"errors": [{"status": 404, "title": "Not Found", "detail": "The resource could not be found.\n\n No resource provider with uuid 84ced6dd-f9a6-4e18-8e36-9b281e3fd741 found for delete ", "request_id": "req-daf34b73-3aec-415a-a3f3-2d38294c5a2b"}]}
2026-07-10 01:03:00.992 10 INFO neutron.wsgi [None req-54336e20-22c5-4a99-9ea8-c67f8e289ed2 a053fca8c27e4d9ba5fd832acfdfa065 edd3c9590f6546e2958a0fb91d45e9e5 - - default default] 10.0.0.99 "DELETE /v2.0/vpn/vpnservices/038a0fc8-219b-47da-b839-469de74c41af HTTP/1.1" status: 204 len: 168 time: 3.3181295 /var/lib/openstack/lib/python3.10/site-packages/pycadf/identifier.py:71: UserWarning: Invalid uuid: neutron. To ensure interoperability, identifiers should be a valid uuid. warnings.warn(('Invalid uuid: %s. To ensure interoperability, '
2026-07-10 01:03:01.015 10 INFO neutron.wsgi [None req-9bda7226-49ac-4241-a6f7-feca6a36d134 a053fca8c27e4d9ba5fd832acfdfa065 edd3c9590f6546e2958a0fb91d45e9e5 - - default default] 10.0.0.99 "GET /v2.0/vpn/vpnservices HTTP/1.1" status: 200 len: 1055 time: 0.0163419
2026-07-10 01:03:01.026 10 WARNING neutron_lib.context [None req-a29353ad-85b8-4702-999e-ea3c29806a3d a053fca8c27e4d9ba5fd832acfdfa065 edd3c9590f6546e2958a0fb91d45e9e5 - - default default] Method 'is_advsvc' is deprecated since 2023.2 release (neutron-lib 3.8.0) and will be removed once support for the old RBAC API policies will be removed from Neutron. Please use method 'is_service_role' instead.
2026-07-10 01:03:01.133 10 INFO neutron.api.v2.resource [None req-a29353ad-85b8-4702-999e-ea3c29806a3d a053fca8c27e4d9ba5fd832acfdfa065 edd3c9590f6546e2958a0fb91d45e9e5 - - default default] create failed (client error): The server could not comply with the request since it is either malformed or otherwise incorrect.
2026-07-10 01:03:01.135 10 INFO neutron.wsgi [None req-a29353ad-85b8-4702-999e-ea3c29806a3d a053fca8c27e4d9ba5fd832acfdfa065 edd3c9590f6546e2958a0fb91d45e9e5 - - default default] 10.0.0.99 "POST /v2.0/vpn/ipsec-site-connections HTTP/1.1" status: 400 len: 330 time: 0.1139326
2026-07-10 01:03:01.137 9 INFO neutron.wsgi [None req-71a9da8e-3398-4f6c-a66d-bf461cc101d7 6289536519e9425f990ac0297743b453 891897e2f3a94c63a39979d49c6ca05a - - default default] 10.0.0.99 "POST /v2.0/trunks HTTP/1.1" status: 201 len: 608 time: 0.3454969
2026-07-10 01:03:01.148 9 WARNING neutron_lib.context [None req-fb254597-621d-4d01-8851-ec917654e624 a053fca8c27e4d9ba5fd832acfdfa065 edd3c9590f6546e2958a0fb91d45e9e5 - - default default] Method 'is_advsvc' is deprecated since 2023.2 release (neutron-lib 3.8.0) and will be removed once support for the old RBAC API policies will be removed from Neutron. Please use method 'is_service_role' instead.
2026-07-10 01:03:01.155 9 WARNING neutron_lib.context [None req-01eb3bbc-de17-45a6-aee8-5435e7b1f078 6289536519e9425f990ac0297743b453 891897e2f3a94c63a39979d49c6ca05a - - default default] Method 'is_advsvc' is deprecated since 2023.2 release (neutron-lib 3.8.0) and will be removed once support for the old RBAC API policies will be removed from Neutron. Please use method 'is_service_role' instead.
2026-07-10 01:03:01.240 9 INFO neutron.api.v2.resource [None req-fb254597-621d-4d01-8851-ec917654e624 a053fca8c27e4d9ba5fd832acfdfa065 edd3c9590f6546e2958a0fb91d45e9e5 - - default default] create failed (client error): The server could not comply with the request since it is either malformed or otherwise incorrect.
2026-07-10 01:03:01.242 9 INFO neutron.wsgi [None req-fb254597-621d-4d01-8851-ec917654e624 a053fca8c27e4d9ba5fd832acfdfa065 edd3c9590f6546e2958a0fb91d45e9e5 - - default default] 10.0.0.99 "POST /v2.0/vpn/ipsec-site-connections HTTP/1.1" status: 400 len: 339 time: 0.1017582
2026-07-10 01:03:01.251 9 INFO neutron.db.segments_db [None req-01eb3bbc-de17-45a6-aee8-5435e7b1f078 6289536519e9425f990ac0297743b453 891897e2f3a94c63a39979d49c6ca05a - - default default] Added segment 0c38a691-564e-462b-8975-377e7ac1b500 of type geneve for network cd2bd4a0-ecdb-41f3-802b-91d9614c81f8
2026-07-10 01:03:01.256 9 WARNING neutron.api.v2.base [None req-1c8e667c-3466-4dcb-90d2-3e422435bb88 a053fca8c27e4d9ba5fd832acfdfa065 edd3c9590f6546e2958a0fb91d45e9e5 - - default default] An exception happened while processing the request body. The exception message is [Invalid input for dpd. Reason: '59' is not a dictionary.].: webob.exc.HTTPBadRequest: Invalid input for dpd. Reason: '59' is not a dictionary.
2026-07-10 01:03:01.256 9 INFO neutron.api.v2.resource [None req-1c8e667c-3466-4dcb-90d2-3e422435bb88 a053fca8c27e4d9ba5fd832acfdfa065 edd3c9590f6546e2958a0fb91d45e9e5 - - default default] create failed (client error): Invalid input for dpd. Reason: '59' is not a dictionary.
2026-07-10 01:03:01.259 9 INFO neutron.wsgi [None req-1c8e667c-3466-4dcb-90d2-3e422435bb88 a053fca8c27e4d9ba5fd832acfdfa065 edd3c9590f6546e2958a0fb91d45e9e5 - - default default] 10.0.0.99 "POST /v2.0/vpn/ipsec-site-connections HTTP/1.1" status: 400 len: 332 time: 0.0084505
2026-07-10 01:03:01.272 10 WARNING neutron_lib.context [None req-3668c108-dcfd-42bc-a49d-1a2bd72a1990 a053fca8c27e4d9ba5fd832acfdfa065 edd3c9590f6546e2958a0fb91d45e9e5 - - default default] Method 'is_advsvc' is deprecated since 2023.2 release (neutron-lib 3.8.0) and will be removed once support for the old RBAC API policies will be removed from Neutron. Please use method 'is_service_role' instead.
2026-07-10 01:03:01.316 10 INFO neutron.wsgi [None req-3668c108-dcfd-42bc-a49d-1a2bd72a1990 a053fca8c27e4d9ba5fd832acfdfa065 edd3c9590f6546e2958a0fb91d45e9e5 - - default default] 10.0.0.99 "POST /v2.0/vpn/endpoint-groups HTTP/1.1" status: 201 len: 493 time: 0.0506341
2026-07-10 01:03:01.329 9 WARNING neutron_lib.context [None req-662f23e7-ebca-416f-ab15-8e99c47fe8c4 a053fca8c27e4d9ba5fd832acfdfa065 edd3c9590f6546e2958a0fb91d45e9e5 - - default default] Method 'is_advsvc' is deprecated since 2023.2 release (neutron-lib 3.8.0) and will be removed once support for the old RBAC API policies will be removed from Neutron. Please use method 'is_service_role' instead.
2026-07-10 01:03:01.423 9 INFO neutron.api.v2.resource [None req-662f23e7-ebca-416f-ab15-8e99c47fe8c4 a053fca8c27e4d9ba5fd832acfdfa065 edd3c9590f6546e2958a0fb91d45e9e5 - - default default] create failed (client error): The server could not comply with the request since it is either malformed or otherwise incorrect.
2026-07-10 01:03:01.425 9 INFO neutron.wsgi [None req-662f23e7-ebca-416f-ab15-8e99c47fe8c4 a053fca8c27e4d9ba5fd832acfdfa065 edd3c9590f6546e2958a0fb91d45e9e5 - - default default] 10.0.0.99 "POST /v2.0/vpn/ipsec-site-connections HTTP/1.1" status: 400 len: 352 time: 0.1035507
2026-07-10 01:03:01.433 9 INFO neutron.db.ovn_revision_numbers_db [None req-01eb3bbc-de17-45a6-aee8-5435e7b1f078 6289536519e9425f990ac0297743b453 891897e2f3a94c63a39979d49c6ca05a - - default default] Successfully bumped revision number for resource cd2bd4a0-ecdb-41f3-802b-91d9614c81f8 (type: networks) to 1
2026-07-10 01:03:01.444 10 INFO neutron.wsgi [None req-b4ec6094-bee0-43c2-b82b-6895c8d91246 a053fca8c27e4d9ba5fd832acfdfa065 edd3c9590f6546e2958a0fb91d45e9e5 - - default default] 10.0.0.99 "GET /v2.0/vpn/endpoint-groups HTTP/1.1" status: 200 len: 1103 time: 0.0148380
2026-07-10 01:03:01.478 10 INFO neutron.wsgi [None req-a5e110b0-4434-401e-8a6a-a9d5d9b95edd a053fca8c27e4d9ba5fd832acfdfa065 edd3c9590f6546e2958a0fb91d45e9e5 - - default default] 10.0.0.99 "DELETE /v2.0/vpn/endpoint-groups/01903590-66ae-423e-9848-2b722f02c944 HTTP/1.1" status: 204 len: 168 time: 0.0287569
2026-07-10 01:03:01.501 10 INFO neutron.wsgi [None req-74a9e0c4-466f-4853-a772-7808de18e598 a053fca8c27e4d9ba5fd832acfdfa065 edd3c9590f6546e2958a0fb91d45e9e5 - - default default] 10.0.0.99 "GET /v2.0/vpn/endpoint-groups HTTP/1.1" status: 200 len: 827 time: 0.0158761
2026-07-10 01:03:01.513 10 WARNING neutron_lib.context [None req-6350f2a8-6368-4d05-8a12-92171093f265 a053fca8c27e4d9ba5fd832acfdfa065 edd3c9590f6546e2958a0fb91d45e9e5 - - default default] Method 'is_advsvc' is deprecated since 2023.2 release (neutron-lib 3.8.0) and will be removed once support for the old RBAC API policies will be removed from Neutron. Please use method 'is_service_role' instead.
2026-07-10 01:03:01.585 10 INFO neutron.wsgi [None req-6350f2a8-6368-4d05-8a12-92171093f265 a053fca8c27e4d9ba5fd832acfdfa065 edd3c9590f6546e2958a0fb91d45e9e5 - - default default] 10.0.0.99 "POST /v2.0/vpn/endpoint-groups HTTP/1.1" status: 201 len: 499 time: 0.0779309
2026-07-10 01:03:01.595 10 WARNING neutron_lib.context [None req-ee3b6d72-43e5-44e5-91ff-c47150efc000 a053fca8c27e4d9ba5fd832acfdfa065 edd3c9590f6546e2958a0fb91d45e9e5 - - default default] Method 'is_advsvc' is deprecated since 2023.2 release (neutron-lib 3.8.0) and will be removed once support for the old RBAC API policies will be removed from Neutron. Please use method 'is_service_role' instead.
2026-07-10 01:03:01.628 9 WARNING neutron.scheduler.dhcp_agent_scheduler [None req-01eb3bbc-de17-45a6-aee8-5435e7b1f078 6289536519e9425f990ac0297743b453 891897e2f3a94c63a39979d49c6ca05a - - default default] No more DHCP agents
2026-07-10 01:03:01.630 9 WARNING neutron.api.rpc.agentnotifiers.dhcp_rpc_agent_api [None req-01eb3bbc-de17-45a6-aee8-5435e7b1f078 6289536519e9425f990ac0297743b453 891897e2f3a94c63a39979d49c6ca05a - - default default] Unable to schedule network cd2bd4a0-ecdb-41f3-802b-91d9614c81f8: no agents available; will retry on subsequent port and subnet creation events.
2026-07-10 01:03:01.632 10 INFO neutron.api.v2.resource [None req-ee3b6d72-43e5-44e5-91ff-c47150efc000 a053fca8c27e4d9ba5fd832acfdfa065 edd3c9590f6546e2958a0fb91d45e9e5 - - default default] create failed (client error): The server could not comply with the request since it is either malformed or otherwise incorrect.
2026-07-10 01:03:01.634 10 INFO neutron.wsgi [None req-ee3b6d72-43e5-44e5-91ff-c47150efc000 a053fca8c27e4d9ba5fd832acfdfa065 edd3c9590f6546e2958a0fb91d45e9e5 - - default default] 10.0.0.99 "POST /v2.0/vpn/ipsec-site-connections HTTP/1.1" status: 400 len: 351 time: 0.0438449
2026-07-10 01:03:01.652 10 INFO neutron.wsgi [None req-de13f26b-6d17-47f8-81d8-e7cf204ca530 a053fca8c27e4d9ba5fd832acfdfa065 edd3c9590f6546e2958a0fb91d45e9e5 - - default default] 10.0.0.99 "GET /v2.0/vpn/endpoint-groups HTTP/1.1" status: 200 len: 1109 time: 0.0131361
2026-07-10 01:03:01.683 10 INFO neutron.wsgi [None req-c0ba445c-ba3a-4f20-8004-2dd6a327eed6 a053fca8c27e4d9ba5fd832acfdfa065 edd3c9590f6546e2958a0fb91d45e9e5 - - default default] 10.0.0.99 "DELETE /v2.0/vpn/endpoint-groups/5d9d6697-f340-449c-a894-d300a80ec57a HTTP/1.1" status: 204 len: 168 time: 0.0276687
2026-07-10 01:03:01.698 10 INFO neutron.wsgi [None req-fe08c617-59ad-4c00-b19d-b9f8ba34697e a053fca8c27e4d9ba5fd832acfdfa065 edd3c9590f6546e2958a0fb91d45e9e5 - - default default] 10.0.0.99 "GET /v2.0/vpn/endpoint-groups HTTP/1.1" status: 200 len: 827 time: 0.0091941
2026-07-10 01:03:01.707 10 WARNING neutron.api.v2.base [None req-d7697f41-4851-4963-b45d-7d9144a5c3bd a053fca8c27e4d9ba5fd832acfdfa065 edd3c9590f6546e2958a0fb91d45e9e5 - - default default] An exception happened while processing the request body. The exception message is [Invalid input for peer_cidrs. Reason: '1.0.0.0/33' is not a valid IP subnet.].: webob.exc.HTTPBadRequest: Invalid input for peer_cidrs. Reason: '1.0.0.0/33' is not a valid IP subnet.
2026-07-10 01:03:01.708 10 INFO neutron.api.v2.resource [None req-d7697f41-4851-4963-b45d-7d9144a5c3bd a053fca8c27e4d9ba5fd832acfdfa065 edd3c9590f6546e2958a0fb91d45e9e5 - - default default] create failed (client error): Invalid input for peer_cidrs. Reason: '1.0.0.0/33' is not a valid IP subnet.
2026-07-10 01:03:01.709 10 INFO neutron.wsgi [None req-d7697f41-4851-4963-b45d-7d9144a5c3bd a053fca8c27e4d9ba5fd832acfdfa065 edd3c9590f6546e2958a0fb91d45e9e5 - - default default] 10.0.0.99 "POST /v2.0/vpn/ipsec-site-connections HTTP/1.1" status: 400 len: 352 time: 0.0070391
2026-07-10 01:03:01.718 9 INFO neutron.db.ovn_revision_numbers_db [None req-01eb3bbc-de17-45a6-aee8-5435e7b1f078 6289536519e9425f990ac0297743b453 891897e2f3a94c63a39979d49c6ca05a - - default default] Successfully bumped revision number for resource 4bf548f7-2c93-4430-a439-f77e5623d527 (type: ports) to 1
2026-07-10 01:03:01.719 10 WARNING neutron_lib.context [None req-705982c3-7e6c-4648-a7f2-58b78f7d25fd a053fca8c27e4d9ba5fd832acfdfa065 edd3c9590f6546e2958a0fb91d45e9e5 - - default default] Method 'is_advsvc' is deprecated since 2023.2 release (neutron-lib 3.8.0) and will be removed once support for the old RBAC API policies will be removed from Neutron. Please use method 'is_service_role' instead.
2026-07-10 01:03:01.746 9 INFO neutron.wsgi [None req-01eb3bbc-de17-45a6-aee8-5435e7b1f078 6289536519e9425f990ac0297743b453 891897e2f3a94c63a39979d49c6ca05a - - default default] 10.0.0.99 "POST /v2.0/networks HTTP/1.1" status: 201 len: 831 time: 0.6043050
2026-07-10 01:03:01.766 9 WARNING neutron_lib.context [None req-fad35bae-d62c-4982-a2a4-3f2dcde97da4 6289536519e9425f990ac0297743b453 891897e2f3a94c63a39979d49c6ca05a - - default default] Method 'is_advsvc' is deprecated since 2023.2 release (neutron-lib 3.8.0) and will be removed once support for the old RBAC API policies will be removed from Neutron. Please use method 'is_service_role' instead.
2026-07-10 01:03:01.825 10 INFO neutron.db.segments_db [None req-705982c3-7e6c-4648-a7f2-58b78f7d25fd a053fca8c27e4d9ba5fd832acfdfa065 edd3c9590f6546e2958a0fb91d45e9e5 - - default default] Added segment 73364df4-8f60-4577-b26f-83fa1eed98e0 of type geneve for network 1011ac15-a292-41ed-b5ce-e5d8160240c3
2026-07-10 01:03:02.005 10 INFO neutron.db.ovn_revision_numbers_db [None req-705982c3-7e6c-4648-a7f2-58b78f7d25fd a053fca8c27e4d9ba5fd832acfdfa065 edd3c9590f6546e2958a0fb91d45e9e5 - - default default] Successfully bumped revision number for resource 1011ac15-a292-41ed-b5ce-e5d8160240c3 (type: networks) to 1
2026-07-10 01:03:02.044 9 WARNING neutron.scheduler.dhcp_agent_scheduler [None req-fad35bae-d62c-4982-a2a4-3f2dcde97da4 6289536519e9425f990ac0297743b453 891897e2f3a94c63a39979d49c6ca05a - - default default] No more DHCP agents
2026-07-10 01:03:02.047 9 WARNING neutron.api.rpc.agentnotifiers.dhcp_rpc_agent_api [None req-fad35bae-d62c-4982-a2a4-3f2dcde97da4 6289536519e9425f990ac0297743b453 891897e2f3a94c63a39979d49c6ca05a - - default default] Unable to schedule network cd2bd4a0-ecdb-41f3-802b-91d9614c81f8: no agents available; will retry on subsequent port and subnet creation events.
2026-07-10 01:03:02.139 9 INFO neutron.db.ovn_revision_numbers_db [None req-fad35bae-d62c-4982-a2a4-3f2dcde97da4 6289536519e9425f990ac0297743b453 891897e2f3a94c63a39979d49c6ca05a - - default default] Successfully bumped revision number for resource 99365c00-2be2-48fd-8a0f-72364fa53c31 (type: ports) to 1
2026-07-10 01:03:02.165 9 INFO neutron.wsgi [None req-fad35bae-d62c-4982-a2a4-3f2dcde97da4 6289536519e9425f990ac0297743b453 891897e2f3a94c63a39979d49c6ca05a - - default default] 10.0.0.99 "POST /v2.0/ports HTTP/1.1" status: 201 len: 942 time: 0.4072998 /var/lib/openstack/lib/python3.10/site-packages/pycadf/identifier.py:71: UserWarning: Invalid uuid: neutron. To ensure interoperability, identifiers should be a valid uuid. warnings.warn(('Invalid uuid: %s. To ensure interoperability, '
2026-07-10 01:03:02.176 9 WARNING neutron_lib.context [None req-48759688-1a0d-48dd-b142-0c9156aad6db 6289536519e9425f990ac0297743b453 891897e2f3a94c63a39979d49c6ca05a - - default default] Method 'is_advsvc' is deprecated since 2023.2 release (neutron-lib 3.8.0) and will be removed once support for the old RBAC API policies will be removed from Neutron. Please use method 'is_service_role' instead.
2026-07-10 01:03:02.224 10 WARNING neutron.scheduler.dhcp_agent_scheduler [None req-705982c3-7e6c-4648-a7f2-58b78f7d25fd a053fca8c27e4d9ba5fd832acfdfa065 edd3c9590f6546e2958a0fb91d45e9e5 - - default default] No more DHCP agents
2026-07-10 01:03:02.228 10 WARNING neutron.api.rpc.agentnotifiers.dhcp_rpc_agent_api [None req-705982c3-7e6c-4648-a7f2-58b78f7d25fd a053fca8c27e4d9ba5fd832acfdfa065 edd3c9590f6546e2958a0fb91d45e9e5 - - default default] Unable to schedule network 1011ac15-a292-41ed-b5ce-e5d8160240c3: no agents available; will retry on subsequent port and subnet creation events.
2026-07-10 01:03:02.343 10 INFO neutron.db.ovn_revision_numbers_db [None req-705982c3-7e6c-4648-a7f2-58b78f7d25fd a053fca8c27e4d9ba5fd832acfdfa065 edd3c9590f6546e2958a0fb91d45e9e5 - - default default] Successfully bumped revision number for resource 4c5d16bd-44b3-4ba2-a8cc-6ff28f56da5e (type: ports) to 1
2026-07-10 01:03:02.372 10 INFO neutron.wsgi [None req-705982c3-7e6c-4648-a7f2-58b78f7d25fd a053fca8c27e4d9ba5fd832acfdfa065 edd3c9590f6546e2958a0fb91d45e9e5 - - default default] 10.0.0.99 "POST /v2.0/networks HTTP/1.1" status: 201 len: 830 time: 0.6583700
2026-07-10 01:03:02.391 9 INFO neutron.wsgi [None req-48759688-1a0d-48dd-b142-0c9156aad6db 6289536519e9425f990ac0297743b453 891897e2f3a94c63a39979d49c6ca05a - - default default] 10.0.0.99 "POST /v2.0/trunks HTTP/1.1" status: 201 len: 608 time: 0.2210581
2026-07-10 01:03:02.394 10 WARNING neutron_lib.context [None req-81177f13-6ee0-4b7d-85f4-a6b0d9556072 a053fca8c27e4d9ba5fd832acfdfa065 edd3c9590f6546e2958a0fb91d45e9e5 - - default default] Method 'is_advsvc' is deprecated since 2023.2 release (neutron-lib 3.8.0) and will be removed once support for the old RBAC API policies will be removed from Neutron. Please use method 'is_service_role' instead.
2026-07-10 01:03:02.402 9 WARNING neutron_lib.context [None req-3c8ee466-be19-4a8d-b40c-f5701150043f 6289536519e9425f990ac0297743b453 891897e2f3a94c63a39979d49c6ca05a - - default default] Method 'is_advsvc' is deprecated since 2023.2 release (neutron-lib 3.8.0) and will be removed once support for the old RBAC API policies will be removed from Neutron. Please use method 'is_service_role' instead.
2026-07-10 01:03:02.492 9 INFO neutron.db.segments_db [None req-3c8ee466-be19-4a8d-b40c-f5701150043f 6289536519e9425f990ac0297743b453 891897e2f3a94c63a39979d49c6ca05a - - default default] Added segment 9224b316-4fa0-4563-9cfb-893bfbacf989 of type geneve for network c50dd184-594e-44a8-a1ae-a2045b04f9df
2026-07-10 01:03:02.656 9 INFO neutron.db.ovn_revision_numbers_db [None req-3c8ee466-be19-4a8d-b40c-f5701150043f 6289536519e9425f990ac0297743b453 891897e2f3a94c63a39979d49c6ca05a - - default default] Successfully bumped revision number for resource c50dd184-594e-44a8-a1ae-a2045b04f9df (type: networks) to 1
2026-07-10 01:03:02.692 10 WARNING neutron.scheduler.dhcp_agent_scheduler [None req-81177f13-6ee0-4b7d-85f4-a6b0d9556072 a053fca8c27e4d9ba5fd832acfdfa065 edd3c9590f6546e2958a0fb91d45e9e5 - - default default] No more DHCP agents
2026-07-10 01:03:02.695 10 WARNING neutron.api.rpc.agentnotifiers.dhcp_rpc_agent_api [None req-81177f13-6ee0-4b7d-85f4-a6b0d9556072 a053fca8c27e4d9ba5fd832acfdfa065 edd3c9590f6546e2958a0fb91d45e9e5 - - default default] Unable to schedule network 1011ac15-a292-41ed-b5ce-e5d8160240c3: no agents available; will retry on subsequent port and subnet creation events.
2026-07-10 01:03:02.777 10 WARNING neutron.plugins.ml2.drivers.ovn.mech_driver.ovsdb.ovn_client [None req-c44d40b5-c3f5-4776-a4b2-3e0e7535fd5e - - - - - -] No port found with ID 709ce9c2-b195-4cb3-93a6-4971f9ff1f01: RuntimeError: No port found with ID 709ce9c2-b195-4cb3-93a6-4971f9ff1f01
2026-07-10 01:03:02.839 9 WARNING neutron.scheduler.dhcp_agent_scheduler [None req-3c8ee466-be19-4a8d-b40c-f5701150043f 6289536519e9425f990ac0297743b453 891897e2f3a94c63a39979d49c6ca05a - - default default] No more DHCP agents
2026-07-10 01:03:02.841 9 WARNING neutron.api.rpc.agentnotifiers.dhcp_rpc_agent_api [None req-3c8ee466-be19-4a8d-b40c-f5701150043f 6289536519e9425f990ac0297743b453 891897e2f3a94c63a39979d49c6ca05a - - default default] Unable to schedule network c50dd184-594e-44a8-a1ae-a2045b04f9df: no agents available; will retry on subsequent port and subnet creation events.
2026-07-10 01:03:02.936 9 INFO neutron.db.ovn_revision_numbers_db [None req-3c8ee466-be19-4a8d-b40c-f5701150043f 6289536519e9425f990ac0297743b453 891897e2f3a94c63a39979d49c6ca05a - - default default] Successfully bumped revision number for resource a59c66a3-e6d8-4e25-8c87-995c07db3a56 (type: ports) to 1
2026-07-10 01:03:02.963 9 INFO neutron.wsgi [None req-3c8ee466-be19-4a8d-b40c-f5701150043f 6289536519e9425f990ac0297743b453 891897e2f3a94c63a39979d49c6ca05a - - default default] 10.0.0.99 "POST /v2.0/networks HTTP/1.1" status: 201 len: 830 time: 0.5668707
2026-07-10 01:03:02.977 10 WARNING neutron_lib.context [None req-b1792191-1342-4a57-aa4b-3c355c887505 6289536519e9425f990ac0297743b453 891897e2f3a94c63a39979d49c6ca05a - - default default] Method 'is_advsvc' is deprecated since 2023.2 release (neutron-lib 3.8.0) and will be removed once support for the old RBAC API policies will be removed from Neutron. Please use method 'is_service_role' instead.
2026-07-10 01:03:03.370 10 WARNING neutron.scheduler.dhcp_agent_scheduler [None req-b1792191-1342-4a57-aa4b-3c355c887505 6289536519e9425f990ac0297743b453 891897e2f3a94c63a39979d49c6ca05a - - default default] No more DHCP agents
2026-07-10 01:03:03.371 10 WARNING neutron.api.rpc.agentnotifiers.dhcp_rpc_agent_api [None req-b1792191-1342-4a57-aa4b-3c355c887505 6289536519e9425f990ac0297743b453 891897e2f3a94c63a39979d49c6ca05a - - default default] Unable to schedule network c50dd184-594e-44a8-a1ae-a2045b04f9df: no agents available; will retry on subsequent port and subnet creation events.
2026-07-10 01:03:03.383 10 INFO neutron.db.ovn_revision_numbers_db [None req-81177f13-6ee0-4b7d-85f4-a6b0d9556072 a053fca8c27e4d9ba5fd832acfdfa065 edd3c9590f6546e2958a0fb91d45e9e5 - - default default] Successfully bumped revision number for resource 4c5d16bd-44b3-4ba2-a8cc-6ff28f56da5e (type: ports) to 2
2026-07-10 01:03:03.442 10 INFO neutron.db.ovn_revision_numbers_db [None req-81177f13-6ee0-4b7d-85f4-a6b0d9556072 a053fca8c27e4d9ba5fd832acfdfa065 edd3c9590f6546e2958a0fb91d45e9e5 - - default default] Successfully bumped revision number for resource 51339e09-d7c4-4502-894e-a9e8778a7e00 (type: subnets) to 0
2026-07-10 01:03:03.465 10 INFO neutron.wsgi [None req-81177f13-6ee0-4b7d-85f4-a6b0d9556072 a053fca8c27e4d9ba5fd832acfdfa065 edd3c9590f6546e2958a0fb91d45e9e5 - - default default] 10.0.0.99 "POST /v2.0/subnets HTTP/1.1" status: 201 len: 804 time: 1.0786293
2026-07-10 01:03:03.479 9 WARNING neutron_lib.context [None req-987794b5-a61f-4a8a-9d46-ca58b924c83c a053fca8c27e4d9ba5fd832acfdfa065 edd3c9590f6546e2958a0fb91d45e9e5 - - default default] Method 'is_advsvc' is deprecated since 2023.2 release (neutron-lib 3.8.0) and will be removed once support for the old RBAC API policies will be removed from Neutron. Please use method 'is_service_role' instead.
2026-07-10 01:03:03.480 10 INFO neutron.db.ovn_revision_numbers_db [None req-b1792191-1342-4a57-aa4b-3c355c887505 6289536519e9425f990ac0297743b453 891897e2f3a94c63a39979d49c6ca05a - - default default] Successfully bumped revision number for resource 5253eb5c-0cf2-4929-bb44-5ed82314548b (type: ports) to 1
2026-07-10 01:03:03.509 10 INFO neutron.wsgi [None req-b1792191-1342-4a57-aa4b-3c355c887505 6289536519e9425f990ac0297743b453 891897e2f3a94c63a39979d49c6ca05a - - default default] 10.0.0.99 "POST /v2.0/ports HTTP/1.1" status: 201 len: 942 time: 0.5381095
2026-07-10 01:03:03.520 9 WARNING neutron_lib.context [None req-7a766753-dcae-4a0e-9858-31cc38caae93 6289536519e9425f990ac0297743b453 891897e2f3a94c63a39979d49c6ca05a - - default default] Method 'is_advsvc' is deprecated since 2023.2 release (neutron-lib 3.8.0) and will be removed once support for the old RBAC API policies will be removed from Neutron. Please use method 'is_service_role' instead.
2026-07-10 01:03:04.240 9 INFO neutron.wsgi [None req-7a766753-dcae-4a0e-9858-31cc38caae93 6289536519e9425f990ac0297743b453 891897e2f3a94c63a39979d49c6ca05a - - default default] 10.0.0.99 "POST /v2.0/trunks HTTP/1.1" status: 201 len: 608 time: 0.7266624
2026-07-10 01:03:04.256 9 WARNING neutron_lib.context [None req-f78497de-7817-407a-b97d-38a2a993840b 6289536519e9425f990ac0297743b453 891897e2f3a94c63a39979d49c6ca05a - - default default] Method 'is_advsvc' is deprecated since 2023.2 release (neutron-lib 3.8.0) and will be removed once support for the old RBAC API policies will be removed from Neutron. Please use method 'is_service_role' instead.
2026-07-10 01:03:04.392 9 INFO neutron.db.segments_db [None req-f78497de-7817-407a-b97d-38a2a993840b 6289536519e9425f990ac0297743b453 891897e2f3a94c63a39979d49c6ca05a - - default default] Added segment 3948b3ff-d646-4ba4-8816-ff804d847226 of type geneve for network 1ac868d6-192e-43fb-b5e7-277e3680967b
2026-07-10 01:03:04.462 9 WARNING neutron.scheduler.dhcp_agent_scheduler [None req-987794b5-a61f-4a8a-9d46-ca58b924c83c a053fca8c27e4d9ba5fd832acfdfa065 edd3c9590f6546e2958a0fb91d45e9e5 - - default default] No more DHCP agents
2026-07-10 01:03:04.468 9 WARNING neutron.api.rpc.agentnotifiers.dhcp_rpc_agent_api [None req-987794b5-a61f-4a8a-9d46-ca58b924c83c a053fca8c27e4d9ba5fd832acfdfa065 edd3c9590f6546e2958a0fb91d45e9e5 - - default default] Unable to schedule network db097c83-e6e8-4e2a-8c29-36e3564d3044: no agents available; will retry on subsequent port and subnet creation events.
2026-07-10 01:03:04.590 9 INFO neutron.db.ovn_revision_numbers_db [None req-f78497de-7817-407a-b97d-38a2a993840b 6289536519e9425f990ac0297743b453 891897e2f3a94c63a39979d49c6ca05a - - default default] Successfully bumped revision number for resource 1ac868d6-192e-43fb-b5e7-277e3680967b (type: networks) to 1
2026-07-10 01:03:04.720 9 INFO neutron.db.ovn_revision_numbers_db [None req-987794b5-a61f-4a8a-9d46-ca58b924c83c a053fca8c27e4d9ba5fd832acfdfa065 edd3c9590f6546e2958a0fb91d45e9e5 - - default default] Successfully bumped revision number for resource 938e9644-89da-43c7-b45b-b9e11fb975c2 (type: ports) to 1
2026-07-10 01:03:04.845 9 WARNING neutron.scheduler.dhcp_agent_scheduler [None req-f78497de-7817-407a-b97d-38a2a993840b 6289536519e9425f990ac0297743b453 891897e2f3a94c63a39979d49c6ca05a - - default default] No more DHCP agents
2026-07-10 01:03:04.850 9 WARNING neutron.api.rpc.agentnotifiers.dhcp_rpc_agent_api [None req-f78497de-7817-407a-b97d-38a2a993840b 6289536519e9425f990ac0297743b453 891897e2f3a94c63a39979d49c6ca05a - - default default] Unable to schedule network 1ac868d6-192e-43fb-b5e7-277e3680967b: no agents available; will retry on subsequent port and subnet creation events.
2026-07-10 01:03:05.001 9 INFO neutron.db.ovn_revision_numbers_db [None req-f78497de-7817-407a-b97d-38a2a993840b 6289536519e9425f990ac0297743b453 891897e2f3a94c63a39979d49c6ca05a - - default default] Successfully bumped revision number for resource c1743f81-e44d-4cef-aa87-ec7854329ef5 (type: ports) to 1
2026-07-10 01:03:05.055 9 INFO neutron.wsgi [None req-f78497de-7817-407a-b97d-38a2a993840b 6289536519e9425f990ac0297743b453 891897e2f3a94c63a39979d49c6ca05a - - default default] 10.0.0.99 "POST /v2.0/networks HTTP/1.1" status: 201 len: 830 time: 0.8063183 /var/lib/openstack/lib/python3.10/site-packages/pycadf/identifier.py:71: UserWarning: Invalid uuid: neutron. To ensure interoperability, identifiers should be a valid uuid. warnings.warn(('Invalid uuid: %s. To ensure interoperability, '
2026-07-10 01:03:05.073 10 WARNING neutron_lib.context [None req-40a942ce-a998-4de1-b865-e09aa5d482aa 6289536519e9425f990ac0297743b453 891897e2f3a94c63a39979d49c6ca05a - - default default] Method 'is_advsvc' is deprecated since 2023.2 release (neutron-lib 3.8.0) and will be removed once support for the old RBAC API policies will be removed from Neutron. Please use method 'is_service_role' instead.
2026-07-10 01:03:05.221 10 WARNING neutron_lib.context [None req-67b3cd70-3f15-4bd4-b452-c9d79d6b3b9d 4c4f80a46767416bbb4da4f59e768095 787f79bdfa744226a3d113a8012267ab - - default default] Method 'is_advsvc' is deprecated since 2023.2 release (neutron-lib 3.8.0) and will be removed once support for the old RBAC API policies will be removed from Neutron. Please use method 'is_service_role' instead.
2026-07-10 01:03:05.404 10 WARNING neutron.scheduler.dhcp_agent_scheduler [None req-40a942ce-a998-4de1-b865-e09aa5d482aa 6289536519e9425f990ac0297743b453 891897e2f3a94c63a39979d49c6ca05a - - default default] No more DHCP agents
2026-07-10 01:03:05.407 10 WARNING neutron.api.rpc.agentnotifiers.dhcp_rpc_agent_api [None req-40a942ce-a998-4de1-b865-e09aa5d482aa 6289536519e9425f990ac0297743b453 891897e2f3a94c63a39979d49c6ca05a - - default default] Unable to schedule network 1ac868d6-192e-43fb-b5e7-277e3680967b: no agents available; will retry on subsequent port and subnet creation events.
2026-07-10 01:03:05.440 10 INFO neutron.db.ovn_revision_numbers_db [None req-67b3cd70-3f15-4bd4-b452-c9d79d6b3b9d 4c4f80a46767416bbb4da4f59e768095 787f79bdfa744226a3d113a8012267ab - - default default] Successfully bumped revision number for resource 6fda9c8c-d3f8-4934-b227-283f212639c5 (type: security_groups) to 1
2026-07-10 01:03:05.459 10 INFO neutron.db.ovn_revision_numbers_db [None req-67b3cd70-3f15-4bd4-b452-c9d79d6b3b9d 4c4f80a46767416bbb4da4f59e768095 787f79bdfa744226a3d113a8012267ab - - default default] Successfully bumped revision number for resource 211ea8e6-6386-41c4-b1b1-bc8d48c8d10f (type: security_group_rules) to 0
2026-07-10 01:03:05.480 10 INFO neutron.db.ovn_revision_numbers_db [None req-67b3cd70-3f15-4bd4-b452-c9d79d6b3b9d 4c4f80a46767416bbb4da4f59e768095 787f79bdfa744226a3d113a8012267ab - - default default] Successfully bumped revision number for resource 2708affe-8867-4914-b002-55392f086a9d (type: security_group_rules) to 0
2026-07-10 01:03:05.495 10 INFO neutron.db.ovn_revision_numbers_db [None req-40a942ce-a998-4de1-b865-e09aa5d482aa 6289536519e9425f990ac0297743b453 891897e2f3a94c63a39979d49c6ca05a - - default default] Successfully bumped revision number for resource ec5e906b-3f40-4c04-9323-db0d9bb677fe (type: ports) to 1
2026-07-10 01:03:05.497 10 INFO neutron.db.ovn_revision_numbers_db [None req-67b3cd70-3f15-4bd4-b452-c9d79d6b3b9d 4c4f80a46767416bbb4da4f59e768095 787f79bdfa744226a3d113a8012267ab - - default default] Successfully bumped revision number for resource 5b721805-bc41-4818-8108-3dbbefe469f2 (type: security_group_rules) to 0
2026-07-10 01:03:05.517 10 INFO neutron.db.ovn_revision_numbers_db [None req-67b3cd70-3f15-4bd4-b452-c9d79d6b3b9d 4c4f80a46767416bbb4da4f59e768095 787f79bdfa744226a3d113a8012267ab - - default default] Successfully bumped revision number for resource ce2dd9c3-5ba0-4295-9f22-5d184b3bfc08 (type: security_group_rules) to 0
2026-07-10 01:03:05.523 10 INFO neutron.wsgi [None req-40a942ce-a998-4de1-b865-e09aa5d482aa 6289536519e9425f990ac0297743b453 891897e2f3a94c63a39979d49c6ca05a - - default default] 10.0.0.99 "POST /v2.0/ports HTTP/1.1" status: 201 len: 942 time: 0.4601955 /var/lib/openstack/lib/python3.10/site-packages/pycadf/identifier.py:71: UserWarning: Invalid uuid: neutron. To ensure interoperability, identifiers should be a valid uuid. warnings.warn(('Invalid uuid: %s. To ensure interoperability, '
