2026-07-10 01:02:45.297 9 INFO neutron.wsgi [None req-c3ee42b2-da54-43c9-bfc5-2cf9bc230154 2eefd60284b441d5ad75072909517c3f c05008998df946c5b06750ba96a87ec8 - - default default] 10.0.0.99 "GET /v2.0/routers?tags-any=blue HTTP/1.1" status: 200 len: 1375 time: 0.0911973
2026-07-10 01:02:45.392 9 INFO neutron.db.ovn_revision_numbers_db [None req-c64542a1-8da2-4f29-a25a-0e8754e6ae42 fdcfe6efecc7496ca17a5b8c015822be 516d52bf26fe48e4868e535fbc418f23 - - default default] Successfully bumped revision number for resource 5905fd77-5f45-481e-9609-4130a928ba3b (type: security_groups) to 1
2026-07-10 01:02:45.409 9 INFO neutron.db.ovn_revision_numbers_db [None req-c64542a1-8da2-4f29-a25a-0e8754e6ae42 fdcfe6efecc7496ca17a5b8c015822be 516d52bf26fe48e4868e535fbc418f23 - - default default] Successfully bumped revision number for resource 0dd618fa-6b57-468d-ab0e-dfceb63528bc (type: security_group_rules) to 0
2026-07-10 01:02:45.424 9 INFO neutron.db.ovn_revision_numbers_db [None req-c64542a1-8da2-4f29-a25a-0e8754e6ae42 fdcfe6efecc7496ca17a5b8c015822be 516d52bf26fe48e4868e535fbc418f23 - - default default] Successfully bumped revision number for resource 11c99b05-16aa-4699-865f-2e54cd6fad9b (type: security_group_rules) to 0
2026-07-10 01:02:45.433 10 INFO neutron.wsgi [None req-fb0beee7-7283-4779-add5-ce01fcc73dac 2eefd60284b441d5ad75072909517c3f c05008998df946c5b06750ba96a87ec8 - - default default] 10.0.0.99 "GET /v2.0/routers?tags-any=red%2Cblue HTTP/1.1" status: 200 len: 1946 time: 0.1292639
2026-07-10 01:02:45.442 9 INFO neutron.db.ovn_revision_numbers_db [None req-c64542a1-8da2-4f29-a25a-0e8754e6ae42 fdcfe6efecc7496ca17a5b8c015822be 516d52bf26fe48e4868e535fbc418f23 - - default default] Successfully bumped revision number for resource 21a8178e-7ac2-4c7b-8944-aed285a7f0d1 (type: security_group_rules) to 0
2026-07-10 01:02:45.455 9 INFO neutron.db.ovn_revision_numbers_db [None req-c64542a1-8da2-4f29-a25a-0e8754e6ae42 fdcfe6efecc7496ca17a5b8c015822be 516d52bf26fe48e4868e535fbc418f23 - - default default] Successfully bumped revision number for resource 7acd5ccc-6579-42ee-9251-915258807c6c (type: security_group_rules) to 0
2026-07-10 01:02:45.474 9 INFO neutron.wsgi [None req-c64542a1-8da2-4f29-a25a-0e8754e6ae42 fdcfe6efecc7496ca17a5b8c015822be 516d52bf26fe48e4868e535fbc418f23 - - default default] 10.0.0.99 "GET /v2.0/security-groups?tenant_id=7240962e537a47a79e4df411baafecdc&name=default HTTP/1.1" status: 200 len: 3124 time: 0.3156862
2026-07-10 01:02:45.527 10 INFO neutron.wsgi [None req-75505db8-9a81-44b5-b9a9-0b0cc539d847 2eefd60284b441d5ad75072909517c3f c05008998df946c5b06750ba96a87ec8 - - default default] 10.0.0.99 "GET /v2.0/routers?not-tags=red HTTP/1.1" status: 200 len: 1347 time: 0.0861342
2026-07-10 01:02:45.615 9 INFO neutron.wsgi [None req-7a0b2b04-7c01-4c0e-95e4-4b032f2bb74a 2eefd60284b441d5ad75072909517c3f c05008998df946c5b06750ba96a87ec8 - - default default] 10.0.0.99 "GET /v2.0/routers?not-tags=red%2Cblue HTTP/1.1" status: 200 len: 1918 time: 0.0823050
2026-07-10 01:02:45.720 9 INFO neutron.wsgi [None req-2066b9e6-bded-4cb7-bbb1-8ad95dd01ee8 2eefd60284b441d5ad75072909517c3f c05008998df946c5b06750ba96a87ec8 - - default default] 10.0.0.99 "GET /v2.0/routers?not-tags-any=blue HTTP/1.1" status: 200 len: 1918 time: 0.0990438
2026-07-10 01:02:45.773 9 INFO neutron.wsgi [None req-49f96b99-b217-4e45-b41b-018683e87caf 2eefd60284b441d5ad75072909517c3f c05008998df946c5b06750ba96a87ec8 - - default default] 10.0.0.99 "GET /v2.0/routers?not-tags-any=red%2Cblue HTTP/1.1" status: 200 len: 1347 time: 0.0488021
2026-07-10 01:02:45.828 9 INFO neutron.wsgi [None req-2734a991-66ed-406e-bb73-bdd298ab51d3 2eefd60284b441d5ad75072909517c3f c05008998df946c5b06750ba96a87ec8 - - default default] 10.0.0.99 "GET /v2.0/routers/be791882-4339-4a0e-9e58-d995b2642783 HTTP/1.1" status: 200 len: 775 time: 0.0475791
2026-07-10 01:02:45.964 9 INFO neutron.wsgi [None req-e57de3ca-ae3d-47a0-a8f7-72300d2a008b fdcfe6efecc7496ca17a5b8c015822be 516d52bf26fe48e4868e535fbc418f23 - - default default] 10.0.0.99 "DELETE /v2.0/security-groups/5905fd77-5f45-481e-9609-4130a928ba3b HTTP/1.1" status: 204 len: 168 time: 0.4832399
2026-07-10 01:02:45.990 10 INFO neutron.db.ovn_revision_numbers_db [None req-0eed22a6-8985-4889-b6dc-dfbc84e18e17 a053fca8c27e4d9ba5fd832acfdfa065 edd3c9590f6546e2958a0fb91d45e9e5 - - default default] Successfully bumped revision number for resource 1fce93b3-2882-40c2-bb6d-c445baae9ace (type: ports) to 2
2026-07-10 01:02:46.037 10 INFO neutron.db.ovn_revision_numbers_db [None req-0eed22a6-8985-4889-b6dc-dfbc84e18e17 a053fca8c27e4d9ba5fd832acfdfa065 edd3c9590f6546e2958a0fb91d45e9e5 - - default default] Successfully bumped revision number for resource 52fd215c-a914-4fb7-90ef-aa0a54a5c281 (type: subnets) to 0
2026-07-10 01:02:46.078 10 INFO neutron.wsgi [None req-0eed22a6-8985-4889-b6dc-dfbc84e18e17 a053fca8c27e4d9ba5fd832acfdfa065 edd3c9590f6546e2958a0fb91d45e9e5 - - default default] 10.0.0.99 "POST /v2.0/subnets HTTP/1.1" status: 201 len: 804 time: 1.5321321
2026-07-10 01:02:46.091 10 WARNING neutron_lib.context [None req-bbfa7627-31fe-4730-9d33-d6af2a1990af a053fca8c27e4d9ba5fd832acfdfa065 edd3c9590f6546e2958a0fb91d45e9e5 - - default default] Method 'is_advsvc' is deprecated since 2023.2 release (neutron-lib 3.8.0) and will be removed once support for the old RBAC API policies will be removed from Neutron. Please use method 'is_service_role' instead.
2026-07-10 01:02:46.583 9 INFO neutron.db.ovn_revision_numbers_db [None req-633f67c9-b85f-4e7e-a0b4-904b99e5268f 2eefd60284b441d5ad75072909517c3f c05008998df946c5b06750ba96a87ec8 - - default default] Successfully bumped revision number for resource be791882-4339-4a0e-9e58-d995b2642783 (type: routers) to 2
2026-07-10 01:02:46.592 9 INFO neutron.wsgi [None req-633f67c9-b85f-4e7e-a0b4-904b99e5268f 2eefd60284b441d5ad75072909517c3f c05008998df946c5b06750ba96a87ec8 - - default default] 10.0.0.99 "PUT /v2.0/routers/be791882-4339-4a0e-9e58-d995b2642783 HTTP/1.1" status: 200 len: 775 time: 0.7603273
2026-07-10 01:02:46.648 9 INFO neutron.wsgi [None req-8ee82a6c-8aed-4161-b9c6-b3b5b6e0020f 2eefd60284b441d5ad75072909517c3f c05008998df946c5b06750ba96a87ec8 - - default default] 10.0.0.99 "GET /v2.0/ports?device_id=be791882-4339-4a0e-9e58-d995b2642783 HTTP/1.1" status: 200 len: 205 time: 0.0337787
2026-07-10 01:02:46.711 10 WARNING neutron.scheduler.dhcp_agent_scheduler [None req-bbfa7627-31fe-4730-9d33-d6af2a1990af a053fca8c27e4d9ba5fd832acfdfa065 edd3c9590f6546e2958a0fb91d45e9e5 - - default default] No more DHCP agents
2026-07-10 01:02:46.716 10 WARNING neutron.api.rpc.agentnotifiers.dhcp_rpc_agent_api [None req-bbfa7627-31fe-4730-9d33-d6af2a1990af a053fca8c27e4d9ba5fd832acfdfa065 edd3c9590f6546e2958a0fb91d45e9e5 - - default default] Unable to schedule network db097c83-e6e8-4e2a-8c29-36e3564d3044: no agents available; will retry on subsequent port and subnet creation events.
2026-07-10 01:02:47.039 10 INFO neutron.wsgi [None req-13b0a647-d970-4c8b-b9a7-53ac713530d2 2eefd60284b441d5ad75072909517c3f c05008998df946c5b06750ba96a87ec8 - - default default] 10.0.0.99 "DELETE /v2.0/routers/be791882-4339-4a0e-9e58-d995b2642783 HTTP/1.1" status: 204 len: 168 time: 0.3864596
2026-07-10 01:02:47.053 10 INFO neutron.db.ovn_revision_numbers_db [None req-bbfa7627-31fe-4730-9d33-d6af2a1990af a053fca8c27e4d9ba5fd832acfdfa065 edd3c9590f6546e2958a0fb91d45e9e5 - - default default] Successfully bumped revision number for resource 7f6fd3ca-1840-4b01-b2b8-248ef8b976e2 (type: ports) to 1
2026-07-10 01:02:47.099 9 INFO neutron.wsgi [None req-ca204687-1b2e-4506-9138-03ef018cf72a 2eefd60284b441d5ad75072909517c3f c05008998df946c5b06750ba96a87ec8 - - default default] 10.0.0.99 "GET /v2.0/routers/38e3e217-14bc-44f4-9a8e-ac184d4ff8c3 HTTP/1.1" status: 200 len: 783 time: 0.0543983
2026-07-10 01:02:47.303 10 INFO neutron.wsgi [None req-15fbd69a-8e49-4d4d-aa95-58e556cdad0f fdcfe6efecc7496ca17a5b8c015822be 516d52bf26fe48e4868e535fbc418f23 - - default default] 10.0.0.252 "GET /v2.0/floatingips HTTP/1.1" status: 200 len: 193 time: 0.1428423
2026-07-10 01:02:47.496 9 INFO neutron.db.ovn_revision_numbers_db [None req-c90666ca-cc5b-49c9-bdf6-51acc610e0d6 2eefd60284b441d5ad75072909517c3f c05008998df946c5b06750ba96a87ec8 - - default default] Successfully bumped revision number for resource 38e3e217-14bc-44f4-9a8e-ac184d4ff8c3 (type: routers) to 2
2026-07-10 01:02:47.504 9 INFO neutron.wsgi [None req-c90666ca-cc5b-49c9-bdf6-51acc610e0d6 2eefd60284b441d5ad75072909517c3f c05008998df946c5b06750ba96a87ec8 - - default default] 10.0.0.99 "PUT /v2.0/routers/38e3e217-14bc-44f4-9a8e-ac184d4ff8c3 HTTP/1.1" status: 200 len: 783 time: 0.3998733
2026-07-10 01:02:47.533 9 INFO neutron.wsgi [None req-5b13d4b9-08ac-4722-ba2e-3553831e14a5 2eefd60284b441d5ad75072909517c3f c05008998df946c5b06750ba96a87ec8 - - default default] 10.0.0.99 "GET /v2.0/ports?device_id=38e3e217-14bc-44f4-9a8e-ac184d4ff8c3 HTTP/1.1" status: 200 len: 205 time: 0.0229270
2026-07-10 01:02:47.654 10 INFO neutron.wsgi [None req-97dc1b86-a8e0-44ba-bfbf-86c3f4139ce4 fdcfe6efecc7496ca17a5b8c015822be 516d52bf26fe48e4868e535fbc418f23 - - default default] 10.0.0.252 "GET /v2.0/networks HTTP/1.1" status: 200 len: 5283 time: 0.3495076
2026-07-10 01:02:47.736 10 INFO neutron.wsgi [None req-15e7d9de-3fd2-44eb-9594-192fe18a4779 fdcfe6efecc7496ca17a5b8c015822be 516d52bf26fe48e4868e535fbc418f23 - - default default] 10.0.0.252 "GET /v2.0/subnets HTTP/1.1" status: 200 len: 3943 time: 0.0685568
2026-07-10 01:02:47.750 10 INFO neutron.wsgi [None req-44a0c1fc-4b41-4f17-98cc-290791dcd273 fdcfe6efecc7496ca17a5b8c015822be 516d52bf26fe48e4868e535fbc418f23 - - default default] 10.0.0.252 "GET /v2.0/subnetpools HTTP/1.1" status: 200 len: 193 time: 0.0123894
2026-07-10 01:02:47.830 9 INFO neutron.wsgi [None req-68a3d1d7-d7f7-42ef-bb5f-c2c39f31a507 2eefd60284b441d5ad75072909517c3f c05008998df946c5b06750ba96a87ec8 - - default default] 10.0.0.99 "DELETE /v2.0/routers/38e3e217-14bc-44f4-9a8e-ac184d4ff8c3 HTTP/1.1" status: 204 len: 168 time: 0.2927325
2026-07-10 01:02:47.873 10 INFO neutron.wsgi [None req-aa2bb652-4ac1-4b78-9ac3-b9f2c4cd5694 fdcfe6efecc7496ca17a5b8c015822be 516d52bf26fe48e4868e535fbc418f23 - - default default] 10.0.0.252 "GET /v2.0/ports HTTP/1.1" status: 200 len: 17814 time: 0.1218131
2026-07-10 01:02:47.892 9 INFO neutron.wsgi [None req-d460f88a-5b8a-4a94-b28d-f6618945fdda 2eefd60284b441d5ad75072909517c3f c05008998df946c5b06750ba96a87ec8 - - default default] 10.0.0.99 "GET /v2.0/routers/883c7c47-2c36-4a80-8b09-cf4738403683 HTTP/1.1" status: 200 len: 792 time: 0.0579281
2026-07-10 01:02:47.915 10 INFO neutron.wsgi [None req-04f75866-e58b-4aa4-9445-8f18ac4e61cf fdcfe6efecc7496ca17a5b8c015822be 516d52bf26fe48e4868e535fbc418f23 - - default default] 10.0.0.252 "GET /v2.0/agents HTTP/1.1" status: 200 len: 1390 time: 0.0270648
2026-07-10 01:02:47.976 10 INFO neutron.wsgi [None req-6d0a10a4-3bfe-42b8-ab53-ce2d197a69fb fdcfe6efecc7496ca17a5b8c015822be 516d52bf26fe48e4868e535fbc418f23 - - default default] 10.0.0.252 "GET /v2.0/subnets HTTP/1.1" status: 200 len: 3943 time: 0.0592201
2026-07-10 01:02:48.154 10 INFO neutron.wsgi [None req-539bf1e5-bb86-4b77-8df3-dc4ed07af49e fdcfe6efecc7496ca17a5b8c015822be 516d52bf26fe48e4868e535fbc418f23 - - default default] 10.0.0.252 "GET /v2.0/routers HTTP/1.1" status: 200 len: 4890 time: 0.1592548
2026-07-10 01:02:48.169 10 INFO neutron.wsgi [None req-4ba2e64e-7459-42ab-ac36-aeceeaf7a881 fdcfe6efecc7496ca17a5b8c015822be 516d52bf26fe48e4868e535fbc418f23 - - default default] 10.0.0.252 "GET /v2.0/agents?binary=ovn-controller HTTP/1.1" status: 200 len: 591 time: 0.0124657
2026-07-10 01:02:48.238 10 INFO neutron.wsgi [None req-00b3b0f3-99b2-4744-a19b-42c58cc70aa5 fdcfe6efecc7496ca17a5b8c015822be 516d52bf26fe48e4868e535fbc418f23 - - default default] 10.0.0.252 "GET /v2.0/security-groups HTTP/1.1" status: 200 len: 20482 time: 0.0679646
2026-07-10 01:02:48.276 10 INFO neutron.wsgi [None req-1dd33964-e702-4591-b2e2-296a5273a19b fdcfe6efecc7496ca17a5b8c015822be 516d52bf26fe48e4868e535fbc418f23 - - default default] 10.0.0.252 "GET /v2.0/network-ip-availabilities HTTP/1.1" status: 200 len: 2952 time: 0.0308321
2026-07-10 01:02:48.391 10 INFO neutron.plugins.ml2.drivers.ovn.mech_driver.ovsdb.commands [None req-8df48e17-b942-4c7e-b33d-61fa045baa00 - - - - - -] Schedule LRP lrp-7f6fd3ca-1840-4b01-b2b8-248ef8b976e2 on gateway 49292153-120e-4490-93ae-0f091a74c5d3 with priority 1
2026-07-10 01:02:48.446 10 INFO neutron.db.ovn_revision_numbers_db [None req-bbfa7627-31fe-4730-9d33-d6af2a1990af a053fca8c27e4d9ba5fd832acfdfa065 edd3c9590f6546e2958a0fb91d45e9e5 - - default default] Successfully bumped revision number for resource 7f6fd3ca-1840-4b01-b2b8-248ef8b976e2 (type: router_ports) to 1
2026-07-10 01:02:48.464 9 INFO neutron.plugins.ml2.drivers.ovn.mech_driver.mech_driver [None req-d0b11067-93fc-4619-b573-f0f8e2ce51cc - - - - - -] OVN reports status up for port: 7f6fd3ca-1840-4b01-b2b8-248ef8b976e2
2026-07-10 01:02:48.474 9 INFO neutron.plugins.ml2.plugin [None req-d0b11067-93fc-4619-b573-f0f8e2ce51cc - - - - - -] Attempt 1 to provision port 7f6fd3ca-1840-4b01-b2b8-248ef8b976e2
2026-07-10 01:02:48.534 10 INFO neutron.db.ovn_revision_numbers_db [None req-bbfa7627-31fe-4730-9d33-d6af2a1990af a053fca8c27e4d9ba5fd832acfdfa065 edd3c9590f6546e2958a0fb91d45e9e5 - - default default] Successfully bumped revision number for resource c7e883de-d1eb-4ebc-b283-d1c353352d0c (type: routers) to 2
2026-07-10 01:02:48.554 10 INFO neutron.wsgi [None req-bbfa7627-31fe-4730-9d33-d6af2a1990af a053fca8c27e4d9ba5fd832acfdfa065 edd3c9590f6546e2958a0fb91d45e9e5 - - default default] 10.0.0.99 "POST /v2.0/routers HTTP/1.1" status: 201 len: 1135 time: 2.4696538
2026-07-10 01:02:48.655 9 INFO neutron.db.ovn_revision_numbers_db [None req-7dee5ff3-a2c5-4a97-9173-6c55d73f4412 2eefd60284b441d5ad75072909517c3f c05008998df946c5b06750ba96a87ec8 - - default default] Successfully bumped revision number for resource 883c7c47-2c36-4a80-8b09-cf4738403683 (type: routers) to 2
2026-07-10 01:02:48.661 9 INFO neutron.wsgi [None req-7dee5ff3-a2c5-4a97-9173-6c55d73f4412 2eefd60284b441d5ad75072909517c3f c05008998df946c5b06750ba96a87ec8 - - default default] 10.0.0.99 "PUT /v2.0/routers/883c7c47-2c36-4a80-8b09-cf4738403683 HTTP/1.1" status: 200 len: 792 time: 0.7639117
2026-07-10 01:02:48.701 10 INFO neutron.wsgi [None req-d928e3bf-5688-4d84-ba45-5526dc9127be 2eefd60284b441d5ad75072909517c3f c05008998df946c5b06750ba96a87ec8 - - default default] 10.0.0.99 "GET /v2.0/ports?device_id=883c7c47-2c36-4a80-8b09-cf4738403683 HTTP/1.1" status: 200 len: 205 time: 0.0352771
2026-07-10 01:02:49.385 9 WARNING neutron.scheduler.dhcp_agent_scheduler [None req-c8f7ae3d-52b3-4c92-aabd-d65ac9e0d939 a053fca8c27e4d9ba5fd832acfdfa065 edd3c9590f6546e2958a0fb91d45e9e5 - - default default] No more DHCP agents
2026-07-10 01:02:49.391 9 WARNING neutron.api.rpc.agentnotifiers.dhcp_rpc_agent_api [None req-c8f7ae3d-52b3-4c92-aabd-d65ac9e0d939 a053fca8c27e4d9ba5fd832acfdfa065 edd3c9590f6546e2958a0fb91d45e9e5 - - default default] Unable to schedule network c017e869-a4d2-45b4-9453-4fb6c5708872: no agents available; will retry on subsequent port and subnet creation events.
2026-07-10 01:02:49.444 10 INFO neutron.wsgi [None req-3c5662d9-a04f-44d8-89ac-05c23f4c9fb2 2eefd60284b441d5ad75072909517c3f c05008998df946c5b06750ba96a87ec8 - - default default] 10.0.0.99 "DELETE /v2.0/routers/883c7c47-2c36-4a80-8b09-cf4738403683 HTTP/1.1" status: 204 len: 168 time: 0.7385392
2026-07-10 01:02:49.529 10 INFO neutron.wsgi [None req-272b3f06-d8e7-4839-bc07-d1209a4e21bb 2eefd60284b441d5ad75072909517c3f c05008998df946c5b06750ba96a87ec8 - - default default] 10.0.0.99 "GET /v2.0/routers/816acb66-0517-427f-a740-c7a22e81ab93 HTTP/1.1" status: 200 len: 777 time: 0.0786848
2026-07-10 01:02:49.535 9 WARNING neutron_lib.context [None req-1c5a8617-1e9e-43c0-94e8-9330516d10a5 14261162380f43668e4a9705462a9c1f 216670a17e0d40f6a62fcdef18b11d89 - - default default] Method 'is_advsvc' is deprecated since 2023.2 release (neutron-lib 3.8.0) and will be removed once support for the old RBAC API policies will be removed from Neutron. Please use method 'is_service_role' instead.
2026-07-10 01:02:49.610 9 INFO neutron.db.ovn_revision_numbers_db [None req-c8f7ae3d-52b3-4c92-aabd-d65ac9e0d939 a053fca8c27e4d9ba5fd832acfdfa065 edd3c9590f6546e2958a0fb91d45e9e5 - - default default] Successfully bumped revision number for resource 63c0f6f0-8afd-4a9d-a0a0-e2cbc8065d0d (type: ports) to 1
2026-07-10 01:02:49.742 9 INFO neutron.db.ovn_revision_numbers_db [None req-1c5a8617-1e9e-43c0-94e8-9330516d10a5 14261162380f43668e4a9705462a9c1f 216670a17e0d40f6a62fcdef18b11d89 - - default default] Successfully bumped revision number for resource 731bb29e-aa0b-46d4-8bc4-ce6945ae1462 (type: security_groups) to 1
2026-07-10 01:02:49.780 9 INFO neutron.db.ovn_revision_numbers_db [None req-1c5a8617-1e9e-43c0-94e8-9330516d10a5 14261162380f43668e4a9705462a9c1f 216670a17e0d40f6a62fcdef18b11d89 - - default default] Successfully bumped revision number for resource 22716164-b90d-4e1e-a6a9-59d641f631d8 (type: security_group_rules) to 0
2026-07-10 01:02:49.809 9 INFO neutron.db.ovn_revision_numbers_db [None req-1c5a8617-1e9e-43c0-94e8-9330516d10a5 14261162380f43668e4a9705462a9c1f 216670a17e0d40f6a62fcdef18b11d89 - - default default] Successfully bumped revision number for resource b058c638-f504-42b7-bf20-a549f5bc8e74 (type: security_group_rules) to 0
2026-07-10 01:02:49.824 9 INFO neutron.db.ovn_revision_numbers_db [None req-1c5a8617-1e9e-43c0-94e8-9330516d10a5 14261162380f43668e4a9705462a9c1f 216670a17e0d40f6a62fcdef18b11d89 - - default default] Successfully bumped revision number for resource cc7f170b-746f-4327-8f4a-a291158f0b85 (type: security_group_rules) to 0
2026-07-10 01:02:49.843 9 INFO neutron.db.ovn_revision_numbers_db [None req-1c5a8617-1e9e-43c0-94e8-9330516d10a5 14261162380f43668e4a9705462a9c1f 216670a17e0d40f6a62fcdef18b11d89 - - default default] Successfully bumped revision number for resource cebe4c40-b52d-4683-b1ae-b764f6900602 (type: security_group_rules) to 0
2026-07-10 01:02:49.929 9 INFO neutron.db.segments_db [None req-1c5a8617-1e9e-43c0-94e8-9330516d10a5 14261162380f43668e4a9705462a9c1f 216670a17e0d40f6a62fcdef18b11d89 - - default default] Added segment 4cd54aaa-867a-4b17-a418-5e77d17158d0 of type geneve for network ad40ea63-5406-457f-92e1-cea58cd96b33
2026-07-10 01:02:49.936 10 INFO neutron.db.ovn_revision_numbers_db [None req-422788d1-aeba-4bdf-984e-4c1ebcd32eb6 2eefd60284b441d5ad75072909517c3f c05008998df946c5b06750ba96a87ec8 - - default default] Successfully bumped revision number for resource 816acb66-0517-427f-a740-c7a22e81ab93 (type: routers) to 2
2026-07-10 01:02:49.944 10 INFO neutron.wsgi [None req-422788d1-aeba-4bdf-984e-4c1ebcd32eb6 2eefd60284b441d5ad75072909517c3f c05008998df946c5b06750ba96a87ec8 - - default default] 10.0.0.99 "PUT /v2.0/routers/816acb66-0517-427f-a740-c7a22e81ab93 HTTP/1.1" status: 200 len: 777 time: 0.4093580
2026-07-10 01:02:49.978 10 INFO neutron.wsgi [None req-ee4cd865-8cad-4c52-bd50-b09d6cc7bb9f 2eefd60284b441d5ad75072909517c3f c05008998df946c5b06750ba96a87ec8 - - default default] 10.0.0.99 "GET /v2.0/ports?device_id=816acb66-0517-427f-a740-c7a22e81ab93 HTTP/1.1" status: 200 len: 205 time: 0.0288725
2026-07-10 01:02:50.261 10 INFO neutron.wsgi [None req-27ec2f4d-f9f2-478c-9de2-864523b3d731 2eefd60284b441d5ad75072909517c3f c05008998df946c5b06750ba96a87ec8 - - default default] 10.0.0.99 "DELETE /v2.0/routers/816acb66-0517-427f-a740-c7a22e81ab93 HTTP/1.1" status: 204 len: 168 time: 0.2773762
2026-07-10 01:02:50.314 10 INFO neutron.wsgi [None req-7122c711-faf1-40c8-8067-9da30b77e86e 2eefd60284b441d5ad75072909517c3f c05008998df946c5b06750ba96a87ec8 - - default default] 10.0.0.99 "GET /v2.0/routers/e662f842-c971-467c-a189-aebe7f302f1f HTTP/1.1" status: 200 len: 770 time: 0.0485101
2026-07-10 01:02:50.438 9 INFO neutron.db.ovn_revision_numbers_db [None req-1c5a8617-1e9e-43c0-94e8-9330516d10a5 14261162380f43668e4a9705462a9c1f 216670a17e0d40f6a62fcdef18b11d89 - - default default] Successfully bumped revision number for resource ad40ea63-5406-457f-92e1-cea58cd96b33 (type: networks) to 1
2026-07-10 01:02:50.690 10 INFO neutron.wsgi [None req-f6834eec-a0ad-4b1a-84b6-69ce72e5b24a 2eefd60284b441d5ad75072909517c3f c05008998df946c5b06750ba96a87ec8 - - default default] 10.0.0.99 "PUT /v2.0/routers/e662f842-c971-467c-a189-aebe7f302f1f HTTP/1.1" status: 200 len: 770 time: 0.3698144
2026-07-10 01:02:50.707 9 WARNING neutron.scheduler.dhcp_agent_scheduler [None req-1c5a8617-1e9e-43c0-94e8-9330516d10a5 14261162380f43668e4a9705462a9c1f 216670a17e0d40f6a62fcdef18b11d89 - - default default] No more DHCP agents
2026-07-10 01:02:50.711 9 WARNING neutron.api.rpc.agentnotifiers.dhcp_rpc_agent_api [None req-1c5a8617-1e9e-43c0-94e8-9330516d10a5 14261162380f43668e4a9705462a9c1f 216670a17e0d40f6a62fcdef18b11d89 - - default default] Unable to schedule network ad40ea63-5406-457f-92e1-cea58cd96b33: no agents available; will retry on subsequent port and subnet creation events.
2026-07-10 01:02:50.720 10 INFO neutron.wsgi [None req-2e1929bc-e7bf-44d6-8a8c-e125f51a880b 2eefd60284b441d5ad75072909517c3f c05008998df946c5b06750ba96a87ec8 - - default default] 10.0.0.99 "GET /v2.0/ports?device_id=e662f842-c971-467c-a189-aebe7f302f1f HTTP/1.1" status: 200 len: 205 time: 0.0260329
2026-07-10 01:02:50.739 9 ERROR ovsdbapp.backend.ovs_idl.command [None req-c8f7ae3d-52b3-4c92-aabd-d65ac9e0d939 a053fca8c27e4d9ba5fd832acfdfa065 edd3c9590f6546e2958a0fb91d45e9e5 - - default default] Error executing command (DbGetCommand): ovsdbapp.backend.ovs_idl.idlutils.RowNotFound: Cannot find Logical_Router_Port with name=lrp-63c0f6f0-8afd-4a9d-a0a0-e2cbc8065d0d
2026-07-10 01:02:50.739 9 ERROR ovsdbapp.backend.ovs_idl.command
Traceback (most recent call last):
2026-07-10 01:02:50.739 9 ERROR ovsdbapp.backend.ovs_idl.command
File "/var/lib/openstack/lib/python3.10/site-packages/ovsdbapp/backend/ovs_idl/command.py", line 47, in execute
2026-07-10 01:02:50.739 9 ERROR ovsdbapp.backend.ovs_idl.command self.run_idl(None)
2026-07-10 01:02:50.739 9 ERROR ovsdbapp.backend.ovs_idl.command
File "/var/lib/openstack/lib/python3.10/site-packages/ovsdbapp/backend/ovs_idl/command.py", line 235, in run_idl
2026-07-10 01:02:50.739 9 ERROR ovsdbapp.backend.ovs_idl.command record = self.api.lookup(self.table, self.record)
2026-07-10 01:02:50.739 9 ERROR ovsdbapp.backend.ovs_idl.command
File "/var/lib/openstack/lib/python3.10/site-packages/ovsdbapp/backend/ovs_idl/__init__.py", line 184, in lookup
2026-07-10 01:02:50.739 9 ERROR ovsdbapp.backend.ovs_idl.command return self._lookup(table, record)
2026-07-10 01:02:50.739 9 ERROR ovsdbapp.backend.ovs_idl.command
File "/var/lib/openstack/lib/python3.10/site-packages/ovsdbapp/backend/ovs_idl/__init__.py", line 235, in _lookup
2026-07-10 01:02:50.739 9 ERROR ovsdbapp.backend.ovs_idl.command row = idlutils.row_by_value(self, rl.table, rl.column, record)
2026-07-10 01:02:50.739 9 ERROR ovsdbapp.backend.ovs_idl.command
File "/var/lib/openstack/lib/python3.10/site-packages/ovsdbapp/backend/ovs_idl/idlutils.py", line 114, in row_by_value
2026-07-10 01:02:50.739 9 ERROR ovsdbapp.backend.ovs_idl.command raise RowNotFound(table=table, col=column, match=match)
2026-07-10 01:02:50.739 9 ERROR ovsdbapp.backend.ovs_idl.command ovsdbapp.backend.ovs_idl.idlutils.RowNotFound: Cannot find Logical_Router_Port with name=lrp-63c0f6f0-8afd-4a9d-a0a0-e2cbc8065d0d
2026-07-10 01:02:50.739 9 ERROR ovsdbapp.backend.ovs_idl.command 
2026-07-10 01:02:50.740 9 ERROR neutron_lib.callbacks.manager [None req-c8f7ae3d-52b3-4c92-aabd-d65ac9e0d939 a053fca8c27e4d9ba5fd832acfdfa065 edd3c9590f6546e2958a0fb91d45e9e5 - - default default] Error during notification for neutron.services.ovn_l3.plugin.OVNL3RouterPlugin._port_update-8784462010086 port, after_update: ovsdbapp.backend.ovs_idl.idlutils.RowNotFound: Cannot find Logical_Router_Port with name=lrp-63c0f6f0-8afd-4a9d-a0a0-e2cbc8065d0d
2026-07-10 01:02:50.740 9 ERROR neutron_lib.callbacks.manager
Traceback (most recent call last):
2026-07-10 01:02:50.740 9 ERROR neutron_lib.callbacks.manager
File "/var/lib/openstack/lib/python3.10/site-packages/neutron_lib/callbacks/manager.py", line 189, in _notify_loop
2026-07-10 01:02:50.740 9 ERROR neutron_lib.callbacks.manager callback.method(resource, event, trigger, payload=payload)
2026-07-10 01:02:50.740 9 ERROR neutron_lib.callbacks.manager
File "/var/lib/openstack/lib/python3.10/site-packages/neutron/services/ovn_l3/plugin.py", line 391, in _port_update
2026-07-10 01:02:50.740 9 ERROR neutron_lib.callbacks.manager l3plugin._ovn_client.update_router_port(context,
2026-07-10 01:02:50.740 9 ERROR neutron_lib.callbacks.manager
File "/var/lib/openstack/lib/python3.10/site-packages/neutron/plugins/ml2/drivers/ovn/mech_driver/ovsdb/ovn_client.py", line 1878, in update_router_port
2026-07-10 01:02:50.740 9 ERROR neutron_lib.callbacks.manager self._update_lrouter_port(context, port, if_exists=if_exists,
2026-07-10 01:02:50.740 9 ERROR neutron_lib.callbacks.manager
File "/var/lib/openstack/lib/python3.10/site-packages/neutron/plugins/ml2/drivers/ovn/mech_driver/ovsdb/ovn_client.py", line 1855, in _update_lrouter_port
2026-07-10 01:02:50.740 9 ERROR neutron_lib.callbacks.manager external_ids = self._nb_idl.db_get(
2026-07-10 01:02:50.740 9 ERROR neutron_lib.callbacks.manager
File "/var/lib/openstack/lib/python3.10/site-packages/ovsdbapp/backend/ovs_idl/command.py", line 47, in execute
2026-07-10 01:02:50.740 9 ERROR neutron_lib.callbacks.manager self.run_idl(None)
2026-07-10 01:02:50.740 9 ERROR neutron_lib.callbacks.manager
File "/var/lib/openstack/lib/python3.10/site-packages/ovsdbapp/backend/ovs_idl/command.py", line 235, in run_idl
2026-07-10 01:02:50.740 9 ERROR neutron_lib.callbacks.manager record = self.api.lookup(self.table, self.record)
2026-07-10 01:02:50.740 9 ERROR neutron_lib.callbacks.manager
File "/var/lib/openstack/lib/python3.10/site-packages/ovsdbapp/backend/ovs_idl/__init__.py", line 184, in lookup
2026-07-10 01:02:50.740 9 ERROR neutron_lib.callbacks.manager return self._lookup(table, record)
2026-07-10 01:02:50.740 9 ERROR neutron_lib.callbacks.manager
File "/var/lib/openstack/lib/python3.10/site-packages/ovsdbapp/backend/ovs_idl/__init__.py", line 235, in _lookup
2026-07-10 01:02:50.740 9 ERROR neutron_lib.callbacks.manager row = idlutils.row_by_value(self, rl.table, rl.column, record)
2026-07-10 01:02:50.740 9 ERROR neutron_lib.callbacks.manager
File "/var/lib/openstack/lib/python3.10/site-packages/ovsdbapp/backend/ovs_idl/idlutils.py", line 114, in row_by_value
2026-07-10 01:02:50.740 9 ERROR neutron_lib.callbacks.manager raise RowNotFound(table=table, col=column, match=match)
2026-07-10 01:02:50.740 9 ERROR neutron_lib.callbacks.manager ovsdbapp.backend.ovs_idl.idlutils.RowNotFound: Cannot find Logical_Router_Port with name=lrp-63c0f6f0-8afd-4a9d-a0a0-e2cbc8065d0d
2026-07-10 01:02:50.740 9 ERROR neutron_lib.callbacks.manager 
2026-07-10 01:02:50.840 9 INFO neutron.db.ovn_revision_numbers_db [None req-1c5a8617-1e9e-43c0-94e8-9330516d10a5 14261162380f43668e4a9705462a9c1f 216670a17e0d40f6a62fcdef18b11d89 - - default default] Successfully bumped revision number for resource 2220c544-a4d7-45ae-a372-bcfed7b5428a (type: ports) to 1
2026-07-10 01:02:50.878 9 INFO neutron.wsgi [None req-1c5a8617-1e9e-43c0-94e8-9330516d10a5 14261162380f43668e4a9705462a9c1f 216670a17e0d40f6a62fcdef18b11d89 - - default default] 10.0.0.99 "POST /v2.0/networks HTTP/1.1" status: 201 len: 831 time: 1.5609245
2026-07-10 01:02:50.888 9 WARNING neutron_lib.context [None req-99165d98-f3b2-413f-abe8-e31ee4476dcf 14261162380f43668e4a9705462a9c1f 216670a17e0d40f6a62fcdef18b11d89 - - default default] Method 'is_advsvc' is deprecated since 2023.2 release (neutron-lib 3.8.0) and will be removed once support for the old RBAC API policies will be removed from Neutron. Please use method 'is_service_role' instead.
2026-07-10 01:02:51.027 9 INFO neutron.db.segments_db [None req-99165d98-f3b2-413f-abe8-e31ee4476dcf 14261162380f43668e4a9705462a9c1f 216670a17e0d40f6a62fcdef18b11d89 - - default default] Added segment 856aab7e-fca7-4161-aeb2-5cd3b852107b of type geneve for network 3dc96d44-2752-47f2-9473-bc930669b324
2026-07-10 01:02:51.035 10 INFO neutron.wsgi [None req-aa81911b-b051-4cb7-8761-4650018689cc 2eefd60284b441d5ad75072909517c3f c05008998df946c5b06750ba96a87ec8 - - default default] 10.0.0.99 "DELETE /v2.0/routers/e662f842-c971-467c-a189-aebe7f302f1f HTTP/1.1" status: 204 len: 168 time: 0.3107975
2026-07-10 01:02:51.039 10 INFO neutron.plugins.ml2.drivers.ovn.mech_driver.mech_driver [None req-c44d40b5-c3f5-4776-a4b2-3e0e7535fd5e - - - - - -] OVN reports status up for port: 63c0f6f0-8afd-4a9d-a0a0-e2cbc8065d0d
2026-07-10 01:02:51.056 10 INFO neutron.plugins.ml2.plugin [None req-c44d40b5-c3f5-4776-a4b2-3e0e7535fd5e - - - - - -] Attempt 1 to provision port 63c0f6f0-8afd-4a9d-a0a0-e2cbc8065d0d
2026-07-10 01:02:51.112 9 INFO neutron.db.ovn_revision_numbers_db [None req-c8f7ae3d-52b3-4c92-aabd-d65ac9e0d939 a053fca8c27e4d9ba5fd832acfdfa065 edd3c9590f6546e2958a0fb91d45e9e5 - - default default] Successfully bumped revision number for resource 63c0f6f0-8afd-4a9d-a0a0-e2cbc8065d0d (type: ports) to 1
2026-07-10 01:02:51.243 9 INFO neutron.db.ovn_revision_numbers_db [None req-99165d98-f3b2-413f-abe8-e31ee4476dcf 14261162380f43668e4a9705462a9c1f 216670a17e0d40f6a62fcdef18b11d89 - - default default] Successfully bumped revision number for resource 3dc96d44-2752-47f2-9473-bc930669b324 (type: networks) to 1
2026-07-10 01:02:51.247 9 WARNING neutron.scheduler.dhcp_agent_scheduler [None req-c8f7ae3d-52b3-4c92-aabd-d65ac9e0d939 a053fca8c27e4d9ba5fd832acfdfa065 edd3c9590f6546e2958a0fb91d45e9e5 - - default default] No more DHCP agents
2026-07-10 01:02:51.249 9 WARNING neutron.api.rpc.agentnotifiers.dhcp_rpc_agent_api [None req-c8f7ae3d-52b3-4c92-aabd-d65ac9e0d939 a053fca8c27e4d9ba5fd832acfdfa065 edd3c9590f6546e2958a0fb91d45e9e5 - - default default] Unable to schedule network c017e869-a4d2-45b4-9453-4fb6c5708872: no agents available; will retry on subsequent port and subnet creation events.
2026-07-10 01:02:51.476 9 WARNING neutron.scheduler.dhcp_agent_scheduler [None req-99165d98-f3b2-413f-abe8-e31ee4476dcf 14261162380f43668e4a9705462a9c1f 216670a17e0d40f6a62fcdef18b11d89 - - default default] No more DHCP agents
2026-07-10 01:02:51.481 9 WARNING neutron.api.rpc.agentnotifiers.dhcp_rpc_agent_api [None req-99165d98-f3b2-413f-abe8-e31ee4476dcf 14261162380f43668e4a9705462a9c1f 216670a17e0d40f6a62fcdef18b11d89 - - default default] Unable to schedule network 3dc96d44-2752-47f2-9473-bc930669b324: no agents available; will retry on subsequent port and subnet creation events.
2026-07-10 01:02:51.639 9 INFO neutron.db.ovn_revision_numbers_db [None req-99165d98-f3b2-413f-abe8-e31ee4476dcf 14261162380f43668e4a9705462a9c1f 216670a17e0d40f6a62fcdef18b11d89 - - default default] Successfully bumped revision number for resource 4f1b3073-285a-4e5f-893d-68a6ddd7e0e0 (type: ports) to 1
2026-07-10 01:02:51.672 9 INFO neutron.wsgi [None req-99165d98-f3b2-413f-abe8-e31ee4476dcf 14261162380f43668e4a9705462a9c1f 216670a17e0d40f6a62fcdef18b11d89 - - default default] 10.0.0.99 "POST /v2.0/networks HTTP/1.1" status: 201 len: 831 time: 0.7904747
2026-07-10 01:02:51.738 9 INFO neutron.db.ovn_revision_numbers_db [None req-c8f7ae3d-52b3-4c92-aabd-d65ac9e0d939 a053fca8c27e4d9ba5fd832acfdfa065 edd3c9590f6546e2958a0fb91d45e9e5 - - default default] Successfully bumped revision number for resource 63c0f6f0-8afd-4a9d-a0a0-e2cbc8065d0d (type: router_ports) to 1
2026-07-10 01:02:51.745 9 INFO neutron.wsgi [None req-c8f7ae3d-52b3-4c92-aabd-d65ac9e0d939 a053fca8c27e4d9ba5fd832acfdfa065 edd3c9590f6546e2958a0fb91d45e9e5 - - default default] 10.0.0.99 "PUT /v2.0/routers/c7e883de-d1eb-4ebc-b283-d1c353352d0c/add_router_interface HTTP/1.1" status: 200 len: 503 time: 3.1839933
2026-07-10 01:02:51.749 9 INFO neutron.wsgi [None req-131680fa-9a61-4666-88e5-7cf0c32b5f67 14261162380f43668e4a9705462a9c1f 216670a17e0d40f6a62fcdef18b11d89 - - default default] 10.0.0.99 "PUT /v2.0/networks/ad40ea63-5406-457f-92e1-cea58cd96b33/tags HTTP/1.1" status: 200 len: 218 time: 0.0707977
2026-07-10 01:02:51.757 9 WARNING neutron_lib.context [None req-3473659c-ea9c-4738-b0f5-f9eb86ef24ce a053fca8c27e4d9ba5fd832acfdfa065 edd3c9590f6546e2958a0fb91d45e9e5 - - default default] Method 'is_advsvc' is deprecated since 2023.2 release (neutron-lib 3.8.0) and will be removed once support for the old RBAC API policies will be removed from Neutron. Please use method 'is_service_role' instead.
2026-07-10 01:02:51.832 9 INFO neutron.wsgi [None req-dabd196f-eb18-499b-a01a-cdc11d8055ef 14261162380f43668e4a9705462a9c1f 216670a17e0d40f6a62fcdef18b11d89 - - default default] 10.0.0.99 "GET /v2.0/networks/ad40ea63-5406-457f-92e1-cea58cd96b33/tags HTTP/1.1" status: 200 len: 218 time: 0.0691962
2026-07-10 01:02:51.911 9 INFO neutron.wsgi [None req-94869279-ff45-4831-9081-976cc8013a22 14261162380f43668e4a9705462a9c1f 216670a17e0d40f6a62fcdef18b11d89 - - default default] 10.0.0.99 "PUT /v2.0/networks/3dc96d44-2752-47f2-9473-bc930669b324/tags HTTP/1.1" status: 200 len: 210 time: 0.0737531
2026-07-10 01:02:51.975 9 INFO neutron.wsgi [None req-6c6438c4-5572-449d-bc5f-b13459f1ca11 14261162380f43668e4a9705462a9c1f 216670a17e0d40f6a62fcdef18b11d89 - - default default] 10.0.0.99 "GET /v2.0/networks/3dc96d44-2752-47f2-9473-bc930669b324/tags HTTP/1.1" status: 200 len: 210 time: 0.0590718
2026-07-10 01:02:52.094 10 INFO neutron.wsgi [None req-55658cac-7a79-453d-8c76-56a159cb0c4d 14261162380f43668e4a9705462a9c1f 216670a17e0d40f6a62fcdef18b11d89 - - default default] 10.0.0.99 "PUT /v2.0/networks/3dc96d44-2752-47f2-9473-bc930669b324/tags HTTP/1.1" status: 200 len: 205 time: 0.1141703
2026-07-10 01:02:52.109 10 INFO neutron.db.ovn_revision_numbers_db [None req-c44d40b5-c3f5-4776-a4b2-3e0e7535fd5e - - - - - -] Successfully bumped revision number for resource 63c0f6f0-8afd-4a9d-a0a0-e2cbc8065d0d (type: ports) to 2
2026-07-10 01:02:52.178 9 INFO neutron.wsgi [None req-06edae1e-c702-4d87-a082-655e0484da4d 14261162380f43668e4a9705462a9c1f 216670a17e0d40f6a62fcdef18b11d89 - - default default] 10.0.0.99 "GET /v2.0/networks/3dc96d44-2752-47f2-9473-bc930669b324/tags HTTP/1.1" status: 200 len: 205 time: 0.0769384
2026-07-10 01:02:52.255 9 INFO neutron.wsgi [None req-c7ea1cb6-5a72-4c52-b545-0a0e93e5a864 14261162380f43668e4a9705462a9c1f 216670a17e0d40f6a62fcdef18b11d89 - - default default] 10.0.0.99 "GET /v2.0/networks/ad40ea63-5406-457f-92e1-cea58cd96b33/tags HTTP/1.1" status: 200 len: 218 time: 0.0704396
2026-07-10 01:02:52.292 10 INFO neutron.db.ovn_revision_numbers_db [None req-c44d40b5-c3f5-4776-a4b2-3e0e7535fd5e - - - - - -] Successfully bumped revision number for resource 63c0f6f0-8afd-4a9d-a0a0-e2cbc8065d0d (type: router_ports) to 2
2026-07-10 01:02:52.326 9 INFO neutron.db.ovn_revision_numbers_db [None req-3d629979-d70b-46c9-9d3c-82592a0a9e1c fdcfe6efecc7496ca17a5b8c015822be 516d52bf26fe48e4868e535fbc418f23 - - default default] Successfully bumped revision number for resource 5df7d600-1cdb-4571-b084-8b1a2cd72c86 (type: security_groups) to 1
2026-07-10 01:02:52.354 9 INFO neutron.db.ovn_revision_numbers_db [None req-3d629979-d70b-46c9-9d3c-82592a0a9e1c fdcfe6efecc7496ca17a5b8c015822be 516d52bf26fe48e4868e535fbc418f23 - - default default] Successfully bumped revision number for resource 0543bddb-1729-41fc-8303-a65702cbc33b (type: security_group_rules) to 0
2026-07-10 01:02:52.371 9 INFO neutron.db.ovn_revision_numbers_db [None req-3d629979-d70b-46c9-9d3c-82592a0a9e1c fdcfe6efecc7496ca17a5b8c015822be 516d52bf26fe48e4868e535fbc418f23 - - default default] Successfully bumped revision number for resource 85d87962-cb7c-429a-a238-1a465b38df47 (type: security_group_rules) to 0
2026-07-10 01:02:52.392 9 INFO neutron.db.ovn_revision_numbers_db [None req-3d629979-d70b-46c9-9d3c-82592a0a9e1c fdcfe6efecc7496ca17a5b8c015822be 516d52bf26fe48e4868e535fbc418f23 - - default default] Successfully bumped revision number for resource 8ae0ae7e-b20d-4d47-93b7-6dc20e93b200 (type: security_group_rules) to 0
2026-07-10 01:02:52.407 9 INFO neutron.db.ovn_revision_numbers_db [None req-3d629979-d70b-46c9-9d3c-82592a0a9e1c fdcfe6efecc7496ca17a5b8c015822be 516d52bf26fe48e4868e535fbc418f23 - - default default] Successfully bumped revision number for resource f3105f78-d826-48dd-a554-a119eeacc985 (type: security_group_rules) to 0
2026-07-10 01:02:52.435 9 INFO neutron.wsgi [None req-3d629979-d70b-46c9-9d3c-82592a0a9e1c fdcfe6efecc7496ca17a5b8c015822be 516d52bf26fe48e4868e535fbc418f23 - - default default] 10.0.0.99 "GET /v2.0/security-groups?tenant_id=c05008998df946c5b06750ba96a87ec8&name=default HTTP/1.1" status: 200 len: 3124 time: 0.5639069
2026-07-10 01:02:52.499 9 WARNING neutron.scheduler.dhcp_agent_scheduler [None req-3473659c-ea9c-4738-b0f5-f9eb86ef24ce a053fca8c27e4d9ba5fd832acfdfa065 edd3c9590f6546e2958a0fb91d45e9e5 - - default default] No more DHCP agents
2026-07-10 01:02:52.501 9 WARNING neutron.api.rpc.agentnotifiers.dhcp_rpc_agent_api [None req-3473659c-ea9c-4738-b0f5-f9eb86ef24ce a053fca8c27e4d9ba5fd832acfdfa065 edd3c9590f6546e2958a0fb91d45e9e5 - - default default] Unable to schedule network db097c83-e6e8-4e2a-8c29-36e3564d3044: no agents available; will retry on subsequent port and subnet creation events.
2026-07-10 01:02:52.722 10 INFO neutron.services.segments.plugin [-] Segment 4cd54aaa-867a-4b17-a418-5e77d17158d0 resource provider aggregate not found
2026-07-10 01:02:52.726 10 INFO neutron.services.segments.plugin [-] Segment 4cd54aaa-867a-4b17-a418-5e77d17158d0 resource provider aggregate not found
2026-07-10 01:02:52.740 10 INFO neutron.services.segments.plugin [-] Segment 4cd54aaa-867a-4b17-a418-5e77d17158d0 resource provider not found; error: Placement Client Error (4xx): {"errors": [{"status": 404, "title": "Not Found", "detail": "The resource could not be found.\n\n No resource provider with uuid 4cd54aaa-867a-4b17-a418-5e77d17158d0 found for delete ", "request_id": "req-f256af40-b834-4b10-9f84-347a084b61b5"}]}
2026-07-10 01:02:52.742 10 INFO neutron.services.segments.plugin [-] Segment 4cd54aaa-867a-4b17-a418-5e77d17158d0 resource provider not found; error: Placement Client Error (4xx): {"errors": [{"status": 404, "title": "Not Found", "detail": "The resource could not be found.\n\n No resource provider with uuid 4cd54aaa-867a-4b17-a418-5e77d17158d0 found for delete ", "request_id": "req-e49add5b-bf10-4ae6-b8d9-12d097467da3"}]}
2026-07-10 01:02:52.772 10 INFO neutron.wsgi [None req-cdcf8d50-78aa-4ff2-a7a7-64eae7682f44 14261162380f43668e4a9705462a9c1f 216670a17e0d40f6a62fcdef18b11d89 - - default default] 10.0.0.99 "DELETE /v2.0/networks/ad40ea63-5406-457f-92e1-cea58cd96b33 HTTP/1.1" status: 204 len: 168 time: 0.4998469
2026-07-10 01:02:52.969 9 INFO neutron.db.ovn_revision_numbers_db [None req-3473659c-ea9c-4738-b0f5-f9eb86ef24ce a053fca8c27e4d9ba5fd832acfdfa065 edd3c9590f6546e2958a0fb91d45e9e5 - - default default] Successfully bumped revision number for resource 1aaf64ae-ff5c-44c9-91f7-e831d1c842ca (type: ports) to 1
2026-07-10 01:02:53.024 9 INFO neutron.wsgi [None req-4657ed6d-bc28-475e-8c55-7ce3f7c7c1a9 fdcfe6efecc7496ca17a5b8c015822be 516d52bf26fe48e4868e535fbc418f23 - - default default] 10.0.0.99 "DELETE /v2.0/security-groups/5df7d600-1cdb-4571-b084-8b1a2cd72c86 HTTP/1.1" status: 204 len: 168 time: 0.5815125
2026-07-10 01:02:53.266 9 INFO neutron.db.ovn_revision_numbers_db [None req-3473659c-ea9c-4738-b0f5-f9eb86ef24ce a053fca8c27e4d9ba5fd832acfdfa065 edd3c9590f6546e2958a0fb91d45e9e5 - - default default] Successfully bumped revision number for resource 1aaf64ae-ff5c-44c9-91f7-e831d1c842ca (type: ports) to 1
2026-07-10 01:02:53.277 10 INFO neutron.wsgi [None req-f9985fd7-1418-4ce3-a04c-2c24e2d1146b 14261162380f43668e4a9705462a9c1f 216670a17e0d40f6a62fcdef18b11d89 - - default default] 10.0.0.99 "DELETE /v2.0/networks/3dc96d44-2752-47f2-9473-bc930669b324 HTTP/1.1" status: 204 len: 168 time: 0.4976838
2026-07-10 01:02:53.318 10 INFO neutron.db.ovn_revision_numbers_db [None req-a7109c5d-fd0e-460e-9f8f-727e60c96a44 fdcfe6efecc7496ca17a5b8c015822be 516d52bf26fe48e4868e535fbc418f23 - - default default] Successfully bumped revision number for resource 5b6db0ff-2b31-450f-803b-ab616174d10c (type: security_groups) to 1
2026-07-10 01:02:53.337 10 INFO neutron.db.ovn_revision_numbers_db [None req-a7109c5d-fd0e-460e-9f8f-727e60c96a44 fdcfe6efecc7496ca17a5b8c015822be 516d52bf26fe48e4868e535fbc418f23 - - default default] Successfully bumped revision number for resource 203e7866-6147-40cf-8d92-c2546d64eeed (type: security_group_rules) to 0
2026-07-10 01:02:53.338 9 INFO neutron.db.segments_db [None req-3473659c-ea9c-4738-b0f5-f9eb86ef24ce a053fca8c27e4d9ba5fd832acfdfa065 edd3c9590f6546e2958a0fb91d45e9e5 - - default default] Added segment 84ced6dd-f9a6-4e18-8e36-9b281e3fd741 of type geneve for network c3335abb-d261-4537-b79e-55cbadd12a83
2026-07-10 01:02:53.351 10 INFO neutron.db.ovn_revision_numbers_db [None req-a7109c5d-fd0e-460e-9f8f-727e60c96a44 fdcfe6efecc7496ca17a5b8c015822be 516d52bf26fe48e4868e535fbc418f23 - - default default] Successfully bumped revision number for resource b46b49ae-43d5-42b4-897d-092ebc73a808 (type: security_group_rules) to 0
2026-07-10 01:02:53.368 10 INFO neutron.db.ovn_revision_numbers_db [None req-a7109c5d-fd0e-460e-9f8f-727e60c96a44 fdcfe6efecc7496ca17a5b8c015822be 516d52bf26fe48e4868e535fbc418f23 - - default default] Successfully bumped revision number for resource c399d4dc-ec3b-4dca-9cf7-a072c46fc60c (type: security_group_rules) to 0
2026-07-10 01:02:53.384 10 INFO neutron.db.ovn_revision_numbers_db [None req-a7109c5d-fd0e-460e-9f8f-727e60c96a44 fdcfe6efecc7496ca17a5b8c015822be 516d52bf26fe48e4868e535fbc418f23 - - default default] Successfully bumped revision number for resource e0f93267-57d9-4295-8a61-eb977560c851 (type: security_group_rules) to 0
2026-07-10 01:02:53.411 10 INFO neutron.wsgi [None req-a7109c5d-fd0e-460e-9f8f-727e60c96a44 fdcfe6efecc7496ca17a5b8c015822be 516d52bf26fe48e4868e535fbc418f23 - - default default] 10.0.0.99 "GET /v2.0/security-groups?tenant_id=3cd5a61e24f74f94bfc76ab0712b79cc&name=default HTTP/1.1" status: 200 len: 3124 time: 0.2736578
2026-07-10 01:02:53.518 9 INFO neutron.db.ovn_revision_numbers_db [None req-3473659c-ea9c-4738-b0f5-f9eb86ef24ce a053fca8c27e4d9ba5fd832acfdfa065 edd3c9590f6546e2958a0fb91d45e9e5 - - default default] Successfully bumped revision number for resource c3335abb-d261-4537-b79e-55cbadd12a83 (type: networks) to 1
2026-07-10 01:02:53.735 9 WARNING neutron.scheduler.dhcp_agent_scheduler [None req-3473659c-ea9c-4738-b0f5-f9eb86ef24ce a053fca8c27e4d9ba5fd832acfdfa065 edd3c9590f6546e2958a0fb91d45e9e5 - - default default] No more DHCP agents
2026-07-10 01:02:53.737 9 WARNING neutron.api.rpc.agentnotifiers.dhcp_rpc_agent_api [None req-3473659c-ea9c-4738-b0f5-f9eb86ef24ce a053fca8c27e4d9ba5fd832acfdfa065 edd3c9590f6546e2958a0fb91d45e9e5 - - default default] Unable to schedule network c3335abb-d261-4537-b79e-55cbadd12a83: no agents available; will retry on subsequent port and subnet creation events.
2026-07-10 01:02:53.811 9 INFO neutron.wsgi [None req-2235b8bd-22f5-4715-baee-57bd665a6e0c fdcfe6efecc7496ca17a5b8c015822be 516d52bf26fe48e4868e535fbc418f23 - - default default] 10.0.0.99 "DELETE /v2.0/security-groups/5b6db0ff-2b31-450f-803b-ab616174d10c HTTP/1.1" status: 204 len: 168 time: 0.3949199
2026-07-10 01:02:53.841 9 INFO neutron.db.ovn_revision_numbers_db [None req-3473659c-ea9c-4738-b0f5-f9eb86ef24ce a053fca8c27e4d9ba5fd832acfdfa065 edd3c9590f6546e2958a0fb91d45e9e5 - - default default] Successfully bumped revision number for resource 0eab6469-c929-4886-bcc2-f40ed3a1a378 (type: ports) to 1
2026-07-10 01:02:53.985 9 WARNING neutron.scheduler.dhcp_agent_scheduler [None req-3473659c-ea9c-4738-b0f5-f9eb86ef24ce a053fca8c27e4d9ba5fd832acfdfa065 edd3c9590f6546e2958a0fb91d45e9e5 - - default default] No more DHCP agents
2026-07-10 01:02:53.987 9 WARNING neutron.api.rpc.agentnotifiers.dhcp_rpc_agent_api [None req-3473659c-ea9c-4738-b0f5-f9eb86ef24ce a053fca8c27e4d9ba5fd832acfdfa065 edd3c9590f6546e2958a0fb91d45e9e5 - - default default] Unable to schedule network c3335abb-d261-4537-b79e-55cbadd12a83: no agents available; will retry on subsequent port and subnet creation events.
2026-07-10 01:02:54.020 9 INFO neutron.db.ovn_revision_numbers_db [None req-3473659c-ea9c-4738-b0f5-f9eb86ef24ce a053fca8c27e4d9ba5fd832acfdfa065 edd3c9590f6546e2958a0fb91d45e9e5 - - default default] Successfully bumped revision number for resource 9a69606b-0529-4f39-aafc-8362baefb5f8 (type: subnets) to 0
2026-07-10 01:02:54.080 9 WARNING neutron.plugins.ml2.drivers.ovn.mech_driver.ovsdb.ovn_client [None req-d0b11067-93fc-4619-b573-f0f8e2ce51cc - - - - - -] No hosting information found for port 7f6fd3ca-1840-4b01-b2b8-248ef8b976e2: RuntimeError: No hosting information found for port 7f6fd3ca-1840-4b01-b2b8-248ef8b976e2
2026-07-10 01:02:54.169 10 INFO neutron.db.ovn_revision_numbers_db [None req-54d2478b-c49b-44a1-98f3-30148dd4489d fdcfe6efecc7496ca17a5b8c015822be 516d52bf26fe48e4868e535fbc418f23 - - default default] Successfully bumped revision number for resource 48620901-3cef-4678-9575-529265187184 (type: security_groups) to 1
2026-07-10 01:02:54.189 10 INFO neutron.db.ovn_revision_numbers_db [None req-54d2478b-c49b-44a1-98f3-30148dd4489d fdcfe6efecc7496ca17a5b8c015822be 516d52bf26fe48e4868e535fbc418f23 - - default default] Successfully bumped revision number for resource 3e9b8e50-fb1c-40a6-b1da-bb69067d11c7 (type: security_group_rules) to 0
2026-07-10 01:02:54.202 10 INFO neutron.db.ovn_revision_numbers_db [None req-54d2478b-c49b-44a1-98f3-30148dd4489d fdcfe6efecc7496ca17a5b8c015822be 516d52bf26fe48e4868e535fbc418f23 - - default default] Successfully bumped revision number for resource 600a5374-fb0a-4867-b4b8-0f503470025a (type: security_group_rules) to 0
2026-07-10 01:02:54.225 10 INFO neutron.db.ovn_revision_numbers_db [None req-54d2478b-c49b-44a1-98f3-30148dd4489d fdcfe6efecc7496ca17a5b8c015822be 516d52bf26fe48e4868e535fbc418f23 - - default default] Successfully bumped revision number for resource 9b249326-0f3b-40e9-91bc-ecf98f37df03 (type: security_group_rules) to 0
2026-07-10 01:02:54.244 10 INFO neutron.db.ovn_revision_numbers_db [None req-54d2478b-c49b-44a1-98f3-30148dd4489d fdcfe6efecc7496ca17a5b8c015822be 516d52bf26fe48e4868e535fbc418f23 - - default default] Successfully bumped revision number for resource ddb89116-9302-46b5-9dd0-9b1ed1af661c (type: security_group_rules) to 0
2026-07-10 01:02:54.288 10 INFO neutron.wsgi [None req-54d2478b-c49b-44a1-98f3-30148dd4489d fdcfe6efecc7496ca17a5b8c015822be 516d52bf26fe48e4868e535fbc418f23 - - default default] 10.0.0.99 "GET /v2.0/security-groups?tenant_id=361dbf5243a04fa08ed7a4fb60e1025c&name=default HTTP/1.1" status: 200 len: 3124 time: 0.2945769
2026-07-10 01:02:54.372 10 INFO neutron.db.ovn_revision_numbers_db [None req-a75ddc11-e7f4-47d9-8aa2-927a603ac20c fdcfe6efecc7496ca17a5b8c015822be 516d52bf26fe48e4868e535fbc418f23 - - default default] Successfully bumped revision number for resource dac70957-85d5-414e-99a9-8ae13e89ba23 (type: security_groups) to 1
2026-07-10 01:02:54.390 10 INFO neutron.db.ovn_revision_numbers_db [None req-a75ddc11-e7f4-47d9-8aa2-927a603ac20c fdcfe6efecc7496ca17a5b8c015822be 516d52bf26fe48e4868e535fbc418f23 - - default default] Successfully bumped revision number for resource 4042d907-3393-447e-89eb-4d3c16e65cdb (type: security_group_rules) to 0
2026-07-10 01:02:54.405 10 INFO neutron.db.ovn_revision_numbers_db [None req-a75ddc11-e7f4-47d9-8aa2-927a603ac20c fdcfe6efecc7496ca17a5b8c015822be 516d52bf26fe48e4868e535fbc418f23 - - default default] Successfully bumped revision number for resource 45765e46-4801-4b95-b221-f9bdc4343f71 (type: security_group_rules) to 0
2026-07-10 01:02:54.417 10 INFO neutron.db.ovn_revision_numbers_db [None req-a75ddc11-e7f4-47d9-8aa2-927a603ac20c fdcfe6efecc7496ca17a5b8c015822be 516d52bf26fe48e4868e535fbc418f23 - - default default] Successfully bumped revision number for resource ac77b4a2-f08b-491c-b9c0-c7ef8d12d36d (type: security_group_rules) to 0
2026-07-10 01:02:54.433 10 INFO neutron.db.ovn_revision_numbers_db [None req-a75ddc11-e7f4-47d9-8aa2-927a603ac20c fdcfe6efecc7496ca17a5b8c015822be 516d52bf26fe48e4868e535fbc418f23 - - default default] Successfully bumped revision number for resource f8ebe22a-1f3c-4d47-9707-22a73aef5d5b (type: security_group_rules) to 0
2026-07-10 01:02:54.457 10 INFO neutron.wsgi [None req-a75ddc11-e7f4-47d9-8aa2-927a603ac20c fdcfe6efecc7496ca17a5b8c015822be 516d52bf26fe48e4868e535fbc418f23 - - default default] 10.0.0.99 "GET /v2.0/security-groups?tenant_id=3dd42418ded24e268920a166ead404ad&name=default HTTP/1.1" status: 200 len: 3124 time: 0.4265702
2026-07-10 01:02:54.481 9 WARNING neutron.scheduler.dhcp_agent_scheduler [None req-3473659c-ea9c-4738-b0f5-f9eb86ef24ce a053fca8c27e4d9ba5fd832acfdfa065 edd3c9590f6546e2958a0fb91d45e9e5 - - default default] No more DHCP agents
2026-07-10 01:02:54.484 9 WARNING neutron.api.rpc.agentnotifiers.dhcp_rpc_agent_api [None req-3473659c-ea9c-4738-b0f5-f9eb86ef24ce a053fca8c27e4d9ba5fd832acfdfa065 edd3c9590f6546e2958a0fb91d45e9e5 - - default default] Unable to schedule network c3335abb-d261-4537-b79e-55cbadd12a83: no agents available; will retry on subsequent port and subnet creation events.
2026-07-10 01:02:54.619 9 INFO neutron.wsgi [None req-7712d026-e78b-4dec-b8fb-c4568a95e178 fdcfe6efecc7496ca17a5b8c015822be 516d52bf26fe48e4868e535fbc418f23 - - default default] 10.0.0.99 "DELETE /v2.0/security-groups/48620901-3cef-4678-9575-529265187184 HTTP/1.1" status: 204 len: 168 time: 0.3257222
