2026-07-10 00:59:23.181 9 INFO neutron.wsgi [req-6d65ed97-de50-48f9-a525-5d69845a7eb9 req-ad165b8f-6121-45b9-bf89-2fa8d88ae3ed 4a924671abaf462ca3d1f222c8adacc3 0cea5b52854c4e668724328acc92db2b - - 95a8e68532af41d59ccacdfea55f3868 95a8e68532af41d59ccacdfea55f3868] 10.0.0.27 "GET /v2.0/networks/33224d1f-0b98-4144-b0d6-263997ffd6ef?fields=segments HTTP/1.1" status: 200 len: 212 time: 0.1197829
2026-07-10 00:59:23.214 10 INFO neutron.wsgi [req-cb89af22-88be-486c-a27c-694379ee0c48 req-bf9d7b95-811a-44ce-b681-79b24078ada9 4a924671abaf462ca3d1f222c8adacc3 0cea5b52854c4e668724328acc92db2b - - 95a8e68532af41d59ccacdfea55f3868 95a8e68532af41d59ccacdfea55f3868] 199.204.45.205 "GET /v2.0/floatingips?fixed_ip_address=10.100.0.4&port_id=d5906e74-8e90-41d6-be0b-0ea5a11e8e03 HTTP/1.1" status: 200 len: 217 time: 0.0411098
2026-07-10 00:59:23.267 10 INFO neutron.wsgi [req-cb89af22-88be-486c-a27c-694379ee0c48 req-b4ee3a91-cf0e-429a-b2e8-35e5dffca8eb 4a924671abaf462ca3d1f222c8adacc3 0cea5b52854c4e668724328acc92db2b - - 95a8e68532af41d59ccacdfea55f3868 95a8e68532af41d59ccacdfea55f3868] 199.204.45.205 "GET /v2.0/subnets?id=514a528e-c602-46b8-bd3f-db8901d0599d HTTP/1.1" status: 200 len: 871 time: 0.0439637
2026-07-10 00:59:23.282 9 INFO neutron.wsgi [req-6d65ed97-de50-48f9-a525-5d69845a7eb9 req-2219a5b2-1f64-4c36-aa2b-8e3179e0c06b 4a924671abaf462ca3d1f222c8adacc3 0cea5b52854c4e668724328acc92db2b - - 95a8e68532af41d59ccacdfea55f3868 95a8e68532af41d59ccacdfea55f3868] 10.0.0.27 "GET /v2.0/networks/33224d1f-0b98-4144-b0d6-263997ffd6ef?fields=provider%3Aphysical_network&fields=provider%3Anetwork_type HTTP/1.1" status: 200 len: 277 time: 0.0849757
2026-07-10 00:59:23.306 10 INFO neutron.wsgi [req-cb89af22-88be-486c-a27c-694379ee0c48 req-3f55964d-5cfc-403a-8c46-4da308db555f 4a924671abaf462ca3d1f222c8adacc3 0cea5b52854c4e668724328acc92db2b - - 95a8e68532af41d59ccacdfea55f3868 95a8e68532af41d59ccacdfea55f3868] 199.204.45.205 "GET /v2.0/ports?network_id=cb9ceaf8-29ee-4c7f-b34b-2e99e9785b8f&device_owner=network%3Adhcp HTTP/1.1" status: 200 len: 210 time: 0.0311189
2026-07-10 00:59:23.397 10 INFO neutron.wsgi [req-cb89af22-88be-486c-a27c-694379ee0c48 req-6af22ad3-9f98-47d7-a05a-302170373a0c 4a924671abaf462ca3d1f222c8adacc3 0cea5b52854c4e668724328acc92db2b - - 95a8e68532af41d59ccacdfea55f3868 95a8e68532af41d59ccacdfea55f3868] 199.204.45.205 "GET /v2.0/networks/cb9ceaf8-29ee-4c7f-b34b-2e99e9785b8f?fields=segments HTTP/1.1" status: 200 len: 212 time: 0.0820436
2026-07-10 00:59:23.484 9 INFO neutron.wsgi [req-2f94cc6d-a0e5-46ff-9ecb-29d3c978bb7e req-f5353200-f08c-44e1-ac7a-eaa75d2c1744 b604b29f930742539b5c012cd5280b42 42f17eb07b7248cc830ad2aff40773ce - - default default] 10.0.0.27 "GET /v2.0/ports?device_id=691e0964-3c05-43d0-b69d-8021dba70c02 HTTP/1.1" status: 200 len: 210 time: 0.0284455
2026-07-10 00:59:23.496 10 INFO neutron.wsgi [req-cb89af22-88be-486c-a27c-694379ee0c48 req-842d0ebe-deeb-4db8-b3d0-c8007dce504a 4a924671abaf462ca3d1f222c8adacc3 0cea5b52854c4e668724328acc92db2b - - 95a8e68532af41d59ccacdfea55f3868 95a8e68532af41d59ccacdfea55f3868] 199.204.45.205 "GET /v2.0/networks/cb9ceaf8-29ee-4c7f-b34b-2e99e9785b8f?fields=provider%3Aphysical_network&fields=provider%3Anetwork_type HTTP/1.1" status: 200 len: 277 time: 0.0906818
2026-07-10 00:59:23.675 9 INFO neutron.services.segments.plugin [-] Segment a6908479-f695-4a8b-940b-1b5b4bdbd5db resource provider aggregate not found
2026-07-10 00:59:23.683 9 INFO neutron.services.segments.plugin [-] Segment a6908479-f695-4a8b-940b-1b5b4bdbd5db resource provider aggregate not found
2026-07-10 00:59:23.692 9 INFO neutron.services.segments.plugin [-] Segment a6908479-f695-4a8b-940b-1b5b4bdbd5db resource provider not found; error: Placement Client Error (4xx): {"errors": [{"status": 404, "title": "Not Found", "detail": "The resource could not be found.\n\n No resource provider with uuid a6908479-f695-4a8b-940b-1b5b4bdbd5db found for delete ", "request_id": "req-d7cb6d13-68c4-4a16-9c1c-8bd8ceb148c5"}]}
2026-07-10 00:59:23.702 9 INFO neutron.services.segments.plugin [-] Segment a6908479-f695-4a8b-940b-1b5b4bdbd5db resource provider not found; error: Placement Client Error (4xx): {"errors": [{"status": 404, "title": "Not Found", "detail": "The resource could not be found.\n\n No resource provider with uuid a6908479-f695-4a8b-940b-1b5b4bdbd5db found for delete ", "request_id": "req-41de520a-4283-4518-b0d1-55341290982b"}]}
2026-07-10 00:59:23.719 9 INFO neutron.wsgi [None req-ef060a9c-8886-4ee2-af17-7244ea4a353c fdcfe6efecc7496ca17a5b8c015822be 516d52bf26fe48e4868e535fbc418f23 - - default default] 10.0.0.99 "DELETE /v2.0/networks/fe7b4a81-5e6a-4b23-b52a-fc22a1daea24 HTTP/1.1" status: 204 len: 168 time: 0.6072352
2026-07-10 00:59:24.011 10 INFO neutron.wsgi [None req-e67caa45-66f1-42e3-8290-d6325b52eec1 fdcfe6efecc7496ca17a5b8c015822be 516d52bf26fe48e4868e535fbc418f23 - - default default] 10.0.0.99 "GET /v2.0/security-groups?tenant_id=03e5181efa7b49fa8bb5a67eab4d04b2&name=default HTTP/1.1" status: 200 len: 3116 time: 0.0574005
2026-07-10 00:59:24.063 9 WARNING neutron.plugins.ml2.drivers.ovn.mech_driver.ovsdb.ovn_client [None req-d0b11067-93fc-4619-b573-f0f8e2ce51cc - - - - - -] No hosting information found for port a1b85230-36ef-4559-9677-e542e912d0c8: RuntimeError: No hosting information found for port a1b85230-36ef-4559-9677-e542e912d0c8
2026-07-10 00:59:24.063 9 INFO neutron.plugins.ml2.drivers.ovn.mech_driver.mech_driver [None req-d0b11067-93fc-4619-b573-f0f8e2ce51cc - - - - - -] OVN reports status down for port: d0d45af9-7361-4e09-9189-5a4f81d67c19
2026-07-10 00:59:24.095 9 INFO neutron.plugins.ml2.drivers.ovn.mech_driver.mech_driver [None req-d0b11067-93fc-4619-b573-f0f8e2ce51cc - - - - - -] OVN reports status up for port: 9e9eedcd-b5cf-44f6-b444-dad64a7bd10e
2026-07-10 00:59:24.108 9 INFO neutron.plugins.ml2.plugin [None req-d0b11067-93fc-4619-b573-f0f8e2ce51cc - - - - - -] Attempt 1 to provision port 9e9eedcd-b5cf-44f6-b444-dad64a7bd10e /var/lib/openstack/lib/python3.10/site-packages/pycadf/identifier.py:71: UserWarning: Invalid uuid: neutron. To ensure interoperability, identifiers should be a valid uuid. warnings.warn(('Invalid uuid: %s. To ensure interoperability, '
2026-07-10 00:59:24.406 9 INFO neutron.wsgi [req-28204de3-b148-49c0-a3b5-b3d3af194a2f req-e10ad09a-44ba-4e00-9bfc-b410db45433d 3ccf8b0bc99e4648abe65cb7a7f891a4 5990a1f3337647d599e47f5aaef48d40 - - default default] 10.0.0.27 "GET /v2.0/ports?device_id=aca44dc3-7b55-4c86-add1-5b14d2510759 HTTP/1.1" status: 200 len: 1168 time: 0.1382489
2026-07-10 00:59:24.477 9 INFO neutron.wsgi [req-28204de3-b148-49c0-a3b5-b3d3af194a2f req-989e2bf6-4e81-4e1e-894f-7f404388c54b 3ccf8b0bc99e4648abe65cb7a7f891a4 5990a1f3337647d599e47f5aaef48d40 - - default default] 10.0.0.27 "GET /v2.0/security-groups?id=424dde52-b8e5-43cd-9e59-c423069fe6e7&fields=id&fields=name HTTP/1.1" status: 200 len: 286 time: 0.0656919
2026-07-10 00:59:24.501 10 INFO neutron.wsgi [req-6d65ed97-de50-48f9-a525-5d69845a7eb9 req-3041010d-8137-474b-adba-4dfb9b9ccffc b604b29f930742539b5c012cd5280b42 42f17eb07b7248cc830ad2aff40773ce - - default default] 199.204.45.205 "GET /v2.0/networks?id=33224d1f-0b98-4144-b0d6-263997ffd6ef HTTP/1.1" status: 200 len: 868 time: 0.2962091
2026-07-10 00:59:24.538 10 INFO neutron.wsgi [None req-3cb6c0ab-42f4-48cd-83e4-6bf889e84f8a fdcfe6efecc7496ca17a5b8c015822be 516d52bf26fe48e4868e535fbc418f23 - - default default] 10.0.0.99 "DELETE /v2.0/security-groups/c2309dd9-3e52-4bd5-8178-35a791467faf HTTP/1.1" status: 204 len: 168 time: 0.5200522
2026-07-10 00:59:24.556 10 INFO neutron.wsgi [req-6d65ed97-de50-48f9-a525-5d69845a7eb9 req-123e8890-9a09-4961-ab26-b4f5116d2e2a b604b29f930742539b5c012cd5280b42 42f17eb07b7248cc830ad2aff40773ce - - default default] 199.204.45.205 "GET /v2.0/security-groups?fields=id&fields=name&tenant_id=42f17eb07b7248cc830ad2aff40773ce HTTP/1.1" status: 200 len: 380 time: 0.0467377
2026-07-10 00:59:24.568 10 WARNING neutron_lib.context [req-6d65ed97-de50-48f9-a525-5d69845a7eb9 req-d556fc86-3f29-47b3-8e04-6593b6b61732 b604b29f930742539b5c012cd5280b42 42f17eb07b7248cc830ad2aff40773ce - - default default] Method 'is_advsvc' is deprecated since 2023.2 release (neutron-lib 3.8.0) and will be removed once support for the old RBAC API policies will be removed from Neutron. Please use method 'is_service_role' instead.
2026-07-10 00:59:24.590 9 INFO neutron.wsgi [req-e6594e5f-f463-47bd-b37d-39836a52fbf8 req-454b7500-6003-4f56-bbc8-1698cda79998 b604b29f930742539b5c012cd5280b42 42f17eb07b7248cc830ad2aff40773ce - - default default] 10.0.0.27 "GET /v2.0/ports?device_id=691e0964-3c05-43d0-b69d-8021dba70c02 HTTP/1.1" status: 200 len: 210 time: 0.0217450
2026-07-10 00:59:24.671 9 INFO neutron.db.ovn_revision_numbers_db [None req-d0b11067-93fc-4619-b573-f0f8e2ce51cc - - - - - -] Successfully bumped revision number for resource 9e9eedcd-b5cf-44f6-b444-dad64a7bd10e (type: ports) to 2
2026-07-10 00:59:24.823 9 INFO neutron.db.ovn_revision_numbers_db [None req-d0b11067-93fc-4619-b573-f0f8e2ce51cc - - - - - -] Successfully bumped revision number for resource 9e9eedcd-b5cf-44f6-b444-dad64a7bd10e (type: router_ports) to 2
2026-07-10 00:59:24.899 10 WARNING neutron.scheduler.dhcp_agent_scheduler [req-6d65ed97-de50-48f9-a525-5d69845a7eb9 req-d556fc86-3f29-47b3-8e04-6593b6b61732 b604b29f930742539b5c012cd5280b42 42f17eb07b7248cc830ad2aff40773ce - - default default] No more DHCP agents
2026-07-10 00:59:24.900 10 WARNING neutron.api.rpc.agentnotifiers.dhcp_rpc_agent_api [req-6d65ed97-de50-48f9-a525-5d69845a7eb9 req-d556fc86-3f29-47b3-8e04-6593b6b61732 b604b29f930742539b5c012cd5280b42 42f17eb07b7248cc830ad2aff40773ce - - default default] Unable to schedule network 33224d1f-0b98-4144-b0d6-263997ffd6ef: no agents available; will retry on subsequent port and subnet creation events.
2026-07-10 00:59:25.089 10 INFO neutron.db.ovn_revision_numbers_db [req-6d65ed97-de50-48f9-a525-5d69845a7eb9 req-d556fc86-3f29-47b3-8e04-6593b6b61732 b604b29f930742539b5c012cd5280b42 42f17eb07b7248cc830ad2aff40773ce - - default default] Successfully bumped revision number for resource 14c0945a-8c3a-4248-be39-d41308b0dd72 (type: ports) to 1
2026-07-10 00:59:25.114 10 INFO neutron.wsgi [req-6d65ed97-de50-48f9-a525-5d69845a7eb9 req-d556fc86-3f29-47b3-8e04-6593b6b61732 b604b29f930742539b5c012cd5280b42 42f17eb07b7248cc830ad2aff40773ce - - default default] 199.204.45.205 "POST /v2.0/ports HTTP/1.1" status: 201 len: 1158 time: 0.5539131 /var/lib/openstack/lib/python3.10/site-packages/pycadf/identifier.py:71: UserWarning: Invalid uuid: neutron. To ensure interoperability, identifiers should be a valid uuid. warnings.warn(('Invalid uuid: %s. To ensure interoperability, '
2026-07-10 00:59:25.585 9 INFO neutron.wsgi [req-fbe68f18-2118-454b-b73f-686d30e2b6e9 req-67733257-4110-4a78-b949-d180c7a2aaad 3ccf8b0bc99e4648abe65cb7a7f891a4 5990a1f3337647d599e47f5aaef48d40 - - default default] 10.0.0.27 "GET /v2.0/ports?device_id=aca44dc3-7b55-4c86-add1-5b14d2510759 HTTP/1.1" status: 200 len: 1168 time: 0.0424857
2026-07-10 00:59:25.597 10 INFO neutron.db.ovn_revision_numbers_db [req-6d65ed97-de50-48f9-a525-5d69845a7eb9 req-d8e454c2-5ed5-4775-a2ad-3199378ccb54 4a924671abaf462ca3d1f222c8adacc3 0cea5b52854c4e668724328acc92db2b - - 95a8e68532af41d59ccacdfea55f3868 95a8e68532af41d59ccacdfea55f3868] Successfully bumped revision number for resource 14c0945a-8c3a-4248-be39-d41308b0dd72 (type: ports) to 2
2026-07-10 00:59:25.641 9 INFO neutron.wsgi [req-fbe68f18-2118-454b-b73f-686d30e2b6e9 req-5e2fa667-34ad-4d37-b3f8-63e5a9638242 3ccf8b0bc99e4648abe65cb7a7f891a4 5990a1f3337647d599e47f5aaef48d40 - - default default] 10.0.0.27 "GET /v2.0/security-groups?id=424dde52-b8e5-43cd-9e59-c423069fe6e7&fields=id&fields=name HTTP/1.1" status: 200 len: 286 time: 0.0469692
2026-07-10 00:59:25.722 9 INFO neutron.wsgi [req-43d8966a-8c1d-4412-bdf6-d4f37feb905d req-64131078-11f4-4965-8c00-47267777b543 b604b29f930742539b5c012cd5280b42 42f17eb07b7248cc830ad2aff40773ce - - default default] 10.0.0.27 "GET /v2.0/ports?device_id=691e0964-3c05-43d0-b69d-8021dba70c02 HTTP/1.1" status: 200 len: 1168 time: 0.0608339
2026-07-10 00:59:25.776 9 INFO neutron.wsgi [req-43d8966a-8c1d-4412-bdf6-d4f37feb905d req-4bb96eb9-0cfd-48bc-a22e-9b66f268d8f6 b604b29f930742539b5c012cd5280b42 42f17eb07b7248cc830ad2aff40773ce - - default default] 10.0.0.27 "GET /v2.0/security-groups?id=b7d720f7-4a76-48f0-827b-c29115b7740f&fields=id&fields=name HTTP/1.1" status: 200 len: 313 time: 0.0411074
2026-07-10 00:59:25.862 10 INFO neutron.db.ovn_revision_numbers_db [req-6d65ed97-de50-48f9-a525-5d69845a7eb9 req-d8e454c2-5ed5-4775-a2ad-3199378ccb54 4a924671abaf462ca3d1f222c8adacc3 0cea5b52854c4e668724328acc92db2b - - 95a8e68532af41d59ccacdfea55f3868 95a8e68532af41d59ccacdfea55f3868] Successfully bumped revision number for resource 14c0945a-8c3a-4248-be39-d41308b0dd72 (type: ports) to 2
2026-07-10 00:59:25.887 10 INFO neutron.wsgi [req-6d65ed97-de50-48f9-a525-5d69845a7eb9 req-d8e454c2-5ed5-4775-a2ad-3199378ccb54 4a924671abaf462ca3d1f222c8adacc3 0cea5b52854c4e668724328acc92db2b - - 95a8e68532af41d59ccacdfea55f3868 95a8e68532af41d59ccacdfea55f3868] 199.204.45.205 "PUT /v2.0/ports/14c0945a-8c3a-4248-be39-d41308b0dd72 HTTP/1.1" status: 200 len: 1376 time: 0.7666814
2026-07-10 00:59:25.924 10 INFO neutron.notifiers.nova [-] Nova event matching ['req-97142f9d-75e1-4112-b060-4542382d0a00'] response: {'name': 'network-changed', 'server_uuid': '691e0964-3c05-43d0-b69d-8021dba70c02', 'tag': '14c0945a-8c3a-4248-be39-d41308b0dd72', 'status': 'completed', 'code': 200} /var/lib/openstack/lib/python3.10/site-packages/pycadf/identifier.py:71: UserWarning: Invalid uuid: neutron. To ensure interoperability, identifiers should be a valid uuid. warnings.warn(('Invalid uuid: %s. To ensure interoperability, '
2026-07-10 00:59:25.992 10 INFO neutron.wsgi [req-6d65ed97-de50-48f9-a525-5d69845a7eb9 req-9bbf8705-8693-49d5-8fa1-ca96b08795af 4a924671abaf462ca3d1f222c8adacc3 0cea5b52854c4e668724328acc92db2b - - 95a8e68532af41d59ccacdfea55f3868 95a8e68532af41d59ccacdfea55f3868] 199.204.45.205 "GET /v2.0/ports?tenant_id=42f17eb07b7248cc830ad2aff40773ce&device_id=691e0964-3c05-43d0-b69d-8021dba70c02 HTTP/1.1" status: 200 len: 1407 time: 0.0565603
2026-07-10 00:59:26.035 10 INFO neutron.wsgi [req-6d65ed97-de50-48f9-a525-5d69845a7eb9 req-8efea35b-361a-4ab6-b8d0-5e84c63907c7 4a924671abaf462ca3d1f222c8adacc3 0cea5b52854c4e668724328acc92db2b - - 95a8e68532af41d59ccacdfea55f3868 95a8e68532af41d59ccacdfea55f3868] 199.204.45.205 "GET /v2.0/floatingips?fixed_ip_address=10.100.0.5&port_id=14c0945a-8c3a-4248-be39-d41308b0dd72 HTTP/1.1" status: 200 len: 217 time: 0.0355535
2026-07-10 00:59:26.107 10 INFO neutron.wsgi [req-6d65ed97-de50-48f9-a525-5d69845a7eb9 req-99cb23d2-84c2-418a-9a78-92a0c1edcfd2 4a924671abaf462ca3d1f222c8adacc3 0cea5b52854c4e668724328acc92db2b - - 95a8e68532af41d59ccacdfea55f3868 95a8e68532af41d59ccacdfea55f3868] 199.204.45.205 "GET /v2.0/subnets?id=dd5cd1a3-bca8-4db1-a64a-be4b943cc624 HTTP/1.1" status: 200 len: 862 time: 0.0645039
2026-07-10 00:59:26.137 10 INFO neutron.wsgi [req-6d65ed97-de50-48f9-a525-5d69845a7eb9 req-13b6737d-a2d5-436c-85ef-368e5e27e1af 4a924671abaf462ca3d1f222c8adacc3 0cea5b52854c4e668724328acc92db2b - - 95a8e68532af41d59ccacdfea55f3868 95a8e68532af41d59ccacdfea55f3868] 199.204.45.205 "GET /v2.0/ports?network_id=33224d1f-0b98-4144-b0d6-263997ffd6ef&device_owner=network%3Adhcp HTTP/1.1" status: 200 len: 210 time: 0.0229785
2026-07-10 00:59:26.204 10 INFO neutron.wsgi [req-6d65ed97-de50-48f9-a525-5d69845a7eb9 req-7f32463d-21dd-4984-94cf-512e4c748bfc 4a924671abaf462ca3d1f222c8adacc3 0cea5b52854c4e668724328acc92db2b - - 95a8e68532af41d59ccacdfea55f3868 95a8e68532af41d59ccacdfea55f3868] 199.204.45.205 "GET /v2.0/networks/33224d1f-0b98-4144-b0d6-263997ffd6ef?fields=segments HTTP/1.1" status: 200 len: 212 time: 0.0602698
2026-07-10 00:59:26.276 10 INFO neutron.wsgi [req-6d65ed97-de50-48f9-a525-5d69845a7eb9 req-72db38a2-2e15-4f60-a2c2-547a32e99b08 4a924671abaf462ca3d1f222c8adacc3 0cea5b52854c4e668724328acc92db2b - - 95a8e68532af41d59ccacdfea55f3868 95a8e68532af41d59ccacdfea55f3868] 199.204.45.205 "GET /v2.0/networks/33224d1f-0b98-4144-b0d6-263997ffd6ef?fields=provider%3Aphysical_network&fields=provider%3Anetwork_type HTTP/1.1" status: 200 len: 277 time: 0.0649679
2026-07-10 00:59:26.360 10 INFO neutron.wsgi [req-ac9622c5-5e7b-4432-b572-ae315d2fd470 req-2e3f92df-7c3f-4dd7-89fa-0bc904c069fb 4a924671abaf462ca3d1f222c8adacc3 0cea5b52854c4e668724328acc92db2b - - 95a8e68532af41d59ccacdfea55f3868 95a8e68532af41d59ccacdfea55f3868] 199.204.45.205 "GET /v2.0/ports?tenant_id=42f17eb07b7248cc830ad2aff40773ce&device_id=691e0964-3c05-43d0-b69d-8021dba70c02 HTTP/1.1" status: 200 len: 1407 time: 0.0427206
2026-07-10 00:59:26.442 10 INFO neutron.wsgi [req-ac9622c5-5e7b-4432-b572-ae315d2fd470 req-6d3667d2-6b56-4fb5-9bf7-9ee05b834f5f 4a924671abaf462ca3d1f222c8adacc3 0cea5b52854c4e668724328acc92db2b - - 95a8e68532af41d59ccacdfea55f3868 95a8e68532af41d59ccacdfea55f3868] 199.204.45.205 "GET /v2.0/networks?id=33224d1f-0b98-4144-b0d6-263997ffd6ef HTTP/1.1" status: 200 len: 967 time: 0.0787902
2026-07-10 00:59:26.463 10 INFO neutron.plugins.ml2.drivers.ovn.mech_driver.mech_driver [None req-c44d40b5-c3f5-4776-a4b2-3e0e7535fd5e - - - - - -] OVN reports status up for port: 14c0945a-8c3a-4248-be39-d41308b0dd72
2026-07-10 00:59:26.477 10 INFO neutron.wsgi [req-ac9622c5-5e7b-4432-b572-ae315d2fd470 req-427782f6-eec0-4615-8ac9-d6472918da10 4a924671abaf462ca3d1f222c8adacc3 0cea5b52854c4e668724328acc92db2b - - 95a8e68532af41d59ccacdfea55f3868 95a8e68532af41d59ccacdfea55f3868] 199.204.45.205 "GET /v2.0/floatingips?fixed_ip_address=10.100.0.5&port_id=14c0945a-8c3a-4248-be39-d41308b0dd72 HTTP/1.1" status: 200 len: 217 time: 0.0286441
2026-07-10 00:59:26.506 10 INFO neutron.plugins.ml2.plugin [None req-c44d40b5-c3f5-4776-a4b2-3e0e7535fd5e - - - - - -] Attempt 1 to provision port 14c0945a-8c3a-4248-be39-d41308b0dd72
2026-07-10 00:59:26.547 10 INFO neutron.wsgi [req-ac9622c5-5e7b-4432-b572-ae315d2fd470 req-b90766f3-ccb7-45eb-9830-1226cb82f0c9 4a924671abaf462ca3d1f222c8adacc3 0cea5b52854c4e668724328acc92db2b - - 95a8e68532af41d59ccacdfea55f3868 95a8e68532af41d59ccacdfea55f3868] 199.204.45.205 "GET /v2.0/subnets?id=dd5cd1a3-bca8-4db1-a64a-be4b943cc624 HTTP/1.1" status: 200 len: 862 time: 0.0613844
2026-07-10 00:59:26.596 10 INFO neutron.wsgi [req-ac9622c5-5e7b-4432-b572-ae315d2fd470 req-3b27c162-3c68-499f-8582-5940cad22a16 4a924671abaf462ca3d1f222c8adacc3 0cea5b52854c4e668724328acc92db2b - - 95a8e68532af41d59ccacdfea55f3868 95a8e68532af41d59ccacdfea55f3868] 199.204.45.205 "GET /v2.0/ports?network_id=33224d1f-0b98-4144-b0d6-263997ffd6ef&device_owner=network%3Adhcp HTTP/1.1" status: 200 len: 210 time: 0.0425103
2026-07-10 00:59:26.700 10 INFO neutron.wsgi [req-ac9622c5-5e7b-4432-b572-ae315d2fd470 req-2cf96dde-8078-4c47-b359-288bb1834325 4a924671abaf462ca3d1f222c8adacc3 0cea5b52854c4e668724328acc92db2b - - 95a8e68532af41d59ccacdfea55f3868 95a8e68532af41d59ccacdfea55f3868] 199.204.45.205 "GET /v2.0/networks/33224d1f-0b98-4144-b0d6-263997ffd6ef?fields=segments HTTP/1.1" status: 200 len: 212 time: 0.0943892
2026-07-10 00:59:26.778 9 INFO neutron.wsgi [req-7452a571-18bd-4180-887f-65cc666b5ef3 req-9d1064bd-d34c-42fe-a868-e7bdb19891cf 3ccf8b0bc99e4648abe65cb7a7f891a4 5990a1f3337647d599e47f5aaef48d40 - - default default] 10.0.0.27 "GET /v2.0/ports?device_id=aca44dc3-7b55-4c86-add1-5b14d2510759 HTTP/1.1" status: 200 len: 1168 time: 0.0569131
2026-07-10 00:59:26.793 10 INFO neutron.wsgi [req-ac9622c5-5e7b-4432-b572-ae315d2fd470 req-98614f56-82f1-44cf-9917-288cae7c8b84 4a924671abaf462ca3d1f222c8adacc3 0cea5b52854c4e668724328acc92db2b - - 95a8e68532af41d59ccacdfea55f3868 95a8e68532af41d59ccacdfea55f3868] 199.204.45.205 "GET /v2.0/networks/33224d1f-0b98-4144-b0d6-263997ffd6ef?fields=provider%3Aphysical_network&fields=provider%3Anetwork_type HTTP/1.1" status: 200 len: 277 time: 0.0858572
2026-07-10 00:59:26.856 9 INFO neutron.wsgi [req-7452a571-18bd-4180-887f-65cc666b5ef3 req-7df90164-f09b-499c-8dd4-da7149eee526 3ccf8b0bc99e4648abe65cb7a7f891a4 5990a1f3337647d599e47f5aaef48d40 - - default default] 10.0.0.27 "GET /v2.0/security-groups?id=424dde52-b8e5-43cd-9e59-c423069fe6e7&fields=id&fields=name HTTP/1.1" status: 200 len: 286 time: 0.0669119
2026-07-10 00:59:26.965 9 INFO neutron.wsgi [req-bad403e1-a161-46f4-9d4e-6e2d3f9545c6 req-999fd231-0bba-442a-abf2-b6108670ea8f b604b29f930742539b5c012cd5280b42 42f17eb07b7248cc830ad2aff40773ce - - default default] 10.0.0.27 "GET /v2.0/ports?device_id=691e0964-3c05-43d0-b69d-8021dba70c02 HTTP/1.1" status: 200 len: 1170 time: 0.0615394
2026-07-10 00:59:26.988 10 INFO neutron.db.ovn_revision_numbers_db [None req-c44d40b5-c3f5-4776-a4b2-3e0e7535fd5e - - - - - -] Successfully bumped revision number for resource 14c0945a-8c3a-4248-be39-d41308b0dd72 (type: ports) to 4
2026-07-10 00:59:27.037 9 INFO neutron.wsgi [req-bad403e1-a161-46f4-9d4e-6e2d3f9545c6 req-b0e2aa90-c26a-4da0-ac87-3a09ac2523b5 b604b29f930742539b5c012cd5280b42 42f17eb07b7248cc830ad2aff40773ce - - default default] 10.0.0.27 "GET /v2.0/security-groups?id=b7d720f7-4a76-48f0-827b-c29115b7740f&fields=id&fields=name HTTP/1.1" status: 200 len: 313 time: 0.0664592
2026-07-10 00:59:27.520 10 INFO neutron.wsgi [-] 10.0.0.162 "GET / HTTP/1.1" status: 200 len: 246 time: 0.0031292
2026-07-10 00:59:27.523 10 INFO neutron.wsgi [-] 10.0.0.162 "GET / HTTP/1.1" status: 200 len: 246 time: 0.0019011 /var/lib/openstack/lib/python3.10/site-packages/pycadf/identifier.py:71: UserWarning: Invalid uuid: neutron. To ensure interoperability, identifiers should be a valid uuid. warnings.warn(('Invalid uuid: %s. To ensure interoperability, '
2026-07-10 00:59:27.964 10 INFO neutron.notifiers.nova [-] Nova event matching ['req-b56e1637-128c-4006-86ca-05463fdc15bb'] response: {'server_uuid': '691e0964-3c05-43d0-b69d-8021dba70c02', 'name': 'network-vif-plugged', 'status': 'completed', 'tag': '14c0945a-8c3a-4248-be39-d41308b0dd72', 'code': 200}
2026-07-10 00:59:27.964 10 INFO neutron.notifiers.nova [-] Nova event matching ['req-b56e1637-128c-4006-86ca-05463fdc15bb'] response: {'server_uuid': '691e0964-3c05-43d0-b69d-8021dba70c02', 'name': 'network-vif-plugged', 'status': 'completed', 'tag': '14c0945a-8c3a-4248-be39-d41308b0dd72', 'code': 200}
2026-07-10 00:59:28.000 9 INFO neutron.wsgi [req-81fac202-29fa-46de-bdf2-e711b48ea556 req-a18bff1a-082d-4e57-b569-cc1b1a2180ab 3ccf8b0bc99e4648abe65cb7a7f891a4 5990a1f3337647d599e47f5aaef48d40 - - default default] 10.0.0.27 "GET /v2.0/ports?device_id=aca44dc3-7b55-4c86-add1-5b14d2510759 HTTP/1.1" status: 200 len: 1168 time: 0.0636418
2026-07-10 00:59:28.058 10 INFO neutron.db.ovn_revision_numbers_db [None req-0392a139-e1ab-47c9-a487-45582b84902f fdcfe6efecc7496ca17a5b8c015822be 516d52bf26fe48e4868e535fbc418f23 - - default default] Successfully bumped revision number for resource 55aedb8a-de1f-4fb2-bc0f-70e77fd1adbd (type: security_groups) to 1
2026-07-10 00:59:28.072 9 INFO neutron.wsgi [req-81fac202-29fa-46de-bdf2-e711b48ea556 req-c34c2fb7-f78e-4fb8-8306-dc3ed916cb54 3ccf8b0bc99e4648abe65cb7a7f891a4 5990a1f3337647d599e47f5aaef48d40 - - default default] 10.0.0.27 "GET /v2.0/security-groups?id=424dde52-b8e5-43cd-9e59-c423069fe6e7&fields=id&fields=name HTTP/1.1" status: 200 len: 286 time: 0.0619435
2026-07-10 00:59:28.079 10 INFO neutron.db.ovn_revision_numbers_db [None req-0392a139-e1ab-47c9-a487-45582b84902f fdcfe6efecc7496ca17a5b8c015822be 516d52bf26fe48e4868e535fbc418f23 - - default default] Successfully bumped revision number for resource 203019c4-355f-44ce-8c82-8ef8f048638d (type: security_group_rules) to 0
2026-07-10 00:59:28.105 10 INFO neutron.db.ovn_revision_numbers_db [None req-0392a139-e1ab-47c9-a487-45582b84902f fdcfe6efecc7496ca17a5b8c015822be 516d52bf26fe48e4868e535fbc418f23 - - default default] Successfully bumped revision number for resource 64b80666-9a81-45d6-9601-8f8928d2c74e (type: security_group_rules) to 0
2026-07-10 00:59:28.139 10 INFO neutron.db.ovn_revision_numbers_db [None req-0392a139-e1ab-47c9-a487-45582b84902f fdcfe6efecc7496ca17a5b8c015822be 516d52bf26fe48e4868e535fbc418f23 - - default default] Successfully bumped revision number for resource 7e8764ce-76cd-4b65-9518-913a9fda900e (type: security_group_rules) to 0
2026-07-10 00:59:28.170 10 INFO neutron.db.ovn_revision_numbers_db [None req-0392a139-e1ab-47c9-a487-45582b84902f fdcfe6efecc7496ca17a5b8c015822be 516d52bf26fe48e4868e535fbc418f23 - - default default] Successfully bumped revision number for resource b5120ea8-c762-4908-8fb6-4363b688171b (type: security_group_rules) to 0
2026-07-10 00:59:28.209 10 INFO neutron.wsgi [None req-0392a139-e1ab-47c9-a487-45582b84902f fdcfe6efecc7496ca17a5b8c015822be 516d52bf26fe48e4868e535fbc418f23 - - default default] 10.0.0.99 "GET /v2.0/security-groups?tenant_id=662e1aeb4bb5430385dd0e35a76a10bf&name=default HTTP/1.1" status: 200 len: 3120 time: 0.4995573
2026-07-10 00:59:28.244 9 INFO neutron.wsgi [req-e5924731-ee02-4beb-8eb1-1e9a0649bfc8 req-7ef47be1-15c9-40ac-984b-168986bd4b41 b604b29f930742539b5c012cd5280b42 42f17eb07b7248cc830ad2aff40773ce - - default default] 10.0.0.27 "GET /v2.0/ports?device_id=691e0964-3c05-43d0-b69d-8021dba70c02 HTTP/1.1" status: 200 len: 1170 time: 0.1045616
2026-07-10 00:59:28.299 9 INFO neutron.wsgi [req-e5924731-ee02-4beb-8eb1-1e9a0649bfc8 req-85366bc8-a202-436e-ac03-2e075173e087 b604b29f930742539b5c012cd5280b42 42f17eb07b7248cc830ad2aff40773ce - - default default] 10.0.0.27 "GET /v2.0/security-groups?id=b7d720f7-4a76-48f0-827b-c29115b7740f&fields=id&fields=name HTTP/1.1" status: 200 len: 313 time: 0.0501683
2026-07-10 00:59:28.470 10 INFO neutron.wsgi [None req-aa39d5c9-3d9b-44f3-8bdc-58d1ddd41c27 fdcfe6efecc7496ca17a5b8c015822be 516d52bf26fe48e4868e535fbc418f23 - - default default] 10.0.0.99 "DELETE /v2.0/security-groups/55aedb8a-de1f-4fb2-bc0f-70e77fd1adbd HTTP/1.1" status: 204 len: 168 time: 0.2536597
2026-07-10 00:59:28.595 10 INFO neutron.db.ovn_revision_numbers_db [None req-379c06d6-dc99-4e43-86e0-21fb7a78b5b5 fdcfe6efecc7496ca17a5b8c015822be 516d52bf26fe48e4868e535fbc418f23 - - default default] Successfully bumped revision number for resource b7401e13-2cf7-4492-8727-16625f06f333 (type: security_groups) to 1
2026-07-10 00:59:28.612 10 INFO neutron.db.ovn_revision_numbers_db [None req-379c06d6-dc99-4e43-86e0-21fb7a78b5b5 fdcfe6efecc7496ca17a5b8c015822be 516d52bf26fe48e4868e535fbc418f23 - - default default] Successfully bumped revision number for resource 7c1379ee-6478-4650-874f-49364933f61b (type: security_group_rules) to 0
2026-07-10 00:59:28.628 10 INFO neutron.db.ovn_revision_numbers_db [None req-379c06d6-dc99-4e43-86e0-21fb7a78b5b5 fdcfe6efecc7496ca17a5b8c015822be 516d52bf26fe48e4868e535fbc418f23 - - default default] Successfully bumped revision number for resource c87bf485-a727-4eee-a5a8-e0ed5b15d6cd (type: security_group_rules) to 0
2026-07-10 00:59:28.644 10 INFO neutron.db.ovn_revision_numbers_db [None req-379c06d6-dc99-4e43-86e0-21fb7a78b5b5 fdcfe6efecc7496ca17a5b8c015822be 516d52bf26fe48e4868e535fbc418f23 - - default default] Successfully bumped revision number for resource c8ea1131-b277-4cb6-a243-bff4b19d94a4 (type: security_group_rules) to 0
2026-07-10 00:59:28.664 10 INFO neutron.db.ovn_revision_numbers_db [None req-379c06d6-dc99-4e43-86e0-21fb7a78b5b5 fdcfe6efecc7496ca17a5b8c015822be 516d52bf26fe48e4868e535fbc418f23 - - default default] Successfully bumped revision number for resource f6877b8b-8293-40db-ae34-203718a425bb (type: security_group_rules) to 0
2026-07-10 00:59:28.687 10 INFO neutron.wsgi [None req-379c06d6-dc99-4e43-86e0-21fb7a78b5b5 fdcfe6efecc7496ca17a5b8c015822be 516d52bf26fe48e4868e535fbc418f23 - - default default] 10.0.0.99 "GET /v2.0/security-groups?tenant_id=7847835b0109474fb77d3171c35ff565&name=default HTTP/1.1" status: 200 len: 3120 time: 0.3323829
2026-07-10 00:59:28.909 10 INFO neutron.wsgi [None req-3041b702-c933-4613-8fac-3985296266a0 fdcfe6efecc7496ca17a5b8c015822be 516d52bf26fe48e4868e535fbc418f23 - - default default] 10.0.0.99 "DELETE /v2.0/security-groups/b7401e13-2cf7-4492-8727-16625f06f333 HTTP/1.1" status: 204 len: 168 time: 0.2157907
2026-07-10 00:59:29.195 9 INFO neutron.wsgi [req-4d379f19-977b-41c6-a8a3-71ba81d52d65 req-2c27bd26-0fd4-4f4c-914c-6fde3968ae9a 3ccf8b0bc99e4648abe65cb7a7f891a4 5990a1f3337647d599e47f5aaef48d40 - - default default] 10.0.0.27 "GET /v2.0/ports?device_id=aca44dc3-7b55-4c86-add1-5b14d2510759 HTTP/1.1" status: 200 len: 1168 time: 0.0503218
2026-07-10 00:59:29.253 9 INFO neutron.wsgi [req-4d379f19-977b-41c6-a8a3-71ba81d52d65 req-2265fc1d-8b0c-4f34-9d97-373aadc72466 3ccf8b0bc99e4648abe65cb7a7f891a4 5990a1f3337647d599e47f5aaef48d40 - - default default] 10.0.0.27 "GET /v2.0/security-groups?id=424dde52-b8e5-43cd-9e59-c423069fe6e7&fields=id&fields=name HTTP/1.1" status: 200 len: 286 time: 0.0507023
2026-07-10 00:59:29.258 9 INFO neutron.db.ovn_revision_numbers_db [None req-54ad95ec-0360-4848-b22c-7d7062006866 fdcfe6efecc7496ca17a5b8c015822be 516d52bf26fe48e4868e535fbc418f23 - - default default] Successfully bumped revision number for resource 5a3383cf-da76-4522-b8d1-e548d5175b15 (type: security_groups) to 1
2026-07-10 00:59:29.276 9 INFO neutron.db.ovn_revision_numbers_db [None req-54ad95ec-0360-4848-b22c-7d7062006866 fdcfe6efecc7496ca17a5b8c015822be 516d52bf26fe48e4868e535fbc418f23 - - default default] Successfully bumped revision number for resource 287fca84-04de-414b-81cb-37c38d53e57a (type: security_group_rules) to 0
2026-07-10 00:59:29.289 9 INFO neutron.db.ovn_revision_numbers_db [None req-54ad95ec-0360-4848-b22c-7d7062006866 fdcfe6efecc7496ca17a5b8c015822be 516d52bf26fe48e4868e535fbc418f23 - - default default] Successfully bumped revision number for resource 6720b4fc-9b6e-44b5-b004-38a6427de7f9 (type: security_group_rules) to 0
2026-07-10 00:59:29.303 9 INFO neutron.db.ovn_revision_numbers_db [None req-54ad95ec-0360-4848-b22c-7d7062006866 fdcfe6efecc7496ca17a5b8c015822be 516d52bf26fe48e4868e535fbc418f23 - - default default] Successfully bumped revision number for resource 7e7016cc-c55d-4680-8074-1b62287e8bc3 (type: security_group_rules) to 0
2026-07-10 00:59:29.318 9 INFO neutron.db.ovn_revision_numbers_db [None req-54ad95ec-0360-4848-b22c-7d7062006866 fdcfe6efecc7496ca17a5b8c015822be 516d52bf26fe48e4868e535fbc418f23 - - default default] Successfully bumped revision number for resource be173888-f524-4139-a433-4a465ac64a66 (type: security_group_rules) to 0
2026-07-10 00:59:29.341 9 INFO neutron.wsgi [None req-54ad95ec-0360-4848-b22c-7d7062006866 fdcfe6efecc7496ca17a5b8c015822be 516d52bf26fe48e4868e535fbc418f23 - - default default] 10.0.0.99 "GET /v2.0/security-groups?tenant_id=83d82082394747f88adc35e981d55a35&name=default HTTP/1.1" status: 200 len: 3120 time: 0.2320819
2026-07-10 00:59:29.408 9 INFO neutron.wsgi [req-5bc9eade-ed75-4c8c-a357-16e23d398878 req-e6d3967d-bf1a-4aee-ae35-d265a2274d44 b604b29f930742539b5c012cd5280b42 42f17eb07b7248cc830ad2aff40773ce - - default default] 10.0.0.27 "GET /v2.0/ports?device_id=691e0964-3c05-43d0-b69d-8021dba70c02 HTTP/1.1" status: 200 len: 1170 time: 0.0452549
2026-07-10 00:59:29.473 9 INFO neutron.wsgi [req-5bc9eade-ed75-4c8c-a357-16e23d398878 req-2632a1a0-4554-4a23-92d8-87bcf5035848 b604b29f930742539b5c012cd5280b42 42f17eb07b7248cc830ad2aff40773ce - - default default] 10.0.0.27 "GET /v2.0/security-groups?id=b7d720f7-4a76-48f0-827b-c29115b7740f&fields=id&fields=name HTTP/1.1" status: 200 len: 313 time: 0.0582891
2026-07-10 00:59:29.584 9 INFO neutron.wsgi [req-24417c4a-a016-4c3e-a502-196aac18c389 req-3e1d47de-b284-49ad-8f26-f50766c6f1d9 b604b29f930742539b5c012cd5280b42 42f17eb07b7248cc830ad2aff40773ce - - default default] 10.0.0.27 "GET /v2.0/ports?device_id=691e0964-3c05-43d0-b69d-8021dba70c02 HTTP/1.1" status: 200 len: 1170 time: 0.0466554
2026-07-10 00:59:29.694 9 INFO neutron.wsgi [None req-328dd7e0-797c-471d-956a-ff05f95e0bf2 fdcfe6efecc7496ca17a5b8c015822be 516d52bf26fe48e4868e535fbc418f23 - - default default] 10.0.0.99 "DELETE /v2.0/security-groups/5a3383cf-da76-4522-b8d1-e548d5175b15 HTTP/1.1" status: 204 len: 168 time: 0.3478010
2026-07-10 00:59:29.897 9 WARNING neutron.plugins.ml2.drivers.ovn.mech_driver.ovsdb.ovn_client [None req-d0b11067-93fc-4619-b573-f0f8e2ce51cc - - - - - -] No hosting information found for port 9e9eedcd-b5cf-44f6-b444-dad64a7bd10e: RuntimeError: No hosting information found for port 9e9eedcd-b5cf-44f6-b444-dad64a7bd10e
2026-07-10 00:59:29.897 9 INFO neutron.plugins.ml2.drivers.ovn.mech_driver.mech_driver [None req-d0b11067-93fc-4619-b573-f0f8e2ce51cc - - - - - -] OVN reports status up for port: d5906e74-8e90-41d6-be0b-0ea5a11e8e03
2026-07-10 00:59:29.923 9 INFO neutron.plugins.ml2.plugin [None req-d0b11067-93fc-4619-b573-f0f8e2ce51cc - - - - - -] Attempt 1 to provision port d5906e74-8e90-41d6-be0b-0ea5a11e8e03
2026-07-10 00:59:30.310 9 INFO neutron.notifiers.nova [-] Nova event matching ['req-9e9f65e7-10c1-437d-9fd3-be0b903658a9'] response: {'server_uuid': 'aca44dc3-7b55-4c86-add1-5b14d2510759', 'name': 'network-vif-plugged', 'status': 'completed', 'tag': 'd5906e74-8e90-41d6-be0b-0ea5a11e8e03', 'code': 200}
2026-07-10 00:59:30.482 9 INFO neutron.wsgi [req-36fc1ccb-e657-4b07-be0d-9169b7a657a7 req-aac3b249-2574-45a5-aadf-39aaf0398c87 3ccf8b0bc99e4648abe65cb7a7f891a4 5990a1f3337647d599e47f5aaef48d40 - - default default] 10.0.0.27 "GET /v2.0/ports?device_id=aca44dc3-7b55-4c86-add1-5b14d2510759 HTTP/1.1" status: 200 len: 1170 time: 0.1582193
2026-07-10 00:59:30.565 9 INFO neutron.db.ovn_revision_numbers_db [None req-ce1d7e8c-8866-4e9b-b693-f18ec657d20f b604b29f930742539b5c012cd5280b42 42f17eb07b7248cc830ad2aff40773ce - - default default] Successfully bumped revision number for resource 21ec26bd-71ba-442c-9bd6-a08d780e255c (type: floatingips) to 1
2026-07-10 00:59:30.582 9 INFO neutron.wsgi [req-36fc1ccb-e657-4b07-be0d-9169b7a657a7 req-4d9b441d-37ab-43dc-83b4-55d707dcd8ae 3ccf8b0bc99e4648abe65cb7a7f891a4 5990a1f3337647d599e47f5aaef48d40 - - default default] 10.0.0.27 "GET /v2.0/security-groups?id=424dde52-b8e5-43cd-9e59-c423069fe6e7&fields=id&fields=name HTTP/1.1" status: 200 len: 286 time: 0.0949619
2026-07-10 00:59:30.648 9 INFO neutron.db.ovn_revision_numbers_db [None req-d0b11067-93fc-4619-b573-f0f8e2ce51cc - - - - - -] Successfully bumped revision number for resource d5906e74-8e90-41d6-be0b-0ea5a11e8e03 (type: ports) to 4
2026-07-10 00:59:30.734 9 INFO neutron.db.ovn_revision_numbers_db [None req-ce1d7e8c-8866-4e9b-b693-f18ec657d20f b604b29f930742539b5c012cd5280b42 42f17eb07b7248cc830ad2aff40773ce - - default default] Successfully bumped revision number for resource 21ec26bd-71ba-442c-9bd6-a08d780e255c (type: floatingips) to 2
2026-07-10 00:59:30.735 9 INFO neutron.db.l3_db [None req-ce1d7e8c-8866-4e9b-b693-f18ec657d20f b604b29f930742539b5c012cd5280b42 42f17eb07b7248cc830ad2aff40773ce - - default default] Floating IP 21ec26bd-71ba-442c-9bd6-a08d780e255c associated. External IP: 10.96.250.202, port: 14c0945a-8c3a-4248-be39-d41308b0dd72.
2026-07-10 00:59:30.768 9 INFO neutron.wsgi [None req-ce1d7e8c-8866-4e9b-b693-f18ec657d20f b604b29f930742539b5c012cd5280b42 42f17eb07b7248cc830ad2aff40773ce - - default default] 10.0.0.99 "PUT /v2.0/floatingips/21ec26bd-71ba-442c-9bd6-a08d780e255c HTTP/1.1" status: 200 len: 1049 time: 1.1730514 /var/lib/openstack/lib/python3.10/site-packages/pycadf/identifier.py:71: UserWarning: Invalid uuid: neutron. To ensure interoperability, identifiers should be a valid uuid. warnings.warn(('Invalid uuid: %s. To ensure interoperability, '
2026-07-10 00:59:30.869 9 INFO neutron.wsgi [req-0d995a4c-7dca-4746-86d1-5b83081a9a9f req-74814352-3729-4f42-a835-f316c1f99167 b604b29f930742539b5c012cd5280b42 42f17eb07b7248cc830ad2aff40773ce - - default default] 10.0.0.27 "GET /v2.0/ports?device_id=691e0964-3c05-43d0-b69d-8021dba70c02 HTTP/1.1" status: 200 len: 1170 time: 0.0437093
2026-07-10 00:59:30.916 9 INFO neutron.wsgi [req-0d995a4c-7dca-4746-86d1-5b83081a9a9f req-a449828d-75b9-491e-856f-b72733cf3b64 b604b29f930742539b5c012cd5280b42 42f17eb07b7248cc830ad2aff40773ce - - default default] 10.0.0.27 "GET /v2.0/security-groups?id=b7d720f7-4a76-48f0-827b-c29115b7740f&fields=id&fields=name HTTP/1.1" status: 200 len: 313 time: 0.0409796
2026-07-10 00:59:31.229 10 INFO neutron.plugins.ml2.drivers.ovn.mech_driver.mech_driver [None req-c44d40b5-c3f5-4776-a4b2-3e0e7535fd5e - - - - - -] OVN reports status down for port: 14c0945a-8c3a-4248-be39-d41308b0dd72
2026-07-10 00:59:31.254 9 INFO neutron.wsgi [req-9fee04db-4117-426c-9f9f-34299ac86cb3 req-2a6c8bfd-2366-46af-97d4-7614eb5c9d74 b604b29f930742539b5c012cd5280b42 42f17eb07b7248cc830ad2aff40773ce - - default default] 10.0.0.27 "GET /v2.0/ports?device_id=691e0964-3c05-43d0-b69d-8021dba70c02 HTTP/1.1" status: 200 len: 1170 time: 0.0877964
2026-07-10 00:59:31.331 9 INFO neutron.wsgi [req-9fee04db-4117-426c-9f9f-34299ac86cb3 req-0bb7835e-02f9-420c-928b-bf941b49a3ba b604b29f930742539b5c012cd5280b42 42f17eb07b7248cc830ad2aff40773ce - - default default] 10.0.0.27 "GET /v2.0/security-groups?id=b7d720f7-4a76-48f0-827b-c29115b7740f&fields=id&fields=name HTTP/1.1" status: 200 len: 313 time: 0.0689993
2026-07-10 00:59:31.502 10 INFO neutron.notifiers.nova [-] Nova event matching ['req-ce9fed6e-92c6-41d5-bd0a-46f320f7e44c'] response: {'server_uuid': '691e0964-3c05-43d0-b69d-8021dba70c02', 'name': 'network-vif-unplugged', 'status': 'completed', 'tag': '14c0945a-8c3a-4248-be39-d41308b0dd72', 'code': 200} /var/lib/openstack/lib/python3.10/site-packages/pycadf/identifier.py:71: UserWarning: Invalid uuid: neutron. To ensure interoperability, identifiers should be a valid uuid. warnings.warn(('Invalid uuid: %s. To ensure interoperability, '
2026-07-10 00:59:31.682 10 INFO neutron.wsgi [req-b48ec2b4-db0e-4ffd-b332-798888ceb19f req-02a02b77-877d-498e-b723-7f8fd50d9cc2 b604b29f930742539b5c012cd5280b42 42f17eb07b7248cc830ad2aff40773ce - - default default] 199.204.45.205 "GET /v2.0/ports?device_id=691e0964-3c05-43d0-b69d-8021dba70c02 HTTP/1.1" status: 200 len: 1168 time: 0.1520801
2026-07-10 00:59:31.690 9 INFO neutron.wsgi [req-a1e859b8-5c5b-4fb1-a87c-11f1e71687b3 req-3d36aaa0-6620-4e07-8e8c-06b2df13b947 3ccf8b0bc99e4648abe65cb7a7f891a4 5990a1f3337647d599e47f5aaef48d40 - - default default] 10.0.0.27 "GET /v2.0/ports?device_id=aca44dc3-7b55-4c86-add1-5b14d2510759 HTTP/1.1" status: 200 len: 1170 time: 0.0438352
2026-07-10 00:59:31.711 10 INFO neutron.db.ovn_revision_numbers_db [None req-c44d40b5-c3f5-4776-a4b2-3e0e7535fd5e - - - - - -] Successfully bumped revision number for resource 14c0945a-8c3a-4248-be39-d41308b0dd72 (type: ports) to 5
2026-07-10 00:59:31.759 9 INFO neutron.wsgi [req-a1e859b8-5c5b-4fb1-a87c-11f1e71687b3 req-b2744b83-bd1b-4de2-ac06-40cd367cd299 3ccf8b0bc99e4648abe65cb7a7f891a4 5990a1f3337647d599e47f5aaef48d40 - - default default] 10.0.0.27 "GET /v2.0/security-groups?id=424dde52-b8e5-43cd-9e59-c423069fe6e7&fields=id&fields=name HTTP/1.1" status: 200 len: 286 time: 0.0580826
2026-07-10 00:59:32.151 9 INFO neutron.plugins.ml2.drivers.ovn.mech_driver.mech_driver [None req-d0b11067-93fc-4619-b573-f0f8e2ce51cc - - - - - -] OVN reports status down for port: d5906e74-8e90-41d6-be0b-0ea5a11e8e03
2026-07-10 00:59:32.181 9 INFO neutron.wsgi [req-86fb461e-814d-4afc-bc9a-8231ec052d1d req-b06459b8-095f-4408-bb9b-1ee7902ddf6c 3ccf8b0bc99e4648abe65cb7a7f891a4 5990a1f3337647d599e47f5aaef48d40 - - default default] 10.0.0.27 "GET /v2.0/ports?device_id=aca44dc3-7b55-4c86-add1-5b14d2510759 HTTP/1.1" status: 200 len: 1170 time: 0.0724530
2026-07-10 00:59:32.218 10 INFO neutron.db.l3_db [req-b48ec2b4-db0e-4ffd-b332-798888ceb19f req-46e00264-3e16-4ceb-b439-c899b434688d b604b29f930742539b5c012cd5280b42 42f17eb07b7248cc830ad2aff40773ce - - default default] Floating IP 21ec26bd-71ba-442c-9bd6-a08d780e255c disassociated. External IP: 10.96.250.202, port: 14c0945a-8c3a-4248-be39-d41308b0dd72.
2026-07-10 00:59:32.251 9 INFO neutron.wsgi [req-86fb461e-814d-4afc-bc9a-8231ec052d1d req-631342aa-bbd0-416e-9775-2bb0692f6e87 3ccf8b0bc99e4648abe65cb7a7f891a4 5990a1f3337647d599e47f5aaef48d40 - - default default] 10.0.0.27 "GET /v2.0/security-groups?id=424dde52-b8e5-43cd-9e59-c423069fe6e7&fields=id&fields=name HTTP/1.1" status: 200 len: 286 time: 0.0524683
2026-07-10 00:59:32.359 9 INFO neutron.notifiers.nova [-] Nova event matching ['req-3022c4c1-120d-4d8b-90e4-ab6b869f997e'] response: {'server_uuid': 'aca44dc3-7b55-4c86-add1-5b14d2510759', 'name': 'network-vif-plugged', 'status': 'completed', 'tag': 'd5906e74-8e90-41d6-be0b-0ea5a11e8e03', 'code': 200}
2026-07-10 00:59:32.359 9 INFO neutron.notifiers.nova [-] Nova event matching ['req-3022c4c1-120d-4d8b-90e4-ab6b869f997e'] response: {'name': 'network-changed', 'server_uuid': '691e0964-3c05-43d0-b69d-8021dba70c02', 'tag': '14c0945a-8c3a-4248-be39-d41308b0dd72', 'status': 'completed', 'code': 200}
2026-07-10 00:59:32.359 9 INFO neutron.notifiers.nova [-] Nova event matching ['req-3022c4c1-120d-4d8b-90e4-ab6b869f997e'] response: {'server_uuid': 'aca44dc3-7b55-4c86-add1-5b14d2510759', 'name': 'network-vif-unplugged', 'status': 'completed', 'tag': 'd5906e74-8e90-41d6-be0b-0ea5a11e8e03', 'code': 200}
2026-07-10 00:59:32.405 10 INFO neutron.wsgi [req-b48ec2b4-db0e-4ffd-b332-798888ceb19f req-46e00264-3e16-4ceb-b439-c899b434688d b604b29f930742539b5c012cd5280b42 42f17eb07b7248cc830ad2aff40773ce - - default default] 199.204.45.205 "DELETE /v2.0/ports/14c0945a-8c3a-4248-be39-d41308b0dd72 HTTP/1.1" status: 204 len: 173 time: 0.7177327
2026-07-10 00:59:32.431 9 INFO neutron.wsgi [req-9da3edc2-e760-404c-ae8c-1ce09eb09c8d req-c9fafd4c-55af-4282-bdd3-595b7064c54e 4a924671abaf462ca3d1f222c8adacc3 0cea5b52854c4e668724328acc92db2b - - 95a8e68532af41d59ccacdfea55f3868 95a8e68532af41d59ccacdfea55f3868] 199.204.45.205 "GET /v2.0/ports?tenant_id=42f17eb07b7248cc830ad2aff40773ce&device_id=691e0964-3c05-43d0-b69d-8021dba70c02 HTTP/1.1" status: 200 len: 210 time: 0.0445678
2026-07-10 00:59:32.450 9 INFO neutron.wsgi [req-aaf94c7d-2fad-4fdf-89fc-bd1d5fc85115 req-a227bc52-7bbe-440c-9022-5209dc35242a b604b29f930742539b5c012cd5280b42 42f17eb07b7248cc830ad2aff40773ce - - default default] 10.0.0.27 "GET /v2.0/ports?device_id=691e0964-3c05-43d0-b69d-8021dba70c02 HTTP/1.1" status: 200 len: 210 time: 0.0310333
2026-07-10 00:59:32.492 9 INFO neutron.wsgi [req-e4a62dcc-861e-4c41-a31b-f59f86551786 req-9b9a5b20-59fb-48d0-a767-947fcb7972fa 3ccf8b0bc99e4648abe65cb7a7f891a4 5990a1f3337647d599e47f5aaef48d40 - - default default] 199.204.45.205 "GET /v2.0/ports?device_id=aca44dc3-7b55-4c86-add1-5b14d2510759 HTTP/1.1" status: 200 len: 1168 time: 0.0502312
2026-07-10 00:59:32.600 9 INFO neutron.db.ovn_revision_numbers_db [None req-d0b11067-93fc-4619-b573-f0f8e2ce51cc - - - - - -] Successfully bumped revision number for resource d5906e74-8e90-41d6-be0b-0ea5a11e8e03 (type: ports) to 5 /var/lib/openstack/lib/python3.10/site-packages/pycadf/identifier.py:71: UserWarning: Invalid uuid: neutron. To ensure interoperability, identifiers should be a valid uuid. warnings.warn(('Invalid uuid: %s. To ensure interoperability, '
2026-07-10 00:59:32.763 10 INFO neutron.db.ovn_revision_numbers_db [None req-c9442b95-63cb-4409-a5f3-ee7de05ec905 fdcfe6efecc7496ca17a5b8c015822be 516d52bf26fe48e4868e535fbc418f23 - - default default] Successfully bumped revision number for resource ab596e88-78f8-4473-90ca-0f9a01f4de05 (type: security_groups) to 1
2026-07-10 00:59:32.777 10 INFO neutron.db.ovn_revision_numbers_db [None req-c9442b95-63cb-4409-a5f3-ee7de05ec905 fdcfe6efecc7496ca17a5b8c015822be 516d52bf26fe48e4868e535fbc418f23 - - default default] Successfully bumped revision number for resource 0918bc8e-c260-42d8-93b9-bb9d5694baa4 (type: security_group_rules) to 0
2026-07-10 00:59:32.790 10 INFO neutron.db.ovn_revision_numbers_db [None req-c9442b95-63cb-4409-a5f3-ee7de05ec905 fdcfe6efecc7496ca17a5b8c015822be 516d52bf26fe48e4868e535fbc418f23 - - default default] Successfully bumped revision number for resource 13df7c9c-625d-4f87-83bc-9b26057eb592 (type: security_group_rules) to 0
2026-07-10 00:59:32.806 10 INFO neutron.db.ovn_revision_numbers_db [None req-c9442b95-63cb-4409-a5f3-ee7de05ec905 fdcfe6efecc7496ca17a5b8c015822be 516d52bf26fe48e4868e535fbc418f23 - - default default] Successfully bumped revision number for resource d473f4f7-2195-4114-9b49-83f6df56ee71 (type: security_group_rules) to 0
2026-07-10 00:59:32.818 10 INFO neutron.db.ovn_revision_numbers_db [None req-c9442b95-63cb-4409-a5f3-ee7de05ec905 fdcfe6efecc7496ca17a5b8c015822be 516d52bf26fe48e4868e535fbc418f23 - - default default] Successfully bumped revision number for resource e4971841-f4b3-41c6-a6af-a5d9e5a480a5 (type: security_group_rules) to 0
2026-07-10 00:59:32.838 10 INFO neutron.wsgi [None req-c9442b95-63cb-4409-a5f3-ee7de05ec905 fdcfe6efecc7496ca17a5b8c015822be 516d52bf26fe48e4868e535fbc418f23 - - default default] 10.0.0.99 "GET /v2.0/security-groups?tenant_id=cf929f76d44f406592184d7a12970d31&name=default HTTP/1.1" status: 200 len: 3120 time: 0.3862417
2026-07-10 00:59:32.853 9 INFO neutron.wsgi [req-e4a62dcc-861e-4c41-a31b-f59f86551786 req-5314f3a8-0c23-41bc-88dc-4c2b2a45be62 3ccf8b0bc99e4648abe65cb7a7f891a4 5990a1f3337647d599e47f5aaef48d40 - - default default] 199.204.45.205 "DELETE /v2.0/ports/d5906e74-8e90-41d6-be0b-0ea5a11e8e03 HTTP/1.1" status: 204 len: 173 time: 0.3560688
2026-07-10 00:59:33.083 10 INFO neutron.wsgi [None req-034903ae-f30c-47f9-912b-bf18b695be1c fdcfe6efecc7496ca17a5b8c015822be 516d52bf26fe48e4868e535fbc418f23 - - default default] 10.0.0.99 "DELETE /v2.0/security-groups/ab596e88-78f8-4473-90ca-0f9a01f4de05 HTTP/1.1" status: 204 len: 168 time: 0.2407656 /var/lib/openstack/lib/python3.10/site-packages/pycadf/identifier.py:71: UserWarning: Invalid uuid: neutron. To ensure interoperability, identifiers should be a valid uuid. warnings.warn(('Invalid uuid: %s. To ensure interoperability, '
2026-07-10 00:59:33.547 10 INFO neutron.notifiers.nova [-] Nova event matching ['req-7b5dbaed-4afb-4181-a25c-06267e000e70'] response: {'server_uuid': '691e0964-3c05-43d0-b69d-8021dba70c02', 'name': 'network-vif-unplugged', 'status': 'completed', 'tag': '14c0945a-8c3a-4248-be39-d41308b0dd72', 'code': 200}
2026-07-10 00:59:33.547 10 INFO neutron.notifiers.nova [-] Nova event matching ['req-7b5dbaed-4afb-4181-a25c-06267e000e70'] response: {'server_uuid': '691e0964-3c05-43d0-b69d-8021dba70c02', 'name': 'network-vif-deleted', 'tag': '14c0945a-8c3a-4248-be39-d41308b0dd72', 'status': 'completed', 'code': 200}
2026-07-10 00:59:33.677 9 INFO neutron.wsgi [None req-35ab8798-73fb-41e7-9155-9fd988783f49 b604b29f930742539b5c012cd5280b42 42f17eb07b7248cc830ad2aff40773ce - - default default] 10.0.0.99 "DELETE /v2.0/security-groups/b7d720f7-4a76-48f0-827b-c29115b7740f HTTP/1.1" status: 204 len: 168 time: 0.1476545
2026-07-10 00:59:33.698 9 INFO neutron.api.v2.resource [None req-44c287f6-f275-4d9d-9080-af5e8d184b68 b604b29f930742539b5c012cd5280b42 42f17eb07b7248cc830ad2aff40773ce - - default default] show failed (client error): The resource could not be found.
2026-07-10 00:59:33.700 9 INFO neutron.wsgi [None req-44c287f6-f275-4d9d-9080-af5e8d184b68 b604b29f930742539b5c012cd5280b42 42f17eb07b7248cc830ad2aff40773ce - - default default] 10.0.0.99 "GET /v2.0/security-groups/b7d720f7-4a76-48f0-827b-c29115b7740f HTTP/1.1" status: 404 len: 347 time: 0.0176022
2026-07-10 00:59:34.123 9 INFO neutron.wsgi [None req-24b07383-5b93-4806-bccf-6d710097634c b604b29f930742539b5c012cd5280b42 42f17eb07b7248cc830ad2aff40773ce - - default default] 10.0.0.99 "DELETE /v2.0/floatingips/21ec26bd-71ba-442c-9bd6-a08d780e255c HTTP/1.1" status: 204 len: 168 time: 0.4178619
2026-07-10 00:59:34.419 9 INFO neutron.notifiers.nova [-] Nova event matching ['req-24a88ead-af9e-42a6-adc8-19db03b3fbba'] response: {'server_uuid': 'aca44dc3-7b55-4c86-add1-5b14d2510759', 'name': 'network-vif-unplugged', 'status': 'completed', 'tag': 'd5906e74-8e90-41d6-be0b-0ea5a11e8e03', 'code': 200}
2026-07-10 00:59:34.419 9 INFO neutron.notifiers.nova [-] Nova event matching ['req-24a88ead-af9e-42a6-adc8-19db03b3fbba'] response: {'server_uuid': 'aca44dc3-7b55-4c86-add1-5b14d2510759', 'name': 'network-vif-deleted', 'tag': 'd5906e74-8e90-41d6-be0b-0ea5a11e8e03', 'status': 'completed', 'code': 200}
2026-07-10 00:59:34.624 10 INFO neutron.wsgi [None req-cc41eb47-9afb-4f3c-ada8-31aad565b22b fdcfe6efecc7496ca17a5b8c015822be 516d52bf26fe48e4868e535fbc418f23 - - default default] 10.0.0.99 "PUT /v2.0/routers/93ec730f-60c1-43de-93db-d20fde3495a7/remove_router_interface HTTP/1.1" status: 200 len: 503 time: 1.3146219 /var/lib/openstack/lib/python3.10/site-packages/pycadf/identifier.py:71: UserWarning: Invalid uuid: neutron. To ensure interoperability, identifiers should be a valid uuid. warnings.warn(('Invalid uuid: %s. To ensure interoperability, '
2026-07-10 00:59:35.285 9 INFO neutron.wsgi [None req-8b93ad6a-0d09-4bf6-8e57-43b193134ec4 fdcfe6efecc7496ca17a5b8c015822be 516d52bf26fe48e4868e535fbc418f23 - - default default] 10.0.0.99 "PUT /v2.0/routers/ebf6aa3a-fdfd-4dc6-b54b-27cb41ad03c7/remove_router_interface HTTP/1.1" status: 200 len: 503 time: 1.1526313 /var/lib/openstack/lib/python3.10/site-packages/pycadf/identifier.py:71: UserWarning: Invalid uuid: neutron. To ensure interoperability, identifiers should be a valid uuid. warnings.warn(('Invalid uuid: %s. To ensure interoperability, '
2026-07-10 00:59:35.609 9 WARNING neutron_lib.context [None req-840beb96-5984-4d2f-a76d-74ac72d59895 b06a3996ee7544cc9ac370d43e755752 e004169ee308460e9ab8017c4ff56358 - - default default] Method 'is_advsvc' is deprecated since 2023.2 release (neutron-lib 3.8.0) and will be removed once support for the old RBAC API policies will be removed from Neutron. Please use method 'is_service_role' instead.
2026-07-10 00:59:35.803 10 INFO neutron.wsgi [None req-d18e775b-2dc5-4bbe-92b3-1b647744b189 fdcfe6efecc7496ca17a5b8c015822be 516d52bf26fe48e4868e535fbc418f23 - - default default] 10.0.0.99 "DELETE /v2.0/routers/93ec730f-60c1-43de-93db-d20fde3495a7 HTTP/1.1" status: 204 len: 168 time: 1.1739039
