2026-04-27 22:07:16.040 9 INFO neutron.wsgi [None req-04a3792c-0667-4e8d-8c68-79d03dadfaf1 9b379e5b372347278443f225ab7208b7 625d549dd3ff4277990adb6b5268f6a3 - - default default] 10.0.0.105 "POST /v2.0/subnetpools HTTP/1.1" status: 201 len: 715 time: 0.0624063
2026-04-27 22:07:16.051 9 WARNING neutron_lib.context [None req-1399c99d-860c-4a3b-addc-5c9e2b0145e0 9b379e5b372347278443f225ab7208b7 625d549dd3ff4277990adb6b5268f6a3 - - default default] Method 'is_advsvc' is deprecated since 2023.2 release (neutron-lib 3.8.0) and will be removed once support for the old RBAC API policies will be removed from Neutron. Please use method 'is_service_role' instead.
2026-04-27 22:07:16.107 9 INFO neutron.wsgi [None req-1399c99d-860c-4a3b-addc-5c9e2b0145e0 9b379e5b372347278443f225ab7208b7 625d549dd3ff4277990adb6b5268f6a3 - - default default] 10.0.0.105 "POST /v2.0/subnetpools HTTP/1.1" status: 201 len: 715 time: 0.0617049
2026-04-27 22:07:16.117 9 WARNING neutron_lib.context [None req-208cfa14-b521-4fa5-a3ba-eeae64212ff3 9b379e5b372347278443f225ab7208b7 625d549dd3ff4277990adb6b5268f6a3 - - default default] Method 'is_advsvc' is deprecated since 2023.2 release (neutron-lib 3.8.0) and will be removed once support for the old RBAC API policies will be removed from Neutron. Please use method 'is_service_role' instead.
2026-04-27 22:07:16.170 9 INFO neutron.wsgi [None req-208cfa14-b521-4fa5-a3ba-eeae64212ff3 9b379e5b372347278443f225ab7208b7 625d549dd3ff4277990adb6b5268f6a3 - - default default] 10.0.0.105 "POST /v2.0/subnetpools HTTP/1.1" status: 201 len: 715 time: 0.0582943
2026-04-27 22:07:16.213 9 INFO neutron.wsgi [None req-ad1934de-5880-4ea2-b032-d8d2dd4991a1 9b379e5b372347278443f225ab7208b7 625d549dd3ff4277990adb6b5268f6a3 - - default default] 10.0.0.105 "PUT /v2.0/subnetpools/89c6c7b1-48fb-459b-b373-94c05290308a/tags HTTP/1.1" status: 200 len: 210 time: 0.0384355
2026-04-27 22:07:16.268 10 INFO neutron.wsgi [None req-38ed23ad-616e-41d2-afaf-44cdd2a02ed2 9b379e5b372347278443f225ab7208b7 625d549dd3ff4277990adb6b5268f6a3 - - default default] 10.0.0.105 "PUT /v2.0/subnetpools/6cdd30d4-ee5e-4478-89a9-87a7dd1f472f/tags HTTP/1.1" status: 200 len: 218 time: 0.0508478
2026-04-27 22:07:16.322 10 INFO neutron.wsgi [None req-1ba1d19b-07ce-419a-abdb-73dfc872403c 9b379e5b372347278443f225ab7208b7 625d549dd3ff4277990adb6b5268f6a3 - - default default] 10.0.0.105 "PUT /v2.0/subnetpools/6ae38ecc-f01d-4da5-b83e-cbcc45942286/tags HTTP/1.1" status: 200 len: 227 time: 0.0492034
2026-04-27 22:07:16.366 10 INFO neutron.wsgi [None req-f02d683d-1613-43da-a5f7-aeb17a8c43b1 9b379e5b372347278443f225ab7208b7 625d549dd3ff4277990adb6b5268f6a3 - - default default] 10.0.0.105 "PUT /v2.0/subnetpools/67901426-65ec-4720-8918-1825d78c638c/tags HTTP/1.1" status: 200 len: 212 time: 0.0389566
2026-04-27 22:07:16.401 10 INFO neutron.wsgi [None req-f1ce560c-12bb-4686-ad28-91cad36aa90d 9b379e5b372347278443f225ab7208b7 625d549dd3ff4277990adb6b5268f6a3 - - default default] 10.0.0.105 "GET /v2.0/subnetpools?tags=red HTTP/1.1" status: 200 len: 1758 time: 0.0300047
2026-04-27 22:07:16.435 10 INFO neutron.wsgi [None req-ae6a83fa-0983-4782-a885-7abdee8eff6b 9b379e5b372347278443f225ab7208b7 625d549dd3ff4277990adb6b5268f6a3 - - default default] 10.0.0.105 "GET /v2.0/subnetpools?tags=red%2Cblue HTTP/1.1" status: 200 len: 1251 time: 0.0286143
2026-04-27 22:07:16.441 10 WARNING neutron_lib.context [None req-6216b01b-da2a-4a5b-8058-918e4b8950af 5785e1b138df4a288cf151cfd6ebbb8a d3a89fa4633c4386bc030007e6181bba - - default default] Method 'is_advsvc' is deprecated since 2023.2 release (neutron-lib 3.8.0) and will be removed once support for the old RBAC API policies will be removed from Neutron. Please use method 'is_service_role' instead.
2026-04-27 22:07:16.474 9 INFO neutron.wsgi [None req-db7b9186-185d-4045-99da-62eeab50ed21 9b379e5b372347278443f225ab7208b7 625d549dd3ff4277990adb6b5268f6a3 - - default default] 10.0.0.105 "GET /v2.0/subnetpools?tags-any=blue HTTP/1.1" status: 200 len: 1251 time: 0.0290747
2026-04-27 22:07:16.500 9 INFO neutron.wsgi [None req-5d853dd8-00ed-4eaf-ba67-8dcf47b99adb 9b379e5b372347278443f225ab7208b7 625d549dd3ff4277990adb6b5268f6a3 - - default default] 10.0.0.105 "GET /v2.0/subnetpools?tags-any=red%2Cblue HTTP/1.1" status: 200 len: 1758 time: 0.0220537
2026-04-27 22:07:16.528 9 INFO neutron.wsgi [None req-43c5d04f-716f-41d6-9ab3-2d941026a3c6 9b379e5b372347278443f225ab7208b7 625d549dd3ff4277990adb6b5268f6a3 - - default default] 10.0.0.105 "GET /v2.0/subnetpools?not-tags=red HTTP/1.1" status: 200 len: 1223 time: 0.0227852
2026-04-27 22:07:16.561 9 INFO neutron.wsgi [None req-e1b1c8eb-91ba-4dd7-b5d0-1a0b15d886bd 9b379e5b372347278443f225ab7208b7 625d549dd3ff4277990adb6b5268f6a3 - - default default] 10.0.0.105 "GET /v2.0/subnetpools?not-tags=red%2Cblue HTTP/1.1" status: 200 len: 1730 time: 0.0252061
2026-04-27 22:07:16.603 9 INFO neutron.wsgi [None req-b30bc9e1-2553-47d2-8dd7-4452b465aae8 9b379e5b372347278443f225ab7208b7 625d549dd3ff4277990adb6b5268f6a3 - - default default] 10.0.0.105 "GET /v2.0/subnetpools?not-tags-any=blue HTTP/1.1" status: 200 len: 1730 time: 0.0348876
2026-04-27 22:07:16.613 10 INFO neutron.db.ovn_revision_numbers_db [None req-6216b01b-da2a-4a5b-8058-918e4b8950af 5785e1b138df4a288cf151cfd6ebbb8a d3a89fa4633c4386bc030007e6181bba - - default default] Successfully bumped revision number for resource 6a246d4b-93ac-43b2-a110-dabe219c1f79 (type: security_groups) to 1
2026-04-27 22:07:16.634 9 INFO neutron.wsgi [None req-c8cf6dfd-b378-417d-901b-6980ce4feff7 9b379e5b372347278443f225ab7208b7 625d549dd3ff4277990adb6b5268f6a3 - - default default] 10.0.0.105 "GET /v2.0/subnetpools?not-tags-any=red%2Cblue HTTP/1.1" status: 200 len: 1223 time: 0.0245779
2026-04-27 22:07:16.636 10 INFO neutron.db.ovn_revision_numbers_db [None req-6216b01b-da2a-4a5b-8058-918e4b8950af 5785e1b138df4a288cf151cfd6ebbb8a d3a89fa4633c4386bc030007e6181bba - - default default] Successfully bumped revision number for resource 082da131-56e2-4986-8a7e-c24f91146aff (type: security_group_rules) to 0
2026-04-27 22:07:16.664 10 INFO neutron.db.ovn_revision_numbers_db [None req-6216b01b-da2a-4a5b-8058-918e4b8950af 5785e1b138df4a288cf151cfd6ebbb8a d3a89fa4633c4386bc030007e6181bba - - default default] Successfully bumped revision number for resource 2500ae73-d391-4f49-9804-488ce36e722c (type: security_group_rules) to 0
2026-04-27 22:07:16.689 10 INFO neutron.db.ovn_revision_numbers_db [None req-6216b01b-da2a-4a5b-8058-918e4b8950af 5785e1b138df4a288cf151cfd6ebbb8a d3a89fa4633c4386bc030007e6181bba - - default default] Successfully bumped revision number for resource 30f4523a-a1e4-4fa5-80da-352c6e844136 (type: security_group_rules) to 0
2026-04-27 22:07:16.701 10 INFO neutron.wsgi [None req-e3207f15-5caf-4b02-b12b-1d555727f142 9b379e5b372347278443f225ab7208b7 625d549dd3ff4277990adb6b5268f6a3 - - default default] 10.0.0.105 "DELETE /v2.0/subnetpools/89c6c7b1-48fb-459b-b373-94c05290308a HTTP/1.1" status: 204 len: 168 time: 0.0614123
2026-04-27 22:07:16.702 10 INFO neutron.db.ovn_revision_numbers_db [None req-6216b01b-da2a-4a5b-8058-918e4b8950af 5785e1b138df4a288cf151cfd6ebbb8a d3a89fa4633c4386bc030007e6181bba - - default default] Successfully bumped revision number for resource 866363e3-ffc2-4d59-a32b-c2ccaab48381 (type: security_group_rules) to 0
2026-04-27 22:07:16.756 10 INFO neutron.db.segments_db [None req-6216b01b-da2a-4a5b-8058-918e4b8950af 5785e1b138df4a288cf151cfd6ebbb8a d3a89fa4633c4386bc030007e6181bba - - default default] Added segment feb1b475-f1b8-4865-853b-a876c115e641 of type geneve for network 39177c2a-0737-4f30-b1ff-69aad5341d37
2026-04-27 22:07:16.778 9 INFO neutron.wsgi [None req-d512140c-10d7-4251-98a7-3d345d47b8f6 9b379e5b372347278443f225ab7208b7 625d549dd3ff4277990adb6b5268f6a3 - - default default] 10.0.0.105 "DELETE /v2.0/subnetpools/6cdd30d4-ee5e-4478-89a9-87a7dd1f472f HTTP/1.1" status: 204 len: 168 time: 0.0699284
2026-04-27 22:07:16.843 9 INFO neutron.wsgi [None req-f3e600e9-c985-4938-a362-8abcd7e0dd8a 9b379e5b372347278443f225ab7208b7 625d549dd3ff4277990adb6b5268f6a3 - - default default] 10.0.0.105 "DELETE /v2.0/subnetpools/6ae38ecc-f01d-4da5-b83e-cbcc45942286 HTTP/1.1" status: 204 len: 168 time: 0.0568693
2026-04-27 22:07:16.928 10 INFO neutron.db.ovn_revision_numbers_db [None req-6216b01b-da2a-4a5b-8058-918e4b8950af 5785e1b138df4a288cf151cfd6ebbb8a d3a89fa4633c4386bc030007e6181bba - - default default] Successfully bumped revision number for resource 39177c2a-0737-4f30-b1ff-69aad5341d37 (type: networks) to 1
2026-04-27 22:07:16.944 10 INFO neutron.wsgi [None req-37eed51a-0b59-46ed-abbf-ece0edf6f838 9b379e5b372347278443f225ab7208b7 625d549dd3ff4277990adb6b5268f6a3 - - default default] 10.0.0.105 "DELETE /v2.0/subnetpools/67901426-65ec-4720-8918-1825d78c638c HTTP/1.1" status: 204 len: 168 time: 0.0942934
2026-04-27 22:07:17.022 10 INFO neutron.wsgi [None req-5c106478-72f7-418d-93f8-9465446a0093 9b379e5b372347278443f225ab7208b7 625d549dd3ff4277990adb6b5268f6a3 - - default default] 10.0.0.105 "DELETE /v2.0/subnetpools/8d4aa895-f2b8-4a51-a0df-99a5a46f597b HTTP/1.1" status: 204 len: 168 time: 0.0730312
2026-04-27 22:07:17.136 10 WARNING neutron.scheduler.dhcp_agent_scheduler [None req-6216b01b-da2a-4a5b-8058-918e4b8950af 5785e1b138df4a288cf151cfd6ebbb8a d3a89fa4633c4386bc030007e6181bba - - default default] No more DHCP agents
2026-04-27 22:07:17.141 10 WARNING neutron.api.rpc.agentnotifiers.dhcp_rpc_agent_api [None req-6216b01b-da2a-4a5b-8058-918e4b8950af 5785e1b138df4a288cf151cfd6ebbb8a d3a89fa4633c4386bc030007e6181bba - - default default] Unable to schedule network 39177c2a-0737-4f30-b1ff-69aad5341d37: no agents available; will retry on subsequent port and subnet creation events.
2026-04-27 22:07:17.265 10 INFO neutron.db.ovn_revision_numbers_db [None req-6216b01b-da2a-4a5b-8058-918e4b8950af 5785e1b138df4a288cf151cfd6ebbb8a d3a89fa4633c4386bc030007e6181bba - - default default] Successfully bumped revision number for resource d0ad6dc2-4a14-4b1b-9a80-85083b1950e3 (type: ports) to 1
2026-04-27 22:07:17.300 10 INFO neutron.wsgi [None req-6216b01b-da2a-4a5b-8058-918e4b8950af 5785e1b138df4a288cf151cfd6ebbb8a d3a89fa4633c4386bc030007e6181bba - - default default] 10.0.0.105 "POST /v2.0/networks HTTP/1.1" status: 201 len: 831 time: 1.0936167
2026-04-27 22:07:17.319 9 WARNING neutron_lib.context [None req-7e72809d-9658-4c87-8b54-108f2a837bf4 5785e1b138df4a288cf151cfd6ebbb8a d3a89fa4633c4386bc030007e6181bba - - default default] Method 'is_advsvc' is deprecated since 2023.2 release (neutron-lib 3.8.0) and will be removed once support for the old RBAC API policies will be removed from Neutron. Please use method 'is_service_role' instead.
2026-04-27 22:07:17.343 9 WARNING neutron_lib.context [None req-b8028e7e-5347-4c34-be20-e6f820dc5dfe 98158c5ff53548ce8ab38dfab7b70993 2e4744b713044e0f8c9de3b3414116c0 - - default default] Method 'is_advsvc' is deprecated since 2023.2 release (neutron-lib 3.8.0) and will be removed once support for the old RBAC API policies will be removed from Neutron. Please use method 'is_service_role' instead.
2026-04-27 22:07:17.344 9 WARNING neutron_lib.context [None req-b8028e7e-5347-4c34-be20-e6f820dc5dfe 98158c5ff53548ce8ab38dfab7b70993 2e4744b713044e0f8c9de3b3414116c0 - - default default] Method 'is_advsvc' is deprecated since 2023.2 release (neutron-lib 3.8.0) and will be removed once support for the old RBAC API policies will be removed from Neutron. Please use method 'is_service_role' instead.
2026-04-27 22:07:17.815 9 INFO neutron.db.ovn_revision_numbers_db [None req-b8028e7e-5347-4c34-be20-e6f820dc5dfe 98158c5ff53548ce8ab38dfab7b70993 2e4744b713044e0f8c9de3b3414116c0 - - default default] Successfully bumped revision number for resource 50af69a1-fcc1-494c-9878-42c989e36cf1 (type: security_groups) to 1
2026-04-27 22:07:17.831 9 INFO neutron.db.ovn_revision_numbers_db [None req-b8028e7e-5347-4c34-be20-e6f820dc5dfe 98158c5ff53548ce8ab38dfab7b70993 2e4744b713044e0f8c9de3b3414116c0 - - default default] Successfully bumped revision number for resource 94f9fca5-d064-4a07-a846-7044a80eb3eb (type: security_group_rules) to 0
2026-04-27 22:07:17.853 9 INFO neutron.db.ovn_revision_numbers_db [None req-b8028e7e-5347-4c34-be20-e6f820dc5dfe 98158c5ff53548ce8ab38dfab7b70993 2e4744b713044e0f8c9de3b3414116c0 - - default default] Successfully bumped revision number for resource a73bdfab-a6ce-469a-9ce4-8f0123698e8a (type: security_group_rules) to 0
2026-04-27 22:07:17.876 9 INFO neutron.db.ovn_revision_numbers_db [None req-b8028e7e-5347-4c34-be20-e6f820dc5dfe 98158c5ff53548ce8ab38dfab7b70993 2e4744b713044e0f8c9de3b3414116c0 - - default default] Successfully bumped revision number for resource b82b02f7-ed82-4baa-9eba-21ac345fb557 (type: security_group_rules) to 0
2026-04-27 22:07:17.891 9 INFO neutron.db.ovn_revision_numbers_db [None req-b8028e7e-5347-4c34-be20-e6f820dc5dfe 98158c5ff53548ce8ab38dfab7b70993 2e4744b713044e0f8c9de3b3414116c0 - - default default] Successfully bumped revision number for resource e6e59596-3e32-4fe9-93d1-bc4aec9e496e (type: security_group_rules) to 0
2026-04-27 22:07:17.958 9 INFO neutron.db.segments_db [None req-b8028e7e-5347-4c34-be20-e6f820dc5dfe 98158c5ff53548ce8ab38dfab7b70993 2e4744b713044e0f8c9de3b3414116c0 - - default default] Added segment a9142d42-8996-4e79-984b-336e9171d0fd of type geneve for network d60443c2-535f-4d4f-a947-86a132fbb12e
2026-04-27 22:07:18.043 9 WARNING neutron.scheduler.dhcp_agent_scheduler [None req-7e72809d-9658-4c87-8b54-108f2a837bf4 5785e1b138df4a288cf151cfd6ebbb8a d3a89fa4633c4386bc030007e6181bba - - default default] No more DHCP agents
2026-04-27 22:07:18.045 9 WARNING neutron.api.rpc.agentnotifiers.dhcp_rpc_agent_api [None req-7e72809d-9658-4c87-8b54-108f2a837bf4 5785e1b138df4a288cf151cfd6ebbb8a d3a89fa4633c4386bc030007e6181bba - - default default] Unable to schedule network 5cd4b189-3e6b-435e-b218-98182b85042c: no agents available; will retry on subsequent port and subnet creation events.
2026-04-27 22:07:18.089 9 INFO neutron.db.segments_db [None req-b8028e7e-5347-4c34-be20-e6f820dc5dfe 98158c5ff53548ce8ab38dfab7b70993 2e4744b713044e0f8c9de3b3414116c0 - - default default] Added segment b5c229e1-ea01-4f56-be6d-73890df39619 of type geneve for network 8c2038ec-c0af-43aa-96c2-fb4c3f15e3b6
2026-04-27 22:07:18.121 10 INFO neutron.wsgi [req-56de5686-3617-425b-9592-b7ce8e9548d0 req-217f0ac8-2f12-4612-879f-d0bbc8fbba47 dfe67ae67a0d45b0a4511adb4b45b466 398885860a1a485a97ce085702de3e7d - - 9b8ddd2dacbe4426aee095541780fd67 9b8ddd2dacbe4426aee095541780fd67] 10.0.0.198 "GET /v2.0/ports?device_id=4f537e1a-76e6-4e23-9713-92ec13d8997a HTTP/1.1" status: 200 len: 1409 time: 0.5475974
2026-04-27 22:07:18.186 10 INFO neutron.wsgi [req-56de5686-3617-425b-9592-b7ce8e9548d0 req-4b4af14c-27f8-4cd0-8b90-87dfa373532f dfe67ae67a0d45b0a4511adb4b45b466 398885860a1a485a97ce085702de3e7d - - 9b8ddd2dacbe4426aee095541780fd67 9b8ddd2dacbe4426aee095541780fd67] 10.0.0.198 "GET /v2.0/security-groups?id=b0fc897d-0dbf-4522-8742-3faa9689cb57&fields=id&fields=name HTTP/1.1" status: 200 len: 312 time: 0.0554895
2026-04-27 22:07:18.256 10 INFO neutron.db.ovn_revision_numbers_db [None req-d7d69b59-f310-4014-9aa9-893a6714f0d8 da9ea4bce9fa49798930ea075b6f69d6 9e87328a0e33464295d10e591d61c010 - - default default] Successfully bumped revision number for resource 0ecf88e1-c373-411f-ac77-cc85c4e24d8a (type: security_groups) to 1
2026-04-27 22:07:18.275 10 INFO neutron.db.ovn_revision_numbers_db [None req-d7d69b59-f310-4014-9aa9-893a6714f0d8 da9ea4bce9fa49798930ea075b6f69d6 9e87328a0e33464295d10e591d61c010 - - default default] Successfully bumped revision number for resource 55736831-f336-4e0b-a058-7d0b868995d7 (type: security_group_rules) to 0
2026-04-27 22:07:18.293 10 INFO neutron.db.ovn_revision_numbers_db [None req-d7d69b59-f310-4014-9aa9-893a6714f0d8 da9ea4bce9fa49798930ea075b6f69d6 9e87328a0e33464295d10e591d61c010 - - default default] Successfully bumped revision number for resource 6d5d8436-04b0-46ce-a66e-3883eef20240 (type: security_group_rules) to 0
2026-04-27 22:07:18.300 9 INFO neutron.db.ovn_revision_numbers_db [None req-b8028e7e-5347-4c34-be20-e6f820dc5dfe 98158c5ff53548ce8ab38dfab7b70993 2e4744b713044e0f8c9de3b3414116c0 - - default default] Successfully bumped revision number for resource d60443c2-535f-4d4f-a947-86a132fbb12e (type: networks) to 1
2026-04-27 22:07:18.308 10 INFO neutron.db.ovn_revision_numbers_db [None req-d7d69b59-f310-4014-9aa9-893a6714f0d8 da9ea4bce9fa49798930ea075b6f69d6 9e87328a0e33464295d10e591d61c010 - - default default] Successfully bumped revision number for resource a2d826b8-34ac-41ef-88e5-2f97c87b78ae (type: security_group_rules) to 0
2026-04-27 22:07:18.310 9 INFO neutron.db.ovn_revision_numbers_db [None req-7e72809d-9658-4c87-8b54-108f2a837bf4 5785e1b138df4a288cf151cfd6ebbb8a d3a89fa4633c4386bc030007e6181bba - - default default] Successfully bumped revision number for resource 90e69819-d246-4223-bdfe-527e8a77deae (type: ports) to 1
2026-04-27 22:07:18.323 10 INFO neutron.db.ovn_revision_numbers_db [None req-d7d69b59-f310-4014-9aa9-893a6714f0d8 da9ea4bce9fa49798930ea075b6f69d6 9e87328a0e33464295d10e591d61c010 - - default default] Successfully bumped revision number for resource bef202c5-e5ac-43c9-ae25-a73b18644269 (type: security_group_rules) to 0
2026-04-27 22:07:18.348 10 INFO neutron.wsgi [None req-d7d69b59-f310-4014-9aa9-893a6714f0d8 da9ea4bce9fa49798930ea075b6f69d6 9e87328a0e33464295d10e591d61c010 - - default default] 10.0.0.105 "GET /v2.0/security-groups?tenant_id=04040d6bf6e74adfb8a4f300511fbc69&name=default HTTP/1.1" status: 200 len: 2996 time: 0.3816354
2026-04-27 22:07:18.562 10 INFO neutron.wsgi [None req-2bd6794d-88af-4948-a160-bd22253c267e da9ea4bce9fa49798930ea075b6f69d6 9e87328a0e33464295d10e591d61c010 - - default default] 10.0.0.105 "DELETE /v2.0/security-groups/0ecf88e1-c373-411f-ac77-cc85c4e24d8a HTTP/1.1" status: 204 len: 168 time: 0.2102470
2026-04-27 22:07:18.577 9 WARNING neutron.scheduler.dhcp_agent_scheduler [None req-b8028e7e-5347-4c34-be20-e6f820dc5dfe 98158c5ff53548ce8ab38dfab7b70993 2e4744b713044e0f8c9de3b3414116c0 - - default default] No more DHCP agents
2026-04-27 22:07:18.581 9 WARNING neutron.api.rpc.agentnotifiers.dhcp_rpc_agent_api [None req-b8028e7e-5347-4c34-be20-e6f820dc5dfe 98158c5ff53548ce8ab38dfab7b70993 2e4744b713044e0f8c9de3b3414116c0 - - default default] Unable to schedule network d60443c2-535f-4d4f-a947-86a132fbb12e: no agents available; will retry on subsequent port and subnet creation events.
2026-04-27 22:07:18.704 9 INFO neutron.db.ovn_revision_numbers_db [None req-b8028e7e-5347-4c34-be20-e6f820dc5dfe 98158c5ff53548ce8ab38dfab7b70993 2e4744b713044e0f8c9de3b3414116c0 - - default default] Successfully bumped revision number for resource ac01d393-82af-4def-b15d-4417fa7fe938 (type: ports) to 1
2026-04-27 22:07:18.818 9 INFO neutron.db.ovn_revision_numbers_db [None req-b8028e7e-5347-4c34-be20-e6f820dc5dfe 98158c5ff53548ce8ab38dfab7b70993 2e4744b713044e0f8c9de3b3414116c0 - - default default] Successfully bumped revision number for resource 8c2038ec-c0af-43aa-96c2-fb4c3f15e3b6 (type: networks) to 1
2026-04-27 22:07:18.847 10 INFO neutron.db.ovn_revision_numbers_db [None req-b2380aca-540e-45c8-a1dc-fcd79a20dd14 da9ea4bce9fa49798930ea075b6f69d6 9e87328a0e33464295d10e591d61c010 - - default default] Successfully bumped revision number for resource 0e2c4bc1-7843-46a0-b195-fa0ee6d782f2 (type: security_groups) to 1
2026-04-27 22:07:18.870 10 INFO neutron.db.ovn_revision_numbers_db [None req-b2380aca-540e-45c8-a1dc-fcd79a20dd14 da9ea4bce9fa49798930ea075b6f69d6 9e87328a0e33464295d10e591d61c010 - - default default] Successfully bumped revision number for resource 341de11d-3bcc-4ad0-97b2-49774b5f22e9 (type: security_group_rules) to 0
2026-04-27 22:07:18.889 10 INFO neutron.db.ovn_revision_numbers_db [None req-b2380aca-540e-45c8-a1dc-fcd79a20dd14 da9ea4bce9fa49798930ea075b6f69d6 9e87328a0e33464295d10e591d61c010 - - default default] Successfully bumped revision number for resource a8c153a2-ef5e-4e7e-a115-1228608ed2de (type: security_group_rules) to 0
2026-04-27 22:07:18.904 10 INFO neutron.db.ovn_revision_numbers_db [None req-b2380aca-540e-45c8-a1dc-fcd79a20dd14 da9ea4bce9fa49798930ea075b6f69d6 9e87328a0e33464295d10e591d61c010 - - default default] Successfully bumped revision number for resource b030e582-771f-4226-b522-67be309c30a0 (type: security_group_rules) to 0
2026-04-27 22:07:18.917 10 INFO neutron.db.ovn_revision_numbers_db [None req-b2380aca-540e-45c8-a1dc-fcd79a20dd14 da9ea4bce9fa49798930ea075b6f69d6 9e87328a0e33464295d10e591d61c010 - - default default] Successfully bumped revision number for resource dbbd749b-5082-440a-92b2-f5a991e36518 (type: security_group_rules) to 0
2026-04-27 22:07:18.938 10 INFO neutron.wsgi [None req-b2380aca-540e-45c8-a1dc-fcd79a20dd14 da9ea4bce9fa49798930ea075b6f69d6 9e87328a0e33464295d10e591d61c010 - - default default] 10.0.0.105 "GET /v2.0/security-groups?tenant_id=625d549dd3ff4277990adb6b5268f6a3&name=default HTTP/1.1" status: 200 len: 2996 time: 0.1982422
2026-04-27 22:07:19.163 10 INFO neutron.wsgi [None req-1ff2c6cc-8234-4e42-89d6-f38965856e22 da9ea4bce9fa49798930ea075b6f69d6 9e87328a0e33464295d10e591d61c010 - - default default] 10.0.0.105 "DELETE /v2.0/security-groups/0e2c4bc1-7843-46a0-b195-fa0ee6d782f2 HTTP/1.1" status: 204 len: 168 time: 0.2207022
2026-04-27 22:07:19.329 9 WARNING neutron.scheduler.dhcp_agent_scheduler [None req-b8028e7e-5347-4c34-be20-e6f820dc5dfe 98158c5ff53548ce8ab38dfab7b70993 2e4744b713044e0f8c9de3b3414116c0 - - default default] No more DHCP agents
2026-04-27 22:07:19.336 9 WARNING neutron.api.rpc.agentnotifiers.dhcp_rpc_agent_api [None req-b8028e7e-5347-4c34-be20-e6f820dc5dfe 98158c5ff53548ce8ab38dfab7b70993 2e4744b713044e0f8c9de3b3414116c0 - - default default] Unable to schedule network 8c2038ec-c0af-43aa-96c2-fb4c3f15e3b6: no agents available; will retry on subsequent port and subnet creation events.
2026-04-27 22:07:19.409 9 INFO neutron.plugins.ml2.drivers.ovn.mech_driver.ovsdb.ovsdb_monitor [None req-81b7e7ae-f659-4d1d-b51a-1374814e7b33 - - - - - -] Router 8a0f4aef-9b0e-412c-849c-4e4a6fabb123 is bound to host instance
2026-04-27 22:07:19.421 9 INFO neutron.plugins.ml2.drivers.ovn.mech_driver.mech_driver [None req-97adb1c9-086d-4690-b232-f64ac205f541 - - - - - -] OVN reports status up for port: 90e69819-d246-4223-bdfe-527e8a77deae
2026-04-27 22:07:19.470 9 INFO neutron.plugins.ml2.plugin [None req-97adb1c9-086d-4690-b232-f64ac205f541 - - - - - -] Attempt 1 to provision port 90e69819-d246-4223-bdfe-527e8a77deae
2026-04-27 22:07:19.529 10 INFO neutron.db.ovn_revision_numbers_db [None req-56cb46e2-2ab0-494f-8fe7-ff9f34f92eb4 da9ea4bce9fa49798930ea075b6f69d6 9e87328a0e33464295d10e591d61c010 - - default default] Successfully bumped revision number for resource 5f35383e-a8a5-48dd-b93f-61a1fac00139 (type: security_groups) to 1
2026-04-27 22:07:19.531 9 INFO neutron.db.ovn_revision_numbers_db [None req-7e72809d-9658-4c87-8b54-108f2a837bf4 5785e1b138df4a288cf151cfd6ebbb8a d3a89fa4633c4386bc030007e6181bba - - default default] Successfully bumped revision number for resource 90e69819-d246-4223-bdfe-527e8a77deae (type: router_ports) to 1
2026-04-27 22:07:19.545 10 INFO neutron.db.ovn_revision_numbers_db [None req-56cb46e2-2ab0-494f-8fe7-ff9f34f92eb4 da9ea4bce9fa49798930ea075b6f69d6 9e87328a0e33464295d10e591d61c010 - - default default] Successfully bumped revision number for resource 8292655a-0a9f-45b0-a22d-9ff9ae317b52 (type: security_group_rules) to 0
2026-04-27 22:07:19.559 10 INFO neutron.db.ovn_revision_numbers_db [None req-56cb46e2-2ab0-494f-8fe7-ff9f34f92eb4 da9ea4bce9fa49798930ea075b6f69d6 9e87328a0e33464295d10e591d61c010 - - default default] Successfully bumped revision number for resource 893add22-179e-4fda-a6e2-858018435df2 (type: security_group_rules) to 0
2026-04-27 22:07:19.572 10 INFO neutron.db.ovn_revision_numbers_db [None req-56cb46e2-2ab0-494f-8fe7-ff9f34f92eb4 da9ea4bce9fa49798930ea075b6f69d6 9e87328a0e33464295d10e591d61c010 - - default default] Successfully bumped revision number for resource d6e39888-2d9f-46ff-affa-81059320df9a (type: security_group_rules) to 0
2026-04-27 22:07:19.590 10 INFO neutron.db.ovn_revision_numbers_db [None req-56cb46e2-2ab0-494f-8fe7-ff9f34f92eb4 da9ea4bce9fa49798930ea075b6f69d6 9e87328a0e33464295d10e591d61c010 - - default default] Successfully bumped revision number for resource e7b63136-b6e8-4289-ba16-871a0a665b4b (type: security_group_rules) to 0
2026-04-27 22:07:19.615 10 INFO neutron.wsgi [None req-56cb46e2-2ab0-494f-8fe7-ff9f34f92eb4 da9ea4bce9fa49798930ea075b6f69d6 9e87328a0e33464295d10e591d61c010 - - default default] 10.0.0.105 "GET /v2.0/security-groups?tenant_id=fb08dc7b8ca34503808919923098f87d&name=default HTTP/1.1" status: 200 len: 2996 time: 0.2207918
2026-04-27 22:07:19.627 9 INFO neutron.db.ovn_revision_numbers_db [None req-b8028e7e-5347-4c34-be20-e6f820dc5dfe 98158c5ff53548ce8ab38dfab7b70993 2e4744b713044e0f8c9de3b3414116c0 - - default default] Successfully bumped revision number for resource 9de99fc7-d78e-4340-af52-f1c34ab743e4 (type: ports) to 1
2026-04-27 22:07:19.681 9 INFO neutron.wsgi [None req-b8028e7e-5347-4c34-be20-e6f820dc5dfe 98158c5ff53548ce8ab38dfab7b70993 2e4744b713044e0f8c9de3b3414116c0 - - default default] 10.0.0.105 "POST /v2.0/networks HTTP/1.1" status: 201 len: 1446 time: 2.5737288
2026-04-27 22:07:19.682 9 INFO neutron.db.ovn_revision_numbers_db [None req-7e72809d-9658-4c87-8b54-108f2a837bf4 5785e1b138df4a288cf151cfd6ebbb8a d3a89fa4633c4386bc030007e6181bba - - default default] Successfully bumped revision number for resource 8a0f4aef-9b0e-412c-849c-4e4a6fabb123 (type: routers) to 2
2026-04-27 22:07:19.715 9 INFO neutron.wsgi [None req-7e72809d-9658-4c87-8b54-108f2a837bf4 5785e1b138df4a288cf151cfd6ebbb8a d3a89fa4633c4386bc030007e6181bba - - default default] 10.0.0.105 "POST /v2.0/routers HTTP/1.1" status: 201 len: 875 time: 2.4017203
2026-04-27 22:07:19.782 9 INFO neutron.wsgi [None req-b9351e59-2839-438f-909f-e3af1ffc418f 98158c5ff53548ce8ab38dfab7b70993 2e4744b713044e0f8c9de3b3414116c0 - - default default] 10.0.0.105 "GET /v2.0/networks HTTP/1.1" status: 200 len: 2052 time: 0.0937438
2026-04-27 22:07:19.852 10 INFO neutron.wsgi [None req-5f25603a-9233-4514-a08e-7162c277832e da9ea4bce9fa49798930ea075b6f69d6 9e87328a0e33464295d10e591d61c010 - - default default] 10.0.0.105 "DELETE /v2.0/security-groups/5f35383e-a8a5-48dd-b93f-61a1fac00139 HTTP/1.1" status: 204 len: 168 time: 0.2325373
2026-04-27 22:07:19.902 10 INFO neutron.wsgi [None req-4947f1ef-6b63-4354-bbb5-79a1885b3e09 5af8c85877d3472a900c838a8d1ce6b4 c0e7da2a7be64a5a9862351ea4b25da8 - - default default] 10.0.0.105 "GET /v2.0/subnets?project_id=d3a89fa4633c4386bc030007e6181bba&cidr=10.100.0.0%2F28 HTTP/1.1" status: 200 len: 207 time: 0.1799932
2026-04-27 22:07:20.085 9 INFO neutron.db.ovn_revision_numbers_db [None req-81b7e7ae-f659-4d1d-b51a-1374814e7b33 - - - - - -] Successfully bumped revision number for resource 90e69819-d246-4223-bdfe-527e8a77deae (type: ports) to 1
2026-04-27 22:07:20.274 10 INFO neutron.wsgi [None req-de39405a-aae9-4258-82af-6f35dc3a5822 5af8c85877d3472a900c838a8d1ce6b4 c0e7da2a7be64a5a9862351ea4b25da8 - - default default] 10.0.0.105 "GET /v2.0/networks?router%3Aexternal=True HTTP/1.1" status: 200 len: 947 time: 0.3667569
2026-04-27 22:07:20.312 10 INFO neutron.wsgi [None req-790210d9-ace4-4953-acce-a8056b70f864 5af8c85877d3472a900c838a8d1ce6b4 c0e7da2a7be64a5a9862351ea4b25da8 - - default default] 10.0.0.105 "GET /v2.0/subnets?network_id=5cd4b189-3e6b-435e-b218-98182b85042c&cidr=10.100.0.0%2F28 HTTP/1.1" status: 200 len: 207 time: 0.0326552
2026-04-27 22:07:20.327 10 WARNING neutron_lib.context [None req-8808da82-7173-4c1a-b500-f89684680184 5785e1b138df4a288cf151cfd6ebbb8a d3a89fa4633c4386bc030007e6181bba - - default default] Method 'is_advsvc' is deprecated since 2023.2 release (neutron-lib 3.8.0) and will be removed once support for the old RBAC API policies will be removed from Neutron. Please use method 'is_service_role' instead.
2026-04-27 22:07:20.329 9 INFO neutron.db.ovn_revision_numbers_db [None req-81b7e7ae-f659-4d1d-b51a-1374814e7b33 - - - - - -] Successfully bumped revision number for resource 90e69819-d246-4223-bdfe-527e8a77deae (type: router_ports) to 3
2026-04-27 22:07:20.488 9 INFO neutron.db.ovn_revision_numbers_db [None req-81b7e7ae-f659-4d1d-b51a-1374814e7b33 - - - - - -] Successfully bumped revision number for resource 90e69819-d246-4223-bdfe-527e8a77deae (type: ports) to 2
2026-04-27 22:07:20.554 10 INFO neutron.services.segments.plugin [-] Segment a9142d42-8996-4e79-984b-336e9171d0fd resource provider aggregate not found
2026-04-27 22:07:20.573 10 INFO neutron.services.segments.plugin [-] Segment a9142d42-8996-4e79-984b-336e9171d0fd resource provider aggregate not found
2026-04-27 22:07:20.591 10 INFO neutron.services.segments.plugin [-] Segment a9142d42-8996-4e79-984b-336e9171d0fd resource provider not found; error: Placement Client Error (4xx): {"errors": [{"status": 404, "title": "Not Found", "detail": "The resource could not be found.\n\n No resource provider with uuid a9142d42-8996-4e79-984b-336e9171d0fd found for delete ", "request_id": "req-68e0fef5-5d12-442a-9afd-0f1c2f916504"}]}
2026-04-27 22:07:20.593 10 INFO neutron.services.segments.plugin [-] Segment a9142d42-8996-4e79-984b-336e9171d0fd resource provider not found; error: Placement Client Error (4xx): {"errors": [{"status": 404, "title": "Not Found", "detail": "The resource could not be found.\n\n No resource provider with uuid a9142d42-8996-4e79-984b-336e9171d0fd found for delete ", "request_id": "req-86757e9d-955f-43fa-9298-54089573a215"}]}
2026-04-27 22:07:20.611 10 INFO neutron.wsgi [None req-364c1c27-bdfb-4618-9322-3bad53e766ef 98158c5ff53548ce8ab38dfab7b70993 2e4744b713044e0f8c9de3b3414116c0 - - default default] 10.0.0.105 "DELETE /v2.0/networks/d60443c2-535f-4d4f-a947-86a132fbb12e HTTP/1.1" status: 204 len: 168 time: 0.8232090
2026-04-27 22:07:20.713 10 WARNING neutron.scheduler.dhcp_agent_scheduler [None req-8808da82-7173-4c1a-b500-f89684680184 5785e1b138df4a288cf151cfd6ebbb8a d3a89fa4633c4386bc030007e6181bba - - default default] No more DHCP agents
2026-04-27 22:07:20.716 10 WARNING neutron.api.rpc.agentnotifiers.dhcp_rpc_agent_api [None req-8808da82-7173-4c1a-b500-f89684680184 5785e1b138df4a288cf151cfd6ebbb8a d3a89fa4633c4386bc030007e6181bba - - default default] Unable to schedule network 39177c2a-0737-4f30-b1ff-69aad5341d37: no agents available; will retry on subsequent port and subnet creation events.
2026-04-27 22:07:20.758 9 INFO neutron.db.ovn_revision_numbers_db [None req-81b7e7ae-f659-4d1d-b51a-1374814e7b33 - - - - - -] Successfully bumped revision number for resource 90e69819-d246-4223-bdfe-527e8a77deae (type: ports) to 4
2026-04-27 22:07:20.994 9 INFO neutron.db.ovn_revision_numbers_db [None req-81b7e7ae-f659-4d1d-b51a-1374814e7b33 - - - - - -] Successfully bumped revision number for resource 90e69819-d246-4223-bdfe-527e8a77deae (type: router_ports) to 4
2026-04-27 22:07:21.076 9 INFO neutron.services.segments.plugin [-] Segment b5c229e1-ea01-4f56-be6d-73890df39619 resource provider aggregate not found
2026-04-27 22:07:21.094 9 INFO neutron.services.segments.plugin [-] Segment b5c229e1-ea01-4f56-be6d-73890df39619 resource provider aggregate not found
2026-04-27 22:07:21.101 9 INFO neutron.services.segments.plugin [-] Segment b5c229e1-ea01-4f56-be6d-73890df39619 resource provider not found; error: Placement Client Error (4xx): {"errors": [{"status": 404, "title": "Not Found", "detail": "The resource could not be found.\n\n No resource provider with uuid b5c229e1-ea01-4f56-be6d-73890df39619 found for delete ", "request_id": "req-b292b231-9b57-4d1f-97a6-bf9a2cd23172"}]}
2026-04-27 22:07:21.110 9 INFO neutron.services.segments.plugin [-] Segment b5c229e1-ea01-4f56-be6d-73890df39619 resource provider not found; error: Placement Client Error (4xx): {"errors": [{"status": 404, "title": "Not Found", "detail": "The resource could not be found.\n\n No resource provider with uuid b5c229e1-ea01-4f56-be6d-73890df39619 found for delete ", "request_id": "req-9669147d-643c-48b6-9415-a66a929d6b77"}]}
2026-04-27 22:07:21.138 9 INFO neutron.wsgi [None req-d0707711-27a6-426f-acd6-5d1c91addfe6 98158c5ff53548ce8ab38dfab7b70993 2e4744b713044e0f8c9de3b3414116c0 - - default default] 10.0.0.105 "DELETE /v2.0/networks/8c2038ec-c0af-43aa-96c2-fb4c3f15e3b6 HTTP/1.1" status: 204 len: 168 time: 0.5217049
2026-04-27 22:07:21.221 10 INFO neutron.db.ovn_revision_numbers_db [None req-8808da82-7173-4c1a-b500-f89684680184 5785e1b138df4a288cf151cfd6ebbb8a d3a89fa4633c4386bc030007e6181bba - - default default] Successfully bumped revision number for resource d0ad6dc2-4a14-4b1b-9a80-85083b1950e3 (type: ports) to 2
2026-04-27 22:07:21.224 9 INFO neutron.wsgi [None req-0a96b299-51cd-4e79-b99a-0c935a8ac8db 98158c5ff53548ce8ab38dfab7b70993 2e4744b713044e0f8c9de3b3414116c0 - - default default] 10.0.0.105 "GET /v2.0/networks HTTP/1.1" status: 200 len: 845 time: 0.0787542
2026-04-27 22:07:21.234 9 WARNING neutron_lib.context [None req-b6b05c6c-ca12-4e85-b166-cd1219dcc0b2 98158c5ff53548ce8ab38dfab7b70993 2e4744b713044e0f8c9de3b3414116c0 - - default default] Method 'is_advsvc' is deprecated since 2023.2 release (neutron-lib 3.8.0) and will be removed once support for the old RBAC API policies will be removed from Neutron. Please use method 'is_service_role' instead.
2026-04-27 22:07:21.255 10 INFO neutron.db.ovn_revision_numbers_db [None req-8808da82-7173-4c1a-b500-f89684680184 5785e1b138df4a288cf151cfd6ebbb8a d3a89fa4633c4386bc030007e6181bba - - default default] Successfully bumped revision number for resource daa64f1c-9c61-4924-94f8-f95fdd7f9fec (type: subnets) to 0
2026-04-27 22:07:21.271 10 INFO neutron.wsgi [None req-8808da82-7173-4c1a-b500-f89684680184 5785e1b138df4a288cf151cfd6ebbb8a d3a89fa4633c4386bc030007e6181bba - - default default] 10.0.0.105 "POST /v2.0/subnets HTTP/1.1" status: 201 len: 832 time: 0.9503849
2026-04-27 22:07:21.317 9 INFO neutron.db.segments_db [None req-b6b05c6c-ca12-4e85-b166-cd1219dcc0b2 98158c5ff53548ce8ab38dfab7b70993 2e4744b713044e0f8c9de3b3414116c0 - - default default] Added segment 7e16661f-4c97-4868-ad75-36f8b6600044 of type geneve for network 7aaee241-5cde-4a1c-810a-39b19ed2fdd8
2026-04-27 22:07:21.525 9 INFO neutron.db.ovn_revision_numbers_db [None req-b6b05c6c-ca12-4e85-b166-cd1219dcc0b2 98158c5ff53548ce8ab38dfab7b70993 2e4744b713044e0f8c9de3b3414116c0 - - default default] Successfully bumped revision number for resource 7aaee241-5cde-4a1c-810a-39b19ed2fdd8 (type: networks) to 1
2026-04-27 22:07:21.751 10 INFO neutron.wsgi [req-0452f935-9f69-4a7f-9a83-9060861e1b9e req-778ff6ac-2451-4daf-8099-7676d885a3b3 abf47f0e82fd4e48adbfd932d08a052c d1866124222c49278285fd285d1feb72 - - default default] 10.0.0.45 "GET /v2.0/ports?device_id=4f537e1a-76e6-4e23-9713-92ec13d8997a HTTP/1.1" status: 200 len: 1170 time: 0.1020555
2026-04-27 22:07:21.797 10 INFO neutron.wsgi [req-0452f935-9f69-4a7f-9a83-9060861e1b9e req-dadff6d4-6204-4ce3-b9dc-c3b197bbf108 abf47f0e82fd4e48adbfd932d08a052c d1866124222c49278285fd285d1feb72 - - default default] 10.0.0.45 "GET /v2.0/security-groups?id=b0fc897d-0dbf-4522-8742-3faa9689cb57&fields=id&fields=name HTTP/1.1" status: 200 len: 312 time: 0.0378091
2026-04-27 22:07:21.913 10 INFO neutron.wsgi [req-def6f1be-a4cf-4537-a238-af39c89e21fd req-2bb96097-5daf-4c55-b603-af405a3ac179 abf47f0e82fd4e48adbfd932d08a052c d1866124222c49278285fd285d1feb72 - - default default] 10.0.0.45 "GET /v2.0/ports?device_id=4f537e1a-76e6-4e23-9713-92ec13d8997a HTTP/1.1" status: 200 len: 1170 time: 0.0450976
2026-04-27 22:07:21.958 10 INFO neutron.wsgi [req-def6f1be-a4cf-4537-a238-af39c89e21fd req-ae98e01c-2dae-4647-a9cd-4002dd5aeac4 abf47f0e82fd4e48adbfd932d08a052c d1866124222c49278285fd285d1feb72 - - default default] 10.0.0.45 "GET /v2.0/security-groups?id=b0fc897d-0dbf-4522-8742-3faa9689cb57&fields=id&fields=name HTTP/1.1" status: 200 len: 312 time: 0.0385146
2026-04-27 22:07:22.023 9 WARNING neutron.scheduler.dhcp_agent_scheduler [None req-b6b05c6c-ca12-4e85-b166-cd1219dcc0b2 98158c5ff53548ce8ab38dfab7b70993 2e4744b713044e0f8c9de3b3414116c0 - - default default] No more DHCP agents
2026-04-27 22:07:22.027 9 WARNING neutron.api.rpc.agentnotifiers.dhcp_rpc_agent_api [None req-b6b05c6c-ca12-4e85-b166-cd1219dcc0b2 98158c5ff53548ce8ab38dfab7b70993 2e4744b713044e0f8c9de3b3414116c0 - - default default] Unable to schedule network 7aaee241-5cde-4a1c-810a-39b19ed2fdd8: no agents available; will retry on subsequent port and subnet creation events.
2026-04-27 22:07:22.129 9 INFO neutron.db.ovn_revision_numbers_db [None req-b6b05c6c-ca12-4e85-b166-cd1219dcc0b2 98158c5ff53548ce8ab38dfab7b70993 2e4744b713044e0f8c9de3b3414116c0 - - default default] Successfully bumped revision number for resource 60ccbace-856d-4601-98aa-694dd1ea9938 (type: ports) to 1
2026-04-27 22:07:22.165 9 INFO neutron.wsgi [None req-b6b05c6c-ca12-4e85-b166-cd1219dcc0b2 98158c5ff53548ce8ab38dfab7b70993 2e4744b713044e0f8c9de3b3414116c0 - - default default] 10.0.0.105 "POST /v2.0/networks HTTP/1.1" status: 201 len: 849 time: 0.9347725
2026-04-27 22:07:22.175 9 WARNING neutron_lib.context [None req-3a50cf61-7b45-4d16-a9e8-d62efa155f55 98158c5ff53548ce8ab38dfab7b70993 2e4744b713044e0f8c9de3b3414116c0 - - default default] Method 'is_advsvc' is deprecated since 2023.2 release (neutron-lib 3.8.0) and will be removed once support for the old RBAC API policies will be removed from Neutron. Please use method 'is_service_role' instead.
2026-04-27 22:07:22.205 9 WARNING neutron.scheduler.dhcp_agent_scheduler [None req-c3899b3b-a7e9-46b7-82e1-9a52442463bf 5785e1b138df4a288cf151cfd6ebbb8a d3a89fa4633c4386bc030007e6181bba - - default default] No more DHCP agents
2026-04-27 22:07:22.209 9 WARNING neutron.api.rpc.agentnotifiers.dhcp_rpc_agent_api [None req-c3899b3b-a7e9-46b7-82e1-9a52442463bf 5785e1b138df4a288cf151cfd6ebbb8a d3a89fa4633c4386bc030007e6181bba - - default default] Unable to schedule network 39177c2a-0737-4f30-b1ff-69aad5341d37: no agents available; will retry on subsequent port and subnet creation events.
2026-04-27 22:07:22.279 9 INFO neutron.db.segments_db [None req-3a50cf61-7b45-4d16-a9e8-d62efa155f55 98158c5ff53548ce8ab38dfab7b70993 2e4744b713044e0f8c9de3b3414116c0 - - default default] Added segment 91a96b77-ef5a-4dff-aca4-b1df1c967551 of type geneve for network eea03d57-296b-4330-975a-558e9eed6607
2026-04-27 22:07:22.337 10 INFO neutron.wsgi [req-8f2e033c-9c42-444e-9937-800910f3ae11 req-350928fe-cca9-4477-bcee-f0317c3ebb30 abf47f0e82fd4e48adbfd932d08a052c d1866124222c49278285fd285d1feb72 - - default default] 10.0.0.45 "GET /v2.0/ports?device_id=4f537e1a-76e6-4e23-9713-92ec13d8997a HTTP/1.1" status: 200 len: 1170 time: 0.0360935
2026-04-27 22:07:22.378 10 INFO neutron.wsgi [req-8f2e033c-9c42-444e-9937-800910f3ae11 req-d8ca70cf-fc7c-41e5-aa13-d85d7fc3aaa6 abf47f0e82fd4e48adbfd932d08a052c d1866124222c49278285fd285d1feb72 - - default default] 10.0.0.45 "GET /v2.0/security-groups?id=b0fc897d-0dbf-4522-8742-3faa9689cb57&fields=id&fields=name HTTP/1.1" status: 200 len: 312 time: 0.0331416
2026-04-27 22:07:22.405 9 INFO neutron.wsgi [req-4e61eb86-dfb0-4667-8955-ecf47793f226 req-ba54ede9-c32a-45d8-9e07-f7afa6b0aa52 dfe67ae67a0d45b0a4511adb4b45b466 398885860a1a485a97ce085702de3e7d - - 9b8ddd2dacbe4426aee095541780fd67 9b8ddd2dacbe4426aee095541780fd67] 199.204.45.129 "GET /v2.0/ports?tenant_id=d1866124222c49278285fd285d1feb72&device_id=4f537e1a-76e6-4e23-9713-92ec13d8997a HTTP/1.1" status: 200 len: 1409 time: 0.0588500
2026-04-27 22:07:22.454 9 INFO neutron.db.ovn_revision_numbers_db [None req-c3899b3b-a7e9-46b7-82e1-9a52442463bf 5785e1b138df4a288cf151cfd6ebbb8a d3a89fa4633c4386bc030007e6181bba - - default default] Successfully bumped revision number for resource 024a04c6-b722-4ef8-b70d-0b90d6b8f815 (type: ports) to 1
2026-04-27 22:07:22.511 9 INFO neutron.db.ovn_revision_numbers_db [None req-3a50cf61-7b45-4d16-a9e8-d62efa155f55 98158c5ff53548ce8ab38dfab7b70993 2e4744b713044e0f8c9de3b3414116c0 - - default default] Successfully bumped revision number for resource eea03d57-296b-4330-975a-558e9eed6607 (type: networks) to 1
2026-04-27 22:07:22.552 9 INFO neutron.wsgi [req-4e61eb86-dfb0-4667-8955-ecf47793f226 req-4a62f970-24da-4f58-a6f8-34542901f0bc dfe67ae67a0d45b0a4511adb4b45b466 398885860a1a485a97ce085702de3e7d - - 9b8ddd2dacbe4426aee095541780fd67 9b8ddd2dacbe4426aee095541780fd67] 199.204.45.129 "GET /v2.0/networks?id=096119ca-99eb-49ca-9193-a1e6f840a9b7 HTTP/1.1" status: 200 len: 974 time: 0.1333826
2026-04-27 22:07:22.639 9 INFO neutron.wsgi [req-4e61eb86-dfb0-4667-8955-ecf47793f226 req-1476853e-d573-4f00-9be1-b818a1e87820 dfe67ae67a0d45b0a4511adb4b45b466 398885860a1a485a97ce085702de3e7d - - 9b8ddd2dacbe4426aee095541780fd67 9b8ddd2dacbe4426aee095541780fd67] 199.204.45.129 "GET /v2.0/floatingips?fixed_ip_address=10.100.0.3&port_id=2a7572b2-b9c5-44d4-84ea-f7cfd659b234 HTTP/1.1" status: 200 len: 1059 time: 0.0789630
2026-04-27 22:07:22.710 9 INFO neutron.wsgi [req-4e61eb86-dfb0-4667-8955-ecf47793f226 req-a615dfcb-a0c3-4424-87b3-f7d2381ee68d dfe67ae67a0d45b0a4511adb4b45b466 398885860a1a485a97ce085702de3e7d - - 9b8ddd2dacbe4426aee095541780fd67 9b8ddd2dacbe4426aee095541780fd67] 199.204.45.129 "GET /v2.0/subnets?id=c42c0e31-4a0e-4cf5-ad77-9c5be9f493d0 HTTP/1.1" status: 200 len: 869 time: 0.0628994
2026-04-27 22:07:22.750 9 INFO neutron.wsgi [req-4e61eb86-dfb0-4667-8955-ecf47793f226 req-30ccf0ab-2fba-42e8-80cb-05b0844f0ba8 dfe67ae67a0d45b0a4511adb4b45b466 398885860a1a485a97ce085702de3e7d - - 9b8ddd2dacbe4426aee095541780fd67 9b8ddd2dacbe4426aee095541780fd67] 199.204.45.129 "GET /v2.0/ports?network_id=096119ca-99eb-49ca-9193-a1e6f840a9b7&device_owner=network%3Adhcp HTTP/1.1" status: 200 len: 210 time: 0.0320330
2026-04-27 22:07:22.831 9 WARNING neutron.scheduler.dhcp_agent_scheduler [None req-3a50cf61-7b45-4d16-a9e8-d62efa155f55 98158c5ff53548ce8ab38dfab7b70993 2e4744b713044e0f8c9de3b3414116c0 - - default default] No more DHCP agents
2026-04-27 22:07:22.837 9 WARNING neutron.api.rpc.agentnotifiers.dhcp_rpc_agent_api [None req-3a50cf61-7b45-4d16-a9e8-d62efa155f55 98158c5ff53548ce8ab38dfab7b70993 2e4744b713044e0f8c9de3b3414116c0 - - default default] Unable to schedule network eea03d57-296b-4330-975a-558e9eed6607: no agents available; will retry on subsequent port and subnet creation events.
2026-04-27 22:07:22.859 9 INFO neutron.wsgi [req-4e61eb86-dfb0-4667-8955-ecf47793f226 req-62d23c7e-ca9d-446c-8680-8a985ce9fd57 dfe67ae67a0d45b0a4511adb4b45b466 398885860a1a485a97ce085702de3e7d - - 9b8ddd2dacbe4426aee095541780fd67 9b8ddd2dacbe4426aee095541780fd67] 199.204.45.129 "GET /v2.0/networks/096119ca-99eb-49ca-9193-a1e6f840a9b7?fields=segments HTTP/1.1" status: 200 len: 212 time: 0.1013005
2026-04-27 22:07:22.982 9 INFO neutron.wsgi [req-4e61eb86-dfb0-4667-8955-ecf47793f226 req-7e843829-e2fd-4221-a309-31fd22a8459a dfe67ae67a0d45b0a4511adb4b45b466 398885860a1a485a97ce085702de3e7d - - 9b8ddd2dacbe4426aee095541780fd67 9b8ddd2dacbe4426aee095541780fd67] 199.204.45.129 "GET /v2.0/networks/096119ca-99eb-49ca-9193-a1e6f840a9b7?fields=provider%3Aphysical_network&fields=provider%3Anetwork_type HTTP/1.1" status: 200 len: 277 time: 0.1116741
2026-04-27 22:07:22.990 9 INFO neutron.db.ovn_revision_numbers_db [None req-3a50cf61-7b45-4d16-a9e8-d62efa155f55 98158c5ff53548ce8ab38dfab7b70993 2e4744b713044e0f8c9de3b3414116c0 - - default default] Successfully bumped revision number for resource d95a962f-44d7-41e6-b2b8-0302325ef0c5 (type: ports) to 1
2026-04-27 22:07:23.019 9 INFO neutron.wsgi [None req-3a50cf61-7b45-4d16-a9e8-d62efa155f55 98158c5ff53548ce8ab38dfab7b70993 2e4744b713044e0f8c9de3b3414116c0 - - default default] 10.0.0.105 "POST /v2.0/networks HTTP/1.1" status: 201 len: 849 time: 0.8492377
2026-04-27 22:07:23.034 10 WARNING neutron_lib.context [None req-2f78ed9d-12d5-447e-9add-66f2eeffbb60 98158c5ff53548ce8ab38dfab7b70993 2e4744b713044e0f8c9de3b3414116c0 - - default default] Method 'is_advsvc' is deprecated since 2023.2 release (neutron-lib 3.8.0) and will be removed once support for the old RBAC API policies will be removed from Neutron. Please use method 'is_service_role' instead.
2026-04-27 22:07:23.072 10 WARNING neutron_lib.context [None req-2f78ed9d-12d5-447e-9add-66f2eeffbb60 98158c5ff53548ce8ab38dfab7b70993 2e4744b713044e0f8c9de3b3414116c0 - - default default] Method 'is_advsvc' is deprecated since 2023.2 release (neutron-lib 3.8.0) and will be removed once support for the old RBAC API policies will be removed from Neutron. Please use method 'is_service_role' instead.
2026-04-27 22:07:23.113 10 INFO neutron.plugins.ml2.drivers.ovn.mech_driver.mech_driver [None req-808e9de3-9bf9-42c7-be3d-e1b6b2eea620 - - - - - -] OVN reports status up for port: 024a04c6-b722-4ef8-b70d-0b90d6b8f815
2026-04-27 22:07:23.131 10 INFO neutron.plugins.ml2.plugin [None req-808e9de3-9bf9-42c7-be3d-e1b6b2eea620 - - - - - -] Attempt 1 to provision port 024a04c6-b722-4ef8-b70d-0b90d6b8f815
2026-04-27 22:07:23.132 9 INFO neutron.db.ovn_revision_numbers_db [None req-c3899b3b-a7e9-46b7-82e1-9a52442463bf 5785e1b138df4a288cf151cfd6ebbb8a d3a89fa4633c4386bc030007e6181bba - - default default] Successfully bumped revision number for resource 024a04c6-b722-4ef8-b70d-0b90d6b8f815 (type: router_ports) to 1
2026-04-27 22:07:23.286 9 INFO neutron.db.ovn_revision_numbers_db [None req-c3899b3b-a7e9-46b7-82e1-9a52442463bf 5785e1b138df4a288cf151cfd6ebbb8a d3a89fa4633c4386bc030007e6181bba - - default default] Successfully bumped revision number for resource 024a04c6-b722-4ef8-b70d-0b90d6b8f815 (type: ports) to 1
2026-04-27 22:07:23.340 9 WARNING neutron_lib.context [None req-3225c0d9-eadb-4139-b3fb-2023bd609b08 8620803253a440c69c89080324647583 9776e8724488474ea53ebc0c9e84fdfc - - default default] Method 'is_advsvc' is deprecated since 2023.2 release (neutron-lib 3.8.0) and will be removed once support for the old RBAC API policies will be removed from Neutron. Please use method 'is_service_role' instead.
2026-04-27 22:07:23.366 9 WARNING neutron.scheduler.dhcp_agent_scheduler [None req-c3899b3b-a7e9-46b7-82e1-9a52442463bf 5785e1b138df4a288cf151cfd6ebbb8a d3a89fa4633c4386bc030007e6181bba - - default default] No more DHCP agents
2026-04-27 22:07:23.369 9 WARNING neutron.api.rpc.agentnotifiers.dhcp_rpc_agent_api [None req-c3899b3b-a7e9-46b7-82e1-9a52442463bf 5785e1b138df4a288cf151cfd6ebbb8a d3a89fa4633c4386bc030007e6181bba - - default default] Unable to schedule network 39177c2a-0737-4f30-b1ff-69aad5341d37: no agents available; will retry on subsequent port and subnet creation events.
2026-04-27 22:07:23.537 10 INFO neutron.wsgi [req-cefd86b7-2356-4715-8624-d3496c0855ca req-9d5cdf83-d94d-495f-8da8-af31a9c1d2dd abf47f0e82fd4e48adbfd932d08a052c d1866124222c49278285fd285d1feb72 - - default default] 10.0.0.45 "GET /v2.0/ports?device_id=4f537e1a-76e6-4e23-9713-92ec13d8997a HTTP/1.1" status: 200 len: 1170 time: 0.0785475
2026-04-27 22:07:23.559 10 INFO neutron.db.ovn_revision_numbers_db [None req-808e9de3-9bf9-42c7-be3d-e1b6b2eea620 - - - - - -] Successfully bumped revision number for resource 024a04c6-b722-4ef8-b70d-0b90d6b8f815 (type: ports) to 2
2026-04-27 22:07:23.590 10 INFO neutron.wsgi [req-cefd86b7-2356-4715-8624-d3496c0855ca req-f1a42966-8239-4c64-b0a3-e9314f312acd abf47f0e82fd4e48adbfd932d08a052c d1866124222c49278285fd285d1feb72 - - default default] 10.0.0.45 "GET /v2.0/security-groups?id=b0fc897d-0dbf-4522-8742-3faa9689cb57&fields=id&fields=name HTTP/1.1" status: 200 len: 312 time: 0.0468290
2026-04-27 22:07:23.669 10 INFO neutron.db.ovn_revision_numbers_db [None req-808e9de3-9bf9-42c7-be3d-e1b6b2eea620 - - - - - -] Successfully bumped revision number for resource 024a04c6-b722-4ef8-b70d-0b90d6b8f815 (type: router_ports) to 2
2026-04-27 22:07:23.740 10 WARNING neutron.scheduler.dhcp_agent_scheduler [None req-2f78ed9d-12d5-447e-9add-66f2eeffbb60 98158c5ff53548ce8ab38dfab7b70993 2e4744b713044e0f8c9de3b3414116c0 - - default default] No more DHCP agents
2026-04-27 22:07:23.750 10 WARNING neutron.api.rpc.agentnotifiers.dhcp_rpc_agent_api [None req-2f78ed9d-12d5-447e-9add-66f2eeffbb60 98158c5ff53548ce8ab38dfab7b70993 2e4744b713044e0f8c9de3b3414116c0 - - default default] Unable to schedule network 7aaee241-5cde-4a1c-810a-39b19ed2fdd8: no agents available; will retry on subsequent port and subnet creation events.
2026-04-27 22:07:23.841 10 INFO neutron.db.ovn_revision_numbers_db [None req-2f78ed9d-12d5-447e-9add-66f2eeffbb60 98158c5ff53548ce8ab38dfab7b70993 2e4744b713044e0f8c9de3b3414116c0 - - default default] Successfully bumped revision number for resource 0f094401-1e6a-4567-a057-59a0feb273d1 (type: ports) to 1
2026-04-27 22:07:23.870 10 WARNING neutron.scheduler.dhcp_agent_scheduler [None req-2f78ed9d-12d5-447e-9add-66f2eeffbb60 98158c5ff53548ce8ab38dfab7b70993 2e4744b713044e0f8c9de3b3414116c0 - - default default] No more DHCP agents
2026-04-27 22:07:23.872 10 WARNING neutron.api.rpc.agentnotifiers.dhcp_rpc_agent_api [None req-2f78ed9d-12d5-447e-9add-66f2eeffbb60 98158c5ff53548ce8ab38dfab7b70993 2e4744b713044e0f8c9de3b3414116c0 - - default default] Unable to schedule network eea03d57-296b-4330-975a-558e9eed6607: no agents available; will retry on subsequent port and subnet creation events.
2026-04-27 22:07:23.887 9 WARNING neutron.scheduler.dhcp_agent_scheduler [None req-3225c0d9-eadb-4139-b3fb-2023bd609b08 8620803253a440c69c89080324647583 9776e8724488474ea53ebc0c9e84fdfc - - default default] No more DHCP agents
2026-04-27 22:07:23.890 9 WARNING neutron.api.rpc.agentnotifiers.dhcp_rpc_agent_api [None req-3225c0d9-eadb-4139-b3fb-2023bd609b08 8620803253a440c69c89080324647583 9776e8724488474ea53ebc0c9e84fdfc - - default default] Unable to schedule network 5cd4b189-3e6b-435e-b218-98182b85042c: no agents available; will retry on subsequent port and subnet creation events.
