2026-04-27 22:08:22.486 10 INFO neutron.wsgi [None req-c3d660a7-e825-42fe-a55b-ae7c275eaaeb 3f7a3f43e7ef4ddea9ef5469618e88af 489e3fb64deb4dd198423d49246a1f19 - - default default] 10.0.0.105 "POST /v2.0/routers HTTP/1.1" status: 201 len: 654 time: 0.1600268
2026-04-27 22:08:22.496 9 WARNING neutron_lib.context [None req-85457aeb-0956-4292-9cba-4a67597af60c 3f7a3f43e7ef4ddea9ef5469618e88af 489e3fb64deb4dd198423d49246a1f19 - - default default] Method 'is_advsvc' is deprecated since 2023.2 release (neutron-lib 3.8.0) and will be removed once support for the old RBAC API policies will be removed from Neutron. Please use method 'is_service_role' instead.
2026-04-27 22:08:22.649 9 INFO neutron.db.ovn_revision_numbers_db [None req-85457aeb-0956-4292-9cba-4a67597af60c 3f7a3f43e7ef4ddea9ef5469618e88af 489e3fb64deb4dd198423d49246a1f19 - - default default] Successfully bumped revision number for resource c9cb9c0a-2cc7-4b91-9db7-a16676b2cad3 (type: routers) to 1
2026-04-27 22:08:22.673 9 INFO neutron.wsgi [None req-85457aeb-0956-4292-9cba-4a67597af60c 3f7a3f43e7ef4ddea9ef5469618e88af 489e3fb64deb4dd198423d49246a1f19 - - default default] 10.0.0.105 "POST /v2.0/routers HTTP/1.1" status: 201 len: 654 time: 0.1832075
2026-04-27 22:08:22.685 9 WARNING neutron_lib.context [None req-a9a53020-aa30-4624-a840-722e27b855d4 3f7a3f43e7ef4ddea9ef5469618e88af 489e3fb64deb4dd198423d49246a1f19 - - default default] Method 'is_advsvc' is deprecated since 2023.2 release (neutron-lib 3.8.0) and will be removed once support for the old RBAC API policies will be removed from Neutron. Please use method 'is_service_role' instead.
2026-04-27 22:08:22.856 9 INFO neutron.db.ovn_revision_numbers_db [None req-a9a53020-aa30-4624-a840-722e27b855d4 3f7a3f43e7ef4ddea9ef5469618e88af 489e3fb64deb4dd198423d49246a1f19 - - default default] Successfully bumped revision number for resource 3ad9cd91-0afe-474b-8b85-18fc59dbb4c6 (type: routers) to 1
2026-04-27 22:08:22.874 9 INFO neutron.wsgi [None req-a9a53020-aa30-4624-a840-722e27b855d4 3f7a3f43e7ef4ddea9ef5469618e88af 489e3fb64deb4dd198423d49246a1f19 - - default default] 10.0.0.105 "POST /v2.0/routers HTTP/1.1" status: 201 len: 654 time: 0.1945238
2026-04-27 22:08:22.884 9 WARNING neutron_lib.context [None req-bb9ed554-00a5-41bb-a219-3f470993ed11 3f7a3f43e7ef4ddea9ef5469618e88af 489e3fb64deb4dd198423d49246a1f19 - - default default] Method 'is_advsvc' is deprecated since 2023.2 release (neutron-lib 3.8.0) and will be removed once support for the old RBAC API policies will be removed from Neutron. Please use method 'is_service_role' instead.
2026-04-27 22:08:23.013 9 INFO neutron.db.ovn_revision_numbers_db [None req-bb9ed554-00a5-41bb-a219-3f470993ed11 3f7a3f43e7ef4ddea9ef5469618e88af 489e3fb64deb4dd198423d49246a1f19 - - default default] Successfully bumped revision number for resource a1507d1d-02cd-487a-865c-88957b105c50 (type: routers) to 1
2026-04-27 22:08:23.031 9 INFO neutron.wsgi [None req-bb9ed554-00a5-41bb-a219-3f470993ed11 3f7a3f43e7ef4ddea9ef5469618e88af 489e3fb64deb4dd198423d49246a1f19 - - default default] 10.0.0.105 "POST /v2.0/routers HTTP/1.1" status: 201 len: 654 time: 0.1526036
2026-04-27 22:08:23.088 9 INFO neutron.wsgi [None req-b5189f3b-a988-41d4-aa47-eed211a3784f 3f7a3f43e7ef4ddea9ef5469618e88af 489e3fb64deb4dd198423d49246a1f19 - - default default] 10.0.0.105 "PUT /v2.0/routers/7862964d-6544-4aa1-97dc-4396dedf6885/tags HTTP/1.1" status: 200 len: 210 time: 0.0518584
2026-04-27 22:08:23.168 9 INFO neutron.wsgi [None req-80cf8d58-f8d0-45d7-b6e5-a7ff9afe88a0 3f7a3f43e7ef4ddea9ef5469618e88af 489e3fb64deb4dd198423d49246a1f19 - - default default] 10.0.0.105 "PUT /v2.0/routers/9675a246-55a2-42d9-bf97-b5bc62a01d2f/tags HTTP/1.1" status: 200 len: 218 time: 0.0745509
2026-04-27 22:08:23.233 9 INFO neutron.wsgi [None req-71b1f532-4889-4885-8fbc-3841490ac9ff 3f7a3f43e7ef4ddea9ef5469618e88af 489e3fb64deb4dd198423d49246a1f19 - - default default] 10.0.0.105 "PUT /v2.0/routers/c9cb9c0a-2cc7-4b91-9db7-a16676b2cad3/tags HTTP/1.1" status: 200 len: 227 time: 0.0603306
2026-04-27 22:08:23.301 9 INFO neutron.wsgi [None req-81ea41b4-9566-4fab-b5a6-7f391100a58a 3f7a3f43e7ef4ddea9ef5469618e88af 489e3fb64deb4dd198423d49246a1f19 - - default default] 10.0.0.105 "PUT /v2.0/routers/3ad9cd91-0afe-474b-8b85-18fc59dbb4c6/tags HTTP/1.1" status: 200 len: 212 time: 0.0606813
2026-04-27 22:08:23.390 9 INFO neutron.wsgi [None req-5699f6af-4160-4a31-920d-5634f3d5791f 3f7a3f43e7ef4ddea9ef5469618e88af 489e3fb64deb4dd198423d49246a1f19 - - default default] 10.0.0.105 "GET /v2.0/routers?tags=red HTTP/1.1" status: 200 len: 1601 time: 0.0816929
2026-04-27 22:08:23.511 10 INFO neutron.wsgi [None req-978da384-1dac-4d36-b7d5-cece308c9e4c 3f7a3f43e7ef4ddea9ef5469618e88af 489e3fb64deb4dd198423d49246a1f19 - - default default] 10.0.0.105 "GET /v2.0/routers?tags=red%2Cblue HTTP/1.1" status: 200 len: 1144 time: 0.1156299
2026-04-27 22:08:23.582 10 INFO neutron.wsgi [None req-9b5173c5-e52d-4e1c-9bec-85c833256c4f 3f7a3f43e7ef4ddea9ef5469618e88af 489e3fb64deb4dd198423d49246a1f19 - - default default] 10.0.0.105 "GET /v2.0/routers?tags-any=blue HTTP/1.1" status: 200 len: 1144 time: 0.0654843
2026-04-27 22:08:23.640 10 INFO neutron.wsgi [None req-de32e374-0de8-4e4f-b401-b38a65f72db0 3f7a3f43e7ef4ddea9ef5469618e88af 489e3fb64deb4dd198423d49246a1f19 - - default default] 10.0.0.105 "GET /v2.0/routers?tags-any=red%2Cblue HTTP/1.1" status: 200 len: 1601 time: 0.0521288
2026-04-27 22:08:23.716 10 INFO neutron.wsgi [None req-f26fcc33-d1f4-43cd-8694-fafd878d8303 3f7a3f43e7ef4ddea9ef5469618e88af 489e3fb64deb4dd198423d49246a1f19 - - default default] 10.0.0.105 "GET /v2.0/routers?not-tags=red HTTP/1.1" status: 200 len: 1116 time: 0.0695262
2026-04-27 22:08:23.797 10 INFO neutron.wsgi [None req-036951d2-37c6-45d6-8b85-6205b247108d 3f7a3f43e7ef4ddea9ef5469618e88af 489e3fb64deb4dd198423d49246a1f19 - - default default] 10.0.0.105 "GET /v2.0/routers?not-tags=red%2Cblue HTTP/1.1" status: 200 len: 1573 time: 0.0751655
2026-04-27 22:08:23.884 10 INFO neutron.wsgi [None req-3bcd84a6-b1ec-4b91-adf7-7834db7d5f9f 3f7a3f43e7ef4ddea9ef5469618e88af 489e3fb64deb4dd198423d49246a1f19 - - default default] 10.0.0.105 "GET /v2.0/routers?not-tags-any=blue HTTP/1.1" status: 200 len: 1573 time: 0.0807252
2026-04-27 22:08:23.936 10 INFO neutron.wsgi [None req-3e3aa721-ce5b-4911-af6d-d2aa0d499b9c 3f7a3f43e7ef4ddea9ef5469618e88af 489e3fb64deb4dd198423d49246a1f19 - - default default] 10.0.0.105 "GET /v2.0/routers?not-tags-any=red%2Cblue HTTP/1.1" status: 200 len: 1116 time: 0.0458796
2026-04-27 22:08:23.999 10 INFO neutron.wsgi [None req-e087d23a-fb6f-4a0f-a1b9-aca05adebe89 3f7a3f43e7ef4ddea9ef5469618e88af 489e3fb64deb4dd198423d49246a1f19 - - default default] 10.0.0.105 "GET /v2.0/routers/7862964d-6544-4aa1-97dc-4396dedf6885 HTTP/1.1" status: 200 len: 660 time: 0.0542736
2026-04-27 22:08:24.441 9 INFO neutron.wsgi [None req-b98f38ac-d6c2-49da-9d95-1154376c343a dc20cda04fd142a3bc7aa7dc71f9a0c2 2a876640867d4262b1967741b859435e - - default default] 10.0.0.96 "GET /v2.0/extensions HTTP/1.1" status: 200 len: 16980 time: 0.1154103
2026-04-27 22:08:24.519 10 INFO neutron.db.ovn_revision_numbers_db [None req-adfc513b-9b7a-48bf-8166-26b8e9931d5d 3f7a3f43e7ef4ddea9ef5469618e88af 489e3fb64deb4dd198423d49246a1f19 - - default default] Successfully bumped revision number for resource 7862964d-6544-4aa1-97dc-4396dedf6885 (type: routers) to 2
2026-04-27 22:08:24.523 10 INFO neutron.wsgi [None req-adfc513b-9b7a-48bf-8166-26b8e9931d5d 3f7a3f43e7ef4ddea9ef5469618e88af 489e3fb64deb4dd198423d49246a1f19 - - default default] 10.0.0.105 "PUT /v2.0/routers/7862964d-6544-4aa1-97dc-4396dedf6885 HTTP/1.1" status: 200 len: 660 time: 0.5179296
2026-04-27 22:08:24.553 9 INFO neutron.wsgi [None req-3f9ba150-b30a-4e27-8b56-7e3c98c931eb dc20cda04fd142a3bc7aa7dc71f9a0c2 2a876640867d4262b1967741b859435e - - default default] 10.0.0.96 "GET /v2.0/quotas/2a876640867d4262b1967741b859435e/details HTTP/1.1" status: 200 len: 756 time: 0.0909803
2026-04-27 22:08:24.554 10 INFO neutron.wsgi [None req-35ce1209-c68f-4de8-8cfd-4a0e70415853 3f7a3f43e7ef4ddea9ef5469618e88af 489e3fb64deb4dd198423d49246a1f19 - - default default] 10.0.0.105 "GET /v2.0/ports?device_id=7862964d-6544-4aa1-97dc-4396dedf6885 HTTP/1.1" status: 200 len: 205 time: 0.0235839
2026-04-27 22:08:24.864 9 INFO neutron.wsgi [None req-5e829f68-9a56-45ef-8972-8b4e5f635ce6 3f7a3f43e7ef4ddea9ef5469618e88af 489e3fb64deb4dd198423d49246a1f19 - - default default] 10.0.0.105 "DELETE /v2.0/routers/7862964d-6544-4aa1-97dc-4396dedf6885 HTTP/1.1" status: 204 len: 168 time: 0.3005807
2026-04-27 22:08:24.908 9 INFO neutron.wsgi [None req-054f09c8-4775-4d45-ae9c-66b0663d0a61 3f7a3f43e7ef4ddea9ef5469618e88af 489e3fb64deb4dd198423d49246a1f19 - - default default] 10.0.0.105 "GET /v2.0/routers/9675a246-55a2-42d9-bf97-b5bc62a01d2f HTTP/1.1" status: 200 len: 668 time: 0.0392525
2026-04-27 22:08:25.625 9 INFO neutron.db.ovn_revision_numbers_db [None req-e50b5d05-eaca-45fc-9d95-53a7ebdf3bad 3f7a3f43e7ef4ddea9ef5469618e88af 489e3fb64deb4dd198423d49246a1f19 - - default default] Successfully bumped revision number for resource 9675a246-55a2-42d9-bf97-b5bc62a01d2f (type: routers) to 2
2026-04-27 22:08:25.628 9 INFO neutron.wsgi [None req-e50b5d05-eaca-45fc-9d95-53a7ebdf3bad 3f7a3f43e7ef4ddea9ef5469618e88af 489e3fb64deb4dd198423d49246a1f19 - - default default] 10.0.0.105 "PUT /v2.0/routers/9675a246-55a2-42d9-bf97-b5bc62a01d2f HTTP/1.1" status: 200 len: 668 time: 0.7145591
2026-04-27 22:08:25.677 9 INFO neutron.wsgi [None req-3673d22a-46db-468e-8826-63b55d700f65 3f7a3f43e7ef4ddea9ef5469618e88af 489e3fb64deb4dd198423d49246a1f19 - - default default] 10.0.0.105 "GET /v2.0/ports?device_id=9675a246-55a2-42d9-bf97-b5bc62a01d2f HTTP/1.1" status: 200 len: 205 time: 0.0429597
2026-04-27 22:08:26.265 10 INFO neutron.wsgi [None req-b7d64234-ac79-4206-aa66-256de4943fe5 3f7a3f43e7ef4ddea9ef5469618e88af 489e3fb64deb4dd198423d49246a1f19 - - default default] 10.0.0.105 "DELETE /v2.0/routers/9675a246-55a2-42d9-bf97-b5bc62a01d2f HTTP/1.1" status: 204 len: 168 time: 0.5804644
2026-04-27 22:08:26.330 9 INFO neutron.wsgi [None req-3983135b-64dd-43f6-9a83-4e7bd011f097 3f7a3f43e7ef4ddea9ef5469618e88af 489e3fb64deb4dd198423d49246a1f19 - - default default] 10.0.0.105 "GET /v2.0/routers/c9cb9c0a-2cc7-4b91-9db7-a16676b2cad3 HTTP/1.1" status: 200 len: 677 time: 0.0510161
2026-04-27 22:08:26.806 9 INFO neutron.db.ovn_revision_numbers_db [None req-af6960ef-2759-4bf8-ac44-9d74008fe6f3 3f7a3f43e7ef4ddea9ef5469618e88af 489e3fb64deb4dd198423d49246a1f19 - - default default] Successfully bumped revision number for resource c9cb9c0a-2cc7-4b91-9db7-a16676b2cad3 (type: routers) to 2
2026-04-27 22:08:26.808 9 INFO neutron.wsgi [None req-af6960ef-2759-4bf8-ac44-9d74008fe6f3 3f7a3f43e7ef4ddea9ef5469618e88af 489e3fb64deb4dd198423d49246a1f19 - - default default] 10.0.0.105 "PUT /v2.0/routers/c9cb9c0a-2cc7-4b91-9db7-a16676b2cad3 HTTP/1.1" status: 200 len: 677 time: 0.4740579
2026-04-27 22:08:26.838 10 INFO neutron.wsgi [None req-d2a2d49e-dffc-4706-90de-8ccbfb570261 3f7a3f43e7ef4ddea9ef5469618e88af 489e3fb64deb4dd198423d49246a1f19 - - default default] 10.0.0.105 "GET /v2.0/ports?device_id=c9cb9c0a-2cc7-4b91-9db7-a16676b2cad3 HTTP/1.1" status: 200 len: 205 time: 0.0251601
2026-04-27 22:08:26.878 9 INFO neutron.db.ovn_revision_numbers_db [None req-34198ab6-c9e2-43a9-8bee-af15030ddf96 da9ea4bce9fa49798930ea075b6f69d6 9e87328a0e33464295d10e591d61c010 - - default default] Successfully bumped revision number for resource f89f1080-3b99-4606-92ec-6b3f30164bb5 (type: security_groups) to 1
2026-04-27 22:08:26.915 9 INFO neutron.db.ovn_revision_numbers_db [None req-34198ab6-c9e2-43a9-8bee-af15030ddf96 da9ea4bce9fa49798930ea075b6f69d6 9e87328a0e33464295d10e591d61c010 - - default default] Successfully bumped revision number for resource 0032161c-8065-443b-8238-7c9f66651839 (type: security_group_rules) to 0
2026-04-27 22:08:26.951 10 INFO neutron.wsgi [None req-eb16a79e-67be-49c8-83fe-1d2f549235dd dc20cda04fd142a3bc7aa7dc71f9a0c2 2a876640867d4262b1967741b859435e - - default default] 10.0.0.96 "GET /v2.0/extensions HTTP/1.1" status: 200 len: 16980 time: 0.0086584
2026-04-27 22:08:26.951 9 INFO neutron.db.ovn_revision_numbers_db [None req-34198ab6-c9e2-43a9-8bee-af15030ddf96 da9ea4bce9fa49798930ea075b6f69d6 9e87328a0e33464295d10e591d61c010 - - default default] Successfully bumped revision number for resource 42760ea4-f5ba-489e-bba9-1eb52768d58c (type: security_group_rules) to 0
2026-04-27 22:08:26.997 9 INFO neutron.db.ovn_revision_numbers_db [None req-34198ab6-c9e2-43a9-8bee-af15030ddf96 da9ea4bce9fa49798930ea075b6f69d6 9e87328a0e33464295d10e591d61c010 - - default default] Successfully bumped revision number for resource bc0d4df6-2d60-44d8-afde-aa35b75fe6c3 (type: security_group_rules) to 0
2026-04-27 22:08:27.022 9 INFO neutron.db.ovn_revision_numbers_db [None req-34198ab6-c9e2-43a9-8bee-af15030ddf96 da9ea4bce9fa49798930ea075b6f69d6 9e87328a0e33464295d10e591d61c010 - - default default] Successfully bumped revision number for resource c97f4036-692f-41bb-9855-396051ef5ba1 (type: security_group_rules) to 0
2026-04-27 22:08:27.048 10 INFO neutron.wsgi [None req-6de4e5b6-04ff-445e-b0e9-7529e139ee9d dc20cda04fd142a3bc7aa7dc71f9a0c2 2a876640867d4262b1967741b859435e - - default default] 10.0.0.96 "GET /v2.0/quotas/2a876640867d4262b1967741b859435e/details HTTP/1.1" status: 200 len: 756 time: 0.0845056
2026-04-27 22:08:27.076 9 INFO neutron.wsgi [None req-34198ab6-c9e2-43a9-8bee-af15030ddf96 da9ea4bce9fa49798930ea075b6f69d6 9e87328a0e33464295d10e591d61c010 - - default default] 10.0.0.105 "GET /v2.0/security-groups?tenant_id=9b85d8d14ea74ad294815bbb4f3bf88f&name=default HTTP/1.1" status: 200 len: 2996 time: 0.5406744
2026-04-27 22:08:27.129 9 INFO neutron.wsgi [None req-d6bac88f-d523-4f18-9568-76221b613408 3f7a3f43e7ef4ddea9ef5469618e88af 489e3fb64deb4dd198423d49246a1f19 - - default default] 10.0.0.105 "DELETE /v2.0/routers/c9cb9c0a-2cc7-4b91-9db7-a16676b2cad3 HTTP/1.1" status: 204 len: 168 time: 0.2829790
2026-04-27 22:08:27.180 10 INFO neutron.wsgi [None req-d6eb5c38-7a28-401f-8c50-4e9c3af15dbc 3f7a3f43e7ef4ddea9ef5469618e88af 489e3fb64deb4dd198423d49246a1f19 - - default default] 10.0.0.105 "GET /v2.0/routers/3ad9cd91-0afe-474b-8b85-18fc59dbb4c6 HTTP/1.1" status: 200 len: 662 time: 0.0455065
2026-04-27 22:08:27.390 10 INFO neutron.wsgi [-] 10.0.0.203 "GET / HTTP/1.1" status: 200 len: 246 time: 0.0027802
2026-04-27 22:08:27.393 10 INFO neutron.wsgi [-] 10.0.0.203 "GET / HTTP/1.1" status: 200 len: 246 time: 0.0022612
2026-04-27 22:08:27.438 9 INFO neutron.wsgi [None req-c00dc590-0288-42cb-bf7c-010b45278b28 da9ea4bce9fa49798930ea075b6f69d6 9e87328a0e33464295d10e591d61c010 - - default default] 10.0.0.105 "DELETE /v2.0/security-groups/f89f1080-3b99-4606-92ec-6b3f30164bb5 HTTP/1.1" status: 204 len: 168 time: 0.3577030
2026-04-27 22:08:27.684 9 INFO neutron.db.ovn_revision_numbers_db [None req-7664b10c-31bb-4257-b525-7722e64c6481 3f7a3f43e7ef4ddea9ef5469618e88af 489e3fb64deb4dd198423d49246a1f19 - - default default] Successfully bumped revision number for resource 3ad9cd91-0afe-474b-8b85-18fc59dbb4c6 (type: routers) to 2
2026-04-27 22:08:27.687 9 INFO neutron.wsgi [None req-7664b10c-31bb-4257-b525-7722e64c6481 3f7a3f43e7ef4ddea9ef5469618e88af 489e3fb64deb4dd198423d49246a1f19 - - default default] 10.0.0.105 "PUT /v2.0/routers/3ad9cd91-0afe-474b-8b85-18fc59dbb4c6 HTTP/1.1" status: 200 len: 662 time: 0.5023806
2026-04-27 22:08:27.717 9 INFO neutron.wsgi [None req-38db87c7-b173-4d19-9296-2c252d8753b2 3f7a3f43e7ef4ddea9ef5469618e88af 489e3fb64deb4dd198423d49246a1f19 - - default default] 10.0.0.105 "GET /v2.0/ports?device_id=3ad9cd91-0afe-474b-8b85-18fc59dbb4c6 HTTP/1.1" status: 200 len: 205 time: 0.0239642
2026-04-27 22:08:27.768 9 INFO neutron.db.ovn_revision_numbers_db [None req-6cde5c2f-2aa7-474c-aef7-dcfe84a0ec8c da9ea4bce9fa49798930ea075b6f69d6 9e87328a0e33464295d10e591d61c010 - - default default] Successfully bumped revision number for resource 1d199173-83fc-43f7-aea5-00fac1b7a2c1 (type: security_groups) to 1
2026-04-27 22:08:27.784 9 INFO neutron.db.ovn_revision_numbers_db [None req-6cde5c2f-2aa7-474c-aef7-dcfe84a0ec8c da9ea4bce9fa49798930ea075b6f69d6 9e87328a0e33464295d10e591d61c010 - - default default] Successfully bumped revision number for resource 5a81183a-8cd0-4c82-a9e0-596f84bc1caa (type: security_group_rules) to 0
2026-04-27 22:08:27.799 9 INFO neutron.db.ovn_revision_numbers_db [None req-6cde5c2f-2aa7-474c-aef7-dcfe84a0ec8c da9ea4bce9fa49798930ea075b6f69d6 9e87328a0e33464295d10e591d61c010 - - default default] Successfully bumped revision number for resource 932f27a7-9388-4ca3-9851-c4c5c50f737e (type: security_group_rules) to 0
2026-04-27 22:08:27.823 9 INFO neutron.db.ovn_revision_numbers_db [None req-6cde5c2f-2aa7-474c-aef7-dcfe84a0ec8c da9ea4bce9fa49798930ea075b6f69d6 9e87328a0e33464295d10e591d61c010 - - default default] Successfully bumped revision number for resource ad0b85b1-d12c-42de-be8d-493308c78d02 (type: security_group_rules) to 0
2026-04-27 22:08:27.838 9 INFO neutron.db.ovn_revision_numbers_db [None req-6cde5c2f-2aa7-474c-aef7-dcfe84a0ec8c da9ea4bce9fa49798930ea075b6f69d6 9e87328a0e33464295d10e591d61c010 - - default default] Successfully bumped revision number for resource dd332bf3-2dee-4ec5-be9b-feb5da3ebcb4 (type: security_group_rules) to 0
2026-04-27 22:08:27.867 9 INFO neutron.wsgi [None req-6cde5c2f-2aa7-474c-aef7-dcfe84a0ec8c da9ea4bce9fa49798930ea075b6f69d6 9e87328a0e33464295d10e591d61c010 - - default default] 10.0.0.105 "GET /v2.0/security-groups?tenant_id=1380f0c7885b4f6ca63aafed788f1153&name=default HTTP/1.1" status: 200 len: 2996 time: 0.3175197
2026-04-27 22:08:28.052 10 INFO neutron.wsgi [None req-2c7e8418-3a1b-4441-9196-cb289b4311f1 3f7a3f43e7ef4ddea9ef5469618e88af 489e3fb64deb4dd198423d49246a1f19 - - default default] 10.0.0.105 "DELETE /v2.0/routers/3ad9cd91-0afe-474b-8b85-18fc59dbb4c6 HTTP/1.1" status: 204 len: 168 time: 0.3302157
2026-04-27 22:08:28.101 10 INFO neutron.wsgi [None req-df3062c6-d6a0-4d85-8c51-4e5f36e5a0c5 3f7a3f43e7ef4ddea9ef5469618e88af 489e3fb64deb4dd198423d49246a1f19 - - default default] 10.0.0.105 "GET /v2.0/routers/a1507d1d-02cd-487a-865c-88957b105c50 HTTP/1.1" status: 200 len: 655 time: 0.0434511
2026-04-27 22:08:28.262 10 INFO neutron.wsgi [None req-aa308afa-d0ac-48b8-83c6-c17d258ae9e0 da9ea4bce9fa49798930ea075b6f69d6 9e87328a0e33464295d10e591d61c010 - - default default] 10.0.0.105 "DELETE /v2.0/security-groups/1d199173-83fc-43f7-aea5-00fac1b7a2c1 HTTP/1.1" status: 204 len: 168 time: 0.3879328
2026-04-27 22:08:28.527 10 INFO neutron.wsgi [None req-9e7994dd-016a-4dfe-bdba-acd78f190010 3f7a3f43e7ef4ddea9ef5469618e88af 489e3fb64deb4dd198423d49246a1f19 - - default default] 10.0.0.105 "PUT /v2.0/routers/a1507d1d-02cd-487a-865c-88957b105c50 HTTP/1.1" status: 200 len: 655 time: 0.4207582
2026-04-27 22:08:28.555 10 INFO neutron.wsgi [None req-395eb891-a9b1-4221-9a8d-6566abaf5575 3f7a3f43e7ef4ddea9ef5469618e88af 489e3fb64deb4dd198423d49246a1f19 - - default default] 10.0.0.105 "GET /v2.0/ports?device_id=a1507d1d-02cd-487a-865c-88957b105c50 HTTP/1.1" status: 200 len: 205 time: 0.0239670
2026-04-27 22:08:28.846 10 INFO neutron.wsgi [None req-cba9748f-4f9b-436a-9907-ec47dde7415c 3f7a3f43e7ef4ddea9ef5469618e88af 489e3fb64deb4dd198423d49246a1f19 - - default default] 10.0.0.105 "DELETE /v2.0/routers/a1507d1d-02cd-487a-865c-88957b105c50 HTTP/1.1" status: 204 len: 168 time: 0.2875421
2026-04-27 22:08:29.701 10 INFO neutron.db.ovn_revision_numbers_db [None req-19365089-a67a-4ef8-aa8f-476302ae2044 da9ea4bce9fa49798930ea075b6f69d6 9e87328a0e33464295d10e591d61c010 - - default default] Successfully bumped revision number for resource 23b0f386-8296-4093-b7b1-315befb78b41 (type: security_groups) to 1
2026-04-27 22:08:29.715 10 INFO neutron.db.ovn_revision_numbers_db [None req-19365089-a67a-4ef8-aa8f-476302ae2044 da9ea4bce9fa49798930ea075b6f69d6 9e87328a0e33464295d10e591d61c010 - - default default] Successfully bumped revision number for resource 251e193b-f330-4a1e-ab16-80a17b0b5fd4 (type: security_group_rules) to 0
2026-04-27 22:08:29.741 10 INFO neutron.db.ovn_revision_numbers_db [None req-19365089-a67a-4ef8-aa8f-476302ae2044 da9ea4bce9fa49798930ea075b6f69d6 9e87328a0e33464295d10e591d61c010 - - default default] Successfully bumped revision number for resource 8f54b0c3-434e-4175-a9c2-ce61804f83f4 (type: security_group_rules) to 0
2026-04-27 22:08:29.763 10 INFO neutron.db.ovn_revision_numbers_db [None req-19365089-a67a-4ef8-aa8f-476302ae2044 da9ea4bce9fa49798930ea075b6f69d6 9e87328a0e33464295d10e591d61c010 - - default default] Successfully bumped revision number for resource a165710b-677a-4188-a1d6-f87a0d23bf8d (type: security_group_rules) to 0
2026-04-27 22:08:29.780 10 INFO neutron.db.ovn_revision_numbers_db [None req-19365089-a67a-4ef8-aa8f-476302ae2044 da9ea4bce9fa49798930ea075b6f69d6 9e87328a0e33464295d10e591d61c010 - - default default] Successfully bumped revision number for resource c9292cbe-01ab-4631-829c-f7ecc52f04f9 (type: security_group_rules) to 0
2026-04-27 22:08:29.812 10 INFO neutron.wsgi [None req-19365089-a67a-4ef8-aa8f-476302ae2044 da9ea4bce9fa49798930ea075b6f69d6 9e87328a0e33464295d10e591d61c010 - - default default] 10.0.0.105 "GET /v2.0/security-groups?tenant_id=2a876640867d4262b1967741b859435e&name=default HTTP/1.1" status: 200 len: 2996 time: 0.3399420
2026-04-27 22:08:29.860 10 INFO neutron.db.ovn_revision_numbers_db [None req-e36a761f-2ce7-4b52-9ba4-ee7504491c57 da9ea4bce9fa49798930ea075b6f69d6 9e87328a0e33464295d10e591d61c010 - - default default] Successfully bumped revision number for resource 656e76bb-a7fd-4396-b888-8148ea167153 (type: security_groups) to 1
2026-04-27 22:08:29.876 10 INFO neutron.db.ovn_revision_numbers_db [None req-e36a761f-2ce7-4b52-9ba4-ee7504491c57 da9ea4bce9fa49798930ea075b6f69d6 9e87328a0e33464295d10e591d61c010 - - default default] Successfully bumped revision number for resource 84a0e9ec-a90a-49b6-a461-7bf8cb626011 (type: security_group_rules) to 0
2026-04-27 22:08:29.891 10 INFO neutron.db.ovn_revision_numbers_db [None req-e36a761f-2ce7-4b52-9ba4-ee7504491c57 da9ea4bce9fa49798930ea075b6f69d6 9e87328a0e33464295d10e591d61c010 - - default default] Successfully bumped revision number for resource a59d53f5-4d0c-40a6-aa5d-d7369d660257 (type: security_group_rules) to 0
2026-04-27 22:08:29.910 10 INFO neutron.db.ovn_revision_numbers_db [None req-e36a761f-2ce7-4b52-9ba4-ee7504491c57 da9ea4bce9fa49798930ea075b6f69d6 9e87328a0e33464295d10e591d61c010 - - default default] Successfully bumped revision number for resource eaa01864-315b-4ffa-825a-96acb8eacaf8 (type: security_group_rules) to 0
2026-04-27 22:08:29.931 10 INFO neutron.db.ovn_revision_numbers_db [None req-e36a761f-2ce7-4b52-9ba4-ee7504491c57 da9ea4bce9fa49798930ea075b6f69d6 9e87328a0e33464295d10e591d61c010 - - default default] Successfully bumped revision number for resource f798683b-5d2e-4a66-9eff-e1bba0cc1aec (type: security_group_rules) to 0
2026-04-27 22:08:30.010 9 INFO neutron.wsgi [None req-8f7df7e8-fc18-4123-af6a-252e7038d8a5 da9ea4bce9fa49798930ea075b6f69d6 9e87328a0e33464295d10e591d61c010 - - default default] 10.0.0.105 "DELETE /v2.0/security-groups/23b0f386-8296-4093-b7b1-315befb78b41 HTTP/1.1" status: 204 len: 168 time: 0.1914315
2026-04-27 22:08:30.154 10 INFO neutron.wsgi [None req-e36a761f-2ce7-4b52-9ba4-ee7504491c57 da9ea4bce9fa49798930ea075b6f69d6 9e87328a0e33464295d10e591d61c010 - - default default] 10.0.0.105 "GET /v2.0/security-groups?tenant_id=041d61f6e59241adbff5932577d77e13&name=default HTTP/1.1" status: 200 len: 2996 time: 0.4745977
2026-04-27 22:08:30.345 10 INFO neutron.wsgi [None req-c5116d24-7648-4d0d-841e-db3e5eb47d2a da9ea4bce9fa49798930ea075b6f69d6 9e87328a0e33464295d10e591d61c010 - - default default] 10.0.0.105 "DELETE /v2.0/security-groups/656e76bb-a7fd-4396-b888-8148ea167153 HTTP/1.1" status: 204 len: 168 time: 0.1871505
2026-04-27 22:08:30.633 10 INFO neutron.db.ovn_revision_numbers_db [None req-2f9bf690-0882-465c-b2ea-e9126d247278 da9ea4bce9fa49798930ea075b6f69d6 9e87328a0e33464295d10e591d61c010 - - default default] Successfully bumped revision number for resource 29369d22-635b-4f27-b650-4109df335b91 (type: security_groups) to 1
2026-04-27 22:08:30.669 10 INFO neutron.db.ovn_revision_numbers_db [None req-2f9bf690-0882-465c-b2ea-e9126d247278 da9ea4bce9fa49798930ea075b6f69d6 9e87328a0e33464295d10e591d61c010 - - default default] Successfully bumped revision number for resource 315448c2-729d-4c93-9f08-8dab3dea4a03 (type: security_group_rules) to 0
2026-04-27 22:08:30.692 10 INFO neutron.db.ovn_revision_numbers_db [None req-2f9bf690-0882-465c-b2ea-e9126d247278 da9ea4bce9fa49798930ea075b6f69d6 9e87328a0e33464295d10e591d61c010 - - default default] Successfully bumped revision number for resource 4f1a7314-438b-4f6f-a885-b7673db6fde0 (type: security_group_rules) to 0
2026-04-27 22:08:30.711 10 INFO neutron.db.ovn_revision_numbers_db [None req-2f9bf690-0882-465c-b2ea-e9126d247278 da9ea4bce9fa49798930ea075b6f69d6 9e87328a0e33464295d10e591d61c010 - - default default] Successfully bumped revision number for resource 506d8d51-5ae1-4e9a-b706-41d12433a6a0 (type: security_group_rules) to 0
2026-04-27 22:08:30.726 10 INFO neutron.db.ovn_revision_numbers_db [None req-2f9bf690-0882-465c-b2ea-e9126d247278 da9ea4bce9fa49798930ea075b6f69d6 9e87328a0e33464295d10e591d61c010 - - default default] Successfully bumped revision number for resource b2a22b02-e0c6-439a-949f-9b35f4bfa14f (type: security_group_rules) to 0
2026-04-27 22:08:30.752 10 INFO neutron.wsgi [None req-2f9bf690-0882-465c-b2ea-e9126d247278 da9ea4bce9fa49798930ea075b6f69d6 9e87328a0e33464295d10e591d61c010 - - default default] 10.0.0.105 "GET /v2.0/security-groups?tenant_id=489e3fb64deb4dd198423d49246a1f19&name=default HTTP/1.1" status: 200 len: 2996 time: 0.2400367
2026-04-27 22:08:30.964 10 INFO neutron.wsgi [None req-ab2008a7-df55-4d6c-8172-138a8da6403e da9ea4bce9fa49798930ea075b6f69d6 9e87328a0e33464295d10e591d61c010 - - default default] 10.0.0.105 "DELETE /v2.0/security-groups/29369d22-635b-4f27-b650-4109df335b91 HTTP/1.1" status: 204 len: 168 time: 0.2070761
2026-04-27 22:08:31.169 9 INFO neutron.db.ovn_revision_numbers_db [None req-7caab2af-ed20-4160-a648-533be7ca261b da9ea4bce9fa49798930ea075b6f69d6 9e87328a0e33464295d10e591d61c010 - - default default] Successfully bumped revision number for resource 75ad9c93-95b9-4577-9da6-79741b4c4db4 (type: security_groups) to 1
2026-04-27 22:08:31.185 9 INFO neutron.db.ovn_revision_numbers_db [None req-7caab2af-ed20-4160-a648-533be7ca261b da9ea4bce9fa49798930ea075b6f69d6 9e87328a0e33464295d10e591d61c010 - - default default] Successfully bumped revision number for resource 07d7284a-7b5a-4f12-bce7-febe37967b30 (type: security_group_rules) to 0
2026-04-27 22:08:31.198 9 INFO neutron.db.ovn_revision_numbers_db [None req-7caab2af-ed20-4160-a648-533be7ca261b da9ea4bce9fa49798930ea075b6f69d6 9e87328a0e33464295d10e591d61c010 - - default default] Successfully bumped revision number for resource 290f9422-6aa8-422f-a4c7-f16cd6e266fb (type: security_group_rules) to 0
2026-04-27 22:08:31.214 9 INFO neutron.db.ovn_revision_numbers_db [None req-7caab2af-ed20-4160-a648-533be7ca261b da9ea4bce9fa49798930ea075b6f69d6 9e87328a0e33464295d10e591d61c010 - - default default] Successfully bumped revision number for resource 60cc8ddb-20bf-4b3b-a7d0-a5cec38c0beb (type: security_group_rules) to 0
2026-04-27 22:08:31.231 9 INFO neutron.db.ovn_revision_numbers_db [None req-7caab2af-ed20-4160-a648-533be7ca261b da9ea4bce9fa49798930ea075b6f69d6 9e87328a0e33464295d10e591d61c010 - - default default] Successfully bumped revision number for resource 7455a7c7-f2e4-4916-acdb-dd3ce7ba8022 (type: security_group_rules) to 0
2026-04-27 22:08:31.252 9 INFO neutron.wsgi [None req-7caab2af-ed20-4160-a648-533be7ca261b da9ea4bce9fa49798930ea075b6f69d6 9e87328a0e33464295d10e591d61c010 - - default default] 10.0.0.105 "GET /v2.0/security-groups?tenant_id=8caa4c3c1eb2406cb65fa5d6c777b0b7&name=default HTTP/1.1" status: 200 len: 2996 time: 0.2008076
2026-04-27 22:08:31.449 9 INFO neutron.wsgi [None req-99e68128-c297-4e5a-bfc6-293ca4f67fc2 da9ea4bce9fa49798930ea075b6f69d6 9e87328a0e33464295d10e591d61c010 - - default default] 10.0.0.105 "DELETE /v2.0/security-groups/75ad9c93-95b9-4577-9da6-79741b4c4db4 HTTP/1.1" status: 204 len: 168 time: 0.1894681
2026-04-27 22:08:32.152 9 INFO neutron.db.ovn_revision_numbers_db [None req-12523a88-3968-40b1-81d0-3640d00d360c da9ea4bce9fa49798930ea075b6f69d6 9e87328a0e33464295d10e591d61c010 - - default default] Successfully bumped revision number for resource f0c342ee-779f-4a32-ad9e-3c330bcf9dc2 (type: security_groups) to 1
2026-04-27 22:08:32.169 9 INFO neutron.db.ovn_revision_numbers_db [None req-12523a88-3968-40b1-81d0-3640d00d360c da9ea4bce9fa49798930ea075b6f69d6 9e87328a0e33464295d10e591d61c010 - - default default] Successfully bumped revision number for resource 471c4697-bec9-42e1-ab8d-a71bd25f883b (type: security_group_rules) to 0
2026-04-27 22:08:32.183 9 INFO neutron.db.ovn_revision_numbers_db [None req-12523a88-3968-40b1-81d0-3640d00d360c da9ea4bce9fa49798930ea075b6f69d6 9e87328a0e33464295d10e591d61c010 - - default default] Successfully bumped revision number for resource 83930689-0c5b-410a-b820-a49237478ed6 (type: security_group_rules) to 0
2026-04-27 22:08:32.197 9 INFO neutron.db.ovn_revision_numbers_db [None req-12523a88-3968-40b1-81d0-3640d00d360c da9ea4bce9fa49798930ea075b6f69d6 9e87328a0e33464295d10e591d61c010 - - default default] Successfully bumped revision number for resource bfb499ce-830c-4e4e-aa08-e765ab6c96ad (type: security_group_rules) to 0
2026-04-27 22:08:32.213 9 INFO neutron.db.ovn_revision_numbers_db [None req-12523a88-3968-40b1-81d0-3640d00d360c da9ea4bce9fa49798930ea075b6f69d6 9e87328a0e33464295d10e591d61c010 - - default default] Successfully bumped revision number for resource c597b94a-c878-4243-940a-d60a861c888e (type: security_group_rules) to 0
2026-04-27 22:08:32.266 9 INFO neutron.db.segments_db [None req-12523a88-3968-40b1-81d0-3640d00d360c da9ea4bce9fa49798930ea075b6f69d6 9e87328a0e33464295d10e591d61c010 - - default default] Added segment a1c22305-9dd9-4977-a6aa-2b38faa84ed4 of type geneve for network e1ae97f8-3966-4eac-b4c2-73eb116ff02a
2026-04-27 22:08:32.422 9 INFO neutron.db.ovn_revision_numbers_db [None req-12523a88-3968-40b1-81d0-3640d00d360c da9ea4bce9fa49798930ea075b6f69d6 9e87328a0e33464295d10e591d61c010 - - default default] Successfully bumped revision number for resource e1ae97f8-3966-4eac-b4c2-73eb116ff02a (type: networks) to 1
2026-04-27 22:08:32.825 9 WARNING neutron.scheduler.dhcp_agent_scheduler [None req-12523a88-3968-40b1-81d0-3640d00d360c da9ea4bce9fa49798930ea075b6f69d6 9e87328a0e33464295d10e591d61c010 - - default default] No more DHCP agents
2026-04-27 22:08:32.827 9 WARNING neutron.api.rpc.agentnotifiers.dhcp_rpc_agent_api [None req-12523a88-3968-40b1-81d0-3640d00d360c da9ea4bce9fa49798930ea075b6f69d6 9e87328a0e33464295d10e591d61c010 - - default default] Unable to schedule network e1ae97f8-3966-4eac-b4c2-73eb116ff02a: no agents available; will retry on subsequent port and subnet creation events.
2026-04-27 22:08:32.947 9 INFO neutron.db.ovn_revision_numbers_db [None req-12523a88-3968-40b1-81d0-3640d00d360c da9ea4bce9fa49798930ea075b6f69d6 9e87328a0e33464295d10e591d61c010 - - default default] Successfully bumped revision number for resource 40839215-9ccc-4975-8299-6b421c89d088 (type: ports) to 1
2026-04-27 22:08:32.971 9 INFO neutron.wsgi [None req-12523a88-3968-40b1-81d0-3640d00d360c da9ea4bce9fa49798930ea075b6f69d6 9e87328a0e33464295d10e591d61c010 - - default default] 10.0.0.105 "POST /v2.0/networks HTTP/1.1" status: 201 len: 943 time: 1.1534944
2026-04-27 22:08:33.118 10 WARNING neutron.scheduler.dhcp_agent_scheduler [None req-ce24b805-b922-42ad-8b9f-c41dee95eb7c da9ea4bce9fa49798930ea075b6f69d6 9e87328a0e33464295d10e591d61c010 - - default default] No more DHCP agents
2026-04-27 22:08:33.119 10 WARNING neutron.api.rpc.agentnotifiers.dhcp_rpc_agent_api [None req-ce24b805-b922-42ad-8b9f-c41dee95eb7c da9ea4bce9fa49798930ea075b6f69d6 9e87328a0e33464295d10e591d61c010 - - default default] Unable to schedule network e1ae97f8-3966-4eac-b4c2-73eb116ff02a: no agents available; will retry on subsequent port and subnet creation events.
2026-04-27 22:08:33.593 10 INFO neutron.db.ovn_revision_numbers_db [None req-ce24b805-b922-42ad-8b9f-c41dee95eb7c da9ea4bce9fa49798930ea075b6f69d6 9e87328a0e33464295d10e591d61c010 - - default default] Successfully bumped revision number for resource 40839215-9ccc-4975-8299-6b421c89d088 (type: ports) to 2
2026-04-27 22:08:33.638 10 INFO neutron.db.ovn_revision_numbers_db [None req-ce24b805-b922-42ad-8b9f-c41dee95eb7c da9ea4bce9fa49798930ea075b6f69d6 9e87328a0e33464295d10e591d61c010 - - default default] Successfully bumped revision number for resource 85f3c3ff-4966-4341-96ad-9a7b52ce1d33 (type: subnets) to 0
2026-04-27 22:08:33.657 10 INFO neutron.wsgi [None req-ce24b805-b922-42ad-8b9f-c41dee95eb7c da9ea4bce9fa49798930ea075b6f69d6 9e87328a0e33464295d10e591d61c010 - - default default] 10.0.0.105 "POST /v2.0/subnets HTTP/1.1" status: 201 len: 863 time: 0.6815991
2026-04-27 22:08:33.976 10 INFO neutron.db.ovn_revision_numbers_db [None req-87782081-c567-4e14-b612-d6e6709cf2fd da9ea4bce9fa49798930ea075b6f69d6 9e87328a0e33464295d10e591d61c010 - - default default] Successfully bumped revision number for resource 592afe34-de58-4dea-b537-90c76e5b1c33 (type: security_groups) to 1
2026-04-27 22:08:34.016 10 INFO neutron.db.ovn_revision_numbers_db [None req-87782081-c567-4e14-b612-d6e6709cf2fd da9ea4bce9fa49798930ea075b6f69d6 9e87328a0e33464295d10e591d61c010 - - default default] Successfully bumped revision number for resource 15f35be3-53e1-4252-9182-b6eacc2ce1af (type: security_group_rules) to 0
2026-04-27 22:08:34.039 10 INFO neutron.db.ovn_revision_numbers_db [None req-87782081-c567-4e14-b612-d6e6709cf2fd da9ea4bce9fa49798930ea075b6f69d6 9e87328a0e33464295d10e591d61c010 - - default default] Successfully bumped revision number for resource 2f00479b-0078-4198-881a-b016245991f3 (type: security_group_rules) to 0
2026-04-27 22:08:34.060 10 INFO neutron.db.ovn_revision_numbers_db [None req-87782081-c567-4e14-b612-d6e6709cf2fd da9ea4bce9fa49798930ea075b6f69d6 9e87328a0e33464295d10e591d61c010 - - default default] Successfully bumped revision number for resource c18fa966-311e-43e5-8173-f486801e8dcc (type: security_group_rules) to 0
2026-04-27 22:08:34.075 10 INFO neutron.db.ovn_revision_numbers_db [None req-87782081-c567-4e14-b612-d6e6709cf2fd da9ea4bce9fa49798930ea075b6f69d6 9e87328a0e33464295d10e591d61c010 - - default default] Successfully bumped revision number for resource d59d81da-3c2b-4c2a-90ec-c5eee86d5a98 (type: security_group_rules) to 0
2026-04-27 22:08:34.108 10 INFO neutron.wsgi [None req-87782081-c567-4e14-b612-d6e6709cf2fd da9ea4bce9fa49798930ea075b6f69d6 9e87328a0e33464295d10e591d61c010 - - default default] 10.0.0.105 "GET /v2.0/security-groups?tenant_id=b3986eeb8c9e4d868790c30a27f981ad&name=default HTTP/1.1" status: 200 len: 2996 time: 0.4471030
2026-04-27 22:08:34.197 10 WARNING neutron.scheduler.dhcp_agent_scheduler [None req-f3d94af6-e0d8-451c-8137-d3b7caa16f55 da9ea4bce9fa49798930ea075b6f69d6 9e87328a0e33464295d10e591d61c010 - - default default] No more DHCP agents
2026-04-27 22:08:34.200 10 WARNING neutron.api.rpc.agentnotifiers.dhcp_rpc_agent_api [None req-f3d94af6-e0d8-451c-8137-d3b7caa16f55 da9ea4bce9fa49798930ea075b6f69d6 9e87328a0e33464295d10e591d61c010 - - default default] Unable to schedule network 5cd4b189-3e6b-435e-b218-98182b85042c: no agents available; will retry on subsequent port and subnet creation events.
2026-04-27 22:08:34.314 9 INFO neutron.wsgi [None req-75148587-5ddc-4ff4-bc7c-7ed581d222b1 da9ea4bce9fa49798930ea075b6f69d6 9e87328a0e33464295d10e591d61c010 - - default default] 10.0.0.105 "DELETE /v2.0/security-groups/592afe34-de58-4dea-b537-90c76e5b1c33 HTTP/1.1" status: 204 len: 168 time: 0.2012129
2026-04-27 22:08:34.368 10 INFO neutron.db.ovn_revision_numbers_db [None req-f3d94af6-e0d8-451c-8137-d3b7caa16f55 da9ea4bce9fa49798930ea075b6f69d6 9e87328a0e33464295d10e591d61c010 - - default default] Successfully bumped revision number for resource e4c68acc-2785-4b28-9f69-943d65c6b825 (type: ports) to 1
2026-04-27 22:08:34.948 10 INFO neutron.plugins.ml2.drivers.ovn.mech_driver.mech_driver [None req-808e9de3-9bf9-42c7-be3d-e1b6b2eea620 - - - - - -] OVN reports status up for port: e4c68acc-2785-4b28-9f69-943d65c6b825
2026-04-27 22:08:34.962 9 INFO neutron.plugins.ml2.drivers.ovn.mech_driver.ovsdb.ovsdb_monitor [None req-81b7e7ae-f659-4d1d-b51a-1374814e7b33 - - - - - -] Router 949e076d-6895-4568-b25f-245d34d5099c is bound to host instance
2026-04-27 22:08:34.974 10 INFO neutron.plugins.ml2.plugin [None req-808e9de3-9bf9-42c7-be3d-e1b6b2eea620 - - - - - -] Attempt 1 to provision port e4c68acc-2785-4b28-9f69-943d65c6b825
2026-04-27 22:08:34.996 10 INFO neutron.db.ovn_revision_numbers_db [None req-f3d94af6-e0d8-451c-8137-d3b7caa16f55 da9ea4bce9fa49798930ea075b6f69d6 9e87328a0e33464295d10e591d61c010 - - default default] Successfully bumped revision number for resource e4c68acc-2785-4b28-9f69-943d65c6b825 (type: router_ports) to 1
2026-04-27 22:08:35.078 10 INFO neutron.db.ovn_revision_numbers_db [None req-f3d94af6-e0d8-451c-8137-d3b7caa16f55 da9ea4bce9fa49798930ea075b6f69d6 9e87328a0e33464295d10e591d61c010 - - default default] Successfully bumped revision number for resource 949e076d-6895-4568-b25f-245d34d5099c (type: routers) to 2
2026-04-27 22:08:35.091 10 INFO neutron.wsgi [None req-f3d94af6-e0d8-451c-8137-d3b7caa16f55 da9ea4bce9fa49798930ea075b6f69d6 9e87328a0e33464295d10e591d61c010 - - default default] 10.0.0.105 "POST /v2.0/routers HTTP/1.1" status: 201 len: 874 time: 1.4256783
2026-04-27 22:08:35.413 9 INFO neutron.db.ovn_revision_numbers_db [None req-81b7e7ae-f659-4d1d-b51a-1374814e7b33 - - - - - -] Successfully bumped revision number for resource e4c68acc-2785-4b28-9f69-943d65c6b825 (type: ports) to 1
2026-04-27 22:08:35.623 9 INFO neutron.db.ovn_revision_numbers_db [None req-81b7e7ae-f659-4d1d-b51a-1374814e7b33 - - - - - -] Successfully bumped revision number for resource e4c68acc-2785-4b28-9f69-943d65c6b825 (type: router_ports) to 3
2026-04-27 22:08:35.807 10 WARNING neutron.scheduler.dhcp_agent_scheduler [None req-b5c6f1be-c0e7-453c-ad9e-90004865c941 da9ea4bce9fa49798930ea075b6f69d6 9e87328a0e33464295d10e591d61c010 - - default default] No more DHCP agents
2026-04-27 22:08:35.809 10 WARNING neutron.api.rpc.agentnotifiers.dhcp_rpc_agent_api [None req-b5c6f1be-c0e7-453c-ad9e-90004865c941 da9ea4bce9fa49798930ea075b6f69d6 9e87328a0e33464295d10e591d61c010 - - default default] Unable to schedule network e1ae97f8-3966-4eac-b4c2-73eb116ff02a: no agents available; will retry on subsequent port and subnet creation events.
2026-04-27 22:08:35.815 9 INFO neutron.db.ovn_revision_numbers_db [None req-81b7e7ae-f659-4d1d-b51a-1374814e7b33 - - - - - -] Successfully bumped revision number for resource e4c68acc-2785-4b28-9f69-943d65c6b825 (type: ports) to 2
2026-04-27 22:08:35.839 9 WARNING neutron_lib.context [None req-ca278e8d-7662-4099-bcf7-8d6bd3ac4fa2 cb0b5640cd704ab7be93cd2a80ff677e 388e0c73b483485788900655420723b8 - - default default] Method 'is_advsvc' is deprecated since 2023.2 release (neutron-lib 3.8.0) and will be removed once support for the old RBAC API policies will be removed from Neutron. Please use method 'is_service_role' instead.
2026-04-27 22:08:35.983 10 INFO neutron.db.ovn_revision_numbers_db [None req-b5c6f1be-c0e7-453c-ad9e-90004865c941 da9ea4bce9fa49798930ea075b6f69d6 9e87328a0e33464295d10e591d61c010 - - default default] Successfully bumped revision number for resource 8f8d6c8b-e246-4557-9745-1601870ba0de (type: ports) to 1
2026-04-27 22:08:36.057 9 INFO neutron.db.ovn_revision_numbers_db [None req-ca278e8d-7662-4099-bcf7-8d6bd3ac4fa2 cb0b5640cd704ab7be93cd2a80ff677e 388e0c73b483485788900655420723b8 - - default default] Successfully bumped revision number for resource 490a640e-9da4-43d7-9ab9-b75d6dcc043a (type: security_groups) to 1
2026-04-27 22:08:36.075 9 INFO neutron.db.ovn_revision_numbers_db [None req-ca278e8d-7662-4099-bcf7-8d6bd3ac4fa2 cb0b5640cd704ab7be93cd2a80ff677e 388e0c73b483485788900655420723b8 - - default default] Successfully bumped revision number for resource 1fee9294-c7d6-4bc8-a1ed-3e6cc0536e6c (type: security_group_rules) to 0
2026-04-27 22:08:36.107 10 WARNING neutron_lib.context [None req-784ce3af-57ed-4b2a-be18-9add2486fb2b 06579480faa54211bf2b0c03bda1b36e 7b63163369e94223a70f45df3fc703ca - - default default] Method 'is_advsvc' is deprecated since 2023.2 release (neutron-lib 3.8.0) and will be removed once support for the old RBAC API policies will be removed from Neutron. Please use method 'is_service_role' instead.
2026-04-27 22:08:36.108 9 INFO neutron.db.ovn_revision_numbers_db [None req-ca278e8d-7662-4099-bcf7-8d6bd3ac4fa2 cb0b5640cd704ab7be93cd2a80ff677e 388e0c73b483485788900655420723b8 - - default default] Successfully bumped revision number for resource 2ff09748-125c-488a-ab91-924506614428 (type: security_group_rules) to 0
2026-04-27 22:08:36.126 9 INFO neutron.db.ovn_revision_numbers_db [None req-ca278e8d-7662-4099-bcf7-8d6bd3ac4fa2 cb0b5640cd704ab7be93cd2a80ff677e 388e0c73b483485788900655420723b8 - - default default] Successfully bumped revision number for resource 47686d22-8b6a-44eb-9371-0896967a9a33 (type: security_group_rules) to 0
2026-04-27 22:08:36.128 9 INFO neutron.db.ovn_revision_numbers_db [None req-81b7e7ae-f659-4d1d-b51a-1374814e7b33 - - - - - -] Successfully bumped revision number for resource e4c68acc-2785-4b28-9f69-943d65c6b825 (type: ports) to 4
2026-04-27 22:08:36.139 9 INFO neutron.db.ovn_revision_numbers_db [None req-ca278e8d-7662-4099-bcf7-8d6bd3ac4fa2 cb0b5640cd704ab7be93cd2a80ff677e 388e0c73b483485788900655420723b8 - - default default] Successfully bumped revision number for resource 7bf703f9-7c64-4349-9b89-a1441bf7acd3 (type: security_group_rules) to 0
2026-04-27 22:08:36.224 9 INFO neutron.db.segments_db [None req-ca278e8d-7662-4099-bcf7-8d6bd3ac4fa2 cb0b5640cd704ab7be93cd2a80ff677e 388e0c73b483485788900655420723b8 - - default default] Added segment cf45c95c-3071-45ef-bac7-b70f2e3089dd of type geneve for network 6fed8efc-360e-4433-9b6b-4659915ff363
2026-04-27 22:08:36.275 10 INFO neutron.db.ovn_revision_numbers_db [None req-784ce3af-57ed-4b2a-be18-9add2486fb2b 06579480faa54211bf2b0c03bda1b36e 7b63163369e94223a70f45df3fc703ca - - default default] Successfully bumped revision number for resource 2527cd40-a5b2-440d-8f5a-ae8bdaa9d7a1 (type: security_groups) to 1
2026-04-27 22:08:36.291 10 INFO neutron.db.ovn_revision_numbers_db [None req-784ce3af-57ed-4b2a-be18-9add2486fb2b 06579480faa54211bf2b0c03bda1b36e 7b63163369e94223a70f45df3fc703ca - - default default] Successfully bumped revision number for resource 43b5d76e-795c-41a5-8411-3a8a08e999e0 (type: security_group_rules) to 0
2026-04-27 22:08:36.317 10 INFO neutron.db.ovn_revision_numbers_db [None req-784ce3af-57ed-4b2a-be18-9add2486fb2b 06579480faa54211bf2b0c03bda1b36e 7b63163369e94223a70f45df3fc703ca - - default default] Successfully bumped revision number for resource 6921126a-8f78-423a-941e-4b14b486d0f8 (type: security_group_rules) to 0
2026-04-27 22:08:36.336 10 INFO neutron.db.ovn_revision_numbers_db [None req-784ce3af-57ed-4b2a-be18-9add2486fb2b 06579480faa54211bf2b0c03bda1b36e 7b63163369e94223a70f45df3fc703ca - - default default] Successfully bumped revision number for resource 75b30915-3b49-4465-8117-4d15004eed63 (type: security_group_rules) to 0
2026-04-27 22:08:36.361 10 INFO neutron.db.ovn_revision_numbers_db [None req-784ce3af-57ed-4b2a-be18-9add2486fb2b 06579480faa54211bf2b0c03bda1b36e 7b63163369e94223a70f45df3fc703ca - - default default] Successfully bumped revision number for resource 76d0a581-96e2-465a-8a9f-c213dfa432a7 (type: security_group_rules) to 0
2026-04-27 22:08:36.397 9 INFO neutron.db.ovn_revision_numbers_db [None req-81b7e7ae-f659-4d1d-b51a-1374814e7b33 - - - - - -] Successfully bumped revision number for resource e4c68acc-2785-4b28-9f69-943d65c6b825 (type: router_ports) to 4
2026-04-27 22:08:36.411 10 INFO neutron.db.segments_db [None req-784ce3af-57ed-4b2a-be18-9add2486fb2b 06579480faa54211bf2b0c03bda1b36e 7b63163369e94223a70f45df3fc703ca - - default default] Added segment f128b7c8-bb86-447e-af6e-e58a8a9a59e2 of type geneve for network bb04e4c1-f20d-42d7-859f-db9c1562e44e
2026-04-27 22:08:36.426 9 INFO neutron.db.ovn_revision_numbers_db [None req-ca278e8d-7662-4099-bcf7-8d6bd3ac4fa2 cb0b5640cd704ab7be93cd2a80ff677e 388e0c73b483485788900655420723b8 - - default default] Successfully bumped revision number for resource 6fed8efc-360e-4433-9b6b-4659915ff363 (type: networks) to 1
2026-04-27 22:08:36.440 9 INFO neutron.plugins.ml2.drivers.ovn.mech_driver.mech_driver [None req-97adb1c9-086d-4690-b232-f64ac205f541 - - - - - -] OVN reports status up for port: 8f8d6c8b-e246-4557-9745-1601870ba0de
2026-04-27 22:08:36.466 9 INFO neutron.plugins.ml2.plugin [None req-97adb1c9-086d-4690-b232-f64ac205f541 - - - - - -] Attempt 1 to provision port 8f8d6c8b-e246-4557-9745-1601870ba0de
2026-04-27 22:08:36.497 10 INFO neutron.db.ovn_revision_numbers_db [None req-b5c6f1be-c0e7-453c-ad9e-90004865c941 da9ea4bce9fa49798930ea075b6f69d6 9e87328a0e33464295d10e591d61c010 - - default default] Successfully bumped revision number for resource 8f8d6c8b-e246-4557-9745-1601870ba0de (type: router_ports) to 1
2026-04-27 22:08:36.606 10 INFO neutron.db.ovn_revision_numbers_db [None req-784ce3af-57ed-4b2a-be18-9add2486fb2b 06579480faa54211bf2b0c03bda1b36e 7b63163369e94223a70f45df3fc703ca - - default default] Successfully bumped revision number for resource bb04e4c1-f20d-42d7-859f-db9c1562e44e (type: networks) to 1
2026-04-27 22:08:36.713 9 WARNING neutron.scheduler.dhcp_agent_scheduler [None req-ca278e8d-7662-4099-bcf7-8d6bd3ac4fa2 cb0b5640cd704ab7be93cd2a80ff677e 388e0c73b483485788900655420723b8 - - default default] No more DHCP agents
2026-04-27 22:08:36.721 9 WARNING neutron.api.rpc.agentnotifiers.dhcp_rpc_agent_api [None req-ca278e8d-7662-4099-bcf7-8d6bd3ac4fa2 cb0b5640cd704ab7be93cd2a80ff677e 388e0c73b483485788900655420723b8 - - default default] Unable to schedule network 6fed8efc-360e-4433-9b6b-4659915ff363: no agents available; will retry on subsequent port and subnet creation events.
2026-04-27 22:08:36.764 10 INFO neutron.db.ovn_revision_numbers_db [None req-b5c6f1be-c0e7-453c-ad9e-90004865c941 da9ea4bce9fa49798930ea075b6f69d6 9e87328a0e33464295d10e591d61c010 - - default default] Successfully bumped revision number for resource 8f8d6c8b-e246-4557-9745-1601870ba0de (type: ports) to 1
2026-04-27 22:08:36.834 9 INFO neutron.db.ovn_revision_numbers_db [None req-ca278e8d-7662-4099-bcf7-8d6bd3ac4fa2 cb0b5640cd704ab7be93cd2a80ff677e 388e0c73b483485788900655420723b8 - - default default] Successfully bumped revision number for resource 517663b4-5a3f-4006-8e78-8e33608d0f1e (type: ports) to 1
2026-04-27 22:08:36.856 9 INFO neutron.db.ovn_revision_numbers_db [None req-97adb1c9-086d-4690-b232-f64ac205f541 - - - - - -] Successfully bumped revision number for resource 8f8d6c8b-e246-4557-9745-1601870ba0de (type: ports) to 2
2026-04-27 22:08:36.867 9 INFO neutron.wsgi [None req-ca278e8d-7662-4099-bcf7-8d6bd3ac4fa2 cb0b5640cd704ab7be93cd2a80ff677e 388e0c73b483485788900655420723b8 - - default default] 10.0.0.105 "POST /v2.0/networks HTTP/1.1" status: 201 len: 831 time: 1.2850740
2026-04-27 22:08:36.870 10 WARNING neutron.scheduler.dhcp_agent_scheduler [None req-784ce3af-57ed-4b2a-be18-9add2486fb2b 06579480faa54211bf2b0c03bda1b36e 7b63163369e94223a70f45df3fc703ca - - default default] No more DHCP agents
2026-04-27 22:08:36.876 10 WARNING neutron.api.rpc.agentnotifiers.dhcp_rpc_agent_api [None req-784ce3af-57ed-4b2a-be18-9add2486fb2b 06579480faa54211bf2b0c03bda1b36e 7b63163369e94223a70f45df3fc703ca - - default default] Unable to schedule network bb04e4c1-f20d-42d7-859f-db9c1562e44e: no agents available; will retry on subsequent port and subnet creation events.
2026-04-27 22:08:36.881 10 WARNING neutron_lib.context [None req-0d548585-d2ef-4ed8-9ea7-81dfcd7fff47 cb0b5640cd704ab7be93cd2a80ff677e 388e0c73b483485788900655420723b8 - - default default] Method 'is_advsvc' is deprecated since 2023.2 release (neutron-lib 3.8.0) and will be removed once support for the old RBAC API policies will be removed from Neutron. Please use method 'is_service_role' instead.
2026-04-27 22:08:36.927 10 WARNING neutron.scheduler.dhcp_agent_scheduler [None req-b5c6f1be-c0e7-453c-ad9e-90004865c941 da9ea4bce9fa49798930ea075b6f69d6 9e87328a0e33464295d10e591d61c010 - - default default] No more DHCP agents
2026-04-27 22:08:36.933 9 INFO neutron.db.ovn_revision_numbers_db [None req-97adb1c9-086d-4690-b232-f64ac205f541 - - - - - -] Successfully bumped revision number for resource 8f8d6c8b-e246-4557-9745-1601870ba0de (type: router_ports) to 2
2026-04-27 22:08:36.935 10 WARNING neutron.api.rpc.agentnotifiers.dhcp_rpc_agent_api [None req-b5c6f1be-c0e7-453c-ad9e-90004865c941 da9ea4bce9fa49798930ea075b6f69d6 9e87328a0e33464295d10e591d61c010 - - default default] Unable to schedule network e1ae97f8-3966-4eac-b4c2-73eb116ff02a: no agents available; will retry on subsequent port and subnet creation events.
2026-04-27 22:08:37.054 10 INFO neutron.db.ovn_revision_numbers_db [None req-784ce3af-57ed-4b2a-be18-9add2486fb2b 06579480faa54211bf2b0c03bda1b36e 7b63163369e94223a70f45df3fc703ca - - default default] Successfully bumped revision number for resource bc112255-9892-4f36-8c06-f092d1c7594e (type: ports) to 1
2026-04-27 22:08:37.098 10 INFO neutron.wsgi [None req-784ce3af-57ed-4b2a-be18-9add2486fb2b 06579480faa54211bf2b0c03bda1b36e 7b63163369e94223a70f45df3fc703ca - - default default] 10.0.0.105 "POST /v2.0/networks HTTP/1.1" status: 201 len: 843 time: 1.0419462
