2026-04-27 22:05:43.621 10 INFO neutron.db.ovn_revision_numbers_db [req-04723440-ee2e-4afa-b764-f9d99e8ac35d req-e52cc89a-807e-45b7-8357-a39fca04d967 d04edd00e5504a8d92c7934af075017c a75dcd1f8e014a06b0a235e1e5df6ba1 - - default default] Successfully bumped revision number for resource b112b905-88d4-4724-b62f-4077b5b1e0dd (type: security_group_rules) to 0
2026-04-27 22:05:43.654 9 INFO neutron.db.ovn_revision_numbers_db [None req-a833f9c6-55fc-4ca7-919c-e82387609abf 41d6b2319d7a48da80ed242243d4c425 81b1f8bbda12485a805c873e5f3e38b4 - - default default] Successfully bumped revision number for resource a7ab9f65-5978-48e2-868d-ee39abed5782 (type: security_group_rules) to 0
2026-04-27 22:05:43.655 10 INFO neutron.db.ovn_revision_numbers_db [req-04723440-ee2e-4afa-b764-f9d99e8ac35d req-e52cc89a-807e-45b7-8357-a39fca04d967 d04edd00e5504a8d92c7934af075017c a75dcd1f8e014a06b0a235e1e5df6ba1 - - default default] Successfully bumped revision number for resource cf72ee0d-286a-4dbf-bb41-b5cc7d919242 (type: security_group_rules) to 0
2026-04-27 22:05:43.682 9 INFO neutron.wsgi [None req-a833f9c6-55fc-4ca7-919c-e82387609abf 41d6b2319d7a48da80ed242243d4c425 81b1f8bbda12485a805c873e5f3e38b4 - - default default] 10.0.0.105 "POST /v2.0/security-group-rules HTTP/1.1" status: 201 len: 769 time: 0.1666899
2026-04-27 22:05:43.697 9 WARNING neutron_lib.context [None req-52d75efc-6931-4bf6-a9e3-5d67c47a3afe 41d6b2319d7a48da80ed242243d4c425 81b1f8bbda12485a805c873e5f3e38b4 - - default default] Method 'is_advsvc' is deprecated since 2023.2 release (neutron-lib 3.8.0) and will be removed once support for the old RBAC API policies will be removed from Neutron. Please use method 'is_service_role' instead.
2026-04-27 22:05:43.703 10 INFO neutron.wsgi [req-04723440-ee2e-4afa-b764-f9d99e8ac35d req-e52cc89a-807e-45b7-8357-a39fca04d967 d04edd00e5504a8d92c7934af075017c a75dcd1f8e014a06b0a235e1e5df6ba1 - - default default] 10.0.0.45 "POST /v2.0/security-groups HTTP/1.1" status: 201 len: 1822 time: 0.3167570
2026-04-27 22:05:43.793 10 INFO neutron.wsgi [req-fa8a6686-c0b0-495e-a516-f987d2be17f0 req-053f6da3-2fb8-4687-8422-e3daa88d03b9 d04edd00e5504a8d92c7934af075017c a75dcd1f8e014a06b0a235e1e5df6ba1 - - default default] 10.0.0.45 "GET /v2.0/security-groups?tenant_id=a75dcd1f8e014a06b0a235e1e5df6ba1 HTTP/1.1" status: 200 len: 7793 time: 0.0665836
2026-04-27 22:05:43.796 10 INFO neutron.db.ovn_revision_numbers_db [req-925d19bf-2c75-44ed-a474-68f2e8a6b326 req-f59d2251-74e5-4ce5-a434-cfd343374482 37f420c493554d6ea7e66d7568b5f9c3 41f27d3e72ad40e9b46c73b7daf08ba5 - - default default] Successfully bumped revision number for resource e1fd9af1-3b95-46f5-8f71-337104222e65 (type: security_group_rules) to 0
2026-04-27 22:05:43.848 10 INFO neutron.wsgi [req-925d19bf-2c75-44ed-a474-68f2e8a6b326 req-f59d2251-74e5-4ce5-a434-cfd343374482 37f420c493554d6ea7e66d7568b5f9c3 41f27d3e72ad40e9b46c73b7daf08ba5 - - default default] 10.0.0.45 "POST /v2.0/security-group-rules HTTP/1.1" status: 201 len: 786 time: 0.3335667
2026-04-27 22:05:43.856 10 INFO neutron.wsgi [req-fa8a6686-c0b0-495e-a516-f987d2be17f0 req-20426bc9-5043-4ccf-9c9c-379d86e9ffd9 d04edd00e5504a8d92c7934af075017c a75dcd1f8e014a06b0a235e1e5df6ba1 - - default default] 10.0.0.45 "GET /v2.0/security-groups/83d472a6-695e-438c-8577-db535a0a75c5 HTTP/1.1" status: 200 len: 2994 time: 0.0471432
2026-04-27 22:05:43.911 10 INFO neutron.wsgi [req-fa8a6686-c0b0-495e-a516-f987d2be17f0 req-1ca148a7-7e86-47a3-bf0d-45a4e62dc9ae d04edd00e5504a8d92c7934af075017c a75dcd1f8e014a06b0a235e1e5df6ba1 - - default default] 10.0.0.45 "GET /v2.0/security-groups/83d472a6-695e-438c-8577-db535a0a75c5 HTTP/1.1" status: 200 len: 2994 time: 0.0476730
2026-04-27 22:05:43.915 10 INFO neutron.wsgi [req-59d772ea-6d17-4203-821b-cafd5a203855 req-ec4a19ec-3b76-4809-8fdc-9a4bda31d1ee 37f420c493554d6ea7e66d7568b5f9c3 41f27d3e72ad40e9b46c73b7daf08ba5 - - default default] 10.0.0.45 "GET /v2.0/security-groups/7e9c9a1d-cd23-4c45-a513-02adad4fffaf HTTP/1.1" status: 200 len: 2415 time: 0.0419631
2026-04-27 22:05:43.938 10 WARNING neutron_lib.context [req-59d772ea-6d17-4203-821b-cafd5a203855 req-0f54a36d-681e-47c8-8513-12f1230ee434 37f420c493554d6ea7e66d7568b5f9c3 41f27d3e72ad40e9b46c73b7daf08ba5 - - default default] Method 'is_advsvc' is deprecated since 2023.2 release (neutron-lib 3.8.0) and will be removed once support for the old RBAC API policies will be removed from Neutron. Please use method 'is_service_role' instead.
2026-04-27 22:05:43.990 10 INFO neutron.wsgi [req-25fb1eaf-43f4-4d9d-a05b-72ca8a1ba8f7 req-21adb8cc-f3f9-4cab-a1af-2e31cc0afebb d04edd00e5504a8d92c7934af075017c a75dcd1f8e014a06b0a235e1e5df6ba1 - - default default] 10.0.0.45 "GET /v2.0/security-groups/c1518706-272f-4d80-aa13-2e4235bb196e HTTP/1.1" status: 200 len: 1817 time: 0.0488584
2026-04-27 22:05:44.060 10 INFO neutron.db.ovn_revision_numbers_db [None req-808e9de3-9bf9-42c7-be3d-e1b6b2eea620 - - - - - -] Successfully bumped revision number for resource 0f2e934d-6b10-4c76-96f8-85b85cacf18a (type: ports) to 2
2026-04-27 22:05:44.118 9 WARNING neutron.scheduler.dhcp_agent_scheduler [None req-52d75efc-6931-4bf6-a9e3-5d67c47a3afe 41d6b2319d7a48da80ed242243d4c425 81b1f8bbda12485a805c873e5f3e38b4 - - default default] No more DHCP agents
2026-04-27 22:05:44.120 9 WARNING neutron.api.rpc.agentnotifiers.dhcp_rpc_agent_api [None req-52d75efc-6931-4bf6-a9e3-5d67c47a3afe 41d6b2319d7a48da80ed242243d4c425 81b1f8bbda12485a805c873e5f3e38b4 - - default default] Unable to schedule network 5cd4b189-3e6b-435e-b218-98182b85042c: no agents available; will retry on subsequent port and subnet creation events.
2026-04-27 22:05:44.159 10 INFO neutron.db.ovn_revision_numbers_db [req-59d772ea-6d17-4203-821b-cafd5a203855 req-0f54a36d-681e-47c8-8513-12f1230ee434 37f420c493554d6ea7e66d7568b5f9c3 41f27d3e72ad40e9b46c73b7daf08ba5 - - default default] Successfully bumped revision number for resource b74794fe-7268-4742-a02a-d5dc41ccc28f (type: security_group_rules) to 0
2026-04-27 22:05:44.169 10 INFO neutron.db.ovn_revision_numbers_db [None req-808e9de3-9bf9-42c7-be3d-e1b6b2eea620 - - - - - -] Successfully bumped revision number for resource 0f2e934d-6b10-4c76-96f8-85b85cacf18a (type: router_ports) to 2
2026-04-27 22:05:44.191 10 INFO neutron.wsgi [req-59d772ea-6d17-4203-821b-cafd5a203855 req-0f54a36d-681e-47c8-8513-12f1230ee434 37f420c493554d6ea7e66d7568b5f9c3 41f27d3e72ad40e9b46c73b7daf08ba5 - - default default] 10.0.0.45 "POST /v2.0/security-group-rules HTTP/1.1" status: 201 len: 791 time: 0.2605832
2026-04-27 22:05:44.217 10 INFO neutron.wsgi [req-25fb1eaf-43f4-4d9d-a05b-72ca8a1ba8f7 req-338c465e-75af-41c3-8958-291527dec654 d04edd00e5504a8d92c7934af075017c a75dcd1f8e014a06b0a235e1e5df6ba1 - - default default] 10.0.0.45 "DELETE /v2.0/security-groups/c1518706-272f-4d80-aa13-2e4235bb196e HTTP/1.1" status: 204 len: 173 time: 0.2150705
2026-04-27 22:05:44.248 10 INFO neutron.api.v2.resource [req-6cdc6a8a-273d-4c21-b946-d3d0e197f7e5 req-0ff34311-bf5d-4d50-ba97-0939b4405a62 d04edd00e5504a8d92c7934af075017c a75dcd1f8e014a06b0a235e1e5df6ba1 - - default default] show failed (client error): The resource could not be found.
2026-04-27 22:05:44.249 10 INFO neutron.wsgi [req-6cdc6a8a-273d-4c21-b946-d3d0e197f7e5 req-0ff34311-bf5d-4d50-ba97-0939b4405a62 d04edd00e5504a8d92c7934af075017c a75dcd1f8e014a06b0a235e1e5df6ba1 - - default default] 10.0.0.45 "GET /v2.0/security-groups/c1518706-272f-4d80-aa13-2e4235bb196e HTTP/1.1" status: 404 len: 352 time: 0.0109315
2026-04-27 22:05:44.252 10 INFO neutron.wsgi [req-b7f13cf0-9bfc-4bf0-a6c0-8ea2f60f084b req-975048c1-19de-4a84-8bd8-c6b6e21e4256 37f420c493554d6ea7e66d7568b5f9c3 41f27d3e72ad40e9b46c73b7daf08ba5 - - default default] 10.0.0.45 "GET /v2.0/security-groups/7e9c9a1d-cd23-4c45-a513-02adad4fffaf HTTP/1.1" status: 200 len: 3013 time: 0.0348349
2026-04-27 22:05:44.297 10 INFO neutron.wsgi [req-cc6b99e6-3749-4fc3-b030-6446e592687a req-b2882788-a1ab-4f17-9b9a-35d6415e18b2 37f420c493554d6ea7e66d7568b5f9c3 41f27d3e72ad40e9b46c73b7daf08ba5 - - default default] 10.0.0.45 "GET /v2.0/security-group-rules/b74794fe-7268-4742-a02a-d5dc41ccc28f HTTP/1.1" status: 200 len: 783 time: 0.0226240
2026-04-27 22:05:44.320 10 INFO neutron.wsgi [req-218a2242-f7fb-4e3b-9f12-b743edfd132f req-8346f926-dcdb-42e3-ba4e-58bc867bbde0 d04edd00e5504a8d92c7934af075017c a75dcd1f8e014a06b0a235e1e5df6ba1 - - default default] 10.0.0.45 "GET /v2.0/security-groups/af475a0f-b3ec-4526-beb9-46cdda3f2581 HTTP/1.1" status: 200 len: 1816 time: 0.0387800
2026-04-27 22:05:44.339 10 INFO neutron.wsgi [req-cc6b99e6-3749-4fc3-b030-6446e592687a req-fd800526-e5c1-4387-889d-b66ac3f09ef1 37f420c493554d6ea7e66d7568b5f9c3 41f27d3e72ad40e9b46c73b7daf08ba5 - - default default] 10.0.0.45 "GET /v2.0/security-groups/7e9c9a1d-cd23-4c45-a513-02adad4fffaf HTTP/1.1" status: 200 len: 3013 time: 0.0369287
2026-04-27 22:05:44.417 9 INFO neutron.db.ovn_revision_numbers_db [None req-52d75efc-6931-4bf6-a9e3-5d67c47a3afe 41d6b2319d7a48da80ed242243d4c425 81b1f8bbda12485a805c873e5f3e38b4 - - default default] Successfully bumped revision number for resource 140a24d5-f5d5-4536-a33d-dec61494eac1 (type: floatingips) to 0
2026-04-27 22:05:44.434 9 INFO neutron.wsgi [None req-52d75efc-6931-4bf6-a9e3-5d67c47a3afe 41d6b2319d7a48da80ed242243d4c425 81b1f8bbda12485a805c873e5f3e38b4 - - default default] 10.0.0.105 "POST /v2.0/floatingips HTTP/1.1" status: 201 len: 751 time: 0.7453449
2026-04-27 22:05:44.462 10 INFO neutron.wsgi [req-218a2242-f7fb-4e3b-9f12-b743edfd132f req-12d2765a-f9e4-4d0c-b6ef-63e648c21596 d04edd00e5504a8d92c7934af075017c a75dcd1f8e014a06b0a235e1e5df6ba1 - - default default] 10.0.0.45 "DELETE /v2.0/security-groups/af475a0f-b3ec-4526-beb9-46cdda3f2581 HTTP/1.1" status: 204 len: 173 time: 0.1322484
2026-04-27 22:05:44.488 10 INFO neutron.wsgi [req-cc6b99e6-3749-4fc3-b030-6446e592687a req-1102aaaa-3b82-4902-8f59-e423fd9bc26c 37f420c493554d6ea7e66d7568b5f9c3 41f27d3e72ad40e9b46c73b7daf08ba5 - - default default] 10.0.0.45 "DELETE /v2.0/security-group-rules/b74794fe-7268-4742-a02a-d5dc41ccc28f HTTP/1.1" status: 204 len: 173 time: 0.1435781
2026-04-27 22:05:44.500 10 INFO neutron.api.v2.resource [req-9cfbbdc6-f976-4efa-b4f5-c621a59bdfff req-de2aef7c-11f3-4a51-bf3e-698ac2ebb807 d04edd00e5504a8d92c7934af075017c a75dcd1f8e014a06b0a235e1e5df6ba1 - - default default] show failed (client error): The resource could not be found.
2026-04-27 22:05:44.501 10 INFO neutron.wsgi [req-9cfbbdc6-f976-4efa-b4f5-c621a59bdfff req-de2aef7c-11f3-4a51-bf3e-698ac2ebb807 d04edd00e5504a8d92c7934af075017c a75dcd1f8e014a06b0a235e1e5df6ba1 - - default default] 10.0.0.45 "GET /v2.0/security-groups/af475a0f-b3ec-4526-beb9-46cdda3f2581 HTTP/1.1" status: 404 len: 352 time: 0.0210512
2026-04-27 22:05:44.554 10 INFO neutron.wsgi [req-f1e139c6-b195-443d-8e8f-073fb8bf65d0 req-1ca56aaa-2ecd-45d0-939b-fe370b0fdf30 37f420c493554d6ea7e66d7568b5f9c3 41f27d3e72ad40e9b46c73b7daf08ba5 - - default default] 10.0.0.45 "GET /v2.0/security-groups/7e9c9a1d-cd23-4c45-a513-02adad4fffaf HTTP/1.1" status: 200 len: 2415 time: 0.0451787
2026-04-27 22:05:44.576 10 INFO neutron.wsgi [req-d3283f74-bf1a-45b9-89f7-2767db8c42f2 req-fb51acb6-98db-40a5-8be9-f2640b804752 d04edd00e5504a8d92c7934af075017c a75dcd1f8e014a06b0a235e1e5df6ba1 - - default default] 10.0.0.45 "GET /v2.0/security-groups/f387e00b-a225-40bf-8d58-53b8adce76ce HTTP/1.1" status: 200 len: 1817 time: 0.0533965
2026-04-27 22:05:44.772 10 INFO neutron.wsgi [req-f1e139c6-b195-443d-8e8f-073fb8bf65d0 req-5159649a-564b-415c-8fb2-70a6a135423a 37f420c493554d6ea7e66d7568b5f9c3 41f27d3e72ad40e9b46c73b7daf08ba5 - - default default] 10.0.0.45 "DELETE /v2.0/security-groups/7e9c9a1d-cd23-4c45-a513-02adad4fffaf HTTP/1.1" status: 204 len: 173 time: 0.2083235
2026-04-27 22:05:44.777 10 INFO neutron.db.ovn_revision_numbers_db [None req-61c4987c-9f39-4f51-93dd-93b68b5f3f30 da9ea4bce9fa49798930ea075b6f69d6 9e87328a0e33464295d10e591d61c010 - - default default] Successfully bumped revision number for resource 972b94e1-d35e-4dab-b430-5d3bbd23b282 (type: security_groups) to 1
2026-04-27 22:05:44.797 10 INFO neutron.wsgi [req-d3283f74-bf1a-45b9-89f7-2767db8c42f2 req-713597dc-fdf9-43e6-bc36-355157eb6bd4 d04edd00e5504a8d92c7934af075017c a75dcd1f8e014a06b0a235e1e5df6ba1 - - default default] 10.0.0.45 "DELETE /v2.0/security-groups/f387e00b-a225-40bf-8d58-53b8adce76ce HTTP/1.1" status: 204 len: 173 time: 0.2139046
2026-04-27 22:05:44.804 10 INFO neutron.db.ovn_revision_numbers_db [None req-61c4987c-9f39-4f51-93dd-93b68b5f3f30 da9ea4bce9fa49798930ea075b6f69d6 9e87328a0e33464295d10e591d61c010 - - default default] Successfully bumped revision number for resource 020d61c6-75b0-4921-96a4-4719d2282771 (type: security_group_rules) to 0
2026-04-27 22:05:44.827 10 INFO neutron.db.ovn_revision_numbers_db [None req-61c4987c-9f39-4f51-93dd-93b68b5f3f30 da9ea4bce9fa49798930ea075b6f69d6 9e87328a0e33464295d10e591d61c010 - - default default] Successfully bumped revision number for resource 94ec3f30-8550-4e9f-ab45-81445236ad92 (type: security_group_rules) to 0
2026-04-27 22:05:44.832 10 INFO neutron.api.v2.resource [req-ecf9d431-ae08-4edc-a42f-222210862105 req-ebccfa1d-a5ed-4f8e-8ac8-df1718db6395 d04edd00e5504a8d92c7934af075017c a75dcd1f8e014a06b0a235e1e5df6ba1 - - default default] show failed (client error): The resource could not be found.
2026-04-27 22:05:44.833 10 INFO neutron.wsgi [req-ecf9d431-ae08-4edc-a42f-222210862105 req-ebccfa1d-a5ed-4f8e-8ac8-df1718db6395 d04edd00e5504a8d92c7934af075017c a75dcd1f8e014a06b0a235e1e5df6ba1 - - default default] 10.0.0.45 "GET /v2.0/security-groups/f387e00b-a225-40bf-8d58-53b8adce76ce HTTP/1.1" status: 404 len: 352 time: 0.0167086
2026-04-27 22:05:44.837 10 INFO neutron.wsgi [req-c109495a-72b7-4c36-a29e-816e3a814699 req-310d83cb-8c18-47c0-b336-f18e433ed0c5 37f420c493554d6ea7e66d7568b5f9c3 41f27d3e72ad40e9b46c73b7daf08ba5 - - default default] 10.0.0.45 "GET /v2.0/security-groups/379ef1d1-4fda-4af9-ad3f-8d89876451e6 HTTP/1.1" status: 200 len: 2413 time: 0.0439911
2026-04-27 22:05:44.845 10 INFO neutron.db.ovn_revision_numbers_db [None req-61c4987c-9f39-4f51-93dd-93b68b5f3f30 da9ea4bce9fa49798930ea075b6f69d6 9e87328a0e33464295d10e591d61c010 - - default default] Successfully bumped revision number for resource d3996f57-0d9f-45f4-8142-d3e6e6074586 (type: security_group_rules) to 0
2026-04-27 22:05:44.874 10 INFO neutron.db.ovn_revision_numbers_db [None req-61c4987c-9f39-4f51-93dd-93b68b5f3f30 da9ea4bce9fa49798930ea075b6f69d6 9e87328a0e33464295d10e591d61c010 - - default default] Successfully bumped revision number for resource d7a8deef-73aa-4873-9a07-eff79abe806b (type: security_group_rules) to 0
2026-04-27 22:05:44.910 10 INFO neutron.wsgi [None req-61c4987c-9f39-4f51-93dd-93b68b5f3f30 da9ea4bce9fa49798930ea075b6f69d6 9e87328a0e33464295d10e591d61c010 - - default default] 10.0.0.105 "GET /v2.0/security-groups?tenant_id=001134f4633044b98cc3818b36cd1d9a&name=default HTTP/1.1" status: 200 len: 2996 time: 0.5109961
2026-04-27 22:05:44.919 10 INFO neutron.wsgi [req-b94006a6-4211-4cc9-8ca4-b4b0494d817d req-a8349546-4c2d-4868-9431-1e543df7cf11 d04edd00e5504a8d92c7934af075017c a75dcd1f8e014a06b0a235e1e5df6ba1 - - default default] 10.0.0.45 "GET /v2.0/security-groups?tenant_id=a75dcd1f8e014a06b0a235e1e5df6ba1 HTTP/1.1" status: 200 len: 2997 time: 0.0629203
2026-04-27 22:05:44.969 10 INFO neutron.wsgi [req-b94006a6-4211-4cc9-8ca4-b4b0494d817d req-213f41e6-aca8-4621-a63f-9c7fb12720a4 d04edd00e5504a8d92c7934af075017c a75dcd1f8e014a06b0a235e1e5df6ba1 - - default default] 10.0.0.45 "GET /v2.0/security-groups/83d472a6-695e-438c-8577-db535a0a75c5 HTTP/1.1" status: 200 len: 2994 time: 0.0391052
2026-04-27 22:05:45.012 10 INFO neutron.wsgi [req-b94006a6-4211-4cc9-8ca4-b4b0494d817d req-44fe9ea1-3437-4784-86a9-9c01d62a1542 d04edd00e5504a8d92c7934af075017c a75dcd1f8e014a06b0a235e1e5df6ba1 - - default default] 10.0.0.45 "GET /v2.0/security-groups/83d472a6-695e-438c-8577-db535a0a75c5 HTTP/1.1" status: 200 len: 2994 time: 0.0346239
2026-04-27 22:05:45.021 10 INFO neutron.wsgi [req-c109495a-72b7-4c36-a29e-816e3a814699 req-f8ccfd9a-967f-44a1-875c-03080b59bb68 37f420c493554d6ea7e66d7568b5f9c3 41f27d3e72ad40e9b46c73b7daf08ba5 - - default default] 10.0.0.45 "DELETE /v2.0/security-groups/379ef1d1-4fda-4af9-ad3f-8d89876451e6 HTTP/1.1" status: 204 len: 173 time: 0.1768754
2026-04-27 22:05:45.064 10 INFO neutron.api.v2.resource [req-9b8107ab-fded-41c7-9f2f-f3d3c9c2de3e req-36bbed04-1788-4426-80da-c5558354da5e d04edd00e5504a8d92c7934af075017c a75dcd1f8e014a06b0a235e1e5df6ba1 - - default default] show failed (client error): The resource could not be found.
2026-04-27 22:05:45.065 10 INFO neutron.wsgi [req-9b8107ab-fded-41c7-9f2f-f3d3c9c2de3e req-36bbed04-1788-4426-80da-c5558354da5e d04edd00e5504a8d92c7934af075017c a75dcd1f8e014a06b0a235e1e5df6ba1 - - default default] 10.0.0.45 "GET /v2.0/security-groups/f387e00b-a225-40bf-8d58-53b8adce76ce HTTP/1.1" status: 404 len: 352 time: 0.0124233
2026-04-27 22:05:45.106 10 INFO neutron.api.v2.resource [req-b1bc6be5-f751-4823-9be9-f839f45e7681 req-48984714-bd89-4b4a-a7ba-ad79e0acbe4d d04edd00e5504a8d92c7934af075017c a75dcd1f8e014a06b0a235e1e5df6ba1 - - default default] show failed (client error): The resource could not be found.
2026-04-27 22:05:45.106 9 INFO neutron.wsgi [None req-bddfbb6e-75dc-4a93-9680-6cf539f3f3d2 da9ea4bce9fa49798930ea075b6f69d6 9e87328a0e33464295d10e591d61c010 - - default default] 10.0.0.105 "DELETE /v2.0/security-groups/972b94e1-d35e-4dab-b430-5d3bbd23b282 HTTP/1.1" status: 204 len: 168 time: 0.1915467
2026-04-27 22:05:45.107 10 INFO neutron.wsgi [req-b1bc6be5-f751-4823-9be9-f839f45e7681 req-48984714-bd89-4b4a-a7ba-ad79e0acbe4d d04edd00e5504a8d92c7934af075017c a75dcd1f8e014a06b0a235e1e5df6ba1 - - default default] 10.0.0.45 "GET /v2.0/security-groups/af475a0f-b3ec-4526-beb9-46cdda3f2581 HTTP/1.1" status: 404 len: 352 time: 0.0217702
2026-04-27 22:05:45.155 10 INFO neutron.api.v2.resource [req-ae6a014f-fa3a-4fb2-b85f-ec6327c4932f req-ab9ee361-c555-4211-8900-3d05c8afb12d d04edd00e5504a8d92c7934af075017c a75dcd1f8e014a06b0a235e1e5df6ba1 - - default default] show failed (client error): The resource could not be found.
2026-04-27 22:05:45.156 10 INFO neutron.wsgi [req-ae6a014f-fa3a-4fb2-b85f-ec6327c4932f req-ab9ee361-c555-4211-8900-3d05c8afb12d d04edd00e5504a8d92c7934af075017c a75dcd1f8e014a06b0a235e1e5df6ba1 - - default default] 10.0.0.45 "GET /v2.0/security-groups/c1518706-272f-4d80-aa13-2e4235bb196e HTTP/1.1" status: 404 len: 352 time: 0.0222576
2026-04-27 22:05:45.160 10 INFO neutron.wsgi [req-3eb7cd0b-0e0a-4ce6-86a0-2229e7145670 req-e021b584-5eff-4586-80ca-195a05ad6962 41d6b2319d7a48da80ed242243d4c425 81b1f8bbda12485a805c873e5f3e38b4 - - default default] 10.0.0.45 "GET /v2.0/security-groups?name=tempest-securitygroup--453700486&fields=id&tenant_id=81b1f8bbda12485a805c873e5f3e38b4 HTTP/1.1" status: 200 len: 267 time: 0.0639009
2026-04-27 22:05:45.406 10 INFO neutron.wsgi [req-3eb7cd0b-0e0a-4ce6-86a0-2229e7145670 req-b72eb9d2-7c41-46f5-9abe-a79d3ca3b5ef 41d6b2319d7a48da80ed242243d4c425 81b1f8bbda12485a805c873e5f3e38b4 - - default default] 10.0.0.45 "GET /v2.0/networks?id=1b9be93b-ed6c-4f90-9933-409f626eb31f HTTP/1.1" status: 200 len: 882 time: 0.2368371
2026-04-27 22:05:45.431 10 INFO neutron.wsgi [req-3eb7cd0b-0e0a-4ce6-86a0-2229e7145670 req-382bc5e3-3aa0-436d-a7d9-9d22147ec83b 41d6b2319d7a48da80ed242243d4c425 81b1f8bbda12485a805c873e5f3e38b4 - - default default] 10.0.0.45 "GET /v2.0/quotas/81b1f8bbda12485a805c873e5f3e38b4 HTTP/1.1" status: 200 len: 386 time: 0.0160043
2026-04-27 22:05:45.567 10 INFO neutron.wsgi [req-3eb7cd0b-0e0a-4ce6-86a0-2229e7145670 req-1ec63d61-5e30-4d9a-83e5-190c2d684752 41d6b2319d7a48da80ed242243d4c425 81b1f8bbda12485a805c873e5f3e38b4 - - default default] 10.0.0.45 "GET /v2.0/ports?tenant_id=81b1f8bbda12485a805c873e5f3e38b4&fields=id HTTP/1.1" status: 200 len: 302 time: 0.1286063
2026-04-27 22:05:46.058 9 WARNING neutron.plugins.ml2.drivers.ovn.mech_driver.ovsdb.ovn_client [None req-97adb1c9-086d-4690-b232-f64ac205f541 - - - - - -] No port found with ID b1635f9e-800e-4e2a-8d5c-005043febf91: RuntimeError: No port found with ID b1635f9e-800e-4e2a-8d5c-005043febf91
2026-04-27 22:05:46.058 9 INFO neutron.plugins.ml2.drivers.ovn.mech_driver.mech_driver [None req-97adb1c9-086d-4690-b232-f64ac205f541 - - - - - -] OVN reports status up for port: 660879e9-deaf-45de-b103-ee73ffcd8a90
2026-04-27 22:05:46.080 9 INFO neutron.plugins.ml2.plugin [None req-97adb1c9-086d-4690-b232-f64ac205f541 - - - - - -] Attempt 1 to provision port 660879e9-deaf-45de-b103-ee73ffcd8a90
2026-04-27 22:05:46.081 10 INFO neutron.wsgi [req-3eb7cd0b-0e0a-4ce6-86a0-2229e7145670 req-31c6523f-9ec6-43e4-8fb3-775c50afcf63 dfe67ae67a0d45b0a4511adb4b45b466 398885860a1a485a97ce085702de3e7d - - 9b8ddd2dacbe4426aee095541780fd67 9b8ddd2dacbe4426aee095541780fd67] 10.0.0.45 "GET /v2.0/extensions HTTP/1.1" status: 200 len: 16980 time: 0.1359084
2026-04-27 22:05:46.155 10 INFO neutron.wsgi [req-3eb7cd0b-0e0a-4ce6-86a0-2229e7145670 req-b1275d19-d4f8-49ae-8645-6da1a01855db dfe67ae67a0d45b0a4511adb4b45b466 398885860a1a485a97ce085702de3e7d - - 9b8ddd2dacbe4426aee095541780fd67 9b8ddd2dacbe4426aee095541780fd67] 10.0.0.45 "GET /v2.0/networks/1b9be93b-ed6c-4f90-9933-409f626eb31f?fields=segments HTTP/1.1" status: 200 len: 212 time: 0.0544164
2026-04-27 22:05:46.347 10 INFO neutron.wsgi [req-3eb7cd0b-0e0a-4ce6-86a0-2229e7145670 req-568edad6-47ef-4ba0-bfd1-3e54ac1e1273 dfe67ae67a0d45b0a4511adb4b45b466 398885860a1a485a97ce085702de3e7d - - 9b8ddd2dacbe4426aee095541780fd67 9b8ddd2dacbe4426aee095541780fd67] 10.0.0.45 "GET /v2.0/networks/1b9be93b-ed6c-4f90-9933-409f626eb31f?fields=provider%3Aphysical_network&fields=provider%3Anetwork_type HTTP/1.1" status: 200 len: 277 time: 0.1760800
2026-04-27 22:05:46.453 9 INFO neutron.wsgi [None req-142f5ec9-e10b-47e4-8576-c319a2b5f033 da9ea4bce9fa49798930ea075b6f69d6 9e87328a0e33464295d10e591d61c010 - - default default] 10.0.0.105 "PUT /v2.0/routers/960640fe-bc2a-4d62-855c-a78962d419bd/remove_router_interface HTTP/1.1" status: 200 len: 503 time: 1.2867866 /var/lib/openstack/lib/python3.10/site-packages/pycadf/identifier.py:71: UserWarning: Invalid uuid: neutron. To ensure interoperability, identifiers should be a valid uuid. warnings.warn(('Invalid uuid: %s. To ensure interoperability, '
2026-04-27 22:05:46.580 9 INFO neutron.db.ovn_revision_numbers_db [None req-97adb1c9-086d-4690-b232-f64ac205f541 - - - - - -] Successfully bumped revision number for resource 660879e9-deaf-45de-b103-ee73ffcd8a90 (type: ports) to 2
2026-04-27 22:05:46.598 10 INFO neutron.wsgi [None req-fba83ab2-97b6-49af-88ad-cc1a3da93c1c da9ea4bce9fa49798930ea075b6f69d6 9e87328a0e33464295d10e591d61c010 - - default default] 10.0.0.105 "PUT /v2.0/routers/3228860d-a69d-4fd7-a6d4-9b320853510c/remove_router_interface HTTP/1.1" status: 200 len: 503 time: 1.5691531
2026-04-27 22:05:46.602 10 INFO neutron.wsgi [req-0033fab3-d90d-40d4-a988-c65d61810b6d req-c2a44ea3-5b62-4c85-9b01-3884a3079e3f 41d6b2319d7a48da80ed242243d4c425 81b1f8bbda12485a805c873e5f3e38b4 - - default default] 10.0.0.45 "GET /v2.0/ports?device_id=dbfe0595-c272-4271-bf80-4e0a207f27a0 HTTP/1.1" status: 200 len: 210 time: 0.0485034
2026-04-27 22:05:46.671 9 INFO neutron.db.ovn_revision_numbers_db [None req-97adb1c9-086d-4690-b232-f64ac205f541 - - - - - -] Successfully bumped revision number for resource 660879e9-deaf-45de-b103-ee73ffcd8a90 (type: router_ports) to 2 /var/lib/openstack/lib/python3.10/site-packages/pycadf/identifier.py:71: UserWarning: Invalid uuid: neutron. To ensure interoperability, identifiers should be a valid uuid. warnings.warn(('Invalid uuid: %s. To ensure interoperability, '
2026-04-27 22:05:47.772 10 INFO neutron.wsgi [None req-f460955d-999d-4c9b-98cd-98485ffa2be5 da9ea4bce9fa49798930ea075b6f69d6 9e87328a0e33464295d10e591d61c010 - - default default] 10.0.0.105 "DELETE /v2.0/routers/960640fe-bc2a-4d62-855c-a78962d419bd HTTP/1.1" status: 204 len: 168 time: 1.3140266
2026-04-27 22:05:47.785 9 INFO neutron.db.ovn_revision_numbers_db [None req-41d8460c-957e-4e22-a572-b881e99bc947 da9ea4bce9fa49798930ea075b6f69d6 9e87328a0e33464295d10e591d61c010 - - default default] Successfully bumped revision number for resource 71c901a8-ca1a-488a-bd5e-8fe0a0b6012c (type: security_groups) to 1
2026-04-27 22:05:47.815 9 INFO neutron.db.ovn_revision_numbers_db [None req-41d8460c-957e-4e22-a572-b881e99bc947 da9ea4bce9fa49798930ea075b6f69d6 9e87328a0e33464295d10e591d61c010 - - default default] Successfully bumped revision number for resource 1f48d1df-fe70-4293-9689-04adac031b26 (type: security_group_rules) to 0
2026-04-27 22:05:47.850 9 INFO neutron.db.ovn_revision_numbers_db [None req-41d8460c-957e-4e22-a572-b881e99bc947 da9ea4bce9fa49798930ea075b6f69d6 9e87328a0e33464295d10e591d61c010 - - default default] Successfully bumped revision number for resource 289cdbfd-4b29-4992-bde5-85d99c12209a (type: security_group_rules) to 0
2026-04-27 22:05:47.879 9 INFO neutron.db.ovn_revision_numbers_db [None req-41d8460c-957e-4e22-a572-b881e99bc947 da9ea4bce9fa49798930ea075b6f69d6 9e87328a0e33464295d10e591d61c010 - - default default] Successfully bumped revision number for resource bfca6cab-1770-4b74-8999-60b161570ec3 (type: security_group_rules) to 0
2026-04-27 22:05:47.890 10 INFO neutron.wsgi [req-d644c66e-398d-482b-948c-52423364b28c req-0e60376b-1384-4174-b9e9-a44cf54b4118 41d6b2319d7a48da80ed242243d4c425 81b1f8bbda12485a805c873e5f3e38b4 - - default default] 10.0.0.45 "GET /v2.0/ports?device_id=dbfe0595-c272-4271-bf80-4e0a207f27a0 HTTP/1.1" status: 200 len: 210 time: 0.0204091
2026-04-27 22:05:47.893 10 INFO neutron.wsgi [None req-003b2745-188a-427e-a027-7e95d772ab09 da9ea4bce9fa49798930ea075b6f69d6 9e87328a0e33464295d10e591d61c010 - - default default] 10.0.0.105 "DELETE /v2.0/routers/3228860d-a69d-4fd7-a6d4-9b320853510c HTTP/1.1" status: 204 len: 168 time: 1.2878287
2026-04-27 22:05:47.895 9 INFO neutron.db.ovn_revision_numbers_db [None req-41d8460c-957e-4e22-a572-b881e99bc947 da9ea4bce9fa49798930ea075b6f69d6 9e87328a0e33464295d10e591d61c010 - - default default] Successfully bumped revision number for resource fa9196ae-f7d1-4997-aa4c-82551c1c823e (type: security_group_rules) to 0
2026-04-27 22:05:47.938 9 INFO neutron.wsgi [None req-41d8460c-957e-4e22-a572-b881e99bc947 da9ea4bce9fa49798930ea075b6f69d6 9e87328a0e33464295d10e591d61c010 - - default default] 10.0.0.105 "GET /v2.0/security-groups?tenant_id=92a5fcaefdd04beeaad9c8a8b70de9d2&name=default HTTP/1.1" status: 200 len: 2996 time: 0.5163479
2026-04-27 22:05:48.024 9 INFO neutron.wsgi [None req-d4881241-abdf-487b-abf7-8ec6e94d8aea da9ea4bce9fa49798930ea075b6f69d6 9e87328a0e33464295d10e591d61c010 - - default default] 10.0.0.105 "DELETE /v2.0/subnets/6fb86d46-b570-4c40-b033-fa60f8244b3f HTTP/1.1" status: 204 len: 168 time: 0.2465398
2026-04-27 22:05:48.127 10 INFO neutron.wsgi [None req-f76d17c0-6f02-4417-9ab9-8d469a55d5a1 da9ea4bce9fa49798930ea075b6f69d6 9e87328a0e33464295d10e591d61c010 - - default default] 10.0.0.105 "DELETE /v2.0/subnets/ccca4fda-7bbd-4051-adf2-bc7811f13960 HTTP/1.1" status: 204 len: 168 time: 0.2287512
2026-04-27 22:05:48.234 9 INFO neutron.wsgi [req-3eb7cd0b-0e0a-4ce6-86a0-2229e7145670 req-679786a0-57f0-473d-950d-d768390e0180 41d6b2319d7a48da80ed242243d4c425 81b1f8bbda12485a805c873e5f3e38b4 - - default default] 199.204.45.129 "GET /v2.0/networks?id=1b9be93b-ed6c-4f90-9933-409f626eb31f HTTP/1.1" status: 200 len: 882 time: 0.1596267
2026-04-27 22:05:48.290 10 INFO neutron.wsgi [None req-6a6fdf31-bd07-4058-9390-a5e6fa6783cc da9ea4bce9fa49798930ea075b6f69d6 9e87328a0e33464295d10e591d61c010 - - default default] 10.0.0.105 "DELETE /v2.0/security-groups/71c901a8-ca1a-488a-bd5e-8fe0a0b6012c HTTP/1.1" status: 204 len: 168 time: 0.3467095
2026-04-27 22:05:48.347 9 INFO neutron.wsgi [req-3eb7cd0b-0e0a-4ce6-86a0-2229e7145670 req-b281ab46-239b-41cd-9856-fe7d3eb017f4 41d6b2319d7a48da80ed242243d4c425 81b1f8bbda12485a805c873e5f3e38b4 - - default default] 199.204.45.129 "GET /v2.0/security-groups?fields=id&fields=name&tenant_id=81b1f8bbda12485a805c873e5f3e38b4 HTTP/1.1" status: 200 len: 379 time: 0.0716000
2026-04-27 22:05:48.362 9 WARNING neutron_lib.context [req-3eb7cd0b-0e0a-4ce6-86a0-2229e7145670 req-5ee74c0f-4773-4a77-8d4d-87591360ce77 41d6b2319d7a48da80ed242243d4c425 81b1f8bbda12485a805c873e5f3e38b4 - - default default] Method 'is_advsvc' is deprecated since 2023.2 release (neutron-lib 3.8.0) and will be removed once support for the old RBAC API policies will be removed from Neutron. Please use method 'is_service_role' instead.
2026-04-27 22:05:48.586 10 INFO neutron.wsgi [None req-b5763398-c9d6-442b-84de-61beafa7ba54 da9ea4bce9fa49798930ea075b6f69d6 9e87328a0e33464295d10e591d61c010 - - default default] 10.0.0.105 "DELETE /v2.0/networks/4365da76-c996-4ce3-8842-5c68e45d1f53 HTTP/1.1" status: 204 len: 168 time: 0.4542227
2026-04-27 22:05:48.682 9 INFO neutron.wsgi [None req-fe8f33b4-12eb-48bd-bc96-f6ef26682959 da9ea4bce9fa49798930ea075b6f69d6 9e87328a0e33464295d10e591d61c010 - - default default] 10.0.0.105 "DELETE /v2.0/networks/0f257de5-a309-41f7-afd2-098a21d7baca HTTP/1.1" status: 204 len: 168 time: 0.6537178
2026-04-27 22:05:48.917 9 WARNING neutron.scheduler.dhcp_agent_scheduler [req-3eb7cd0b-0e0a-4ce6-86a0-2229e7145670 req-5ee74c0f-4773-4a77-8d4d-87591360ce77 41d6b2319d7a48da80ed242243d4c425 81b1f8bbda12485a805c873e5f3e38b4 - - default default] No more DHCP agents
2026-04-27 22:05:48.919 9 WARNING neutron.api.rpc.agentnotifiers.dhcp_rpc_agent_api [req-3eb7cd0b-0e0a-4ce6-86a0-2229e7145670 req-5ee74c0f-4773-4a77-8d4d-87591360ce77 41d6b2319d7a48da80ed242243d4c425 81b1f8bbda12485a805c873e5f3e38b4 - - default default] Unable to schedule network 1b9be93b-ed6c-4f90-9933-409f626eb31f: no agents available; will retry on subsequent port and subnet creation events.
2026-04-27 22:05:49.075 10 INFO neutron.wsgi [req-2c32310d-7417-4413-9947-333b9183bbb9 req-dad0a714-4d15-4443-924d-b0ff96dd41bf 41d6b2319d7a48da80ed242243d4c425 81b1f8bbda12485a805c873e5f3e38b4 - - default default] 10.0.0.45 "GET /v2.0/ports?device_id=dbfe0595-c272-4271-bf80-4e0a207f27a0 HTTP/1.1" status: 200 len: 1156 time: 0.0633070
2026-04-27 22:05:49.128 9 INFO neutron.db.ovn_revision_numbers_db [req-3eb7cd0b-0e0a-4ce6-86a0-2229e7145670 req-5ee74c0f-4773-4a77-8d4d-87591360ce77 41d6b2319d7a48da80ed242243d4c425 81b1f8bbda12485a805c873e5f3e38b4 - - default default] Successfully bumped revision number for resource bf71b3ae-f726-4d54-a0ca-7ef7e4551b9b (type: ports) to 1
2026-04-27 22:05:49.146 10 INFO neutron.wsgi [req-2c32310d-7417-4413-9947-333b9183bbb9 req-bf2fac57-2811-4237-a000-4ec9d4465898 41d6b2319d7a48da80ed242243d4c425 81b1f8bbda12485a805c873e5f3e38b4 - - default default] 10.0.0.45 "GET /v2.0/security-groups?id=557c4c9b-632e-4c1b-a328-50a080170d49&fields=id&fields=name HTTP/1.1" status: 200 len: 312 time: 0.0601873
2026-04-27 22:05:49.157 10 INFO neutron.wsgi [None req-0b2c74eb-9584-4934-9943-ac1723ee456a da9ea4bce9fa49798930ea075b6f69d6 9e87328a0e33464295d10e591d61c010 - - default default] 10.0.0.105 "GET /v2.0/security-groups?tenant_id=41f27d3e72ad40e9b46c73b7daf08ba5&name=default HTTP/1.1" status: 200 len: 2992 time: 0.0445230
2026-04-27 22:05:49.173 9 INFO neutron.wsgi [req-3eb7cd0b-0e0a-4ce6-86a0-2229e7145670 req-5ee74c0f-4773-4a77-8d4d-87591360ce77 41d6b2319d7a48da80ed242243d4c425 81b1f8bbda12485a805c873e5f3e38b4 - - default default] 199.204.45.129 "POST /v2.0/ports HTTP/1.1" status: 201 len: 1158 time: 0.8183053 /var/lib/openstack/lib/python3.10/site-packages/pycadf/identifier.py:71: UserWarning: Invalid uuid: neutron. To ensure interoperability, identifiers should be a valid uuid. warnings.warn(('Invalid uuid: %s. To ensure interoperability, '
2026-04-27 22:05:49.188 9 INFO neutron.wsgi [req-3eb7cd0b-0e0a-4ce6-86a0-2229e7145670 req-faf082a7-3f58-4c13-b9d5-5c857435a05a 41d6b2319d7a48da80ed242243d4c425 81b1f8bbda12485a805c873e5f3e38b4 - - default default] 199.204.45.129 "GET /v2.0/extensions HTTP/1.1" status: 200 len: 16980 time: 0.0085065
2026-04-27 22:05:49.301 10 INFO neutron.wsgi [None req-bf3353c1-98f3-460c-8eba-b87f683b29d5 da9ea4bce9fa49798930ea075b6f69d6 9e87328a0e33464295d10e591d61c010 - - default default] 10.0.0.105 "GET /v2.0/security-groups?tenant_id=a75dcd1f8e014a06b0a235e1e5df6ba1&name=default HTTP/1.1" status: 200 len: 2992 time: 0.0543308
2026-04-27 22:05:49.386 10 INFO neutron.services.segments.plugin [-] Segment 4a7c4e37-80cf-46d1-b0da-31c957af8cc3 resource provider aggregate not found
2026-04-27 22:05:49.435 10 INFO neutron.services.segments.plugin [-] Segment 4a7c4e37-80cf-46d1-b0da-31c957af8cc3 resource provider aggregate not found
2026-04-27 22:05:49.463 9 INFO neutron.services.segments.plugin [-] Segment 580fd9cf-187f-4ba2-a5d3-d0da69c90df8 resource provider aggregate not found
2026-04-27 22:05:49.465 10 INFO neutron.wsgi [None req-e9588922-ee29-42e2-b068-cb73b9fdfc83 da9ea4bce9fa49798930ea075b6f69d6 9e87328a0e33464295d10e591d61c010 - - default default] 10.0.0.105 "DELETE /v2.0/security-groups/106aa121-5189-468e-97ac-cc02a812fed9 HTTP/1.1" status: 204 len: 168 time: 0.2990580
2026-04-27 22:05:49.474 10 INFO neutron.services.segments.plugin [-] Segment 4a7c4e37-80cf-46d1-b0da-31c957af8cc3 resource provider not found; error: Placement Client Error (4xx): {"errors": [{"status": 404, "title": "Not Found", "detail": "The resource could not be found.\n\n No resource provider with uuid 4a7c4e37-80cf-46d1-b0da-31c957af8cc3 found for delete ", "request_id": "req-ee036edc-0cac-4ff1-8353-7ebc03913c04"}]}
2026-04-27 22:05:49.484 10 INFO neutron.services.segments.plugin [-] Segment 4a7c4e37-80cf-46d1-b0da-31c957af8cc3 resource provider not found; error: Placement Client Error (4xx): {"errors": [{"status": 404, "title": "Not Found", "detail": "The resource could not be found.\n\n No resource provider with uuid 4a7c4e37-80cf-46d1-b0da-31c957af8cc3 found for delete ", "request_id": "req-0574875d-6696-4cfc-bf00-2abd59c5d8e1"}]}
2026-04-27 22:05:49.505 9 INFO neutron.services.segments.plugin [-] Segment 580fd9cf-187f-4ba2-a5d3-d0da69c90df8 resource provider not found; error: Placement Client Error (4xx): {"errors": [{"status": 404, "title": "Not Found", "detail": "The resource could not be found.\n\n No resource provider with uuid 580fd9cf-187f-4ba2-a5d3-d0da69c90df8 found for delete ", "request_id": "req-5fa6d360-c830-4aa4-b8e5-59abc6940c99"}]}
2026-04-27 22:05:49.508 9 INFO neutron.services.segments.plugin [-] Segment 580fd9cf-187f-4ba2-a5d3-d0da69c90df8 resource provider aggregate not found
2026-04-27 22:05:49.510 10 WARNING neutron.plugins.ml2.drivers.ovn.mech_driver.ovsdb.ovn_client [None req-808e9de3-9bf9-42c7-be3d-e1b6b2eea620 - - - - - -] No port found with ID 0f2e934d-6b10-4c76-96f8-85b85cacf18a: RuntimeError: No port found with ID 0f2e934d-6b10-4c76-96f8-85b85cacf18a
2026-04-27 22:05:49.536 9 INFO neutron.services.segments.plugin [-] Segment 580fd9cf-187f-4ba2-a5d3-d0da69c90df8 resource provider not found; error: Placement Client Error (4xx): {"errors": [{"status": 404, "title": "Not Found", "detail": "The resource could not be found.\n\n No resource provider with uuid 580fd9cf-187f-4ba2-a5d3-d0da69c90df8 found for delete ", "request_id": "req-ab691a2a-364e-461e-b431-fec587ee203c"}]}
2026-04-27 22:05:49.609 9 INFO neutron.wsgi [None req-3f5a6be5-13d3-4816-9acf-44b410169415 da9ea4bce9fa49798930ea075b6f69d6 9e87328a0e33464295d10e591d61c010 - - default default] 10.0.0.105 "DELETE /v2.0/security-groups/83d472a6-695e-438c-8577-db535a0a75c5 HTTP/1.1" status: 204 len: 168 time: 0.2962217
2026-04-27 22:05:50.273 10 INFO neutron.wsgi [req-ae8b8817-652a-49fd-bd4c-c9cdb545f68e req-812afca8-63f0-4d4f-a161-df7723bbb096 41d6b2319d7a48da80ed242243d4c425 81b1f8bbda12485a805c873e5f3e38b4 - - default default] 10.0.0.45 "GET /v2.0/ports?device_id=dbfe0595-c272-4271-bf80-4e0a207f27a0 HTTP/1.1" status: 200 len: 1168 time: 0.0528893
2026-04-27 22:05:50.322 10 INFO neutron.wsgi [req-ae8b8817-652a-49fd-bd4c-c9cdb545f68e req-ba6019fe-9b06-4393-a736-7c448258ff1a 41d6b2319d7a48da80ed242243d4c425 81b1f8bbda12485a805c873e5f3e38b4 - - default default] 10.0.0.45 "GET /v2.0/security-groups?id=557c4c9b-632e-4c1b-a328-50a080170d49&fields=id&fields=name HTTP/1.1" status: 200 len: 312 time: 0.0450406
2026-04-27 22:05:50.336 9 INFO neutron.db.ovn_revision_numbers_db [req-3eb7cd0b-0e0a-4ce6-86a0-2229e7145670 req-b32fd95c-ead4-4338-93b9-c8ecbdc69953 dfe67ae67a0d45b0a4511adb4b45b466 398885860a1a485a97ce085702de3e7d - - 9b8ddd2dacbe4426aee095541780fd67 9b8ddd2dacbe4426aee095541780fd67] Successfully bumped revision number for resource bf71b3ae-f726-4d54-a0ca-7ef7e4551b9b (type: ports) to 2
2026-04-27 22:05:50.570 9 INFO neutron.db.ovn_revision_numbers_db [req-3eb7cd0b-0e0a-4ce6-86a0-2229e7145670 req-b32fd95c-ead4-4338-93b9-c8ecbdc69953 dfe67ae67a0d45b0a4511adb4b45b466 398885860a1a485a97ce085702de3e7d - - 9b8ddd2dacbe4426aee095541780fd67 9b8ddd2dacbe4426aee095541780fd67] Successfully bumped revision number for resource bf71b3ae-f726-4d54-a0ca-7ef7e4551b9b (type: ports) to 2
2026-04-27 22:05:50.596 9 INFO neutron.wsgi [req-3eb7cd0b-0e0a-4ce6-86a0-2229e7145670 req-b32fd95c-ead4-4338-93b9-c8ecbdc69953 dfe67ae67a0d45b0a4511adb4b45b466 398885860a1a485a97ce085702de3e7d - - 9b8ddd2dacbe4426aee095541780fd67 9b8ddd2dacbe4426aee095541780fd67] 199.204.45.129 "PUT /v2.0/ports/bf71b3ae-f726-4d54-a0ca-7ef7e4551b9b HTTP/1.1" status: 200 len: 1376 time: 0.9781771 /var/lib/openstack/lib/python3.10/site-packages/pycadf/identifier.py:71: UserWarning: Invalid uuid: neutron. To ensure interoperability, identifiers should be a valid uuid. warnings.warn(('Invalid uuid: %s. To ensure interoperability, '
2026-04-27 22:05:50.684 9 INFO neutron.wsgi [req-3eb7cd0b-0e0a-4ce6-86a0-2229e7145670 req-aaab2154-d243-4e14-a75b-569de53d70ee dfe67ae67a0d45b0a4511adb4b45b466 398885860a1a485a97ce085702de3e7d - - 9b8ddd2dacbe4426aee095541780fd67 9b8ddd2dacbe4426aee095541780fd67] 199.204.45.129 "GET /v2.0/ports?tenant_id=81b1f8bbda12485a805c873e5f3e38b4&device_id=dbfe0595-c272-4271-bf80-4e0a207f27a0 HTTP/1.1" status: 200 len: 1407 time: 0.0539176
2026-04-27 22:05:50.726 9 INFO neutron.wsgi [req-3eb7cd0b-0e0a-4ce6-86a0-2229e7145670 req-99565150-d78f-40ce-8362-116813180f0e dfe67ae67a0d45b0a4511adb4b45b466 398885860a1a485a97ce085702de3e7d - - 9b8ddd2dacbe4426aee095541780fd67 9b8ddd2dacbe4426aee095541780fd67] 199.204.45.129 "GET /v2.0/floatingips?fixed_ip_address=10.100.0.9&port_id=bf71b3ae-f726-4d54-a0ca-7ef7e4551b9b HTTP/1.1" status: 200 len: 217 time: 0.0337102
2026-04-27 22:05:50.767 9 INFO neutron.wsgi [req-3eb7cd0b-0e0a-4ce6-86a0-2229e7145670 req-82953e8a-3052-4d72-a421-63455f131328 dfe67ae67a0d45b0a4511adb4b45b466 398885860a1a485a97ce085702de3e7d - - 9b8ddd2dacbe4426aee095541780fd67 9b8ddd2dacbe4426aee095541780fd67] 199.204.45.129 "GET /v2.0/subnets?id=f944b79d-6a25-43c2-bf5b-b3248168f6e5 HTTP/1.1" status: 200 len: 876 time: 0.0335927
2026-04-27 22:05:50.802 9 INFO neutron.wsgi [req-3eb7cd0b-0e0a-4ce6-86a0-2229e7145670 req-06ed3fe5-f07a-433b-b88b-da7afe8907d6 dfe67ae67a0d45b0a4511adb4b45b466 398885860a1a485a97ce085702de3e7d - - 9b8ddd2dacbe4426aee095541780fd67 9b8ddd2dacbe4426aee095541780fd67] 199.204.45.129 "GET /v2.0/ports?network_id=1b9be93b-ed6c-4f90-9933-409f626eb31f&device_owner=network%3Adhcp HTTP/1.1" status: 200 len: 210 time: 0.0290806
2026-04-27 22:05:50.878 9 INFO neutron.wsgi [req-3eb7cd0b-0e0a-4ce6-86a0-2229e7145670 req-bf27e919-c72e-4f3d-a2c3-a8ebdd8bbeb8 dfe67ae67a0d45b0a4511adb4b45b466 398885860a1a485a97ce085702de3e7d - - 9b8ddd2dacbe4426aee095541780fd67 9b8ddd2dacbe4426aee095541780fd67] 199.204.45.129 "GET /v2.0/networks/1b9be93b-ed6c-4f90-9933-409f626eb31f?fields=segments HTTP/1.1" status: 200 len: 212 time: 0.0670028
2026-04-27 22:05:50.953 9 INFO neutron.wsgi [req-3eb7cd0b-0e0a-4ce6-86a0-2229e7145670 req-aca8e605-d9ba-44b8-9e53-580ec7185554 dfe67ae67a0d45b0a4511adb4b45b466 398885860a1a485a97ce085702de3e7d - - 9b8ddd2dacbe4426aee095541780fd67 9b8ddd2dacbe4426aee095541780fd67] 199.204.45.129 "GET /v2.0/networks/1b9be93b-ed6c-4f90-9933-409f626eb31f?fields=provider%3Aphysical_network&fields=provider%3Anetwork_type HTTP/1.1" status: 200 len: 277 time: 0.0697248
2026-04-27 22:05:51.137 9 INFO neutron.notifiers.nova [-] Nova event matching ['req-600d2389-7739-4806-b77f-e6f71f92bd76'] response: {'name': 'network-changed', 'server_uuid': 'dbfe0595-c272-4271-bf80-4e0a207f27a0', 'tag': 'bf71b3ae-f726-4d54-a0ca-7ef7e4551b9b', 'status': 'completed', 'code': 200}
2026-04-27 22:05:51.214 9 INFO neutron.wsgi [req-1918ea54-d4bd-4a67-ad77-9cf2b22441c8 req-ca0c24d9-dfce-4b83-8de8-d26908d95655 dfe67ae67a0d45b0a4511adb4b45b466 398885860a1a485a97ce085702de3e7d - - 9b8ddd2dacbe4426aee095541780fd67 9b8ddd2dacbe4426aee095541780fd67] 199.204.45.129 "GET /v2.0/ports?tenant_id=81b1f8bbda12485a805c873e5f3e38b4&device_id=dbfe0595-c272-4271-bf80-4e0a207f27a0 HTTP/1.1" status: 200 len: 1407 time: 0.0391028
2026-04-27 22:05:51.313 9 INFO neutron.wsgi [req-1918ea54-d4bd-4a67-ad77-9cf2b22441c8 req-0f8dec9e-5f9d-4687-84db-1fbe8478a0bb dfe67ae67a0d45b0a4511adb4b45b466 398885860a1a485a97ce085702de3e7d - - 9b8ddd2dacbe4426aee095541780fd67 9b8ddd2dacbe4426aee095541780fd67] 199.204.45.129 "GET /v2.0/networks?id=1b9be93b-ed6c-4f90-9933-409f626eb31f HTTP/1.1" status: 200 len: 981 time: 0.0659864
2026-04-27 22:05:51.361 9 INFO neutron.wsgi [req-1918ea54-d4bd-4a67-ad77-9cf2b22441c8 req-1bd11d32-67c8-42a2-972c-2609f375a7ea dfe67ae67a0d45b0a4511adb4b45b466 398885860a1a485a97ce085702de3e7d - - 9b8ddd2dacbe4426aee095541780fd67 9b8ddd2dacbe4426aee095541780fd67] 199.204.45.129 "GET /v2.0/floatingips?fixed_ip_address=10.100.0.9&port_id=bf71b3ae-f726-4d54-a0ca-7ef7e4551b9b HTTP/1.1" status: 200 len: 217 time: 0.0282793
2026-04-27 22:05:51.419 9 INFO neutron.wsgi [req-1918ea54-d4bd-4a67-ad77-9cf2b22441c8 req-3c23db9d-73cf-4b63-aa4d-f73edc2f93ae dfe67ae67a0d45b0a4511adb4b45b466 398885860a1a485a97ce085702de3e7d - - 9b8ddd2dacbe4426aee095541780fd67 9b8ddd2dacbe4426aee095541780fd67] 199.204.45.129 "GET /v2.0/subnets?id=f944b79d-6a25-43c2-bf5b-b3248168f6e5 HTTP/1.1" status: 200 len: 876 time: 0.0362582
2026-04-27 22:05:51.444 9 INFO neutron.wsgi [req-1918ea54-d4bd-4a67-ad77-9cf2b22441c8 req-85ba489d-6935-4ebd-b190-75eca06fcafa dfe67ae67a0d45b0a4511adb4b45b466 398885860a1a485a97ce085702de3e7d - - 9b8ddd2dacbe4426aee095541780fd67 9b8ddd2dacbe4426aee095541780fd67] 199.204.45.129 "GET /v2.0/ports?network_id=1b9be93b-ed6c-4f90-9933-409f626eb31f&device_owner=network%3Adhcp HTTP/1.1" status: 200 len: 210 time: 0.0205190
2026-04-27 22:05:51.498 10 INFO neutron.wsgi [req-67866a06-cbd2-44c6-b47c-9d266ebfd108 req-b27be5cb-2e8e-4f8f-8e31-1230d7547418 41d6b2319d7a48da80ed242243d4c425 81b1f8bbda12485a805c873e5f3e38b4 - - default default] 10.0.0.45 "GET /v2.0/ports?device_id=dbfe0595-c272-4271-bf80-4e0a207f27a0 HTTP/1.1" status: 200 len: 1168 time: 0.1013887
2026-04-27 22:05:51.539 9 INFO neutron.wsgi [req-1918ea54-d4bd-4a67-ad77-9cf2b22441c8 req-056b2951-ab72-4506-af2c-597d7f6b9a56 dfe67ae67a0d45b0a4511adb4b45b466 398885860a1a485a97ce085702de3e7d - - 9b8ddd2dacbe4426aee095541780fd67 9b8ddd2dacbe4426aee095541780fd67] 199.204.45.129 "GET /v2.0/networks/1b9be93b-ed6c-4f90-9933-409f626eb31f?fields=segments HTTP/1.1" status: 200 len: 212 time: 0.0758545
2026-04-27 22:05:51.550 10 INFO neutron.wsgi [req-67866a06-cbd2-44c6-b47c-9d266ebfd108 req-a7e368a3-cd2e-4771-8c53-06e272b18b04 41d6b2319d7a48da80ed242243d4c425 81b1f8bbda12485a805c873e5f3e38b4 - - default default] 10.0.0.45 "GET /v2.0/security-groups?id=557c4c9b-632e-4c1b-a328-50a080170d49&fields=id&fields=name HTTP/1.1" status: 200 len: 312 time: 0.0460858
2026-04-27 22:05:51.668 9 INFO neutron.wsgi [req-1918ea54-d4bd-4a67-ad77-9cf2b22441c8 req-6532e6f5-bcc3-43f4-8f5c-055132a97efe dfe67ae67a0d45b0a4511adb4b45b466 398885860a1a485a97ce085702de3e7d - - 9b8ddd2dacbe4426aee095541780fd67 9b8ddd2dacbe4426aee095541780fd67] 199.204.45.129 "GET /v2.0/networks/1b9be93b-ed6c-4f90-9933-409f626eb31f?fields=provider%3Aphysical_network&fields=provider%3Anetwork_type HTTP/1.1" status: 200 len: 277 time: 0.0664175
2026-04-27 22:05:51.696 10 INFO neutron.db.ovn_revision_numbers_db [None req-b00602ac-f3f4-41ab-878f-0041694d93c5 da9ea4bce9fa49798930ea075b6f69d6 9e87328a0e33464295d10e591d61c010 - - default default] Successfully bumped revision number for resource 8cb16d10-11c7-4838-9efa-2ae071b718dd (type: security_groups) to 1
2026-04-27 22:05:51.713 10 INFO neutron.db.ovn_revision_numbers_db [None req-b00602ac-f3f4-41ab-878f-0041694d93c5 da9ea4bce9fa49798930ea075b6f69d6 9e87328a0e33464295d10e591d61c010 - - default default] Successfully bumped revision number for resource 3bcb3feb-e7d8-494f-8700-f04040b5c081 (type: security_group_rules) to 0
2026-04-27 22:05:51.729 10 INFO neutron.db.ovn_revision_numbers_db [None req-b00602ac-f3f4-41ab-878f-0041694d93c5 da9ea4bce9fa49798930ea075b6f69d6 9e87328a0e33464295d10e591d61c010 - - default default] Successfully bumped revision number for resource 3ff275a6-bdcc-4acf-8a2f-a0ea6e4e4680 (type: security_group_rules) to 0
2026-04-27 22:05:51.743 10 INFO neutron.db.ovn_revision_numbers_db [None req-b00602ac-f3f4-41ab-878f-0041694d93c5 da9ea4bce9fa49798930ea075b6f69d6 9e87328a0e33464295d10e591d61c010 - - default default] Successfully bumped revision number for resource 7b640966-57cf-4418-a27e-f3845b5addf5 (type: security_group_rules) to 0
2026-04-27 22:05:51.760 10 INFO neutron.db.ovn_revision_numbers_db [None req-b00602ac-f3f4-41ab-878f-0041694d93c5 da9ea4bce9fa49798930ea075b6f69d6 9e87328a0e33464295d10e591d61c010 - - default default] Successfully bumped revision number for resource bef1440c-d6a8-44f3-8891-d9e87c972985 (type: security_group_rules) to 0
2026-04-27 22:05:51.822 10 INFO neutron.db.segments_db [None req-b00602ac-f3f4-41ab-878f-0041694d93c5 da9ea4bce9fa49798930ea075b6f69d6 9e87328a0e33464295d10e591d61c010 - - default default] Added segment 51aeefe6-0d1e-439c-bafb-d4706442efc7 of type geneve for network 5d3d6d94-7fe3-4f0e-8067-7664bc725c49
2026-04-27 22:05:52.096 10 INFO neutron.db.ovn_revision_numbers_db [None req-b00602ac-f3f4-41ab-878f-0041694d93c5 da9ea4bce9fa49798930ea075b6f69d6 9e87328a0e33464295d10e591d61c010 - - default default] Successfully bumped revision number for resource 5d3d6d94-7fe3-4f0e-8067-7664bc725c49 (type: networks) to 1
2026-04-27 22:05:52.282 10 WARNING neutron.scheduler.dhcp_agent_scheduler [None req-b00602ac-f3f4-41ab-878f-0041694d93c5 da9ea4bce9fa49798930ea075b6f69d6 9e87328a0e33464295d10e591d61c010 - - default default] No more DHCP agents
2026-04-27 22:05:52.287 10 WARNING neutron.api.rpc.agentnotifiers.dhcp_rpc_agent_api [None req-b00602ac-f3f4-41ab-878f-0041694d93c5 da9ea4bce9fa49798930ea075b6f69d6 9e87328a0e33464295d10e591d61c010 - - default default] Unable to schedule network 5d3d6d94-7fe3-4f0e-8067-7664bc725c49: no agents available; will retry on subsequent port and subnet creation events.
2026-04-27 22:05:52.389 10 INFO neutron.db.ovn_revision_numbers_db [None req-b00602ac-f3f4-41ab-878f-0041694d93c5 da9ea4bce9fa49798930ea075b6f69d6 9e87328a0e33464295d10e591d61c010 - - default default] Successfully bumped revision number for resource 624699c1-56dc-4bc1-a777-093570568234 (type: ports) to 1
2026-04-27 22:05:52.419 10 INFO neutron.wsgi [None req-b00602ac-f3f4-41ab-878f-0041694d93c5 da9ea4bce9fa49798930ea075b6f69d6 9e87328a0e33464295d10e591d61c010 - - default default] 10.0.0.105 "POST /v2.0/networks HTTP/1.1" status: 201 len: 940 time: 1.1385283
2026-04-27 22:05:52.515 9 WARNING neutron.plugins.ml2.drivers.ovn.mech_driver.ovsdb.ovn_client [None req-97adb1c9-086d-4690-b232-f64ac205f541 - - - - - -] No hosting information found for port 660879e9-deaf-45de-b103-ee73ffcd8a90: RuntimeError: No hosting information found for port 660879e9-deaf-45de-b103-ee73ffcd8a90
2026-04-27 22:05:52.604 10 WARNING neutron.scheduler.dhcp_agent_scheduler [None req-e74dbb53-ad10-42e4-975e-20a69fd98387 da9ea4bce9fa49798930ea075b6f69d6 9e87328a0e33464295d10e591d61c010 - - default default] No more DHCP agents
2026-04-27 22:05:52.606 10 WARNING neutron.api.rpc.agentnotifiers.dhcp_rpc_agent_api [None req-e74dbb53-ad10-42e4-975e-20a69fd98387 da9ea4bce9fa49798930ea075b6f69d6 9e87328a0e33464295d10e591d61c010 - - default default] Unable to schedule network 5d3d6d94-7fe3-4f0e-8067-7664bc725c49: no agents available; will retry on subsequent port and subnet creation events.
2026-04-27 22:05:52.817 10 INFO neutron.wsgi [req-2ef9eee8-ce0f-46e5-82d0-ec73621117a8 req-20fdc506-fc7d-4e4c-a512-d385839125f8 41d6b2319d7a48da80ed242243d4c425 81b1f8bbda12485a805c873e5f3e38b4 - - default default] 10.0.0.45 "GET /v2.0/ports?device_id=dbfe0595-c272-4271-bf80-4e0a207f27a0 HTTP/1.1" status: 200 len: 1168 time: 0.0459974
2026-04-27 22:05:52.884 10 INFO neutron.wsgi [req-2ef9eee8-ce0f-46e5-82d0-ec73621117a8 req-8ef0c041-8f09-4ab6-a2eb-73abc89967a4 41d6b2319d7a48da80ed242243d4c425 81b1f8bbda12485a805c873e5f3e38b4 - - default default] 10.0.0.45 "GET /v2.0/security-groups?id=557c4c9b-632e-4c1b-a328-50a080170d49&fields=id&fields=name HTTP/1.1" status: 200 len: 312 time: 0.0550299
2026-04-27 22:05:53.142 10 INFO neutron.db.ovn_revision_numbers_db [None req-e74dbb53-ad10-42e4-975e-20a69fd98387 da9ea4bce9fa49798930ea075b6f69d6 9e87328a0e33464295d10e591d61c010 - - default default] Successfully bumped revision number for resource 624699c1-56dc-4bc1-a777-093570568234 (type: ports) to 2
2026-04-27 22:05:53.174 10 INFO neutron.db.ovn_revision_numbers_db [None req-e74dbb53-ad10-42e4-975e-20a69fd98387 da9ea4bce9fa49798930ea075b6f69d6 9e87328a0e33464295d10e591d61c010 - - default default] Successfully bumped revision number for resource 84b23dee-e04d-4098-8798-353c130e958b (type: subnets) to 0
2026-04-27 22:05:53.195 10 INFO neutron.wsgi [None req-e74dbb53-ad10-42e4-975e-20a69fd98387 da9ea4bce9fa49798930ea075b6f69d6 9e87328a0e33464295d10e591d61c010 - - default default] 10.0.0.105 "POST /v2.0/subnets HTTP/1.1" status: 201 len: 860 time: 0.7612317
