2026-04-27 22:06:29.134 10 INFO neutron.db.ovn_revision_numbers_db [None req-1c2f9745-06b8-4c60-8f8b-18d216c667a0 c01c7eefac674a7498c952d693d2f55f a81ef4039e934c7fac895a70fbd77f6e - - default default] Successfully bumped revision number for resource b7ef4321-677f-404c-b878-94628365a495 (type: security_group_rules) to 0
2026-04-27 22:06:29.158 10 INFO neutron.wsgi [None req-1c2f9745-06b8-4c60-8f8b-18d216c667a0 c01c7eefac674a7498c952d693d2f55f a81ef4039e934c7fac895a70fbd77f6e - - default default] 10.0.0.105 "POST /v2.0/security-group-rules HTTP/1.1" status: 201 len: 764 time: 0.1421483
2026-04-27 22:06:29.168 10 WARNING neutron_lib.context [None req-f7e25b35-8a73-4f51-95e0-44a269986594 c01c7eefac674a7498c952d693d2f55f a81ef4039e934c7fac895a70fbd77f6e - - default default] Method 'is_advsvc' is deprecated since 2023.2 release (neutron-lib 3.8.0) and will be removed once support for the old RBAC API policies will be removed from Neutron. Please use method 'is_service_role' instead.
2026-04-27 22:06:29.286 9 INFO neutron.plugins.ml2.drivers.ovn.mech_driver.mech_driver [None req-97adb1c9-086d-4690-b232-f64ac205f541 - - - - - -] OVN reports status up for port: b692daa2-83c4-4df9-9791-604951c35112
2026-04-27 22:06:29.301 9 INFO neutron.plugins.ml2.plugin [None req-97adb1c9-086d-4690-b232-f64ac205f541 - - - - - -] Attempt 1 to provision port b692daa2-83c4-4df9-9791-604951c35112
2026-04-27 22:06:29.316 10 INFO neutron.wsgi [req-3551c751-1a70-4169-9046-cc8588be8a4c req-cf2de934-3b31-494a-a9a4-a304cf3f8368 8870d72c64034c36a78703e2769c92a3 c06e7678b49b48a698853fdcb0ec4637 - - default default] 10.0.0.45 "GET /v2.0/ports?device_id=1e18d9e6-e94b-41c5-a6a3-58661431832c HTTP/1.1" status: 200 len: 1168 time: 0.0341437
2026-04-27 22:06:29.319 10 INFO neutron.db.ovn_revision_numbers_db [None req-f7e25b35-8a73-4f51-95e0-44a269986594 c01c7eefac674a7498c952d693d2f55f a81ef4039e934c7fac895a70fbd77f6e - - default default] Successfully bumped revision number for resource ec59b517-8ca9-4c35-b8ae-189d2b71f4a8 (type: security_group_rules) to 0
2026-04-27 22:06:29.322 9 INFO neutron.db.ovn_revision_numbers_db [None req-623634b2-93fe-4b48-b661-c14a2b080249 b638a3dbcc4a4b3eb09b899e86f82b15 0c4da3eb70e84e708dd39575987c111e - - default default] Successfully bumped revision number for resource b692daa2-83c4-4df9-9791-604951c35112 (type: router_ports) to 1
2026-04-27 22:06:29.362 10 INFO neutron.wsgi [req-3551c751-1a70-4169-9046-cc8588be8a4c req-c98102ed-aae9-4791-88bf-4bc71cf04b89 8870d72c64034c36a78703e2769c92a3 c06e7678b49b48a698853fdcb0ec4637 - - default default] 10.0.0.45 "GET /v2.0/security-groups?id=66470976-0bbb-4a6a-b040-9b1696bb9ea7&fields=id&fields=name HTTP/1.1" status: 200 len: 311 time: 0.0398734
2026-04-27 22:06:29.374 10 INFO neutron.wsgi [None req-f7e25b35-8a73-4f51-95e0-44a269986594 c01c7eefac674a7498c952d693d2f55f a81ef4039e934c7fac895a70fbd77f6e - - default default] 10.0.0.105 "POST /v2.0/security-group-rules HTTP/1.1" status: 201 len: 769 time: 0.2121224
2026-04-27 22:06:29.400 9 WARNING neutron_lib.context [None req-31cfcd15-cd5f-4926-9c23-ca2aea0fa20c c01c7eefac674a7498c952d693d2f55f a81ef4039e934c7fac895a70fbd77f6e - - default default] Method 'is_advsvc' is deprecated since 2023.2 release (neutron-lib 3.8.0) and will be removed once support for the old RBAC API policies will be removed from Neutron. Please use method 'is_service_role' instead.
2026-04-27 22:06:29.581 9 INFO neutron.db.ovn_revision_numbers_db [None req-623634b2-93fe-4b48-b661-c14a2b080249 b638a3dbcc4a4b3eb09b899e86f82b15 0c4da3eb70e84e708dd39575987c111e - - default default] Successfully bumped revision number for resource b692daa2-83c4-4df9-9791-604951c35112 (type: ports) to 1
2026-04-27 22:06:29.714 9 WARNING neutron.scheduler.dhcp_agent_scheduler [None req-623634b2-93fe-4b48-b661-c14a2b080249 b638a3dbcc4a4b3eb09b899e86f82b15 0c4da3eb70e84e708dd39575987c111e - - default default] No more DHCP agents
2026-04-27 22:06:29.726 9 WARNING neutron.api.rpc.agentnotifiers.dhcp_rpc_agent_api [None req-623634b2-93fe-4b48-b661-c14a2b080249 b638a3dbcc4a4b3eb09b899e86f82b15 0c4da3eb70e84e708dd39575987c111e - - default default] Unable to schedule network c43a87b5-86dd-4ada-a223-c73b4700adfd: no agents available; will retry on subsequent port and subnet creation events.
2026-04-27 22:06:29.749 9 INFO neutron.db.ovn_revision_numbers_db [None req-97adb1c9-086d-4690-b232-f64ac205f541 - - - - - -] Successfully bumped revision number for resource b692daa2-83c4-4df9-9791-604951c35112 (type: ports) to 2
2026-04-27 22:06:29.815 9 WARNING neutron.scheduler.dhcp_agent_scheduler [None req-31cfcd15-cd5f-4926-9c23-ca2aea0fa20c c01c7eefac674a7498c952d693d2f55f a81ef4039e934c7fac895a70fbd77f6e - - default default] No more DHCP agents
2026-04-27 22:06:29.831 9 WARNING neutron.api.rpc.agentnotifiers.dhcp_rpc_agent_api [None req-31cfcd15-cd5f-4926-9c23-ca2aea0fa20c c01c7eefac674a7498c952d693d2f55f a81ef4039e934c7fac895a70fbd77f6e - - default default] Unable to schedule network 5cd4b189-3e6b-435e-b218-98182b85042c: no agents available; will retry on subsequent port and subnet creation events.
2026-04-27 22:06:29.901 9 INFO neutron.db.ovn_revision_numbers_db [None req-97adb1c9-086d-4690-b232-f64ac205f541 - - - - - -] Successfully bumped revision number for resource b692daa2-83c4-4df9-9791-604951c35112 (type: router_ports) to 2
2026-04-27 22:06:30.339 9 INFO neutron.db.ovn_revision_numbers_db [None req-623634b2-93fe-4b48-b661-c14a2b080249 b638a3dbcc4a4b3eb09b899e86f82b15 0c4da3eb70e84e708dd39575987c111e - - default default] Successfully bumped revision number for resource b692daa2-83c4-4df9-9791-604951c35112 (type: router_ports) to 2
2026-04-27 22:06:30.341 9 INFO neutron.wsgi [None req-623634b2-93fe-4b48-b661-c14a2b080249 b638a3dbcc4a4b3eb09b899e86f82b15 0c4da3eb70e84e708dd39575987c111e - - default default] 10.0.0.105 "PUT /v2.0/routers/658c3a4d-eb79-471f-a495-e08e9895d7e9/add_router_interface HTTP/1.1" status: 200 len: 503 time: 2.7646959
2026-04-27 22:06:30.354 10 WARNING neutron_lib.context [None req-4c5e20a4-7bb3-47a4-a0c9-5d463ece52a9 b638a3dbcc4a4b3eb09b899e86f82b15 0c4da3eb70e84e708dd39575987c111e - - default default] Method 'is_advsvc' is deprecated since 2023.2 release (neutron-lib 3.8.0) and will be removed once support for the old RBAC API policies will be removed from Neutron. Please use method 'is_service_role' instead.
2026-04-27 22:06:30.477 9 INFO neutron.db.ovn_revision_numbers_db [None req-31cfcd15-cd5f-4926-9c23-ca2aea0fa20c c01c7eefac674a7498c952d693d2f55f a81ef4039e934c7fac895a70fbd77f6e - - default default] Successfully bumped revision number for resource cd1b4b69-4c08-429a-a242-6bf65e961987 (type: floatingips) to 0
2026-04-27 22:06:30.490 9 INFO neutron.wsgi [None req-31cfcd15-cd5f-4926-9c23-ca2aea0fa20c c01c7eefac674a7498c952d693d2f55f a81ef4039e934c7fac895a70fbd77f6e - - default default] 10.0.0.105 "POST /v2.0/floatingips HTTP/1.1" status: 201 len: 751 time: 1.1012812
2026-04-27 22:06:30.578 10 INFO neutron.wsgi [req-3c817a96-a521-42b1-b0f2-7e7eb509ea71 req-7bb17efc-31a9-4539-9c9c-c9c6b4486cb9 8870d72c64034c36a78703e2769c92a3 c06e7678b49b48a698853fdcb0ec4637 - - default default] 10.0.0.45 "GET /v2.0/ports?device_id=1e18d9e6-e94b-41c5-a6a3-58661431832c HTTP/1.1" status: 200 len: 1168 time: 0.1302667
2026-04-27 22:06:30.635 10 INFO neutron.wsgi [req-3c817a96-a521-42b1-b0f2-7e7eb509ea71 req-5f827640-e8d9-4a7a-b8d4-31e7057b8e19 8870d72c64034c36a78703e2769c92a3 c06e7678b49b48a698853fdcb0ec4637 - - default default] 10.0.0.45 "GET /v2.0/security-groups?id=66470976-0bbb-4a6a-b040-9b1696bb9ea7&fields=id&fields=name HTTP/1.1" status: 200 len: 311 time: 0.0474327
2026-04-27 22:06:30.753 9 WARNING neutron_lib.context [None req-71847133-e7ce-4c2c-a1c4-75afa728916f 9a1ec75867f04a5f9baac22105db51e0 4f7861df2ac6476cb586b277ed019bf4 - - default default] Method 'is_advsvc' is deprecated since 2023.2 release (neutron-lib 3.8.0) and will be removed once support for the old RBAC API policies will be removed from Neutron. Please use method 'is_service_role' instead.
2026-04-27 22:06:30.812 10 WARNING neutron.scheduler.dhcp_agent_scheduler [None req-4c5e20a4-7bb3-47a4-a0c9-5d463ece52a9 b638a3dbcc4a4b3eb09b899e86f82b15 0c4da3eb70e84e708dd39575987c111e - - default default] No more DHCP agents
2026-04-27 22:06:30.814 10 WARNING neutron.api.rpc.agentnotifiers.dhcp_rpc_agent_api [None req-4c5e20a4-7bb3-47a4-a0c9-5d463ece52a9 b638a3dbcc4a4b3eb09b899e86f82b15 0c4da3eb70e84e708dd39575987c111e - - default default] Unable to schedule network c43a87b5-86dd-4ada-a223-c73b4700adfd: no agents available; will retry on subsequent port and subnet creation events.
2026-04-27 22:06:31.000 10 INFO neutron.db.ovn_revision_numbers_db [None req-4c5e20a4-7bb3-47a4-a0c9-5d463ece52a9 b638a3dbcc4a4b3eb09b899e86f82b15 0c4da3eb70e84e708dd39575987c111e - - default default] Successfully bumped revision number for resource dfa456e8-9ab1-4a5b-bff7-f6e97ede1e19 (type: ports) to 1
2026-04-27 22:06:31.023 10 INFO neutron.wsgi [None req-4c5e20a4-7bb3-47a4-a0c9-5d463ece52a9 b638a3dbcc4a4b3eb09b899e86f82b15 0c4da3eb70e84e708dd39575987c111e - - default default] 10.0.0.105 "POST /v2.0/ports HTTP/1.1" status: 201 len: 1153 time: 0.6761560 /var/lib/openstack/lib/python3.10/site-packages/pycadf/identifier.py:71: UserWarning: Invalid uuid: neutron. To ensure interoperability, identifiers should be a valid uuid. warnings.warn(('Invalid uuid: %s. To ensure interoperability, '
2026-04-27 22:06:31.033 9 WARNING neutron.scheduler.dhcp_agent_scheduler [None req-71847133-e7ce-4c2c-a1c4-75afa728916f 9a1ec75867f04a5f9baac22105db51e0 4f7861df2ac6476cb586b277ed019bf4 - - default default] No more DHCP agents
2026-04-27 22:06:31.035 9 WARNING neutron.api.rpc.agentnotifiers.dhcp_rpc_agent_api [None req-71847133-e7ce-4c2c-a1c4-75afa728916f 9a1ec75867f04a5f9baac22105db51e0 4f7861df2ac6476cb586b277ed019bf4 - - default default] Unable to schedule network 5cd4b189-3e6b-435e-b218-98182b85042c: no agents available; will retry on subsequent port and subnet creation events.
2026-04-27 22:06:31.036 10 WARNING neutron_lib.context [None req-69c005f2-9425-4c6c-a277-a322ec0db661 b638a3dbcc4a4b3eb09b899e86f82b15 0c4da3eb70e84e708dd39575987c111e - - default default] Method 'is_advsvc' is deprecated since 2023.2 release (neutron-lib 3.8.0) and will be removed once support for the old RBAC API policies will be removed from Neutron. Please use method 'is_service_role' instead.
2026-04-27 22:06:31.333 10 WARNING neutron.scheduler.dhcp_agent_scheduler [None req-69c005f2-9425-4c6c-a277-a322ec0db661 b638a3dbcc4a4b3eb09b899e86f82b15 0c4da3eb70e84e708dd39575987c111e - - default default] No more DHCP agents
2026-04-27 22:06:31.334 10 WARNING neutron.api.rpc.agentnotifiers.dhcp_rpc_agent_api [None req-69c005f2-9425-4c6c-a277-a322ec0db661 b638a3dbcc4a4b3eb09b899e86f82b15 0c4da3eb70e84e708dd39575987c111e - - default default] Unable to schedule network c43a87b5-86dd-4ada-a223-c73b4700adfd: no agents available; will retry on subsequent port and subnet creation events.
2026-04-27 22:06:31.383 9 INFO neutron.db.ovn_revision_numbers_db [None req-71847133-e7ce-4c2c-a1c4-75afa728916f 9a1ec75867f04a5f9baac22105db51e0 4f7861df2ac6476cb586b277ed019bf4 - - default default] Successfully bumped revision number for resource f36e7693-7dd6-4104-9a98-97d2aaa9baae (type: floatingips) to 0
2026-04-27 22:06:31.399 9 INFO neutron.wsgi [None req-71847133-e7ce-4c2c-a1c4-75afa728916f 9a1ec75867f04a5f9baac22105db51e0 4f7861df2ac6476cb586b277ed019bf4 - - default default] 10.0.0.105 "POST /v2.0/floatingips HTTP/1.1" status: 201 len: 751 time: 0.7754340 /var/lib/openstack/lib/python3.10/site-packages/pycadf/identifier.py:71: UserWarning: Invalid uuid: neutron. To ensure interoperability, identifiers should be a valid uuid. warnings.warn(('Invalid uuid: %s. To ensure interoperability, '
2026-04-27 22:06:31.409 10 WARNING neutron_lib.context [None req-4ad44d41-2f9b-45d8-99de-5bd0c89fa72d 9a1ec75867f04a5f9baac22105db51e0 4f7861df2ac6476cb586b277ed019bf4 - - default default] Method 'is_advsvc' is deprecated since 2023.2 release (neutron-lib 3.8.0) and will be removed once support for the old RBAC API policies will be removed from Neutron. Please use method 'is_service_role' instead.
2026-04-27 22:06:31.533 10 INFO neutron.db.ovn_revision_numbers_db [None req-69c005f2-9425-4c6c-a277-a322ec0db661 b638a3dbcc4a4b3eb09b899e86f82b15 0c4da3eb70e84e708dd39575987c111e - - default default] Successfully bumped revision number for resource 8b3ba45c-1ab1-488c-88eb-9e6614da4333 (type: ports) to 1
2026-04-27 22:06:31.557 10 INFO neutron.wsgi [None req-69c005f2-9425-4c6c-a277-a322ec0db661 b638a3dbcc4a4b3eb09b899e86f82b15 0c4da3eb70e84e708dd39575987c111e - - default default] 10.0.0.105 "POST /v2.0/ports HTTP/1.1" status: 201 len: 1154 time: 0.5282431
2026-04-27 22:06:31.569 10 WARNING neutron_lib.context [None req-55e9c34c-bc88-4295-af7b-3d139a331d8d b638a3dbcc4a4b3eb09b899e86f82b15 0c4da3eb70e84e708dd39575987c111e - - default default] Method 'is_advsvc' is deprecated since 2023.2 release (neutron-lib 3.8.0) and will be removed once support for the old RBAC API policies will be removed from Neutron. Please use method 'is_service_role' instead.
2026-04-27 22:06:31.715 10 WARNING neutron.scheduler.dhcp_agent_scheduler [None req-4ad44d41-2f9b-45d8-99de-5bd0c89fa72d 9a1ec75867f04a5f9baac22105db51e0 4f7861df2ac6476cb586b277ed019bf4 - - default default] No more DHCP agents
2026-04-27 22:06:31.718 10 WARNING neutron.api.rpc.agentnotifiers.dhcp_rpc_agent_api [None req-4ad44d41-2f9b-45d8-99de-5bd0c89fa72d 9a1ec75867f04a5f9baac22105db51e0 4f7861df2ac6476cb586b277ed019bf4 - - default default] Unable to schedule network 5cd4b189-3e6b-435e-b218-98182b85042c: no agents available; will retry on subsequent port and subnet creation events.
2026-04-27 22:06:31.767 10 INFO neutron.wsgi [req-2847fd16-313c-4fc4-a1b0-47aac39d66d4 req-b36145a7-6627-435b-a979-a54d99129c65 8870d72c64034c36a78703e2769c92a3 c06e7678b49b48a698853fdcb0ec4637 - - default default] 10.0.0.45 "GET /v2.0/ports?device_id=1e18d9e6-e94b-41c5-a6a3-58661431832c HTTP/1.1" status: 200 len: 1168 time: 0.0470364
2026-04-27 22:06:31.868 10 INFO neutron.wsgi [req-2847fd16-313c-4fc4-a1b0-47aac39d66d4 req-b11478cf-9ad1-4c12-9756-8a750f3a544a 8870d72c64034c36a78703e2769c92a3 c06e7678b49b48a698853fdcb0ec4637 - - default default] 10.0.0.45 "GET /v2.0/security-groups?id=66470976-0bbb-4a6a-b040-9b1696bb9ea7&fields=id&fields=name HTTP/1.1" status: 200 len: 311 time: 0.0930619
2026-04-27 22:06:31.930 10 WARNING neutron.scheduler.dhcp_agent_scheduler [None req-55e9c34c-bc88-4295-af7b-3d139a331d8d b638a3dbcc4a4b3eb09b899e86f82b15 0c4da3eb70e84e708dd39575987c111e - - default default] No more DHCP agents
2026-04-27 22:06:31.933 10 WARNING neutron.api.rpc.agentnotifiers.dhcp_rpc_agent_api [None req-55e9c34c-bc88-4295-af7b-3d139a331d8d b638a3dbcc4a4b3eb09b899e86f82b15 0c4da3eb70e84e708dd39575987c111e - - default default] Unable to schedule network 5cd4b189-3e6b-435e-b218-98182b85042c: no agents available; will retry on subsequent port and subnet creation events.
2026-04-27 22:06:32.444 10 INFO neutron.db.ovn_revision_numbers_db [None req-4ad44d41-2f9b-45d8-99de-5bd0c89fa72d 9a1ec75867f04a5f9baac22105db51e0 4f7861df2ac6476cb586b277ed019bf4 - - default default] Successfully bumped revision number for resource 8ce48025-e32e-4892-84fb-6cfe6357f3d8 (type: floatingips) to 0
2026-04-27 22:06:32.481 10 INFO neutron.wsgi [None req-4ad44d41-2f9b-45d8-99de-5bd0c89fa72d 9a1ec75867f04a5f9baac22105db51e0 4f7861df2ac6476cb586b277ed019bf4 - - default default] 10.0.0.105 "POST /v2.0/floatingips HTTP/1.1" status: 201 len: 751 time: 1.0768492
2026-04-27 22:06:32.491 9 WARNING neutron_lib.context [None req-83a9b652-ef21-4a99-b1ea-b5daa12bc577 9a1ec75867f04a5f9baac22105db51e0 4f7861df2ac6476cb586b277ed019bf4 - - default default] Method 'is_advsvc' is deprecated since 2023.2 release (neutron-lib 3.8.0) and will be removed once support for the old RBAC API policies will be removed from Neutron. Please use method 'is_service_role' instead.
2026-04-27 22:06:32.672 10 INFO neutron.db.l3_db [None req-55e9c34c-bc88-4295-af7b-3d139a331d8d b638a3dbcc4a4b3eb09b899e86f82b15 0c4da3eb70e84e708dd39575987c111e - - default default] Floating IP 37ad48ff-b757-4097-b928-828cb34eecd5 associated. External IP: 10.96.250.209, port: 8b3ba45c-1ab1-488c-88eb-9e6614da4333.
2026-04-27 22:06:32.771 9 WARNING neutron.scheduler.dhcp_agent_scheduler [None req-83a9b652-ef21-4a99-b1ea-b5daa12bc577 9a1ec75867f04a5f9baac22105db51e0 4f7861df2ac6476cb586b277ed019bf4 - - default default] No more DHCP agents
2026-04-27 22:06:32.773 9 WARNING neutron.api.rpc.agentnotifiers.dhcp_rpc_agent_api [None req-83a9b652-ef21-4a99-b1ea-b5daa12bc577 9a1ec75867f04a5f9baac22105db51e0 4f7861df2ac6476cb586b277ed019bf4 - - default default] Unable to schedule network 5cd4b189-3e6b-435e-b218-98182b85042c: no agents available; will retry on subsequent port and subnet creation events.
2026-04-27 22:06:32.916 10 INFO neutron.db.ovn_revision_numbers_db [None req-55e9c34c-bc88-4295-af7b-3d139a331d8d b638a3dbcc4a4b3eb09b899e86f82b15 0c4da3eb70e84e708dd39575987c111e - - default default] Successfully bumped revision number for resource 37ad48ff-b757-4097-b928-828cb34eecd5 (type: floatingips) to 0
2026-04-27 22:06:32.983 10 INFO neutron.wsgi [req-c8024ac4-9e38-47d7-96fe-d519e0a49436 req-f39cec9f-7fba-415a-8efb-01cdf6906e35 8870d72c64034c36a78703e2769c92a3 c06e7678b49b48a698853fdcb0ec4637 - - default default] 10.0.0.45 "GET /v2.0/ports?device_id=1e18d9e6-e94b-41c5-a6a3-58661431832c HTTP/1.1" status: 200 len: 1168 time: 0.0475383
2026-04-27 22:06:33.040 10 INFO neutron.wsgi [req-c8024ac4-9e38-47d7-96fe-d519e0a49436 req-f1583b0d-1587-401d-9752-482d2af8eb1f 8870d72c64034c36a78703e2769c92a3 c06e7678b49b48a698853fdcb0ec4637 - - default default] 10.0.0.45 "GET /v2.0/security-groups?id=66470976-0bbb-4a6a-b040-9b1696bb9ea7&fields=id&fields=name HTTP/1.1" status: 200 len: 311 time: 0.0481675
2026-04-27 22:06:33.059 10 INFO neutron.db.ovn_revision_numbers_db [None req-55e9c34c-bc88-4295-af7b-3d139a331d8d b638a3dbcc4a4b3eb09b899e86f82b15 0c4da3eb70e84e708dd39575987c111e - - default default] Successfully bumped revision number for resource 37ad48ff-b757-4097-b928-828cb34eecd5 (type: floatingips) to 1
2026-04-27 22:06:33.097 10 INFO neutron.wsgi [None req-55e9c34c-bc88-4295-af7b-3d139a331d8d b638a3dbcc4a4b3eb09b899e86f82b15 0c4da3eb70e84e708dd39575987c111e - - default default] 10.0.0.105 "POST /v2.0/floatingips HTTP/1.1" status: 201 len: 1041 time: 1.5332465
2026-04-27 22:06:33.125 9 INFO neutron.db.ovn_revision_numbers_db [None req-83a9b652-ef21-4a99-b1ea-b5daa12bc577 9a1ec75867f04a5f9baac22105db51e0 4f7861df2ac6476cb586b277ed019bf4 - - default default] Successfully bumped revision number for resource c0e4f830-79de-4ba1-b25d-ab5446316164 (type: floatingips) to 0
2026-04-27 22:06:33.137 9 INFO neutron.wsgi [None req-83a9b652-ef21-4a99-b1ea-b5daa12bc577 9a1ec75867f04a5f9baac22105db51e0 4f7861df2ac6476cb586b277ed019bf4 - - default default] 10.0.0.105 "POST /v2.0/floatingips HTTP/1.1" status: 201 len: 751 time: 0.6522546
2026-04-27 22:06:33.147 9 WARNING neutron_lib.context [None req-59a4eff6-1c63-43be-b86e-6d6b1d57e5f1 9a1ec75867f04a5f9baac22105db51e0 4f7861df2ac6476cb586b277ed019bf4 - - default default] Method 'is_advsvc' is deprecated since 2023.2 release (neutron-lib 3.8.0) and will be removed once support for the old RBAC API policies will be removed from Neutron. Please use method 'is_service_role' instead.
2026-04-27 22:06:33.236 10 INFO neutron.db.l3_db [None req-57e8a651-7b0f-41ed-b6cd-5b063cfd5769 b638a3dbcc4a4b3eb09b899e86f82b15 0c4da3eb70e84e708dd39575987c111e - - default default] Floating IP 37ad48ff-b757-4097-b928-828cb34eecd5 disassociated. External IP: 10.96.250.209, port: 8b3ba45c-1ab1-488c-88eb-9e6614da4333.
2026-04-27 22:06:33.271 10 INFO neutron.db.ovn_revision_numbers_db [None req-57e8a651-7b0f-41ed-b6cd-5b063cfd5769 b638a3dbcc4a4b3eb09b899e86f82b15 0c4da3eb70e84e708dd39575987c111e - - default default] Successfully bumped revision number for resource 37ad48ff-b757-4097-b928-828cb34eecd5 (type: floatingips) to 2
2026-04-27 22:06:33.343 10 INFO neutron.wsgi [None req-57e8a651-7b0f-41ed-b6cd-5b063cfd5769 b638a3dbcc4a4b3eb09b899e86f82b15 0c4da3eb70e84e708dd39575987c111e - - default default] 10.0.0.105 "PUT /v2.0/floatingips/37ad48ff-b757-4097-b928-828cb34eecd5 HTTP/1.1" status: 200 len: 748 time: 0.2415006
2026-04-27 22:06:33.445 9 WARNING neutron.scheduler.dhcp_agent_scheduler [None req-59a4eff6-1c63-43be-b86e-6d6b1d57e5f1 9a1ec75867f04a5f9baac22105db51e0 4f7861df2ac6476cb586b277ed019bf4 - - default default] No more DHCP agents
2026-04-27 22:06:33.448 9 WARNING neutron.api.rpc.agentnotifiers.dhcp_rpc_agent_api [None req-59a4eff6-1c63-43be-b86e-6d6b1d57e5f1 9a1ec75867f04a5f9baac22105db51e0 4f7861df2ac6476cb586b277ed019bf4 - - default default] Unable to schedule network 5cd4b189-3e6b-435e-b218-98182b85042c: no agents available; will retry on subsequent port and subnet creation events.
2026-04-27 22:06:33.818 9 INFO neutron.wsgi [None req-931675fc-fa7d-42b9-be11-41bd68dedaf5 b638a3dbcc4a4b3eb09b899e86f82b15 0c4da3eb70e84e708dd39575987c111e - - default default] 10.0.0.105 "DELETE /v2.0/floatingips/37ad48ff-b757-4097-b928-828cb34eecd5 HTTP/1.1" status: 204 len: 168 time: 0.4683084
2026-04-27 22:06:33.832 9 WARNING neutron_lib.context [None req-63ee89f1-d7ab-40dd-93e1-fe2e139be38b b638a3dbcc4a4b3eb09b899e86f82b15 0c4da3eb70e84e708dd39575987c111e - - default default] Method 'is_advsvc' is deprecated since 2023.2 release (neutron-lib 3.8.0) and will be removed once support for the old RBAC API policies will be removed from Neutron. Please use method 'is_service_role' instead.
2026-04-27 22:06:33.862 9 INFO neutron.db.ovn_revision_numbers_db [None req-59a4eff6-1c63-43be-b86e-6d6b1d57e5f1 9a1ec75867f04a5f9baac22105db51e0 4f7861df2ac6476cb586b277ed019bf4 - - default default] Successfully bumped revision number for resource 95af2097-c040-40fc-9ba8-1dec3c6732c0 (type: floatingips) to 0
2026-04-27 22:06:33.888 9 INFO neutron.wsgi [None req-59a4eff6-1c63-43be-b86e-6d6b1d57e5f1 9a1ec75867f04a5f9baac22105db51e0 4f7861df2ac6476cb586b277ed019bf4 - - default default] 10.0.0.105 "POST /v2.0/floatingips HTTP/1.1" status: 201 len: 751 time: 0.7455328
2026-04-27 22:06:33.900 9 WARNING neutron_lib.context [None req-2579b087-2c3c-4d3c-94a8-699a3da8baec 9a1ec75867f04a5f9baac22105db51e0 4f7861df2ac6476cb586b277ed019bf4 - - default default] Method 'is_advsvc' is deprecated since 2023.2 release (neutron-lib 3.8.0) and will be removed once support for the old RBAC API policies will be removed from Neutron. Please use method 'is_service_role' instead.
2026-04-27 22:06:34.044 10 INFO neutron.wsgi [req-6b7a4e2a-9861-4723-b8fb-cd2a471471f3 req-800be575-33c5-4413-a6e4-6ba2e5da6011 c01c7eefac674a7498c952d693d2f55f a81ef4039e934c7fac895a70fbd77f6e - - default default] 10.0.0.45 "GET /v2.0/security-groups?name=tempest-securitygroup--600286667&fields=id&tenant_id=a81ef4039e934c7fac895a70fbd77f6e HTTP/1.1" status: 200 len: 267 time: 0.0381305
2026-04-27 22:06:34.149 10 INFO neutron.wsgi [req-4c0fc1c1-435f-43ee-8451-30b329291120 req-53b0706f-fdde-4c81-969b-275212f4c4fb 8870d72c64034c36a78703e2769c92a3 c06e7678b49b48a698853fdcb0ec4637 - - default default] 10.0.0.45 "GET /v2.0/ports?device_id=1e18d9e6-e94b-41c5-a6a3-58661431832c HTTP/1.1" status: 200 len: 1168 time: 0.0463214
2026-04-27 22:06:34.153 10 INFO neutron.wsgi [req-6b7a4e2a-9861-4723-b8fb-cd2a471471f3 req-bce98f41-40bc-4bfb-83cd-0ca73a998803 c01c7eefac674a7498c952d693d2f55f a81ef4039e934c7fac895a70fbd77f6e - - default default] 10.0.0.45 "GET /v2.0/networks?id=f7a6c9cc-caaa-4fd0-9b60-f7e25d45179a HTTP/1.1" status: 200 len: 878 time: 0.1006844
2026-04-27 22:06:34.177 10 INFO neutron.wsgi [req-6b7a4e2a-9861-4723-b8fb-cd2a471471f3 req-a73883e8-5eb1-4800-9d49-7f66cc797fd1 c01c7eefac674a7498c952d693d2f55f a81ef4039e934c7fac895a70fbd77f6e - - default default] 10.0.0.45 "GET /v2.0/quotas/a81ef4039e934c7fac895a70fbd77f6e HTTP/1.1" status: 200 len: 386 time: 0.0153797
2026-04-27 22:06:34.180 9 WARNING neutron.scheduler.dhcp_agent_scheduler [None req-63ee89f1-d7ab-40dd-93e1-fe2e139be38b b638a3dbcc4a4b3eb09b899e86f82b15 0c4da3eb70e84e708dd39575987c111e - - default default] No more DHCP agents
2026-04-27 22:06:34.184 9 WARNING neutron.api.rpc.agentnotifiers.dhcp_rpc_agent_api [None req-63ee89f1-d7ab-40dd-93e1-fe2e139be38b b638a3dbcc4a4b3eb09b899e86f82b15 0c4da3eb70e84e708dd39575987c111e - - default default] Unable to schedule network 5cd4b189-3e6b-435e-b218-98182b85042c: no agents available; will retry on subsequent port and subnet creation events.
2026-04-27 22:06:34.202 10 INFO neutron.wsgi [req-4c0fc1c1-435f-43ee-8451-30b329291120 req-f522e8e9-1217-4889-987c-6756e768e957 8870d72c64034c36a78703e2769c92a3 c06e7678b49b48a698853fdcb0ec4637 - - default default] 10.0.0.45 "GET /v2.0/security-groups?id=66470976-0bbb-4a6a-b040-9b1696bb9ea7&fields=id&fields=name HTTP/1.1" status: 200 len: 311 time: 0.0452533
2026-04-27 22:06:34.221 9 WARNING neutron.scheduler.dhcp_agent_scheduler [None req-2579b087-2c3c-4d3c-94a8-699a3da8baec 9a1ec75867f04a5f9baac22105db51e0 4f7861df2ac6476cb586b277ed019bf4 - - default default] No more DHCP agents
2026-04-27 22:06:34.229 9 WARNING neutron.api.rpc.agentnotifiers.dhcp_rpc_agent_api [None req-2579b087-2c3c-4d3c-94a8-699a3da8baec 9a1ec75867f04a5f9baac22105db51e0 4f7861df2ac6476cb586b277ed019bf4 - - default default] Unable to schedule network 5cd4b189-3e6b-435e-b218-98182b85042c: no agents available; will retry on subsequent port and subnet creation events.
2026-04-27 22:06:34.234 10 WARNING neutron.plugins.ml2.drivers.ovn.mech_driver.ovsdb.ovn_client [None req-808e9de3-9bf9-42c7-be3d-e1b6b2eea620 - - - - - -] No hosting information found for port f3202f98-4744-4090-a84a-3a2ea6c6aff8: RuntimeError: No hosting information found for port f3202f98-4744-4090-a84a-3a2ea6c6aff8
2026-04-27 22:06:34.235 10 INFO neutron.plugins.ml2.drivers.ovn.mech_driver.mech_driver [None req-808e9de3-9bf9-42c7-be3d-e1b6b2eea620 - - - - - -] OVN reports status up for port: 773f86bf-0b4f-4bd9-917a-22574296f618
2026-04-27 22:06:34.247 10 INFO neutron.plugins.ml2.plugin [None req-808e9de3-9bf9-42c7-be3d-e1b6b2eea620 - - - - - -] Attempt 1 to provision port 773f86bf-0b4f-4bd9-917a-22574296f618
2026-04-27 22:06:34.297 10 INFO neutron.wsgi [req-6b7a4e2a-9861-4723-b8fb-cd2a471471f3 req-bf9db7a4-101b-44d8-b2d3-3f62be532e91 c01c7eefac674a7498c952d693d2f55f a81ef4039e934c7fac895a70fbd77f6e - - default default] 10.0.0.45 "GET /v2.0/ports?tenant_id=a81ef4039e934c7fac895a70fbd77f6e&fields=id HTTP/1.1" status: 200 len: 302 time: 0.1114144
2026-04-27 22:06:34.363 10 INFO neutron.wsgi [req-6b7a4e2a-9861-4723-b8fb-cd2a471471f3 req-e42ce7fe-1c46-4c9e-aa03-df4ceeda7626 dfe67ae67a0d45b0a4511adb4b45b466 398885860a1a485a97ce085702de3e7d - - 9b8ddd2dacbe4426aee095541780fd67 9b8ddd2dacbe4426aee095541780fd67] 10.0.0.45 "GET /v2.0/networks/f7a6c9cc-caaa-4fd0-9b60-f7e25d45179a?fields=segments HTTP/1.1" status: 200 len: 212 time: 0.0528212
2026-04-27 22:06:34.430 10 INFO neutron.wsgi [req-6b7a4e2a-9861-4723-b8fb-cd2a471471f3 req-516ea348-f8e2-4008-8e8b-ac0fdf44a7ac dfe67ae67a0d45b0a4511adb4b45b466 398885860a1a485a97ce085702de3e7d - - 9b8ddd2dacbe4426aee095541780fd67 9b8ddd2dacbe4426aee095541780fd67] 10.0.0.45 "GET /v2.0/networks/f7a6c9cc-caaa-4fd0-9b60-f7e25d45179a?fields=provider%3Aphysical_network&fields=provider%3Anetwork_type HTTP/1.1" status: 200 len: 277 time: 0.0602820
2026-04-27 22:06:34.685 9 INFO neutron.db.ovn_revision_numbers_db [None req-2579b087-2c3c-4d3c-94a8-699a3da8baec 9a1ec75867f04a5f9baac22105db51e0 4f7861df2ac6476cb586b277ed019bf4 - - default default] Successfully bumped revision number for resource 673cbf73-d18f-41bc-9c92-0439227882e4 (type: floatingips) to 0
2026-04-27 22:06:34.731 10 INFO neutron.wsgi [req-4a6e19ce-eeeb-4009-8cf0-298568977757 req-b0c458c6-5f8d-40b9-ab0b-515c858557ca c01c7eefac674a7498c952d693d2f55f a81ef4039e934c7fac895a70fbd77f6e - - default default] 10.0.0.45 "GET /v2.0/ports?device_id=b86978d2-d062-4737-8609-1a8a1a41109a HTTP/1.1" status: 200 len: 210 time: 0.0238595
2026-04-27 22:06:34.901 9 INFO neutron.wsgi [None req-2579b087-2c3c-4d3c-94a8-699a3da8baec 9a1ec75867f04a5f9baac22105db51e0 4f7861df2ac6476cb586b277ed019bf4 - - default default] 10.0.0.105 "POST /v2.0/floatingips HTTP/1.1" status: 201 len: 751 time: 1.0072651
2026-04-27 22:06:34.912 9 WARNING neutron.plugins.ml2.drivers.ovn.mech_driver.ovsdb.ovn_client [None req-97adb1c9-086d-4690-b232-f64ac205f541 - - - - - -] No hosting information found for port b692daa2-83c4-4df9-9791-604951c35112: RuntimeError: No hosting information found for port b692daa2-83c4-4df9-9791-604951c35112
2026-04-27 22:06:34.956 9 INFO neutron.db.l3_db [None req-63ee89f1-d7ab-40dd-93e1-fe2e139be38b b638a3dbcc4a4b3eb09b899e86f82b15 0c4da3eb70e84e708dd39575987c111e - - default default] Floating IP 4ad5ef25-70ae-489b-b252-5dbff25930a4 associated. External IP: 10.96.250.219, port: dfa456e8-9ab1-4a5b-bff7-f6e97ede1e19.
2026-04-27 22:06:34.957 10 INFO neutron.wsgi [None req-ba34ce06-3714-43d9-a092-343d105d2e9c 9a1ec75867f04a5f9baac22105db51e0 4f7861df2ac6476cb586b277ed019bf4 - - default default] 10.0.0.105 "PUT /v2.0/floatingips/f36e7693-7dd6-4104-9a98-97d2aaa9baae/tags HTTP/1.1" status: 200 len: 210 time: 0.0511494
2026-04-27 22:06:35.009 10 INFO neutron.wsgi [None req-693969c0-4850-4bf4-a327-51c4e2e1e344 9a1ec75867f04a5f9baac22105db51e0 4f7861df2ac6476cb586b277ed019bf4 - - default default] 10.0.0.105 "PUT /v2.0/floatingips/8ce48025-e32e-4892-84fb-6cfe6357f3d8/tags HTTP/1.1" status: 200 len: 218 time: 0.0471420
2026-04-27 22:06:35.054 10 INFO neutron.wsgi [None req-68d39d0d-8a4c-4cbf-bbbe-7d3a3b5f390e 9a1ec75867f04a5f9baac22105db51e0 4f7861df2ac6476cb586b277ed019bf4 - - default default] 10.0.0.105 "PUT /v2.0/floatingips/c0e4f830-79de-4ba1-b25d-ab5446316164/tags HTTP/1.1" status: 200 len: 227 time: 0.0406289
2026-04-27 22:06:35.105 10 INFO neutron.wsgi [None req-2a72d7d9-ee78-468f-9bca-5c50deacc026 9a1ec75867f04a5f9baac22105db51e0 4f7861df2ac6476cb586b277ed019bf4 - - default default] 10.0.0.105 "PUT /v2.0/floatingips/95af2097-c040-40fc-9ba8-1dec3c6732c0/tags HTTP/1.1" status: 200 len: 212 time: 0.0463324
2026-04-27 22:06:35.159 10 INFO neutron.wsgi [None req-039764dc-f963-4967-8089-4c98a05a8f88 9a1ec75867f04a5f9baac22105db51e0 4f7861df2ac6476cb586b277ed019bf4 - - default default] 10.0.0.105 "GET /v2.0/floatingips?tags=red HTTP/1.1" status: 200 len: 1866 time: 0.0494134
2026-04-27 22:06:35.203 9 INFO neutron.db.ovn_revision_numbers_db [None req-63ee89f1-d7ab-40dd-93e1-fe2e139be38b b638a3dbcc4a4b3eb09b899e86f82b15 0c4da3eb70e84e708dd39575987c111e - - default default] Successfully bumped revision number for resource 4ad5ef25-70ae-489b-b252-5dbff25930a4 (type: floatingips) to 0
2026-04-27 22:06:35.208 10 INFO neutron.wsgi [None req-eb9a3d00-4903-4e6a-88ec-9f0a6ef970fe 9a1ec75867f04a5f9baac22105db51e0 4f7861df2ac6476cb586b277ed019bf4 - - default default] 10.0.0.105 "GET /v2.0/floatingips?tags=red%2Cblue HTTP/1.1" status: 200 len: 1323 time: 0.0421102
2026-04-27 22:06:35.252 10 INFO neutron.wsgi [None req-2c50a11e-0ec0-44a7-aa17-0fa841a5d60d 9a1ec75867f04a5f9baac22105db51e0 4f7861df2ac6476cb586b277ed019bf4 - - default default] 10.0.0.105 "GET /v2.0/floatingips?tags-any=blue HTTP/1.1" status: 200 len: 1323 time: 0.0377352
2026-04-27 22:06:35.295 10 INFO neutron.wsgi [None req-fefe7e7a-a0d6-4d22-945e-550ae5af1082 9a1ec75867f04a5f9baac22105db51e0 4f7861df2ac6476cb586b277ed019bf4 - - default default] 10.0.0.105 "GET /v2.0/floatingips?tags-any=red%2Cblue HTTP/1.1" status: 200 len: 1866 time: 0.0366905
2026-04-27 22:06:35.329 10 INFO neutron.wsgi [req-470edbef-d878-4fb9-90ca-560f8e8f8f3a req-be9c1020-ede9-4656-8c1c-cdcd4f40aa27 8870d72c64034c36a78703e2769c92a3 c06e7678b49b48a698853fdcb0ec4637 - - default default] 10.0.0.45 "GET /v2.0/ports?device_id=1e18d9e6-e94b-41c5-a6a3-58661431832c HTTP/1.1" status: 200 len: 1168 time: 0.0668132
2026-04-27 22:06:35.332 9 INFO neutron.db.ovn_revision_numbers_db [None req-63ee89f1-d7ab-40dd-93e1-fe2e139be38b b638a3dbcc4a4b3eb09b899e86f82b15 0c4da3eb70e84e708dd39575987c111e - - default default] Successfully bumped revision number for resource 4ad5ef25-70ae-489b-b252-5dbff25930a4 (type: floatingips) to 1 /var/lib/openstack/lib/python3.10/site-packages/pycadf/identifier.py:71: UserWarning: Invalid uuid: neutron. To ensure interoperability, identifiers should be a valid uuid. warnings.warn(('Invalid uuid: %s. To ensure interoperability, '
2026-04-27 22:06:35.390 9 INFO neutron.wsgi [None req-63ee89f1-d7ab-40dd-93e1-fe2e139be38b b638a3dbcc4a4b3eb09b899e86f82b15 0c4da3eb70e84e708dd39575987c111e - - default default] 10.0.0.105 "POST /v2.0/floatingips HTTP/1.1" status: 201 len: 1040 time: 1.5630331
2026-04-27 22:06:35.454 9 INFO neutron.wsgi [None req-755e3d59-54e9-46d9-bc9c-b7b6f31a2a3f b638a3dbcc4a4b3eb09b899e86f82b15 0c4da3eb70e84e708dd39575987c111e - - default default] 10.0.0.105 "GET /v2.0/floatingips/4ad5ef25-70ae-489b-b252-5dbff25930a4 HTTP/1.1" status: 200 len: 1037 time: 0.0510731
2026-04-27 22:06:35.459 9 INFO neutron.wsgi [req-6b7a4e2a-9861-4723-b8fb-cd2a471471f3 req-15c140a6-ffcf-4d66-9701-7a3d058557bb c01c7eefac674a7498c952d693d2f55f a81ef4039e934c7fac895a70fbd77f6e - - default default] 199.204.45.129 "GET /v2.0/networks?id=f7a6c9cc-caaa-4fd0-9b60-f7e25d45179a HTTP/1.1" status: 200 len: 878 time: 0.0967519
2026-04-27 22:06:35.537 9 INFO neutron.wsgi [None req-7ff7dc17-ef31-43f1-9bcc-60d7d860f44c b638a3dbcc4a4b3eb09b899e86f82b15 0c4da3eb70e84e708dd39575987c111e - - default default] 10.0.0.105 "GET /v2.0/floatingips HTTP/1.1" status: 200 len: 1040 time: 0.0757654
2026-04-27 22:06:35.542 10 INFO neutron.wsgi [None req-dcadaea6-dc33-49c4-9ae0-0eef71681370 9a1ec75867f04a5f9baac22105db51e0 4f7861df2ac6476cb586b277ed019bf4 - - default default] 10.0.0.105 "GET /v2.0/floatingips?not-tags=red HTTP/1.1" status: 200 len: 1295 time: 0.2404420
2026-04-27 22:06:35.590 9 INFO neutron.wsgi [req-6b7a4e2a-9861-4723-b8fb-cd2a471471f3 req-5b2e3a39-7d52-4ea3-9477-cef89628f785 c01c7eefac674a7498c952d693d2f55f a81ef4039e934c7fac895a70fbd77f6e - - default default] 199.204.45.129 "GET /v2.0/security-groups?fields=id&fields=name&tenant_id=a81ef4039e934c7fac895a70fbd77f6e HTTP/1.1" status: 200 len: 379 time: 0.0949073
2026-04-27 22:06:35.595 9 INFO neutron.wsgi [None req-566498bc-2c76-4eae-8329-f20a1c99ba26 9a1ec75867f04a5f9baac22105db51e0 4f7861df2ac6476cb586b277ed019bf4 - - default default] 10.0.0.105 "GET /v2.0/floatingips?not-tags=red%2Cblue HTTP/1.1" status: 200 len: 1838 time: 0.0487216
2026-04-27 22:06:35.600 9 WARNING neutron_lib.context [req-6b7a4e2a-9861-4723-b8fb-cd2a471471f3 req-f8101568-49e1-4eb3-bfb6-ab9f0b96f959 c01c7eefac674a7498c952d693d2f55f a81ef4039e934c7fac895a70fbd77f6e - - default default] Method 'is_advsvc' is deprecated since 2023.2 release (neutron-lib 3.8.0) and will be removed once support for the old RBAC API policies will be removed from Neutron. Please use method 'is_service_role' instead.
2026-04-27 22:06:35.651 10 INFO neutron.wsgi [None req-be30ebe8-e4ae-49f0-9332-7475e7d2df16 9a1ec75867f04a5f9baac22105db51e0 4f7861df2ac6476cb586b277ed019bf4 - - default default] 10.0.0.105 "GET /v2.0/floatingips?not-tags-any=blue HTTP/1.1" status: 200 len: 1838 time: 0.0490355
2026-04-27 22:06:35.668 10 INFO neutron.wsgi [req-470edbef-d878-4fb9-90ca-560f8e8f8f3a req-77f9576c-2152-4d61-bf36-7ba4a63ab8fd 8870d72c64034c36a78703e2769c92a3 c06e7678b49b48a698853fdcb0ec4637 - - default default] 10.0.0.45 "GET /v2.0/security-groups?id=66470976-0bbb-4a6a-b040-9b1696bb9ea7&fields=id&fields=name HTTP/1.1" status: 200 len: 311 time: 0.1392844
2026-04-27 22:06:35.712 9 INFO neutron.wsgi [None req-306df206-de53-45eb-bcb6-95fa2db3c3ff 9a1ec75867f04a5f9baac22105db51e0 4f7861df2ac6476cb586b277ed019bf4 - - default default] 10.0.0.105 "GET /v2.0/floatingips?not-tags-any=red%2Cblue HTTP/1.1" status: 200 len: 1295 time: 0.0536034
2026-04-27 22:06:35.822 10 INFO neutron.wsgi [req-fe67fdcd-2b6d-49ff-b5d2-e29ecca88d97 req-b7445396-3dd1-4c2e-9400-839b4822288c c01c7eefac674a7498c952d693d2f55f a81ef4039e934c7fac895a70fbd77f6e - - default default] 10.0.0.45 "GET /v2.0/ports?device_id=b86978d2-d062-4737-8609-1a8a1a41109a HTTP/1.1" status: 200 len: 210 time: 0.0214207
2026-04-27 22:06:35.867 10 INFO neutron.db.l3_db [None req-526945d7-737b-4c4a-86e8-ebc95307a5f5 b638a3dbcc4a4b3eb09b899e86f82b15 0c4da3eb70e84e708dd39575987c111e - - default default] Floating IP 4ad5ef25-70ae-489b-b252-5dbff25930a4 associated. External IP: 10.96.250.219, port: dfa456e8-9ab1-4a5b-bff7-f6e97ede1e19.
2026-04-27 22:06:36.087 10 INFO neutron.db.ovn_revision_numbers_db [None req-526945d7-737b-4c4a-86e8-ebc95307a5f5 b638a3dbcc4a4b3eb09b899e86f82b15 0c4da3eb70e84e708dd39575987c111e - - default default] Successfully bumped revision number for resource 4ad5ef25-70ae-489b-b252-5dbff25930a4 (type: floatingips) to 2
2026-04-27 22:06:36.112 9 WARNING neutron.scheduler.dhcp_agent_scheduler [req-6b7a4e2a-9861-4723-b8fb-cd2a471471f3 req-f8101568-49e1-4eb3-bfb6-ab9f0b96f959 c01c7eefac674a7498c952d693d2f55f a81ef4039e934c7fac895a70fbd77f6e - - default default] No more DHCP agents
2026-04-27 22:06:36.114 9 WARNING neutron.api.rpc.agentnotifiers.dhcp_rpc_agent_api [req-6b7a4e2a-9861-4723-b8fb-cd2a471471f3 req-f8101568-49e1-4eb3-bfb6-ab9f0b96f959 c01c7eefac674a7498c952d693d2f55f a81ef4039e934c7fac895a70fbd77f6e - - default default] Unable to schedule network f7a6c9cc-caaa-4fd0-9b60-f7e25d45179a: no agents available; will retry on subsequent port and subnet creation events.
2026-04-27 22:06:36.202 10 INFO neutron.db.ovn_revision_numbers_db [None req-526945d7-737b-4c4a-86e8-ebc95307a5f5 b638a3dbcc4a4b3eb09b899e86f82b15 0c4da3eb70e84e708dd39575987c111e - - default default] Successfully bumped revision number for resource 4ad5ef25-70ae-489b-b252-5dbff25930a4 (type: floatingips) to 2
2026-04-27 22:06:36.233 9 INFO neutron.wsgi [None req-6acaa804-1e3a-42f1-9b88-4b6af1fb556c 9a1ec75867f04a5f9baac22105db51e0 4f7861df2ac6476cb586b277ed019bf4 - - default default] 10.0.0.105 "DELETE /v2.0/floatingips/f36e7693-7dd6-4104-9a98-97d2aaa9baae HTTP/1.1" status: 204 len: 168 time: 0.5166674 /var/lib/openstack/lib/python3.10/site-packages/pycadf/identifier.py:71: UserWarning: Invalid uuid: neutron. To ensure interoperability, identifiers should be a valid uuid. warnings.warn(('Invalid uuid: %s. To ensure interoperability, '
2026-04-27 22:06:36.249 10 INFO neutron.wsgi [None req-526945d7-737b-4c4a-86e8-ebc95307a5f5 b638a3dbcc4a4b3eb09b899e86f82b15 0c4da3eb70e84e708dd39575987c111e - - default default] 10.0.0.105 "PUT /v2.0/floatingips/4ad5ef25-70ae-489b-b252-5dbff25930a4 HTTP/1.1" status: 200 len: 1038 time: 0.7042673
2026-04-27 22:06:36.344 9 INFO neutron.db.ovn_revision_numbers_db [req-6b7a4e2a-9861-4723-b8fb-cd2a471471f3 req-f8101568-49e1-4eb3-bfb6-ab9f0b96f959 c01c7eefac674a7498c952d693d2f55f a81ef4039e934c7fac895a70fbd77f6e - - default default] Successfully bumped revision number for resource 1b0b6c74-944d-4976-9692-587a292db575 (type: ports) to 1
2026-04-27 22:06:36.380 9 INFO neutron.wsgi [req-6b7a4e2a-9861-4723-b8fb-cd2a471471f3 req-f8101568-49e1-4eb3-bfb6-ab9f0b96f959 c01c7eefac674a7498c952d693d2f55f a81ef4039e934c7fac895a70fbd77f6e - - default default] 199.204.45.129 "POST /v2.0/ports HTTP/1.1" status: 201 len: 1162 time: 0.7845678
2026-04-27 22:06:36.392 10 INFO neutron.db.l3_db [None req-611d0aab-d720-4a5b-b46e-0ef3b9458934 b638a3dbcc4a4b3eb09b899e86f82b15 0c4da3eb70e84e708dd39575987c111e - - default default] Floating IP 4ad5ef25-70ae-489b-b252-5dbff25930a4 disassociated. External IP: 10.96.250.219, port: 8b3ba45c-1ab1-488c-88eb-9e6614da4333.
2026-04-27 22:06:36.436 10 INFO neutron.db.ovn_revision_numbers_db [None req-611d0aab-d720-4a5b-b46e-0ef3b9458934 b638a3dbcc4a4b3eb09b899e86f82b15 0c4da3eb70e84e708dd39575987c111e - - default default] Successfully bumped revision number for resource 4ad5ef25-70ae-489b-b252-5dbff25930a4 (type: floatingips) to 3
2026-04-27 22:06:36.506 10 INFO neutron.wsgi [None req-611d0aab-d720-4a5b-b46e-0ef3b9458934 b638a3dbcc4a4b3eb09b899e86f82b15 0c4da3eb70e84e708dd39575987c111e - - default default] 10.0.0.105 "PUT /v2.0/floatingips/4ad5ef25-70ae-489b-b252-5dbff25930a4 HTTP/1.1" status: 200 len: 748 time: 0.2519166
2026-04-27 22:06:36.692 9 INFO neutron.wsgi [None req-08a610eb-1edf-45dd-b26e-61a1ebb1610b 9a1ec75867f04a5f9baac22105db51e0 4f7861df2ac6476cb586b277ed019bf4 - - default default] 10.0.0.105 "DELETE /v2.0/floatingips/8ce48025-e32e-4892-84fb-6cfe6357f3d8 HTTP/1.1" status: 204 len: 168 time: 0.4528611
2026-04-27 22:06:36.869 10 INFO neutron.wsgi [req-acff429a-2824-4958-83ec-7e4cad588862 req-1d0f96c4-686e-42fa-9373-6d7ac9941a17 8870d72c64034c36a78703e2769c92a3 c06e7678b49b48a698853fdcb0ec4637 - - default default] 10.0.0.45 "GET /v2.0/ports?device_id=1e18d9e6-e94b-41c5-a6a3-58661431832c HTTP/1.1" status: 200 len: 1168 time: 0.1215880
2026-04-27 22:06:36.907 9 INFO neutron.db.ovn_revision_numbers_db [req-6b7a4e2a-9861-4723-b8fb-cd2a471471f3 req-bbf4cdac-4ede-4477-9201-b08dc0932f26 dfe67ae67a0d45b0a4511adb4b45b466 398885860a1a485a97ce085702de3e7d - - 9b8ddd2dacbe4426aee095541780fd67 9b8ddd2dacbe4426aee095541780fd67] Successfully bumped revision number for resource 1b0b6c74-944d-4976-9692-587a292db575 (type: ports) to 2
2026-04-27 22:06:36.970 10 INFO neutron.wsgi [req-acff429a-2824-4958-83ec-7e4cad588862 req-bc7556a1-5771-42ea-9243-a01b9eb8e791 8870d72c64034c36a78703e2769c92a3 c06e7678b49b48a698853fdcb0ec4637 - - default default] 10.0.0.45 "GET /v2.0/security-groups?id=66470976-0bbb-4a6a-b040-9b1696bb9ea7&fields=id&fields=name HTTP/1.1" status: 200 len: 311 time: 0.0907240
2026-04-27 22:06:37.017 10 INFO neutron.wsgi [req-3d067e62-673b-447e-b732-03be0945a451 req-d11d65c6-7bf6-4e6a-bc37-3361d92ed2dd c01c7eefac674a7498c952d693d2f55f a81ef4039e934c7fac895a70fbd77f6e - - default default] 10.0.0.45 "GET /v2.0/ports?device_id=b86978d2-d062-4737-8609-1a8a1a41109a HTTP/1.1" status: 200 len: 1172 time: 0.1103413
2026-04-27 22:06:37.068 10 INFO neutron.wsgi [None req-8c7b831d-4bd2-4ecb-9d48-4295184b7540 b638a3dbcc4a4b3eb09b899e86f82b15 0c4da3eb70e84e708dd39575987c111e - - default default] 10.0.0.105 "DELETE /v2.0/floatingips/4ad5ef25-70ae-489b-b252-5dbff25930a4 HTTP/1.1" status: 204 len: 168 time: 0.5569429
2026-04-27 22:06:37.094 10 INFO neutron.wsgi [req-3d067e62-673b-447e-b732-03be0945a451 req-5f4d2f00-f86f-4a4a-ba42-d18c6e80ec45 c01c7eefac674a7498c952d693d2f55f a81ef4039e934c7fac895a70fbd77f6e - - default default] 10.0.0.45 "GET /v2.0/security-groups?id=c5e842e0-35e9-49f0-ad16-6f3f68c613c5&fields=id&fields=name HTTP/1.1" status: 200 len: 312 time: 0.0657635
2026-04-27 22:06:37.094 10 INFO neutron.api.v2.resource [None req-bc5e7aee-2f3c-4556-b033-89739401e731 b638a3dbcc4a4b3eb09b899e86f82b15 0c4da3eb70e84e708dd39575987c111e - - default default] delete failed (client error): The resource could not be found.
2026-04-27 22:06:37.095 10 INFO neutron.wsgi [None req-bc5e7aee-2f3c-4556-b033-89739401e731 b638a3dbcc4a4b3eb09b899e86f82b15 0c4da3eb70e84e708dd39575987c111e - - default default] 10.0.0.105 "DELETE /v2.0/floatingips/4ad5ef25-70ae-489b-b252-5dbff25930a4 HTTP/1.1" status: 404 len: 345 time: 0.0213609
2026-04-27 22:06:37.095 9 INFO neutron.db.ovn_revision_numbers_db [req-6b7a4e2a-9861-4723-b8fb-cd2a471471f3 req-bbf4cdac-4ede-4477-9201-b08dc0932f26 dfe67ae67a0d45b0a4511adb4b45b466 398885860a1a485a97ce085702de3e7d - - 9b8ddd2dacbe4426aee095541780fd67 9b8ddd2dacbe4426aee095541780fd67] Successfully bumped revision number for resource 1b0b6c74-944d-4976-9692-587a292db575 (type: ports) to 2 /var/lib/openstack/lib/python3.10/site-packages/pycadf/identifier.py:71: UserWarning: Invalid uuid: neutron. To ensure interoperability, identifiers should be a valid uuid. warnings.warn(('Invalid uuid: %s. To ensure interoperability, '
2026-04-27 22:06:37.129 9 INFO neutron.wsgi [req-6b7a4e2a-9861-4723-b8fb-cd2a471471f3 req-bbf4cdac-4ede-4477-9201-b08dc0932f26 dfe67ae67a0d45b0a4511adb4b45b466 398885860a1a485a97ce085702de3e7d - - 9b8ddd2dacbe4426aee095541780fd67 9b8ddd2dacbe4426aee095541780fd67] 199.204.45.129 "PUT /v2.0/ports/1b0b6c74-944d-4976-9692-587a292db575 HTTP/1.1" status: 200 len: 1380 time: 0.7427535
2026-04-27 22:06:37.163 9 INFO neutron.notifiers.nova [-] Nova event matching ['req-3dcbf87a-90ad-4d18-bc80-0112f85783ea'] response: {'name': 'network-changed', 'server_uuid': 'b86978d2-d062-4737-8609-1a8a1a41109a', 'tag': '1b0b6c74-944d-4976-9692-587a292db575', 'status': 'completed', 'code': 200}
2026-04-27 22:06:37.205 9 INFO neutron.wsgi [req-6b7a4e2a-9861-4723-b8fb-cd2a471471f3 req-f89bcc8d-06a1-4a89-8b57-9df43440d0d2 dfe67ae67a0d45b0a4511adb4b45b466 398885860a1a485a97ce085702de3e7d - - 9b8ddd2dacbe4426aee095541780fd67 9b8ddd2dacbe4426aee095541780fd67] 199.204.45.129 "GET /v2.0/ports?tenant_id=a81ef4039e934c7fac895a70fbd77f6e&device_id=b86978d2-d062-4737-8609-1a8a1a41109a HTTP/1.1" status: 200 len: 1411 time: 0.0375061
2026-04-27 22:06:37.215 10 INFO neutron.wsgi [None req-c42af26a-8d34-4fa4-9fa3-5baa73c7b817 9a1ec75867f04a5f9baac22105db51e0 4f7861df2ac6476cb586b277ed019bf4 - - default default] 10.0.0.105 "DELETE /v2.0/floatingips/c0e4f830-79de-4ba1-b25d-ab5446316164 HTTP/1.1" status: 204 len: 168 time: 0.5177505
2026-04-27 22:06:37.240 9 INFO neutron.wsgi [req-6b7a4e2a-9861-4723-b8fb-cd2a471471f3 req-ea9680c2-7f52-480b-9be0-06d19ecbf434 dfe67ae67a0d45b0a4511adb4b45b466 398885860a1a485a97ce085702de3e7d - - 9b8ddd2dacbe4426aee095541780fd67 9b8ddd2dacbe4426aee095541780fd67] 199.204.45.129 "GET /v2.0/floatingips?fixed_ip_address=10.100.0.11&port_id=1b0b6c74-944d-4976-9692-587a292db575 HTTP/1.1" status: 200 len: 217 time: 0.0204508
2026-04-27 22:06:37.282 9 INFO neutron.wsgi [req-6b7a4e2a-9861-4723-b8fb-cd2a471471f3 req-f9cd1489-db14-4f07-835a-648f925a35da dfe67ae67a0d45b0a4511adb4b45b466 398885860a1a485a97ce085702de3e7d - - 9b8ddd2dacbe4426aee095541780fd67 9b8ddd2dacbe4426aee095541780fd67] 199.204.45.129 "GET /v2.0/subnets?id=d32322a7-2832-485c-9290-70b00531f22e HTTP/1.1" status: 200 len: 872 time: 0.0367582
2026-04-27 22:06:37.311 9 INFO neutron.wsgi [req-6b7a4e2a-9861-4723-b8fb-cd2a471471f3 req-b29b0ad1-e06c-42c3-8ec9-4f1f696fc2db dfe67ae67a0d45b0a4511adb4b45b466 398885860a1a485a97ce085702de3e7d - - 9b8ddd2dacbe4426aee095541780fd67 9b8ddd2dacbe4426aee095541780fd67] 199.204.45.129 "GET /v2.0/ports?network_id=f7a6c9cc-caaa-4fd0-9b60-f7e25d45179a&device_owner=network%3Adhcp HTTP/1.1" status: 200 len: 210 time: 0.0178163
2026-04-27 22:06:37.389 9 INFO neutron.wsgi [req-6b7a4e2a-9861-4723-b8fb-cd2a471471f3 req-84151ddb-f905-48de-a145-d8e2b7d217d6 dfe67ae67a0d45b0a4511adb4b45b466 398885860a1a485a97ce085702de3e7d - - 9b8ddd2dacbe4426aee095541780fd67 9b8ddd2dacbe4426aee095541780fd67] 199.204.45.129 "GET /v2.0/networks/f7a6c9cc-caaa-4fd0-9b60-f7e25d45179a?fields=segments HTTP/1.1" status: 200 len: 212 time: 0.0684366
2026-04-27 22:06:37.481 9 INFO neutron.wsgi [req-6b7a4e2a-9861-4723-b8fb-cd2a471471f3 req-85936d96-4efc-43bd-a97a-4b3dba3f66f7 dfe67ae67a0d45b0a4511adb4b45b466 398885860a1a485a97ce085702de3e7d - - 9b8ddd2dacbe4426aee095541780fd67 9b8ddd2dacbe4426aee095541780fd67] 199.204.45.129 "GET /v2.0/networks/f7a6c9cc-caaa-4fd0-9b60-f7e25d45179a?fields=provider%3Aphysical_network&fields=provider%3Anetwork_type HTTP/1.1" status: 200 len: 277 time: 0.0850217
2026-04-27 22:06:37.537 9 INFO neutron.wsgi [None req-134ce1df-ac34-4a10-937f-8a5b33fadc42 b638a3dbcc4a4b3eb09b899e86f82b15 0c4da3eb70e84e708dd39575987c111e - - default default] 10.0.0.105 "DELETE /v2.0/ports/8b3ba45c-1ab1-488c-88eb-9e6614da4333 HTTP/1.1" status: 204 len: 168 time: 0.4350204
2026-04-27 22:06:37.576 9 INFO neutron.wsgi [req-d94b9a11-3b0c-42c0-9946-0ed8af979874 req-1b166358-37ac-4d7a-9485-2af3d5d1ba35 dfe67ae67a0d45b0a4511adb4b45b466 398885860a1a485a97ce085702de3e7d - - 9b8ddd2dacbe4426aee095541780fd67 9b8ddd2dacbe4426aee095541780fd67] 199.204.45.129 "GET /v2.0/ports?tenant_id=a81ef4039e934c7fac895a70fbd77f6e&device_id=b86978d2-d062-4737-8609-1a8a1a41109a HTTP/1.1" status: 200 len: 1411 time: 0.0546811
2026-04-27 22:06:37.582 10 INFO neutron.wsgi [None req-ac9ecc0a-e447-45b5-b4c2-5a3df2181c34 9a1ec75867f04a5f9baac22105db51e0 4f7861df2ac6476cb586b277ed019bf4 - - default default] 10.0.0.105 "DELETE /v2.0/floatingips/95af2097-c040-40fc-9ba8-1dec3c6732c0 HTTP/1.1" status: 204 len: 168 time: 0.3621686
2026-04-27 22:06:37.654 9 INFO neutron.wsgi [req-d94b9a11-3b0c-42c0-9946-0ed8af979874 req-4e61aca9-a2f2-4fd4-a50b-aa142f2ca4d0 dfe67ae67a0d45b0a4511adb4b45b466 398885860a1a485a97ce085702de3e7d - - 9b8ddd2dacbe4426aee095541780fd67 9b8ddd2dacbe4426aee095541780fd67] 199.204.45.129 "GET /v2.0/networks?id=f7a6c9cc-caaa-4fd0-9b60-f7e25d45179a HTTP/1.1" status: 200 len: 977 time: 0.0683529
2026-04-27 22:06:37.691 9 INFO neutron.wsgi [req-d94b9a11-3b0c-42c0-9946-0ed8af979874 req-bd5dc12d-16fe-4dbe-b03e-f354757a79e5 dfe67ae67a0d45b0a4511adb4b45b466 398885860a1a485a97ce085702de3e7d - - 9b8ddd2dacbe4426aee095541780fd67 9b8ddd2dacbe4426aee095541780fd67] 199.204.45.129 "GET /v2.0/floatingips?fixed_ip_address=10.100.0.11&port_id=1b0b6c74-944d-4976-9692-587a292db575 HTTP/1.1" status: 200 len: 217 time: 0.0309474
2026-04-27 22:06:37.739 9 INFO neutron.wsgi [req-d94b9a11-3b0c-42c0-9946-0ed8af979874 req-26958296-8ae9-4eaa-be19-0628f3cdf51d dfe67ae67a0d45b0a4511adb4b45b466 398885860a1a485a97ce085702de3e7d - - 9b8ddd2dacbe4426aee095541780fd67 9b8ddd2dacbe4426aee095541780fd67] 199.204.45.129 "GET /v2.0/subnets?id=d32322a7-2832-485c-9290-70b00531f22e HTTP/1.1" status: 200 len: 872 time: 0.0405977
2026-04-27 22:06:37.937 10 INFO neutron.wsgi [None req-1450da02-53c3-4895-a74e-2c8b54aa8e48 9a1ec75867f04a5f9baac22105db51e0 4f7861df2ac6476cb586b277ed019bf4 - - default default] 10.0.0.105 "DELETE /v2.0/floatingips/673cbf73-d18f-41bc-9c92-0439227882e4 HTTP/1.1" status: 204 len: 168 time: 0.3499510
