2026-04-27 22:07:46.863 9 INFO neutron.db.ovn_revision_numbers_db [None req-6900afb7-d57b-49ad-901f-1151239457d3 321b433d6fcd4a238cd5779fedc73059 4bd8039a746247748b77015018c71db6 - - default default] Successfully bumped revision number for resource 1f50d031-db47-4016-a2ab-ec1439da5bb3 (type: security_group_rules) to 0
2026-04-27 22:07:46.875 9 INFO neutron.wsgi [None req-16ea8375-c241-4e4b-8d1e-b91cabfaf16d 6d979188b91b49348206beb5a3163239 0a789415a1f04494a156ef431f593b1e - - default default] 10.0.0.105 "PUT /v2.0/routers/f945168a-bf99-4bae-87e4-a0390b47e8e1/tags/green HTTP/1.1" status: 201 len: 201 time: 0.0762367
2026-04-27 22:07:46.885 9 INFO neutron.db.ovn_revision_numbers_db [None req-6900afb7-d57b-49ad-901f-1151239457d3 321b433d6fcd4a238cd5779fedc73059 4bd8039a746247748b77015018c71db6 - - default default] Successfully bumped revision number for resource 64216281-2924-4d2f-b2b7-e96194985e72 (type: security_group_rules) to 0
2026-04-27 22:07:46.919 9 INFO neutron.wsgi [None req-6900afb7-d57b-49ad-901f-1151239457d3 321b433d6fcd4a238cd5779fedc73059 4bd8039a746247748b77015018c71db6 - - default default] 10.0.0.105 "POST /v2.0/security-groups HTTP/1.1" status: 201 len: 1761 time: 0.2769878
2026-04-27 22:07:46.932 10 WARNING neutron_lib.context [None req-e597f6fc-0d73-4024-b4ff-21f814518fb0 321b433d6fcd4a238cd5779fedc73059 4bd8039a746247748b77015018c71db6 - - default default] Method 'is_advsvc' is deprecated since 2023.2 release (neutron-lib 3.8.0) and will be removed once support for the old RBAC API policies will be removed from Neutron. Please use method 'is_service_role' instead.
2026-04-27 22:07:46.947 9 INFO neutron.wsgi [None req-1b0746b5-eb97-40a5-a59c-e3ac58994cf2 6d979188b91b49348206beb5a3163239 0a789415a1f04494a156ef431f593b1e - - default default] 10.0.0.105 "GET /v2.0/routers/f945168a-bf99-4bae-87e4-a0390b47e8e1/tags HTTP/1.1" status: 200 len: 227 time: 0.0672832
2026-04-27 22:07:46.990 9 INFO neutron.wsgi [None req-cf234a5c-2da2-41cf-8b45-e3628e0f6e97 da9ea4bce9fa49798930ea075b6f69d6 9e87328a0e33464295d10e591d61c010 - - default default] 10.0.0.105 "GET /v2.0/security-groups?tenant_id=d1866124222c49278285fd285d1feb72&name=default HTTP/1.1" status: 200 len: 2996 time: 0.0552351
2026-04-27 22:07:47.011 9 INFO neutron.wsgi [None req-55b76b89-cb57-496c-9159-2beaa76f9334 6d979188b91b49348206beb5a3163239 0a789415a1f04494a156ef431f593b1e - - default default] 10.0.0.105 "PUT /v2.0/routers/f945168a-bf99-4bae-87e4-a0390b47e8e1/tags/red HTTP/1.1" status: 201 len: 201 time: 0.0553756
2026-04-27 22:07:47.060 9 INFO neutron.wsgi [None req-92b602d9-3ad5-411b-a9e7-b408f16b3555 6d979188b91b49348206beb5a3163239 0a789415a1f04494a156ef431f593b1e - - default default] 10.0.0.105 "GET /v2.0/routers/f945168a-bf99-4bae-87e4-a0390b47e8e1/tags HTTP/1.1" status: 200 len: 227 time: 0.0450523
2026-04-27 22:07:47.118 10 INFO neutron.db.ovn_revision_numbers_db [None req-e597f6fc-0d73-4024-b4ff-21f814518fb0 321b433d6fcd4a238cd5779fedc73059 4bd8039a746247748b77015018c71db6 - - default default] Successfully bumped revision number for resource 8d4fe2ad-9171-4c04-ab67-1b24810d069e (type: security_group_rules) to 0
2026-04-27 22:07:47.155 10 INFO neutron.wsgi [None req-e597f6fc-0d73-4024-b4ff-21f814518fb0 321b433d6fcd4a238cd5779fedc73059 4bd8039a746247748b77015018c71db6 - - default default] 10.0.0.105 "POST /v2.0/security-group-rules HTTP/1.1" status: 201 len: 768 time: 0.2301183
2026-04-27 22:07:47.168 9 INFO neutron.wsgi [None req-340f489f-3dcf-403c-a7c6-26d8fb23b77d 6d979188b91b49348206beb5a3163239 0a789415a1f04494a156ef431f593b1e - - default default] 10.0.0.105 "PUT /v2.0/routers/f945168a-bf99-4bae-87e4-a0390b47e8e1/tags/black.or.white HTTP/1.1" status: 201 len: 201 time: 0.1025579
2026-04-27 22:07:47.205 9 INFO neutron.wsgi [None req-e9b7f159-0639-436d-9f1c-c86559733fc6 321b433d6fcd4a238cd5779fedc73059 4bd8039a746247748b77015018c71db6 - - default default] 10.0.0.105 "GET /v2.0/security-group-rules/8d4fe2ad-9171-4c04-ab67-1b24810d069e HTTP/1.1" status: 200 len: 763 time: 0.0438588
2026-04-27 22:07:47.249 10 INFO neutron.wsgi [None req-337d06a9-c03e-493c-9145-fe22e51b7c19 6d979188b91b49348206beb5a3163239 0a789415a1f04494a156ef431f593b1e - - default default] 10.0.0.105 "GET /v2.0/routers/f945168a-bf99-4bae-87e4-a0390b47e8e1/tags HTTP/1.1" status: 200 len: 245 time: 0.0756104
2026-04-27 22:07:47.276 9 WARNING neutron_lib.context [None req-d70d0e60-13c5-4d04-bfb1-913203b47274 5785e1b138df4a288cf151cfd6ebbb8a d3a89fa4633c4386bc030007e6181bba - - default default] Method 'is_advsvc' is deprecated since 2023.2 release (neutron-lib 3.8.0) and will be removed once support for the old RBAC API policies will be removed from Neutron. Please use method 'is_service_role' instead.
2026-04-27 22:07:47.304 10 INFO neutron.wsgi [None req-e19ce9a5-208b-4306-94c5-72ba58550e2f 321b433d6fcd4a238cd5779fedc73059 4bd8039a746247748b77015018c71db6 - - default default] 10.0.0.105 "GET /v2.0/security-group-rules HTTP/1.1" status: 200 len: 4113 time: 0.0935268
2026-04-27 22:07:47.334 10 INFO neutron.wsgi [None req-2c061b9a-3be5-4cb9-84da-85a296169339 6d979188b91b49348206beb5a3163239 0a789415a1f04494a156ef431f593b1e - - default default] 10.0.0.105 "PUT /v2.0/routers/f945168a-bf99-4bae-87e4-a0390b47e8e1/tags HTTP/1.1" status: 200 len: 230 time: 0.0777776
2026-04-27 22:07:47.367 10 INFO neutron.wsgi [None req-7152e21b-7823-4585-a727-41035df3d284 da9ea4bce9fa49798930ea075b6f69d6 9e87328a0e33464295d10e591d61c010 - - default default] 10.0.0.105 "DELETE /v2.0/security-groups/ac63e7ea-7b50-4a9a-a4c1-fdadfda35e8d HTTP/1.1" status: 204 len: 168 time: 0.3659163
2026-04-27 22:07:47.387 10 INFO neutron.wsgi [None req-530c7d44-5dfe-47a2-8fe3-283664bd6f29 6d979188b91b49348206beb5a3163239 0a789415a1f04494a156ef431f593b1e - - default default] 10.0.0.105 "GET /v2.0/routers/f945168a-bf99-4bae-87e4-a0390b47e8e1/tags HTTP/1.1" status: 200 len: 230 time: 0.0483530
2026-04-27 22:07:47.426 9 INFO neutron.db.ovn_revision_numbers_db [None req-d70d0e60-13c5-4d04-bfb1-913203b47274 5785e1b138df4a288cf151cfd6ebbb8a d3a89fa4633c4386bc030007e6181bba - - default default] Successfully bumped revision number for resource 39424c81-4830-4996-b9c5-7b01533a7118 (type: security_groups) to 1
2026-04-27 22:07:47.444 10 INFO neutron.wsgi [None req-63ba7b67-00ed-4144-a6d3-274708d1c2a9 6d979188b91b49348206beb5a3163239 0a789415a1f04494a156ef431f593b1e - - default default] 10.0.0.105 "GET /v2.0/routers/f945168a-bf99-4bae-87e4-a0390b47e8e1/tags/red HTTP/1.1" status: 204 len: 168 time: 0.0515978
2026-04-27 22:07:47.447 9 INFO neutron.db.ovn_revision_numbers_db [None req-d70d0e60-13c5-4d04-bfb1-913203b47274 5785e1b138df4a288cf151cfd6ebbb8a d3a89fa4633c4386bc030007e6181bba - - default default] Successfully bumped revision number for resource 6d223bbc-bc8f-4de8-ab18-5c648c2e9e69 (type: security_group_rules) to 0
2026-04-27 22:07:47.468 9 INFO neutron.wsgi [None req-aef092e7-eed0-4b62-882b-27f9891ecf1c 321b433d6fcd4a238cd5779fedc73059 4bd8039a746247748b77015018c71db6 - - default default] 10.0.0.105 "DELETE /v2.0/security-group-rules/8d4fe2ad-9171-4c04-ab67-1b24810d069e HTTP/1.1" status: 204 len: 168 time: 0.1574428
2026-04-27 22:07:47.469 9 INFO neutron.db.ovn_revision_numbers_db [None req-d70d0e60-13c5-4d04-bfb1-913203b47274 5785e1b138df4a288cf151cfd6ebbb8a d3a89fa4633c4386bc030007e6181bba - - default default] Successfully bumped revision number for resource 902891f3-aa3c-43ad-b4b9-57edf27e5660 (type: security_group_rules) to 0
2026-04-27 22:07:47.492 9 INFO neutron.wsgi [None req-d70d0e60-13c5-4d04-bfb1-913203b47274 5785e1b138df4a288cf151cfd6ebbb8a d3a89fa4633c4386bc030007e6181bba - - default default] 10.0.0.105 "POST /v2.0/security-groups HTTP/1.1" status: 201 len: 1809 time: 0.2215278
2026-04-27 22:07:47.502 9 WARNING neutron_lib.context [None req-418cda5f-d02e-4785-b05e-36589091dd33 5785e1b138df4a288cf151cfd6ebbb8a d3a89fa4633c4386bc030007e6181bba - - default default] Method 'is_advsvc' is deprecated since 2023.2 release (neutron-lib 3.8.0) and will be removed once support for the old RBAC API policies will be removed from Neutron. Please use method 'is_service_role' instead.
2026-04-27 22:07:47.511 10 INFO neutron.api.v2.resource [None req-6e28ddae-f038-4421-903c-5ff6dcb3d4cb 6d979188b91b49348206beb5a3163239 0a789415a1f04494a156ef431f593b1e - - default default] show failed (client error): The resource could not be found.
2026-04-27 22:07:47.512 10 INFO neutron.wsgi [None req-6e28ddae-f038-4421-903c-5ff6dcb3d4cb 6d979188b91b49348206beb5a3163239 0a789415a1f04494a156ef431f593b1e - - default default] 10.0.0.105 "GET /v2.0/routers/f945168a-bf99-4bae-87e4-a0390b47e8e1/tags/green HTTP/1.1" status: 404 len: 299 time: 0.0598891
2026-04-27 22:07:47.589 10 INFO neutron.wsgi [None req-8c8a3c9b-23d7-4ab9-a006-0baaf93e8fde 6d979188b91b49348206beb5a3163239 0a789415a1f04494a156ef431f593b1e - - default default] 10.0.0.105 "DELETE /v2.0/routers/f945168a-bf99-4bae-87e4-a0390b47e8e1/tags/red HTTP/1.1" status: 204 len: 168 time: 0.0726757
2026-04-27 22:07:47.762 9 INFO neutron.wsgi [None req-e006afc4-e0ff-42b5-a8f1-d05ffc94b30b 321b433d6fcd4a238cd5779fedc73059 4bd8039a746247748b77015018c71db6 - - default default] 10.0.0.105 "GET /v2.0/security-group-rules HTTP/1.1" status: 200 len: 3567 time: 0.2867899
2026-04-27 22:07:47.770 9 WARNING neutron_lib.context [None req-7035766a-346e-4c78-8467-78f24558b878 321b433d6fcd4a238cd5779fedc73059 4bd8039a746247748b77015018c71db6 - - default default] Method 'is_advsvc' is deprecated since 2023.2 release (neutron-lib 3.8.0) and will be removed once support for the old RBAC API policies will be removed from Neutron. Please use method 'is_service_role' instead.
2026-04-27 22:07:47.890 10 INFO neutron.wsgi [None req-54ef7e16-98fb-4d30-afa4-0576cc4050c8 6d979188b91b49348206beb5a3163239 0a789415a1f04494a156ef431f593b1e - - default default] 10.0.0.105 "GET /v2.0/routers/f945168a-bf99-4bae-87e4-a0390b47e8e1/tags HTTP/1.1" status: 200 len: 223 time: 0.2949343
2026-04-27 22:07:47.895 9 INFO neutron.db.ovn_revision_numbers_db [None req-418cda5f-d02e-4785-b05e-36589091dd33 5785e1b138df4a288cf151cfd6ebbb8a d3a89fa4633c4386bc030007e6181bba - - default default] Successfully bumped revision number for resource 840c1980-8daa-4024-959a-db0ec9041578 (type: security_group_rules) to 0
2026-04-27 22:07:47.939 9 INFO neutron.wsgi [None req-418cda5f-d02e-4785-b05e-36589091dd33 5785e1b138df4a288cf151cfd6ebbb8a d3a89fa4633c4386bc030007e6181bba - - default default] 10.0.0.105 "POST /v2.0/security-group-rules HTTP/1.1" status: 201 len: 764 time: 0.4407446
2026-04-27 22:07:47.945 10 INFO neutron.api.v2.resource [None req-e7973c5f-e9b1-4484-ace1-72530029f55f 6d979188b91b49348206beb5a3163239 0a789415a1f04494a156ef431f593b1e - - default default] delete failed (client error): The resource could not be found.
2026-04-27 22:07:47.946 10 INFO neutron.wsgi [None req-e7973c5f-e9b1-4484-ace1-72530029f55f 6d979188b91b49348206beb5a3163239 0a789415a1f04494a156ef431f593b1e - - default default] 10.0.0.105 "DELETE /v2.0/routers/f945168a-bf99-4bae-87e4-a0390b47e8e1/tags/green HTTP/1.1" status: 404 len: 299 time: 0.0510798
2026-04-27 22:07:47.948 9 INFO neutron.db.ovn_revision_numbers_db [None req-7035766a-346e-4c78-8467-78f24558b878 321b433d6fcd4a238cd5779fedc73059 4bd8039a746247748b77015018c71db6 - - default default] Successfully bumped revision number for resource 61555611-75b3-4c16-b4b0-4a13e61a40a8 (type: security_group_rules) to 0
2026-04-27 22:07:47.955 10 WARNING neutron_lib.context [None req-5dbf395c-6184-4e3d-bebc-de0656248bfe 5785e1b138df4a288cf151cfd6ebbb8a d3a89fa4633c4386bc030007e6181bba - - default default] Method 'is_advsvc' is deprecated since 2023.2 release (neutron-lib 3.8.0) and will be removed once support for the old RBAC API policies will be removed from Neutron. Please use method 'is_service_role' instead.
2026-04-27 22:07:47.995 9 INFO neutron.wsgi [None req-7035766a-346e-4c78-8467-78f24558b878 321b433d6fcd4a238cd5779fedc73059 4bd8039a746247748b77015018c71db6 - - default default] 10.0.0.105 "POST /v2.0/security-group-rules HTTP/1.1" status: 201 len: 768 time: 0.2289929
2026-04-27 22:07:48.020 10 INFO neutron.wsgi [None req-4c97f42f-d5e4-48ac-a01f-a0a451e7b7b4 321b433d6fcd4a238cd5779fedc73059 4bd8039a746247748b77015018c71db6 - - default default] 10.0.0.105 "GET /v2.0/security-group-rules/61555611-75b3-4c16-b4b0-4a13e61a40a8 HTTP/1.1" status: 200 len: 763 time: 0.0205586
2026-04-27 22:07:48.042 9 INFO neutron.wsgi [None req-15abc67d-d8b3-4407-93d4-14708fabda3e 6d979188b91b49348206beb5a3163239 0a789415a1f04494a156ef431f593b1e - - default default] 10.0.0.105 "DELETE /v2.0/routers/f945168a-bf99-4bae-87e4-a0390b47e8e1/tags HTTP/1.1" status: 204 len: 168 time: 0.0890412
2026-04-27 22:07:48.088 10 INFO neutron.wsgi [None req-c939b4d8-3fd3-44bd-8c51-fe6c85ad2c4d 321b433d6fcd4a238cd5779fedc73059 4bd8039a746247748b77015018c71db6 - - default default] 10.0.0.105 "GET /v2.0/security-group-rules HTTP/1.1" status: 200 len: 4113 time: 0.0536335
2026-04-27 22:07:48.100 9 INFO neutron.wsgi [None req-b47de063-0386-449f-a12a-44aa01cc94c8 6d979188b91b49348206beb5a3163239 0a789415a1f04494a156ef431f593b1e - - default default] 10.0.0.105 "GET /v2.0/routers/f945168a-bf99-4bae-87e4-a0390b47e8e1/tags HTTP/1.1" status: 200 len: 205 time: 0.0538507
2026-04-27 22:07:48.141 10 INFO neutron.db.ovn_revision_numbers_db [None req-5dbf395c-6184-4e3d-bebc-de0656248bfe 5785e1b138df4a288cf151cfd6ebbb8a d3a89fa4633c4386bc030007e6181bba - - default default] Successfully bumped revision number for resource d7078f20-6716-42e5-9858-1ad65a0b74c6 (type: security_group_rules) to 0
2026-04-27 22:07:48.163 9 INFO neutron.wsgi [None req-945b09fc-d05b-4930-9361-c1ae7e516b6f 6d979188b91b49348206beb5a3163239 0a789415a1f04494a156ef431f593b1e - - default default] 10.0.0.105 "GET /v2.0/routers/f945168a-bf99-4bae-87e4-a0390b47e8e1 HTTP/1.1" status: 200 len: 655 time: 0.0574627
2026-04-27 22:07:48.170 10 INFO neutron.wsgi [None req-5dbf395c-6184-4e3d-bebc-de0656248bfe 5785e1b138df4a288cf151cfd6ebbb8a d3a89fa4633c4386bc030007e6181bba - - default default] 10.0.0.105 "POST /v2.0/security-group-rules HTTP/1.1" status: 201 len: 763 time: 0.2201834
2026-04-27 22:07:48.180 9 WARNING neutron_lib.context [None req-32cf4f0d-b3fc-48b9-b2a1-72b6636b9a50 5785e1b138df4a288cf151cfd6ebbb8a d3a89fa4633c4386bc030007e6181bba - - default default] Method 'is_advsvc' is deprecated since 2023.2 release (neutron-lib 3.8.0) and will be removed once support for the old RBAC API policies will be removed from Neutron. Please use method 'is_service_role' instead.
2026-04-27 22:07:48.236 10 INFO neutron.wsgi [None req-34701fd4-ce43-41e0-b4ac-a1b65d66e8b9 321b433d6fcd4a238cd5779fedc73059 4bd8039a746247748b77015018c71db6 - - default default] 10.0.0.105 "DELETE /v2.0/security-group-rules/61555611-75b3-4c16-b4b0-4a13e61a40a8 HTTP/1.1" status: 204 len: 168 time: 0.1427579
2026-04-27 22:07:48.301 9 INFO neutron.db.ovn_revision_numbers_db [None req-32cf4f0d-b3fc-48b9-b2a1-72b6636b9a50 5785e1b138df4a288cf151cfd6ebbb8a d3a89fa4633c4386bc030007e6181bba - - default default] Successfully bumped revision number for resource 7b44452a-7d07-4700-b597-ad49f44456ab (type: security_group_rules) to 0
2026-04-27 22:07:48.316 10 INFO neutron.wsgi [None req-086bc8aa-72ad-4dfe-9b5b-5b681cc0d2c0 321b433d6fcd4a238cd5779fedc73059 4bd8039a746247748b77015018c71db6 - - default default] 10.0.0.105 "GET /v2.0/security-group-rules HTTP/1.1" status: 200 len: 3567 time: 0.0744784
2026-04-27 22:07:48.326 9 WARNING neutron_lib.context [None req-9c6d9665-499b-4174-83a4-1162b49c74ad 321b433d6fcd4a238cd5779fedc73059 4bd8039a746247748b77015018c71db6 - - default default] Method 'is_advsvc' is deprecated since 2023.2 release (neutron-lib 3.8.0) and will be removed once support for the old RBAC API policies will be removed from Neutron. Please use method 'is_service_role' instead.
2026-04-27 22:07:48.332 9 INFO neutron.wsgi [None req-32cf4f0d-b3fc-48b9-b2a1-72b6636b9a50 5785e1b138df4a288cf151cfd6ebbb8a d3a89fa4633c4386bc030007e6181bba - - default default] 10.0.0.105 "POST /v2.0/security-group-rules HTTP/1.1" status: 201 len: 769 time: 0.1566851
2026-04-27 22:07:48.344 10 WARNING neutron_lib.context [None req-dcf60f40-217e-4597-a9b7-15ea8ceb4646 5785e1b138df4a288cf151cfd6ebbb8a d3a89fa4633c4386bc030007e6181bba - - default default] Method 'is_advsvc' is deprecated since 2023.2 release (neutron-lib 3.8.0) and will be removed once support for the old RBAC API policies will be removed from Neutron. Please use method 'is_service_role' instead.
2026-04-27 22:07:48.347 9 INFO neutron.db.securitygroups_db [None req-9c6d9665-499b-4174-83a4-1162b49c74ad 321b433d6fcd4a238cd5779fedc73059 4bd8039a746247748b77015018c71db6 - - default default] Project 4bd8039a746247748b77015018c71db6 added a security group rule with legacy IPv6 ICMP protocol name icmp, ipv6-icmp should be used instead. It was automatically converted.
2026-04-27 22:07:48.435 9 INFO neutron.db.ovn_revision_numbers_db [None req-9c6d9665-499b-4174-83a4-1162b49c74ad 321b433d6fcd4a238cd5779fedc73059 4bd8039a746247748b77015018c71db6 - - default default] Successfully bumped revision number for resource c0eff2d6-b633-4869-8ac1-bc936cb896c5 (type: security_group_rules) to 0
2026-04-27 22:07:48.462 9 INFO neutron.wsgi [None req-9c6d9665-499b-4174-83a4-1162b49c74ad 321b433d6fcd4a238cd5779fedc73059 4bd8039a746247748b77015018c71db6 - - default default] 10.0.0.105 "POST /v2.0/security-group-rules HTTP/1.1" status: 201 len: 774 time: 0.1396205
2026-04-27 22:07:48.485 9 INFO neutron.wsgi [None req-173982aa-491f-4cc5-a3cd-b9a95d4b8ef4 321b433d6fcd4a238cd5779fedc73059 4bd8039a746247748b77015018c71db6 - - default default] 10.0.0.105 "GET /v2.0/security-group-rules/c0eff2d6-b633-4869-8ac1-bc936cb896c5 HTTP/1.1" status: 200 len: 769 time: 0.0190141
2026-04-27 22:07:48.540 9 INFO neutron.wsgi [None req-799a378b-cd82-4574-bd40-5afbdf79084e 321b433d6fcd4a238cd5779fedc73059 4bd8039a746247748b77015018c71db6 - - default default] 10.0.0.105 "GET /v2.0/security-group-rules HTTP/1.1" status: 200 len: 4119 time: 0.0487084
2026-04-27 22:07:48.611 10 INFO neutron.db.ovn_revision_numbers_db [None req-dcf60f40-217e-4597-a9b7-15ea8ceb4646 5785e1b138df4a288cf151cfd6ebbb8a d3a89fa4633c4386bc030007e6181bba - - default default] Successfully bumped revision number for resource 786329b9-05f0-45cb-a66c-e0eb41970a9b (type: security_group_rules) to 0
2026-04-27 22:07:48.661 9 INFO neutron.wsgi [None req-e12c6a0d-060d-438d-831b-a5b2a5c94a8f 321b433d6fcd4a238cd5779fedc73059 4bd8039a746247748b77015018c71db6 - - default default] 10.0.0.105 "DELETE /v2.0/security-group-rules/c0eff2d6-b633-4869-8ac1-bc936cb896c5 HTTP/1.1" status: 204 len: 168 time: 0.1140881
2026-04-27 22:07:48.672 10 INFO neutron.wsgi [None req-dcf60f40-217e-4597-a9b7-15ea8ceb4646 5785e1b138df4a288cf151cfd6ebbb8a d3a89fa4633c4386bc030007e6181bba - - default default] 10.0.0.105 "POST /v2.0/security-group-rules HTTP/1.1" status: 201 len: 768 time: 0.3333378
2026-04-27 22:07:48.682 10 WARNING neutron_lib.context [None req-fcc55696-f546-4440-b035-4e88888bf084 5785e1b138df4a288cf151cfd6ebbb8a d3a89fa4633c4386bc030007e6181bba - - default default] Method 'is_advsvc' is deprecated since 2023.2 release (neutron-lib 3.8.0) and will be removed once support for the old RBAC API policies will be removed from Neutron. Please use method 'is_service_role' instead.
2026-04-27 22:07:48.689 10 INFO neutron.db.ovn_revision_numbers_db [None req-cfd2bfb8-514d-4c0a-8f67-4a3930d9affb 6d979188b91b49348206beb5a3163239 0a789415a1f04494a156ef431f593b1e - - default default] Successfully bumped revision number for resource f945168a-bf99-4bae-87e4-a0390b47e8e1 (type: routers) to 7
2026-04-27 22:07:48.692 10 INFO neutron.wsgi [None req-cfd2bfb8-514d-4c0a-8f67-4a3930d9affb 6d979188b91b49348206beb5a3163239 0a789415a1f04494a156ef431f593b1e - - default default] 10.0.0.105 "PUT /v2.0/routers/f945168a-bf99-4bae-87e4-a0390b47e8e1 HTTP/1.1" status: 200 len: 655 time: 0.5149834
2026-04-27 22:07:48.701 9 INFO neutron.wsgi [None req-84a7cfca-93dd-45f2-845b-f8e5b0bb0551 321b433d6fcd4a238cd5779fedc73059 4bd8039a746247748b77015018c71db6 - - default default] 10.0.0.105 "GET /v2.0/security-group-rules HTTP/1.1" status: 200 len: 3567 time: 0.0353010
2026-04-27 22:07:48.719 10 INFO neutron.db.securitygroups_db [None req-fcc55696-f546-4440-b035-4e88888bf084 5785e1b138df4a288cf151cfd6ebbb8a d3a89fa4633c4386bc030007e6181bba - - default default] Project d3a89fa4633c4386bc030007e6181bba added a security group rule with legacy IPv6 ICMP protocol name icmp, ipv6-icmp should be used instead. It was automatically converted.
2026-04-27 22:07:48.724 10 INFO neutron.wsgi [None req-c74616fe-33c7-4451-be16-55f78c49625b 6d979188b91b49348206beb5a3163239 0a789415a1f04494a156ef431f593b1e - - default default] 10.0.0.105 "GET /v2.0/ports?device_id=f945168a-bf99-4bae-87e4-a0390b47e8e1 HTTP/1.1" status: 200 len: 205 time: 0.0269358
2026-04-27 22:07:48.829 10 INFO neutron.db.ovn_revision_numbers_db [None req-fcc55696-f546-4440-b035-4e88888bf084 5785e1b138df4a288cf151cfd6ebbb8a d3a89fa4633c4386bc030007e6181bba - - default default] Successfully bumped revision number for resource 3a207280-07b9-4798-9a3c-6c32bd12b2cb (type: security_group_rules) to 0
2026-04-27 22:07:48.853 10 INFO neutron.wsgi [None req-fcc55696-f546-4440-b035-4e88888bf084 5785e1b138df4a288cf151cfd6ebbb8a d3a89fa4633c4386bc030007e6181bba - - default default] 10.0.0.105 "POST /v2.0/security-group-rules HTTP/1.1" status: 201 len: 774 time: 0.1751835
2026-04-27 22:07:48.865 10 WARNING neutron_lib.context [None req-8939b16e-541f-48eb-87a8-22c7958f4541 5785e1b138df4a288cf151cfd6ebbb8a d3a89fa4633c4386bc030007e6181bba - - default default] Method 'is_advsvc' is deprecated since 2023.2 release (neutron-lib 3.8.0) and will be removed once support for the old RBAC API policies will be removed from Neutron. Please use method 'is_service_role' instead.
2026-04-27 22:07:48.884 10 INFO neutron.db.securitygroups_db [None req-8939b16e-541f-48eb-87a8-22c7958f4541 5785e1b138df4a288cf151cfd6ebbb8a d3a89fa4633c4386bc030007e6181bba - - default default] Project d3a89fa4633c4386bc030007e6181bba added a security group rule with legacy IPv6 ICMP protocol name icmp, ipv6-icmp should be used instead. It was automatically converted.
2026-04-27 22:07:48.936 9 INFO neutron.wsgi [None req-2f3cdeee-c773-4d37-b23e-a22ff378204e 321b433d6fcd4a238cd5779fedc73059 4bd8039a746247748b77015018c71db6 - - default default] 10.0.0.105 "DELETE /v2.0/security-groups/b3bcee95-b4f3-4c94-841c-a5d9d6211ceb HTTP/1.1" status: 204 len: 168 time: 0.2295895
2026-04-27 22:07:48.991 9 INFO neutron.wsgi [None req-e428d0c5-f842-47e3-be14-4bdc79d781ef 6d979188b91b49348206beb5a3163239 0a789415a1f04494a156ef431f593b1e - - default default] 10.0.0.105 "DELETE /v2.0/routers/f945168a-bf99-4bae-87e4-a0390b47e8e1 HTTP/1.1" status: 204 len: 168 time: 0.2604980
2026-04-27 22:07:48.994 10 INFO neutron.wsgi [None req-c28afa00-ea14-4c46-92a5-9ee9c7654362 321b433d6fcd4a238cd5779fedc73059 4bd8039a746247748b77015018c71db6 - - default default] 10.0.0.105 "GET /v2.0/security-groups HTTP/1.1" status: 200 len: 2996 time: 0.0514855
2026-04-27 22:07:49.021 10 INFO neutron.db.ovn_revision_numbers_db [None req-8939b16e-541f-48eb-87a8-22c7958f4541 5785e1b138df4a288cf151cfd6ebbb8a d3a89fa4633c4386bc030007e6181bba - - default default] Successfully bumped revision number for resource 9999c175-c715-4c1f-82d4-20735e3dce80 (type: security_group_rules) to 0
2026-04-27 22:07:49.032 9 INFO neutron.wsgi [None req-ba61b002-b98f-4dca-bc74-7677f0d1a36e 321b433d6fcd4a238cd5779fedc73059 4bd8039a746247748b77015018c71db6 - - default default] 10.0.0.105 "GET /v2.0/security-groups HTTP/1.1" status: 200 len: 2996 time: 0.0314100
2026-04-27 22:07:49.044 10 INFO neutron.wsgi [None req-8939b16e-541f-48eb-87a8-22c7958f4541 5785e1b138df4a288cf151cfd6ebbb8a d3a89fa4633c4386bc030007e6181bba - - default default] 10.0.0.105 "POST /v2.0/security-group-rules HTTP/1.1" status: 201 len: 773 time: 0.1859369
2026-04-27 22:07:49.486 9 INFO neutron.db.ovn_revision_numbers_db [None req-13ad97ec-c7c1-4fa4-9882-b0991b44f5e0 da9ea4bce9fa49798930ea075b6f69d6 9e87328a0e33464295d10e591d61c010 - - default default] Successfully bumped revision number for resource b36c0033-b548-4459-a767-dc12a7de9bab (type: security_groups) to 1
2026-04-27 22:07:49.504 9 INFO neutron.db.ovn_revision_numbers_db [None req-13ad97ec-c7c1-4fa4-9882-b0991b44f5e0 da9ea4bce9fa49798930ea075b6f69d6 9e87328a0e33464295d10e591d61c010 - - default default] Successfully bumped revision number for resource 5a6dc99f-c152-43fb-9b5e-9cf6ba4185eb (type: security_group_rules) to 0
2026-04-27 22:07:49.517 9 INFO neutron.db.ovn_revision_numbers_db [None req-13ad97ec-c7c1-4fa4-9882-b0991b44f5e0 da9ea4bce9fa49798930ea075b6f69d6 9e87328a0e33464295d10e591d61c010 - - default default] Successfully bumped revision number for resource 7be2c1fe-b7f9-426c-866f-3abbb3403ab6 (type: security_group_rules) to 0
2026-04-27 22:07:49.531 9 INFO neutron.db.ovn_revision_numbers_db [None req-13ad97ec-c7c1-4fa4-9882-b0991b44f5e0 da9ea4bce9fa49798930ea075b6f69d6 9e87328a0e33464295d10e591d61c010 - - default default] Successfully bumped revision number for resource 85068db6-01f6-45c1-8c4c-9bef0094fa4f (type: security_group_rules) to 0
2026-04-27 22:07:49.545 9 INFO neutron.db.ovn_revision_numbers_db [None req-13ad97ec-c7c1-4fa4-9882-b0991b44f5e0 da9ea4bce9fa49798930ea075b6f69d6 9e87328a0e33464295d10e591d61c010 - - default default] Successfully bumped revision number for resource ece09332-9668-4e6c-a4d4-71a9f49669a4 (type: security_group_rules) to 0
2026-04-27 22:07:49.598 9 INFO neutron.db.segments_db [None req-13ad97ec-c7c1-4fa4-9882-b0991b44f5e0 da9ea4bce9fa49798930ea075b6f69d6 9e87328a0e33464295d10e591d61c010 - - default default] Added segment c439c6a9-9342-49ba-9c3d-8bdeaadbfa3a of type geneve for network 0e6196ad-ff30-44e9-87c4-fa2da144cad0
2026-04-27 22:07:49.634 10 INFO neutron.wsgi [None req-f28f26b2-920e-405e-a4ff-799844098c3d 5785e1b138df4a288cf151cfd6ebbb8a d3a89fa4633c4386bc030007e6181bba - - default default] 10.0.0.105 "GET /v2.0/networks HTTP/1.1" status: 200 len: 1492 time: 0.2341173
2026-04-27 22:07:49.709 10 INFO neutron.wsgi [None req-a2b95cb7-79cb-4c14-bafa-68733ae5f50a da9ea4bce9fa49798930ea075b6f69d6 9e87328a0e33464295d10e591d61c010 - - default default] 10.0.0.105 "GET /v2.0/security-groups?tenant_id=4bd8039a746247748b77015018c71db6&name=default HTTP/1.1" status: 200 len: 2996 time: 0.1596825
2026-04-27 22:07:49.734 9 INFO neutron.db.ovn_revision_numbers_db [None req-13ad97ec-c7c1-4fa4-9882-b0991b44f5e0 da9ea4bce9fa49798930ea075b6f69d6 9e87328a0e33464295d10e591d61c010 - - default default] Successfully bumped revision number for resource 0e6196ad-ff30-44e9-87c4-fa2da144cad0 (type: networks) to 1
2026-04-27 22:07:49.773 10 INFO neutron.wsgi [req-fd7fc9ed-7c63-4efb-b5fa-6e3c9a8d9e73 req-69b0bf6b-bbff-4d28-a688-42c554df45cc 5785e1b138df4a288cf151cfd6ebbb8a d3a89fa4633c4386bc030007e6181bba - - default default] 10.0.0.45 "GET /v2.0/security-groups?name=tempest-secgroup-smoke-995948552&fields=id&tenant_id=d3a89fa4633c4386bc030007e6181bba HTTP/1.1" status: 200 len: 267 time: 0.0556159
2026-04-27 22:07:49.876 10 INFO neutron.wsgi [req-fd7fc9ed-7c63-4efb-b5fa-6e3c9a8d9e73 req-09f586df-5bac-49db-9b4f-d139caf04af2 5785e1b138df4a288cf151cfd6ebbb8a d3a89fa4633c4386bc030007e6181bba - - default default] 10.0.0.45 "GET /v2.0/networks?id=39177c2a-0737-4f30-b1ff-69aad5341d37 HTTP/1.1" status: 200 len: 859 time: 0.0941517
2026-04-27 22:07:49.895 10 INFO neutron.wsgi [req-fd7fc9ed-7c63-4efb-b5fa-6e3c9a8d9e73 req-1fd5712c-9c23-434a-a604-24438b756693 5785e1b138df4a288cf151cfd6ebbb8a d3a89fa4633c4386bc030007e6181bba - - default default] 10.0.0.45 "GET /v2.0/quotas/d3a89fa4633c4386bc030007e6181bba HTTP/1.1" status: 200 len: 386 time: 0.0120828
2026-04-27 22:07:49.919 9 WARNING neutron.scheduler.dhcp_agent_scheduler [None req-13ad97ec-c7c1-4fa4-9882-b0991b44f5e0 da9ea4bce9fa49798930ea075b6f69d6 9e87328a0e33464295d10e591d61c010 - - default default] No more DHCP agents
2026-04-27 22:07:49.921 9 WARNING neutron.api.rpc.agentnotifiers.dhcp_rpc_agent_api [None req-13ad97ec-c7c1-4fa4-9882-b0991b44f5e0 da9ea4bce9fa49798930ea075b6f69d6 9e87328a0e33464295d10e591d61c010 - - default default] Unable to schedule network 0e6196ad-ff30-44e9-87c4-fa2da144cad0: no agents available; will retry on subsequent port and subnet creation events.
2026-04-27 22:07:49.956 10 INFO neutron.db.ovn_revision_numbers_db [None req-5692153a-b6f3-4ad5-8c9e-f4317a8efb4a da9ea4bce9fa49798930ea075b6f69d6 9e87328a0e33464295d10e591d61c010 - - default default] Successfully bumped revision number for resource d2be3cad-e702-4f8b-83bc-c33f20c87c1e (type: security_groups) to 1
2026-04-27 22:07:49.990 10 INFO neutron.db.ovn_revision_numbers_db [None req-5692153a-b6f3-4ad5-8c9e-f4317a8efb4a da9ea4bce9fa49798930ea075b6f69d6 9e87328a0e33464295d10e591d61c010 - - default default] Successfully bumped revision number for resource 3f931fde-1adf-4840-9f1c-30315ae7140d (type: security_group_rules) to 0
2026-04-27 22:07:50.009 9 INFO neutron.db.ovn_revision_numbers_db [None req-13ad97ec-c7c1-4fa4-9882-b0991b44f5e0 da9ea4bce9fa49798930ea075b6f69d6 9e87328a0e33464295d10e591d61c010 - - default default] Successfully bumped revision number for resource 0ed84f63-427a-45cc-b59b-ac6ae6c628fd (type: ports) to 1
2026-04-27 22:07:50.013 10 INFO neutron.wsgi [req-fd7fc9ed-7c63-4efb-b5fa-6e3c9a8d9e73 req-8f5043ce-16ac-49dd-a4f6-fd28add6f3f3 5785e1b138df4a288cf151cfd6ebbb8a d3a89fa4633c4386bc030007e6181bba - - default default] 10.0.0.45 "GET /v2.0/ports?tenant_id=d3a89fa4633c4386bc030007e6181bba&fields=id HTTP/1.1" status: 200 len: 348 time: 0.1091757
2026-04-27 22:07:50.014 10 INFO neutron.db.ovn_revision_numbers_db [None req-5692153a-b6f3-4ad5-8c9e-f4317a8efb4a da9ea4bce9fa49798930ea075b6f69d6 9e87328a0e33464295d10e591d61c010 - - default default] Successfully bumped revision number for resource d766d29c-126b-4ee9-9e61-028bf1a01a48 (type: security_group_rules) to 0
2026-04-27 22:07:50.033 9 INFO neutron.wsgi [None req-13ad97ec-c7c1-4fa4-9882-b0991b44f5e0 da9ea4bce9fa49798930ea075b6f69d6 9e87328a0e33464295d10e591d61c010 - - default default] 10.0.0.105 "POST /v2.0/networks HTTP/1.1" status: 201 len: 947 time: 0.9019458
2026-04-27 22:07:50.037 10 INFO neutron.db.ovn_revision_numbers_db [None req-5692153a-b6f3-4ad5-8c9e-f4317a8efb4a da9ea4bce9fa49798930ea075b6f69d6 9e87328a0e33464295d10e591d61c010 - - default default] Successfully bumped revision number for resource e34a2496-006f-4d65-a59f-67a9c533afd2 (type: security_group_rules) to 0
2026-04-27 22:07:50.048 10 INFO neutron.wsgi [None req-3738a527-4649-4d1e-b490-1d9234be0057 da9ea4bce9fa49798930ea075b6f69d6 9e87328a0e33464295d10e591d61c010 - - default default] 10.0.0.105 "DELETE /v2.0/security-groups/0cc43536-24aa-4cc2-951c-5bb7051cd910 HTTP/1.1" status: 204 len: 168 time: 0.3348253
2026-04-27 22:07:50.079 10 INFO neutron.db.ovn_revision_numbers_db [None req-5692153a-b6f3-4ad5-8c9e-f4317a8efb4a da9ea4bce9fa49798930ea075b6f69d6 9e87328a0e33464295d10e591d61c010 - - default default] Successfully bumped revision number for resource ef17e980-ffd3-46eb-92d9-16ba41e398e9 (type: security_group_rules) to 0
2026-04-27 22:07:50.109 10 INFO neutron.wsgi [None req-5692153a-b6f3-4ad5-8c9e-f4317a8efb4a da9ea4bce9fa49798930ea075b6f69d6 9e87328a0e33464295d10e591d61c010 - - default default] 10.0.0.105 "GET /v2.0/security-groups?tenant_id=0a789415a1f04494a156ef431f593b1e&name=default HTTP/1.1" status: 200 len: 2996 time: 0.4125206
2026-04-27 22:07:50.122 10 INFO neutron.wsgi [req-fd7fc9ed-7c63-4efb-b5fa-6e3c9a8d9e73 req-717edb26-1767-421b-aa7a-e87b44e26ad9 dfe67ae67a0d45b0a4511adb4b45b466 398885860a1a485a97ce085702de3e7d - - 9b8ddd2dacbe4426aee095541780fd67 9b8ddd2dacbe4426aee095541780fd67] 10.0.0.45 "GET /v2.0/networks/39177c2a-0737-4f30-b1ff-69aad5341d37?fields=segments HTTP/1.1" status: 200 len: 212 time: 0.0943606
2026-04-27 22:07:50.187 10 INFO neutron.wsgi [req-fd7fc9ed-7c63-4efb-b5fa-6e3c9a8d9e73 req-44e6ada1-2e4d-4a94-867b-eca8aa3cb62b dfe67ae67a0d45b0a4511adb4b45b466 398885860a1a485a97ce085702de3e7d - - 9b8ddd2dacbe4426aee095541780fd67 9b8ddd2dacbe4426aee095541780fd67] 10.0.0.45 "GET /v2.0/networks/39177c2a-0737-4f30-b1ff-69aad5341d37?fields=provider%3Aphysical_network&fields=provider%3Anetwork_type HTTP/1.1" status: 200 len: 277 time: 0.0581355
2026-04-27 22:07:50.238 9 WARNING neutron.scheduler.dhcp_agent_scheduler [None req-c3f89a08-94b4-4dee-9133-71b12d632dc3 da9ea4bce9fa49798930ea075b6f69d6 9e87328a0e33464295d10e591d61c010 - - default default] No more DHCP agents
2026-04-27 22:07:50.242 9 WARNING neutron.api.rpc.agentnotifiers.dhcp_rpc_agent_api [None req-c3f89a08-94b4-4dee-9133-71b12d632dc3 da9ea4bce9fa49798930ea075b6f69d6 9e87328a0e33464295d10e591d61c010 - - default default] Unable to schedule network 0e6196ad-ff30-44e9-87c4-fa2da144cad0: no agents available; will retry on subsequent port and subnet creation events.
2026-04-27 22:07:50.369 10 INFO neutron.wsgi [req-5243e3fc-7213-4777-b4d2-4c3d05de3e14 req-30ae5944-6110-4c41-9f7f-87f15ac3327e 5785e1b138df4a288cf151cfd6ebbb8a d3a89fa4633c4386bc030007e6181bba - - default default] 10.0.0.45 "GET /v2.0/ports?device_id=9a6978e4-3ac9-4535-b55a-a022a0d7b0cc HTTP/1.1" status: 200 len: 210 time: 0.0410619
2026-04-27 22:07:50.418 9 INFO neutron.wsgi [None req-a53ce2f8-f948-4f8a-998b-92b4586079b6 da9ea4bce9fa49798930ea075b6f69d6 9e87328a0e33464295d10e591d61c010 - - default default] 10.0.0.105 "DELETE /v2.0/security-groups/d2be3cad-e702-4f8b-83bc-c33f20c87c1e HTTP/1.1" status: 204 len: 168 time: 0.3029499
2026-04-27 22:07:50.692 10 INFO neutron.db.ovn_revision_numbers_db [None req-2b0f1366-0b2e-4d02-95d5-1cf801f7dc25 da9ea4bce9fa49798930ea075b6f69d6 9e87328a0e33464295d10e591d61c010 - - default default] Successfully bumped revision number for resource e8a8b4df-fda4-432c-a088-b607b70e102b (type: security_groups) to 1
2026-04-27 22:07:50.704 10 INFO neutron.db.ovn_revision_numbers_db [None req-2b0f1366-0b2e-4d02-95d5-1cf801f7dc25 da9ea4bce9fa49798930ea075b6f69d6 9e87328a0e33464295d10e591d61c010 - - default default] Successfully bumped revision number for resource 0f00cce8-edfc-4c81-b554-975ea3f57ec5 (type: security_group_rules) to 0
2026-04-27 22:07:50.719 10 INFO neutron.db.ovn_revision_numbers_db [None req-2b0f1366-0b2e-4d02-95d5-1cf801f7dc25 da9ea4bce9fa49798930ea075b6f69d6 9e87328a0e33464295d10e591d61c010 - - default default] Successfully bumped revision number for resource 2abcad62-0dfa-4409-b702-f04288fecec4 (type: security_group_rules) to 0
2026-04-27 22:07:50.735 10 INFO neutron.db.ovn_revision_numbers_db [None req-2b0f1366-0b2e-4d02-95d5-1cf801f7dc25 da9ea4bce9fa49798930ea075b6f69d6 9e87328a0e33464295d10e591d61c010 - - default default] Successfully bumped revision number for resource ba68f5d7-b265-421d-a1c0-5f904897db8e (type: security_group_rules) to 0
2026-04-27 22:07:50.755 10 INFO neutron.db.ovn_revision_numbers_db [None req-2b0f1366-0b2e-4d02-95d5-1cf801f7dc25 da9ea4bce9fa49798930ea075b6f69d6 9e87328a0e33464295d10e591d61c010 - - default default] Successfully bumped revision number for resource efecc2a5-0230-47c5-9a21-b0ef5214d3de (type: security_group_rules) to 0
2026-04-27 22:07:50.775 9 INFO neutron.db.ovn_revision_numbers_db [None req-c3f89a08-94b4-4dee-9133-71b12d632dc3 da9ea4bce9fa49798930ea075b6f69d6 9e87328a0e33464295d10e591d61c010 - - default default] Successfully bumped revision number for resource 0ed84f63-427a-45cc-b59b-ac6ae6c628fd (type: ports) to 2
2026-04-27 22:07:50.783 10 INFO neutron.wsgi [None req-2b0f1366-0b2e-4d02-95d5-1cf801f7dc25 da9ea4bce9fa49798930ea075b6f69d6 9e87328a0e33464295d10e591d61c010 - - default default] 10.0.0.105 "GET /v2.0/security-groups?tenant_id=3391a5c2ef424c98bb5f2b3d4e5729c6&name=default HTTP/1.1" status: 200 len: 2996 time: 0.2085941
2026-04-27 22:07:50.808 9 INFO neutron.db.ovn_revision_numbers_db [None req-c3f89a08-94b4-4dee-9133-71b12d632dc3 da9ea4bce9fa49798930ea075b6f69d6 9e87328a0e33464295d10e591d61c010 - - default default] Successfully bumped revision number for resource 2c5de4ae-19f6-4d20-b48d-b55c208922f5 (type: subnets) to 0
2026-04-27 22:07:50.823 9 INFO neutron.wsgi [None req-c3f89a08-94b4-4dee-9133-71b12d632dc3 da9ea4bce9fa49798930ea075b6f69d6 9e87328a0e33464295d10e591d61c010 - - default default] 10.0.0.105 "POST /v2.0/subnets HTTP/1.1" status: 201 len: 867 time: 0.7842500
2026-04-27 22:07:51.013 10 INFO neutron.wsgi [None req-8f06893e-e61e-434d-b252-b7faffef3a36 da9ea4bce9fa49798930ea075b6f69d6 9e87328a0e33464295d10e591d61c010 - - default default] 10.0.0.105 "DELETE /v2.0/security-groups/e8a8b4df-fda4-432c-a088-b607b70e102b HTTP/1.1" status: 204 len: 168 time: 0.2250588
2026-04-27 22:07:51.059 10 INFO neutron.wsgi [req-fd7fc9ed-7c63-4efb-b5fa-6e3c9a8d9e73 req-c99e9e9e-017f-4b3f-9a51-c3a44584489f 5785e1b138df4a288cf151cfd6ebbb8a d3a89fa4633c4386bc030007e6181bba - - default default] 199.204.45.129 "GET /v2.0/networks?id=39177c2a-0737-4f30-b1ff-69aad5341d37 HTTP/1.1" status: 200 len: 859 time: 0.0676422
2026-04-27 22:07:51.118 10 INFO neutron.wsgi [req-fd7fc9ed-7c63-4efb-b5fa-6e3c9a8d9e73 req-20883e78-30bd-4f08-ab7a-583a3a9c03db 5785e1b138df4a288cf151cfd6ebbb8a d3a89fa4633c4386bc030007e6181bba - - default default] 199.204.45.129 "GET /v2.0/security-groups?fields=id&fields=name&tenant_id=d3a89fa4633c4386bc030007e6181bba HTTP/1.1" status: 200 len: 471 time: 0.0543041
2026-04-27 22:07:51.154 10 WARNING neutron_lib.context [req-fd7fc9ed-7c63-4efb-b5fa-6e3c9a8d9e73 req-274fcc1d-611a-4523-a339-0d0255234643 5785e1b138df4a288cf151cfd6ebbb8a d3a89fa4633c4386bc030007e6181bba - - default default] Method 'is_advsvc' is deprecated since 2023.2 release (neutron-lib 3.8.0) and will be removed once support for the old RBAC API policies will be removed from Neutron. Please use method 'is_service_role' instead.
2026-04-27 22:07:51.283 9 WARNING neutron.scheduler.dhcp_agent_scheduler [None req-4e3cd5e8-6d06-46e1-b69d-99d117f717cf da9ea4bce9fa49798930ea075b6f69d6 9e87328a0e33464295d10e591d61c010 - - default default] No more DHCP agents
2026-04-27 22:07:51.285 9 WARNING neutron.api.rpc.agentnotifiers.dhcp_rpc_agent_api [None req-4e3cd5e8-6d06-46e1-b69d-99d117f717cf da9ea4bce9fa49798930ea075b6f69d6 9e87328a0e33464295d10e591d61c010 - - default default] Unable to schedule network 5cd4b189-3e6b-435e-b218-98182b85042c: no agents available; will retry on subsequent port and subnet creation events.
2026-04-27 22:07:51.437 9 INFO neutron.db.ovn_revision_numbers_db [None req-4e3cd5e8-6d06-46e1-b69d-99d117f717cf da9ea4bce9fa49798930ea075b6f69d6 9e87328a0e33464295d10e591d61c010 - - default default] Successfully bumped revision number for resource de0ff1d9-d6e7-45b6-ae52-5b4b4f5cfac3 (type: ports) to 1
2026-04-27 22:07:51.472 10 INFO neutron.wsgi [req-b6c07750-300c-48c1-b84f-e04bdd9c1fa3 req-89cb22e4-b31c-44a1-a47e-1e5b71a30324 5785e1b138df4a288cf151cfd6ebbb8a d3a89fa4633c4386bc030007e6181bba - - default default] 10.0.0.45 "GET /v2.0/ports?device_id=9a6978e4-3ac9-4535-b55a-a022a0d7b0cc HTTP/1.1" status: 200 len: 210 time: 0.0212014
2026-04-27 22:07:51.542 10 WARNING neutron.scheduler.dhcp_agent_scheduler [req-fd7fc9ed-7c63-4efb-b5fa-6e3c9a8d9e73 req-274fcc1d-611a-4523-a339-0d0255234643 5785e1b138df4a288cf151cfd6ebbb8a d3a89fa4633c4386bc030007e6181bba - - default default] No more DHCP agents
2026-04-27 22:07:51.548 10 WARNING neutron.api.rpc.agentnotifiers.dhcp_rpc_agent_api [req-fd7fc9ed-7c63-4efb-b5fa-6e3c9a8d9e73 req-274fcc1d-611a-4523-a339-0d0255234643 5785e1b138df4a288cf151cfd6ebbb8a d3a89fa4633c4386bc030007e6181bba - - default default] Unable to schedule network 39177c2a-0737-4f30-b1ff-69aad5341d37: no agents available; will retry on subsequent port and subnet creation events.
2026-04-27 22:07:51.734 10 INFO neutron.db.ovn_revision_numbers_db [req-fd7fc9ed-7c63-4efb-b5fa-6e3c9a8d9e73 req-274fcc1d-611a-4523-a339-0d0255234643 5785e1b138df4a288cf151cfd6ebbb8a d3a89fa4633c4386bc030007e6181bba - - default default] Successfully bumped revision number for resource 0b52fbdf-509f-4578-866f-d23516288ea0 (type: ports) to 1
2026-04-27 22:07:51.757 10 INFO neutron.wsgi [req-fd7fc9ed-7c63-4efb-b5fa-6e3c9a8d9e73 req-274fcc1d-611a-4523-a339-0d0255234643 5785e1b138df4a288cf151cfd6ebbb8a d3a89fa4633c4386bc030007e6181bba - - default default] 199.204.45.129 "POST /v2.0/ports HTTP/1.1" status: 201 len: 1158 time: 0.6117320 /var/lib/openstack/lib/python3.10/site-packages/pycadf/identifier.py:71: UserWarning: Invalid uuid: neutron. To ensure interoperability, identifiers should be a valid uuid. warnings.warn(('Invalid uuid: %s. To ensure interoperability, '
2026-04-27 22:07:52.169 10 INFO neutron.db.ovn_revision_numbers_db [req-fd7fc9ed-7c63-4efb-b5fa-6e3c9a8d9e73 req-fbdca40b-eb9c-48bd-9fb0-78556839de32 dfe67ae67a0d45b0a4511adb4b45b466 398885860a1a485a97ce085702de3e7d - - 9b8ddd2dacbe4426aee095541780fd67 9b8ddd2dacbe4426aee095541780fd67] Successfully bumped revision number for resource 0b52fbdf-509f-4578-866f-d23516288ea0 (type: ports) to 2
2026-04-27 22:07:52.219 10 INFO neutron.plugins.ml2.drivers.ovn.mech_driver.mech_driver [None req-808e9de3-9bf9-42c7-be3d-e1b6b2eea620 - - - - - -] OVN reports status up for port: de0ff1d9-d6e7-45b6-ae52-5b4b4f5cfac3
2026-04-27 22:07:52.256 10 INFO neutron.plugins.ml2.drivers.ovn.mech_driver.ovsdb.ovsdb_monitor [None req-f7b62bda-641d-4375-b405-e3395216486b - - - - - -] Router 8029c695-077b-4b05-b51a-b53882c4d710 is bound to host instance
2026-04-27 22:07:52.258 9 INFO neutron.db.ovn_revision_numbers_db [None req-4e3cd5e8-6d06-46e1-b69d-99d117f717cf da9ea4bce9fa49798930ea075b6f69d6 9e87328a0e33464295d10e591d61c010 - - default default] Successfully bumped revision number for resource de0ff1d9-d6e7-45b6-ae52-5b4b4f5cfac3 (type: router_ports) to 1
2026-04-27 22:07:52.259 10 INFO neutron.plugins.ml2.plugin [None req-808e9de3-9bf9-42c7-be3d-e1b6b2eea620 - - - - - -] Attempt 1 to provision port de0ff1d9-d6e7-45b6-ae52-5b4b4f5cfac3
2026-04-27 22:07:52.288 9 WARNING neutron_lib.context [None req-81f79d21-062b-4600-b7d7-3c5d1135f3e7 a409e0635d334309846cbdd8159f0c48 a77c8a9b961c4bc59803f84a341186d3 - - default default] Method 'is_advsvc' is deprecated since 2023.2 release (neutron-lib 3.8.0) and will be removed once support for the old RBAC API policies will be removed from Neutron. Please use method 'is_service_role' instead.
2026-04-27 22:07:52.347 9 INFO neutron.db.ovn_revision_numbers_db [None req-4e3cd5e8-6d06-46e1-b69d-99d117f717cf da9ea4bce9fa49798930ea075b6f69d6 9e87328a0e33464295d10e591d61c010 - - default default] Successfully bumped revision number for resource 8029c695-077b-4b05-b51a-b53882c4d710 (type: routers) to 2
2026-04-27 22:07:52.356 9 INFO neutron.wsgi [None req-81f79d21-062b-4600-b7d7-3c5d1135f3e7 a409e0635d334309846cbdd8159f0c48 a77c8a9b961c4bc59803f84a341186d3 - - default default] 10.0.0.105 "POST /v2.0/subnetpools HTTP/1.1" status: 201 len: 748 time: 0.3429387
2026-04-27 22:07:52.358 9 INFO neutron.wsgi [None req-4e3cd5e8-6d06-46e1-b69d-99d117f717cf da9ea4bce9fa49798930ea075b6f69d6 9e87328a0e33464295d10e591d61c010 - - default default] 10.0.0.105 "POST /v2.0/routers HTTP/1.1" status: 201 len: 878 time: 1.5288889
2026-04-27 22:07:52.423 9 INFO neutron.wsgi [None req-cb364f98-9e33-48d2-8cd0-7d1286601d7a a409e0635d334309846cbdd8159f0c48 a77c8a9b961c4bc59803f84a341186d3 - - default default] 10.0.0.105 "GET /v2.0/subnetpools/f3723834-dad8-4205-835a-897cde1acc80 HTTP/1.1" status: 200 len: 743 time: 0.0617521
2026-04-27 22:07:52.528 9 INFO neutron.wsgi [None req-d036dfe4-f49b-4695-bfc2-7a024de4773b a409e0635d334309846cbdd8159f0c48 a77c8a9b961c4bc59803f84a341186d3 - - default default] 10.0.0.105 "PUT /v2.0/subnetpools/f3723834-dad8-4205-835a-897cde1acc80 HTTP/1.1" status: 200 len: 695 time: 0.0961492 /var/lib/openstack/lib/python3.10/site-packages/pycadf/identifier.py:71: UserWarning: Invalid uuid: neutron. To ensure interoperability, identifiers should be a valid uuid. warnings.warn(('Invalid uuid: %s. To ensure interoperability, '
2026-04-27 22:07:52.582 10 INFO neutron.db.ovn_revision_numbers_db [req-fd7fc9ed-7c63-4efb-b5fa-6e3c9a8d9e73 req-fbdca40b-eb9c-48bd-9fb0-78556839de32 dfe67ae67a0d45b0a4511adb4b45b466 398885860a1a485a97ce085702de3e7d - - 9b8ddd2dacbe4426aee095541780fd67 9b8ddd2dacbe4426aee095541780fd67] Successfully bumped revision number for resource 0b52fbdf-509f-4578-866f-d23516288ea0 (type: ports) to 2
2026-04-27 22:07:52.611 10 INFO neutron.wsgi [req-9b428739-92d5-41d1-a27c-16c0ec723c82 req-dc3eef14-defd-4539-b1d0-194e5d69e77d 5785e1b138df4a288cf151cfd6ebbb8a d3a89fa4633c4386bc030007e6181bba - - default default] 10.0.0.45 "GET /v2.0/ports?device_id=9a6978e4-3ac9-4535-b55a-a022a0d7b0cc HTTP/1.1" status: 200 len: 1168 time: 0.0604916
2026-04-27 22:07:52.635 9 INFO neutron.wsgi [None req-18f30308-2b2d-4ac8-b849-c7e4d1a4e696 a409e0635d334309846cbdd8159f0c48 a77c8a9b961c4bc59803f84a341186d3 - - default default] 10.0.0.105 "DELETE /v2.0/subnetpools/f3723834-dad8-4205-835a-897cde1acc80 HTTP/1.1" status: 204 len: 168 time: 0.1008441
2026-04-27 22:07:52.644 10 INFO neutron.wsgi [req-fd7fc9ed-7c63-4efb-b5fa-6e3c9a8d9e73 req-fbdca40b-eb9c-48bd-9fb0-78556839de32 dfe67ae67a0d45b0a4511adb4b45b466 398885860a1a485a97ce085702de3e7d - - 9b8ddd2dacbe4426aee095541780fd67 9b8ddd2dacbe4426aee095541780fd67] 199.204.45.129 "PUT /v2.0/ports/0b52fbdf-509f-4578-866f-d23516288ea0 HTTP/1.1" status: 200 len: 1376 time: 0.8796263
2026-04-27 22:07:52.668 9 INFO neutron.api.v2.resource [None req-3ce09aeb-759f-4565-9496-8a0b73286e8b a409e0635d334309846cbdd8159f0c48 a77c8a9b961c4bc59803f84a341186d3 - - default default] show failed (client error): The resource could not be found.
2026-04-27 22:07:52.671 9 INFO neutron.wsgi [None req-3ce09aeb-759f-4565-9496-8a0b73286e8b a409e0635d334309846cbdd8159f0c48 a77c8a9b961c4bc59803f84a341186d3 - - default default] 10.0.0.105 "GET /v2.0/subnetpools/f3723834-dad8-4205-835a-897cde1acc80 HTTP/1.1" status: 404 len: 346 time: 0.0248640
2026-04-27 22:07:52.694 10 INFO neutron.wsgi [req-9b428739-92d5-41d1-a27c-16c0ec723c82 req-bb796c0e-6cdd-4206-bb27-862827f2bfc7 5785e1b138df4a288cf151cfd6ebbb8a d3a89fa4633c4386bc030007e6181bba - - default default] 10.0.0.45 "GET /v2.0/security-groups?id=39424c81-4830-4996-b9c5-7b01533a7118&fields=id&fields=name HTTP/1.1" status: 200 len: 312 time: 0.0740085
2026-04-27 22:07:52.702 10 INFO neutron.api.v2.resource [None req-8d234ce1-ebc5-45bc-9fc1-933125596d4f a409e0635d334309846cbdd8159f0c48 a77c8a9b961c4bc59803f84a341186d3 - - default default] delete failed (client error): The resource could not be found.
2026-04-27 22:07:52.703 10 INFO neutron.wsgi [None req-8d234ce1-ebc5-45bc-9fc1-933125596d4f a409e0635d334309846cbdd8159f0c48 a77c8a9b961c4bc59803f84a341186d3 - - default default] 10.0.0.105 "DELETE /v2.0/subnetpools/f3723834-dad8-4205-835a-897cde1acc80 HTTP/1.1" status: 404 len: 346 time: 0.0198116
2026-04-27 22:07:52.705 10 INFO neutron.notifiers.nova [-] Nova event matching ['req-ae5258ce-14e7-435b-8925-f0681a634779'] response: {'name': 'network-changed', 'server_uuid': '9a6978e4-3ac9-4535-b55a-a022a0d7b0cc', 'tag': '0b52fbdf-509f-4578-866f-d23516288ea0', 'status': 'completed', 'code': 200}
2026-04-27 22:07:52.772 10 INFO neutron.wsgi [req-fd7fc9ed-7c63-4efb-b5fa-6e3c9a8d9e73 req-db9841c8-131f-4d86-9d42-c04cf9b74c59 dfe67ae67a0d45b0a4511adb4b45b466 398885860a1a485a97ce085702de3e7d - - 9b8ddd2dacbe4426aee095541780fd67 9b8ddd2dacbe4426aee095541780fd67] 199.204.45.129 "GET /v2.0/ports?tenant_id=d3a89fa4633c4386bc030007e6181bba&device_id=9a6978e4-3ac9-4535-b55a-a022a0d7b0cc HTTP/1.1" status: 200 len: 1407 time: 0.0637386
2026-04-27 22:07:52.970 9 WARNING neutron.scheduler.dhcp_agent_scheduler [None req-161b1135-3d19-4985-8787-b7789c3258a7 da9ea4bce9fa49798930ea075b6f69d6 9e87328a0e33464295d10e591d61c010 - - default default] No more DHCP agents
2026-04-27 22:07:52.974 9 WARNING neutron.api.rpc.agentnotifiers.dhcp_rpc_agent_api [None req-161b1135-3d19-4985-8787-b7789c3258a7 da9ea4bce9fa49798930ea075b6f69d6 9e87328a0e33464295d10e591d61c010 - - default default] Unable to schedule network 0e6196ad-ff30-44e9-87c4-fa2da144cad0: no agents available; will retry on subsequent port and subnet creation events.
2026-04-27 22:07:53.065 10 INFO neutron.wsgi [req-fd7fc9ed-7c63-4efb-b5fa-6e3c9a8d9e73 req-eccf7ffa-5609-439b-8a0b-b8a95e877318 dfe67ae67a0d45b0a4511adb4b45b466 398885860a1a485a97ce085702de3e7d - - 9b8ddd2dacbe4426aee095541780fd67 9b8ddd2dacbe4426aee095541780fd67] 199.204.45.129 "GET /v2.0/floatingips?fixed_ip_address=10.100.0.6&port_id=0b52fbdf-509f-4578-866f-d23516288ea0 HTTP/1.1" status: 200 len: 217 time: 0.2774725
2026-04-27 22:07:53.135 10 INFO neutron.wsgi [req-fd7fc9ed-7c63-4efb-b5fa-6e3c9a8d9e73 req-019d5bb9-6aa1-4fff-a287-ce8983e294a3 dfe67ae67a0d45b0a4511adb4b45b466 398885860a1a485a97ce085702de3e7d - - 9b8ddd2dacbe4426aee095541780fd67 9b8ddd2dacbe4426aee095541780fd67] 199.204.45.129 "GET /v2.0/subnets?id=daa64f1c-9c61-4924-94f8-f95fdd7f9fec HTTP/1.1" status: 200 len: 853 time: 0.0643940
2026-04-27 22:07:53.152 9 INFO neutron.db.ovn_revision_numbers_db [None req-161b1135-3d19-4985-8787-b7789c3258a7 da9ea4bce9fa49798930ea075b6f69d6 9e87328a0e33464295d10e591d61c010 - - default default] Successfully bumped revision number for resource 8045fe6f-b3b7-48ea-aa87-3cedac2df582 (type: ports) to 1
2026-04-27 22:07:53.167 10 INFO neutron.wsgi [req-fd7fc9ed-7c63-4efb-b5fa-6e3c9a8d9e73 req-6687da24-8c5e-4dfc-be37-5880049faf87 dfe67ae67a0d45b0a4511adb4b45b466 398885860a1a485a97ce085702de3e7d - - 9b8ddd2dacbe4426aee095541780fd67 9b8ddd2dacbe4426aee095541780fd67] 199.204.45.129 "GET /v2.0/ports?network_id=39177c2a-0737-4f30-b1ff-69aad5341d37&device_owner=network%3Adhcp HTTP/1.1" status: 200 len: 210 time: 0.0246048
