2026-04-27 22:06:11.999 10 INFO neutron.wsgi [req-4087575f-c1b4-4f7e-9aef-92148e240870 req-81456535-765e-4d5f-acca-de66c35e47f0 dfe67ae67a0d45b0a4511adb4b45b466 398885860a1a485a97ce085702de3e7d - - 9b8ddd2dacbe4426aee095541780fd67 9b8ddd2dacbe4426aee095541780fd67] 199.204.45.129 "GET /v2.0/networks?id=1b9be93b-ed6c-4f90-9933-409f626eb31f HTTP/1.1" status: 200 len: 981 time: 0.0572081
2026-04-27 22:06:12.050 10 INFO neutron.wsgi [req-4087575f-c1b4-4f7e-9aef-92148e240870 req-f4effa6c-e99d-4ddb-a17f-61c4c6cb2e24 dfe67ae67a0d45b0a4511adb4b45b466 398885860a1a485a97ce085702de3e7d - - 9b8ddd2dacbe4426aee095541780fd67 9b8ddd2dacbe4426aee095541780fd67] 199.204.45.129 "GET /v2.0/floatingips?fixed_ip_address=10.100.0.9&port_id=bf71b3ae-f726-4d54-a0ca-7ef7e4551b9b HTTP/1.1" status: 200 len: 1059 time: 0.0438378
2026-04-27 22:06:12.100 10 INFO neutron.wsgi [req-4087575f-c1b4-4f7e-9aef-92148e240870 req-4fa5c743-c771-403f-a41a-9b390ba04891 dfe67ae67a0d45b0a4511adb4b45b466 398885860a1a485a97ce085702de3e7d - - 9b8ddd2dacbe4426aee095541780fd67 9b8ddd2dacbe4426aee095541780fd67] 199.204.45.129 "GET /v2.0/subnets?id=f944b79d-6a25-43c2-bf5b-b3248168f6e5 HTTP/1.1" status: 200 len: 876 time: 0.0446036
2026-04-27 22:06:12.131 10 INFO neutron.wsgi [req-4087575f-c1b4-4f7e-9aef-92148e240870 req-3bea1900-515d-4d82-8a9a-29a8d0f58e4f dfe67ae67a0d45b0a4511adb4b45b466 398885860a1a485a97ce085702de3e7d - - 9b8ddd2dacbe4426aee095541780fd67 9b8ddd2dacbe4426aee095541780fd67] 199.204.45.129 "GET /v2.0/ports?network_id=1b9be93b-ed6c-4f90-9933-409f626eb31f&device_owner=network%3Adhcp HTTP/1.1" status: 200 len: 210 time: 0.0266659
2026-04-27 22:06:12.142 10 WARNING neutron.plugins.ml2.drivers.ovn.mech_driver.ovsdb.ovn_client [None req-808e9de3-9bf9-42c7-be3d-e1b6b2eea620 - - - - - -] No hosting information found for port 3d398b8c-6613-4626-b16b-13934dbe6518: RuntimeError: No hosting information found for port 3d398b8c-6613-4626-b16b-13934dbe6518
2026-04-27 22:06:12.247 10 INFO neutron.wsgi [req-4087575f-c1b4-4f7e-9aef-92148e240870 req-dd4b034a-4b5a-420b-8c9e-b44918dae490 dfe67ae67a0d45b0a4511adb4b45b466 398885860a1a485a97ce085702de3e7d - - 9b8ddd2dacbe4426aee095541780fd67 9b8ddd2dacbe4426aee095541780fd67] 199.204.45.129 "GET /v2.0/networks/1b9be93b-ed6c-4f90-9933-409f626eb31f?fields=segments HTTP/1.1" status: 200 len: 212 time: 0.1119120 /var/lib/openstack/lib/python3.10/site-packages/pycadf/identifier.py:71: UserWarning: Invalid uuid: neutron. To ensure interoperability, identifiers should be a valid uuid. warnings.warn(('Invalid uuid: %s. To ensure interoperability, '
2026-04-27 22:06:12.295 9 INFO neutron.wsgi [None req-e6608eeb-39a4-4567-b462-9f475b087307 da9ea4bce9fa49798930ea075b6f69d6 9e87328a0e33464295d10e591d61c010 - - default default] 10.0.0.105 "DELETE /v2.0/routers/4eae7749-79c0-4c59-b03a-c738bdd0de00 HTTP/1.1" status: 204 len: 168 time: 0.9261959
2026-04-27 22:06:12.359 10 INFO neutron.wsgi [req-4087575f-c1b4-4f7e-9aef-92148e240870 req-2110f81f-3b32-41d8-94df-aaecd9c41579 dfe67ae67a0d45b0a4511adb4b45b466 398885860a1a485a97ce085702de3e7d - - 9b8ddd2dacbe4426aee095541780fd67 9b8ddd2dacbe4426aee095541780fd67] 199.204.45.129 "GET /v2.0/networks/1b9be93b-ed6c-4f90-9933-409f626eb31f?fields=provider%3Aphysical_network&fields=provider%3Anetwork_type HTTP/1.1" status: 200 len: 277 time: 0.0981677
2026-04-27 22:06:12.387 10 INFO neutron.wsgi [-] 10.0.0.203 "GET / HTTP/1.1" status: 200 len: 246 time: 0.0017850
2026-04-27 22:06:12.388 9 INFO neutron.wsgi [-] 10.0.0.203 "GET / HTTP/1.1" status: 200 len: 246 time: 0.0017123
2026-04-27 22:06:12.487 9 INFO neutron.wsgi [None req-be1761f6-2252-4db8-bf11-e819a2dfd812 da9ea4bce9fa49798930ea075b6f69d6 9e87328a0e33464295d10e591d61c010 - - default default] 10.0.0.105 "DELETE /v2.0/subnets/84b23dee-e04d-4098-8798-353c130e958b HTTP/1.1" status: 204 len: 168 time: 0.1873925
2026-04-27 22:06:12.503 10 INFO neutron.notifiers.nova [-] Nova event matching ['req-eb1cb678-187e-4cdf-8968-d390b7870a42'] response: {'name': 'network-changed', 'server_uuid': 'dbfe0595-c272-4271-bf80-4e0a207f27a0', 'tag': 'bf71b3ae-f726-4d54-a0ca-7ef7e4551b9b', 'status': 'completed', 'code': 200}
2026-04-27 22:06:12.569 10 INFO neutron.wsgi [req-0f171690-693d-4dd4-a4ae-3420ede9b115 req-52d646fe-e19b-45ff-a85b-4ed91f1c4c57 dfe67ae67a0d45b0a4511adb4b45b466 398885860a1a485a97ce085702de3e7d - - 9b8ddd2dacbe4426aee095541780fd67 9b8ddd2dacbe4426aee095541780fd67] 199.204.45.129 "GET /v2.0/ports?tenant_id=81b1f8bbda12485a805c873e5f3e38b4&device_id=dbfe0595-c272-4271-bf80-4e0a207f27a0 HTTP/1.1" status: 200 len: 1409 time: 0.0487936
2026-04-27 22:06:12.634 10 INFO neutron.wsgi [req-0f171690-693d-4dd4-a4ae-3420ede9b115 req-8df3870b-10ac-4f11-9ba3-6f9e203bed01 dfe67ae67a0d45b0a4511adb4b45b466 398885860a1a485a97ce085702de3e7d - - 9b8ddd2dacbe4426aee095541780fd67 9b8ddd2dacbe4426aee095541780fd67] 199.204.45.129 "GET /v2.0/networks?id=1b9be93b-ed6c-4f90-9933-409f626eb31f HTTP/1.1" status: 200 len: 981 time: 0.0606377
2026-04-27 22:06:12.696 10 INFO neutron.wsgi [req-0f171690-693d-4dd4-a4ae-3420ede9b115 req-437c1d28-9f55-469c-a0ad-9f283b1e3f39 dfe67ae67a0d45b0a4511adb4b45b466 398885860a1a485a97ce085702de3e7d - - 9b8ddd2dacbe4426aee095541780fd67 9b8ddd2dacbe4426aee095541780fd67] 199.204.45.129 "GET /v2.0/floatingips?fixed_ip_address=10.100.0.9&port_id=bf71b3ae-f726-4d54-a0ca-7ef7e4551b9b HTTP/1.1" status: 200 len: 1059 time: 0.0508490
2026-04-27 22:06:12.718 9 INFO neutron.wsgi [req-7c65028a-6663-4af3-8921-a9e7ffd10a49 req-cf45543c-75db-45e5-b586-9391ead021eb a676f1ea83d145e0af064c48c3f11e1a d33dcc6b5fb54144aeed0f41d4b9283e - - default default] 199.204.45.129 "GET /v2.0/networks?id=6a1f9827-8517-461e-973c-add3f59b9f3a HTTP/1.1" status: 200 len: 871 time: 0.1106026
2026-04-27 22:06:12.727 9 WARNING neutron_lib.context [req-7c65028a-6663-4af3-8921-a9e7ffd10a49 req-8be7d743-77d8-42d1-bcbc-4bd5c324e4d1 a676f1ea83d145e0af064c48c3f11e1a d33dcc6b5fb54144aeed0f41d4b9283e - - default default] Method 'is_advsvc' is deprecated since 2023.2 release (neutron-lib 3.8.0) and will be removed once support for the old RBAC API policies will be removed from Neutron. Please use method 'is_service_role' instead.
2026-04-27 22:06:12.743 10 INFO neutron.wsgi [req-0f171690-693d-4dd4-a4ae-3420ede9b115 req-7589e287-42ce-4ce7-aaf6-5a9f1631506e dfe67ae67a0d45b0a4511adb4b45b466 398885860a1a485a97ce085702de3e7d - - 9b8ddd2dacbe4426aee095541780fd67 9b8ddd2dacbe4426aee095541780fd67] 199.204.45.129 "GET /v2.0/subnets?id=f944b79d-6a25-43c2-bf5b-b3248168f6e5 HTTP/1.1" status: 200 len: 876 time: 0.0389674
2026-04-27 22:06:12.774 10 INFO neutron.wsgi [req-0f171690-693d-4dd4-a4ae-3420ede9b115 req-aa086b08-e52c-4506-904c-2b920089d972 dfe67ae67a0d45b0a4511adb4b45b466 398885860a1a485a97ce085702de3e7d - - 9b8ddd2dacbe4426aee095541780fd67 9b8ddd2dacbe4426aee095541780fd67] 199.204.45.129 "GET /v2.0/ports?network_id=1b9be93b-ed6c-4f90-9933-409f626eb31f&device_owner=network%3Adhcp HTTP/1.1" status: 200 len: 210 time: 0.0230229
2026-04-27 22:06:12.864 10 INFO neutron.wsgi [req-0f171690-693d-4dd4-a4ae-3420ede9b115 req-be9990e0-3eb8-442f-bcab-3df5f41d9d58 dfe67ae67a0d45b0a4511adb4b45b466 398885860a1a485a97ce085702de3e7d - - 9b8ddd2dacbe4426aee095541780fd67 9b8ddd2dacbe4426aee095541780fd67] 199.204.45.129 "GET /v2.0/networks/1b9be93b-ed6c-4f90-9933-409f626eb31f?fields=segments HTTP/1.1" status: 200 len: 212 time: 0.0624194
2026-04-27 22:06:12.930 10 INFO neutron.wsgi [req-188790f5-7bf6-4408-84f6-1c83a3b72a04 req-b6128cfb-2bbb-46a6-b738-982cfd98cc36 a676f1ea83d145e0af064c48c3f11e1a d33dcc6b5fb54144aeed0f41d4b9283e - - default default] 10.0.0.45 "GET /v2.0/ports?device_id=3e79b04b-0096-4320-adf8-f0c0c17fe147 HTTP/1.1" status: 200 len: 210 time: 0.0309696
2026-04-27 22:06:12.941 9 INFO neutron.services.segments.plugin [-] Segment 51aeefe6-0d1e-439c-bafb-d4706442efc7 resource provider aggregate not found
2026-04-27 22:06:12.950 9 INFO neutron.services.segments.plugin [-] Segment 51aeefe6-0d1e-439c-bafb-d4706442efc7 resource provider aggregate not found
2026-04-27 22:06:12.961 10 INFO neutron.wsgi [req-0f171690-693d-4dd4-a4ae-3420ede9b115 req-a04e9c59-1119-40c2-9bd1-e0a1643f258e dfe67ae67a0d45b0a4511adb4b45b466 398885860a1a485a97ce085702de3e7d - - 9b8ddd2dacbe4426aee095541780fd67 9b8ddd2dacbe4426aee095541780fd67] 199.204.45.129 "GET /v2.0/networks/1b9be93b-ed6c-4f90-9933-409f626eb31f?fields=provider%3Aphysical_network&fields=provider%3Anetwork_type HTTP/1.1" status: 200 len: 277 time: 0.0822246
2026-04-27 22:06:12.963 9 INFO neutron.services.segments.plugin [-] Segment 51aeefe6-0d1e-439c-bafb-d4706442efc7 resource provider not found; error: Placement Client Error (4xx): {"errors": [{"status": 404, "title": "Not Found", "detail": "The resource could not be found.\n\n No resource provider with uuid 51aeefe6-0d1e-439c-bafb-d4706442efc7 found for delete ", "request_id": "req-f22a8770-c520-4983-85a9-7c01685132e5"}]}
2026-04-27 22:06:12.975 9 INFO neutron.services.segments.plugin [-] Segment 51aeefe6-0d1e-439c-bafb-d4706442efc7 resource provider not found; error: Placement Client Error (4xx): {"errors": [{"status": 404, "title": "Not Found", "detail": "The resource could not be found.\n\n No resource provider with uuid 51aeefe6-0d1e-439c-bafb-d4706442efc7 found for delete ", "request_id": "req-a2973afa-27f4-475c-b171-21840bfe217c"}]}
2026-04-27 22:06:13.001 9 INFO neutron.wsgi [None req-a9c49421-d6f8-4e4d-9d82-d628a633a195 da9ea4bce9fa49798930ea075b6f69d6 9e87328a0e33464295d10e591d61c010 - - default default] 10.0.0.105 "DELETE /v2.0/networks/5d3d6d94-7fe3-4f0e-8067-7664bc725c49 HTTP/1.1" status: 204 len: 168 time: 0.5076036
2026-04-27 22:06:13.125 9 WARNING neutron.scheduler.dhcp_agent_scheduler [req-7c65028a-6663-4af3-8921-a9e7ffd10a49 req-8be7d743-77d8-42d1-bcbc-4bd5c324e4d1 a676f1ea83d145e0af064c48c3f11e1a d33dcc6b5fb54144aeed0f41d4b9283e - - default default] No more DHCP agents
2026-04-27 22:06:13.129 9 WARNING neutron.api.rpc.agentnotifiers.dhcp_rpc_agent_api [req-7c65028a-6663-4af3-8921-a9e7ffd10a49 req-8be7d743-77d8-42d1-bcbc-4bd5c324e4d1 a676f1ea83d145e0af064c48c3f11e1a d33dcc6b5fb54144aeed0f41d4b9283e - - default default] Unable to schedule network 6a1f9827-8517-461e-973c-add3f59b9f3a: no agents available; will retry on subsequent port and subnet creation events.
2026-04-27 22:06:13.145 10 INFO neutron.wsgi [req-780a9f32-d7a1-465f-b325-0bfed4469f82 req-461bd4d4-9e98-4021-9aed-e6731b61e309 41d6b2319d7a48da80ed242243d4c425 81b1f8bbda12485a805c873e5f3e38b4 - - default default] 10.0.0.45 "GET /v2.0/ports?device_id=dbfe0595-c272-4271-bf80-4e0a207f27a0 HTTP/1.1" status: 200 len: 1170 time: 0.0458274
2026-04-27 22:06:13.147 10 INFO neutron.wsgi [None req-83411b4c-76c3-4f0a-9901-0134cb682abb da9ea4bce9fa49798930ea075b6f69d6 9e87328a0e33464295d10e591d61c010 - - default default] 10.0.0.105 "GET /v2.0/security-groups?tenant_id=2037603b4b5b4205bf6d6d9b656e3786&name=default HTTP/1.1" status: 200 len: 2996 time: 0.0635507
2026-04-27 22:06:13.185 10 INFO neutron.plugins.ml2.drivers.ovn.mech_driver.mech_driver [None req-808e9de3-9bf9-42c7-be3d-e1b6b2eea620 - - - - - -] OVN reports status down for port: bf71b3ae-f726-4d54-a0ca-7ef7e4551b9b
2026-04-27 22:06:13.253 10 INFO neutron.wsgi [req-780a9f32-d7a1-465f-b325-0bfed4469f82 req-a0af7c3e-2916-4849-aed5-d6720ef9f41a 41d6b2319d7a48da80ed242243d4c425 81b1f8bbda12485a805c873e5f3e38b4 - - default default] 10.0.0.45 "GET /v2.0/security-groups?id=557c4c9b-632e-4c1b-a328-50a080170d49&fields=id&fields=name HTTP/1.1" status: 200 len: 312 time: 0.1010416
2026-04-27 22:06:13.327 9 INFO neutron.db.ovn_revision_numbers_db [req-7c65028a-6663-4af3-8921-a9e7ffd10a49 req-8be7d743-77d8-42d1-bcbc-4bd5c324e4d1 a676f1ea83d145e0af064c48c3f11e1a d33dcc6b5fb54144aeed0f41d4b9283e - - default default] Successfully bumped revision number for resource c8323855-e7cb-4142-90aa-c5297d64863c (type: ports) to 1
2026-04-27 22:06:13.356 9 INFO neutron.wsgi [req-7c65028a-6663-4af3-8921-a9e7ffd10a49 req-8be7d743-77d8-42d1-bcbc-4bd5c324e4d1 a676f1ea83d145e0af064c48c3f11e1a d33dcc6b5fb54144aeed0f41d4b9283e - - default default] 199.204.45.129 "POST /v2.0/ports HTTP/1.1" status: 201 len: 1158 time: 0.6334128 /var/lib/openstack/lib/python3.10/site-packages/pycadf/identifier.py:71: UserWarning: Invalid uuid: neutron. To ensure interoperability, identifiers should be a valid uuid. warnings.warn(('Invalid uuid: %s. To ensure interoperability, '
2026-04-27 22:06:13.518 10 INFO neutron.wsgi [None req-7cd442b6-cdf8-4fc3-9054-6734c378510c da9ea4bce9fa49798930ea075b6f69d6 9e87328a0e33464295d10e591d61c010 - - default default] 10.0.0.105 "DELETE /v2.0/security-groups/8cb16d10-11c7-4838-9efa-2ae071b718dd HTTP/1.1" status: 204 len: 168 time: 0.3643467
2026-04-27 22:06:13.588 10 INFO neutron.wsgi [req-e8a4b03a-57a4-400f-901b-0c965cb40bae req-de765ef5-96c6-4571-8ec9-3bb79c4d66b6 41d6b2319d7a48da80ed242243d4c425 81b1f8bbda12485a805c873e5f3e38b4 - - default default] 199.204.45.129 "GET /v2.0/ports?device_id=dbfe0595-c272-4271-bf80-4e0a207f27a0 HTTP/1.1" status: 200 len: 1168 time: 0.1439528
2026-04-27 22:06:13.617 10 INFO neutron.db.ovn_revision_numbers_db [None req-808e9de3-9bf9-42c7-be3d-e1b6b2eea620 - - - - - -] Successfully bumped revision number for resource bf71b3ae-f726-4d54-a0ca-7ef7e4551b9b (type: ports) to 7
2026-04-27 22:06:13.832 9 INFO neutron.db.ovn_revision_numbers_db [req-7c65028a-6663-4af3-8921-a9e7ffd10a49 req-b48f23fc-d616-492e-b369-141a0d5f7991 dfe67ae67a0d45b0a4511adb4b45b466 398885860a1a485a97ce085702de3e7d - - 9b8ddd2dacbe4426aee095541780fd67 9b8ddd2dacbe4426aee095541780fd67] Successfully bumped revision number for resource c8323855-e7cb-4142-90aa-c5297d64863c (type: ports) to 2
2026-04-27 22:06:13.911 10 INFO neutron.db.l3_db [req-e8a4b03a-57a4-400f-901b-0c965cb40bae req-00589ad5-b03f-419f-9c0d-523d17a94e03 41d6b2319d7a48da80ed242243d4c425 81b1f8bbda12485a805c873e5f3e38b4 - - default default] Floating IP 140a24d5-f5d5-4536-a33d-dec61494eac1 disassociated. External IP: 10.96.250.209, port: bf71b3ae-f726-4d54-a0ca-7ef7e4551b9b. /var/lib/openstack/lib/python3.10/site-packages/pycadf/identifier.py:71: UserWarning: Invalid uuid: neutron. To ensure interoperability, identifiers should be a valid uuid. warnings.warn(('Invalid uuid: %s. To ensure interoperability, '
2026-04-27 22:06:14.062 10 INFO neutron.wsgi [req-09a57bd7-482c-4d38-bd10-b68a14ab9461 req-7937d6c6-2171-4b1f-bb0a-c5a0f519ee9d a676f1ea83d145e0af064c48c3f11e1a d33dcc6b5fb54144aeed0f41d4b9283e - - default default] 10.0.0.45 "GET /v2.0/ports?device_id=3e79b04b-0096-4320-adf8-f0c0c17fe147 HTTP/1.1" status: 200 len: 1168 time: 0.0423434
2026-04-27 22:06:14.065 9 INFO neutron.db.ovn_revision_numbers_db [req-7c65028a-6663-4af3-8921-a9e7ffd10a49 req-b48f23fc-d616-492e-b369-141a0d5f7991 dfe67ae67a0d45b0a4511adb4b45b466 398885860a1a485a97ce085702de3e7d - - 9b8ddd2dacbe4426aee095541780fd67 9b8ddd2dacbe4426aee095541780fd67] Successfully bumped revision number for resource c8323855-e7cb-4142-90aa-c5297d64863c (type: ports) to 2
2026-04-27 22:06:14.084 9 INFO neutron.wsgi [req-7c65028a-6663-4af3-8921-a9e7ffd10a49 req-b48f23fc-d616-492e-b369-141a0d5f7991 dfe67ae67a0d45b0a4511adb4b45b466 398885860a1a485a97ce085702de3e7d - - 9b8ddd2dacbe4426aee095541780fd67 9b8ddd2dacbe4426aee095541780fd67] 199.204.45.129 "PUT /v2.0/ports/c8323855-e7cb-4142-90aa-c5297d64863c HTTP/1.1" status: 200 len: 1376 time: 0.7238145
2026-04-27 22:06:14.119 10 INFO neutron.wsgi [req-09a57bd7-482c-4d38-bd10-b68a14ab9461 req-f6bbc79d-0fd5-4a51-9e87-a94e5802ac2d a676f1ea83d145e0af064c48c3f11e1a d33dcc6b5fb54144aeed0f41d4b9283e - - default default] 10.0.0.45 "GET /v2.0/security-groups?id=10e10b1f-2c27-49d0-8ef2-f5c0ba4c1bf5&fields=id&fields=name HTTP/1.1" status: 200 len: 286 time: 0.0476098 /var/lib/openstack/lib/python3.10/site-packages/pycadf/identifier.py:71: UserWarning: Invalid uuid: neutron. To ensure interoperability, identifiers should be a valid uuid. warnings.warn(('Invalid uuid: %s. To ensure interoperability, '
2026-04-27 22:06:14.137 9 INFO neutron.notifiers.nova [-] Nova event matching ['req-e4b4f1b8-3650-4d49-b117-02abd4992936'] response: {'name': 'network-changed', 'server_uuid': '3e79b04b-0096-4320-adf8-f0c0c17fe147', 'tag': 'c8323855-e7cb-4142-90aa-c5297d64863c', 'status': 'completed', 'code': 200}
2026-04-27 22:06:14.161 10 INFO neutron.wsgi [req-e8a4b03a-57a4-400f-901b-0c965cb40bae req-00589ad5-b03f-419f-9c0d-523d17a94e03 41d6b2319d7a48da80ed242243d4c425 81b1f8bbda12485a805c873e5f3e38b4 - - default default] 199.204.45.129 "DELETE /v2.0/ports/bf71b3ae-f726-4d54-a0ca-7ef7e4551b9b HTTP/1.1" status: 204 len: 173 time: 0.5666351
2026-04-27 22:06:14.174 9 INFO neutron.wsgi [req-7c65028a-6663-4af3-8921-a9e7ffd10a49 req-40a78d88-ae2f-4787-852e-7d19f1dbaf05 dfe67ae67a0d45b0a4511adb4b45b466 398885860a1a485a97ce085702de3e7d - - 9b8ddd2dacbe4426aee095541780fd67 9b8ddd2dacbe4426aee095541780fd67] 199.204.45.129 "GET /v2.0/ports?tenant_id=d33dcc6b5fb54144aeed0f41d4b9283e&device_id=3e79b04b-0096-4320-adf8-f0c0c17fe147 HTTP/1.1" status: 200 len: 1407 time: 0.0527565
2026-04-27 22:06:14.198 9 INFO neutron.wsgi [req-7c65028a-6663-4af3-8921-a9e7ffd10a49 req-c6b511db-a17f-451f-8921-26fe73d8645a dfe67ae67a0d45b0a4511adb4b45b466 398885860a1a485a97ce085702de3e7d - - 9b8ddd2dacbe4426aee095541780fd67 9b8ddd2dacbe4426aee095541780fd67] 199.204.45.129 "GET /v2.0/floatingips?fixed_ip_address=10.100.0.8&port_id=c8323855-e7cb-4142-90aa-c5297d64863c HTTP/1.1" status: 200 len: 217 time: 0.0209479
2026-04-27 22:06:14.242 9 INFO neutron.wsgi [req-7c65028a-6663-4af3-8921-a9e7ffd10a49 req-6ab54942-c467-4aa0-acd0-71bab02f2b6b dfe67ae67a0d45b0a4511adb4b45b466 398885860a1a485a97ce085702de3e7d - - 9b8ddd2dacbe4426aee095541780fd67 9b8ddd2dacbe4426aee095541780fd67] 199.204.45.129 "GET /v2.0/subnets?id=29c60d87-6aff-45bc-b44e-b8df032596ad HTTP/1.1" status: 200 len: 865 time: 0.0384493
2026-04-27 22:06:14.274 9 INFO neutron.wsgi [req-7c65028a-6663-4af3-8921-a9e7ffd10a49 req-935d16ba-456f-4c46-a80f-40656377838a dfe67ae67a0d45b0a4511adb4b45b466 398885860a1a485a97ce085702de3e7d - - 9b8ddd2dacbe4426aee095541780fd67 9b8ddd2dacbe4426aee095541780fd67] 199.204.45.129 "GET /v2.0/ports?network_id=6a1f9827-8517-461e-973c-add3f59b9f3a&device_owner=network%3Adhcp HTTP/1.1" status: 200 len: 210 time: 0.0228996
2026-04-27 22:06:14.341 9 INFO neutron.wsgi [req-7c65028a-6663-4af3-8921-a9e7ffd10a49 req-69306edc-07c7-441d-a538-1db81adf9789 dfe67ae67a0d45b0a4511adb4b45b466 398885860a1a485a97ce085702de3e7d - - 9b8ddd2dacbe4426aee095541780fd67 9b8ddd2dacbe4426aee095541780fd67] 199.204.45.129 "GET /v2.0/networks/6a1f9827-8517-461e-973c-add3f59b9f3a?fields=segments HTTP/1.1" status: 200 len: 212 time: 0.0554013
2026-04-27 22:06:14.361 10 INFO neutron.wsgi [req-0a9d1252-6dce-4426-b40c-d826aa9333e2 req-a00503d4-34a5-4f20-b06d-e34bc8186ae2 41d6b2319d7a48da80ed242243d4c425 81b1f8bbda12485a805c873e5f3e38b4 - - default default] 10.0.0.45 "GET /v2.0/ports?device_id=dbfe0595-c272-4271-bf80-4e0a207f27a0 HTTP/1.1" status: 200 len: 210 time: 0.0227256
2026-04-27 22:06:14.405 9 INFO neutron.wsgi [req-7c65028a-6663-4af3-8921-a9e7ffd10a49 req-003df96f-4e6c-456d-b0b2-2e4cfceff180 dfe67ae67a0d45b0a4511adb4b45b466 398885860a1a485a97ce085702de3e7d - - 9b8ddd2dacbe4426aee095541780fd67 9b8ddd2dacbe4426aee095541780fd67] 199.204.45.129 "GET /v2.0/networks/6a1f9827-8517-461e-973c-add3f59b9f3a?fields=provider%3Aphysical_network&fields=provider%3Anetwork_type HTTP/1.1" status: 200 len: 277 time: 0.0592935
2026-04-27 22:06:14.489 9 INFO neutron.wsgi [req-877c1559-14e1-4775-9427-d385fc3f14f0 req-09f18b20-2062-44fa-b625-21d595274e25 dfe67ae67a0d45b0a4511adb4b45b466 398885860a1a485a97ce085702de3e7d - - 9b8ddd2dacbe4426aee095541780fd67 9b8ddd2dacbe4426aee095541780fd67] 199.204.45.129 "GET /v2.0/ports?tenant_id=d33dcc6b5fb54144aeed0f41d4b9283e&device_id=3e79b04b-0096-4320-adf8-f0c0c17fe147 HTTP/1.1" status: 200 len: 1407 time: 0.0401876
2026-04-27 22:06:14.541 10 INFO neutron.notifiers.nova [-] Nova event matching ['req-bb743e8b-a19d-4a61-b1d5-0468fe582ca6'] response: {'server_uuid': 'dbfe0595-c272-4271-bf80-4e0a207f27a0', 'name': 'network-vif-unplugged', 'status': 'completed', 'tag': 'bf71b3ae-f726-4d54-a0ca-7ef7e4551b9b', 'code': 200}
2026-04-27 22:06:14.541 10 INFO neutron.notifiers.nova [-] Nova event matching ['req-bb743e8b-a19d-4a61-b1d5-0468fe582ca6'] response: {'server_uuid': 'dbfe0595-c272-4271-bf80-4e0a207f27a0', 'name': 'network-vif-plugged', 'status': 'completed', 'tag': 'bf71b3ae-f726-4d54-a0ca-7ef7e4551b9b', 'code': 200}
2026-04-27 22:06:14.541 10 INFO neutron.notifiers.nova [-] Nova event matching ['req-bb743e8b-a19d-4a61-b1d5-0468fe582ca6'] response: {'server_uuid': 'dbfe0595-c272-4271-bf80-4e0a207f27a0', 'name': 'network-vif-deleted', 'tag': 'bf71b3ae-f726-4d54-a0ca-7ef7e4551b9b', 'status': 'completed', 'code': 200}
2026-04-27 22:06:14.558 9 INFO neutron.wsgi [req-877c1559-14e1-4775-9427-d385fc3f14f0 req-1b51ef2c-12a4-473c-9a06-64607a592ee9 dfe67ae67a0d45b0a4511adb4b45b466 398885860a1a485a97ce085702de3e7d - - 9b8ddd2dacbe4426aee095541780fd67 9b8ddd2dacbe4426aee095541780fd67] 199.204.45.129 "GET /v2.0/networks?id=6a1f9827-8517-461e-973c-add3f59b9f3a HTTP/1.1" status: 200 len: 970 time: 0.0608299
2026-04-27 22:06:14.597 9 INFO neutron.wsgi [req-877c1559-14e1-4775-9427-d385fc3f14f0 req-c31e7da2-ce3e-4ccc-b199-8ac33eb592e7 dfe67ae67a0d45b0a4511adb4b45b466 398885860a1a485a97ce085702de3e7d - - 9b8ddd2dacbe4426aee095541780fd67 9b8ddd2dacbe4426aee095541780fd67] 199.204.45.129 "GET /v2.0/floatingips?fixed_ip_address=10.100.0.8&port_id=c8323855-e7cb-4142-90aa-c5297d64863c HTTP/1.1" status: 200 len: 217 time: 0.0306997
2026-04-27 22:06:14.609 9 INFO neutron.plugins.ml2.drivers.ovn.mech_driver.mech_driver [None req-97adb1c9-086d-4690-b232-f64ac205f541 - - - - - -] OVN reports status up for port: c8323855-e7cb-4142-90aa-c5297d64863c
2026-04-27 22:06:14.636 9 INFO neutron.plugins.ml2.plugin [None req-97adb1c9-086d-4690-b232-f64ac205f541 - - - - - -] Attempt 1 to provision port c8323855-e7cb-4142-90aa-c5297d64863c
2026-04-27 22:06:14.643 9 INFO neutron.wsgi [req-877c1559-14e1-4775-9427-d385fc3f14f0 req-7c8504ac-842e-47ba-b1c0-3726735fb6d7 dfe67ae67a0d45b0a4511adb4b45b466 398885860a1a485a97ce085702de3e7d - - 9b8ddd2dacbe4426aee095541780fd67 9b8ddd2dacbe4426aee095541780fd67] 199.204.45.129 "GET /v2.0/subnets?id=29c60d87-6aff-45bc-b44e-b8df032596ad HTTP/1.1" status: 200 len: 865 time: 0.0394127
2026-04-27 22:06:14.691 9 INFO neutron.wsgi [req-877c1559-14e1-4775-9427-d385fc3f14f0 req-626890f4-3023-4cc1-885c-56db70331061 dfe67ae67a0d45b0a4511adb4b45b466 398885860a1a485a97ce085702de3e7d - - 9b8ddd2dacbe4426aee095541780fd67 9b8ddd2dacbe4426aee095541780fd67] 199.204.45.129 "GET /v2.0/ports?network_id=6a1f9827-8517-461e-973c-add3f59b9f3a&device_owner=network%3Adhcp HTTP/1.1" status: 200 len: 210 time: 0.0368986
2026-04-27 22:06:14.785 9 INFO neutron.wsgi [req-877c1559-14e1-4775-9427-d385fc3f14f0 req-2a4f8871-66b8-424f-8bbd-199ce0ba4e27 dfe67ae67a0d45b0a4511adb4b45b466 398885860a1a485a97ce085702de3e7d - - 9b8ddd2dacbe4426aee095541780fd67 9b8ddd2dacbe4426aee095541780fd67] 199.204.45.129 "GET /v2.0/networks/6a1f9827-8517-461e-973c-add3f59b9f3a?fields=segments HTTP/1.1" status: 200 len: 212 time: 0.0891135
2026-04-27 22:06:14.881 9 INFO neutron.wsgi [req-877c1559-14e1-4775-9427-d385fc3f14f0 req-3a6f9f82-62b8-4ba9-9b73-6c5c1ac0e335 dfe67ae67a0d45b0a4511adb4b45b466 398885860a1a485a97ce085702de3e7d - - 9b8ddd2dacbe4426aee095541780fd67 9b8ddd2dacbe4426aee095541780fd67] 199.204.45.129 "GET /v2.0/networks/6a1f9827-8517-461e-973c-add3f59b9f3a?fields=provider%3Aphysical_network&fields=provider%3Anetwork_type HTTP/1.1" status: 200 len: 277 time: 0.0889673
2026-04-27 22:06:15.027 9 INFO neutron.db.ovn_revision_numbers_db [None req-97adb1c9-086d-4690-b232-f64ac205f541 - - - - - -] Successfully bumped revision number for resource c8323855-e7cb-4142-90aa-c5297d64863c (type: ports) to 4
2026-04-27 22:06:15.230 10 INFO neutron.wsgi [req-7e64d072-b955-43ef-9c22-ac4a08615755 req-768b0c3b-e1aa-4c12-b0d7-e71a4c5b1114 a676f1ea83d145e0af064c48c3f11e1a d33dcc6b5fb54144aeed0f41d4b9283e - - default default] 10.0.0.45 "GET /v2.0/ports?device_id=3e79b04b-0096-4320-adf8-f0c0c17fe147 HTTP/1.1" status: 200 len: 1170 time: 0.0433576
2026-04-27 22:06:15.269 10 INFO neutron.wsgi [req-7e64d072-b955-43ef-9c22-ac4a08615755 req-e1b63375-9de5-459e-8f2c-2b6b92c9b64e a676f1ea83d145e0af064c48c3f11e1a d33dcc6b5fb54144aeed0f41d4b9283e - - default default] 10.0.0.45 "GET /v2.0/security-groups?id=10e10b1f-2c27-49d0-8ef2-f5c0ba4c1bf5&fields=id&fields=name HTTP/1.1" status: 200 len: 286 time: 0.0306554
2026-04-27 22:06:15.584 10 INFO neutron.wsgi [None req-27bb8d74-6278-4335-aac8-aaada6e00636 41d6b2319d7a48da80ed242243d4c425 81b1f8bbda12485a805c873e5f3e38b4 - - default default] 10.0.0.105 "DELETE /v2.0/security-groups/557c4c9b-632e-4c1b-a328-50a080170d49 HTTP/1.1" status: 204 len: 168 time: 0.1382303
2026-04-27 22:06:15.600 10 INFO neutron.api.v2.resource [None req-9e8e9ec4-36b0-41a8-98a8-e008b5f8ffe5 41d6b2319d7a48da80ed242243d4c425 81b1f8bbda12485a805c873e5f3e38b4 - - default default] show failed (client error): The resource could not be found.
2026-04-27 22:06:15.601 10 INFO neutron.wsgi [None req-9e8e9ec4-36b0-41a8-98a8-e008b5f8ffe5 41d6b2319d7a48da80ed242243d4c425 81b1f8bbda12485a805c873e5f3e38b4 - - default default] 10.0.0.105 "GET /v2.0/security-groups/557c4c9b-632e-4c1b-a328-50a080170d49 HTTP/1.1" status: 404 len: 347 time: 0.0119238
2026-04-27 22:06:15.830 10 INFO neutron.db.ovn_revision_numbers_db [None req-ce60288a-2e4a-4842-9211-353a47b31f40 da9ea4bce9fa49798930ea075b6f69d6 9e87328a0e33464295d10e591d61c010 - - default default] Successfully bumped revision number for resource 06f3c631-f375-46f9-bc40-fe2d623d314c (type: security_groups) to 1
2026-04-27 22:06:15.849 10 INFO neutron.db.ovn_revision_numbers_db [None req-ce60288a-2e4a-4842-9211-353a47b31f40 da9ea4bce9fa49798930ea075b6f69d6 9e87328a0e33464295d10e591d61c010 - - default default] Successfully bumped revision number for resource 03e0bae3-1640-4026-8fd9-5b48da707819 (type: security_group_rules) to 0
2026-04-27 22:06:15.874 10 INFO neutron.db.ovn_revision_numbers_db [None req-ce60288a-2e4a-4842-9211-353a47b31f40 da9ea4bce9fa49798930ea075b6f69d6 9e87328a0e33464295d10e591d61c010 - - default default] Successfully bumped revision number for resource 6aa1fae0-160a-45c7-a74b-85c576520b7c (type: security_group_rules) to 0
2026-04-27 22:06:15.920 10 INFO neutron.db.ovn_revision_numbers_db [None req-ce60288a-2e4a-4842-9211-353a47b31f40 da9ea4bce9fa49798930ea075b6f69d6 9e87328a0e33464295d10e591d61c010 - - default default] Successfully bumped revision number for resource b1436686-8f29-4dbc-927e-fc9aa3526f4c (type: security_group_rules) to 0
2026-04-27 22:06:15.942 10 INFO neutron.db.ovn_revision_numbers_db [None req-ce60288a-2e4a-4842-9211-353a47b31f40 da9ea4bce9fa49798930ea075b6f69d6 9e87328a0e33464295d10e591d61c010 - - default default] Successfully bumped revision number for resource de1d2ba0-db9f-4131-9ba2-c7056f4b3937 (type: security_group_rules) to 0
2026-04-27 22:06:15.981 10 INFO neutron.wsgi [None req-567b37f5-235b-44c6-b0ab-b590775dbb7f 41d6b2319d7a48da80ed242243d4c425 81b1f8bbda12485a805c873e5f3e38b4 - - default default] 10.0.0.105 "DELETE /v2.0/floatingips/140a24d5-f5d5-4536-a33d-dec61494eac1 HTTP/1.1" status: 204 len: 168 time: 0.3740726
2026-04-27 22:06:15.994 10 INFO neutron.db.segments_db [None req-ce60288a-2e4a-4842-9211-353a47b31f40 da9ea4bce9fa49798930ea075b6f69d6 9e87328a0e33464295d10e591d61c010 - - default default] Added segment 9c08b4fc-7647-4c75-bdc9-ba106fead2de of type geneve for network 02de6bc7-9a7c-46d3-953f-5dfffba6267f /var/lib/openstack/lib/python3.10/site-packages/pycadf/identifier.py:71: UserWarning: Invalid uuid: neutron. To ensure interoperability, identifiers should be a valid uuid. warnings.warn(('Invalid uuid: %s. To ensure interoperability, '
2026-04-27 22:06:16.180 9 INFO neutron.notifiers.nova [-] Nova event matching ['req-d0ebbb11-d4cd-4bb9-9d71-2ea33fb5b114'] response: {'server_uuid': '3e79b04b-0096-4320-adf8-f0c0c17fe147', 'name': 'network-vif-plugged', 'status': 'completed', 'tag': 'c8323855-e7cb-4142-90aa-c5297d64863c', 'code': 200}
2026-04-27 22:06:16.181 9 INFO neutron.notifiers.nova [-] Nova event matching ['req-d0ebbb11-d4cd-4bb9-9d71-2ea33fb5b114'] response: {'server_uuid': '3e79b04b-0096-4320-adf8-f0c0c17fe147', 'name': 'network-vif-plugged', 'status': 'completed', 'tag': 'c8323855-e7cb-4142-90aa-c5297d64863c', 'code': 200}
2026-04-27 22:06:16.182 10 INFO neutron.db.ovn_revision_numbers_db [None req-ce60288a-2e4a-4842-9211-353a47b31f40 da9ea4bce9fa49798930ea075b6f69d6 9e87328a0e33464295d10e591d61c010 - - default default] Successfully bumped revision number for resource 02de6bc7-9a7c-46d3-953f-5dfffba6267f (type: networks) to 1
2026-04-27 22:06:16.419 10 WARNING neutron.scheduler.dhcp_agent_scheduler [None req-ce60288a-2e4a-4842-9211-353a47b31f40 da9ea4bce9fa49798930ea075b6f69d6 9e87328a0e33464295d10e591d61c010 - - default default] No more DHCP agents
2026-04-27 22:06:16.421 10 WARNING neutron.api.rpc.agentnotifiers.dhcp_rpc_agent_api [None req-ce60288a-2e4a-4842-9211-353a47b31f40 da9ea4bce9fa49798930ea075b6f69d6 9e87328a0e33464295d10e591d61c010 - - default default] Unable to schedule network 02de6bc7-9a7c-46d3-953f-5dfffba6267f: no agents available; will retry on subsequent port and subnet creation events.
2026-04-27 22:06:16.462 10 INFO neutron.wsgi [req-38a25a49-0f5b-45c4-99f7-96c9a507640a req-72eb32c1-e5dc-48f9-a113-5b3b5ae509f4 a676f1ea83d145e0af064c48c3f11e1a d33dcc6b5fb54144aeed0f41d4b9283e - - default default] 10.0.0.45 "GET /v2.0/ports?device_id=3e79b04b-0096-4320-adf8-f0c0c17fe147 HTTP/1.1" status: 200 len: 1170 time: 0.1323824
2026-04-27 22:06:16.552 10 INFO neutron.wsgi [req-38a25a49-0f5b-45c4-99f7-96c9a507640a req-9e27d957-4f08-4c8a-908b-73556c5fa3be a676f1ea83d145e0af064c48c3f11e1a d33dcc6b5fb54144aeed0f41d4b9283e - - default default] 10.0.0.45 "GET /v2.0/security-groups?id=10e10b1f-2c27-49d0-8ef2-f5c0ba4c1bf5&fields=id&fields=name HTTP/1.1" status: 200 len: 286 time: 0.0816841
2026-04-27 22:06:16.746 10 INFO neutron.db.ovn_revision_numbers_db [None req-ce60288a-2e4a-4842-9211-353a47b31f40 da9ea4bce9fa49798930ea075b6f69d6 9e87328a0e33464295d10e591d61c010 - - default default] Successfully bumped revision number for resource c1bebef0-b124-443d-bf09-88f2bf663381 (type: ports) to 1
2026-04-27 22:06:16.772 10 INFO neutron.wsgi [None req-ce60288a-2e4a-4842-9211-353a47b31f40 da9ea4bce9fa49798930ea075b6f69d6 9e87328a0e33464295d10e591d61c010 - - default default] 10.0.0.105 "POST /v2.0/networks HTTP/1.1" status: 201 len: 945 time: 1.3724933
2026-04-27 22:06:16.943 10 WARNING neutron.scheduler.dhcp_agent_scheduler [None req-45063462-f67d-4f83-b90e-db645faa8ad9 da9ea4bce9fa49798930ea075b6f69d6 9e87328a0e33464295d10e591d61c010 - - default default] No more DHCP agents
2026-04-27 22:06:16.946 10 WARNING neutron.api.rpc.agentnotifiers.dhcp_rpc_agent_api [None req-45063462-f67d-4f83-b90e-db645faa8ad9 da9ea4bce9fa49798930ea075b6f69d6 9e87328a0e33464295d10e591d61c010 - - default default] Unable to schedule network 02de6bc7-9a7c-46d3-953f-5dfffba6267f: no agents available; will retry on subsequent port and subnet creation events.
2026-04-27 22:06:17.427 9 INFO neutron.wsgi [None req-dc93c59a-b626-4964-a844-226231c4108e da9ea4bce9fa49798930ea075b6f69d6 9e87328a0e33464295d10e591d61c010 - - default default] 10.0.0.105 "PUT /v2.0/routers/301f09bc-7050-4dfb-b66c-2900380f52dd/remove_router_interface HTTP/1.1" status: 200 len: 503 time: 1.3579175
2026-04-27 22:06:17.441 10 INFO neutron.db.ovn_revision_numbers_db [None req-1e23c94b-50f6-410b-b639-f037f459fce6 da9ea4bce9fa49798930ea075b6f69d6 9e87328a0e33464295d10e591d61c010 - - default default] Successfully bumped revision number for resource 554ec64d-2366-4adc-8b89-cb9c9f200448 (type: security_groups) to 1 /var/lib/openstack/lib/python3.10/site-packages/pycadf/identifier.py:71: UserWarning: Invalid uuid: neutron. To ensure interoperability, identifiers should be a valid uuid. warnings.warn(('Invalid uuid: %s. To ensure interoperability, '
2026-04-27 22:06:17.477 10 INFO neutron.db.ovn_revision_numbers_db [None req-1e23c94b-50f6-410b-b639-f037f459fce6 da9ea4bce9fa49798930ea075b6f69d6 9e87328a0e33464295d10e591d61c010 - - default default] Successfully bumped revision number for resource 443df7ba-86e7-4ba6-ae02-2d2c34d6feb4 (type: security_group_rules) to 0
2026-04-27 22:06:17.493 10 INFO neutron.db.ovn_revision_numbers_db [None req-1e23c94b-50f6-410b-b639-f037f459fce6 da9ea4bce9fa49798930ea075b6f69d6 9e87328a0e33464295d10e591d61c010 - - default default] Successfully bumped revision number for resource 506eb4c9-b560-421d-8578-532161ecf515 (type: security_group_rules) to 0
2026-04-27 22:06:17.498 10 INFO neutron.db.ovn_revision_numbers_db [None req-45063462-f67d-4f83-b90e-db645faa8ad9 da9ea4bce9fa49798930ea075b6f69d6 9e87328a0e33464295d10e591d61c010 - - default default] Successfully bumped revision number for resource c1bebef0-b124-443d-bf09-88f2bf663381 (type: ports) to 2
2026-04-27 22:06:17.508 10 INFO neutron.db.ovn_revision_numbers_db [None req-1e23c94b-50f6-410b-b639-f037f459fce6 da9ea4bce9fa49798930ea075b6f69d6 9e87328a0e33464295d10e591d61c010 - - default default] Successfully bumped revision number for resource 54b9d79e-981a-44dd-85e6-96faabe94e67 (type: security_group_rules) to 0
2026-04-27 22:06:17.529 10 INFO neutron.db.ovn_revision_numbers_db [None req-1e23c94b-50f6-410b-b639-f037f459fce6 da9ea4bce9fa49798930ea075b6f69d6 9e87328a0e33464295d10e591d61c010 - - default default] Successfully bumped revision number for resource 9e51fcdb-9844-495a-a60e-bad544725e5c (type: security_group_rules) to 0
2026-04-27 22:06:17.541 10 INFO neutron.db.ovn_revision_numbers_db [None req-45063462-f67d-4f83-b90e-db645faa8ad9 da9ea4bce9fa49798930ea075b6f69d6 9e87328a0e33464295d10e591d61c010 - - default default] Successfully bumped revision number for resource d08bc9c8-fbd9-43ec-b6c7-49764fdbaf86 (type: subnets) to 0
2026-04-27 22:06:17.557 10 INFO neutron.wsgi [None req-1e23c94b-50f6-410b-b639-f037f459fce6 da9ea4bce9fa49798930ea075b6f69d6 9e87328a0e33464295d10e591d61c010 - - default default] 10.0.0.105 "GET /v2.0/security-groups?tenant_id=066061b7b72c48caa71ab14e76457305&name=default HTTP/1.1" status: 200 len: 2996 time: 0.5319366
2026-04-27 22:06:17.563 10 INFO neutron.wsgi [None req-45063462-f67d-4f83-b90e-db645faa8ad9 da9ea4bce9fa49798930ea075b6f69d6 9e87328a0e33464295d10e591d61c010 - - default default] 10.0.0.105 "POST /v2.0/subnets HTTP/1.1" status: 201 len: 865 time: 0.7807174
2026-04-27 22:06:17.701 10 INFO neutron.wsgi [req-d49b85c4-a04d-4e04-93d3-62b6013f585a req-bf2357ce-deda-4cd2-8c72-817b47ef840d a676f1ea83d145e0af064c48c3f11e1a d33dcc6b5fb54144aeed0f41d4b9283e - - default default] 10.0.0.45 "GET /v2.0/ports?device_id=3e79b04b-0096-4320-adf8-f0c0c17fe147 HTTP/1.1" status: 200 len: 1170 time: 0.0696232
2026-04-27 22:06:17.782 10 INFO neutron.wsgi [req-d49b85c4-a04d-4e04-93d3-62b6013f585a req-eae2c9c4-c6ce-42cc-8d37-c4a0cb7a946c a676f1ea83d145e0af064c48c3f11e1a d33dcc6b5fb54144aeed0f41d4b9283e - - default default] 10.0.0.45 "GET /v2.0/security-groups?id=10e10b1f-2c27-49d0-8ef2-f5c0ba4c1bf5&fields=id&fields=name HTTP/1.1" status: 200 len: 286 time: 0.0638514
2026-04-27 22:06:17.967 10 INFO neutron.wsgi [None req-01909ccc-3374-4d54-b20e-e1e1cfb5cc9a da9ea4bce9fa49798930ea075b6f69d6 9e87328a0e33464295d10e591d61c010 - - default default] 10.0.0.105 "DELETE /v2.0/security-groups/554ec64d-2366-4adc-8b89-cb9c9f200448 HTTP/1.1" status: 204 len: 168 time: 0.4029605
2026-04-27 22:06:18.103 10 WARNING neutron.scheduler.dhcp_agent_scheduler [None req-d1a0c0fd-7d81-4fd5-ad2c-d2c6d3797824 da9ea4bce9fa49798930ea075b6f69d6 9e87328a0e33464295d10e591d61c010 - - default default] No more DHCP agents
2026-04-27 22:06:18.106 10 WARNING neutron.api.rpc.agentnotifiers.dhcp_rpc_agent_api [None req-d1a0c0fd-7d81-4fd5-ad2c-d2c6d3797824 da9ea4bce9fa49798930ea075b6f69d6 9e87328a0e33464295d10e591d61c010 - - default default] Unable to schedule network 5cd4b189-3e6b-435e-b218-98182b85042c: no agents available; will retry on subsequent port and subnet creation events.
2026-04-27 22:06:18.302 10 INFO neutron.db.ovn_revision_numbers_db [None req-d1a0c0fd-7d81-4fd5-ad2c-d2c6d3797824 da9ea4bce9fa49798930ea075b6f69d6 9e87328a0e33464295d10e591d61c010 - - default default] Successfully bumped revision number for resource c431c7e7-9a42-4fba-8b4c-0644e66782ea (type: ports) to 1
2026-04-27 22:06:18.361 9 INFO neutron.db.ovn_revision_numbers_db [None req-af4c0c2f-b285-4ed9-9ad2-43755ddae6ed da9ea4bce9fa49798930ea075b6f69d6 9e87328a0e33464295d10e591d61c010 - - default default] Successfully bumped revision number for resource 7a74251b-03e6-4dd9-807e-c5ea9a79da33 (type: security_groups) to 1
2026-04-27 22:06:18.390 9 INFO neutron.plugins.ml2.drivers.ovn.mech_driver.mech_driver [None req-97adb1c9-086d-4690-b232-f64ac205f541 - - - - - -] OVN reports status down for port: c8323855-e7cb-4142-90aa-c5297d64863c
2026-04-27 22:06:18.406 9 INFO neutron.db.ovn_revision_numbers_db [None req-af4c0c2f-b285-4ed9-9ad2-43755ddae6ed da9ea4bce9fa49798930ea075b6f69d6 9e87328a0e33464295d10e591d61c010 - - default default] Successfully bumped revision number for resource 2ea94cc6-1b71-4baa-a2cc-14c058b8eede (type: security_group_rules) to 0
2026-04-27 22:06:18.425 9 INFO neutron.db.ovn_revision_numbers_db [None req-af4c0c2f-b285-4ed9-9ad2-43755ddae6ed da9ea4bce9fa49798930ea075b6f69d6 9e87328a0e33464295d10e591d61c010 - - default default] Successfully bumped revision number for resource 8440e502-4733-4597-9ea2-746652b66832 (type: security_group_rules) to 0
2026-04-27 22:06:18.433 10 INFO neutron.wsgi [req-d45423a6-2b0e-4fd6-a748-217287ca97ec req-4a444d3a-f6d9-491e-b667-1f6136431d7a a676f1ea83d145e0af064c48c3f11e1a d33dcc6b5fb54144aeed0f41d4b9283e - - default default] 10.0.0.45 "GET /v2.0/ports?device_id=3e79b04b-0096-4320-adf8-f0c0c17fe147 HTTP/1.1" status: 200 len: 1170 time: 0.0617504
2026-04-27 22:06:18.434 9 INFO neutron.wsgi [None req-b6c665b8-2454-41fe-ac0f-f134f2e4dda1 da9ea4bce9fa49798930ea075b6f69d6 9e87328a0e33464295d10e591d61c010 - - default default] 10.0.0.105 "DELETE /v2.0/routers/301f09bc-7050-4dfb-b66c-2900380f52dd HTTP/1.1" status: 204 len: 168 time: 0.9955678
2026-04-27 22:06:18.446 9 INFO neutron.db.ovn_revision_numbers_db [None req-af4c0c2f-b285-4ed9-9ad2-43755ddae6ed da9ea4bce9fa49798930ea075b6f69d6 9e87328a0e33464295d10e591d61c010 - - default default] Successfully bumped revision number for resource eeed919a-5a24-41ea-ae10-0b1a3f80b594 (type: security_group_rules) to 0
2026-04-27 22:06:18.483 9 INFO neutron.db.ovn_revision_numbers_db [None req-af4c0c2f-b285-4ed9-9ad2-43755ddae6ed da9ea4bce9fa49798930ea075b6f69d6 9e87328a0e33464295d10e591d61c010 - - default default] Successfully bumped revision number for resource f2e8ee34-820c-4a55-a120-28e44697869e (type: security_group_rules) to 0
2026-04-27 22:06:18.491 10 INFO neutron.wsgi [req-d45423a6-2b0e-4fd6-a748-217287ca97ec req-dfaef509-dae9-4ead-8ff3-716f0ef1b3c6 a676f1ea83d145e0af064c48c3f11e1a d33dcc6b5fb54144aeed0f41d4b9283e - - default default] 10.0.0.45 "GET /v2.0/security-groups?id=10e10b1f-2c27-49d0-8ef2-f5c0ba4c1bf5&fields=id&fields=name HTTP/1.1" status: 200 len: 286 time: 0.0451965
2026-04-27 22:06:18.526 9 INFO neutron.wsgi [None req-af4c0c2f-b285-4ed9-9ad2-43755ddae6ed da9ea4bce9fa49798930ea075b6f69d6 9e87328a0e33464295d10e591d61c010 - - default default] 10.0.0.105 "GET /v2.0/security-groups?tenant_id=32917ba80e65489890b33841b9f1489b&name=default HTTP/1.1" status: 200 len: 2996 time: 0.4195986
2026-04-27 22:06:18.593 9 INFO neutron.notifiers.nova [-] Nova event matching ['req-c18781ad-9bbd-486d-a702-478319180321'] response: {'server_uuid': '3e79b04b-0096-4320-adf8-f0c0c17fe147', 'name': 'network-vif-unplugged', 'status': 'completed', 'tag': 'c8323855-e7cb-4142-90aa-c5297d64863c', 'code': 200}
2026-04-27 22:06:18.804 9 INFO neutron.wsgi [None req-9ad57e90-60f7-41ff-8b9a-83d47616747f da9ea4bce9fa49798930ea075b6f69d6 9e87328a0e33464295d10e591d61c010 - - default default] 10.0.0.105 "DELETE /v2.0/subnets/f944b79d-6a25-43c2-bf5b-b3248168f6e5 HTTP/1.1" status: 204 len: 168 time: 0.3582942
2026-04-27 22:06:18.817 9 INFO neutron.wsgi [req-2af17124-496f-4410-ad50-771c678b7cc5 req-7da37423-6f16-41be-b835-6d2c5df583e4 a676f1ea83d145e0af064c48c3f11e1a d33dcc6b5fb54144aeed0f41d4b9283e - - default default] 199.204.45.129 "GET /v2.0/ports?device_id=3e79b04b-0096-4320-adf8-f0c0c17fe147 HTTP/1.1" status: 200 len: 1168 time: 0.1579170
2026-04-27 22:06:18.881 9 INFO neutron.db.ovn_revision_numbers_db [None req-97adb1c9-086d-4690-b232-f64ac205f541 - - - - - -] Successfully bumped revision number for resource c8323855-e7cb-4142-90aa-c5297d64863c (type: ports) to 5
2026-04-27 22:06:18.896 10 INFO neutron.wsgi [None req-b85d6710-7330-46d8-bf28-79bac7cde142 da9ea4bce9fa49798930ea075b6f69d6 9e87328a0e33464295d10e591d61c010 - - default default] 10.0.0.105 "DELETE /v2.0/security-groups/7a74251b-03e6-4dd9-807e-c5ea9a79da33 HTTP/1.1" status: 204 len: 168 time: 0.3631127
2026-04-27 22:06:19.056 10 INFO neutron.plugins.ml2.drivers.ovn.mech_driver.mech_driver [None req-808e9de3-9bf9-42c7-be3d-e1b6b2eea620 - - - - - -] OVN reports status up for port: c431c7e7-9a42-4fba-8b4c-0644e66782ea
2026-04-27 22:06:19.078 10 INFO neutron.plugins.ml2.plugin [None req-808e9de3-9bf9-42c7-be3d-e1b6b2eea620 - - - - - -] Attempt 1 to provision port c431c7e7-9a42-4fba-8b4c-0644e66782ea
2026-04-27 22:06:19.105 10 INFO neutron.db.ovn_revision_numbers_db [None req-d1a0c0fd-7d81-4fd5-ad2c-d2c6d3797824 da9ea4bce9fa49798930ea075b6f69d6 9e87328a0e33464295d10e591d61c010 - - default default] Successfully bumped revision number for resource c431c7e7-9a42-4fba-8b4c-0644e66782ea (type: router_ports) to 1
2026-04-27 22:06:19.214 9 INFO neutron.plugins.ml2.drivers.ovn.mech_driver.ovsdb.ovsdb_monitor [None req-81b7e7ae-f659-4d1d-b51a-1374814e7b33 - - - - - -] Router 5eb64a0a-c489-4354-9d45-dd06986f77bf is bound to host instance
2026-04-27 22:06:19.223 10 INFO neutron.db.ovn_revision_numbers_db [None req-d1a0c0fd-7d81-4fd5-ad2c-d2c6d3797824 da9ea4bce9fa49798930ea075b6f69d6 9e87328a0e33464295d10e591d61c010 - - default default] Successfully bumped revision number for resource 5eb64a0a-c489-4354-9d45-dd06986f77bf (type: routers) to 2
2026-04-27 22:06:19.241 10 INFO neutron.wsgi [None req-d1a0c0fd-7d81-4fd5-ad2c-d2c6d3797824 da9ea4bce9fa49798930ea075b6f69d6 9e87328a0e33464295d10e591d61c010 - - default default] 10.0.0.105 "POST /v2.0/routers HTTP/1.1" status: 201 len: 876 time: 1.6727245
2026-04-27 22:06:19.477 9 INFO neutron.wsgi [req-2af17124-496f-4410-ad50-771c678b7cc5 req-caad25bb-0d15-4b56-8e28-619765bb7059 a676f1ea83d145e0af064c48c3f11e1a d33dcc6b5fb54144aeed0f41d4b9283e - - default default] 199.204.45.129 "DELETE /v2.0/ports/c8323855-e7cb-4142-90aa-c5297d64863c HTTP/1.1" status: 204 len: 173 time: 0.6543591
2026-04-27 22:06:19.507 10 INFO neutron.services.segments.plugin [-] Segment c65cd5e2-0069-4000-9d10-6401714ce872 resource provider aggregate not found
2026-04-27 22:06:19.519 10 INFO neutron.services.segments.plugin [-] Segment c65cd5e2-0069-4000-9d10-6401714ce872 resource provider aggregate not found
2026-04-27 22:06:19.538 10 INFO neutron.services.segments.plugin [-] Segment c65cd5e2-0069-4000-9d10-6401714ce872 resource provider not found; error: Placement Client Error (4xx): {"errors": [{"status": 404, "title": "Not Found", "detail": "The resource could not be found.\n\n No resource provider with uuid c65cd5e2-0069-4000-9d10-6401714ce872 found for delete ", "request_id": "req-7d6cb351-9a48-4f75-b89a-f183df59ab0d"}]}
2026-04-27 22:06:19.541 10 INFO neutron.services.segments.plugin [-] Segment c65cd5e2-0069-4000-9d10-6401714ce872 resource provider not found; error: Placement Client Error (4xx): {"errors": [{"status": 404, "title": "Not Found", "detail": "The resource could not be found.\n\n No resource provider with uuid c65cd5e2-0069-4000-9d10-6401714ce872 found for delete ", "request_id": "req-02b053a9-b82a-4ee2-93fe-6d30c46abb2b"}]}
2026-04-27 22:06:19.598 10 INFO neutron.wsgi [None req-42e3746b-1297-4c32-a799-b856492f52d1 da9ea4bce9fa49798930ea075b6f69d6 9e87328a0e33464295d10e591d61c010 - - default default] 10.0.0.105 "DELETE /v2.0/networks/1b9be93b-ed6c-4f90-9933-409f626eb31f HTTP/1.1" status: 204 len: 168 time: 0.7887652
2026-04-27 22:06:19.621 10 INFO neutron.wsgi [req-6ae267c1-e034-457f-b480-3b1669e0c37a req-9d443978-b63c-45d1-be58-33fd6eaa9105 a676f1ea83d145e0af064c48c3f11e1a d33dcc6b5fb54144aeed0f41d4b9283e - - default default] 10.0.0.45 "GET /v2.0/ports?device_id=3e79b04b-0096-4320-adf8-f0c0c17fe147 HTTP/1.1" status: 200 len: 210 time: 0.0393069 /var/lib/openstack/lib/python3.10/site-packages/pycadf/identifier.py:71: UserWarning: Invalid uuid: neutron. To ensure interoperability, identifiers should be a valid uuid. warnings.warn(('Invalid uuid: %s. To ensure interoperability, '
2026-04-27 22:06:19.764 9 INFO neutron.wsgi [None req-fb7526f7-9cbb-457c-9782-10c742eaad93 da9ea4bce9fa49798930ea075b6f69d6 9e87328a0e33464295d10e591d61c010 - - default default] 10.0.0.105 "GET /v2.0/security-groups?tenant_id=81b1f8bbda12485a805c873e5f3e38b4&name=default HTTP/1.1" status: 200 len: 2992 time: 0.0460184
2026-04-27 22:06:19.830 9 INFO neutron.db.ovn_revision_numbers_db [None req-81b7e7ae-f659-4d1d-b51a-1374814e7b33 - - - - - -] Successfully bumped revision number for resource c431c7e7-9a42-4fba-8b4c-0644e66782ea (type: ports) to 1
2026-04-27 22:06:19.935 10 WARNING neutron.scheduler.dhcp_agent_scheduler [None req-648608c1-39f6-4cd5-8e59-dd24930b9178 da9ea4bce9fa49798930ea075b6f69d6 9e87328a0e33464295d10e591d61c010 - - default default] No more DHCP agents
2026-04-27 22:06:19.938 10 WARNING neutron.api.rpc.agentnotifiers.dhcp_rpc_agent_api [None req-648608c1-39f6-4cd5-8e59-dd24930b9178 da9ea4bce9fa49798930ea075b6f69d6 9e87328a0e33464295d10e591d61c010 - - default default] Unable to schedule network 02de6bc7-9a7c-46d3-953f-5dfffba6267f: no agents available; will retry on subsequent port and subnet creation events.
2026-04-27 22:06:20.083 9 INFO neutron.wsgi [None req-f00b4d77-62d3-4051-9297-8377708cd873 da9ea4bce9fa49798930ea075b6f69d6 9e87328a0e33464295d10e591d61c010 - - default default] 10.0.0.105 "DELETE /v2.0/security-groups/c6ef4ae1-a9c8-45fb-a107-aa2fccefa6bf HTTP/1.1" status: 204 len: 168 time: 0.3148525
2026-04-27 22:06:20.093 9 INFO neutron.db.ovn_revision_numbers_db [None req-81b7e7ae-f659-4d1d-b51a-1374814e7b33 - - - - - -] Successfully bumped revision number for resource c431c7e7-9a42-4fba-8b4c-0644e66782ea (type: router_ports) to 3
2026-04-27 22:06:20.106 10 INFO neutron.db.ovn_revision_numbers_db [None req-648608c1-39f6-4cd5-8e59-dd24930b9178 da9ea4bce9fa49798930ea075b6f69d6 9e87328a0e33464295d10e591d61c010 - - default default] Successfully bumped revision number for resource f201ce99-f840-4ab1-a7d1-71f64d351c5f (type: ports) to 1
2026-04-27 22:06:20.291 9 INFO neutron.db.ovn_revision_numbers_db [None req-81b7e7ae-f659-4d1d-b51a-1374814e7b33 - - - - - -] Successfully bumped revision number for resource c431c7e7-9a42-4fba-8b4c-0644e66782ea (type: ports) to 2
2026-04-27 22:06:20.552 10 INFO neutron.db.ovn_revision_numbers_db [None req-648608c1-39f6-4cd5-8e59-dd24930b9178 da9ea4bce9fa49798930ea075b6f69d6 9e87328a0e33464295d10e591d61c010 - - default default] Successfully bumped revision number for resource f201ce99-f840-4ab1-a7d1-71f64d351c5f (type: router_ports) to 1
2026-04-27 22:06:20.631 9 INFO neutron.db.ovn_revision_numbers_db [None req-81b7e7ae-f659-4d1d-b51a-1374814e7b33 - - - - - -] Successfully bumped revision number for resource c431c7e7-9a42-4fba-8b4c-0644e66782ea (type: ports) to 4
2026-04-27 22:06:20.648 9 INFO neutron.notifiers.nova [-] Nova event matching ['req-6dbc9d44-c46a-4335-9a33-1916734a76c9'] response: {'server_uuid': '3e79b04b-0096-4320-adf8-f0c0c17fe147', 'name': 'network-vif-plugged', 'status': 'completed', 'tag': 'c8323855-e7cb-4142-90aa-c5297d64863c', 'code': 200}
2026-04-27 22:06:20.648 9 INFO neutron.notifiers.nova [-] Nova event matching ['req-6dbc9d44-c46a-4335-9a33-1916734a76c9'] response: {'server_uuid': '3e79b04b-0096-4320-adf8-f0c0c17fe147', 'name': 'network-vif-deleted', 'tag': 'c8323855-e7cb-4142-90aa-c5297d64863c', 'status': 'completed', 'code': 200}
2026-04-27 22:06:20.727 10 INFO neutron.db.ovn_revision_numbers_db [None req-648608c1-39f6-4cd5-8e59-dd24930b9178 da9ea4bce9fa49798930ea075b6f69d6 9e87328a0e33464295d10e591d61c010 - - default default] Successfully bumped revision number for resource f201ce99-f840-4ab1-a7d1-71f64d351c5f (type: ports) to 1
2026-04-27 22:06:20.792 10 WARNING neutron.scheduler.dhcp_agent_scheduler [None req-648608c1-39f6-4cd5-8e59-dd24930b9178 da9ea4bce9fa49798930ea075b6f69d6 9e87328a0e33464295d10e591d61c010 - - default default] No more DHCP agents
2026-04-27 22:06:20.794 10 WARNING neutron.api.rpc.agentnotifiers.dhcp_rpc_agent_api [None req-648608c1-39f6-4cd5-8e59-dd24930b9178 da9ea4bce9fa49798930ea075b6f69d6 9e87328a0e33464295d10e591d61c010 - - default default] Unable to schedule network 02de6bc7-9a7c-46d3-953f-5dfffba6267f: no agents available; will retry on subsequent port and subnet creation events.
2026-04-27 22:06:20.894 9 INFO neutron.db.ovn_revision_numbers_db [None req-81b7e7ae-f659-4d1d-b51a-1374814e7b33 - - - - - -] Successfully bumped revision number for resource c431c7e7-9a42-4fba-8b4c-0644e66782ea (type: router_ports) to 4
2026-04-27 22:06:21.368 10 INFO neutron.db.ovn_revision_numbers_db [None req-648608c1-39f6-4cd5-8e59-dd24930b9178 da9ea4bce9fa49798930ea075b6f69d6 9e87328a0e33464295d10e591d61c010 - - default default] Successfully bumped revision number for resource f201ce99-f840-4ab1-a7d1-71f64d351c5f (type: router_ports) to 1
