2026-04-27 22:10:32.458 10 INFO neutron.services.segments.plugin [-] Segment 9cfc076e-54e3-4548-8982-be2b7112c837 resource provider aggregate not found
2026-04-27 22:10:32.474 10 INFO neutron.services.segments.plugin [-] Segment 9cfc076e-54e3-4548-8982-be2b7112c837 resource provider not found; error: Placement Client Error (4xx): {"errors": [{"status": 404, "title": "Not Found", "detail": "The resource could not be found.\n\n No resource provider with uuid 9cfc076e-54e3-4548-8982-be2b7112c837 found for delete ", "request_id": "req-a47f487a-cca1-45d8-8918-0025b9022d40"}]}
2026-04-27 22:10:32.477 10 INFO neutron.services.segments.plugin [-] Segment 9cfc076e-54e3-4548-8982-be2b7112c837 resource provider not found; error: Placement Client Error (4xx): {"errors": [{"status": 404, "title": "Not Found", "detail": "The resource could not be found.\n\n No resource provider with uuid 9cfc076e-54e3-4548-8982-be2b7112c837 found for delete ", "request_id": "req-7032ef3b-dfda-4199-8f06-c03790c4169e"}]}
2026-04-27 22:10:32.495 10 INFO neutron.wsgi [None req-1d4ec2b9-ac53-4057-890f-6914e906d310 9d49fb3e44094564aef6b304e421ecc5 7a00b87e02fd439eaaecb622cacdf923 - - default default] 10.0.0.105 "DELETE /v2.0/networks/e478112f-5741-4d5d-a236-edb75364ac84 HTTP/1.1" status: 204 len: 168 time: 0.4050107
2026-04-27 22:10:32.837 9 INFO neutron.services.segments.plugin [-] Segment 7d5daaff-4270-412c-845d-1d6b15b38038 resource provider aggregate not found
2026-04-27 22:10:32.843 9 INFO neutron.services.segments.plugin [-] Segment 7d5daaff-4270-412c-845d-1d6b15b38038 resource provider aggregate not found
2026-04-27 22:10:32.858 9 INFO neutron.services.segments.plugin [-] Segment 7d5daaff-4270-412c-845d-1d6b15b38038 resource provider not found; error: Placement Client Error (4xx): {"errors": [{"status": 404, "title": "Not Found", "detail": "The resource could not be found.\n\n No resource provider with uuid 7d5daaff-4270-412c-845d-1d6b15b38038 found for delete ", "request_id": "req-ae42bb0d-4f78-454c-ac1e-77b43a544ecd"}]}
2026-04-27 22:10:32.860 9 INFO neutron.services.segments.plugin [-] Segment 7d5daaff-4270-412c-845d-1d6b15b38038 resource provider not found; error: Placement Client Error (4xx): {"errors": [{"status": 404, "title": "Not Found", "detail": "The resource could not be found.\n\n No resource provider with uuid 7d5daaff-4270-412c-845d-1d6b15b38038 found for delete ", "request_id": "req-2ef1d67b-b14f-4680-829a-e9741322a131"}]}
2026-04-27 22:10:32.890 9 INFO neutron.wsgi [None req-d3cca53f-1835-4eff-acdf-e0dd3302f05d 9d49fb3e44094564aef6b304e421ecc5 7a00b87e02fd439eaaecb622cacdf923 - - default default] 10.0.0.105 "DELETE /v2.0/networks/664c40c5-577b-462b-aba7-73f25d5ef362 HTTP/1.1" status: 204 len: 168 time: 0.3902724
2026-04-27 22:10:33.324 10 INFO neutron.wsgi [None req-10c38ce9-6ae9-4811-83c4-c7b87ae72cb6 9d49fb3e44094564aef6b304e421ecc5 7a00b87e02fd439eaaecb622cacdf923 - - default default] 10.0.0.105 "DELETE /v2.0/networks/0d7457c2-b741-48bf-a3f8-0897903f0c34 HTTP/1.1" status: 204 len: 168 time: 0.4269872
2026-04-27 22:10:33.711 9 INFO neutron.wsgi [None req-70c07701-caba-436f-93f3-6f9562805f17 9d49fb3e44094564aef6b304e421ecc5 7a00b87e02fd439eaaecb622cacdf923 - - default default] 10.0.0.105 "DELETE /v2.0/networks/51b96fd6-cc3d-4011-b14b-7fbe50606697 HTTP/1.1" status: 204 len: 168 time: 0.3814554
2026-04-27 22:10:34.095 10 INFO neutron.wsgi [None req-85e30717-50fe-469e-873f-076dd17f0707 9d49fb3e44094564aef6b304e421ecc5 7a00b87e02fd439eaaecb622cacdf923 - - default default] 10.0.0.105 "DELETE /v2.0/networks/833aaadb-ae0c-4781-8524-6a30653313a5 HTTP/1.1" status: 204 len: 168 time: 0.3784184
2026-04-27 22:10:34.489 10 INFO neutron.wsgi [req-f60dc182-345d-4bfd-b010-f7ab30775128 req-74b41e48-1d64-4e15-a39b-b1a19f7dda8d dfe67ae67a0d45b0a4511adb4b45b466 398885860a1a485a97ce085702de3e7d - - 9b8ddd2dacbe4426aee095541780fd67 9b8ddd2dacbe4426aee095541780fd67] 199.204.45.129 "GET /v2.0/ports?device_id=0e82256e-6f87-47c3-8f64-48bf5bd799f4&fields=binding%3Ahost_id&fields=binding%3Avif_type HTTP/1.1" status: 200 len: 265 time: 0.0547650
2026-04-27 22:10:34.500 10 INFO neutron.services.segments.plugin [-] Segment efcb2453-8dff-466c-9663-0e21375cbbbc resource provider aggregate not found
2026-04-27 22:10:34.507 10 INFO neutron.services.segments.plugin [-] Segment efcb2453-8dff-466c-9663-0e21375cbbbc resource provider aggregate not found
2026-04-27 22:10:34.528 10 INFO neutron.services.segments.plugin [-] Segment efcb2453-8dff-466c-9663-0e21375cbbbc resource provider not found; error: Placement Client Error (4xx): {"errors": [{"status": 404, "title": "Not Found", "detail": "The resource could not be found.\n\n No resource provider with uuid efcb2453-8dff-466c-9663-0e21375cbbbc found for delete ", "request_id": "req-3f640c09-8244-4895-a406-b0c6aebe21fc"}]}
2026-04-27 22:10:34.536 10 INFO neutron.services.segments.plugin [-] Segment efcb2453-8dff-466c-9663-0e21375cbbbc resource provider not found; error: Placement Client Error (4xx): {"errors": [{"status": 404, "title": "Not Found", "detail": "The resource could not be found.\n\n No resource provider with uuid efcb2453-8dff-466c-9663-0e21375cbbbc found for delete ", "request_id": "req-b2bd66f7-bdb7-418e-a0cb-4e8eee2d0e69"}]}
2026-04-27 22:10:34.551 10 INFO neutron.services.segments.plugin [-] Segment 3cc1e449-645e-4e05-b841-d3081d74f7ec resource provider aggregate not found
2026-04-27 22:10:34.556 10 INFO neutron.services.segments.plugin [-] Segment 3cc1e449-645e-4e05-b841-d3081d74f7ec resource provider aggregate not found
2026-04-27 22:10:34.571 10 INFO neutron.services.segments.plugin [-] Segment 3cc1e449-645e-4e05-b841-d3081d74f7ec resource provider not found; error: Placement Client Error (4xx): {"errors": [{"status": 404, "title": "Not Found", "detail": "The resource could not be found.\n\n No resource provider with uuid 3cc1e449-645e-4e05-b841-d3081d74f7ec found for delete ", "request_id": "req-97c27ca2-543c-4939-a874-5485aa8f693e"}]}
2026-04-27 22:10:34.588 10 INFO neutron.wsgi [req-f60dc182-345d-4bfd-b010-f7ab30775128 req-12302e98-6a2f-41d5-97a1-95716dc179b1 dfe67ae67a0d45b0a4511adb4b45b466 398885860a1a485a97ce085702de3e7d - - 9b8ddd2dacbe4426aee095541780fd67 9b8ddd2dacbe4426aee095541780fd67] 199.204.45.129 "GET /v2.0/ports?tenant_id=7f3baa12e7ea430ebab68aabcdf77880&device_id=0e82256e-6f87-47c3-8f64-48bf5bd799f4 HTTP/1.1" status: 200 len: 1634 time: 0.0464935
2026-04-27 22:10:34.589 10 INFO neutron.services.segments.plugin [-] Segment 3cc1e449-645e-4e05-b841-d3081d74f7ec resource provider not found; error: Placement Client Error (4xx): {"errors": [{"status": 404, "title": "Not Found", "detail": "The resource could not be found.\n\n No resource provider with uuid 3cc1e449-645e-4e05-b841-d3081d74f7ec found for delete ", "request_id": "req-fc23f697-0c83-408e-9b4e-004c624d9217"}]}
2026-04-27 22:10:34.673 10 INFO neutron.wsgi [req-f60dc182-345d-4bfd-b010-f7ab30775128 req-6b50aad8-66bc-4970-adfb-36158551d9fc dfe67ae67a0d45b0a4511adb4b45b466 398885860a1a485a97ce085702de3e7d - - 9b8ddd2dacbe4426aee095541780fd67 9b8ddd2dacbe4426aee095541780fd67] 199.204.45.129 "GET /v2.0/networks?id=b43e47f7-c981-43dc-adee-943c79e70f5a HTTP/1.1" status: 200 len: 1002 time: 0.0646164
2026-04-27 22:10:34.728 10 INFO neutron.wsgi [req-f60dc182-345d-4bfd-b010-f7ab30775128 req-94215f4b-aac1-46c5-a73b-53f8504f2310 dfe67ae67a0d45b0a4511adb4b45b466 398885860a1a485a97ce085702de3e7d - - 9b8ddd2dacbe4426aee095541780fd67 9b8ddd2dacbe4426aee095541780fd67] 199.204.45.129 "GET /v2.0/floatingips?fixed_ip_address=10.2.1.71&port_id=600adb16-01ba-4630-95a2-712fb7b723f5 HTTP/1.1" status: 200 len: 1058 time: 0.0480361
2026-04-27 22:10:34.760 10 INFO neutron.wsgi [req-f60dc182-345d-4bfd-b010-f7ab30775128 req-391d3ebd-1dfb-4264-acbe-30d3ce8e802e dfe67ae67a0d45b0a4511adb4b45b466 398885860a1a485a97ce085702de3e7d - - 9b8ddd2dacbe4426aee095541780fd67 9b8ddd2dacbe4426aee095541780fd67] 199.204.45.129 "GET /v2.0/floatingips?fixed_ip_address=fd7b%3Af9f7%3Afff%3A4eca%3A%3A2c2&port_id=600adb16-01ba-4630-95a2-712fb7b723f5 HTTP/1.1" status: 200 len: 217 time: 0.0251186
2026-04-27 22:10:34.805 10 INFO neutron.wsgi [req-f60dc182-345d-4bfd-b010-f7ab30775128 req-56694d61-ab52-43c2-984d-d4a068f5a649 dfe67ae67a0d45b0a4511adb4b45b466 398885860a1a485a97ce085702de3e7d - - 9b8ddd2dacbe4426aee095541780fd67 9b8ddd2dacbe4426aee095541780fd67] 199.204.45.129 "GET /v2.0/subnets?id=96f9f143-5efa-40d2-8744-4d09898f188e&id=87194a1e-3aa4-4877-a5d7-6ed3e2c31866 HTTP/1.1" status: 200 len: 1562 time: 0.0390146
2026-04-27 22:10:34.837 10 INFO neutron.wsgi [req-f60dc182-345d-4bfd-b010-f7ab30775128 req-94e88638-4489-457f-ae81-0b42f5617b80 dfe67ae67a0d45b0a4511adb4b45b466 398885860a1a485a97ce085702de3e7d - - 9b8ddd2dacbe4426aee095541780fd67 9b8ddd2dacbe4426aee095541780fd67] 199.204.45.129 "GET /v2.0/ports?network_id=b43e47f7-c981-43dc-adee-943c79e70f5a&device_owner=network%3Adhcp HTTP/1.1" status: 200 len: 210 time: 0.0244558
2026-04-27 22:10:34.864 10 INFO neutron.wsgi [req-f60dc182-345d-4bfd-b010-f7ab30775128 req-2259beac-1b65-49c5-a2a3-6929e1a03613 dfe67ae67a0d45b0a4511adb4b45b466 398885860a1a485a97ce085702de3e7d - - 9b8ddd2dacbe4426aee095541780fd67 9b8ddd2dacbe4426aee095541780fd67] 199.204.45.129 "GET /v2.0/ports?network_id=b43e47f7-c981-43dc-adee-943c79e70f5a&device_owner=network%3Adhcp HTTP/1.1" status: 200 len: 210 time: 0.0210030
2026-04-27 22:10:34.880 9 INFO neutron.services.segments.plugin [-] Segment 961aafa1-5c2d-473d-b9d0-642e2bea62bb resource provider aggregate not found
2026-04-27 22:10:34.886 9 INFO neutron.services.segments.plugin [-] Segment 961aafa1-5c2d-473d-b9d0-642e2bea62bb resource provider aggregate not found
2026-04-27 22:10:34.896 9 INFO neutron.services.segments.plugin [-] Segment 961aafa1-5c2d-473d-b9d0-642e2bea62bb resource provider not found; error: Placement Client Error (4xx): {"errors": [{"status": 404, "title": "Not Found", "detail": "The resource could not be found.\n\n No resource provider with uuid 961aafa1-5c2d-473d-b9d0-642e2bea62bb found for delete ", "request_id": "req-8460fa0f-a3b6-4d3c-8959-1b58c0f10118"}]}
2026-04-27 22:10:34.904 9 INFO neutron.services.segments.plugin [-] Segment 961aafa1-5c2d-473d-b9d0-642e2bea62bb resource provider not found; error: Placement Client Error (4xx): {"errors": [{"status": 404, "title": "Not Found", "detail": "The resource could not be found.\n\n No resource provider with uuid 961aafa1-5c2d-473d-b9d0-642e2bea62bb found for delete ", "request_id": "req-63e6a93b-66f1-4177-8a0c-fc711c42bb93"}]}
2026-04-27 22:10:34.936 10 INFO neutron.wsgi [req-f60dc182-345d-4bfd-b010-f7ab30775128 req-cee85137-9346-4088-882e-7c1415b4c912 dfe67ae67a0d45b0a4511adb4b45b466 398885860a1a485a97ce085702de3e7d - - 9b8ddd2dacbe4426aee095541780fd67 9b8ddd2dacbe4426aee095541780fd67] 199.204.45.129 "GET /v2.0/networks/b43e47f7-c981-43dc-adee-943c79e70f5a?fields=segments HTTP/1.1" status: 200 len: 212 time: 0.0638442
2026-04-27 22:10:35.033 10 INFO neutron.wsgi [req-f60dc182-345d-4bfd-b010-f7ab30775128 req-0debfe11-97de-4e85-bd44-c9b7dfe794ee dfe67ae67a0d45b0a4511adb4b45b466 398885860a1a485a97ce085702de3e7d - - 9b8ddd2dacbe4426aee095541780fd67 9b8ddd2dacbe4426aee095541780fd67] 199.204.45.129 "GET /v2.0/networks/b43e47f7-c981-43dc-adee-943c79e70f5a?fields=provider%3Aphysical_network&fields=provider%3Anetwork_type HTTP/1.1" status: 200 len: 277 time: 0.0898268
2026-04-27 22:10:35.157 9 INFO neutron.db.ovn_revision_numbers_db [None req-a931e336-2d4c-43db-b1d5-cea7f6b5e1e8 da9ea4bce9fa49798930ea075b6f69d6 9e87328a0e33464295d10e591d61c010 - - default default] Successfully bumped revision number for resource b21d568f-1187-457b-8387-88afff40bde8 (type: security_groups) to 1
2026-04-27 22:10:35.168 9 INFO neutron.db.ovn_revision_numbers_db [None req-a931e336-2d4c-43db-b1d5-cea7f6b5e1e8 da9ea4bce9fa49798930ea075b6f69d6 9e87328a0e33464295d10e591d61c010 - - default default] Successfully bumped revision number for resource 17320cea-7105-4fb5-9bb4-0e815ad72fdd (type: security_group_rules) to 0
2026-04-27 22:10:35.191 9 INFO neutron.db.ovn_revision_numbers_db [None req-a931e336-2d4c-43db-b1d5-cea7f6b5e1e8 da9ea4bce9fa49798930ea075b6f69d6 9e87328a0e33464295d10e591d61c010 - - default default] Successfully bumped revision number for resource 60de4712-a979-4835-8f6f-e3e6c8c0185a (type: security_group_rules) to 0
2026-04-27 22:10:35.204 9 INFO neutron.db.ovn_revision_numbers_db [None req-a931e336-2d4c-43db-b1d5-cea7f6b5e1e8 da9ea4bce9fa49798930ea075b6f69d6 9e87328a0e33464295d10e591d61c010 - - default default] Successfully bumped revision number for resource a1723b74-ce87-4ba8-b36e-f77a8d0d44b0 (type: security_group_rules) to 0
2026-04-27 22:10:35.217 9 INFO neutron.db.ovn_revision_numbers_db [None req-a931e336-2d4c-43db-b1d5-cea7f6b5e1e8 da9ea4bce9fa49798930ea075b6f69d6 9e87328a0e33464295d10e591d61c010 - - default default] Successfully bumped revision number for resource b4c767d1-f23d-4461-810a-1fb2701c5080 (type: security_group_rules) to 0
2026-04-27 22:10:35.246 9 INFO neutron.wsgi [None req-a931e336-2d4c-43db-b1d5-cea7f6b5e1e8 da9ea4bce9fa49798930ea075b6f69d6 9e87328a0e33464295d10e591d61c010 - - default default] 10.0.0.105 "GET /v2.0/security-groups?tenant_id=ddb4882b0f894a769fd6026826f4ca2a&name=default HTTP/1.1" status: 200 len: 3000 time: 0.3405728
2026-04-27 22:10:35.523 10 INFO neutron.wsgi [req-ac1a403c-3289-4192-a0c3-e76cabe77809 req-08a62b68-9ac0-4425-81b9-d01e20fe3870 da9ea4bce9fa49798930ea075b6f69d6 9e87328a0e33464295d10e591d61c010 - - default default] 10.0.0.45 "GET /v2.0/security-groups?id=05b5194e-6092-42c7-9297-b221804a1bef&fields=id HTTP/1.1" status: 200 len: 267 time: 0.0382836
2026-04-27 22:10:35.584 10 INFO neutron.wsgi [req-ac1a403c-3289-4192-a0c3-e76cabe77809 req-a6e60381-349d-4163-a1ba-8e49f89dab53 da9ea4bce9fa49798930ea075b6f69d6 9e87328a0e33464295d10e591d61c010 - - default default] 10.0.0.45 "GET /v2.0/networks?id=d455f194-8567-4d60-b7a2-30b62b390e37 HTTP/1.1" status: 200 len: 937 time: 0.0528455
2026-04-27 22:10:35.603 10 INFO neutron.wsgi [req-ac1a403c-3289-4192-a0c3-e76cabe77809 req-7a11eb9e-3d59-4a65-a64f-aa0a751268ff da9ea4bce9fa49798930ea075b6f69d6 9e87328a0e33464295d10e591d61c010 - - default default] 10.0.0.45 "GET /v2.0/quotas/9e87328a0e33464295d10e591d61c010 HTTP/1.1" status: 200 len: 385 time: 0.0105195
2026-04-27 22:10:35.753 9 INFO neutron.wsgi [None req-4c84138c-e2fd-4b46-8580-813a97710fb5 da9ea4bce9fa49798930ea075b6f69d6 9e87328a0e33464295d10e591d61c010 - - default default] 10.0.0.105 "DELETE /v2.0/security-groups/b21d568f-1187-457b-8387-88afff40bde8 HTTP/1.1" status: 204 len: 168 time: 0.5010688
2026-04-27 22:10:35.921 9 INFO neutron.wsgi [None req-3f84b982-ace0-4085-8236-bcd8a0754305 da9ea4bce9fa49798930ea075b6f69d6 9e87328a0e33464295d10e591d61c010 - - default default] 10.0.0.105 "GET /v2.0/security-groups?tenant_id=7a00b87e02fd439eaaecb622cacdf923&name=default HTTP/1.1" status: 200 len: 3000 time: 0.0487962
2026-04-27 22:10:35.934 10 INFO neutron.wsgi [req-ac1a403c-3289-4192-a0c3-e76cabe77809 req-c70a60f1-97f2-493e-9579-0d87a3d7c13f da9ea4bce9fa49798930ea075b6f69d6 9e87328a0e33464295d10e591d61c010 - - default default] 10.0.0.45 "GET /v2.0/ports?tenant_id=9e87328a0e33464295d10e591d61c010&fields=id HTTP/1.1" status: 200 len: 348 time: 0.3229907
2026-04-27 22:10:36.010 10 INFO neutron.wsgi [req-ac1a403c-3289-4192-a0c3-e76cabe77809 req-cff88a6b-8b2f-4043-b3d0-8c8adfcb5b24 dfe67ae67a0d45b0a4511adb4b45b466 398885860a1a485a97ce085702de3e7d - - 9b8ddd2dacbe4426aee095541780fd67 9b8ddd2dacbe4426aee095541780fd67] 10.0.0.45 "GET /v2.0/networks/d455f194-8567-4d60-b7a2-30b62b390e37?fields=segments HTTP/1.1" status: 200 len: 212 time: 0.0643451
2026-04-27 22:10:36.089 10 INFO neutron.wsgi [req-ac1a403c-3289-4192-a0c3-e76cabe77809 req-5aa09fb6-2529-49c3-92da-1a04dcf6c350 dfe67ae67a0d45b0a4511adb4b45b466 398885860a1a485a97ce085702de3e7d - - 9b8ddd2dacbe4426aee095541780fd67 9b8ddd2dacbe4426aee095541780fd67] 10.0.0.45 "GET /v2.0/networks/d455f194-8567-4d60-b7a2-30b62b390e37?fields=provider%3Aphysical_network&fields=provider%3Anetwork_type HTTP/1.1" status: 200 len: 277 time: 0.0705407
2026-04-27 22:10:36.161 9 INFO neutron.wsgi [None req-7be6e060-22e3-4c38-b498-d71e73aab9b4 da9ea4bce9fa49798930ea075b6f69d6 9e87328a0e33464295d10e591d61c010 - - default default] 10.0.0.105 "DELETE /v2.0/security-groups/8aeb81ba-e820-4b67-a011-6a0e66b979af HTTP/1.1" status: 204 len: 168 time: 0.2352626
2026-04-27 22:10:36.477 9 INFO neutron.db.ovn_revision_numbers_db [None req-89717066-1b8d-49a8-8d6b-f86048ba13db da9ea4bce9fa49798930ea075b6f69d6 9e87328a0e33464295d10e591d61c010 - - default default] Successfully bumped revision number for resource 4ea16fc8-c8aa-497f-a0e3-703a33371506 (type: security_groups) to 1
2026-04-27 22:10:36.495 9 INFO neutron.db.ovn_revision_numbers_db [None req-89717066-1b8d-49a8-8d6b-f86048ba13db da9ea4bce9fa49798930ea075b6f69d6 9e87328a0e33464295d10e591d61c010 - - default default] Successfully bumped revision number for resource 28fe7b60-d16d-4a0e-b75b-395975667538 (type: security_group_rules) to 0
2026-04-27 22:10:36.509 9 INFO neutron.db.ovn_revision_numbers_db [None req-89717066-1b8d-49a8-8d6b-f86048ba13db da9ea4bce9fa49798930ea075b6f69d6 9e87328a0e33464295d10e591d61c010 - - default default] Successfully bumped revision number for resource 88d4d525-561d-4437-b83d-fe583113c229 (type: security_group_rules) to 0
2026-04-27 22:10:36.525 9 INFO neutron.db.ovn_revision_numbers_db [None req-89717066-1b8d-49a8-8d6b-f86048ba13db da9ea4bce9fa49798930ea075b6f69d6 9e87328a0e33464295d10e591d61c010 - - default default] Successfully bumped revision number for resource d0b720ae-88a5-4b7a-8d3c-e2f25329bb4b (type: security_group_rules) to 0
2026-04-27 22:10:36.549 9 INFO neutron.db.ovn_revision_numbers_db [None req-89717066-1b8d-49a8-8d6b-f86048ba13db da9ea4bce9fa49798930ea075b6f69d6 9e87328a0e33464295d10e591d61c010 - - default default] Successfully bumped revision number for resource eb01adca-e360-40bf-9f00-9d44a191f2e7 (type: security_group_rules) to 0
2026-04-27 22:10:36.569 9 INFO neutron.wsgi [None req-89717066-1b8d-49a8-8d6b-f86048ba13db da9ea4bce9fa49798930ea075b6f69d6 9e87328a0e33464295d10e591d61c010 - - default default] 10.0.0.105 "GET /v2.0/security-groups?tenant_id=e4b80a444b824b3fa13b2fd9c329fc95&name=default HTTP/1.1" status: 200 len: 3000 time: 0.2279570
2026-04-27 22:10:36.634 10 INFO neutron.wsgi [req-7c855134-2e1b-445b-be5e-9bcadc2e9e32 req-ed8ed9ce-d9f6-4e41-a2d5-abc89167743e da9ea4bce9fa49798930ea075b6f69d6 9e87328a0e33464295d10e591d61c010 - - default default] 10.0.0.45 "GET /v2.0/ports?device_id=ac22c146-53f3-4d50-b036-ddfa775141e3 HTTP/1.1" status: 200 len: 210 time: 0.0238798
2026-04-27 22:10:36.712 10 INFO neutron.wsgi [req-900f9bb9-af05-4e0d-87a1-a6322d9a1dd7 req-e514b777-84b8-48ac-91ab-475aa36ae52f da9ea4bce9fa49798930ea075b6f69d6 9e87328a0e33464295d10e591d61c010 - - default default] 10.0.0.45 "GET /v2.0/ports?device_id=ac22c146-53f3-4d50-b036-ddfa775141e3 HTTP/1.1" status: 200 len: 210 time: 0.0252001
2026-04-27 22:10:36.829 10 INFO neutron.wsgi [None req-0abdd597-eb8a-45a0-9477-1a97a42d4a79 da9ea4bce9fa49798930ea075b6f69d6 9e87328a0e33464295d10e591d61c010 - - default default] 10.0.0.105 "DELETE /v2.0/security-groups/4ea16fc8-c8aa-497f-a0e3-703a33371506 HTTP/1.1" status: 204 len: 168 time: 0.2551756
2026-04-27 22:10:37.233 10 INFO neutron.wsgi [req-ac1a403c-3289-4192-a0c3-e76cabe77809 req-4584d8cf-b910-4dad-b202-54558cd9d1d8 da9ea4bce9fa49798930ea075b6f69d6 9e87328a0e33464295d10e591d61c010 - - default default] 199.204.45.129 "GET /v2.0/networks?id=d455f194-8567-4d60-b7a2-30b62b390e37 HTTP/1.1" status: 200 len: 937 time: 0.0834343
2026-04-27 22:10:37.288 10 INFO neutron.wsgi [req-ac1a403c-3289-4192-a0c3-e76cabe77809 req-098ff15f-79d7-420b-9d13-4e5d69213bc3 da9ea4bce9fa49798930ea075b6f69d6 9e87328a0e33464295d10e591d61c010 - - default default] 199.204.45.129 "GET /v2.0/security-groups?fields=id&fields=name&tenant_id=9e87328a0e33464295d10e591d61c010 HTTP/1.1" status: 200 len: 542 time: 0.0497954
2026-04-27 22:10:37.558 10 WARNING neutron.scheduler.dhcp_agent_scheduler [req-ac1a403c-3289-4192-a0c3-e76cabe77809 req-452d6dec-9dc7-47c1-a7ef-8aa092d4a408 da9ea4bce9fa49798930ea075b6f69d6 9e87328a0e33464295d10e591d61c010 - - default default] No more DHCP agents
2026-04-27 22:10:37.559 10 WARNING neutron.api.rpc.agentnotifiers.dhcp_rpc_agent_api [req-ac1a403c-3289-4192-a0c3-e76cabe77809 req-452d6dec-9dc7-47c1-a7ef-8aa092d4a408 da9ea4bce9fa49798930ea075b6f69d6 9e87328a0e33464295d10e591d61c010 - - default default] Unable to schedule network d455f194-8567-4d60-b7a2-30b62b390e37: no agents available; will retry on subsequent port and subnet creation events.
2026-04-27 22:10:37.711 10 INFO neutron.db.ovn_revision_numbers_db [req-ac1a403c-3289-4192-a0c3-e76cabe77809 req-452d6dec-9dc7-47c1-a7ef-8aa092d4a408 da9ea4bce9fa49798930ea075b6f69d6 9e87328a0e33464295d10e591d61c010 - - default default] Successfully bumped revision number for resource 9804d32b-07f4-4158-9d01-012c85545e72 (type: ports) to 1
2026-04-27 22:10:37.728 10 INFO neutron.wsgi [req-ac1a403c-3289-4192-a0c3-e76cabe77809 req-452d6dec-9dc7-47c1-a7ef-8aa092d4a408 da9ea4bce9fa49798930ea075b6f69d6 9e87328a0e33464295d10e591d61c010 - - default default] 199.204.45.129 "POST /v2.0/ports HTTP/1.1" status: 201 len: 1283 time: 0.4355681 /var/lib/openstack/lib/python3.10/site-packages/pycadf/identifier.py:71: UserWarning: Invalid uuid: neutron. To ensure interoperability, identifiers should be a valid uuid. warnings.warn(('Invalid uuid: %s. To ensure interoperability, '
2026-04-27 22:10:38.171 10 INFO neutron.db.ovn_revision_numbers_db [req-ac1a403c-3289-4192-a0c3-e76cabe77809 req-46f15cf1-a7fb-4c07-a595-2bb86c93e9a7 dfe67ae67a0d45b0a4511adb4b45b466 398885860a1a485a97ce085702de3e7d - - 9b8ddd2dacbe4426aee095541780fd67 9b8ddd2dacbe4426aee095541780fd67] Successfully bumped revision number for resource 9804d32b-07f4-4158-9d01-012c85545e72 (type: ports) to 2
2026-04-27 22:10:38.366 10 INFO neutron.db.ovn_revision_numbers_db [req-ac1a403c-3289-4192-a0c3-e76cabe77809 req-46f15cf1-a7fb-4c07-a595-2bb86c93e9a7 dfe67ae67a0d45b0a4511adb4b45b466 398885860a1a485a97ce085702de3e7d - - 9b8ddd2dacbe4426aee095541780fd67 9b8ddd2dacbe4426aee095541780fd67] Successfully bumped revision number for resource 9804d32b-07f4-4158-9d01-012c85545e72 (type: ports) to 2
2026-04-27 22:10:38.383 10 INFO neutron.wsgi [req-ac1a403c-3289-4192-a0c3-e76cabe77809 req-46f15cf1-a7fb-4c07-a595-2bb86c93e9a7 dfe67ae67a0d45b0a4511adb4b45b466 398885860a1a485a97ce085702de3e7d - - 9b8ddd2dacbe4426aee095541780fd67 9b8ddd2dacbe4426aee095541780fd67] 199.204.45.129 "PUT /v2.0/ports/9804d32b-07f4-4158-9d01-012c85545e72 HTTP/1.1" status: 200 len: 1380 time: 0.6465628
2026-04-27 22:10:38.419 10 INFO neutron.notifiers.nova [-] Nova event matching ['req-0e53f999-b030-4f96-a529-daa8e28c4e73'] response: {'name': 'network-changed', 'server_uuid': 'ac22c146-53f3-4d50-b036-ddfa775141e3', 'tag': '9804d32b-07f4-4158-9d01-012c85545e72', 'status': 'completed', 'code': 200} /var/lib/openstack/lib/python3.10/site-packages/pycadf/identifier.py:71: UserWarning: Invalid uuid: neutron. To ensure interoperability, identifiers should be a valid uuid. warnings.warn(('Invalid uuid: %s. To ensure interoperability, '
2026-04-27 22:10:38.472 10 INFO neutron.wsgi [req-ac1a403c-3289-4192-a0c3-e76cabe77809 req-91e9e0fe-0e17-4776-8f3f-55a99e6cef9a dfe67ae67a0d45b0a4511adb4b45b466 398885860a1a485a97ce085702de3e7d - - 9b8ddd2dacbe4426aee095541780fd67 9b8ddd2dacbe4426aee095541780fd67] 199.204.45.129 "GET /v2.0/ports?tenant_id=9e87328a0e33464295d10e591d61c010&device_id=ac22c146-53f3-4d50-b036-ddfa775141e3 HTTP/1.1" status: 200 len: 1411 time: 0.0462563
2026-04-27 22:10:38.497 10 INFO neutron.wsgi [req-ac1a403c-3289-4192-a0c3-e76cabe77809 req-d7bb1c9d-80ad-4d91-b80d-9aed1190cea8 dfe67ae67a0d45b0a4511adb4b45b466 398885860a1a485a97ce085702de3e7d - - 9b8ddd2dacbe4426aee095541780fd67 9b8ddd2dacbe4426aee095541780fd67] 199.204.45.129 "GET /v2.0/floatingips?fixed_ip_address=172.24.3.29&port_id=9804d32b-07f4-4158-9d01-012c85545e72 HTTP/1.1" status: 200 len: 217 time: 0.0208676
2026-04-27 22:10:38.546 10 INFO neutron.wsgi [req-ac1a403c-3289-4192-a0c3-e76cabe77809 req-29ac1f4b-fbc2-47ef-8f35-73492fa62a70 dfe67ae67a0d45b0a4511adb4b45b466 398885860a1a485a97ce085702de3e7d - - 9b8ddd2dacbe4426aee095541780fd67 9b8ddd2dacbe4426aee095541780fd67] 199.204.45.129 "GET /v2.0/subnets?id=6892052b-7da5-4652-860b-61fbfc5c98e3 HTTP/1.1" status: 200 len: 829 time: 0.0418315
2026-04-27 22:10:38.577 10 INFO neutron.wsgi [req-ac1a403c-3289-4192-a0c3-e76cabe77809 req-ae051881-94fa-491e-b92e-c0e517877667 dfe67ae67a0d45b0a4511adb4b45b466 398885860a1a485a97ce085702de3e7d - - 9b8ddd2dacbe4426aee095541780fd67 9b8ddd2dacbe4426aee095541780fd67] 199.204.45.129 "GET /v2.0/ports?network_id=d455f194-8567-4d60-b7a2-30b62b390e37&device_owner=network%3Adhcp HTTP/1.1" status: 200 len: 210 time: 0.0249972
2026-04-27 22:10:38.640 10 INFO neutron.wsgi [req-ac1a403c-3289-4192-a0c3-e76cabe77809 req-d248cd58-056d-4665-9f6c-7f089007c800 dfe67ae67a0d45b0a4511adb4b45b466 398885860a1a485a97ce085702de3e7d - - 9b8ddd2dacbe4426aee095541780fd67 9b8ddd2dacbe4426aee095541780fd67] 199.204.45.129 "GET /v2.0/networks/d455f194-8567-4d60-b7a2-30b62b390e37?fields=segments HTTP/1.1" status: 200 len: 212 time: 0.0533981
2026-04-27 22:10:38.705 10 INFO neutron.wsgi [req-ac1a403c-3289-4192-a0c3-e76cabe77809 req-1e6a818b-07dd-4d77-9ae3-afc0a18abc29 dfe67ae67a0d45b0a4511adb4b45b466 398885860a1a485a97ce085702de3e7d - - 9b8ddd2dacbe4426aee095541780fd67 9b8ddd2dacbe4426aee095541780fd67] 199.204.45.129 "GET /v2.0/networks/d455f194-8567-4d60-b7a2-30b62b390e37?fields=provider%3Aphysical_network&fields=provider%3Anetwork_type HTTP/1.1" status: 200 len: 277 time: 0.0575607
2026-04-27 22:10:38.805 10 INFO neutron.wsgi [req-a4fdcc95-c394-454a-9741-6fafddb2645a req-debfd782-0325-49af-a40e-92c9d33f95d4 dfe67ae67a0d45b0a4511adb4b45b466 398885860a1a485a97ce085702de3e7d - - 9b8ddd2dacbe4426aee095541780fd67 9b8ddd2dacbe4426aee095541780fd67] 199.204.45.129 "GET /v2.0/ports?tenant_id=9e87328a0e33464295d10e591d61c010&device_id=ac22c146-53f3-4d50-b036-ddfa775141e3 HTTP/1.1" status: 200 len: 1411 time: 0.0424817
2026-04-27 22:10:38.897 10 INFO neutron.wsgi [req-a4fdcc95-c394-454a-9741-6fafddb2645a req-8a02ad89-5e2c-4810-adc8-41359d3e2be7 dfe67ae67a0d45b0a4511adb4b45b466 398885860a1a485a97ce085702de3e7d - - 9b8ddd2dacbe4426aee095541780fd67 9b8ddd2dacbe4426aee095541780fd67] 199.204.45.129 "GET /v2.0/networks?id=d455f194-8567-4d60-b7a2-30b62b390e37 HTTP/1.1" status: 200 len: 937 time: 0.0804641
2026-04-27 22:10:38.930 10 INFO neutron.wsgi [req-a4fdcc95-c394-454a-9741-6fafddb2645a req-2f8251ba-03bc-47aa-8116-3a94cbfde83c dfe67ae67a0d45b0a4511adb4b45b466 398885860a1a485a97ce085702de3e7d - - 9b8ddd2dacbe4426aee095541780fd67 9b8ddd2dacbe4426aee095541780fd67] 199.204.45.129 "GET /v2.0/floatingips?fixed_ip_address=172.24.3.29&port_id=9804d32b-07f4-4158-9d01-012c85545e72 HTTP/1.1" status: 200 len: 217 time: 0.0262053
2026-04-27 22:10:38.936 9 INFO neutron.wsgi [req-c7a78307-64c2-4b2a-8ada-c065c13b214d req-2b3be849-7913-474c-875d-d339bdc4ac60 dfe67ae67a0d45b0a4511adb4b45b466 398885860a1a485a97ce085702de3e7d - - 9b8ddd2dacbe4426aee095541780fd67 9b8ddd2dacbe4426aee095541780fd67] 199.204.45.129 "GET /v2.0/ports?device_id=ac22c146-53f3-4d50-b036-ddfa775141e3 HTTP/1.1" status: 200 len: 1411 time: 0.0576041
2026-04-27 22:10:38.976 10 INFO neutron.wsgi [req-a4fdcc95-c394-454a-9741-6fafddb2645a req-7a414c66-594f-4a59-8c7b-c22fecc881f0 dfe67ae67a0d45b0a4511adb4b45b466 398885860a1a485a97ce085702de3e7d - - 9b8ddd2dacbe4426aee095541780fd67 9b8ddd2dacbe4426aee095541780fd67] 199.204.45.129 "GET /v2.0/subnets?id=6892052b-7da5-4652-860b-61fbfc5c98e3 HTTP/1.1" status: 200 len: 829 time: 0.0345922
2026-04-27 22:10:38.987 9 INFO neutron.wsgi [req-c7a78307-64c2-4b2a-8ada-c065c13b214d req-c3c7c803-260c-4572-9c41-fa0afef6b296 dfe67ae67a0d45b0a4511adb4b45b466 398885860a1a485a97ce085702de3e7d - - 9b8ddd2dacbe4426aee095541780fd67 9b8ddd2dacbe4426aee095541780fd67] 199.204.45.129 "GET /v2.0/security-groups?id=05b5194e-6092-42c7-9297-b221804a1bef&fields=id&fields=name HTTP/1.1" status: 200 len: 294 time: 0.0455711
2026-04-27 22:10:39.010 10 INFO neutron.wsgi [req-a4fdcc95-c394-454a-9741-6fafddb2645a req-cfc91d6d-cc42-48df-a149-f2708ef1cf56 dfe67ae67a0d45b0a4511adb4b45b466 398885860a1a485a97ce085702de3e7d - - 9b8ddd2dacbe4426aee095541780fd67 9b8ddd2dacbe4426aee095541780fd67] 199.204.45.129 "GET /v2.0/ports?network_id=d455f194-8567-4d60-b7a2-30b62b390e37&device_owner=network%3Adhcp HTTP/1.1" status: 200 len: 210 time: 0.0265570
2026-04-27 22:10:39.086 9 INFO neutron.plugins.ml2.drivers.ovn.mech_driver.mech_driver [None req-97adb1c9-086d-4690-b232-f64ac205f541 - - - - - -] OVN reports status up for port: 9804d32b-07f4-4158-9d01-012c85545e72
2026-04-27 22:10:39.105 9 INFO neutron.plugins.ml2.plugin [None req-97adb1c9-086d-4690-b232-f64ac205f541 - - - - - -] Attempt 1 to provision port 9804d32b-07f4-4158-9d01-012c85545e72
2026-04-27 22:10:39.115 10 INFO neutron.wsgi [req-a4fdcc95-c394-454a-9741-6fafddb2645a req-ffbfef82-388f-4599-a72b-bca8bb0b5934 dfe67ae67a0d45b0a4511adb4b45b466 398885860a1a485a97ce085702de3e7d - - 9b8ddd2dacbe4426aee095541780fd67 9b8ddd2dacbe4426aee095541780fd67] 199.204.45.129 "GET /v2.0/networks/d455f194-8567-4d60-b7a2-30b62b390e37?fields=segments HTTP/1.1" status: 200 len: 212 time: 0.0888593
2026-04-27 22:10:39.204 10 INFO neutron.wsgi [req-a4fdcc95-c394-454a-9741-6fafddb2645a req-04781a0d-63c1-44be-b78c-133e713715e0 dfe67ae67a0d45b0a4511adb4b45b466 398885860a1a485a97ce085702de3e7d - - 9b8ddd2dacbe4426aee095541780fd67 9b8ddd2dacbe4426aee095541780fd67] 199.204.45.129 "GET /v2.0/networks/d455f194-8567-4d60-b7a2-30b62b390e37?fields=provider%3Aphysical_network&fields=provider%3Anetwork_type HTTP/1.1" status: 200 len: 277 time: 0.0809958
2026-04-27 22:10:39.255 9 INFO neutron.notifiers.nova [-] Nova event matching ['req-0cee0ce1-bb1e-4c45-8b3f-7a510a819c67'] response: {'server_uuid': 'ac22c146-53f3-4d50-b036-ddfa775141e3', 'name': 'network-vif-plugged', 'status': 'completed', 'tag': '9804d32b-07f4-4158-9d01-012c85545e72', 'code': 200}
2026-04-27 22:10:39.406 9 INFO neutron.db.ovn_revision_numbers_db [None req-97adb1c9-086d-4690-b232-f64ac205f541 - - - - - -] Successfully bumped revision number for resource 9804d32b-07f4-4158-9d01-012c85545e72 (type: ports) to 4
2026-04-27 22:10:39.598 10 INFO neutron.wsgi [req-f4cf4650-d726-4701-8b12-58e62196173f req-598ecd2c-9352-4e6b-98b3-059966dc1dc5 da9ea4bce9fa49798930ea075b6f69d6 9e87328a0e33464295d10e591d61c010 - - default default] 10.0.0.45 "GET /v2.0/ports?device_id=ac22c146-53f3-4d50-b036-ddfa775141e3 HTTP/1.1" status: 200 len: 1413 time: 0.0588503
2026-04-27 22:10:39.651 10 INFO neutron.wsgi [req-f4cf4650-d726-4701-8b12-58e62196173f req-ca85980c-87e0-4fe7-a738-3c7bfd2d0318 da9ea4bce9fa49798930ea075b6f69d6 9e87328a0e33464295d10e591d61c010 - - default default] 10.0.0.45 "GET /v2.0/security-groups?id=05b5194e-6092-42c7-9297-b221804a1bef&fields=id&fields=name HTTP/1.1" status: 200 len: 294 time: 0.0436687
2026-04-27 22:10:39.748 10 INFO neutron.wsgi [req-5b33c5a7-419b-47c6-af5e-3c30fd56f749 req-169a3cd1-ad2d-416a-9830-ad90d7c7b66b da9ea4bce9fa49798930ea075b6f69d6 9e87328a0e33464295d10e591d61c010 - - default default] 10.0.0.45 "GET /v2.0/ports?device_id=ac22c146-53f3-4d50-b036-ddfa775141e3 HTTP/1.1" status: 200 len: 1413 time: 0.0392790 /var/lib/openstack/lib/python3.10/site-packages/pycadf/identifier.py:71: UserWarning: Invalid uuid: neutron. To ensure interoperability, identifiers should be a valid uuid. warnings.warn(('Invalid uuid: %s. To ensure interoperability, '
2026-04-27 22:10:40.308 9 WARNING neutron_lib.context [None req-fdc3cb26-f319-4fa1-bea9-b5732b304d33 c9ee196383884172af48b246c017b142 676be21542a54ffc8ea6d376f3b1b79d - - default default] Method 'is_advsvc' is deprecated since 2023.2 release (neutron-lib 3.8.0) and will be removed once support for the old RBAC API policies will be removed from Neutron. Please use method 'is_service_role' instead.
2026-04-27 22:10:40.355 9 INFO neutron.wsgi [None req-fdc3cb26-f319-4fa1-bea9-b5732b304d33 c9ee196383884172af48b246c017b142 676be21542a54ffc8ea6d376f3b1b79d - - default default] 10.0.0.105 "POST /v2.0/subnetpools HTTP/1.1" status: 201 len: 715 time: 0.2307904
2026-04-27 22:10:40.402 10 INFO neutron.wsgi [None req-f6055f6c-3703-460f-b132-44d63c5ccf84 c9ee196383884172af48b246c017b142 676be21542a54ffc8ea6d376f3b1b79d - - default default] 10.0.0.105 "PUT /v2.0/subnetpools/9c4d3402-45f4-4c8e-9a9e-ea150af00814/tags HTTP/1.1" status: 200 len: 218 time: 0.0399380
2026-04-27 22:10:40.433 9 INFO neutron.wsgi [None req-33934fd3-a219-41fa-97ea-4f4518beb880 c9ee196383884172af48b246c017b142 676be21542a54ffc8ea6d376f3b1b79d - - default default] 10.0.0.105 "GET /v2.0/subnetpools/9c4d3402-45f4-4c8e-9a9e-ea150af00814/tags HTTP/1.1" status: 200 len: 218 time: 0.0255156
2026-04-27 22:10:40.472 9 INFO neutron.wsgi [None req-a5ee6616-11ea-4e05-b72f-55946d1f2cb3 c9ee196383884172af48b246c017b142 676be21542a54ffc8ea6d376f3b1b79d - - default default] 10.0.0.105 "PUT /v2.0/subnetpools/9c4d3402-45f4-4c8e-9a9e-ea150af00814/tags/green HTTP/1.1" status: 201 len: 201 time: 0.0350907
2026-04-27 22:10:40.497 9 INFO neutron.wsgi [None req-a5569e10-b419-48dc-885d-4f27fbb9d8ab c9ee196383884172af48b246c017b142 676be21542a54ffc8ea6d376f3b1b79d - - default default] 10.0.0.105 "GET /v2.0/subnetpools/9c4d3402-45f4-4c8e-9a9e-ea150af00814/tags HTTP/1.1" status: 200 len: 227 time: 0.0191376
2026-04-27 22:10:40.526 9 INFO neutron.wsgi [None req-b57023f9-e19e-4225-afc7-3c16783071e0 c9ee196383884172af48b246c017b142 676be21542a54ffc8ea6d376f3b1b79d - - default default] 10.0.0.105 "PUT /v2.0/subnetpools/9c4d3402-45f4-4c8e-9a9e-ea150af00814/tags/red HTTP/1.1" status: 201 len: 201 time: 0.0251067
2026-04-27 22:10:40.550 9 INFO neutron.wsgi [None req-0310a4b6-721d-4b09-a277-58220c24978c c9ee196383884172af48b246c017b142 676be21542a54ffc8ea6d376f3b1b79d - - default default] 10.0.0.105 "GET /v2.0/subnetpools/9c4d3402-45f4-4c8e-9a9e-ea150af00814/tags HTTP/1.1" status: 200 len: 227 time: 0.0199075
2026-04-27 22:10:40.582 9 INFO neutron.wsgi [None req-a4fcecba-e637-4d57-8fbd-480104ad0a72 c9ee196383884172af48b246c017b142 676be21542a54ffc8ea6d376f3b1b79d - - default default] 10.0.0.105 "PUT /v2.0/subnetpools/9c4d3402-45f4-4c8e-9a9e-ea150af00814/tags/black.or.white HTTP/1.1" status: 201 len: 201 time: 0.0276234
2026-04-27 22:10:40.607 9 INFO neutron.wsgi [None req-d342d547-567b-4e56-8351-0aeb954a248e c9ee196383884172af48b246c017b142 676be21542a54ffc8ea6d376f3b1b79d - - default default] 10.0.0.105 "GET /v2.0/subnetpools/9c4d3402-45f4-4c8e-9a9e-ea150af00814/tags HTTP/1.1" status: 200 len: 245 time: 0.0190682
2026-04-27 22:10:40.649 9 INFO neutron.wsgi [None req-0d15b0e5-bfe4-4e87-b31c-359ea50475c1 c9ee196383884172af48b246c017b142 676be21542a54ffc8ea6d376f3b1b79d - - default default] 10.0.0.105 "PUT /v2.0/subnetpools/9c4d3402-45f4-4c8e-9a9e-ea150af00814/tags HTTP/1.1" status: 200 len: 230 time: 0.0362992
2026-04-27 22:10:40.677 9 INFO neutron.wsgi [None req-3ba34744-0976-484c-92b2-3dec2e5ebd38 c9ee196383884172af48b246c017b142 676be21542a54ffc8ea6d376f3b1b79d - - default default] 10.0.0.105 "GET /v2.0/subnetpools/9c4d3402-45f4-4c8e-9a9e-ea150af00814/tags HTTP/1.1" status: 200 len: 230 time: 0.0238094
2026-04-27 22:10:40.701 9 INFO neutron.wsgi [None req-409d5364-d569-4699-bff3-6157fc927243 c9ee196383884172af48b246c017b142 676be21542a54ffc8ea6d376f3b1b79d - - default default] 10.0.0.105 "GET /v2.0/subnetpools/9c4d3402-45f4-4c8e-9a9e-ea150af00814/tags/red HTTP/1.1" status: 204 len: 168 time: 0.0195143
2026-04-27 22:10:40.725 9 INFO neutron.api.v2.resource [None req-ac839ccc-93bb-4c82-836a-465de25de0cc c9ee196383884172af48b246c017b142 676be21542a54ffc8ea6d376f3b1b79d - - default default] show failed (client error): The resource could not be found.
2026-04-27 22:10:40.727 9 INFO neutron.wsgi [None req-ac839ccc-93bb-4c82-836a-465de25de0cc c9ee196383884172af48b246c017b142 676be21542a54ffc8ea6d376f3b1b79d - - default default] 10.0.0.105 "GET /v2.0/subnetpools/9c4d3402-45f4-4c8e-9a9e-ea150af00814/tags/green HTTP/1.1" status: 404 len: 299 time: 0.0200574
2026-04-27 22:10:40.762 9 INFO neutron.wsgi [None req-32d0519e-01e5-4079-b2cd-918e4fb58031 c9ee196383884172af48b246c017b142 676be21542a54ffc8ea6d376f3b1b79d - - default default] 10.0.0.105 "DELETE /v2.0/subnetpools/9c4d3402-45f4-4c8e-9a9e-ea150af00814/tags/red HTTP/1.1" status: 204 len: 168 time: 0.0297935
2026-04-27 22:10:40.788 9 INFO neutron.wsgi [None req-6f63ab7a-da1e-44c6-a757-bb2ba699034f c9ee196383884172af48b246c017b142 676be21542a54ffc8ea6d376f3b1b79d - - default default] 10.0.0.105 "GET /v2.0/subnetpools/9c4d3402-45f4-4c8e-9a9e-ea150af00814/tags HTTP/1.1" status: 200 len: 223 time: 0.0220981
2026-04-27 22:10:40.818 9 INFO neutron.api.v2.resource [None req-64d47e01-7a92-427f-8ae4-b1828c4cc722 c9ee196383884172af48b246c017b142 676be21542a54ffc8ea6d376f3b1b79d - - default default] delete failed (client error): The resource could not be found.
2026-04-27 22:10:40.819 9 INFO neutron.wsgi [None req-64d47e01-7a92-427f-8ae4-b1828c4cc722 c9ee196383884172af48b246c017b142 676be21542a54ffc8ea6d376f3b1b79d - - default default] 10.0.0.105 "DELETE /v2.0/subnetpools/9c4d3402-45f4-4c8e-9a9e-ea150af00814/tags/green HTTP/1.1" status: 404 len: 299 time: 0.0264254
2026-04-27 22:10:40.861 9 INFO neutron.wsgi [None req-b8b242ed-3ddf-4ef7-98d3-17b5b6e39b56 c9ee196383884172af48b246c017b142 676be21542a54ffc8ea6d376f3b1b79d - - default default] 10.0.0.105 "DELETE /v2.0/subnetpools/9c4d3402-45f4-4c8e-9a9e-ea150af00814/tags HTTP/1.1" status: 204 len: 168 time: 0.0365486
2026-04-27 22:10:40.886 9 INFO neutron.wsgi [None req-908dc5cc-dc3c-4342-901b-0b4724d6df64 c9ee196383884172af48b246c017b142 676be21542a54ffc8ea6d376f3b1b79d - - default default] 10.0.0.105 "GET /v2.0/subnetpools/9c4d3402-45f4-4c8e-9a9e-ea150af00814/tags HTTP/1.1" status: 200 len: 205 time: 0.0202181
2026-04-27 22:10:40.965 9 INFO neutron.wsgi [None req-debf659a-4533-4c7b-b5e0-dbbacc3a75e1 c9ee196383884172af48b246c017b142 676be21542a54ffc8ea6d376f3b1b79d - - default default] 10.0.0.105 "DELETE /v2.0/subnetpools/9c4d3402-45f4-4c8e-9a9e-ea150af00814 HTTP/1.1" status: 204 len: 168 time: 0.0567899
2026-04-27 22:10:41.292 9 INFO neutron.notifiers.nova [-] Nova event matching ['req-74a88daf-e2b7-4462-9c7e-f516444c45d3'] response: {'server_uuid': 'ac22c146-53f3-4d50-b036-ddfa775141e3', 'name': 'network-vif-plugged', 'status': 'completed', 'tag': '9804d32b-07f4-4158-9d01-012c85545e72', 'code': 200}
2026-04-27 22:10:41.891 10 INFO neutron.db.ovn_revision_numbers_db [None req-e434145f-e42a-4b13-8a81-f493b3cdf840 da9ea4bce9fa49798930ea075b6f69d6 9e87328a0e33464295d10e591d61c010 - - default default] Successfully bumped revision number for resource 7b75f911-1bde-4269-a19d-38f2b068b4bc (type: security_groups) to 1
2026-04-27 22:10:41.902 10 INFO neutron.db.ovn_revision_numbers_db [None req-e434145f-e42a-4b13-8a81-f493b3cdf840 da9ea4bce9fa49798930ea075b6f69d6 9e87328a0e33464295d10e591d61c010 - - default default] Successfully bumped revision number for resource 0bf751a2-5a2b-48bc-8d19-f77e7c40e689 (type: security_group_rules) to 0
2026-04-27 22:10:41.913 10 INFO neutron.db.ovn_revision_numbers_db [None req-e434145f-e42a-4b13-8a81-f493b3cdf840 da9ea4bce9fa49798930ea075b6f69d6 9e87328a0e33464295d10e591d61c010 - - default default] Successfully bumped revision number for resource 4e211f0f-42b8-40d6-acfd-379bb4376153 (type: security_group_rules) to 0
2026-04-27 22:10:41.924 10 INFO neutron.db.ovn_revision_numbers_db [None req-e434145f-e42a-4b13-8a81-f493b3cdf840 da9ea4bce9fa49798930ea075b6f69d6 9e87328a0e33464295d10e591d61c010 - - default default] Successfully bumped revision number for resource a1e707e1-76c5-41f9-9bbf-2293db601766 (type: security_group_rules) to 0
2026-04-27 22:10:41.935 10 INFO neutron.db.ovn_revision_numbers_db [None req-e434145f-e42a-4b13-8a81-f493b3cdf840 da9ea4bce9fa49798930ea075b6f69d6 9e87328a0e33464295d10e591d61c010 - - default default] Successfully bumped revision number for resource e598f4b6-a3dc-4b90-bbb3-9309552d5f89 (type: security_group_rules) to 0
2026-04-27 22:10:41.961 10 INFO neutron.wsgi [None req-e434145f-e42a-4b13-8a81-f493b3cdf840 da9ea4bce9fa49798930ea075b6f69d6 9e87328a0e33464295d10e591d61c010 - - default default] 10.0.0.105 "GET /v2.0/security-groups?tenant_id=676be21542a54ffc8ea6d376f3b1b79d&name=default HTTP/1.1" status: 200 len: 3000 time: 0.3281260
2026-04-27 22:10:42.183 10 INFO neutron.wsgi [None req-bf22290a-a1a8-440b-958b-ddde7e89542c da9ea4bce9fa49798930ea075b6f69d6 9e87328a0e33464295d10e591d61c010 - - default default] 10.0.0.105 "DELETE /v2.0/security-groups/7b75f911-1bde-4269-a19d-38f2b068b4bc HTTP/1.1" status: 204 len: 168 time: 0.2179210
2026-04-27 22:10:42.389 9 INFO neutron.wsgi [-] 10.0.0.203 "GET / HTTP/1.1" status: 200 len: 246 time: 0.0019813
2026-04-27 22:10:42.391 9 INFO neutron.wsgi [-] 10.0.0.203 "GET / HTTP/1.1" status: 200 len: 246 time: 0.0014040
2026-04-27 22:10:42.415 9 INFO neutron.db.ovn_revision_numbers_db [None req-e30a682d-5f6f-4421-888f-e057ffa22a24 da9ea4bce9fa49798930ea075b6f69d6 9e87328a0e33464295d10e591d61c010 - - default default] Successfully bumped revision number for resource d59094cf-b332-471f-89a9-04cd246a43d9 (type: security_groups) to 1
2026-04-27 22:10:42.432 9 INFO neutron.db.ovn_revision_numbers_db [None req-e30a682d-5f6f-4421-888f-e057ffa22a24 da9ea4bce9fa49798930ea075b6f69d6 9e87328a0e33464295d10e591d61c010 - - default default] Successfully bumped revision number for resource 64c6d082-c732-4669-91dd-31aeb8d40b08 (type: security_group_rules) to 0
2026-04-27 22:10:42.447 9 INFO neutron.db.ovn_revision_numbers_db [None req-e30a682d-5f6f-4421-888f-e057ffa22a24 da9ea4bce9fa49798930ea075b6f69d6 9e87328a0e33464295d10e591d61c010 - - default default] Successfully bumped revision number for resource 996e0c18-795d-4ce9-90ba-305e0e2ac729 (type: security_group_rules) to 0
2026-04-27 22:10:42.463 9 INFO neutron.db.ovn_revision_numbers_db [None req-e30a682d-5f6f-4421-888f-e057ffa22a24 da9ea4bce9fa49798930ea075b6f69d6 9e87328a0e33464295d10e591d61c010 - - default default] Successfully bumped revision number for resource c0ebfd1c-88af-43ae-969c-2d145f35ce39 (type: security_group_rules) to 0
2026-04-27 22:10:42.479 9 INFO neutron.db.ovn_revision_numbers_db [None req-e30a682d-5f6f-4421-888f-e057ffa22a24 da9ea4bce9fa49798930ea075b6f69d6 9e87328a0e33464295d10e591d61c010 - - default default] Successfully bumped revision number for resource f4a2a3e2-2219-4210-87c3-8d7b2affd4ed (type: security_group_rules) to 0
2026-04-27 22:10:42.504 9 INFO neutron.wsgi [None req-e30a682d-5f6f-4421-888f-e057ffa22a24 da9ea4bce9fa49798930ea075b6f69d6 9e87328a0e33464295d10e591d61c010 - - default default] 10.0.0.105 "GET /v2.0/security-groups?tenant_id=cbbe0cd03bf64fba9c7a11d1d11a81c7&name=default HTTP/1.1" status: 200 len: 3000 time: 0.2211432
2026-04-27 22:10:42.723 9 INFO neutron.wsgi [None req-626e08a6-0bb8-4315-8191-127074c180a4 da9ea4bce9fa49798930ea075b6f69d6 9e87328a0e33464295d10e591d61c010 - - default default] 10.0.0.105 "DELETE /v2.0/security-groups/d59094cf-b332-471f-89a9-04cd246a43d9 HTTP/1.1" status: 204 len: 168 time: 0.2115197
2026-04-27 22:10:42.861 10 INFO neutron.wsgi [req-8866ec42-0dac-409f-93a1-c5b739cfd820 req-c5917c07-ecfb-4636-87b5-10f7066af08d da9ea4bce9fa49798930ea075b6f69d6 9e87328a0e33464295d10e591d61c010 - - default default] 10.0.0.45 "GET /v2.0/ports?device_id=ac22c146-53f3-4d50-b036-ddfa775141e3 HTTP/1.1" status: 200 len: 1413 time: 0.2101290
2026-04-27 22:10:42.908 10 INFO neutron.wsgi [req-8866ec42-0dac-409f-93a1-c5b739cfd820 req-af48e1a2-c30e-41cb-8031-eeabed9b0750 da9ea4bce9fa49798930ea075b6f69d6 9e87328a0e33464295d10e591d61c010 - - default default] 10.0.0.45 "GET /v2.0/security-groups?id=05b5194e-6092-42c7-9297-b221804a1bef&fields=id&fields=name HTTP/1.1" status: 200 len: 294 time: 0.0371494
2026-04-27 22:10:43.215 10 INFO neutron.wsgi [req-f9002d71-ab11-4f2b-9ff8-ec7d2ce5150d req-3db92ae6-3973-43bf-a49e-68738e7d06ff da9ea4bce9fa49798930ea075b6f69d6 9e87328a0e33464295d10e591d61c010 - - default default] 10.0.0.45 "GET /v2.0/ports?device_id=ac22c146-53f3-4d50-b036-ddfa775141e3 HTTP/1.1" status: 200 len: 1413 time: 0.2570460
2026-04-27 22:10:57.389 10 INFO neutron.wsgi [-] 10.0.0.203 "GET / HTTP/1.1" status: 200 len: 246 time: 0.0027258
2026-04-27 22:10:57.390 9 INFO neutron.wsgi [-] 10.0.0.203 "GET / HTTP/1.1" status: 200 len: 246 time: 0.0027800
2026-04-27 22:11:02.910 9 INFO neutron.wsgi [None req-388152d5-dd60-401a-a037-1fe5652ce67f da9ea4bce9fa49798930ea075b6f69d6 9e87328a0e33464295d10e591d61c010 - - default default] 10.0.0.111 "GET /v2.0/agents HTTP/1.1" status: 200 len: 997 time: 0.0801840
2026-04-27 22:11:03.001 9 INFO neutron.wsgi [None req-ffccc5f5-b599-4968-8af1-b1791840fbea da9ea4bce9fa49798930ea075b6f69d6 9e87328a0e33464295d10e591d61c010 - - default default] 10.0.0.111 "GET /v2.0/networks HTTP/1.1" status: 200 len: 4719 time: 0.0866914
2026-04-27 22:11:03.099 9 INFO neutron.wsgi [None req-272da282-c66e-47e9-a8cd-c5cb9f3992de da9ea4bce9fa49798930ea075b6f69d6 9e87328a0e33464295d10e591d61c010 - - default default] 10.0.0.111 "GET /v2.0/ports HTTP/1.1" status: 200 len: 19901 time: 0.0937874
2026-04-27 22:11:03.187 9 INFO neutron.wsgi [None req-4e2a8617-57fb-4c1e-8dc7-83fc0170396e da9ea4bce9fa49798930ea075b6f69d6 9e87328a0e33464295d10e591d61c010 - - default default] 10.0.0.111 "GET /v2.0/routers HTTP/1.1" status: 200 len: 850 time: 0.0803432
2026-04-27 22:11:03.200 9 INFO neutron.wsgi [None req-d4f50eb4-2dbe-4233-8347-c31fccd3761b da9ea4bce9fa49798930ea075b6f69d6 9e87328a0e33464295d10e591d61c010 - - default default] 10.0.0.111 "GET /v2.0/agents?binary=ovn-controller HTTP/1.1" status: 200 len: 591 time: 0.0116248
2026-04-27 22:11:03.270 9 INFO neutron.wsgi [None req-4e4356e1-0044-448a-a01a-b15ed2c05b70 da9ea4bce9fa49798930ea075b6f69d6 9e87328a0e33464295d10e591d61c010 - - default default] 10.0.0.111 "GET /v2.0/security-groups HTTP/1.1" status: 200 len: 29084 time: 0.0682757
2026-04-27 22:11:03.301 9 INFO neutron.wsgi [None req-17bc65ab-b625-4965-958b-0e813d3e4625 da9ea4bce9fa49798930ea075b6f69d6 9e87328a0e33464295d10e591d61c010 - - default default] 10.0.0.111 "GET /v2.0/network-ip-availabilities HTTP/1.1" status: 200 len: 3362 time: 0.0150075
2026-04-27 22:11:03.349 9 INFO neutron.wsgi [None req-920d65fe-829d-4e00-9bbf-880854ac0ddd da9ea4bce9fa49798930ea075b6f69d6 9e87328a0e33464295d10e591d61c010 - - default default] 10.0.0.111 "GET /v2.0/subnets HTTP/1.1" status: 200 len: 5496 time: 0.0463428
2026-04-27 22:11:03.362 9 INFO neutron.wsgi [None req-8c977d18-a483-4f25-9cb6-cfe9fc84f1a5 da9ea4bce9fa49798930ea075b6f69d6 9e87328a0e33464295d10e591d61c010 - - default default] 10.0.0.111 "GET /v2.0/subnetpools HTTP/1.1" status: 200 len: 193 time: 0.0104918
2026-04-27 22:11:03.404 9 INFO neutron.wsgi [None req-22b2f56f-8972-4cf1-ab7f-307979137f33 da9ea4bce9fa49798930ea075b6f69d6 9e87328a0e33464295d10e591d61c010 - - default default] 10.0.0.111 "GET /v2.0/floatingips HTTP/1.1" status: 200 len: 1877 time: 0.0410409
2026-04-27 22:11:03.445 9 INFO neutron.wsgi [None req-9e8bfd91-b6de-4d1f-b08f-601719817f4e da9ea4bce9fa49798930ea075b6f69d6 9e87328a0e33464295d10e591d61c010 - - default default] 10.0.0.111 "GET /v2.0/subnets HTTP/1.1" status: 200 len: 5496 time: 0.0401628
2026-04-27 22:11:12.387 9 INFO neutron.wsgi [-] 10.0.0.203 "GET / HTTP/1.1" status: 200 len: 246 time: 0.0017726
2026-04-27 22:11:12.388 10 INFO neutron.wsgi [-] 10.0.0.203 "GET / HTTP/1.1" status: 200 len: 246 time: 0.0026772
2026-04-27 22:11:16.683 10 INFO neutron.wsgi [None req-23364096-9897-4467-9804-f3503e98b7c6 da9ea4bce9fa49798930ea075b6f69d6 9e87328a0e33464295d10e591d61c010 - - default default] 199.204.45.129 "GET /v2.0/extensions/security-group HTTP/1.1" status: 200 len: 369 time: 0.0047550
2026-04-27 22:11:16.689 10 INFO neutron.wsgi [None req-63e39deb-2ab0-4ca1-a363-05fa45fc4a24 da9ea4bce9fa49798930ea075b6f69d6 9e87328a0e33464295d10e591d61c010 - - default default] 199.204.45.129 "GET /v2.0/extensions/dns-integration HTTP/1.1" status: 200 len: 371 time: 0.0033052
2026-04-27 22:11:16.699 10 INFO neutron.wsgi [None req-048eba4b-fe0e-42fb-9dbb-3bec7c52cae6 da9ea4bce9fa49798930ea075b6f69d6 9e87328a0e33464295d10e591d61c010 - - default default] 199.204.45.129 "GET /v2.0/extensions/qos HTTP/1.1" status: 200 len: 365 time: 0.0061080
2026-04-27 22:11:16.708 10 INFO neutron.wsgi [None req-7f92bd99-68bb-4b8d-b0d8-238b036402c9 da9ea4bce9fa49798930ea075b6f69d6 9e87328a0e33464295d10e591d61c010 - - default default] 199.204.45.129 "GET /v2.0/extensions/allowed-address-pairs HTTP/1.1" status: 200 len: 383 time: 0.0047765
2026-04-27 22:11:16.748 10 INFO neutron.wsgi [None req-55a93288-9b72-4e4a-a07c-f409a1c1ff84 da9ea4bce9fa49798930ea075b6f69d6 9e87328a0e33464295d10e591d61c010 - - default default] 199.204.45.129 "GET /v2.0/subnets/11b0ff93-71aa-49d0-b8f9-b5b430662e7b HTTP/1.1" status: 200 len: 850 time: 0.0351644
2026-04-27 22:11:16.809 10 INFO neutron.wsgi [None req-3fa7eb97-3008-439f-90f6-8adb96cc09c4 da9ea4bce9fa49798930ea075b6f69d6 9e87328a0e33464295d10e591d61c010 - - default default] 199.204.45.129 "GET /v2.0/ports?device_id=ac22c146-53f3-4d50-b036-ddfa775141e3 HTTP/1.1" status: 200 len: 1413 time: 0.0503550
2026-04-27 22:11:17.110 10 WARNING neutron.scheduler.dhcp_agent_scheduler [None req-09e02131-3e3b-4ba8-a95b-54e6fce66af2 da9ea4bce9fa49798930ea075b6f69d6 9e87328a0e33464295d10e591d61c010 - - default default] No more DHCP agents
2026-04-27 22:11:17.113 10 WARNING neutron.api.rpc.agentnotifiers.dhcp_rpc_agent_api [None req-09e02131-3e3b-4ba8-a95b-54e6fce66af2 da9ea4bce9fa49798930ea075b6f69d6 9e87328a0e33464295d10e591d61c010 - - default default] Unable to schedule network bb2be004-caaa-469d-89e7-60af3cc84637: no agents available; will retry on subsequent port and subnet creation events.
