2026-04-27 22:08:37.136 9 WARNING neutron_lib.context [None req-016f4205-779f-4b81-9029-ed23665d40f3 06579480faa54211bf2b0c03bda1b36e 7b63163369e94223a70f45df3fc703ca - - default default] Method 'is_advsvc' is deprecated since 2023.2 release (neutron-lib 3.8.0) and will be removed once support for the old RBAC API policies will be removed from Neutron. Please use method 'is_service_role' instead.
2026-04-27 22:08:37.234 10 WARNING neutron.scheduler.dhcp_agent_scheduler [None req-0d548585-d2ef-4ed8-9ea7-81dfcd7fff47 cb0b5640cd704ab7be93cd2a80ff677e 388e0c73b483485788900655420723b8 - - default default] No more DHCP agents
2026-04-27 22:08:37.238 10 WARNING neutron.api.rpc.agentnotifiers.dhcp_rpc_agent_api [None req-0d548585-d2ef-4ed8-9ea7-81dfcd7fff47 cb0b5640cd704ab7be93cd2a80ff677e 388e0c73b483485788900655420723b8 - - default default] Unable to schedule network 6fed8efc-360e-4433-9b6b-4659915ff363: no agents available; will retry on subsequent port and subnet creation events.
2026-04-27 22:08:37.352 10 INFO neutron.db.ovn_revision_numbers_db [None req-0d548585-d2ef-4ed8-9ea7-81dfcd7fff47 cb0b5640cd704ab7be93cd2a80ff677e 388e0c73b483485788900655420723b8 - - default default] Successfully bumped revision number for resource 0c2cfc7a-c26d-4a9c-adf2-ff1400c5ff2b (type: ports) to 1
2026-04-27 22:08:37.364 9 WARNING neutron.scheduler.dhcp_agent_scheduler [None req-016f4205-779f-4b81-9029-ed23665d40f3 06579480faa54211bf2b0c03bda1b36e 7b63163369e94223a70f45df3fc703ca - - default default] No more DHCP agents
2026-04-27 22:08:37.366 9 WARNING neutron.api.rpc.agentnotifiers.dhcp_rpc_agent_api [None req-016f4205-779f-4b81-9029-ed23665d40f3 06579480faa54211bf2b0c03bda1b36e 7b63163369e94223a70f45df3fc703ca - - default default] Unable to schedule network bb04e4c1-f20d-42d7-859f-db9c1562e44e: no agents available; will retry on subsequent port and subnet creation events.
2026-04-27 22:08:37.391 10 INFO neutron.wsgi [None req-0d548585-d2ef-4ed8-9ea7-81dfcd7fff47 cb0b5640cd704ab7be93cd2a80ff677e 388e0c73b483485788900655420723b8 - - default default] 10.0.0.105 "POST /v2.0/ports HTTP/1.1" status: 201 len: 942 time: 0.5177069 /var/lib/openstack/lib/python3.10/site-packages/pycadf/identifier.py:71: UserWarning: Invalid uuid: neutron. To ensure interoperability, identifiers should be a valid uuid. warnings.warn(('Invalid uuid: %s. To ensure interoperability, '
2026-04-27 22:08:37.403 10 WARNING neutron_lib.context [None req-a47df4c9-3deb-453c-b140-e3b453bcac08 cb0b5640cd704ab7be93cd2a80ff677e 388e0c73b483485788900655420723b8 - - default default] Method 'is_advsvc' is deprecated since 2023.2 release (neutron-lib 3.8.0) and will be removed once support for the old RBAC API policies will be removed from Neutron. Please use method 'is_service_role' instead.
2026-04-27 22:08:37.498 10 INFO neutron.db.ovn_revision_numbers_db [None req-b5c6f1be-c0e7-453c-ad9e-90004865c941 da9ea4bce9fa49798930ea075b6f69d6 9e87328a0e33464295d10e591d61c010 - - default default] Successfully bumped revision number for resource 8f8d6c8b-e246-4557-9745-1601870ba0de (type: router_ports) to 2
2026-04-27 22:08:37.500 10 INFO neutron.wsgi [None req-b5c6f1be-c0e7-453c-ad9e-90004865c941 da9ea4bce9fa49798930ea075b6f69d6 9e87328a0e33464295d10e591d61c010 - - default default] 10.0.0.105 "PUT /v2.0/routers/949e076d-6895-4568-b25f-245d34d5099c/add_router_interface HTTP/1.1" status: 200 len: 503 time: 2.4045024
2026-04-27 22:08:37.824 10 INFO neutron.wsgi [None req-a47df4c9-3deb-453c-b140-e3b453bcac08 cb0b5640cd704ab7be93cd2a80ff677e 388e0c73b483485788900655420723b8 - - default default] 10.0.0.105 "POST /v2.0/trunks HTTP/1.1" status: 201 len: 608 time: 0.4276986
2026-04-27 22:08:37.839 9 WARNING neutron_lib.context [None req-44c698ef-f7aa-4d1f-b40b-bcf24727026b cb0b5640cd704ab7be93cd2a80ff677e 388e0c73b483485788900655420723b8 - - default default] Method 'is_advsvc' is deprecated since 2023.2 release (neutron-lib 3.8.0) and will be removed once support for the old RBAC API policies will be removed from Neutron. Please use method 'is_service_role' instead.
2026-04-27 22:08:37.850 9 INFO neutron.db.ovn_revision_numbers_db [None req-016f4205-779f-4b81-9029-ed23665d40f3 06579480faa54211bf2b0c03bda1b36e 7b63163369e94223a70f45df3fc703ca - - default default] Successfully bumped revision number for resource bc112255-9892-4f36-8c06-f092d1c7594e (type: ports) to 2
2026-04-27 22:08:37.891 9 INFO neutron.db.ovn_revision_numbers_db [None req-016f4205-779f-4b81-9029-ed23665d40f3 06579480faa54211bf2b0c03bda1b36e 7b63163369e94223a70f45df3fc703ca - - default default] Successfully bumped revision number for resource 57347667-08ae-4504-99a2-46b32df1b358 (type: subnets) to 0
2026-04-27 22:08:37.908 9 INFO neutron.wsgi [None req-016f4205-779f-4b81-9029-ed23665d40f3 06579480faa54211bf2b0c03bda1b36e 7b63163369e94223a70f45df3fc703ca - - default default] 10.0.0.105 "POST /v2.0/subnets HTTP/1.1" status: 201 len: 816 time: 0.7785397
2026-04-27 22:08:37.919 9 WARNING neutron_lib.context [None req-c7d8f167-fe3a-4b17-89f1-019b657ecc4d 06579480faa54211bf2b0c03bda1b36e 7b63163369e94223a70f45df3fc703ca - - default default] Method 'is_advsvc' is deprecated since 2023.2 release (neutron-lib 3.8.0) and will be removed once support for the old RBAC API policies will be removed from Neutron. Please use method 'is_service_role' instead.
2026-04-27 22:08:37.932 9 INFO neutron.db.segments_db [None req-44c698ef-f7aa-4d1f-b40b-bcf24727026b cb0b5640cd704ab7be93cd2a80ff677e 388e0c73b483485788900655420723b8 - - default default] Added segment ed8acae9-0247-41d8-8a94-82b60cdfc683 of type geneve for network 9239b8f0-c30b-41a7-91fe-ea4b5776ad41
2026-04-27 22:08:38.020 9 INFO neutron.db.segments_db [None req-c7d8f167-fe3a-4b17-89f1-019b657ecc4d 06579480faa54211bf2b0c03bda1b36e 7b63163369e94223a70f45df3fc703ca - - default default] Added segment f9c49d68-316e-4f11-ac45-313b396f8a5c of type geneve for network 4b0eb9b9-0334-4e3f-ba10-62fe2aca0468
2026-04-27 22:08:38.119 9 INFO neutron.db.ovn_revision_numbers_db [None req-44c698ef-f7aa-4d1f-b40b-bcf24727026b cb0b5640cd704ab7be93cd2a80ff677e 388e0c73b483485788900655420723b8 - - default default] Successfully bumped revision number for resource 9239b8f0-c30b-41a7-91fe-ea4b5776ad41 (type: networks) to 1
2026-04-27 22:08:38.267 9 INFO neutron.db.ovn_revision_numbers_db [None req-c7d8f167-fe3a-4b17-89f1-019b657ecc4d 06579480faa54211bf2b0c03bda1b36e 7b63163369e94223a70f45df3fc703ca - - default default] Successfully bumped revision number for resource 4b0eb9b9-0334-4e3f-ba10-62fe2aca0468 (type: networks) to 1
2026-04-27 22:08:38.402 9 WARNING neutron.scheduler.dhcp_agent_scheduler [None req-44c698ef-f7aa-4d1f-b40b-bcf24727026b cb0b5640cd704ab7be93cd2a80ff677e 388e0c73b483485788900655420723b8 - - default default] No more DHCP agents
2026-04-27 22:08:38.406 9 WARNING neutron.api.rpc.agentnotifiers.dhcp_rpc_agent_api [None req-44c698ef-f7aa-4d1f-b40b-bcf24727026b cb0b5640cd704ab7be93cd2a80ff677e 388e0c73b483485788900655420723b8 - - default default] Unable to schedule network 9239b8f0-c30b-41a7-91fe-ea4b5776ad41: no agents available; will retry on subsequent port and subnet creation events.
2026-04-27 22:08:38.698 10 INFO neutron.db.ovn_revision_numbers_db [None req-3c75f191-6ceb-4f28-b1b5-f43069c72c71 da9ea4bce9fa49798930ea075b6f69d6 9e87328a0e33464295d10e591d61c010 - - default default] Successfully bumped revision number for resource 1c0c06c1-4710-45d6-ae88-282ebaf90304 (type: security_groups) to 1
2026-04-27 22:08:38.715 10 INFO neutron.db.ovn_revision_numbers_db [None req-3c75f191-6ceb-4f28-b1b5-f43069c72c71 da9ea4bce9fa49798930ea075b6f69d6 9e87328a0e33464295d10e591d61c010 - - default default] Successfully bumped revision number for resource 1e0c79ed-bf38-470f-9e2c-b25549fc3910 (type: security_group_rules) to 0
2026-04-27 22:08:38.727 9 WARNING neutron.scheduler.dhcp_agent_scheduler [None req-c7d8f167-fe3a-4b17-89f1-019b657ecc4d 06579480faa54211bf2b0c03bda1b36e 7b63163369e94223a70f45df3fc703ca - - default default] No more DHCP agents
2026-04-27 22:08:38.727 10 INFO neutron.db.ovn_revision_numbers_db [None req-3c75f191-6ceb-4f28-b1b5-f43069c72c71 da9ea4bce9fa49798930ea075b6f69d6 9e87328a0e33464295d10e591d61c010 - - default default] Successfully bumped revision number for resource 59b3d5aa-7b48-45b9-b921-3a3afc17a64c (type: security_group_rules) to 0
2026-04-27 22:08:38.731 9 WARNING neutron.api.rpc.agentnotifiers.dhcp_rpc_agent_api [None req-c7d8f167-fe3a-4b17-89f1-019b657ecc4d 06579480faa54211bf2b0c03bda1b36e 7b63163369e94223a70f45df3fc703ca - - default default] Unable to schedule network 4b0eb9b9-0334-4e3f-ba10-62fe2aca0468: no agents available; will retry on subsequent port and subnet creation events.
2026-04-27 22:08:38.741 9 INFO neutron.db.ovn_revision_numbers_db [None req-44c698ef-f7aa-4d1f-b40b-bcf24727026b cb0b5640cd704ab7be93cd2a80ff677e 388e0c73b483485788900655420723b8 - - default default] Successfully bumped revision number for resource 57647c8f-cb92-465d-8089-afcaeaffc99a (type: ports) to 1
2026-04-27 22:08:38.742 10 INFO neutron.db.ovn_revision_numbers_db [None req-3c75f191-6ceb-4f28-b1b5-f43069c72c71 da9ea4bce9fa49798930ea075b6f69d6 9e87328a0e33464295d10e591d61c010 - - default default] Successfully bumped revision number for resource d3f74539-c4a8-429d-88b4-82630a14bc87 (type: security_group_rules) to 0
2026-04-27 22:08:38.758 10 INFO neutron.db.ovn_revision_numbers_db [None req-3c75f191-6ceb-4f28-b1b5-f43069c72c71 da9ea4bce9fa49798930ea075b6f69d6 9e87328a0e33464295d10e591d61c010 - - default default] Successfully bumped revision number for resource f7542731-4232-43fc-8d11-854a3f192f11 (type: security_group_rules) to 0
2026-04-27 22:08:38.778 9 INFO neutron.wsgi [None req-44c698ef-f7aa-4d1f-b40b-bcf24727026b cb0b5640cd704ab7be93cd2a80ff677e 388e0c73b483485788900655420723b8 - - default default] 10.0.0.105 "POST /v2.0/networks HTTP/1.1" status: 201 len: 830 time: 0.9469647
2026-04-27 22:08:38.788 9 WARNING neutron_lib.context [None req-49576114-66d8-457b-9fe7-abf9957f1d6b cb0b5640cd704ab7be93cd2a80ff677e 388e0c73b483485788900655420723b8 - - default default] Method 'is_advsvc' is deprecated since 2023.2 release (neutron-lib 3.8.0) and will be removed once support for the old RBAC API policies will be removed from Neutron. Please use method 'is_service_role' instead.
2026-04-27 22:08:38.810 10 INFO neutron.db.segments_db [None req-3c75f191-6ceb-4f28-b1b5-f43069c72c71 da9ea4bce9fa49798930ea075b6f69d6 9e87328a0e33464295d10e591d61c010 - - default default] Added segment f09f7968-cce2-4bbf-a547-cc7bb68934ba of type geneve for network 4f757db0-2b1f-47ae-a3c1-c71824a46163
2026-04-27 22:08:38.835 9 INFO neutron.db.ovn_revision_numbers_db [None req-c7d8f167-fe3a-4b17-89f1-019b657ecc4d 06579480faa54211bf2b0c03bda1b36e 7b63163369e94223a70f45df3fc703ca - - default default] Successfully bumped revision number for resource a5ac688f-7fe0-4355-8a82-ee6822088abe (type: ports) to 1
2026-04-27 22:08:38.855 9 INFO neutron.wsgi [None req-c7d8f167-fe3a-4b17-89f1-019b657ecc4d 06579480faa54211bf2b0c03bda1b36e 7b63163369e94223a70f45df3fc703ca - - default default] 10.0.0.105 "POST /v2.0/networks HTTP/1.1" status: 201 len: 842 time: 0.9409802
2026-04-27 22:08:38.973 10 INFO neutron.db.ovn_revision_numbers_db [None req-3c75f191-6ceb-4f28-b1b5-f43069c72c71 da9ea4bce9fa49798930ea075b6f69d6 9e87328a0e33464295d10e591d61c010 - - default default] Successfully bumped revision number for resource 4f757db0-2b1f-47ae-a3c1-c71824a46163 (type: networks) to 1
2026-04-27 22:08:39.114 9 WARNING neutron.scheduler.dhcp_agent_scheduler [None req-49576114-66d8-457b-9fe7-abf9957f1d6b cb0b5640cd704ab7be93cd2a80ff677e 388e0c73b483485788900655420723b8 - - default default] No more DHCP agents
2026-04-27 22:08:39.118 9 WARNING neutron.api.rpc.agentnotifiers.dhcp_rpc_agent_api [None req-49576114-66d8-457b-9fe7-abf9957f1d6b cb0b5640cd704ab7be93cd2a80ff677e 388e0c73b483485788900655420723b8 - - default default] Unable to schedule network 9239b8f0-c30b-41a7-91fe-ea4b5776ad41: no agents available; will retry on subsequent port and subnet creation events.
2026-04-27 22:08:39.120 9 INFO neutron.db.ovn_revision_numbers_db [None req-dc4d3d3d-4631-4eac-9caa-a91a72ba60c6 06579480faa54211bf2b0c03bda1b36e 7b63163369e94223a70f45df3fc703ca - - default default] Successfully bumped revision number for resource 4b0eb9b9-0334-4e3f-ba10-62fe2aca0468 (type: networks) to 2
2026-04-27 22:08:39.123 9 INFO neutron.wsgi [None req-dc4d3d3d-4631-4eac-9caa-a91a72ba60c6 06579480faa54211bf2b0c03bda1b36e 7b63163369e94223a70f45df3fc703ca - - default default] 10.0.0.105 "PUT /v2.0/networks/4b0eb9b9-0334-4e3f-ba10-62fe2aca0468 HTTP/1.1" status: 200 len: 792 time: 0.2621195
2026-04-27 22:08:39.144 10 WARNING neutron_lib.context [None req-107cea31-e2a4-4152-83d9-241589816ff1 06579480faa54211bf2b0c03bda1b36e 7b63163369e94223a70f45df3fc703ca - - default default] Method 'is_advsvc' is deprecated since 2023.2 release (neutron-lib 3.8.0) and will be removed once support for the old RBAC API policies will be removed from Neutron. Please use method 'is_service_role' instead.
2026-04-27 22:08:39.167 10 WARNING neutron.scheduler.dhcp_agent_scheduler [None req-3c75f191-6ceb-4f28-b1b5-f43069c72c71 da9ea4bce9fa49798930ea075b6f69d6 9e87328a0e33464295d10e591d61c010 - - default default] No more DHCP agents
2026-04-27 22:08:39.182 10 WARNING neutron.api.rpc.agentnotifiers.dhcp_rpc_agent_api [None req-3c75f191-6ceb-4f28-b1b5-f43069c72c71 da9ea4bce9fa49798930ea075b6f69d6 9e87328a0e33464295d10e591d61c010 - - default default] Unable to schedule network 4f757db0-2b1f-47ae-a3c1-c71824a46163: no agents available; will retry on subsequent port and subnet creation events.
2026-04-27 22:08:39.203 9 INFO neutron.db.ovn_revision_numbers_db [None req-49576114-66d8-457b-9fe7-abf9957f1d6b cb0b5640cd704ab7be93cd2a80ff677e 388e0c73b483485788900655420723b8 - - default default] Successfully bumped revision number for resource 0c33c729-415a-4c52-acb8-ff587756fabf (type: ports) to 1
2026-04-27 22:08:39.226 9 INFO neutron.wsgi [None req-49576114-66d8-457b-9fe7-abf9957f1d6b cb0b5640cd704ab7be93cd2a80ff677e 388e0c73b483485788900655420723b8 - - default default] 10.0.0.105 "POST /v2.0/ports HTTP/1.1" status: 201 len: 942 time: 0.4423311
2026-04-27 22:08:39.241 10 WARNING neutron_lib.context [None req-3ad32db2-1e80-49d0-b332-4e54daedeb1a cb0b5640cd704ab7be93cd2a80ff677e 388e0c73b483485788900655420723b8 - - default default] Method 'is_advsvc' is deprecated since 2023.2 release (neutron-lib 3.8.0) and will be removed once support for the old RBAC API policies will be removed from Neutron. Please use method 'is_service_role' instead.
2026-04-27 22:08:39.343 10 INFO neutron.db.ovn_revision_numbers_db [None req-3c75f191-6ceb-4f28-b1b5-f43069c72c71 da9ea4bce9fa49798930ea075b6f69d6 9e87328a0e33464295d10e591d61c010 - - default default] Successfully bumped revision number for resource 129a4a3d-9119-427a-9751-fc1b3c6f7319 (type: ports) to 1
2026-04-27 22:08:39.380 10 INFO neutron.wsgi [None req-3c75f191-6ceb-4f28-b1b5-f43069c72c71 da9ea4bce9fa49798930ea075b6f69d6 9e87328a0e33464295d10e591d61c010 - - default default] 10.0.0.105 "POST /v2.0/networks HTTP/1.1" status: 201 len: 943 time: 0.8221312 /var/lib/openstack/lib/python3.10/site-packages/pycadf/identifier.py:71: UserWarning: Invalid uuid: neutron. To ensure interoperability, identifiers should be a valid uuid. warnings.warn(('Invalid uuid: %s. To ensure interoperability, '
2026-04-27 22:08:39.496 10 WARNING neutron.scheduler.dhcp_agent_scheduler [None req-107cea31-e2a4-4152-83d9-241589816ff1 06579480faa54211bf2b0c03bda1b36e 7b63163369e94223a70f45df3fc703ca - - default default] No more DHCP agents
2026-04-27 22:08:39.498 10 WARNING neutron.api.rpc.agentnotifiers.dhcp_rpc_agent_api [None req-107cea31-e2a4-4152-83d9-241589816ff1 06579480faa54211bf2b0c03bda1b36e 7b63163369e94223a70f45df3fc703ca - - default default] Unable to schedule network 4b0eb9b9-0334-4e3f-ba10-62fe2aca0468: no agents available; will retry on subsequent port and subnet creation events.
2026-04-27 22:08:39.538 9 WARNING neutron.scheduler.dhcp_agent_scheduler [None req-d447649a-5757-44d4-96f2-015b563e5519 da9ea4bce9fa49798930ea075b6f69d6 9e87328a0e33464295d10e591d61c010 - - default default] No more DHCP agents
2026-04-27 22:08:39.540 9 WARNING neutron.api.rpc.agentnotifiers.dhcp_rpc_agent_api [None req-d447649a-5757-44d4-96f2-015b563e5519 da9ea4bce9fa49798930ea075b6f69d6 9e87328a0e33464295d10e591d61c010 - - default default] Unable to schedule network 4f757db0-2b1f-47ae-a3c1-c71824a46163: no agents available; will retry on subsequent port and subnet creation events.
2026-04-27 22:08:39.542 10 INFO neutron.wsgi [None req-3ad32db2-1e80-49d0-b332-4e54daedeb1a cb0b5640cd704ab7be93cd2a80ff677e 388e0c73b483485788900655420723b8 - - default default] 10.0.0.105 "POST /v2.0/trunks HTTP/1.1" status: 201 len: 608 time: 0.3104870
2026-04-27 22:08:39.552 10 WARNING neutron_lib.context [None req-fb219dfc-0a75-4bc4-855d-3ff8a48a366d cb0b5640cd704ab7be93cd2a80ff677e 388e0c73b483485788900655420723b8 - - default default] Method 'is_advsvc' is deprecated since 2023.2 release (neutron-lib 3.8.0) and will be removed once support for the old RBAC API policies will be removed from Neutron. Please use method 'is_service_role' instead.
2026-04-27 22:08:39.655 10 INFO neutron.db.segments_db [None req-fb219dfc-0a75-4bc4-855d-3ff8a48a366d cb0b5640cd704ab7be93cd2a80ff677e 388e0c73b483485788900655420723b8 - - default default] Added segment 29528e28-3286-4cf8-aa16-73764a75803c of type geneve for network 75f72747-027c-4c6a-a98e-7e7c564f6548
2026-04-27 22:08:39.840 10 INFO neutron.db.ovn_revision_numbers_db [None req-fb219dfc-0a75-4bc4-855d-3ff8a48a366d cb0b5640cd704ab7be93cd2a80ff677e 388e0c73b483485788900655420723b8 - - default default] Successfully bumped revision number for resource 75f72747-027c-4c6a-a98e-7e7c564f6548 (type: networks) to 1
2026-04-27 22:08:39.993 9 INFO neutron.db.ovn_revision_numbers_db [None req-d447649a-5757-44d4-96f2-015b563e5519 da9ea4bce9fa49798930ea075b6f69d6 9e87328a0e33464295d10e591d61c010 - - default default] Successfully bumped revision number for resource 129a4a3d-9119-427a-9751-fc1b3c6f7319 (type: ports) to 2
2026-04-27 22:08:40.031 9 INFO neutron.db.ovn_revision_numbers_db [None req-d447649a-5757-44d4-96f2-015b563e5519 da9ea4bce9fa49798930ea075b6f69d6 9e87328a0e33464295d10e591d61c010 - - default default] Successfully bumped revision number for resource f089c053-3205-467b-8ec7-3a190d6e52a3 (type: subnets) to 0
2026-04-27 22:08:40.049 9 INFO neutron.wsgi [None req-d447649a-5757-44d4-96f2-015b563e5519 da9ea4bce9fa49798930ea075b6f69d6 9e87328a0e33464295d10e591d61c010 - - default default] 10.0.0.105 "POST /v2.0/subnets HTTP/1.1" status: 201 len: 863 time: 0.6625807
2026-04-27 22:08:40.068 10 WARNING neutron.scheduler.dhcp_agent_scheduler [None req-fb219dfc-0a75-4bc4-855d-3ff8a48a366d cb0b5640cd704ab7be93cd2a80ff677e 388e0c73b483485788900655420723b8 - - default default] No more DHCP agents
2026-04-27 22:08:40.070 10 WARNING neutron.api.rpc.agentnotifiers.dhcp_rpc_agent_api [None req-fb219dfc-0a75-4bc4-855d-3ff8a48a366d cb0b5640cd704ab7be93cd2a80ff677e 388e0c73b483485788900655420723b8 - - default default] Unable to schedule network 75f72747-027c-4c6a-a98e-7e7c564f6548: no agents available; will retry on subsequent port and subnet creation events.
2026-04-27 22:08:40.131 10 INFO neutron.db.ovn_revision_numbers_db [None req-107cea31-e2a4-4152-83d9-241589816ff1 06579480faa54211bf2b0c03bda1b36e 7b63163369e94223a70f45df3fc703ca - - default default] Successfully bumped revision number for resource a5ac688f-7fe0-4355-8a82-ee6822088abe (type: ports) to 2
2026-04-27 22:08:40.175 10 INFO neutron.db.ovn_revision_numbers_db [None req-fb219dfc-0a75-4bc4-855d-3ff8a48a366d cb0b5640cd704ab7be93cd2a80ff677e 388e0c73b483485788900655420723b8 - - default default] Successfully bumped revision number for resource c509f8e8-9196-4fc8-b87b-c10110182b45 (type: ports) to 1
2026-04-27 22:08:40.180 10 INFO neutron.db.ovn_revision_numbers_db [None req-107cea31-e2a4-4152-83d9-241589816ff1 06579480faa54211bf2b0c03bda1b36e 7b63163369e94223a70f45df3fc703ca - - default default] Successfully bumped revision number for resource f293cdde-b53e-45c1-a0d0-ff509f1acd2f (type: subnets) to 0
2026-04-27 22:08:40.197 10 INFO neutron.wsgi [None req-107cea31-e2a4-4152-83d9-241589816ff1 06579480faa54211bf2b0c03bda1b36e 7b63163369e94223a70f45df3fc703ca - - default default] 10.0.0.105 "POST /v2.0/subnets HTTP/1.1" status: 201 len: 801 time: 1.0670698
2026-04-27 22:08:40.199 10 INFO neutron.wsgi [None req-fb219dfc-0a75-4bc4-855d-3ff8a48a366d cb0b5640cd704ab7be93cd2a80ff677e 388e0c73b483485788900655420723b8 - - default default] 10.0.0.105 "POST /v2.0/networks HTTP/1.1" status: 201 len: 830 time: 0.6519186
2026-04-27 22:08:40.212 10 WARNING neutron_lib.context [None req-ec8c0d31-3bfa-4202-adac-89dad23de194 cb0b5640cd704ab7be93cd2a80ff677e 388e0c73b483485788900655420723b8 - - default default] Method 'is_advsvc' is deprecated since 2023.2 release (neutron-lib 3.8.0) and will be removed once support for the old RBAC API policies will be removed from Neutron. Please use method 'is_service_role' instead.
2026-04-27 22:08:40.491 9 WARNING neutron.scheduler.dhcp_agent_scheduler [None req-489f8528-eaf4-4ef6-a129-364f422777c3 da9ea4bce9fa49798930ea075b6f69d6 9e87328a0e33464295d10e591d61c010 - - default default] No more DHCP agents
2026-04-27 22:08:40.494 9 WARNING neutron.api.rpc.agentnotifiers.dhcp_rpc_agent_api [None req-489f8528-eaf4-4ef6-a129-364f422777c3 da9ea4bce9fa49798930ea075b6f69d6 9e87328a0e33464295d10e591d61c010 - - default default] Unable to schedule network 5cd4b189-3e6b-435e-b218-98182b85042c: no agents available; will retry on subsequent port and subnet creation events.
2026-04-27 22:08:40.533 10 WARNING neutron.scheduler.dhcp_agent_scheduler [None req-ec8c0d31-3bfa-4202-adac-89dad23de194 cb0b5640cd704ab7be93cd2a80ff677e 388e0c73b483485788900655420723b8 - - default default] No more DHCP agents
2026-04-27 22:08:40.537 10 WARNING neutron.api.rpc.agentnotifiers.dhcp_rpc_agent_api [None req-ec8c0d31-3bfa-4202-adac-89dad23de194 cb0b5640cd704ab7be93cd2a80ff677e 388e0c73b483485788900655420723b8 - - default default] Unable to schedule network 75f72747-027c-4c6a-a98e-7e7c564f6548: no agents available; will retry on subsequent port and subnet creation events.
2026-04-27 22:08:40.629 9 INFO neutron.db.ovn_revision_numbers_db [None req-489f8528-eaf4-4ef6-a129-364f422777c3 da9ea4bce9fa49798930ea075b6f69d6 9e87328a0e33464295d10e591d61c010 - - default default] Successfully bumped revision number for resource c4a901bb-7e1f-4d5c-a205-53ce8a6b0a74 (type: ports) to 1
2026-04-27 22:08:40.647 10 INFO neutron.db.ovn_revision_numbers_db [None req-a84834d8-48cf-4555-b9d0-77c129da0a27 06579480faa54211bf2b0c03bda1b36e 7b63163369e94223a70f45df3fc703ca - - default default] Successfully bumped revision number for resource f293cdde-b53e-45c1-a0d0-ff509f1acd2f (type: subnets) to 1
2026-04-27 22:08:40.650 10 INFO neutron.wsgi [None req-a84834d8-48cf-4555-b9d0-77c129da0a27 06579480faa54211bf2b0c03bda1b36e 7b63163369e94223a70f45df3fc703ca - - default default] 10.0.0.105 "PUT /v2.0/subnets/f293cdde-b53e-45c1-a0d0-ff509f1acd2f HTTP/1.1" status: 200 len: 806 time: 0.4476650 /var/lib/openstack/lib/python3.10/site-packages/pycadf/identifier.py:71: UserWarning: Invalid uuid: neutron. To ensure interoperability, identifiers should be a valid uuid. warnings.warn(('Invalid uuid: %s. To ensure interoperability, '
2026-04-27 22:08:40.688 10 INFO neutron.db.ovn_revision_numbers_db [None req-ec8c0d31-3bfa-4202-adac-89dad23de194 cb0b5640cd704ab7be93cd2a80ff677e 388e0c73b483485788900655420723b8 - - default default] Successfully bumped revision number for resource 2c7e3315-f046-419e-90d9-0628a1471966 (type: ports) to 1
2026-04-27 22:08:40.725 10 INFO neutron.wsgi [None req-ec8c0d31-3bfa-4202-adac-89dad23de194 cb0b5640cd704ab7be93cd2a80ff677e 388e0c73b483485788900655420723b8 - - default default] 10.0.0.105 "POST /v2.0/ports HTTP/1.1" status: 201 len: 942 time: 0.5171273
2026-04-27 22:08:40.737 10 WARNING neutron_lib.context [None req-6cb20f80-3920-43ba-8e18-eba2ef068117 cb0b5640cd704ab7be93cd2a80ff677e 388e0c73b483485788900655420723b8 - - default default] Method 'is_advsvc' is deprecated since 2023.2 release (neutron-lib 3.8.0) and will be removed once support for the old RBAC API policies will be removed from Neutron. Please use method 'is_service_role' instead.
2026-04-27 22:08:40.975 10 INFO neutron.wsgi [None req-6cb20f80-3920-43ba-8e18-eba2ef068117 cb0b5640cd704ab7be93cd2a80ff677e 388e0c73b483485788900655420723b8 - - default default] 10.0.0.105 "POST /v2.0/trunks HTTP/1.1" status: 201 len: 608 time: 0.2438364
2026-04-27 22:08:40.985 10 WARNING neutron_lib.context [None req-b7a081b1-cbc2-4036-b7b6-edb2ca50088b cb0b5640cd704ab7be93cd2a80ff677e 388e0c73b483485788900655420723b8 - - default default] Method 'is_advsvc' is deprecated since 2023.2 release (neutron-lib 3.8.0) and will be removed once support for the old RBAC API policies will be removed from Neutron. Please use method 'is_service_role' instead.
2026-04-27 22:08:41.071 10 INFO neutron.db.segments_db [None req-b7a081b1-cbc2-4036-b7b6-edb2ca50088b cb0b5640cd704ab7be93cd2a80ff677e 388e0c73b483485788900655420723b8 - - default default] Added segment d2c91076-4049-458f-8cc0-c049e80c590a of type geneve for network 7d74da92-4048-46ea-b129-e735e535eb91
2026-04-27 22:08:41.247 10 INFO neutron.plugins.ml2.drivers.ovn.mech_driver.ovsdb.ovsdb_monitor [None req-f7b62bda-641d-4375-b405-e3395216486b - - - - - -] Router 5fe95216-a722-437c-9222-ec9c476a0649 is bound to host instance
2026-04-27 22:08:41.262 9 INFO neutron.db.ovn_revision_numbers_db [None req-489f8528-eaf4-4ef6-a129-364f422777c3 da9ea4bce9fa49798930ea075b6f69d6 9e87328a0e33464295d10e591d61c010 - - default default] Successfully bumped revision number for resource c4a901bb-7e1f-4d5c-a205-53ce8a6b0a74 (type: router_ports) to 1
2026-04-27 22:08:41.353 9 INFO neutron.db.ovn_revision_numbers_db [None req-489f8528-eaf4-4ef6-a129-364f422777c3 da9ea4bce9fa49798930ea075b6f69d6 9e87328a0e33464295d10e591d61c010 - - default default] Successfully bumped revision number for resource 5fe95216-a722-437c-9222-ec9c476a0649 (type: routers) to 2
2026-04-27 22:08:41.373 9 INFO neutron.wsgi [None req-489f8528-eaf4-4ef6-a129-364f422777c3 da9ea4bce9fa49798930ea075b6f69d6 9e87328a0e33464295d10e591d61c010 - - default default] 10.0.0.105 "POST /v2.0/routers HTTP/1.1" status: 201 len: 874 time: 1.3176630
2026-04-27 22:08:41.495 10 INFO neutron.db.ovn_revision_numbers_db [None req-b7a081b1-cbc2-4036-b7b6-edb2ca50088b cb0b5640cd704ab7be93cd2a80ff677e 388e0c73b483485788900655420723b8 - - default default] Successfully bumped revision number for resource 7d74da92-4048-46ea-b129-e735e535eb91 (type: networks) to 1
2026-04-27 22:08:41.592 10 INFO neutron.services.segments.plugin [-] Segment f9c49d68-316e-4f11-ac45-313b396f8a5c resource provider aggregate not found
2026-04-27 22:08:41.597 10 INFO neutron.services.segments.plugin [-] Segment f9c49d68-316e-4f11-ac45-313b396f8a5c resource provider aggregate not found
2026-04-27 22:08:41.618 10 INFO neutron.services.segments.plugin [-] Segment f9c49d68-316e-4f11-ac45-313b396f8a5c resource provider not found; error: Placement Client Error (4xx): {"errors": [{"status": 404, "title": "Not Found", "detail": "The resource could not be found.\n\n No resource provider with uuid f9c49d68-316e-4f11-ac45-313b396f8a5c found for delete ", "request_id": "req-1b749717-878f-444a-9bc7-7f0977e904f3"}]}
2026-04-27 22:08:41.624 10 INFO neutron.services.segments.plugin [-] Segment f9c49d68-316e-4f11-ac45-313b396f8a5c resource provider not found; error: Placement Client Error (4xx): {"errors": [{"status": 404, "title": "Not Found", "detail": "The resource could not be found.\n\n No resource provider with uuid f9c49d68-316e-4f11-ac45-313b396f8a5c found for delete ", "request_id": "req-604c7e05-7f98-4372-8afa-d425c41cf340"}]}
2026-04-27 22:08:41.694 10 INFO neutron.wsgi [None req-6cbc1751-ac56-496b-a4c1-b2f9000b83d0 06579480faa54211bf2b0c03bda1b36e 7b63163369e94223a70f45df3fc703ca - - default default] 10.0.0.105 "DELETE /v2.0/networks/4b0eb9b9-0334-4e3f-ba10-62fe2aca0468 HTTP/1.1" status: 204 len: 168 time: 1.0357509
2026-04-27 22:08:41.718 9 INFO neutron.pecan_wsgi.hooks.translation [None req-a9412c85-a3f2-42b1-8b72-73491cd202ea 06579480faa54211bf2b0c03bda1b36e 7b63163369e94223a70f45df3fc703ca - - default default] DELETE failed (client error): The resource could not be found.
2026-04-27 22:08:41.720 9 INFO neutron.wsgi [None req-a9412c85-a3f2-42b1-8b72-73491cd202ea 06579480faa54211bf2b0c03bda1b36e 7b63163369e94223a70f45df3fc703ca - - default default] 10.0.0.105 "DELETE /v2.0/networks/4b0eb9b9-0334-4e3f-ba10-62fe2aca0468 HTTP/1.1" status: 404 len: 339 time: 0.0176504
2026-04-27 22:08:41.849 10 WARNING neutron.scheduler.dhcp_agent_scheduler [None req-b7a081b1-cbc2-4036-b7b6-edb2ca50088b cb0b5640cd704ab7be93cd2a80ff677e 388e0c73b483485788900655420723b8 - - default default] No more DHCP agents
2026-04-27 22:08:41.858 10 WARNING neutron.api.rpc.agentnotifiers.dhcp_rpc_agent_api [None req-b7a081b1-cbc2-4036-b7b6-edb2ca50088b cb0b5640cd704ab7be93cd2a80ff677e 388e0c73b483485788900655420723b8 - - default default] Unable to schedule network 7d74da92-4048-46ea-b129-e735e535eb91: no agents available; will retry on subsequent port and subnet creation events.
2026-04-27 22:08:41.868 9 WARNING neutron.scheduler.dhcp_agent_scheduler [None req-fe6a5ee9-7a50-45ce-8319-4262b5f5ccbb da9ea4bce9fa49798930ea075b6f69d6 9e87328a0e33464295d10e591d61c010 - - default default] No more DHCP agents
2026-04-27 22:08:41.870 9 WARNING neutron.api.rpc.agentnotifiers.dhcp_rpc_agent_api [None req-fe6a5ee9-7a50-45ce-8319-4262b5f5ccbb da9ea4bce9fa49798930ea075b6f69d6 9e87328a0e33464295d10e591d61c010 - - default default] Unable to schedule network 4f757db0-2b1f-47ae-a3c1-c71824a46163: no agents available; will retry on subsequent port and subnet creation events.
2026-04-27 22:08:41.890 10 INFO neutron.wsgi [None req-a869a3c0-90e8-4816-9564-d6dc41c27e72 06579480faa54211bf2b0c03bda1b36e 7b63163369e94223a70f45df3fc703ca - - default default] 10.0.0.105 "GET /v2.0/networks?router%3Aexternal=True HTTP/1.1" status: 200 len: 845 time: 0.1578226
2026-04-27 22:08:41.962 10 INFO neutron.wsgi [None req-1b6e90d3-ef3e-460f-a17f-9f6e2cf83aa4 06579480faa54211bf2b0c03bda1b36e 7b63163369e94223a70f45df3fc703ca - - default default] 10.0.0.105 "GET /v2.0/subnets?network_id=5cd4b189-3e6b-435e-b218-98182b85042c HTTP/1.1" status: 200 len: 820 time: 0.0668967
2026-04-27 22:08:41.972 9 INFO neutron.wsgi [None req-555e87b4-2f9c-4873-bd36-7a551a592d36 06579480faa54211bf2b0c03bda1b36e 7b63163369e94223a70f45df3fc703ca - - default default] 10.0.0.105 "GET /v2.0/extensions HTTP/1.1" status: 200 len: 16975 time: 0.0054777
2026-04-27 22:08:42.033 10 INFO neutron.db.ovn_revision_numbers_db [None req-b7a081b1-cbc2-4036-b7b6-edb2ca50088b cb0b5640cd704ab7be93cd2a80ff677e 388e0c73b483485788900655420723b8 - - default default] Successfully bumped revision number for resource 61a924d2-806e-4aee-aa74-ee6aaab8b75d (type: ports) to 1
2026-04-27 22:08:42.057 10 INFO neutron.wsgi [None req-b7a081b1-cbc2-4036-b7b6-edb2ca50088b cb0b5640cd704ab7be93cd2a80ff677e 388e0c73b483485788900655420723b8 - - default default] 10.0.0.105 "POST /v2.0/networks HTTP/1.1" status: 201 len: 830 time: 1.0765800
2026-04-27 22:08:42.061 9 INFO neutron.wsgi [None req-0f9c7e98-a19b-4f67-b31f-143fa9ef0bd7 06579480faa54211bf2b0c03bda1b36e 7b63163369e94223a70f45df3fc703ca - - default default] 10.0.0.105 "GET /v2.0/networks HTTP/1.1" status: 200 len: 1504 time: 0.0822098
2026-04-27 22:08:42.068 10 WARNING neutron_lib.context [None req-0628403b-15ce-4c73-a27e-c81d809a773f cb0b5640cd704ab7be93cd2a80ff677e 388e0c73b483485788900655420723b8 - - default default] Method 'is_advsvc' is deprecated since 2023.2 release (neutron-lib 3.8.0) and will be removed once support for the old RBAC API policies will be removed from Neutron. Please use method 'is_service_role' instead.
2026-04-27 22:08:42.069 9 INFO neutron.db.ovn_revision_numbers_db [None req-fe6a5ee9-7a50-45ce-8319-4262b5f5ccbb da9ea4bce9fa49798930ea075b6f69d6 9e87328a0e33464295d10e591d61c010 - - default default] Successfully bumped revision number for resource 418f3b11-4b1f-48c3-bd3a-6dde32c2aaad (type: ports) to 1
2026-04-27 22:08:42.119 9 INFO neutron.wsgi [None req-7d9c1433-d86b-4dac-8ecd-9f6b1237720a 06579480faa54211bf2b0c03bda1b36e 7b63163369e94223a70f45df3fc703ca - - default default] 10.0.0.105 "GET /v2.0/subnets HTTP/1.1" status: 200 len: 1428 time: 0.0476916
2026-04-27 22:08:42.215 9 INFO neutron.wsgi [None req-d72b37f3-69ec-4202-9aa6-621f4cf041ca 06579480faa54211bf2b0c03bda1b36e 7b63163369e94223a70f45df3fc703ca - - default default] 10.0.0.105 "GET /v2.0/networks/bb04e4c1-f20d-42d7-859f-db9c1562e44e HTTP/1.1" status: 200 len: 863 time: 0.0857091
2026-04-27 22:08:42.250 10 INFO neutron.db.ovn_revision_numbers_db [None req-f7b62bda-641d-4375-b405-e3395216486b - - - - - -] Successfully bumped revision number for resource c4a901bb-7e1f-4d5c-a205-53ce8a6b0a74 (type: ports) to 1
2026-04-27 22:08:42.270 9 INFO neutron.wsgi [None req-af4c6890-8e8f-4000-851c-e1872c2cdd0d 06579480faa54211bf2b0c03bda1b36e 7b63163369e94223a70f45df3fc703ca - - default default] 10.0.0.105 "GET /v2.0/subnets/57347667-08ae-4504-99a2-46b32df1b358 HTTP/1.1" status: 200 len: 811 time: 0.0470085
2026-04-27 22:08:42.296 9 INFO neutron.pecan_wsgi.hooks.translation [None req-58cf0810-1ac6-42bd-ad74-83386d9c4743 06579480faa54211bf2b0c03bda1b36e 7b63163369e94223a70f45df3fc703ca - - default default] DELETE failed (client error): The resource could not be found.
2026-04-27 22:08:42.298 9 INFO neutron.wsgi [None req-58cf0810-1ac6-42bd-ad74-83386d9c4743 06579480faa54211bf2b0c03bda1b36e 7b63163369e94223a70f45df3fc703ca - - default default] 10.0.0.105 "DELETE /v2.0/subnets/f293cdde-b53e-45c1-a0d0-ff509f1acd2f HTTP/1.1" status: 404 len: 337 time: 0.0188701
2026-04-27 22:08:42.323 10 INFO neutron.pecan_wsgi.hooks.translation [None req-d0f51215-bd91-4bc8-a170-0529dcbc31bf 06579480faa54211bf2b0c03bda1b36e 7b63163369e94223a70f45df3fc703ca - - default default] DELETE failed (client error): The resource could not be found.
2026-04-27 22:08:42.325 10 INFO neutron.wsgi [None req-d0f51215-bd91-4bc8-a170-0529dcbc31bf 06579480faa54211bf2b0c03bda1b36e 7b63163369e94223a70f45df3fc703ca - - default default] 10.0.0.105 "DELETE /v2.0/networks/4b0eb9b9-0334-4e3f-ba10-62fe2aca0468 HTTP/1.1" status: 404 len: 339 time: 0.0187721
2026-04-27 22:08:42.365 10 WARNING neutron.scheduler.dhcp_agent_scheduler [None req-0628403b-15ce-4c73-a27e-c81d809a773f cb0b5640cd704ab7be93cd2a80ff677e 388e0c73b483485788900655420723b8 - - default default] No more DHCP agents
2026-04-27 22:08:42.368 10 WARNING neutron.api.rpc.agentnotifiers.dhcp_rpc_agent_api [None req-0628403b-15ce-4c73-a27e-c81d809a773f cb0b5640cd704ab7be93cd2a80ff677e 388e0c73b483485788900655420723b8 - - default default] Unable to schedule network 7d74da92-4048-46ea-b129-e735e535eb91: no agents available; will retry on subsequent port and subnet creation events.
2026-04-27 22:08:42.393 10 INFO neutron.wsgi [-] 10.0.0.203 "GET / HTTP/1.1" status: 200 len: 246 time: 0.0012383
2026-04-27 22:08:42.394 10 INFO neutron.wsgi [-] 10.0.0.203 "GET / HTTP/1.1" status: 200 len: 246 time: 0.0008447
2026-04-27 22:08:42.494 10 INFO neutron.db.ovn_revision_numbers_db [None req-0628403b-15ce-4c73-a27e-c81d809a773f cb0b5640cd704ab7be93cd2a80ff677e 388e0c73b483485788900655420723b8 - - default default] Successfully bumped revision number for resource 1401ace6-9cb0-4cbe-af8f-54cbf0002e34 (type: ports) to 1
2026-04-27 22:08:42.530 10 INFO neutron.wsgi [None req-0628403b-15ce-4c73-a27e-c81d809a773f cb0b5640cd704ab7be93cd2a80ff677e 388e0c73b483485788900655420723b8 - - default default] 10.0.0.105 "POST /v2.0/ports HTTP/1.1" status: 201 len: 942 time: 0.4669793 /var/lib/openstack/lib/python3.10/site-packages/pycadf/identifier.py:71: UserWarning: Invalid uuid: neutron. To ensure interoperability, identifiers should be a valid uuid. warnings.warn(('Invalid uuid: %s. To ensure interoperability, '
2026-04-27 22:08:42.546 10 WARNING neutron_lib.context [None req-d9c2258d-d5ef-497b-ba9c-7f4dbd9d1a1c cb0b5640cd704ab7be93cd2a80ff677e 388e0c73b483485788900655420723b8 - - default default] Method 'is_advsvc' is deprecated since 2023.2 release (neutron-lib 3.8.0) and will be removed once support for the old RBAC API policies will be removed from Neutron. Please use method 'is_service_role' instead.
2026-04-27 22:08:42.574 9 INFO neutron.wsgi [None req-b79eefd2-6cc5-4d3c-9e46-253efc798aad 06579480faa54211bf2b0c03bda1b36e 7b63163369e94223a70f45df3fc703ca - - default default] 10.0.0.105 "DELETE /v2.0/subnets/57347667-08ae-4504-99a2-46b32df1b358 HTTP/1.1" status: 204 len: 168 time: 0.2445076
2026-04-27 22:08:42.599 9 INFO neutron.db.ovn_revision_numbers_db [None req-fe6a5ee9-7a50-45ce-8319-4262b5f5ccbb da9ea4bce9fa49798930ea075b6f69d6 9e87328a0e33464295d10e591d61c010 - - default default] Successfully bumped revision number for resource 418f3b11-4b1f-48c3-bd3a-6dde32c2aaad (type: router_ports) to 1
2026-04-27 22:08:42.604 10 INFO neutron.db.ovn_revision_numbers_db [None req-f7b62bda-641d-4375-b405-e3395216486b - - - - - -] Successfully bumped revision number for resource c4a901bb-7e1f-4d5c-a205-53ce8a6b0a74 (type: router_ports) to 3
2026-04-27 22:08:42.645 9 WARNING neutron.plugins.ml2.drivers.ovn.mech_driver.ovsdb.ovn_client [None req-97adb1c9-086d-4690-b232-f64ac205f541 - - - - - -] No hosting information found for port 8f8d6c8b-e246-4557-9745-1601870ba0de: RuntimeError: No hosting information found for port 8f8d6c8b-e246-4557-9745-1601870ba0de
2026-04-27 22:08:42.646 9 INFO neutron.plugins.ml2.drivers.ovn.mech_driver.mech_driver [None req-97adb1c9-086d-4690-b232-f64ac205f541 - - - - - -] OVN reports status up for port: c4a901bb-7e1f-4d5c-a205-53ce8a6b0a74
2026-04-27 22:08:42.664 9 INFO neutron.plugins.ml2.plugin [None req-97adb1c9-086d-4690-b232-f64ac205f541 - - - - - -] Attempt 1 to provision port c4a901bb-7e1f-4d5c-a205-53ce8a6b0a74
2026-04-27 22:08:42.793 10 INFO neutron.wsgi [None req-d9c2258d-d5ef-497b-ba9c-7f4dbd9d1a1c cb0b5640cd704ab7be93cd2a80ff677e 388e0c73b483485788900655420723b8 - - default default] 10.0.0.105 "POST /v2.0/trunks HTTP/1.1" status: 201 len: 608 time: 0.2544947
2026-04-27 22:08:42.803 10 WARNING neutron_lib.context [None req-b1741a39-57cc-4dc9-a236-9addc1d1d5cd cb0b5640cd704ab7be93cd2a80ff677e 388e0c73b483485788900655420723b8 - - default default] Method 'is_advsvc' is deprecated since 2023.2 release (neutron-lib 3.8.0) and will be removed once support for the old RBAC API policies will be removed from Neutron. Please use method 'is_service_role' instead.
2026-04-27 22:08:42.807 10 INFO neutron.db.ovn_revision_numbers_db [None req-f7b62bda-641d-4375-b405-e3395216486b - - - - - -] Successfully bumped revision number for resource c4a901bb-7e1f-4d5c-a205-53ce8a6b0a74 (type: ports) to 2
2026-04-27 22:08:42.914 10 INFO neutron.db.segments_db [None req-b1741a39-57cc-4dc9-a236-9addc1d1d5cd cb0b5640cd704ab7be93cd2a80ff677e 388e0c73b483485788900655420723b8 - - default default] Added segment dd6240ec-8932-4a59-8de5-fd6cccf5730c of type geneve for network a2ebefb6-0d3e-4013-9b69-678b2f3bdd6f
2026-04-27 22:08:43.092 9 INFO neutron.db.ovn_revision_numbers_db [None req-fe6a5ee9-7a50-45ce-8319-4262b5f5ccbb da9ea4bce9fa49798930ea075b6f69d6 9e87328a0e33464295d10e591d61c010 - - default default] Successfully bumped revision number for resource 418f3b11-4b1f-48c3-bd3a-6dde32c2aaad (type: ports) to 1
2026-04-27 22:08:43.099 10 INFO neutron.db.ovn_revision_numbers_db [None req-b1741a39-57cc-4dc9-a236-9addc1d1d5cd cb0b5640cd704ab7be93cd2a80ff677e 388e0c73b483485788900655420723b8 - - default default] Successfully bumped revision number for resource a2ebefb6-0d3e-4013-9b69-678b2f3bdd6f (type: networks) to 1
2026-04-27 22:08:43.155 10 INFO neutron.db.ovn_revision_numbers_db [None req-f7b62bda-641d-4375-b405-e3395216486b - - - - - -] Successfully bumped revision number for resource c4a901bb-7e1f-4d5c-a205-53ce8a6b0a74 (type: ports) to 4
2026-04-27 22:08:43.185 9 WARNING neutron.scheduler.dhcp_agent_scheduler [None req-fe6a5ee9-7a50-45ce-8319-4262b5f5ccbb da9ea4bce9fa49798930ea075b6f69d6 9e87328a0e33464295d10e591d61c010 - - default default] No more DHCP agents
2026-04-27 22:08:43.188 9 WARNING neutron.api.rpc.agentnotifiers.dhcp_rpc_agent_api [None req-fe6a5ee9-7a50-45ce-8319-4262b5f5ccbb da9ea4bce9fa49798930ea075b6f69d6 9e87328a0e33464295d10e591d61c010 - - default default] Unable to schedule network 4f757db0-2b1f-47ae-a3c1-c71824a46163: no agents available; will retry on subsequent port and subnet creation events.
2026-04-27 22:08:43.285 9 INFO neutron.services.segments.plugin [-] Segment f128b7c8-bb86-447e-af6e-e58a8a9a59e2 resource provider aggregate not found
2026-04-27 22:08:43.290 9 INFO neutron.services.segments.plugin [-] Segment f128b7c8-bb86-447e-af6e-e58a8a9a59e2 resource provider aggregate not found
2026-04-27 22:08:43.308 9 INFO neutron.services.segments.plugin [-] Segment f128b7c8-bb86-447e-af6e-e58a8a9a59e2 resource provider not found; error: Placement Client Error (4xx): {"errors": [{"status": 404, "title": "Not Found", "detail": "The resource could not be found.\n\n No resource provider with uuid f128b7c8-bb86-447e-af6e-e58a8a9a59e2 found for delete ", "request_id": "req-5442916c-35c4-402f-bf5d-1076f8e91310"}]}
2026-04-27 22:08:43.310 9 INFO neutron.services.segments.plugin [-] Segment f128b7c8-bb86-447e-af6e-e58a8a9a59e2 resource provider not found; error: Placement Client Error (4xx): {"errors": [{"status": 404, "title": "Not Found", "detail": "The resource could not be found.\n\n No resource provider with uuid f128b7c8-bb86-447e-af6e-e58a8a9a59e2 found for delete ", "request_id": "req-953965c5-e1f5-48f1-b6a0-976c7a0efdce"}]}
2026-04-27 22:08:43.333 9 INFO neutron.wsgi [None req-5c77567a-fcc8-498f-a676-8d30db005101 06579480faa54211bf2b0c03bda1b36e 7b63163369e94223a70f45df3fc703ca - - default default] 10.0.0.105 "DELETE /v2.0/networks/bb04e4c1-f20d-42d7-859f-db9c1562e44e HTTP/1.1" status: 204 len: 168 time: 0.7531488
2026-04-27 22:08:43.575 10 WARNING neutron.scheduler.dhcp_agent_scheduler [None req-b1741a39-57cc-4dc9-a236-9addc1d1d5cd cb0b5640cd704ab7be93cd2a80ff677e 388e0c73b483485788900655420723b8 - - default default] No more DHCP agents
2026-04-27 22:08:43.582 10 WARNING neutron.api.rpc.agentnotifiers.dhcp_rpc_agent_api [None req-b1741a39-57cc-4dc9-a236-9addc1d1d5cd cb0b5640cd704ab7be93cd2a80ff677e 388e0c73b483485788900655420723b8 - - default default] Unable to schedule network a2ebefb6-0d3e-4013-9b69-678b2f3bdd6f: no agents available; will retry on subsequent port and subnet creation events.
2026-04-27 22:08:43.635 10 INFO neutron.db.ovn_revision_numbers_db [None req-f7b62bda-641d-4375-b405-e3395216486b - - - - - -] Successfully bumped revision number for resource c4a901bb-7e1f-4d5c-a205-53ce8a6b0a74 (type: router_ports) to 4
2026-04-27 22:08:43.647 9 INFO neutron.plugins.ml2.drivers.ovn.mech_driver.mech_driver [None req-97adb1c9-086d-4690-b232-f64ac205f541 - - - - - -] OVN reports status up for port: 418f3b11-4b1f-48c3-bd3a-6dde32c2aaad
2026-04-27 22:08:43.654 9 INFO neutron.plugins.ml2.plugin [None req-97adb1c9-086d-4690-b232-f64ac205f541 - - - - - -] Attempt 1 to provision port 418f3b11-4b1f-48c3-bd3a-6dde32c2aaad
2026-04-27 22:08:43.680 10 INFO neutron.db.ovn_revision_numbers_db [None req-b1741a39-57cc-4dc9-a236-9addc1d1d5cd cb0b5640cd704ab7be93cd2a80ff677e 388e0c73b483485788900655420723b8 - - default default] Successfully bumped revision number for resource d78a7fa1-9df2-42a2-aac0-886f5005cc12 (type: ports) to 1
2026-04-27 22:08:43.706 10 INFO neutron.wsgi [None req-b1741a39-57cc-4dc9-a236-9addc1d1d5cd cb0b5640cd704ab7be93cd2a80ff677e 388e0c73b483485788900655420723b8 - - default default] 10.0.0.105 "POST /v2.0/networks HTTP/1.1" status: 201 len: 830 time: 0.9080455
2026-04-27 22:08:43.715 10 WARNING neutron_lib.context [None req-bc9a2775-5098-4c6f-916a-be78a90f60b0 cb0b5640cd704ab7be93cd2a80ff677e 388e0c73b483485788900655420723b8 - - default default] Method 'is_advsvc' is deprecated since 2023.2 release (neutron-lib 3.8.0) and will be removed once support for the old RBAC API policies will be removed from Neutron. Please use method 'is_service_role' instead.
2026-04-27 22:08:43.891 9 INFO neutron.db.ovn_revision_numbers_db [None req-fe6a5ee9-7a50-45ce-8319-4262b5f5ccbb da9ea4bce9fa49798930ea075b6f69d6 9e87328a0e33464295d10e591d61c010 - - default default] Successfully bumped revision number for resource 418f3b11-4b1f-48c3-bd3a-6dde32c2aaad (type: router_ports) to 1
2026-04-27 22:08:43.893 9 INFO neutron.wsgi [None req-fe6a5ee9-7a50-45ce-8319-4262b5f5ccbb da9ea4bce9fa49798930ea075b6f69d6 9e87328a0e33464295d10e591d61c010 - - default default] 10.0.0.105 "PUT /v2.0/routers/5fe95216-a722-437c-9222-ec9c476a0649/add_router_interface HTTP/1.1" status: 200 len: 503 time: 2.5147367
2026-04-27 22:08:43.973 10 WARNING neutron.scheduler.dhcp_agent_scheduler [None req-bc9a2775-5098-4c6f-916a-be78a90f60b0 cb0b5640cd704ab7be93cd2a80ff677e 388e0c73b483485788900655420723b8 - - default default] No more DHCP agents
2026-04-27 22:08:43.975 10 WARNING neutron.api.rpc.agentnotifiers.dhcp_rpc_agent_api [None req-bc9a2775-5098-4c6f-916a-be78a90f60b0 cb0b5640cd704ab7be93cd2a80ff677e 388e0c73b483485788900655420723b8 - - default default] Unable to schedule network a2ebefb6-0d3e-4013-9b69-678b2f3bdd6f: no agents available; will retry on subsequent port and subnet creation events.
2026-04-27 22:08:43.982 9 INFO neutron.db.ovn_revision_numbers_db [None req-97adb1c9-086d-4690-b232-f64ac205f541 - - - - - -] Successfully bumped revision number for resource 418f3b11-4b1f-48c3-bd3a-6dde32c2aaad (type: ports) to 2
2026-04-27 22:08:44.055 10 INFO neutron.db.ovn_revision_numbers_db [None req-bc9a2775-5098-4c6f-916a-be78a90f60b0 cb0b5640cd704ab7be93cd2a80ff677e 388e0c73b483485788900655420723b8 - - default default] Successfully bumped revision number for resource f57f98cb-a475-4e63-8ffe-3d3a6bcb30b9 (type: ports) to 1
2026-04-27 22:08:44.063 9 INFO neutron.db.ovn_revision_numbers_db [None req-97adb1c9-086d-4690-b232-f64ac205f541 - - - - - -] Successfully bumped revision number for resource 418f3b11-4b1f-48c3-bd3a-6dde32c2aaad (type: router_ports) to 2
2026-04-27 22:08:44.077 10 INFO neutron.wsgi [None req-bc9a2775-5098-4c6f-916a-be78a90f60b0 cb0b5640cd704ab7be93cd2a80ff677e 388e0c73b483485788900655420723b8 - - default default] 10.0.0.105 "POST /v2.0/ports HTTP/1.1" status: 201 len: 942 time: 0.3666651 /var/lib/openstack/lib/python3.10/site-packages/pycadf/identifier.py:71: UserWarning: Invalid uuid: neutron. To ensure interoperability, identifiers should be a valid uuid. warnings.warn(('Invalid uuid: %s. To ensure interoperability, '
2026-04-27 22:08:44.086 10 WARNING neutron_lib.context [None req-d9942b3b-5e99-4b4e-9ae3-54a45f8c8e17 cb0b5640cd704ab7be93cd2a80ff677e 388e0c73b483485788900655420723b8 - - default default] Method 'is_advsvc' is deprecated since 2023.2 release (neutron-lib 3.8.0) and will be removed once support for the old RBAC API policies will be removed from Neutron. Please use method 'is_service_role' instead.
2026-04-27 22:08:44.140 10 INFO neutron.wsgi [None req-497fbfe4-77cc-48d9-ac73-3b4612182159 da9ea4bce9fa49798930ea075b6f69d6 9e87328a0e33464295d10e591d61c010 - - default default] 10.0.0.105 "GET /v2.0/security-groups?tenant_id=7b63163369e94223a70f45df3fc703ca&name=default HTTP/1.1" status: 200 len: 2996 time: 0.2118616
2026-04-27 22:08:44.259 10 INFO neutron.wsgi [None req-d9942b3b-5e99-4b4e-9ae3-54a45f8c8e17 cb0b5640cd704ab7be93cd2a80ff677e 388e0c73b483485788900655420723b8 - - default default] 10.0.0.105 "POST /v2.0/trunks HTTP/1.1" status: 201 len: 608 time: 0.1775374
2026-04-27 22:08:44.301 9 INFO neutron.wsgi [None req-e63b4e94-fbba-4c1b-929d-5a1dfb6e9bfd cb0b5640cd704ab7be93cd2a80ff677e 388e0c73b483485788900655420723b8 - - default default] 10.0.0.105 "PUT /v2.0/trunks/9ef4b1c4-4a3e-458f-8d17-a576b032b126/tags HTTP/1.1" status: 200 len: 210 time: 0.0369699
2026-04-27 22:08:44.341 10 INFO neutron.wsgi [None req-aae5f268-6662-46f0-b42f-56f6c1738e81 cb0b5640cd704ab7be93cd2a80ff677e 388e0c73b483485788900655420723b8 - - default default] 10.0.0.105 "PUT /v2.0/trunks/560537bc-31ed-42fb-acf4-88cb95cebb30/tags HTTP/1.1" status: 200 len: 218 time: 0.0348063
2026-04-27 22:08:44.346 9 INFO neutron.wsgi [None req-440f288b-0dc2-44e8-bd37-5f0c835f558d da9ea4bce9fa49798930ea075b6f69d6 9e87328a0e33464295d10e591d61c010 - - default default] 10.0.0.105 "DELETE /v2.0/security-groups/2527cd40-a5b2-440d-8f5a-ae8bdaa9d7a1 HTTP/1.1" status: 204 len: 168 time: 0.2007601
2026-04-27 22:08:44.383 10 INFO neutron.wsgi [None req-19a5cd75-efe2-49f7-b067-da6b29f3ebd0 cb0b5640cd704ab7be93cd2a80ff677e 388e0c73b483485788900655420723b8 - - default default] 10.0.0.105 "PUT /v2.0/trunks/28c7c7c8-c671-4032-821f-d3df27a391b7/tags HTTP/1.1" status: 200 len: 227 time: 0.0373421
2026-04-27 22:08:44.411 10 INFO neutron.wsgi [None req-c633d6c0-ff7f-491c-85f5-25be4b39a737 cb0b5640cd704ab7be93cd2a80ff677e 388e0c73b483485788900655420723b8 - - default default] 10.0.0.105 "PUT /v2.0/trunks/031c1cbe-056f-4ce9-a690-9495e2839488/tags HTTP/1.1" status: 200 len: 212 time: 0.0232739
2026-04-27 22:08:44.436 10 INFO neutron.wsgi [None req-3e79d201-51f2-4482-b2ac-05e9dedf4c32 cb0b5640cd704ab7be93cd2a80ff677e 388e0c73b483485788900655420723b8 - - default default] 10.0.0.105 "GET /v2.0/trunks?tags=red HTTP/1.1" status: 200 len: 1447 time: 0.0186477
2026-04-27 22:08:44.464 10 INFO neutron.wsgi [None req-49e2e3a3-5105-46b3-984c-676d6acc0b48 cb0b5640cd704ab7be93cd2a80ff677e 388e0c73b483485788900655420723b8 - - default default] 10.0.0.105 "GET /v2.0/trunks?tags=red%2Cblue HTTP/1.1" status: 200 len: 1041 time: 0.0228250
