2026-04-27 22:09:09.710 9 WARNING neutron_lib.context [None req-5fd02d75-7250-4b1f-8b1d-1582237490f7 28f5d856c4114c8a8b9e50e3f712f9b0 c3f24abdb3b44cc49604d43db02baef3 - - default default] Method 'is_advsvc' is deprecated since 2023.2 release (neutron-lib 3.8.0) and will be removed once support for the old RBAC API policies will be removed from Neutron. Please use method 'is_service_role' instead.
2026-04-27 22:09:10.013 9 WARNING neutron.scheduler.dhcp_agent_scheduler [None req-5fd02d75-7250-4b1f-8b1d-1582237490f7 28f5d856c4114c8a8b9e50e3f712f9b0 c3f24abdb3b44cc49604d43db02baef3 - - default default] No more DHCP agents
2026-04-27 22:09:10.016 9 WARNING neutron.api.rpc.agentnotifiers.dhcp_rpc_agent_api [None req-5fd02d75-7250-4b1f-8b1d-1582237490f7 28f5d856c4114c8a8b9e50e3f712f9b0 c3f24abdb3b44cc49604d43db02baef3 - - default default] Unable to schedule network 2c453843-842e-40cd-9467-26572b625427: no agents available; will retry on subsequent port and subnet creation events.
2026-04-27 22:09:10.148 9 INFO neutron.db.ovn_revision_numbers_db [None req-5fd02d75-7250-4b1f-8b1d-1582237490f7 28f5d856c4114c8a8b9e50e3f712f9b0 c3f24abdb3b44cc49604d43db02baef3 - - default default] Successfully bumped revision number for resource 028f6619-02ca-41f7-86e9-88ea9bdd9021 (type: ports) to 1
2026-04-27 22:09:10.176 9 INFO neutron.wsgi [None req-5fd02d75-7250-4b1f-8b1d-1582237490f7 28f5d856c4114c8a8b9e50e3f712f9b0 c3f24abdb3b44cc49604d43db02baef3 - - default default] 10.0.0.105 "POST /v2.0/ports HTTP/1.1" status: 201 len: 1163 time: 0.4733121 /var/lib/openstack/lib/python3.10/site-packages/pycadf/identifier.py:71: UserWarning: Invalid uuid: neutron. To ensure interoperability, identifiers should be a valid uuid. warnings.warn(('Invalid uuid: %s. To ensure interoperability, '
2026-04-27 22:09:10.557 9 INFO neutron.plugins.ml2.drivers.ovn.mech_driver.mech_driver [None req-97adb1c9-086d-4690-b232-f64ac205f541 - - - - - -] OVN reports status up for port: 028f6619-02ca-41f7-86e9-88ea9bdd9021
2026-04-27 22:09:10.574 9 INFO neutron.plugins.ml2.plugin [None req-97adb1c9-086d-4690-b232-f64ac205f541 - - - - - -] Attempt 1 to provision port 028f6619-02ca-41f7-86e9-88ea9bdd9021
2026-04-27 22:09:10.591 9 INFO neutron.db.ovn_revision_numbers_db [None req-978a1d13-0928-4402-8c6f-3258cc6d61e5 28f5d856c4114c8a8b9e50e3f712f9b0 c3f24abdb3b44cc49604d43db02baef3 - - default default] Successfully bumped revision number for resource 028f6619-02ca-41f7-86e9-88ea9bdd9021 (type: router_ports) to 2
2026-04-27 22:09:10.696 10 WARNING neutron.plugins.ml2.drivers.ovn.mech_driver.ovsdb.ovn_client [None req-808e9de3-9bf9-42c7-be3d-e1b6b2eea620 - - - - - -] No port found with ID 27478010-9539-4141-adc2-e574a2e03bf6: RuntimeError: No port found with ID 27478010-9539-4141-adc2-e574a2e03bf6
2026-04-27 22:09:10.805 9 INFO neutron.db.ovn_revision_numbers_db [None req-978a1d13-0928-4402-8c6f-3258cc6d61e5 28f5d856c4114c8a8b9e50e3f712f9b0 c3f24abdb3b44cc49604d43db02baef3 - - default default] Successfully bumped revision number for resource 028f6619-02ca-41f7-86e9-88ea9bdd9021 (type: ports) to 2
2026-04-27 22:09:10.968 9 INFO neutron.db.ovn_revision_numbers_db [None req-97adb1c9-086d-4690-b232-f64ac205f541 - - - - - -] Successfully bumped revision number for resource 028f6619-02ca-41f7-86e9-88ea9bdd9021 (type: ports) to 3
2026-04-27 22:09:11.021 10 INFO neutron.wsgi [req-1bba3c0a-1089-41d2-bcfb-5e5107383dc1 req-bc44090d-a248-46b2-b6e2-45685a325f3a 48f85b86034c450998ea0be51803516c 944794618ec24e23b7abde23f736435a - - default default] 10.0.0.45 "GET /v2.0/ports?device_id=53439802-2aea-465e-b623-a2ad361010a4 HTTP/1.1" status: 200 len: 1210 time: 0.1009283
2026-04-27 22:09:11.072 10 INFO neutron.wsgi [req-1bba3c0a-1089-41d2-bcfb-5e5107383dc1 req-04b36ee6-19f5-4016-ab32-414aaa03b8ea 48f85b86034c450998ea0be51803516c 944794618ec24e23b7abde23f736435a - - default default] 10.0.0.45 "GET /v2.0/security-groups?id=e1078c3c-5c98-4c69-9319-f277f02f9442&id=a03321c4-3875-40e4-8cec-865c23fbf08f&fields=id&fields=name HTTP/1.1" status: 200 len: 406 time: 0.0438876
2026-04-27 22:09:11.074 9 INFO neutron.db.ovn_revision_numbers_db [None req-97adb1c9-086d-4690-b232-f64ac205f541 - - - - - -] Successfully bumped revision number for resource 028f6619-02ca-41f7-86e9-88ea9bdd9021 (type: router_ports) to 3
2026-04-27 22:09:11.365 10 INFO neutron.wsgi [None req-2c9b1bb5-59ea-4bb7-8e8b-613584cedf42 156387f478db46fb9eec3411d33626bc 2dedb4f5a30e4d75a6757a7c84c7c5b0 - - default default] 10.0.0.105 "GET /v2.0/ports?device_id=53439802-2aea-465e-b623-a2ad361010a4 HTTP/1.1" status: 200 len: 1443 time: 0.2683353
2026-04-27 22:09:11.388 9 INFO neutron.db.ovn_revision_numbers_db [None req-978a1d13-0928-4402-8c6f-3258cc6d61e5 28f5d856c4114c8a8b9e50e3f712f9b0 c3f24abdb3b44cc49604d43db02baef3 - - default default] Successfully bumped revision number for resource 028f6619-02ca-41f7-86e9-88ea9bdd9021 (type: ports) to 3
2026-04-27 22:09:11.436 10 INFO neutron.wsgi [None req-e414c36c-3ed5-46cb-8165-ac6633b0a33e 48f85b86034c450998ea0be51803516c 944794618ec24e23b7abde23f736435a - - default default] 10.0.0.105 "GET /v2.0/floatingips?floating_network_id=5cd4b189-3e6b-435e-b218-98182b85042c&port_id=7bca8971-a710-4309-b8fe-98bfcb2ec815 HTTP/1.1" status: 200 len: 1054 time: 0.0649869
2026-04-27 22:09:11.459 9 WARNING neutron.scheduler.dhcp_agent_scheduler [None req-978a1d13-0928-4402-8c6f-3258cc6d61e5 28f5d856c4114c8a8b9e50e3f712f9b0 c3f24abdb3b44cc49604d43db02baef3 - - default default] No more DHCP agents
2026-04-27 22:09:11.460 9 WARNING neutron.api.rpc.agentnotifiers.dhcp_rpc_agent_api [None req-978a1d13-0928-4402-8c6f-3258cc6d61e5 28f5d856c4114c8a8b9e50e3f712f9b0 c3f24abdb3b44cc49604d43db02baef3 - - default default] Unable to schedule network 2c453843-842e-40cd-9467-26572b625427: no agents available; will retry on subsequent port and subnet creation events.
2026-04-27 22:09:11.599 9 INFO neutron.db.ovn_revision_numbers_db [None req-978a1d13-0928-4402-8c6f-3258cc6d61e5 28f5d856c4114c8a8b9e50e3f712f9b0 c3f24abdb3b44cc49604d43db02baef3 - - default default] Successfully bumped revision number for resource 028f6619-02ca-41f7-86e9-88ea9bdd9021 (type: router_ports) to 3
2026-04-27 22:09:11.602 9 INFO neutron.wsgi [None req-978a1d13-0928-4402-8c6f-3258cc6d61e5 28f5d856c4114c8a8b9e50e3f712f9b0 c3f24abdb3b44cc49604d43db02baef3 - - default default] 10.0.0.105 "PUT /v2.0/routers/7b006144-8af6-4e14-9c51-b966eb19b434/add_router_interface HTTP/1.1" status: 200 len: 503 time: 1.4198008 /var/lib/openstack/lib/python3.10/site-packages/pycadf/identifier.py:71: UserWarning: Invalid uuid: neutron. To ensure interoperability, identifiers should be a valid uuid. warnings.warn(('Invalid uuid: %s. To ensure interoperability, '
2026-04-27 22:09:11.641 9 INFO neutron.wsgi [None req-132f7b2a-3181-4774-9dc3-61570c74786e 28f5d856c4114c8a8b9e50e3f712f9b0 c3f24abdb3b44cc49604d43db02baef3 - - default default] 10.0.0.105 "GET /v2.0/ports/028f6619-02ca-41f7-86e9-88ea9bdd9021 HTTP/1.1" status: 200 len: 1221 time: 0.0332534
2026-04-27 22:09:11.755 9 WARNING neutron_lib.context [None req-4321b436-e768-4492-8a10-164421d92f0a 6a9c26052e864d63b3ed8f5f73c63f02 544ae2c852344d949fca9ced18addfef - - default default] Method 'is_advsvc' is deprecated since 2023.2 release (neutron-lib 3.8.0) and will be removed once support for the old RBAC API policies will be removed from Neutron. Please use method 'is_service_role' instead.
2026-04-27 22:09:11.765 10 INFO neutron.wsgi [req-836286ef-6e6b-4eab-80da-b2f979533642 req-3fcf4cda-edcc-441d-b78d-f22b71f8182e dfe67ae67a0d45b0a4511adb4b45b466 398885860a1a485a97ce085702de3e7d - - 9b8ddd2dacbe4426aee095541780fd67 9b8ddd2dacbe4426aee095541780fd67] 10.0.0.198 "GET /v2.0/ports?device_id=53439802-2aea-465e-b623-a2ad361010a4 HTTP/1.1" status: 200 len: 1448 time: 0.0400217
2026-04-27 22:09:11.811 10 INFO neutron.wsgi [req-836286ef-6e6b-4eab-80da-b2f979533642 req-393fdc9f-535c-4b6d-b10e-d165aff78052 dfe67ae67a0d45b0a4511adb4b45b466 398885860a1a485a97ce085702de3e7d - - 9b8ddd2dacbe4426aee095541780fd67 9b8ddd2dacbe4426aee095541780fd67] 10.0.0.198 "GET /v2.0/security-groups?id=e1078c3c-5c98-4c69-9319-f277f02f9442&id=a03321c4-3875-40e4-8cec-865c23fbf08f&fields=id&fields=name HTTP/1.1" status: 200 len: 406 time: 0.0359113
2026-04-27 22:09:12.179 9 INFO neutron.db.ovn_revision_numbers_db [None req-4321b436-e768-4492-8a10-164421d92f0a 6a9c26052e864d63b3ed8f5f73c63f02 544ae2c852344d949fca9ced18addfef - - default default] Successfully bumped revision number for resource 20ff836b-6e51-465d-876b-f54904ce9681 (type: security_groups) to 1
2026-04-27 22:09:12.202 9 INFO neutron.db.ovn_revision_numbers_db [None req-4321b436-e768-4492-8a10-164421d92f0a 6a9c26052e864d63b3ed8f5f73c63f02 544ae2c852344d949fca9ced18addfef - - default default] Successfully bumped revision number for resource 25a7f833-29b2-4479-b40d-7745864bf77b (type: security_group_rules) to 0
2026-04-27 22:09:12.230 9 INFO neutron.db.ovn_revision_numbers_db [None req-4321b436-e768-4492-8a10-164421d92f0a 6a9c26052e864d63b3ed8f5f73c63f02 544ae2c852344d949fca9ced18addfef - - default default] Successfully bumped revision number for resource 299b92b2-57eb-469d-852c-1fc5ff181ffa (type: security_group_rules) to 0
2026-04-27 22:09:12.257 9 INFO neutron.db.ovn_revision_numbers_db [None req-4321b436-e768-4492-8a10-164421d92f0a 6a9c26052e864d63b3ed8f5f73c63f02 544ae2c852344d949fca9ced18addfef - - default default] Successfully bumped revision number for resource 72f59ecc-d98f-417c-8877-723fb9b3d330 (type: security_group_rules) to 0
2026-04-27 22:09:12.285 9 INFO neutron.db.ovn_revision_numbers_db [None req-4321b436-e768-4492-8a10-164421d92f0a 6a9c26052e864d63b3ed8f5f73c63f02 544ae2c852344d949fca9ced18addfef - - default default] Successfully bumped revision number for resource eb0825a3-b5c4-4e4d-b7ae-5f2d96eb8949 (type: security_group_rules) to 0
2026-04-27 22:09:12.356 9 INFO neutron.db.segments_db [None req-4321b436-e768-4492-8a10-164421d92f0a 6a9c26052e864d63b3ed8f5f73c63f02 544ae2c852344d949fca9ced18addfef - - default default] Added segment f3bf67d6-909f-4569-b72a-42ac7c7b0330 of type geneve for network 4e1a2b0c-1e80-48ad-a2b2-7cc7b7e9168a
2026-04-27 22:09:12.387 9 INFO neutron.wsgi [-] 10.0.0.203 "GET / HTTP/1.1" status: 200 len: 246 time: 0.0012262
2026-04-27 22:09:12.389 10 INFO neutron.wsgi [-] 10.0.0.203 "GET / HTTP/1.1" status: 200 len: 246 time: 0.0024698
2026-04-27 22:09:12.601 9 INFO neutron.db.ovn_revision_numbers_db [None req-4321b436-e768-4492-8a10-164421d92f0a 6a9c26052e864d63b3ed8f5f73c63f02 544ae2c852344d949fca9ced18addfef - - default default] Successfully bumped revision number for resource 4e1a2b0c-1e80-48ad-a2b2-7cc7b7e9168a (type: networks) to 1
2026-04-27 22:09:12.607 9 INFO neutron.wsgi [None req-d130b551-99e2-43ed-b330-fd26b37fbbe1 28f5d856c4114c8a8b9e50e3f712f9b0 c3f24abdb3b44cc49604d43db02baef3 - - default default] 10.0.0.105 "PUT /v2.0/routers/7b006144-8af6-4e14-9c51-b966eb19b434/remove_router_interface HTTP/1.1" status: 200 len: 503 time: 0.9606371
2026-04-27 22:09:12.692 10 INFO neutron.api.v2.resource [None req-cabf7fed-cd8e-482b-8196-0796af91207b 28f5d856c4114c8a8b9e50e3f712f9b0 c3f24abdb3b44cc49604d43db02baef3 - - default default] remove_router_interface failed (client error): The resource could not be found.
2026-04-27 22:09:12.694 10 INFO neutron.wsgi [None req-cabf7fed-cd8e-482b-8196-0796af91207b 28f5d856c4114c8a8b9e50e3f712f9b0 c3f24abdb3b44cc49604d43db02baef3 - - default default] 10.0.0.105 "PUT /v2.0/routers/7b006144-8af6-4e14-9c51-b966eb19b434/remove_router_interface HTTP/1.1" status: 404 len: 398 time: 0.0818045
2026-04-27 22:09:12.726 10 INFO neutron.wsgi [None req-fcf934a1-60e2-4a10-b93d-fda87bf5a25f 28f5d856c4114c8a8b9e50e3f712f9b0 c3f24abdb3b44cc49604d43db02baef3 - - default default] 10.0.0.105 "GET /v2.0/ports?device_id=7b006144-8af6-4e14-9c51-b966eb19b434 HTTP/1.1" status: 200 len: 205 time: 0.0261049
2026-04-27 22:09:12.762 9 WARNING neutron.scheduler.dhcp_agent_scheduler [None req-4321b436-e768-4492-8a10-164421d92f0a 6a9c26052e864d63b3ed8f5f73c63f02 544ae2c852344d949fca9ced18addfef - - default default] No more DHCP agents
2026-04-27 22:09:12.765 9 WARNING neutron.api.rpc.agentnotifiers.dhcp_rpc_agent_api [None req-4321b436-e768-4492-8a10-164421d92f0a 6a9c26052e864d63b3ed8f5f73c63f02 544ae2c852344d949fca9ced18addfef - - default default] Unable to schedule network 4e1a2b0c-1e80-48ad-a2b2-7cc7b7e9168a: no agents available; will retry on subsequent port and subnet creation events.
2026-04-27 22:09:12.843 9 INFO neutron.db.ovn_revision_numbers_db [None req-4321b436-e768-4492-8a10-164421d92f0a 6a9c26052e864d63b3ed8f5f73c63f02 544ae2c852344d949fca9ced18addfef - - default default] Successfully bumped revision number for resource 02a58bc7-5a1d-4428-bcd7-4d08910e2676 (type: ports) to 1
2026-04-27 22:09:12.868 9 INFO neutron.wsgi [None req-4321b436-e768-4492-8a10-164421d92f0a 6a9c26052e864d63b3ed8f5f73c63f02 544ae2c852344d949fca9ced18addfef - - default default] 10.0.0.105 "POST /v2.0/networks HTTP/1.1" status: 201 len: 831 time: 1.1675420 /var/lib/openstack/lib/python3.10/site-packages/pycadf/identifier.py:71: UserWarning: Invalid uuid: neutron. To ensure interoperability, identifiers should be a valid uuid. warnings.warn(('Invalid uuid: %s. To ensure interoperability, '
2026-04-27 22:09:12.882 9 WARNING neutron_lib.context [None req-2ca9fb55-e856-4a2c-9a5a-ea78bb6f12bc 6a9c26052e864d63b3ed8f5f73c63f02 544ae2c852344d949fca9ced18addfef - - default default] Method 'is_advsvc' is deprecated since 2023.2 release (neutron-lib 3.8.0) and will be removed once support for the old RBAC API policies will be removed from Neutron. Please use method 'is_service_role' instead.
2026-04-27 22:09:12.958 9 INFO neutron.db.segments_db [None req-2ca9fb55-e856-4a2c-9a5a-ea78bb6f12bc 6a9c26052e864d63b3ed8f5f73c63f02 544ae2c852344d949fca9ced18addfef - - default default] Added segment 53b7f3f4-620c-44ae-abb6-30967f94f694 of type geneve for network 19a78d43-1e83-489b-a481-65c50e1021f3
2026-04-27 22:09:13.009 10 INFO neutron.wsgi [None req-16b5e457-26b0-48ae-8b7b-0ab6b5713f8a 28f5d856c4114c8a8b9e50e3f712f9b0 c3f24abdb3b44cc49604d43db02baef3 - - default default] 10.0.0.105 "DELETE /v2.0/routers/7b006144-8af6-4e14-9c51-b966eb19b434 HTTP/1.1" status: 204 len: 168 time: 0.2782946
2026-04-27 22:09:13.109 9 INFO neutron.db.ovn_revision_numbers_db [None req-2ca9fb55-e856-4a2c-9a5a-ea78bb6f12bc 6a9c26052e864d63b3ed8f5f73c63f02 544ae2c852344d949fca9ced18addfef - - default default] Successfully bumped revision number for resource 19a78d43-1e83-489b-a481-65c50e1021f3 (type: networks) to 1
2026-04-27 22:09:13.205 10 INFO neutron.wsgi [None req-3db6479a-13ea-4d39-a783-063c40ac85eb 28f5d856c4114c8a8b9e50e3f712f9b0 c3f24abdb3b44cc49604d43db02baef3 - - default default] 10.0.0.105 "DELETE /v2.0/subnets/09c79fd3-02b3-4bad-8e9e-a0c1fb0f8a8d HTTP/1.1" status: 204 len: 168 time: 0.1915359
2026-04-27 22:09:13.292 9 WARNING neutron.scheduler.dhcp_agent_scheduler [None req-2ca9fb55-e856-4a2c-9a5a-ea78bb6f12bc 6a9c26052e864d63b3ed8f5f73c63f02 544ae2c852344d949fca9ced18addfef - - default default] No more DHCP agents
2026-04-27 22:09:13.294 9 WARNING neutron.api.rpc.agentnotifiers.dhcp_rpc_agent_api [None req-2ca9fb55-e856-4a2c-9a5a-ea78bb6f12bc 6a9c26052e864d63b3ed8f5f73c63f02 544ae2c852344d949fca9ced18addfef - - default default] Unable to schedule network 19a78d43-1e83-489b-a481-65c50e1021f3: no agents available; will retry on subsequent port and subnet creation events.
2026-04-27 22:09:13.382 9 INFO neutron.db.ovn_revision_numbers_db [None req-2ca9fb55-e856-4a2c-9a5a-ea78bb6f12bc 6a9c26052e864d63b3ed8f5f73c63f02 544ae2c852344d949fca9ced18addfef - - default default] Successfully bumped revision number for resource 30085af4-c825-4dcd-ba37-516f244becef (type: ports) to 1
2026-04-27 22:09:13.403 9 INFO neutron.wsgi [None req-2ca9fb55-e856-4a2c-9a5a-ea78bb6f12bc 6a9c26052e864d63b3ed8f5f73c63f02 544ae2c852344d949fca9ced18addfef - - default default] 10.0.0.105 "POST /v2.0/networks HTTP/1.1" status: 201 len: 830 time: 0.5288084
2026-04-27 22:09:13.485 9 INFO neutron.wsgi [None req-a23cd86c-7867-4a1e-8c55-6029adac2e98 6a9c26052e864d63b3ed8f5f73c63f02 544ae2c852344d949fca9ced18addfef - - default default] 10.0.0.105 "PUT /v2.0/networks/4e1a2b0c-1e80-48ad-a2b2-7cc7b7e9168a/tags HTTP/1.1" status: 200 len: 218 time: 0.0735943
2026-04-27 22:09:13.539 9 INFO neutron.wsgi [None req-3113207e-2d48-49c3-a646-eaf28a8b9e85 6a9c26052e864d63b3ed8f5f73c63f02 544ae2c852344d949fca9ced18addfef - - default default] 10.0.0.105 "GET /v2.0/networks/4e1a2b0c-1e80-48ad-a2b2-7cc7b7e9168a/tags HTTP/1.1" status: 200 len: 218 time: 0.0481865
2026-04-27 22:09:13.626 10 INFO neutron.wsgi [None req-d7312f2d-f773-4502-9dce-6bd30e28747a 6a9c26052e864d63b3ed8f5f73c63f02 544ae2c852344d949fca9ced18addfef - - default default] 10.0.0.105 "PUT /v2.0/networks/19a78d43-1e83-489b-a481-65c50e1021f3/tags HTTP/1.1" status: 200 len: 210 time: 0.0756590
2026-04-27 22:09:13.691 10 INFO neutron.wsgi [None req-454675f2-8d74-41ad-8123-70a8ca2ffa47 6a9c26052e864d63b3ed8f5f73c63f02 544ae2c852344d949fca9ced18addfef - - default default] 10.0.0.105 "GET /v2.0/networks/19a78d43-1e83-489b-a481-65c50e1021f3/tags HTTP/1.1" status: 200 len: 210 time: 0.0619874
2026-04-27 22:09:13.766 9 INFO neutron.wsgi [None req-d90a57a5-1f10-47a5-9147-eb2e5d6341a4 6a9c26052e864d63b3ed8f5f73c63f02 544ae2c852344d949fca9ced18addfef - - default default] 10.0.0.105 "PUT /v2.0/networks/19a78d43-1e83-489b-a481-65c50e1021f3/tags HTTP/1.1" status: 200 len: 205 time: 0.0634835
2026-04-27 22:09:13.831 9 INFO neutron.wsgi [None req-1315afe2-7650-433b-b420-84e8a88d4c41 6a9c26052e864d63b3ed8f5f73c63f02 544ae2c852344d949fca9ced18addfef - - default default] 10.0.0.105 "GET /v2.0/networks/19a78d43-1e83-489b-a481-65c50e1021f3/tags HTTP/1.1" status: 200 len: 205 time: 0.0594952
2026-04-27 22:09:13.864 10 INFO neutron.plugins.ml2.drivers.ovn.mech_driver.mech_driver [None req-808e9de3-9bf9-42c7-be3d-e1b6b2eea620 - - - - - -] OVN reports status down for port: 7bca8971-a710-4309-b8fe-98bfcb2ec815
2026-04-27 22:09:13.885 9 INFO neutron.wsgi [None req-3857271c-1888-440f-ba14-00aa1b538f2c 6a9c26052e864d63b3ed8f5f73c63f02 544ae2c852344d949fca9ced18addfef - - default default] 10.0.0.105 "GET /v2.0/networks/4e1a2b0c-1e80-48ad-a2b2-7cc7b7e9168a/tags HTTP/1.1" status: 200 len: 218 time: 0.0487196
2026-04-27 22:09:13.889 10 INFO neutron.wsgi [req-32aebc5e-e8d9-467d-8888-2daac9b73213 req-1ea0d928-974a-4edb-a6f7-df85eb0c0a00 48f85b86034c450998ea0be51803516c 944794618ec24e23b7abde23f736435a - - default default] 10.0.0.45 "GET /v2.0/ports?device_id=53439802-2aea-465e-b623-a2ad361010a4 HTTP/1.1" status: 200 len: 1210 time: 0.0773973
2026-04-27 22:09:13.975 10 INFO neutron.wsgi [req-32aebc5e-e8d9-467d-8888-2daac9b73213 req-a5bf5c8f-d950-4b61-af07-093141ad7753 48f85b86034c450998ea0be51803516c 944794618ec24e23b7abde23f736435a - - default default] 10.0.0.45 "GET /v2.0/security-groups?id=e1078c3c-5c98-4c69-9319-f277f02f9442&id=a03321c4-3875-40e4-8cec-865c23fbf08f&fields=id&fields=name HTTP/1.1" status: 200 len: 406 time: 0.0792673
2026-04-27 22:09:13.995 10 INFO neutron.services.segments.plugin [-] Segment 99795efd-8cfa-4b2b-b036-9e0e88cc81f2 resource provider aggregate not found
2026-04-27 22:09:14.004 10 INFO neutron.services.segments.plugin [-] Segment 99795efd-8cfa-4b2b-b036-9e0e88cc81f2 resource provider aggregate not found
2026-04-27 22:09:14.022 10 INFO neutron.services.segments.plugin [-] Segment 99795efd-8cfa-4b2b-b036-9e0e88cc81f2 resource provider not found; error: Placement Client Error (4xx): {"errors": [{"status": 404, "title": "Not Found", "detail": "The resource could not be found.\n\n No resource provider with uuid 99795efd-8cfa-4b2b-b036-9e0e88cc81f2 found for delete ", "request_id": "req-15f561cd-384a-4803-94ee-1e1fb01cbe84"}]}
2026-04-27 22:09:14.024 10 INFO neutron.services.segments.plugin [-] Segment 99795efd-8cfa-4b2b-b036-9e0e88cc81f2 resource provider not found; error: Placement Client Error (4xx): {"errors": [{"status": 404, "title": "Not Found", "detail": "The resource could not be found.\n\n No resource provider with uuid 99795efd-8cfa-4b2b-b036-9e0e88cc81f2 found for delete ", "request_id": "req-eb89fd05-ea3d-41af-9755-22f32fb6335c"}]}
2026-04-27 22:09:14.053 10 INFO neutron.wsgi [None req-67869636-87c0-4a36-bdce-e509f5a9f4fd 28f5d856c4114c8a8b9e50e3f712f9b0 c3f24abdb3b44cc49604d43db02baef3 - - default default] 10.0.0.105 "DELETE /v2.0/networks/2c453843-842e-40cd-9467-26572b625427 HTTP/1.1" status: 204 len: 168 time: 0.8407273
2026-04-27 22:09:14.067 9 WARNING neutron_lib.context [None req-fed4acc0-83a8-45fb-a545-2537dad37415 28f5d856c4114c8a8b9e50e3f712f9b0 c3f24abdb3b44cc49604d43db02baef3 - - default default] Method 'is_advsvc' is deprecated since 2023.2 release (neutron-lib 3.8.0) and will be removed once support for the old RBAC API policies will be removed from Neutron. Please use method 'is_service_role' instead.
2026-04-27 22:09:14.101 10 INFO neutron.notifiers.nova [-] Nova event matching ['req-851f2326-76b8-4991-85cd-e06b5c1634f4'] response: {'server_uuid': '53439802-2aea-465e-b623-a2ad361010a4', 'name': 'network-vif-unplugged', 'status': 'completed', 'tag': '7bca8971-a710-4309-b8fe-98bfcb2ec815', 'code': 200}
2026-04-27 22:09:14.179 10 INFO neutron.wsgi [req-12f91db6-db55-4889-b10b-40fb9f5f35d2 req-4bb3f0f9-05a5-49d1-8c64-6059ea5f9e82 48f85b86034c450998ea0be51803516c 944794618ec24e23b7abde23f736435a - - default default] 199.204.45.129 "GET /v2.0/ports?device_id=53439802-2aea-465e-b623-a2ad361010a4 HTTP/1.1" status: 200 len: 1208 time: 0.0480020
2026-04-27 22:09:14.180 9 INFO neutron.db.segments_db [None req-fed4acc0-83a8-45fb-a545-2537dad37415 28f5d856c4114c8a8b9e50e3f712f9b0 c3f24abdb3b44cc49604d43db02baef3 - - default default] Added segment 089586aa-fa41-4ec7-bcb4-c1440ac4dce1 of type geneve for network 4f88fcfd-9194-4321-b764-a1b6693abb45
2026-04-27 22:09:14.317 10 INFO neutron.db.ovn_revision_numbers_db [None req-808e9de3-9bf9-42c7-be3d-e1b6b2eea620 - - - - - -] Successfully bumped revision number for resource 7bca8971-a710-4309-b8fe-98bfcb2ec815 (type: ports) to 5
2026-04-27 22:09:14.389 9 INFO neutron.services.segments.plugin [-] Segment f3bf67d6-909f-4569-b72a-42ac7c7b0330 resource provider aggregate not found
2026-04-27 22:09:14.396 9 INFO neutron.services.segments.plugin [-] Segment f3bf67d6-909f-4569-b72a-42ac7c7b0330 resource provider aggregate not found
2026-04-27 22:09:14.422 9 INFO neutron.services.segments.plugin [-] Segment f3bf67d6-909f-4569-b72a-42ac7c7b0330 resource provider not found; error: Placement Client Error (4xx): {"errors": [{"status": 404, "title": "Not Found", "detail": "The resource could not be found.\n\n No resource provider with uuid f3bf67d6-909f-4569-b72a-42ac7c7b0330 found for delete ", "request_id": "req-0c8cb70a-e68f-4579-8e4c-76eac5723288"}]}
2026-04-27 22:09:14.422 9 INFO neutron.services.segments.plugin [-] Segment f3bf67d6-909f-4569-b72a-42ac7c7b0330 resource provider not found; error: Placement Client Error (4xx): {"errors": [{"status": 404, "title": "Not Found", "detail": "The resource could not be found.\n\n No resource provider with uuid f3bf67d6-909f-4569-b72a-42ac7c7b0330 found for delete ", "request_id": "req-d12aa319-23bf-4d99-89c6-8bd602d99517"}]}
2026-04-27 22:09:14.436 9 INFO neutron.db.ovn_revision_numbers_db [None req-fed4acc0-83a8-45fb-a545-2537dad37415 28f5d856c4114c8a8b9e50e3f712f9b0 c3f24abdb3b44cc49604d43db02baef3 - - default default] Successfully bumped revision number for resource 4f88fcfd-9194-4321-b764-a1b6693abb45 (type: networks) to 1
2026-04-27 22:09:14.469 9 INFO neutron.wsgi [None req-2250cc39-486f-4ad8-8596-217b88b96cfd 6a9c26052e864d63b3ed8f5f73c63f02 544ae2c852344d949fca9ced18addfef - - default default] 10.0.0.105 "DELETE /v2.0/networks/4e1a2b0c-1e80-48ad-a2b2-7cc7b7e9168a HTTP/1.1" status: 204 len: 168 time: 0.5619316
2026-04-27 22:09:14.606 10 INFO neutron.db.l3_db [req-12f91db6-db55-4889-b10b-40fb9f5f35d2 req-9a6a84a5-ba58-486e-bce4-3bf63ae6bb57 48f85b86034c450998ea0be51803516c 944794618ec24e23b7abde23f736435a - - default default] Floating IP d2b716ef-4ee6-45f7-9664-7f17686429b4 disassociated. External IP: 10.96.250.214, port: 7bca8971-a710-4309-b8fe-98bfcb2ec815.
2026-04-27 22:09:14.717 9 WARNING neutron.scheduler.dhcp_agent_scheduler [None req-fed4acc0-83a8-45fb-a545-2537dad37415 28f5d856c4114c8a8b9e50e3f712f9b0 c3f24abdb3b44cc49604d43db02baef3 - - default default] No more DHCP agents
2026-04-27 22:09:14.720 9 WARNING neutron.api.rpc.agentnotifiers.dhcp_rpc_agent_api [None req-fed4acc0-83a8-45fb-a545-2537dad37415 28f5d856c4114c8a8b9e50e3f712f9b0 c3f24abdb3b44cc49604d43db02baef3 - - default default] Unable to schedule network 4f88fcfd-9194-4321-b764-a1b6693abb45: no agents available; will retry on subsequent port and subnet creation events.
2026-04-27 22:09:14.809 10 INFO neutron.wsgi [req-12f91db6-db55-4889-b10b-40fb9f5f35d2 req-9a6a84a5-ba58-486e-bce4-3bf63ae6bb57 48f85b86034c450998ea0be51803516c 944794618ec24e23b7abde23f736435a - - default default] 199.204.45.129 "DELETE /v2.0/ports/7bca8971-a710-4309-b8fe-98bfcb2ec815 HTTP/1.1" status: 204 len: 173 time: 0.6234951
2026-04-27 22:09:14.832 9 INFO neutron.db.ovn_revision_numbers_db [None req-fed4acc0-83a8-45fb-a545-2537dad37415 28f5d856c4114c8a8b9e50e3f712f9b0 c3f24abdb3b44cc49604d43db02baef3 - - default default] Successfully bumped revision number for resource 33d6615a-bf80-49fa-b515-924b00a8a0b7 (type: ports) to 1
2026-04-27 22:09:14.868 9 INFO neutron.wsgi [None req-fed4acc0-83a8-45fb-a545-2537dad37415 28f5d856c4114c8a8b9e50e3f712f9b0 c3f24abdb3b44cc49604d43db02baef3 - - default default] 10.0.0.105 "POST /v2.0/networks HTTP/1.1" status: 201 len: 833 time: 0.8077352 /var/lib/openstack/lib/python3.10/site-packages/pycadf/identifier.py:71: UserWarning: Invalid uuid: neutron. To ensure interoperability, identifiers should be a valid uuid. warnings.warn(('Invalid uuid: %s. To ensure interoperability, '
2026-04-27 22:09:14.883 10 WARNING neutron_lib.context [None req-46d9c883-351c-49db-8cfe-2b87bd693a9d 28f5d856c4114c8a8b9e50e3f712f9b0 c3f24abdb3b44cc49604d43db02baef3 - - default default] Method 'is_advsvc' is deprecated since 2023.2 release (neutron-lib 3.8.0) and will be removed once support for the old RBAC API policies will be removed from Neutron. Please use method 'is_service_role' instead.
2026-04-27 22:09:14.959 9 INFO neutron.wsgi [None req-2295ff79-7241-4f46-8bf2-c5743a49681c 6a9c26052e864d63b3ed8f5f73c63f02 544ae2c852344d949fca9ced18addfef - - default default] 10.0.0.105 "DELETE /v2.0/networks/19a78d43-1e83-489b-a481-65c50e1021f3 HTTP/1.1" status: 204 len: 168 time: 0.4829032
2026-04-27 22:09:15.084 10 INFO neutron.wsgi [req-8501d69e-0c35-4b5c-be00-d2e6d5f7240b req-b6ea08e2-94dc-4c49-b13b-caa2e61bc8ea 48f85b86034c450998ea0be51803516c 944794618ec24e23b7abde23f736435a - - default default] 10.0.0.45 "GET /v2.0/ports?device_id=53439802-2aea-465e-b623-a2ad361010a4 HTTP/1.1" status: 200 len: 210 time: 0.0262113
2026-04-27 22:09:15.139 10 WARNING neutron.scheduler.dhcp_agent_scheduler [None req-46d9c883-351c-49db-8cfe-2b87bd693a9d 28f5d856c4114c8a8b9e50e3f712f9b0 c3f24abdb3b44cc49604d43db02baef3 - - default default] No more DHCP agents
2026-04-27 22:09:15.141 10 WARNING neutron.api.rpc.agentnotifiers.dhcp_rpc_agent_api [None req-46d9c883-351c-49db-8cfe-2b87bd693a9d 28f5d856c4114c8a8b9e50e3f712f9b0 c3f24abdb3b44cc49604d43db02baef3 - - default default] Unable to schedule network 4f88fcfd-9194-4321-b764-a1b6693abb45: no agents available; will retry on subsequent port and subnet creation events.
2026-04-27 22:09:15.173 10 INFO neutron.db.ovn_revision_numbers_db [None req-46d9c883-351c-49db-8cfe-2b87bd693a9d 28f5d856c4114c8a8b9e50e3f712f9b0 c3f24abdb3b44cc49604d43db02baef3 - - default default] Successfully bumped revision number for resource 8456bc5c-4ba7-461d-84dd-c246b86aba20 (type: subnets) to 0
2026-04-27 22:09:15.188 10 INFO neutron.wsgi [None req-46d9c883-351c-49db-8cfe-2b87bd693a9d 28f5d856c4114c8a8b9e50e3f712f9b0 c3f24abdb3b44cc49604d43db02baef3 - - default default] 10.0.0.105 "POST /v2.0/subnets HTTP/1.1" status: 201 len: 821 time: 0.3139136
2026-04-27 22:09:15.196 10 WARNING neutron_lib.context [None req-def7d03d-9545-4a06-b11d-50d69802b16f 28f5d856c4114c8a8b9e50e3f712f9b0 c3f24abdb3b44cc49604d43db02baef3 - - default default] Method 'is_advsvc' is deprecated since 2023.2 release (neutron-lib 3.8.0) and will be removed once support for the old RBAC API policies will be removed from Neutron. Please use method 'is_service_role' instead.
2026-04-27 22:09:15.333 10 INFO neutron.db.ovn_revision_numbers_db [None req-def7d03d-9545-4a06-b11d-50d69802b16f 28f5d856c4114c8a8b9e50e3f712f9b0 c3f24abdb3b44cc49604d43db02baef3 - - default default] Successfully bumped revision number for resource cd51b3e5-7624-4ce5-807d-cf5a03aa107d (type: routers) to 1
2026-04-27 22:09:15.347 10 INFO neutron.wsgi [None req-def7d03d-9545-4a06-b11d-50d69802b16f 28f5d856c4114c8a8b9e50e3f712f9b0 c3f24abdb3b44cc49604d43db02baef3 - - default default] 10.0.0.105 "POST /v2.0/routers HTTP/1.1" status: 201 len: 690 time: 0.1552603
2026-04-27 22:09:15.727 10 WARNING neutron.scheduler.dhcp_agent_scheduler [None req-73fb224d-8e59-4023-8064-f680096de2c2 28f5d856c4114c8a8b9e50e3f712f9b0 c3f24abdb3b44cc49604d43db02baef3 - - default default] No more DHCP agents
2026-04-27 22:09:15.729 10 WARNING neutron.api.rpc.agentnotifiers.dhcp_rpc_agent_api [None req-73fb224d-8e59-4023-8064-f680096de2c2 28f5d856c4114c8a8b9e50e3f712f9b0 c3f24abdb3b44cc49604d43db02baef3 - - default default] Unable to schedule network 4f88fcfd-9194-4321-b764-a1b6693abb45: no agents available; will retry on subsequent port and subnet creation events.
2026-04-27 22:09:15.747 9 INFO neutron.wsgi [None req-1986c8f4-9b55-4ebf-93fb-2980ad177bef da9ea4bce9fa49798930ea075b6f69d6 9e87328a0e33464295d10e591d61c010 - - default default] 10.0.0.105 "GET /v2.0/security-groups?tenant_id=544ae2c852344d949fca9ced18addfef&name=default HTTP/1.1" status: 200 len: 2996 time: 0.1314306
2026-04-27 22:09:15.828 10 INFO neutron.db.ovn_revision_numbers_db [None req-73fb224d-8e59-4023-8064-f680096de2c2 28f5d856c4114c8a8b9e50e3f712f9b0 c3f24abdb3b44cc49604d43db02baef3 - - default default] Successfully bumped revision number for resource 067196d1-dd09-4deb-a83d-f4969866606b (type: ports) to 1
2026-04-27 22:09:15.973 9 INFO neutron.wsgi [None req-141cfe1f-e7f3-4d89-9ffc-41700dd785d8 da9ea4bce9fa49798930ea075b6f69d6 9e87328a0e33464295d10e591d61c010 - - default default] 10.0.0.105 "DELETE /v2.0/security-groups/20ff836b-6e51-465d-876b-f54904ce9681 HTTP/1.1" status: 204 len: 168 time: 0.2205403
2026-04-27 22:09:16.006 9 WARNING neutron.plugins.ml2.drivers.ovn.mech_driver.ovsdb.ovn_client [None req-97adb1c9-086d-4690-b232-f64ac205f541 - - - - - -] No port found with ID 028f6619-02ca-41f7-86e9-88ea9bdd9021: RuntimeError: No port found with ID 028f6619-02ca-41f7-86e9-88ea9bdd9021
2026-04-27 22:09:16.156 10 INFO neutron.plugins.ml2.drivers.ovn.mech_driver.mech_driver [None req-808e9de3-9bf9-42c7-be3d-e1b6b2eea620 - - - - - -] OVN reports status up for port: 067196d1-dd09-4deb-a83d-f4969866606b
2026-04-27 22:09:16.160 10 INFO neutron.notifiers.nova [-] Nova event matching ['req-a9e97b2f-7f25-4c04-b456-730feb81a937'] response: {'server_uuid': '53439802-2aea-465e-b623-a2ad361010a4', 'name': 'network-vif-plugged', 'status': 'completed', 'tag': '7bca8971-a710-4309-b8fe-98bfcb2ec815', 'code': 200}
2026-04-27 22:09:16.160 10 INFO neutron.notifiers.nova [-] Nova event matching ['req-a9e97b2f-7f25-4c04-b456-730feb81a937'] response: {'server_uuid': '53439802-2aea-465e-b623-a2ad361010a4', 'name': 'network-vif-deleted', 'tag': '7bca8971-a710-4309-b8fe-98bfcb2ec815', 'status': 'completed', 'code': 200}
2026-04-27 22:09:16.167 10 INFO neutron.plugins.ml2.plugin [None req-808e9de3-9bf9-42c7-be3d-e1b6b2eea620 - - - - - -] Attempt 1 to provision port 067196d1-dd09-4deb-a83d-f4969866606b
2026-04-27 22:09:16.191 10 INFO neutron.db.ovn_revision_numbers_db [None req-73fb224d-8e59-4023-8064-f680096de2c2 28f5d856c4114c8a8b9e50e3f712f9b0 c3f24abdb3b44cc49604d43db02baef3 - - default default] Successfully bumped revision number for resource 067196d1-dd09-4deb-a83d-f4969866606b (type: router_ports) to 1
2026-04-27 22:09:16.197 9 INFO neutron.db.ovn_revision_numbers_db [None req-7a95b0e4-af39-460d-b764-81e7ed883590 da9ea4bce9fa49798930ea075b6f69d6 9e87328a0e33464295d10e591d61c010 - - default default] Successfully bumped revision number for resource 8005a3de-db65-46ed-b2a6-adbb92e6a546 (type: security_groups) to 1
2026-04-27 22:09:16.215 9 INFO neutron.db.ovn_revision_numbers_db [None req-7a95b0e4-af39-460d-b764-81e7ed883590 da9ea4bce9fa49798930ea075b6f69d6 9e87328a0e33464295d10e591d61c010 - - default default] Successfully bumped revision number for resource 0dafd8c3-8d0f-4088-908f-111f8101fa7a (type: security_group_rules) to 0
2026-04-27 22:09:16.228 9 INFO neutron.db.ovn_revision_numbers_db [None req-7a95b0e4-af39-460d-b764-81e7ed883590 da9ea4bce9fa49798930ea075b6f69d6 9e87328a0e33464295d10e591d61c010 - - default default] Successfully bumped revision number for resource 2298fc37-29aa-4c9a-8085-23e8daf06149 (type: security_group_rules) to 0
2026-04-27 22:09:16.251 9 INFO neutron.db.ovn_revision_numbers_db [None req-7a95b0e4-af39-460d-b764-81e7ed883590 da9ea4bce9fa49798930ea075b6f69d6 9e87328a0e33464295d10e591d61c010 - - default default] Successfully bumped revision number for resource 65a49518-60f5-45da-8302-0e32d23a76ca (type: security_group_rules) to 0
2026-04-27 22:09:16.273 9 INFO neutron.db.ovn_revision_numbers_db [None req-7a95b0e4-af39-460d-b764-81e7ed883590 da9ea4bce9fa49798930ea075b6f69d6 9e87328a0e33464295d10e591d61c010 - - default default] Successfully bumped revision number for resource 7dd4dc86-aa9a-4d2c-b556-618e547eb560 (type: security_group_rules) to 0
2026-04-27 22:09:16.303 9 INFO neutron.wsgi [None req-7a95b0e4-af39-460d-b764-81e7ed883590 da9ea4bce9fa49798930ea075b6f69d6 9e87328a0e33464295d10e591d61c010 - - default default] 10.0.0.105 "GET /v2.0/security-groups?tenant_id=03ae25d1edff49eab317145e86d7bf55&name=default HTTP/1.1" status: 200 len: 2996 time: 0.2405512
2026-04-27 22:09:16.316 10 INFO neutron.db.ovn_revision_numbers_db [None req-73fb224d-8e59-4023-8064-f680096de2c2 28f5d856c4114c8a8b9e50e3f712f9b0 c3f24abdb3b44cc49604d43db02baef3 - - default default] Successfully bumped revision number for resource 067196d1-dd09-4deb-a83d-f4969866606b (type: ports) to 1
2026-04-27 22:09:16.408 9 INFO neutron.wsgi [None req-42e00ba2-7c9c-4dad-b7da-64945641f1a9 48f85b86034c450998ea0be51803516c 944794618ec24e23b7abde23f736435a - - default default] 10.0.0.105 "DELETE /v2.0/security-groups/e1078c3c-5c98-4c69-9319-f277f02f9442 HTTP/1.1" status: 204 len: 168 time: 0.1635759
2026-04-27 22:09:16.434 10 WARNING neutron.scheduler.dhcp_agent_scheduler [None req-73fb224d-8e59-4023-8064-f680096de2c2 28f5d856c4114c8a8b9e50e3f712f9b0 c3f24abdb3b44cc49604d43db02baef3 - - default default] No more DHCP agents
2026-04-27 22:09:16.434 9 INFO neutron.api.v2.resource [None req-ac3b7dc6-3b9d-4931-a886-f6b6297cb080 48f85b86034c450998ea0be51803516c 944794618ec24e23b7abde23f736435a - - default default] show failed (client error): The resource could not be found.
2026-04-27 22:09:16.436 9 INFO neutron.wsgi [None req-ac3b7dc6-3b9d-4931-a886-f6b6297cb080 48f85b86034c450998ea0be51803516c 944794618ec24e23b7abde23f736435a - - default default] 10.0.0.105 "GET /v2.0/security-groups/e1078c3c-5c98-4c69-9319-f277f02f9442 HTTP/1.1" status: 404 len: 347 time: 0.0226731
2026-04-27 22:09:16.436 10 WARNING neutron.api.rpc.agentnotifiers.dhcp_rpc_agent_api [None req-73fb224d-8e59-4023-8064-f680096de2c2 28f5d856c4114c8a8b9e50e3f712f9b0 c3f24abdb3b44cc49604d43db02baef3 - - default default] Unable to schedule network 4f88fcfd-9194-4321-b764-a1b6693abb45: no agents available; will retry on subsequent port and subnet creation events.
2026-04-27 22:09:16.438 9 INFO neutron.services.segments.plugin [-] Segment 53b7f3f4-620c-44ae-abb6-30967f94f694 resource provider aggregate not found
2026-04-27 22:09:16.446 9 INFO neutron.services.segments.plugin [-] Segment 53b7f3f4-620c-44ae-abb6-30967f94f694 resource provider aggregate not found
2026-04-27 22:09:16.470 9 INFO neutron.services.segments.plugin [-] Segment 53b7f3f4-620c-44ae-abb6-30967f94f694 resource provider not found; error: Placement Client Error (4xx): {"errors": [{"status": 404, "title": "Not Found", "detail": "The resource could not be found.\n\n No resource provider with uuid 53b7f3f4-620c-44ae-abb6-30967f94f694 found for delete ", "request_id": "req-fc12e12a-d962-4513-aa96-127e0d374d09"}]}
2026-04-27 22:09:16.472 9 INFO neutron.services.segments.plugin [-] Segment 53b7f3f4-620c-44ae-abb6-30967f94f694 resource provider not found; error: Placement Client Error (4xx): {"errors": [{"status": 404, "title": "Not Found", "detail": "The resource could not be found.\n\n No resource provider with uuid 53b7f3f4-620c-44ae-abb6-30967f94f694 found for delete ", "request_id": "req-1d8eb8cb-b3be-4eec-96a4-d8db12bda3f5"}]}
2026-04-27 22:09:16.534 9 INFO neutron.wsgi [None req-3a357ba4-5314-4e37-ad9d-cb6b33637db7 da9ea4bce9fa49798930ea075b6f69d6 9e87328a0e33464295d10e591d61c010 - - default default] 10.0.0.105 "DELETE /v2.0/security-groups/8005a3de-db65-46ed-b2a6-adbb92e6a546 HTTP/1.1" status: 204 len: 168 time: 0.2255144
2026-04-27 22:09:16.628 10 INFO neutron.db.ovn_revision_numbers_db [None req-808e9de3-9bf9-42c7-be3d-e1b6b2eea620 - - - - - -] Successfully bumped revision number for resource 067196d1-dd09-4deb-a83d-f4969866606b (type: ports) to 2
2026-04-27 22:09:16.974 10 INFO neutron.db.ovn_revision_numbers_db [None req-73fb224d-8e59-4023-8064-f680096de2c2 28f5d856c4114c8a8b9e50e3f712f9b0 c3f24abdb3b44cc49604d43db02baef3 - - default default] Successfully bumped revision number for resource 067196d1-dd09-4deb-a83d-f4969866606b (type: router_ports) to 2
2026-04-27 22:09:16.976 10 INFO neutron.wsgi [None req-73fb224d-8e59-4023-8064-f680096de2c2 28f5d856c4114c8a8b9e50e3f712f9b0 c3f24abdb3b44cc49604d43db02baef3 - - default default] 10.0.0.105 "PUT /v2.0/routers/cd51b3e5-7624-4ce5-807d-cf5a03aa107d/add_router_interface HTTP/1.1" status: 200 len: 503 time: 1.6237824
2026-04-27 22:09:17.078 9 INFO neutron.wsgi [None req-62d60abc-c3c1-403a-9c96-ff549b3ef30b 28f5d856c4114c8a8b9e50e3f712f9b0 c3f24abdb3b44cc49604d43db02baef3 - - default default] 10.0.0.105 "GET /v2.0/ports/067196d1-dd09-4deb-a83d-f4969866606b HTTP/1.1" status: 200 len: 1141 time: 0.0937676
2026-04-27 22:09:17.136 9 INFO neutron.wsgi [None req-1b1e13a9-ec61-477c-89e7-3ba1463e3068 28f5d856c4114c8a8b9e50e3f712f9b0 c3f24abdb3b44cc49604d43db02baef3 - - default default] 10.0.0.105 "GET /v2.0/ports/067196d1-dd09-4deb-a83d-f4969866606b HTTP/1.1" status: 200 len: 1141 time: 0.0493784
2026-04-27 22:09:17.183 10 INFO neutron.wsgi [None req-bc93856f-e43b-4153-9323-22391a58477c 48f85b86034c450998ea0be51803516c 944794618ec24e23b7abde23f736435a - - default default] 10.0.0.105 "DELETE /v2.0/floatingips/d2b716ef-4ee6-45f7-9664-7f17686429b4 HTTP/1.1" status: 204 len: 168 time: 0.7430677
2026-04-27 22:09:17.338 10 INFO neutron.wsgi [None req-ff77802a-3510-4954-a6cb-51d031847320 48f85b86034c450998ea0be51803516c 944794618ec24e23b7abde23f736435a - - default default] 10.0.0.105 "DELETE /v2.0/security-groups/a03321c4-3875-40e4-8cec-865c23fbf08f HTTP/1.1" status: 204 len: 168 time: 0.1504610
2026-04-27 22:09:18.037 9 INFO neutron.wsgi [None req-e4decd1e-3027-4f03-9a21-2572da0ac063 28f5d856c4114c8a8b9e50e3f712f9b0 c3f24abdb3b44cc49604d43db02baef3 - - default default] 10.0.0.105 "PUT /v2.0/routers/cd51b3e5-7624-4ce5-807d-cf5a03aa107d/remove_router_interface HTTP/1.1" status: 200 len: 503 time: 0.8952291 /var/lib/openstack/lib/python3.10/site-packages/pycadf/identifier.py:71: UserWarning: Invalid uuid: neutron. To ensure interoperability, identifiers should be a valid uuid. warnings.warn(('Invalid uuid: %s. To ensure interoperability, '
2026-04-27 22:09:18.074 9 INFO neutron.wsgi [None req-622a4afd-55d3-4f35-97fb-8106341a6a50 28f5d856c4114c8a8b9e50e3f712f9b0 c3f24abdb3b44cc49604d43db02baef3 - - default default] 10.0.0.105 "GET /v2.0/ports?device_id=cd51b3e5-7624-4ce5-807d-cf5a03aa107d HTTP/1.1" status: 200 len: 205 time: 0.0325274
2026-04-27 22:09:18.350 9 INFO neutron.wsgi [None req-8f8b2971-8a13-4160-b979-f1ea86d3008a 28f5d856c4114c8a8b9e50e3f712f9b0 c3f24abdb3b44cc49604d43db02baef3 - - default default] 10.0.0.105 "DELETE /v2.0/routers/cd51b3e5-7624-4ce5-807d-cf5a03aa107d HTTP/1.1" status: 204 len: 168 time: 0.2712858
2026-04-27 22:09:18.396 10 INFO neutron.wsgi [None req-007b9690-1611-4653-936c-7fca557387c4 da9ea4bce9fa49798930ea075b6f69d6 9e87328a0e33464295d10e591d61c010 - - default default] 10.0.0.105 "PUT /v2.0/routers/949e076d-6895-4568-b25f-245d34d5099c/remove_router_interface HTTP/1.1" status: 200 len: 503 time: 1.0179837 /var/lib/openstack/lib/python3.10/site-packages/pycadf/identifier.py:71: UserWarning: Invalid uuid: neutron. To ensure interoperability, identifiers should be a valid uuid. warnings.warn(('Invalid uuid: %s. To ensure interoperability, '
2026-04-27 22:09:18.552 9 INFO neutron.wsgi [None req-de9ebf17-6c77-4be1-ad3d-428bafdbba5e 28f5d856c4114c8a8b9e50e3f712f9b0 c3f24abdb3b44cc49604d43db02baef3 - - default default] 10.0.0.105 "DELETE /v2.0/subnets/8456bc5c-4ba7-461d-84dd-c246b86aba20 HTTP/1.1" status: 204 len: 168 time: 0.1953583
2026-04-27 22:09:18.902 9 INFO neutron.services.segments.plugin [-] Segment 089586aa-fa41-4ec7-bcb4-c1440ac4dce1 resource provider aggregate not found
2026-04-27 22:09:18.906 9 INFO neutron.services.segments.plugin [-] Segment 089586aa-fa41-4ec7-bcb4-c1440ac4dce1 resource provider aggregate not found
2026-04-27 22:09:18.922 9 INFO neutron.services.segments.plugin [-] Segment 089586aa-fa41-4ec7-bcb4-c1440ac4dce1 resource provider not found; error: Placement Client Error (4xx): {"errors": [{"status": 404, "title": "Not Found", "detail": "The resource could not be found.\n\n No resource provider with uuid 089586aa-fa41-4ec7-bcb4-c1440ac4dce1 found for delete ", "request_id": "req-9d608d34-14b8-4037-b38a-21ae1f64855f"}]}
2026-04-27 22:09:18.923 9 INFO neutron.services.segments.plugin [-] Segment 089586aa-fa41-4ec7-bcb4-c1440ac4dce1 resource provider not found; error: Placement Client Error (4xx): {"errors": [{"status": 404, "title": "Not Found", "detail": "The resource could not be found.\n\n No resource provider with uuid 089586aa-fa41-4ec7-bcb4-c1440ac4dce1 found for delete ", "request_id": "req-50a311b0-3427-411e-921e-e9239279e9f5"}]}
2026-04-27 22:09:18.942 9 INFO neutron.wsgi [None req-edabd06b-ebda-49bc-8521-0475d6ffcc95 28f5d856c4114c8a8b9e50e3f712f9b0 c3f24abdb3b44cc49604d43db02baef3 - - default default] 10.0.0.105 "DELETE /v2.0/networks/4f88fcfd-9194-4321-b764-a1b6693abb45 HTTP/1.1" status: 204 len: 168 time: 0.3860300
2026-04-27 22:09:18.953 9 WARNING neutron_lib.context [None req-47bbe3d7-3045-43c5-9419-108aa4cb6995 28f5d856c4114c8a8b9e50e3f712f9b0 c3f24abdb3b44cc49604d43db02baef3 - - default default] Method 'is_advsvc' is deprecated since 2023.2 release (neutron-lib 3.8.0) and will be removed once support for the old RBAC API policies will be removed from Neutron. Please use method 'is_service_role' instead.
2026-04-27 22:09:19.255 10 INFO neutron.wsgi [None req-4eb9efec-40c4-45c8-a28a-0b3d5bea62f2 da9ea4bce9fa49798930ea075b6f69d6 9e87328a0e33464295d10e591d61c010 - - default default] 10.0.0.105 "DELETE /v2.0/routers/949e076d-6895-4568-b25f-245d34d5099c HTTP/1.1" status: 204 len: 168 time: 0.8537624
2026-04-27 22:09:19.458 9 WARNING neutron.scheduler.dhcp_agent_scheduler [None req-47bbe3d7-3045-43c5-9419-108aa4cb6995 28f5d856c4114c8a8b9e50e3f712f9b0 c3f24abdb3b44cc49604d43db02baef3 - - default default] No more DHCP agents
2026-04-27 22:09:19.460 9 WARNING neutron.api.rpc.agentnotifiers.dhcp_rpc_agent_api [None req-47bbe3d7-3045-43c5-9419-108aa4cb6995 28f5d856c4114c8a8b9e50e3f712f9b0 c3f24abdb3b44cc49604d43db02baef3 - - default default] Unable to schedule network 5cd4b189-3e6b-435e-b218-98182b85042c: no agents available; will retry on subsequent port and subnet creation events.
2026-04-27 22:09:19.461 10 INFO neutron.wsgi [None req-3868154d-5073-45ea-998c-6feab936294a da9ea4bce9fa49798930ea075b6f69d6 9e87328a0e33464295d10e591d61c010 - - default default] 10.0.0.105 "DELETE /v2.0/subnets/85f3c3ff-4966-4341-96ad-9a7b52ce1d33 HTTP/1.1" status: 204 len: 168 time: 0.1984489
2026-04-27 22:09:19.626 9 INFO neutron.db.ovn_revision_numbers_db [None req-47bbe3d7-3045-43c5-9419-108aa4cb6995 28f5d856c4114c8a8b9e50e3f712f9b0 c3f24abdb3b44cc49604d43db02baef3 - - default default] Successfully bumped revision number for resource ee9fbe23-826a-4ad2-9346-2ce9f9115eec (type: ports) to 1
2026-04-27 22:09:19.820 10 INFO neutron.services.segments.plugin [-] Segment a1c22305-9dd9-4977-a6aa-2b38faa84ed4 resource provider aggregate not found
2026-04-27 22:09:19.824 10 INFO neutron.services.segments.plugin [-] Segment a1c22305-9dd9-4977-a6aa-2b38faa84ed4 resource provider aggregate not found
2026-04-27 22:09:19.841 10 INFO neutron.services.segments.plugin [-] Segment a1c22305-9dd9-4977-a6aa-2b38faa84ed4 resource provider not found; error: Placement Client Error (4xx): {"errors": [{"status": 404, "title": "Not Found", "detail": "The resource could not be found.\n\n No resource provider with uuid a1c22305-9dd9-4977-a6aa-2b38faa84ed4 found for delete ", "request_id": "req-0cae1b27-4c0b-4dd2-9e47-5fd03dd32b0a"}]}
2026-04-27 22:09:19.842 10 INFO neutron.services.segments.plugin [-] Segment a1c22305-9dd9-4977-a6aa-2b38faa84ed4 resource provider not found; error: Placement Client Error (4xx): {"errors": [{"status": 404, "title": "Not Found", "detail": "The resource could not be found.\n\n No resource provider with uuid a1c22305-9dd9-4977-a6aa-2b38faa84ed4 found for delete ", "request_id": "req-62eca36d-ff29-4fa2-bbc1-2513a70a6be7"}]}
2026-04-27 22:09:19.863 10 INFO neutron.wsgi [None req-171ae2e6-301d-4910-bc27-ab514fcb5c40 da9ea4bce9fa49798930ea075b6f69d6 9e87328a0e33464295d10e591d61c010 - - default default] 10.0.0.105 "DELETE /v2.0/networks/e1ae97f8-3966-4eac-b4c2-73eb116ff02a HTTP/1.1" status: 204 len: 168 time: 0.3966818
2026-04-27 22:09:20.573 9 INFO neutron.db.ovn_revision_numbers_db [None req-47bbe3d7-3045-43c5-9419-108aa4cb6995 28f5d856c4114c8a8b9e50e3f712f9b0 c3f24abdb3b44cc49604d43db02baef3 - - default default] Successfully bumped revision number for resource ee9fbe23-826a-4ad2-9346-2ce9f9115eec (type: router_ports) to 1
2026-04-27 22:09:20.655 9 INFO neutron.db.ovn_revision_numbers_db [None req-47bbe3d7-3045-43c5-9419-108aa4cb6995 28f5d856c4114c8a8b9e50e3f712f9b0 c3f24abdb3b44cc49604d43db02baef3 - - default default] Successfully bumped revision number for resource d17290f5-cdce-48b4-9a9e-1a77789bdeb0 (type: routers) to 2
2026-04-27 22:09:20.681 9 INFO neutron.wsgi [None req-47bbe3d7-3045-43c5-9419-108aa4cb6995 28f5d856c4114c8a8b9e50e3f712f9b0 c3f24abdb3b44cc49604d43db02baef3 - - default default] 10.0.0.105 "POST /v2.0/routers HTTP/1.1" status: 201 len: 872 time: 1.7326529
2026-04-27 22:09:20.801 10 INFO neutron.wsgi [None req-26805451-927b-4243-92a3-0792b263a13a 28f5d856c4114c8a8b9e50e3f712f9b0 c3f24abdb3b44cc49604d43db02baef3 - - default default] 10.0.0.105 "GET /v2.0/routers/d17290f5-cdce-48b4-9a9e-1a77789bdeb0 HTTP/1.1" status: 200 len: 873 time: 0.1145265
2026-04-27 22:09:20.965 10 INFO neutron.wsgi [None req-e903b192-c46e-4c23-9eda-ee253261b8a0 28f5d856c4114c8a8b9e50e3f712f9b0 c3f24abdb3b44cc49604d43db02baef3 - - default default] 10.0.0.105 "GET /v2.0/routers HTTP/1.1" status: 200 len: 876 time: 0.1593637
2026-04-27 22:09:21.200 9 INFO neutron.wsgi [None req-28c8c33f-da84-42b0-92a0-4e9f54d63c61 da9ea4bce9fa49798930ea075b6f69d6 9e87328a0e33464295d10e591d61c010 - - default default] 10.0.0.105 "PUT /v2.0/routers/5fe95216-a722-437c-9222-ec9c476a0649/remove_router_interface HTTP/1.1" status: 200 len: 503 time: 1.3312583 /var/lib/openstack/lib/python3.10/site-packages/pycadf/identifier.py:71: UserWarning: Invalid uuid: neutron. To ensure interoperability, identifiers should be a valid uuid. warnings.warn(('Invalid uuid: %s. To ensure interoperability, '
2026-04-27 22:09:21.720 10 INFO neutron.db.ovn_revision_numbers_db [None req-8746b909-a1c3-4d41-b0ca-be60bdff0ddc 28f5d856c4114c8a8b9e50e3f712f9b0 c3f24abdb3b44cc49604d43db02baef3 - - default default] Successfully bumped revision number for resource d17290f5-cdce-48b4-9a9e-1a77789bdeb0 (type: routers) to 3
2026-04-27 22:09:21.724 10 INFO neutron.wsgi [None req-8746b909-a1c3-4d41-b0ca-be60bdff0ddc 28f5d856c4114c8a8b9e50e3f712f9b0 c3f24abdb3b44cc49604d43db02baef3 - - default default] 10.0.0.105 "PUT /v2.0/routers/d17290f5-cdce-48b4-9a9e-1a77789bdeb0 HTTP/1.1" status: 200 len: 880 time: 0.7501147
2026-04-27 22:09:21.807 10 INFO neutron.wsgi [None req-cfddee06-e29c-4364-a4b1-45ff6f0eca3b 28f5d856c4114c8a8b9e50e3f712f9b0 c3f24abdb3b44cc49604d43db02baef3 - - default default] 10.0.0.105 "GET /v2.0/routers/d17290f5-cdce-48b4-9a9e-1a77789bdeb0 HTTP/1.1" status: 200 len: 880 time: 0.0785313
2026-04-27 22:09:21.834 10 INFO neutron.wsgi [None req-3ded7f3e-9615-44ba-a2f8-137700c9fb7b 28f5d856c4114c8a8b9e50e3f712f9b0 c3f24abdb3b44cc49604d43db02baef3 - - default default] 10.0.0.105 "GET /v2.0/ports?device_id=d17290f5-cdce-48b4-9a9e-1a77789bdeb0 HTTP/1.1" status: 200 len: 205 time: 0.0215747
2026-04-27 22:09:21.980 10 WARNING neutron.plugins.ml2.drivers.ovn.mech_driver.ovsdb.ovn_client [None req-808e9de3-9bf9-42c7-be3d-e1b6b2eea620 - - - - - -] No port found with ID 067196d1-dd09-4deb-a83d-f4969866606b: RuntimeError: No port found with ID 067196d1-dd09-4deb-a83d-f4969866606b
2026-04-27 22:09:21.980 10 INFO neutron.plugins.ml2.drivers.ovn.mech_driver.mech_driver [None req-808e9de3-9bf9-42c7-be3d-e1b6b2eea620 - - - - - -] OVN reports status up for port: ee9fbe23-826a-4ad2-9346-2ce9f9115eec
