2026-04-27 22:06:21.371 10 INFO neutron.wsgi [None req-648608c1-39f6-4cd5-8e59-dd24930b9178 da9ea4bce9fa49798930ea075b6f69d6 9e87328a0e33464295d10e591d61c010 - - default default] 10.0.0.105 "PUT /v2.0/routers/5eb64a0a-c489-4354-9d45-dd06986f77bf/add_router_interface HTTP/1.1" status: 200 len: 503 time: 2.1234951
2026-04-27 22:06:21.758 9 INFO neutron.db.ovn_revision_numbers_db [None req-8399ba2d-e17e-4b1f-af08-29cd61bcdd16 da9ea4bce9fa49798930ea075b6f69d6 9e87328a0e33464295d10e591d61c010 - - default default] Successfully bumped revision number for resource bf98d0d1-abaa-44c8-92b1-00e5da706875 (type: security_groups) to 1
2026-04-27 22:06:21.774 9 INFO neutron.db.ovn_revision_numbers_db [None req-8399ba2d-e17e-4b1f-af08-29cd61bcdd16 da9ea4bce9fa49798930ea075b6f69d6 9e87328a0e33464295d10e591d61c010 - - default default] Successfully bumped revision number for resource 85647a23-591c-4ac1-8808-d720399fb2dc (type: security_group_rules) to 0
2026-04-27 22:06:21.790 9 INFO neutron.db.ovn_revision_numbers_db [None req-8399ba2d-e17e-4b1f-af08-29cd61bcdd16 da9ea4bce9fa49798930ea075b6f69d6 9e87328a0e33464295d10e591d61c010 - - default default] Successfully bumped revision number for resource 9c5cad9e-b44c-445a-b223-69d7d4c18e74 (type: security_group_rules) to 0
2026-04-27 22:06:21.804 9 INFO neutron.db.ovn_revision_numbers_db [None req-8399ba2d-e17e-4b1f-af08-29cd61bcdd16 da9ea4bce9fa49798930ea075b6f69d6 9e87328a0e33464295d10e591d61c010 - - default default] Successfully bumped revision number for resource af4d17f0-f8ab-4c26-8c93-f6c40ace7bd9 (type: security_group_rules) to 0
2026-04-27 22:06:21.820 9 INFO neutron.db.ovn_revision_numbers_db [None req-8399ba2d-e17e-4b1f-af08-29cd61bcdd16 da9ea4bce9fa49798930ea075b6f69d6 9e87328a0e33464295d10e591d61c010 - - default default] Successfully bumped revision number for resource eb4af07a-a4c7-42f1-936f-175e10dfd6fe (type: security_group_rules) to 0
2026-04-27 22:06:21.849 9 INFO neutron.wsgi [None req-8399ba2d-e17e-4b1f-af08-29cd61bcdd16 da9ea4bce9fa49798930ea075b6f69d6 9e87328a0e33464295d10e591d61c010 - - default default] 10.0.0.105 "GET /v2.0/security-groups?tenant_id=582c8133f5a04dceacdef50d60dfae3f&name=default HTTP/1.1" status: 200 len: 2996 time: 0.4260142
2026-04-27 22:06:21.889 10 WARNING keystonemiddleware.audit [None req-2d1cb4c1-6f83-4484-90e3-81fd58e60182 - - - - - -] Skipping service tempest-service-1816272937 as it have no endpoints.
2026-04-27 22:06:21.990 9 INFO neutron.db.ovn_revision_numbers_db [None req-ea50848d-8be5-451f-a308-d32810febfe5 da9ea4bce9fa49798930ea075b6f69d6 9e87328a0e33464295d10e591d61c010 - - default default] Successfully bumped revision number for resource 7e0bf39c-d62a-4ce8-a8de-55475bae2710 (type: security_groups) to 1
2026-04-27 22:06:22.003 9 INFO neutron.db.ovn_revision_numbers_db [None req-ea50848d-8be5-451f-a308-d32810febfe5 da9ea4bce9fa49798930ea075b6f69d6 9e87328a0e33464295d10e591d61c010 - - default default] Successfully bumped revision number for resource 126a791c-a4ef-41c8-abb5-3f2a907697a5 (type: security_group_rules) to 0
2026-04-27 22:06:22.003 10 WARNING neutron_lib.context [None req-b6c7a52c-5f2a-42e0-9afe-2bab8dbbc2f3 8870d72c64034c36a78703e2769c92a3 c06e7678b49b48a698853fdcb0ec4637 - - default default] Method 'is_advsvc' is deprecated since 2023.2 release (neutron-lib 3.8.0) and will be removed once support for the old RBAC API policies will be removed from Neutron. Please use method 'is_service_role' instead.
2026-04-27 22:06:22.022 9 INFO neutron.db.ovn_revision_numbers_db [None req-ea50848d-8be5-451f-a308-d32810febfe5 da9ea4bce9fa49798930ea075b6f69d6 9e87328a0e33464295d10e591d61c010 - - default default] Successfully bumped revision number for resource 830f6479-51f6-427b-b022-c260f3e73219 (type: security_group_rules) to 0
2026-04-27 22:06:22.037 9 INFO neutron.db.ovn_revision_numbers_db [None req-ea50848d-8be5-451f-a308-d32810febfe5 da9ea4bce9fa49798930ea075b6f69d6 9e87328a0e33464295d10e591d61c010 - - default default] Successfully bumped revision number for resource af64efee-c1ca-4564-b67d-24db531d92b6 (type: security_group_rules) to 0
2026-04-27 22:06:22.050 9 INFO neutron.db.ovn_revision_numbers_db [None req-ea50848d-8be5-451f-a308-d32810febfe5 da9ea4bce9fa49798930ea075b6f69d6 9e87328a0e33464295d10e591d61c010 - - default default] Successfully bumped revision number for resource ca27e72f-8f09-4507-a57f-0a44d9c76309 (type: security_group_rules) to 0
2026-04-27 22:06:22.057 9 INFO neutron.wsgi [None req-d82ae2e1-a63f-4757-ba18-96db49101c8f da9ea4bce9fa49798930ea075b6f69d6 9e87328a0e33464295d10e591d61c010 - - default default] 10.0.0.105 "DELETE /v2.0/security-groups/bf98d0d1-abaa-44c8-92b1-00e5da706875 HTTP/1.1" status: 204 len: 168 time: 0.2025778
2026-04-27 22:06:22.106 9 INFO neutron.db.segments_db [None req-ea50848d-8be5-451f-a308-d32810febfe5 da9ea4bce9fa49798930ea075b6f69d6 9e87328a0e33464295d10e591d61c010 - - default default] Added segment 09effb3a-9461-444d-9b41-a305cc213bc4 of type geneve for network f7a6c9cc-caaa-4fd0-9b60-f7e25d45179a
2026-04-27 22:06:22.156 10 INFO neutron.plugins.ml2.drivers.ovn.mech_driver.mech_driver [None req-808e9de3-9bf9-42c7-be3d-e1b6b2eea620 - - - - - -] OVN reports status up for port: f201ce99-f840-4ab1-a7d1-71f64d351c5f
2026-04-27 22:06:22.177 10 INFO neutron.plugins.ml2.plugin [None req-808e9de3-9bf9-42c7-be3d-e1b6b2eea620 - - - - - -] Attempt 1 to provision port f201ce99-f840-4ab1-a7d1-71f64d351c5f
2026-04-27 22:06:22.190 10 INFO neutron.db.ovn_revision_numbers_db [None req-b6c7a52c-5f2a-42e0-9afe-2bab8dbbc2f3 8870d72c64034c36a78703e2769c92a3 c06e7678b49b48a698853fdcb0ec4637 - - default default] Successfully bumped revision number for resource 66470976-0bbb-4a6a-b040-9b1696bb9ea7 (type: security_groups) to 1
2026-04-27 22:06:22.210 10 INFO neutron.db.ovn_revision_numbers_db [None req-b6c7a52c-5f2a-42e0-9afe-2bab8dbbc2f3 8870d72c64034c36a78703e2769c92a3 c06e7678b49b48a698853fdcb0ec4637 - - default default] Successfully bumped revision number for resource 1a8e0567-ca4e-443b-ae78-e39fb683dabd (type: security_group_rules) to 0
2026-04-27 22:06:22.238 10 INFO neutron.db.ovn_revision_numbers_db [None req-b6c7a52c-5f2a-42e0-9afe-2bab8dbbc2f3 8870d72c64034c36a78703e2769c92a3 c06e7678b49b48a698853fdcb0ec4637 - - default default] Successfully bumped revision number for resource 78911a16-fa4e-46f1-8375-b57059fd4b4e (type: security_group_rules) to 0
2026-04-27 22:06:22.269 10 INFO neutron.wsgi [None req-b6c7a52c-5f2a-42e0-9afe-2bab8dbbc2f3 8870d72c64034c36a78703e2769c92a3 c06e7678b49b48a698853fdcb0ec4637 - - default default] 10.0.0.105 "POST /v2.0/security-groups HTTP/1.1" status: 201 len: 1795 time: 0.2714489
2026-04-27 22:06:22.282 9 WARNING neutron_lib.context [None req-1f0d5f18-f6e0-4bac-aec8-e172fa235120 8870d72c64034c36a78703e2769c92a3 c06e7678b49b48a698853fdcb0ec4637 - - default default] Method 'is_advsvc' is deprecated since 2023.2 release (neutron-lib 3.8.0) and will be removed once support for the old RBAC API policies will be removed from Neutron. Please use method 'is_service_role' instead.
2026-04-27 22:06:22.286 9 INFO neutron.db.ovn_revision_numbers_db [None req-ea50848d-8be5-451f-a308-d32810febfe5 da9ea4bce9fa49798930ea075b6f69d6 9e87328a0e33464295d10e591d61c010 - - default default] Successfully bumped revision number for resource f7a6c9cc-caaa-4fd0-9b60-f7e25d45179a (type: networks) to 1
2026-04-27 22:06:22.488 9 INFO neutron.db.ovn_revision_numbers_db [None req-1f0d5f18-f6e0-4bac-aec8-e172fa235120 8870d72c64034c36a78703e2769c92a3 c06e7678b49b48a698853fdcb0ec4637 - - default default] Successfully bumped revision number for resource dae048e8-f75a-4eee-ae2b-2319bb2c61e5 (type: security_group_rules) to 0
2026-04-27 22:06:22.500 9 WARNING neutron.scheduler.dhcp_agent_scheduler [None req-ea50848d-8be5-451f-a308-d32810febfe5 da9ea4bce9fa49798930ea075b6f69d6 9e87328a0e33464295d10e591d61c010 - - default default] No more DHCP agents
2026-04-27 22:06:22.504 9 WARNING neutron.api.rpc.agentnotifiers.dhcp_rpc_agent_api [None req-ea50848d-8be5-451f-a308-d32810febfe5 da9ea4bce9fa49798930ea075b6f69d6 9e87328a0e33464295d10e591d61c010 - - default default] Unable to schedule network f7a6c9cc-caaa-4fd0-9b60-f7e25d45179a: no agents available; will retry on subsequent port and subnet creation events.
2026-04-27 22:06:22.553 9 INFO neutron.wsgi [None req-1f0d5f18-f6e0-4bac-aec8-e172fa235120 8870d72c64034c36a78703e2769c92a3 c06e7678b49b48a698853fdcb0ec4637 - - default default] 10.0.0.105 "POST /v2.0/security-group-rules HTTP/1.1" status: 201 len: 764 time: 0.2779934
2026-04-27 22:06:22.566 9 WARNING neutron_lib.context [None req-e199f8b5-e3df-4d3b-9e88-b6e9c7e0586d 8870d72c64034c36a78703e2769c92a3 c06e7678b49b48a698853fdcb0ec4637 - - default default] Method 'is_advsvc' is deprecated since 2023.2 release (neutron-lib 3.8.0) and will be removed once support for the old RBAC API policies will be removed from Neutron. Please use method 'is_service_role' instead.
2026-04-27 22:06:22.621 9 INFO neutron.db.ovn_revision_numbers_db [None req-ea50848d-8be5-451f-a308-d32810febfe5 da9ea4bce9fa49798930ea075b6f69d6 9e87328a0e33464295d10e591d61c010 - - default default] Successfully bumped revision number for resource d676450c-8b76-4e66-b61f-5e14a25dbef7 (type: ports) to 1
2026-04-27 22:06:22.634 10 INFO neutron.db.ovn_revision_numbers_db [None req-808e9de3-9bf9-42c7-be3d-e1b6b2eea620 - - - - - -] Successfully bumped revision number for resource f201ce99-f840-4ab1-a7d1-71f64d351c5f (type: ports) to 2
2026-04-27 22:06:22.655 9 INFO neutron.wsgi [None req-ea50848d-8be5-451f-a308-d32810febfe5 da9ea4bce9fa49798930ea075b6f69d6 9e87328a0e33464295d10e591d61c010 - - default default] 10.0.0.105 "POST /v2.0/networks HTTP/1.1" status: 201 len: 949 time: 0.8497443
2026-04-27 22:06:22.734 9 INFO neutron.db.ovn_revision_numbers_db [None req-e199f8b5-e3df-4d3b-9e88-b6e9c7e0586d 8870d72c64034c36a78703e2769c92a3 c06e7678b49b48a698853fdcb0ec4637 - - default default] Successfully bumped revision number for resource e7fd5fb7-8233-4b63-b025-c2bc135e91e4 (type: security_group_rules) to 0
2026-04-27 22:06:22.744 10 INFO neutron.db.ovn_revision_numbers_db [None req-808e9de3-9bf9-42c7-be3d-e1b6b2eea620 - - - - - -] Successfully bumped revision number for resource f201ce99-f840-4ab1-a7d1-71f64d351c5f (type: router_ports) to 2
2026-04-27 22:06:22.768 9 INFO neutron.wsgi [None req-e199f8b5-e3df-4d3b-9e88-b6e9c7e0586d 8870d72c64034c36a78703e2769c92a3 c06e7678b49b48a698853fdcb0ec4637 - - default default] 10.0.0.105 "POST /v2.0/security-group-rules HTTP/1.1" status: 201 len: 769 time: 0.2066805
2026-04-27 22:06:22.777 9 WARNING neutron_lib.context [None req-551b068a-eb52-4491-b2cc-ad8a3da4c2f6 8870d72c64034c36a78703e2769c92a3 c06e7678b49b48a698853fdcb0ec4637 - - default default] Method 'is_advsvc' is deprecated since 2023.2 release (neutron-lib 3.8.0) and will be removed once support for the old RBAC API policies will be removed from Neutron. Please use method 'is_service_role' instead.
2026-04-27 22:06:22.853 9 WARNING neutron.scheduler.dhcp_agent_scheduler [None req-2e3d5182-5c2c-4261-8f22-7c6eaefc4572 da9ea4bce9fa49798930ea075b6f69d6 9e87328a0e33464295d10e591d61c010 - - default default] No more DHCP agents
2026-04-27 22:06:22.855 9 WARNING neutron.api.rpc.agentnotifiers.dhcp_rpc_agent_api [None req-2e3d5182-5c2c-4261-8f22-7c6eaefc4572 da9ea4bce9fa49798930ea075b6f69d6 9e87328a0e33464295d10e591d61c010 - - default default] Unable to schedule network f7a6c9cc-caaa-4fd0-9b60-f7e25d45179a: no agents available; will retry on subsequent port and subnet creation events.
2026-04-27 22:06:23.115 9 WARNING neutron.scheduler.dhcp_agent_scheduler [None req-551b068a-eb52-4491-b2cc-ad8a3da4c2f6 8870d72c64034c36a78703e2769c92a3 c06e7678b49b48a698853fdcb0ec4637 - - default default] No more DHCP agents
2026-04-27 22:06:23.119 9 WARNING neutron.api.rpc.agentnotifiers.dhcp_rpc_agent_api [None req-551b068a-eb52-4491-b2cc-ad8a3da4c2f6 8870d72c64034c36a78703e2769c92a3 c06e7678b49b48a698853fdcb0ec4637 - - default default] Unable to schedule network 5cd4b189-3e6b-435e-b218-98182b85042c: no agents available; will retry on subsequent port and subnet creation events.
2026-04-27 22:06:23.377 10 INFO neutron.wsgi [None req-ee00266f-7353-4899-aae3-bd5633f75038 da9ea4bce9fa49798930ea075b6f69d6 9e87328a0e33464295d10e591d61c010 - - default default] 10.0.0.105 "PUT /v2.0/routers/d17f9b6b-2823-4b57-aba7-75aaa01c68dc/remove_router_interface HTTP/1.1" status: 200 len: 503 time: 1.4918704
2026-04-27 22:06:23.388 10 WARNING keystonemiddleware.audit [None req-0683fe32-29b5-4f70-bf87-9414f0569550 - - - - - -] Skipping service tempest-service-1816272937 as it have no endpoints. /var/lib/openstack/lib/python3.10/site-packages/pycadf/identifier.py:71: UserWarning: Invalid uuid: neutron. To ensure interoperability, identifiers should be a valid uuid. warnings.warn(('Invalid uuid: %s. To ensure interoperability, '
2026-04-27 22:06:23.444 9 INFO neutron.db.ovn_revision_numbers_db [None req-2e3d5182-5c2c-4261-8f22-7c6eaefc4572 da9ea4bce9fa49798930ea075b6f69d6 9e87328a0e33464295d10e591d61c010 - - default default] Successfully bumped revision number for resource d676450c-8b76-4e66-b61f-5e14a25dbef7 (type: ports) to 2
2026-04-27 22:06:23.498 9 INFO neutron.db.ovn_revision_numbers_db [None req-2e3d5182-5c2c-4261-8f22-7c6eaefc4572 da9ea4bce9fa49798930ea075b6f69d6 9e87328a0e33464295d10e591d61c010 - - default default] Successfully bumped revision number for resource d32322a7-2832-485c-9290-70b00531f22e (type: subnets) to 0
2026-04-27 22:06:23.522 9 INFO neutron.wsgi [None req-2e3d5182-5c2c-4261-8f22-7c6eaefc4572 da9ea4bce9fa49798930ea075b6f69d6 9e87328a0e33464295d10e591d61c010 - - default default] 10.0.0.105 "POST /v2.0/subnets HTTP/1.1" status: 201 len: 869 time: 0.8605976
2026-04-27 22:06:23.524 9 INFO neutron.db.ovn_revision_numbers_db [None req-551b068a-eb52-4491-b2cc-ad8a3da4c2f6 8870d72c64034c36a78703e2769c92a3 c06e7678b49b48a698853fdcb0ec4637 - - default default] Successfully bumped revision number for resource ad33d2e8-b08b-4dc5-99c8-b9d06cf47767 (type: floatingips) to 0
2026-04-27 22:06:23.543 9 INFO neutron.wsgi [None req-551b068a-eb52-4491-b2cc-ad8a3da4c2f6 8870d72c64034c36a78703e2769c92a3 c06e7678b49b48a698853fdcb0ec4637 - - default default] 10.0.0.105 "POST /v2.0/floatingips HTTP/1.1" status: 201 len: 751 time: 0.7694559
2026-04-27 22:06:24.005 10 INFO neutron.wsgi [req-7592823f-2fca-4896-b7f1-9e9640a445af req-5621dc4e-eefd-4b38-a505-406e72bacef1 8870d72c64034c36a78703e2769c92a3 c06e7678b49b48a698853fdcb0ec4637 - - default default] 10.0.0.45 "GET /v2.0/security-groups?name=tempest-securitygroup--49793510&fields=id&tenant_id=c06e7678b49b48a698853fdcb0ec4637 HTTP/1.1" status: 200 len: 267 time: 0.0370369
2026-04-27 22:06:24.041 10 WARNING neutron_lib.context [None req-174fb782-23ef-4cf8-9502-ed2ebbd5dc8a b638a3dbcc4a4b3eb09b899e86f82b15 0c4da3eb70e84e708dd39575987c111e - - default default] Method 'is_advsvc' is deprecated since 2023.2 release (neutron-lib 3.8.0) and will be removed once support for the old RBAC API policies will be removed from Neutron. Please use method 'is_service_role' instead.
2026-04-27 22:06:24.117 10 INFO neutron.wsgi [req-7592823f-2fca-4896-b7f1-9e9640a445af req-8d7eab96-ae81-4e62-acfa-f5b42f9998f9 8870d72c64034c36a78703e2769c92a3 c06e7678b49b48a698853fdcb0ec4637 - - default default] 10.0.0.45 "GET /v2.0/networks?id=02de6bc7-9a7c-46d3-953f-5dfffba6267f HTTP/1.1" status: 200 len: 874 time: 0.1031239
2026-04-27 22:06:24.119 9 WARNING neutron.scheduler.dhcp_agent_scheduler [None req-9f44394b-dfc9-4501-9ff8-504103ab6554 da9ea4bce9fa49798930ea075b6f69d6 9e87328a0e33464295d10e591d61c010 - - default default] No more DHCP agents
2026-04-27 22:06:24.123 9 WARNING neutron.api.rpc.agentnotifiers.dhcp_rpc_agent_api [None req-9f44394b-dfc9-4501-9ff8-504103ab6554 da9ea4bce9fa49798930ea075b6f69d6 9e87328a0e33464295d10e591d61c010 - - default default] Unable to schedule network 5cd4b189-3e6b-435e-b218-98182b85042c: no agents available; will retry on subsequent port and subnet creation events.
2026-04-27 22:06:24.159 10 INFO neutron.wsgi [req-7592823f-2fca-4896-b7f1-9e9640a445af req-39430c5a-feda-44ad-8380-10f2214a4124 8870d72c64034c36a78703e2769c92a3 c06e7678b49b48a698853fdcb0ec4637 - - default default] 10.0.0.45 "GET /v2.0/quotas/c06e7678b49b48a698853fdcb0ec4637 HTTP/1.1" status: 200 len: 386 time: 0.0251656
2026-04-27 22:06:24.283 9 INFO neutron.db.ovn_revision_numbers_db [None req-9f44394b-dfc9-4501-9ff8-504103ab6554 da9ea4bce9fa49798930ea075b6f69d6 9e87328a0e33464295d10e591d61c010 - - default default] Successfully bumped revision number for resource ed0fe055-c99d-4d99-8b2e-4d6f0b19da1d (type: ports) to 1
2026-04-27 22:06:24.336 10 INFO neutron.db.ovn_revision_numbers_db [None req-174fb782-23ef-4cf8-9502-ed2ebbd5dc8a b638a3dbcc4a4b3eb09b899e86f82b15 0c4da3eb70e84e708dd39575987c111e - - default default] Successfully bumped revision number for resource d72589c2-8c0d-4a18-ac43-82258e59b583 (type: security_groups) to 1
2026-04-27 22:06:24.347 10 INFO neutron.wsgi [req-7592823f-2fca-4896-b7f1-9e9640a445af req-259fda9d-3c52-4cae-b946-0b3c3650a622 8870d72c64034c36a78703e2769c92a3 c06e7678b49b48a698853fdcb0ec4637 - - default default] 10.0.0.45 "GET /v2.0/ports?tenant_id=c06e7678b49b48a698853fdcb0ec4637&fields=id HTTP/1.1" status: 200 len: 302 time: 0.1785085
2026-04-27 22:06:24.371 10 INFO neutron.db.ovn_revision_numbers_db [None req-174fb782-23ef-4cf8-9502-ed2ebbd5dc8a b638a3dbcc4a4b3eb09b899e86f82b15 0c4da3eb70e84e708dd39575987c111e - - default default] Successfully bumped revision number for resource 29a93fd6-1b40-4228-b9bc-a6cb22c1e4fa (type: security_group_rules) to 0
2026-04-27 22:06:24.407 10 INFO neutron.db.ovn_revision_numbers_db [None req-174fb782-23ef-4cf8-9502-ed2ebbd5dc8a b638a3dbcc4a4b3eb09b899e86f82b15 0c4da3eb70e84e708dd39575987c111e - - default default] Successfully bumped revision number for resource 3dca80f1-a825-4010-9891-7ddefa608ea7 (type: security_group_rules) to 0
2026-04-27 22:06:24.431 10 INFO neutron.wsgi [None req-9492ca91-9176-433b-b707-503bd52d8e5d da9ea4bce9fa49798930ea075b6f69d6 9e87328a0e33464295d10e591d61c010 - - default default] 10.0.0.105 "DELETE /v2.0/routers/d17f9b6b-2823-4b57-aba7-75aaa01c68dc HTTP/1.1" status: 204 len: 168 time: 1.0466223
2026-04-27 22:06:24.433 10 INFO neutron.db.ovn_revision_numbers_db [None req-174fb782-23ef-4cf8-9502-ed2ebbd5dc8a b638a3dbcc4a4b3eb09b899e86f82b15 0c4da3eb70e84e708dd39575987c111e - - default default] Successfully bumped revision number for resource b0683f65-6dd9-4f31-90e8-530a90be35df (type: security_group_rules) to 0
2026-04-27 22:06:24.436 10 INFO neutron.wsgi [req-7592823f-2fca-4896-b7f1-9e9640a445af req-0fcf1964-c6a0-4573-8768-b5ebfdb5e569 dfe67ae67a0d45b0a4511adb4b45b466 398885860a1a485a97ce085702de3e7d - - 9b8ddd2dacbe4426aee095541780fd67 9b8ddd2dacbe4426aee095541780fd67] 10.0.0.45 "GET /v2.0/networks/02de6bc7-9a7c-46d3-953f-5dfffba6267f?fields=segments HTTP/1.1" status: 200 len: 212 time: 0.0750732
2026-04-27 22:06:24.443 9 WARNING keystonemiddleware.audit [None req-22aef725-ad96-413e-b98e-771d13c2e7c4 - - - - - -] Skipping service tempest-service-1816272937 as it have no endpoints.
2026-04-27 22:06:24.455 10 INFO neutron.db.ovn_revision_numbers_db [None req-174fb782-23ef-4cf8-9502-ed2ebbd5dc8a b638a3dbcc4a4b3eb09b899e86f82b15 0c4da3eb70e84e708dd39575987c111e - - default default] Successfully bumped revision number for resource fbc966e6-7126-4f3b-a651-7a7c1a1bae31 (type: security_group_rules) to 0
2026-04-27 22:06:24.513 10 INFO neutron.wsgi [req-7592823f-2fca-4896-b7f1-9e9640a445af req-26e72b3b-1b22-4c4e-a637-5b8be74ec14e dfe67ae67a0d45b0a4511adb4b45b466 398885860a1a485a97ce085702de3e7d - - 9b8ddd2dacbe4426aee095541780fd67 9b8ddd2dacbe4426aee095541780fd67] 10.0.0.45 "GET /v2.0/networks/02de6bc7-9a7c-46d3-953f-5dfffba6267f?fields=provider%3Aphysical_network&fields=provider%3Anetwork_type HTTP/1.1" status: 200 len: 277 time: 0.0666480
2026-04-27 22:06:24.518 10 INFO neutron.db.segments_db [None req-174fb782-23ef-4cf8-9502-ed2ebbd5dc8a b638a3dbcc4a4b3eb09b899e86f82b15 0c4da3eb70e84e708dd39575987c111e - - default default] Added segment 093b40c2-1e63-4a12-af27-7c0d96a531a9 of type geneve for network c43a87b5-86dd-4ada-a223-c73b4700adfd
2026-04-27 22:06:24.699 10 INFO neutron.db.ovn_revision_numbers_db [None req-174fb782-23ef-4cf8-9502-ed2ebbd5dc8a b638a3dbcc4a4b3eb09b899e86f82b15 0c4da3eb70e84e708dd39575987c111e - - default default] Successfully bumped revision number for resource c43a87b5-86dd-4ada-a223-c73b4700adfd (type: networks) to 1
2026-04-27 22:06:24.703 10 INFO neutron.wsgi [req-5b477e37-b7cd-4e60-b2ca-0990c1a5ed9f req-f637d892-29d0-4be6-a8c7-baabb3bdbb3d 8870d72c64034c36a78703e2769c92a3 c06e7678b49b48a698853fdcb0ec4637 - - default default] 10.0.0.45 "GET /v2.0/ports?device_id=1e18d9e6-e94b-41c5-a6a3-58661431832c HTTP/1.1" status: 200 len: 210 time: 0.0284958
2026-04-27 22:06:24.750 9 INFO neutron.wsgi [None req-1dc19c26-e6f0-4a30-90c4-bb715d6648ed da9ea4bce9fa49798930ea075b6f69d6 9e87328a0e33464295d10e591d61c010 - - default default] 10.0.0.105 "DELETE /v2.0/subnets/29c60d87-6aff-45bc-b44e-b8df032596ad HTTP/1.1" status: 204 len: 168 time: 0.3126245
2026-04-27 22:06:24.761 10 WARNING keystonemiddleware.audit [None req-88a4f23f-cfda-4c35-8c5c-c11b43b74d1e - - - - - -] Skipping service tempest-service-1816272937 as it have no endpoints.
2026-04-27 22:06:24.963 10 WARNING neutron.scheduler.dhcp_agent_scheduler [None req-174fb782-23ef-4cf8-9502-ed2ebbd5dc8a b638a3dbcc4a4b3eb09b899e86f82b15 0c4da3eb70e84e708dd39575987c111e - - default default] No more DHCP agents
2026-04-27 22:06:24.965 10 WARNING neutron.api.rpc.agentnotifiers.dhcp_rpc_agent_api [None req-174fb782-23ef-4cf8-9502-ed2ebbd5dc8a b638a3dbcc4a4b3eb09b899e86f82b15 0c4da3eb70e84e708dd39575987c111e - - default default] Unable to schedule network c43a87b5-86dd-4ada-a223-c73b4700adfd: no agents available; will retry on subsequent port and subnet creation events.
2026-04-27 22:06:24.992 9 INFO neutron.plugins.ml2.drivers.ovn.mech_driver.mech_driver [None req-97adb1c9-086d-4690-b232-f64ac205f541 - - - - - -] OVN reports status up for port: ed0fe055-c99d-4d99-8b2e-4d6f0b19da1d
2026-04-27 22:06:25.017 9 INFO neutron.plugins.ml2.plugin [None req-97adb1c9-086d-4690-b232-f64ac205f541 - - - - - -] Attempt 1 to provision port ed0fe055-c99d-4d99-8b2e-4d6f0b19da1d
2026-04-27 22:06:25.023 10 INFO neutron.plugins.ml2.drivers.ovn.mech_driver.ovsdb.ovsdb_monitor [None req-f7b62bda-641d-4375-b405-e3395216486b - - - - - -] Router ef484749-9770-4e77-a943-890fc625df97 is bound to host instance
2026-04-27 22:06:25.047 9 INFO neutron.db.ovn_revision_numbers_db [None req-9f44394b-dfc9-4501-9ff8-504103ab6554 da9ea4bce9fa49798930ea075b6f69d6 9e87328a0e33464295d10e591d61c010 - - default default] Successfully bumped revision number for resource ed0fe055-c99d-4d99-8b2e-4d6f0b19da1d (type: router_ports) to 1
2026-04-27 22:06:25.101 10 INFO neutron.db.ovn_revision_numbers_db [None req-174fb782-23ef-4cf8-9502-ed2ebbd5dc8a b638a3dbcc4a4b3eb09b899e86f82b15 0c4da3eb70e84e708dd39575987c111e - - default default] Successfully bumped revision number for resource 4974a247-5314-4de3-806a-22a459a88f13 (type: ports) to 1
2026-04-27 22:06:25.132 10 INFO neutron.wsgi [None req-174fb782-23ef-4cf8-9502-ed2ebbd5dc8a b638a3dbcc4a4b3eb09b899e86f82b15 0c4da3eb70e84e708dd39575987c111e - - default default] 10.0.0.105 "POST /v2.0/networks HTTP/1.1" status: 201 len: 846 time: 1.2891145
2026-04-27 22:06:25.144 9 WARNING neutron_lib.context [None req-c68a9c39-89ae-41b8-bfe4-a0bd55aba99d b638a3dbcc4a4b3eb09b899e86f82b15 0c4da3eb70e84e708dd39575987c111e - - default default] Method 'is_advsvc' is deprecated since 2023.2 release (neutron-lib 3.8.0) and will be removed once support for the old RBAC API policies will be removed from Neutron. Please use method 'is_service_role' instead.
2026-04-27 22:06:25.160 9 INFO neutron.db.ovn_revision_numbers_db [None req-9f44394b-dfc9-4501-9ff8-504103ab6554 da9ea4bce9fa49798930ea075b6f69d6 9e87328a0e33464295d10e591d61c010 - - default default] Successfully bumped revision number for resource ef484749-9770-4e77-a943-890fc625df97 (type: routers) to 2
2026-04-27 22:06:25.184 9 INFO neutron.wsgi [None req-9f44394b-dfc9-4501-9ff8-504103ab6554 da9ea4bce9fa49798930ea075b6f69d6 9e87328a0e33464295d10e591d61c010 - - default default] 10.0.0.105 "POST /v2.0/routers HTTP/1.1" status: 201 len: 880 time: 1.6558318
2026-04-27 22:06:25.450 9 INFO neutron.wsgi [req-7592823f-2fca-4896-b7f1-9e9640a445af req-fff274aa-adbf-46bf-b4cb-93c50912d296 8870d72c64034c36a78703e2769c92a3 c06e7678b49b48a698853fdcb0ec4637 - - default default] 199.204.45.129 "GET /v2.0/networks?id=02de6bc7-9a7c-46d3-953f-5dfffba6267f HTTP/1.1" status: 200 len: 874 time: 0.0999253
2026-04-27 22:06:25.460 9 WARNING neutron.scheduler.dhcp_agent_scheduler [None req-c68a9c39-89ae-41b8-bfe4-a0bd55aba99d b638a3dbcc4a4b3eb09b899e86f82b15 0c4da3eb70e84e708dd39575987c111e - - default default] No more DHCP agents
2026-04-27 22:06:25.465 9 WARNING neutron.api.rpc.agentnotifiers.dhcp_rpc_agent_api [None req-c68a9c39-89ae-41b8-bfe4-a0bd55aba99d b638a3dbcc4a4b3eb09b899e86f82b15 0c4da3eb70e84e708dd39575987c111e - - default default] Unable to schedule network c43a87b5-86dd-4ada-a223-c73b4700adfd: no agents available; will retry on subsequent port and subnet creation events.
2026-04-27 22:06:25.498 10 INFO neutron.services.segments.plugin [-] Segment ff939381-4ee1-4b81-8da6-d20ed635b32c resource provider aggregate not found
2026-04-27 22:06:25.507 10 INFO neutron.services.segments.plugin [-] Segment ff939381-4ee1-4b81-8da6-d20ed635b32c resource provider aggregate not found
2026-04-27 22:06:25.516 9 INFO neutron.wsgi [req-7592823f-2fca-4896-b7f1-9e9640a445af req-f22bba7f-7a49-4be0-9060-82646b35ddb8 8870d72c64034c36a78703e2769c92a3 c06e7678b49b48a698853fdcb0ec4637 - - default default] 199.204.45.129 "GET /v2.0/security-groups?fields=id&fields=name&tenant_id=c06e7678b49b48a698853fdcb0ec4637 HTTP/1.1" status: 200 len: 378 time: 0.0569882
2026-04-27 22:06:25.519 10 INFO neutron.services.segments.plugin [-] Segment ff939381-4ee1-4b81-8da6-d20ed635b32c resource provider not found; error: Placement Client Error (4xx): {"errors": [{"status": 404, "title": "Not Found", "detail": "The resource could not be found.\n\n No resource provider with uuid ff939381-4ee1-4b81-8da6-d20ed635b32c found for delete ", "request_id": "req-e80d887b-be0c-4c8e-ad35-53cd7641510a"}]}
2026-04-27 22:06:25.520 9 INFO neutron.db.ovn_revision_numbers_db [None req-c68a9c39-89ae-41b8-bfe4-a0bd55aba99d b638a3dbcc4a4b3eb09b899e86f82b15 0c4da3eb70e84e708dd39575987c111e - - default default] Successfully bumped revision number for resource e26b3a32-d29e-450b-9a39-d082804a5932 (type: subnets) to 0
2026-04-27 22:06:25.528 9 WARNING neutron_lib.context [req-7592823f-2fca-4896-b7f1-9e9640a445af req-e6c95d14-6237-44ad-b86d-2871f69ad23a 8870d72c64034c36a78703e2769c92a3 c06e7678b49b48a698853fdcb0ec4637 - - default default] Method 'is_advsvc' is deprecated since 2023.2 release (neutron-lib 3.8.0) and will be removed once support for the old RBAC API policies will be removed from Neutron. Please use method 'is_service_role' instead.
2026-04-27 22:06:25.530 10 INFO neutron.services.segments.plugin [-] Segment ff939381-4ee1-4b81-8da6-d20ed635b32c resource provider not found; error: Placement Client Error (4xx): {"errors": [{"status": 404, "title": "Not Found", "detail": "The resource could not be found.\n\n No resource provider with uuid ff939381-4ee1-4b81-8da6-d20ed635b32c found for delete ", "request_id": "req-648276ea-3283-4cc7-aa75-274168cf0677"}]}
2026-04-27 22:06:25.539 9 INFO neutron.wsgi [None req-c68a9c39-89ae-41b8-bfe4-a0bd55aba99d b638a3dbcc4a4b3eb09b899e86f82b15 0c4da3eb70e84e708dd39575987c111e - - default default] 10.0.0.105 "POST /v2.0/subnets HTTP/1.1" status: 201 len: 802 time: 0.4020159
2026-04-27 22:06:25.550 9 WARNING neutron_lib.context [None req-7a71a85e-3d59-4285-a497-377d5191dff7 b638a3dbcc4a4b3eb09b899e86f82b15 0c4da3eb70e84e708dd39575987c111e - - default default] Method 'is_advsvc' is deprecated since 2023.2 release (neutron-lib 3.8.0) and will be removed once support for the old RBAC API policies will be removed from Neutron. Please use method 'is_service_role' instead.
2026-04-27 22:06:25.592 10 INFO neutron.wsgi [None req-72040b43-714b-4e72-b6d6-8bc70b29f5ef da9ea4bce9fa49798930ea075b6f69d6 9e87328a0e33464295d10e591d61c010 - - default default] 10.0.0.105 "DELETE /v2.0/networks/6a1f9827-8517-461e-973c-add3f59b9f3a HTTP/1.1" status: 204 len: 168 time: 0.8359766
2026-04-27 22:06:25.785 9 WARNING keystonemiddleware.audit [None req-41bc522d-9b65-44d5-9bff-1d480bcd9c23 - - - - - -] Skipping service tempest-service-1816272937 as it have no endpoints.
2026-04-27 22:06:25.799 10 INFO neutron.wsgi [req-21a72455-3ffc-4a4e-8892-3cd6893dff4d req-fb9d7689-c1e5-4abb-bd3e-abd5934de229 8870d72c64034c36a78703e2769c92a3 c06e7678b49b48a698853fdcb0ec4637 - - default default] 10.0.0.45 "GET /v2.0/ports?device_id=1e18d9e6-e94b-41c5-a6a3-58661431832c HTTP/1.1" status: 200 len: 210 time: 0.0317471
2026-04-27 22:06:25.855 9 INFO neutron.wsgi [None req-0c0a2ca2-f895-4549-b4da-6e7605e6ccef da9ea4bce9fa49798930ea075b6f69d6 9e87328a0e33464295d10e591d61c010 - - default default] 10.0.0.105 "GET /v2.0/security-groups?tenant_id=d33dcc6b5fb54144aeed0f41d4b9283e&name=default HTTP/1.1" status: 200 len: 2996 time: 0.0752091
2026-04-27 22:06:25.863 10 WARNING keystonemiddleware.audit [None req-e99b5262-ce5b-4a10-8f0d-17d5bbfa4ae2 - - - - - -] Skipping service tempest-service-1816272937 as it have no endpoints.
2026-04-27 22:06:26.020 10 INFO neutron.db.ovn_revision_numbers_db [None req-f7b62bda-641d-4375-b405-e3395216486b - - - - - -] Successfully bumped revision number for resource ed0fe055-c99d-4d99-8b2e-4d6f0b19da1d (type: ports) to 1
2026-04-27 22:06:26.126 10 WARNING neutron.scheduler.dhcp_agent_scheduler [None req-f41e9981-4c4e-4278-a8de-a8dd43027e08 da9ea4bce9fa49798930ea075b6f69d6 9e87328a0e33464295d10e591d61c010 - - default default] No more DHCP agents
2026-04-27 22:06:26.129 10 WARNING neutron.api.rpc.agentnotifiers.dhcp_rpc_agent_api [None req-f41e9981-4c4e-4278-a8de-a8dd43027e08 da9ea4bce9fa49798930ea075b6f69d6 9e87328a0e33464295d10e591d61c010 - - default default] Unable to schedule network f7a6c9cc-caaa-4fd0-9b60-f7e25d45179a: no agents available; will retry on subsequent port and subnet creation events.
2026-04-27 22:06:26.225 9 WARNING neutron.scheduler.dhcp_agent_scheduler [req-7592823f-2fca-4896-b7f1-9e9640a445af req-e6c95d14-6237-44ad-b86d-2871f69ad23a 8870d72c64034c36a78703e2769c92a3 c06e7678b49b48a698853fdcb0ec4637 - - default default] No more DHCP agents
2026-04-27 22:06:26.229 9 WARNING neutron.api.rpc.agentnotifiers.dhcp_rpc_agent_api [req-7592823f-2fca-4896-b7f1-9e9640a445af req-e6c95d14-6237-44ad-b86d-2871f69ad23a 8870d72c64034c36a78703e2769c92a3 c06e7678b49b48a698853fdcb0ec4637 - - default default] Unable to schedule network 02de6bc7-9a7c-46d3-953f-5dfffba6267f: no agents available; will retry on subsequent port and subnet creation events.
2026-04-27 22:06:26.286 10 INFO neutron.wsgi [None req-39ba769f-695f-4e91-9128-3db2e6ea3bba da9ea4bce9fa49798930ea075b6f69d6 9e87328a0e33464295d10e591d61c010 - - default default] 10.0.0.105 "DELETE /v2.0/security-groups/10e10b1f-2c27-49d0-8ef2-f5c0ba4c1bf5 HTTP/1.1" status: 204 len: 168 time: 0.4261770
2026-04-27 22:06:26.349 9 WARNING neutron.scheduler.dhcp_agent_scheduler [None req-7a71a85e-3d59-4285-a497-377d5191dff7 b638a3dbcc4a4b3eb09b899e86f82b15 0c4da3eb70e84e708dd39575987c111e - - default default] No more DHCP agents
2026-04-27 22:06:26.358 9 WARNING neutron.api.rpc.agentnotifiers.dhcp_rpc_agent_api [None req-7a71a85e-3d59-4285-a497-377d5191dff7 b638a3dbcc4a4b3eb09b899e86f82b15 0c4da3eb70e84e708dd39575987c111e - - default default] Unable to schedule network 5cd4b189-3e6b-435e-b218-98182b85042c: no agents available; will retry on subsequent port and subnet creation events.
2026-04-27 22:06:26.368 10 INFO neutron.db.ovn_revision_numbers_db [None req-f7b62bda-641d-4375-b405-e3395216486b - - - - - -] Successfully bumped revision number for resource ed0fe055-c99d-4d99-8b2e-4d6f0b19da1d (type: router_ports) to 3
2026-04-27 22:06:26.402 10 INFO neutron.db.ovn_revision_numbers_db [None req-f41e9981-4c4e-4278-a8de-a8dd43027e08 da9ea4bce9fa49798930ea075b6f69d6 9e87328a0e33464295d10e591d61c010 - - default default] Successfully bumped revision number for resource f3202f98-4744-4090-a84a-3a2ea6c6aff8 (type: ports) to 1
2026-04-27 22:06:26.442 9 INFO neutron.db.ovn_revision_numbers_db [req-7592823f-2fca-4896-b7f1-9e9640a445af req-e6c95d14-6237-44ad-b86d-2871f69ad23a 8870d72c64034c36a78703e2769c92a3 c06e7678b49b48a698853fdcb0ec4637 - - default default] Successfully bumped revision number for resource 796b2d97-9021-4333-8b96-f6e7fea967d8 (type: ports) to 1
2026-04-27 22:06:26.479 9 INFO neutron.wsgi [req-7592823f-2fca-4896-b7f1-9e9640a445af req-e6c95d14-6237-44ad-b86d-2871f69ad23a 8870d72c64034c36a78703e2769c92a3 c06e7678b49b48a698853fdcb0ec4637 - - default default] 199.204.45.129 "POST /v2.0/ports HTTP/1.1" status: 201 len: 1158 time: 0.9559557 /var/lib/openstack/lib/python3.10/site-packages/pycadf/identifier.py:71: UserWarning: Invalid uuid: neutron. To ensure interoperability, identifiers should be a valid uuid. warnings.warn(('Invalid uuid: %s. To ensure interoperability, '
2026-04-27 22:06:26.568 9 INFO neutron.db.ovn_revision_numbers_db [None req-7a71a85e-3d59-4285-a497-377d5191dff7 b638a3dbcc4a4b3eb09b899e86f82b15 0c4da3eb70e84e708dd39575987c111e - - default default] Successfully bumped revision number for resource 773f86bf-0b4f-4bd9-917a-22574296f618 (type: ports) to 1
2026-04-27 22:06:26.583 10 INFO neutron.db.ovn_revision_numbers_db [None req-f7b62bda-641d-4375-b405-e3395216486b - - - - - -] Successfully bumped revision number for resource ed0fe055-c99d-4d99-8b2e-4d6f0b19da1d (type: ports) to 2
2026-04-27 22:06:26.953 10 INFO neutron.db.ovn_revision_numbers_db [None req-f41e9981-4c4e-4278-a8de-a8dd43027e08 da9ea4bce9fa49798930ea075b6f69d6 9e87328a0e33464295d10e591d61c010 - - default default] Successfully bumped revision number for resource f3202f98-4744-4090-a84a-3a2ea6c6aff8 (type: router_ports) to 1
2026-04-27 22:06:26.961 10 INFO neutron.wsgi [req-4e1a92e4-d1ea-48e9-a335-1ab12edced54 req-f5a8a43f-a1ed-4b5e-9964-cfd5a640b50e 8870d72c64034c36a78703e2769c92a3 c06e7678b49b48a698853fdcb0ec4637 - - default default] 10.0.0.45 "GET /v2.0/ports?device_id=1e18d9e6-e94b-41c5-a6a3-58661431832c HTTP/1.1" status: 200 len: 1168 time: 0.0488963
2026-04-27 22:06:26.975 10 INFO neutron.db.ovn_revision_numbers_db [None req-f7b62bda-641d-4375-b405-e3395216486b - - - - - -] Successfully bumped revision number for resource ed0fe055-c99d-4d99-8b2e-4d6f0b19da1d (type: ports) to 4
2026-04-27 22:06:27.035 10 INFO neutron.wsgi [req-4e1a92e4-d1ea-48e9-a335-1ab12edced54 req-c8e159ca-4357-4287-bf8c-a56d1c79275a 8870d72c64034c36a78703e2769c92a3 c06e7678b49b48a698853fdcb0ec4637 - - default default] 10.0.0.45 "GET /v2.0/security-groups?id=66470976-0bbb-4a6a-b040-9b1696bb9ea7&fields=id&fields=name HTTP/1.1" status: 200 len: 311 time: 0.0681386
2026-04-27 22:06:27.223 9 INFO neutron.db.ovn_revision_numbers_db [req-7592823f-2fca-4896-b7f1-9e9640a445af req-2d0a30aa-cc3a-4dcb-87a1-8fa8684ca6f5 dfe67ae67a0d45b0a4511adb4b45b466 398885860a1a485a97ce085702de3e7d - - 9b8ddd2dacbe4426aee095541780fd67 9b8ddd2dacbe4426aee095541780fd67] Successfully bumped revision number for resource 796b2d97-9021-4333-8b96-f6e7fea967d8 (type: ports) to 2
2026-04-27 22:06:27.384 10 INFO neutron.db.ovn_revision_numbers_db [None req-f41e9981-4c4e-4278-a8de-a8dd43027e08 da9ea4bce9fa49798930ea075b6f69d6 9e87328a0e33464295d10e591d61c010 - - default default] Successfully bumped revision number for resource f3202f98-4744-4090-a84a-3a2ea6c6aff8 (type: ports) to 1
2026-04-27 22:06:27.388 10 INFO neutron.wsgi [-] 10.0.0.203 "GET / HTTP/1.1" status: 200 len: 246 time: 0.0012386
2026-04-27 22:06:27.390 10 INFO neutron.wsgi [-] 10.0.0.203 "GET / HTTP/1.1" status: 200 len: 246 time: 0.0008819
2026-04-27 22:06:27.462 10 INFO neutron.db.ovn_revision_numbers_db [None req-f7b62bda-641d-4375-b405-e3395216486b - - - - - -] Successfully bumped revision number for resource ed0fe055-c99d-4d99-8b2e-4d6f0b19da1d (type: router_ports) to 4
2026-04-27 22:06:27.471 9 INFO neutron.db.ovn_revision_numbers_db [None req-7a71a85e-3d59-4285-a497-377d5191dff7 b638a3dbcc4a4b3eb09b899e86f82b15 0c4da3eb70e84e708dd39575987c111e - - default default] Successfully bumped revision number for resource 773f86bf-0b4f-4bd9-917a-22574296f618 (type: router_ports) to 1
2026-04-27 22:06:27.481 10 WARNING neutron.scheduler.dhcp_agent_scheduler [None req-f41e9981-4c4e-4278-a8de-a8dd43027e08 da9ea4bce9fa49798930ea075b6f69d6 9e87328a0e33464295d10e591d61c010 - - default default] No more DHCP agents
2026-04-27 22:06:27.482 10 WARNING neutron.api.rpc.agentnotifiers.dhcp_rpc_agent_api [None req-f41e9981-4c4e-4278-a8de-a8dd43027e08 da9ea4bce9fa49798930ea075b6f69d6 9e87328a0e33464295d10e591d61c010 - - default default] Unable to schedule network f7a6c9cc-caaa-4fd0-9b60-f7e25d45179a: no agents available; will retry on subsequent port and subnet creation events.
2026-04-27 22:06:27.513 9 INFO neutron.db.ovn_revision_numbers_db [req-7592823f-2fca-4896-b7f1-9e9640a445af req-2d0a30aa-cc3a-4dcb-87a1-8fa8684ca6f5 dfe67ae67a0d45b0a4511adb4b45b466 398885860a1a485a97ce085702de3e7d - - 9b8ddd2dacbe4426aee095541780fd67 9b8ddd2dacbe4426aee095541780fd67] Successfully bumped revision number for resource 796b2d97-9021-4333-8b96-f6e7fea967d8 (type: ports) to 2
2026-04-27 22:06:27.532 9 INFO neutron.wsgi [req-7592823f-2fca-4896-b7f1-9e9640a445af req-2d0a30aa-cc3a-4dcb-87a1-8fa8684ca6f5 dfe67ae67a0d45b0a4511adb4b45b466 398885860a1a485a97ce085702de3e7d - - 9b8ddd2dacbe4426aee095541780fd67 9b8ddd2dacbe4426aee095541780fd67] 199.204.45.129 "PUT /v2.0/ports/796b2d97-9021-4333-8b96-f6e7fea967d8 HTTP/1.1" status: 200 len: 1376 time: 1.0428152
2026-04-27 22:06:27.554 9 INFO neutron.db.ovn_revision_numbers_db [None req-7a71a85e-3d59-4285-a497-377d5191dff7 b638a3dbcc4a4b3eb09b899e86f82b15 0c4da3eb70e84e708dd39575987c111e - - default default] Successfully bumped revision number for resource 658c3a4d-eb79-471f-a495-e08e9895d7e9 (type: routers) to 2
2026-04-27 22:06:27.570 9 INFO neutron.wsgi [None req-7a71a85e-3d59-4285-a497-377d5191dff7 b638a3dbcc4a4b3eb09b899e86f82b15 0c4da3eb70e84e708dd39575987c111e - - default default] 10.0.0.105 "POST /v2.0/routers HTTP/1.1" status: 201 len: 874 time: 2.0247180 /var/lib/openstack/lib/python3.10/site-packages/pycadf/identifier.py:71: UserWarning: Invalid uuid: neutron. To ensure interoperability, identifiers should be a valid uuid. warnings.warn(('Invalid uuid: %s. To ensure interoperability, '
2026-04-27 22:06:27.583 9 INFO neutron.notifiers.nova [-] Nova event matching ['req-244f7f7b-a817-4178-abe4-6490ef98146c'] response: {'name': 'network-changed', 'server_uuid': '1e18d9e6-e94b-41c5-a6a3-58661431832c', 'tag': '796b2d97-9021-4333-8b96-f6e7fea967d8', 'status': 'completed', 'code': 200}
2026-04-27 22:06:27.635 9 INFO neutron.wsgi [req-7592823f-2fca-4896-b7f1-9e9640a445af req-eb52b2d5-3a8a-4437-96a6-79e85dca50f5 dfe67ae67a0d45b0a4511adb4b45b466 398885860a1a485a97ce085702de3e7d - - 9b8ddd2dacbe4426aee095541780fd67 9b8ddd2dacbe4426aee095541780fd67] 199.204.45.129 "GET /v2.0/ports?tenant_id=c06e7678b49b48a698853fdcb0ec4637&device_id=1e18d9e6-e94b-41c5-a6a3-58661431832c HTTP/1.1" status: 200 len: 1407 time: 0.0510004
2026-04-27 22:06:27.669 9 INFO neutron.wsgi [req-7592823f-2fca-4896-b7f1-9e9640a445af req-a24a9d8c-6971-4ba8-9c5d-544032fe7681 dfe67ae67a0d45b0a4511adb4b45b466 398885860a1a485a97ce085702de3e7d - - 9b8ddd2dacbe4426aee095541780fd67 9b8ddd2dacbe4426aee095541780fd67] 199.204.45.129 "GET /v2.0/floatingips?fixed_ip_address=10.100.0.6&port_id=796b2d97-9021-4333-8b96-f6e7fea967d8 HTTP/1.1" status: 200 len: 217 time: 0.0252585
2026-04-27 22:06:27.726 9 INFO neutron.wsgi [req-7592823f-2fca-4896-b7f1-9e9640a445af req-01044141-f1f3-4c70-b2dc-2653e46dc8c1 dfe67ae67a0d45b0a4511adb4b45b466 398885860a1a485a97ce085702de3e7d - - 9b8ddd2dacbe4426aee095541780fd67 9b8ddd2dacbe4426aee095541780fd67] 199.204.45.129 "GET /v2.0/subnets?id=d08bc9c8-fbd9-43ec-b6c7-49764fdbaf86 HTTP/1.1" status: 200 len: 868 time: 0.0496385
2026-04-27 22:06:27.758 9 INFO neutron.wsgi [req-7592823f-2fca-4896-b7f1-9e9640a445af req-ff97095d-a92b-46d9-b89e-6b156663cb1e dfe67ae67a0d45b0a4511adb4b45b466 398885860a1a485a97ce085702de3e7d - - 9b8ddd2dacbe4426aee095541780fd67 9b8ddd2dacbe4426aee095541780fd67] 199.204.45.129 "GET /v2.0/ports?network_id=02de6bc7-9a7c-46d3-953f-5dfffba6267f&device_owner=network%3Adhcp HTTP/1.1" status: 200 len: 210 time: 0.0240650
2026-04-27 22:06:28.073 9 INFO neutron.wsgi [req-7592823f-2fca-4896-b7f1-9e9640a445af req-42c6404c-89aa-4469-8fd7-5b64ff9fb260 dfe67ae67a0d45b0a4511adb4b45b466 398885860a1a485a97ce085702de3e7d - - 9b8ddd2dacbe4426aee095541780fd67 9b8ddd2dacbe4426aee095541780fd67] 199.204.45.129 "GET /v2.0/networks/02de6bc7-9a7c-46d3-953f-5dfffba6267f?fields=segments HTTP/1.1" status: 200 len: 212 time: 0.3049200
2026-04-27 22:06:28.131 10 INFO neutron.db.ovn_revision_numbers_db [None req-f41e9981-4c4e-4278-a8de-a8dd43027e08 da9ea4bce9fa49798930ea075b6f69d6 9e87328a0e33464295d10e591d61c010 - - default default] Successfully bumped revision number for resource f3202f98-4744-4090-a84a-3a2ea6c6aff8 (type: router_ports) to 1
2026-04-27 22:06:28.133 10 INFO neutron.wsgi [None req-f41e9981-4c4e-4278-a8de-a8dd43027e08 da9ea4bce9fa49798930ea075b6f69d6 9e87328a0e33464295d10e591d61c010 - - default default] 10.0.0.105 "PUT /v2.0/routers/ef484749-9770-4e77-a943-890fc625df97/add_router_interface HTTP/1.1" status: 200 len: 503 time: 2.9426188
2026-04-27 22:06:28.151 10 INFO neutron.wsgi [req-da1b5dd7-0c46-420c-9360-53e12d1f2b9d req-e3468483-efce-4be8-9f57-f0a36eacf879 8870d72c64034c36a78703e2769c92a3 c06e7678b49b48a698853fdcb0ec4637 - - default default] 10.0.0.45 "GET /v2.0/ports?device_id=1e18d9e6-e94b-41c5-a6a3-58661431832c HTTP/1.1" status: 200 len: 1168 time: 0.0527134
2026-04-27 22:06:28.166 10 WARNING neutron.plugins.ml2.drivers.ovn.mech_driver.ovsdb.ovn_client [None req-808e9de3-9bf9-42c7-be3d-e1b6b2eea620 - - - - - -] No hosting information found for port f201ce99-f840-4ab1-a7d1-71f64d351c5f: RuntimeError: No hosting information found for port f201ce99-f840-4ab1-a7d1-71f64d351c5f
2026-04-27 22:06:28.166 10 INFO neutron.plugins.ml2.drivers.ovn.mech_driver.mech_driver [None req-808e9de3-9bf9-42c7-be3d-e1b6b2eea620 - - - - - -] OVN reports status up for port: f3202f98-4744-4090-a84a-3a2ea6c6aff8
2026-04-27 22:06:28.172 9 INFO neutron.wsgi [req-7592823f-2fca-4896-b7f1-9e9640a445af req-d18fe1b3-9d76-4791-852d-2a2b8696f363 dfe67ae67a0d45b0a4511adb4b45b466 398885860a1a485a97ce085702de3e7d - - 9b8ddd2dacbe4426aee095541780fd67 9b8ddd2dacbe4426aee095541780fd67] 199.204.45.129 "GET /v2.0/networks/02de6bc7-9a7c-46d3-953f-5dfffba6267f?fields=provider%3Aphysical_network&fields=provider%3Anetwork_type HTTP/1.1" status: 200 len: 277 time: 0.0884771
2026-04-27 22:06:28.185 10 INFO neutron.plugins.ml2.plugin [None req-808e9de3-9bf9-42c7-be3d-e1b6b2eea620 - - - - - -] Attempt 1 to provision port f3202f98-4744-4090-a84a-3a2ea6c6aff8
2026-04-27 22:06:28.201 10 INFO neutron.wsgi [req-da1b5dd7-0c46-420c-9360-53e12d1f2b9d req-2481da71-9811-44fa-b95e-762a329fac9e 8870d72c64034c36a78703e2769c92a3 c06e7678b49b48a698853fdcb0ec4637 - - default default] 10.0.0.45 "GET /v2.0/security-groups?id=66470976-0bbb-4a6a-b040-9b1696bb9ea7&fields=id&fields=name HTTP/1.1" status: 200 len: 311 time: 0.0438418
2026-04-27 22:06:28.271 9 INFO neutron.wsgi [req-7310e712-9dcf-44c2-bb93-a2aba9ac5353 req-032d5fe9-efe4-48df-935a-5e42924dadcf dfe67ae67a0d45b0a4511adb4b45b466 398885860a1a485a97ce085702de3e7d - - 9b8ddd2dacbe4426aee095541780fd67 9b8ddd2dacbe4426aee095541780fd67] 199.204.45.129 "GET /v2.0/ports?tenant_id=c06e7678b49b48a698853fdcb0ec4637&device_id=1e18d9e6-e94b-41c5-a6a3-58661431832c HTTP/1.1" status: 200 len: 1407 time: 0.0558853
2026-04-27 22:06:28.364 9 INFO neutron.wsgi [req-7310e712-9dcf-44c2-bb93-a2aba9ac5353 req-5921412e-cb6d-46d0-b15f-471e0afa2d26 dfe67ae67a0d45b0a4511adb4b45b466 398885860a1a485a97ce085702de3e7d - - 9b8ddd2dacbe4426aee095541780fd67 9b8ddd2dacbe4426aee095541780fd67] 199.204.45.129 "GET /v2.0/networks?id=02de6bc7-9a7c-46d3-953f-5dfffba6267f HTTP/1.1" status: 200 len: 973 time: 0.0864077
2026-04-27 22:06:28.408 9 INFO neutron.wsgi [req-7310e712-9dcf-44c2-bb93-a2aba9ac5353 req-a169d72f-488a-4ea8-ad04-4842c3bbcd60 dfe67ae67a0d45b0a4511adb4b45b466 398885860a1a485a97ce085702de3e7d - - 9b8ddd2dacbe4426aee095541780fd67 9b8ddd2dacbe4426aee095541780fd67] 199.204.45.129 "GET /v2.0/floatingips?fixed_ip_address=10.100.0.6&port_id=796b2d97-9021-4333-8b96-f6e7fea967d8 HTTP/1.1" status: 200 len: 217 time: 0.0330093
2026-04-27 22:06:28.506 10 INFO neutron.db.ovn_revision_numbers_db [None req-808e9de3-9bf9-42c7-be3d-e1b6b2eea620 - - - - - -] Successfully bumped revision number for resource f3202f98-4744-4090-a84a-3a2ea6c6aff8 (type: ports) to 2
2026-04-27 22:06:28.595 9 INFO neutron.wsgi [req-7310e712-9dcf-44c2-bb93-a2aba9ac5353 req-7c066a57-7974-4d65-870f-f09f2cf90049 dfe67ae67a0d45b0a4511adb4b45b466 398885860a1a485a97ce085702de3e7d - - 9b8ddd2dacbe4426aee095541780fd67 9b8ddd2dacbe4426aee095541780fd67] 199.204.45.129 "GET /v2.0/subnets?id=d08bc9c8-fbd9-43ec-b6c7-49764fdbaf86 HTTP/1.1" status: 200 len: 868 time: 0.0604725
2026-04-27 22:06:28.602 9 WARNING neutron.scheduler.dhcp_agent_scheduler [None req-623634b2-93fe-4b48-b661-c14a2b080249 b638a3dbcc4a4b3eb09b899e86f82b15 0c4da3eb70e84e708dd39575987c111e - - default default] No more DHCP agents
2026-04-27 22:06:28.611 9 WARNING neutron.api.rpc.agentnotifiers.dhcp_rpc_agent_api [None req-623634b2-93fe-4b48-b661-c14a2b080249 b638a3dbcc4a4b3eb09b899e86f82b15 0c4da3eb70e84e708dd39575987c111e - - default default] Unable to schedule network c43a87b5-86dd-4ada-a223-c73b4700adfd: no agents available; will retry on subsequent port and subnet creation events.
2026-04-27 22:06:28.621 9 INFO neutron.wsgi [req-7310e712-9dcf-44c2-bb93-a2aba9ac5353 req-1da8f325-3a97-4091-b8b5-90a3e9752cb9 dfe67ae67a0d45b0a4511adb4b45b466 398885860a1a485a97ce085702de3e7d - - 9b8ddd2dacbe4426aee095541780fd67 9b8ddd2dacbe4426aee095541780fd67] 199.204.45.129 "GET /v2.0/ports?network_id=02de6bc7-9a7c-46d3-953f-5dfffba6267f&device_owner=network%3Adhcp HTTP/1.1" status: 200 len: 210 time: 0.0181932
2026-04-27 22:06:28.621 10 INFO neutron.db.ovn_revision_numbers_db [None req-808e9de3-9bf9-42c7-be3d-e1b6b2eea620 - - - - - -] Successfully bumped revision number for resource f3202f98-4744-4090-a84a-3a2ea6c6aff8 (type: router_ports) to 2
2026-04-27 22:06:28.708 9 INFO neutron.wsgi [req-7310e712-9dcf-44c2-bb93-a2aba9ac5353 req-7aa86a52-c50f-4219-9592-cb63e702534b dfe67ae67a0d45b0a4511adb4b45b466 398885860a1a485a97ce085702de3e7d - - 9b8ddd2dacbe4426aee095541780fd67 9b8ddd2dacbe4426aee095541780fd67] 199.204.45.129 "GET /v2.0/networks/02de6bc7-9a7c-46d3-953f-5dfffba6267f?fields=segments HTTP/1.1" status: 200 len: 212 time: 0.0812726
2026-04-27 22:06:28.799 9 INFO neutron.wsgi [req-7310e712-9dcf-44c2-bb93-a2aba9ac5353 req-5288a620-9200-416c-96df-349ce1f4fcff dfe67ae67a0d45b0a4511adb4b45b466 398885860a1a485a97ce085702de3e7d - - 9b8ddd2dacbe4426aee095541780fd67 9b8ddd2dacbe4426aee095541780fd67] 199.204.45.129 "GET /v2.0/networks/02de6bc7-9a7c-46d3-953f-5dfffba6267f?fields=provider%3Aphysical_network&fields=provider%3Anetwork_type HTTP/1.1" status: 200 len: 277 time: 0.0812576
2026-04-27 22:06:28.840 9 INFO neutron.db.ovn_revision_numbers_db [None req-623634b2-93fe-4b48-b661-c14a2b080249 b638a3dbcc4a4b3eb09b899e86f82b15 0c4da3eb70e84e708dd39575987c111e - - default default] Successfully bumped revision number for resource b692daa2-83c4-4df9-9791-604951c35112 (type: ports) to 1
2026-04-27 22:06:28.840 10 WARNING neutron_lib.context [None req-564d7cfe-2974-45e4-8fcc-63126dc24b04 c01c7eefac674a7498c952d693d2f55f a81ef4039e934c7fac895a70fbd77f6e - - default default] Method 'is_advsvc' is deprecated since 2023.2 release (neutron-lib 3.8.0) and will be removed once support for the old RBAC API policies will be removed from Neutron. Please use method 'is_service_role' instead.
2026-04-27 22:06:28.942 10 INFO neutron.db.ovn_revision_numbers_db [None req-564d7cfe-2974-45e4-8fcc-63126dc24b04 c01c7eefac674a7498c952d693d2f55f a81ef4039e934c7fac895a70fbd77f6e - - default default] Successfully bumped revision number for resource c5e842e0-35e9-49f0-ad16-6f3f68c613c5 (type: security_groups) to 1
2026-04-27 22:06:28.964 10 INFO neutron.db.ovn_revision_numbers_db [None req-564d7cfe-2974-45e4-8fcc-63126dc24b04 c01c7eefac674a7498c952d693d2f55f a81ef4039e934c7fac895a70fbd77f6e - - default default] Successfully bumped revision number for resource 3175795a-e3f6-4592-8f83-43eaed393b44 (type: security_group_rules) to 0
2026-04-27 22:06:28.989 10 INFO neutron.db.ovn_revision_numbers_db [None req-564d7cfe-2974-45e4-8fcc-63126dc24b04 c01c7eefac674a7498c952d693d2f55f a81ef4039e934c7fac895a70fbd77f6e - - default default] Successfully bumped revision number for resource 34efb94a-afad-45b6-9291-ab0091a0f540 (type: security_group_rules) to 0
2026-04-27 22:06:29.011 10 INFO neutron.wsgi [None req-564d7cfe-2974-45e4-8fcc-63126dc24b04 c01c7eefac674a7498c952d693d2f55f a81ef4039e934c7fac895a70fbd77f6e - - default default] 10.0.0.105 "POST /v2.0/security-groups HTTP/1.1" status: 201 len: 1796 time: 0.1785843
2026-04-27 22:06:29.019 10 WARNING neutron_lib.context [None req-1c2f9745-06b8-4c60-8f8b-18d216c667a0 c01c7eefac674a7498c952d693d2f55f a81ef4039e934c7fac895a70fbd77f6e - - default default] Method 'is_advsvc' is deprecated since 2023.2 release (neutron-lib 3.8.0) and will be removed once support for the old RBAC API policies will be removed from Neutron. Please use method 'is_service_role' instead.
