2026-04-27 22:07:38.254 10 INFO neutron.services.segments.plugin [-] Segment bc058542-760b-4d26-a6bb-008cb8e4d886 resource provider not found; error: Placement Client Error (4xx): {"errors": [{"status": 404, "title": "Not Found", "detail": "The resource could not be found.\n\n No resource provider with uuid bc058542-760b-4d26-a6bb-008cb8e4d886 found for delete ", "request_id": "req-12746458-7608-4e04-a41c-a56c9cc6bd98"}]}
2026-04-27 22:07:38.274 10 INFO neutron.wsgi [None req-605bf4ed-aef2-4406-b92e-dc0f833fc227 224c47cb05ee4c108d6df163c3de13dc 6110a1173da640c8ba4b73e96e2d9b36 - - default default] 10.0.0.105 "DELETE /v2.0/networks/577f6731-9ada-4a45-87b1-57d0cd923cf7 HTTP/1.1" status: 204 len: 168 time: 0.4319360
2026-04-27 22:07:38.291 10 WARNING neutron_lib.context [None req-dc61420b-8a84-48ed-9b6c-6bf6aa50ab4c 224c47cb05ee4c108d6df163c3de13dc 6110a1173da640c8ba4b73e96e2d9b36 - - default default] Method 'is_advsvc' is deprecated since 2023.2 release (neutron-lib 3.8.0) and will be removed once support for the old RBAC API policies will be removed from Neutron. Please use method 'is_service_role' instead.
2026-04-27 22:07:38.368 10 INFO neutron.db.segments_db [None req-dc61420b-8a84-48ed-9b6c-6bf6aa50ab4c 224c47cb05ee4c108d6df163c3de13dc 6110a1173da640c8ba4b73e96e2d9b36 - - default default] Added segment 49f92fe1-d919-448d-bac6-af2895a1fccb of type geneve for network aea8ba66-9d56-4654-9a33-4c6127331725
2026-04-27 22:07:38.516 10 INFO neutron.db.ovn_revision_numbers_db [None req-dc61420b-8a84-48ed-9b6c-6bf6aa50ab4c 224c47cb05ee4c108d6df163c3de13dc 6110a1173da640c8ba4b73e96e2d9b36 - - default default] Successfully bumped revision number for resource aea8ba66-9d56-4654-9a33-4c6127331725 (type: networks) to 1
2026-04-27 22:07:38.703 10 WARNING neutron.scheduler.dhcp_agent_scheduler [None req-dc61420b-8a84-48ed-9b6c-6bf6aa50ab4c 224c47cb05ee4c108d6df163c3de13dc 6110a1173da640c8ba4b73e96e2d9b36 - - default default] No more DHCP agents
2026-04-27 22:07:38.710 10 WARNING neutron.api.rpc.agentnotifiers.dhcp_rpc_agent_api [None req-dc61420b-8a84-48ed-9b6c-6bf6aa50ab4c 224c47cb05ee4c108d6df163c3de13dc 6110a1173da640c8ba4b73e96e2d9b36 - - default default] Unable to schedule network aea8ba66-9d56-4654-9a33-4c6127331725: no agents available; will retry on subsequent port and subnet creation events.
2026-04-27 22:07:38.801 10 INFO neutron.db.ovn_revision_numbers_db [None req-dc61420b-8a84-48ed-9b6c-6bf6aa50ab4c 224c47cb05ee4c108d6df163c3de13dc 6110a1173da640c8ba4b73e96e2d9b36 - - default default] Successfully bumped revision number for resource 533dce61-0458-4d8e-a03e-52555baa308d (type: ports) to 1
2026-04-27 22:07:38.822 10 INFO neutron.wsgi [None req-dc61420b-8a84-48ed-9b6c-6bf6aa50ab4c 224c47cb05ee4c108d6df163c3de13dc 6110a1173da640c8ba4b73e96e2d9b36 - - default default] 10.0.0.105 "POST /v2.0/networks HTTP/1.1" status: 201 len: 834 time: 0.5386944
2026-04-27 22:07:38.834 10 WARNING neutron_lib.context [None req-45e40593-e65e-464b-85d2-c93b6d3392f2 224c47cb05ee4c108d6df163c3de13dc 6110a1173da640c8ba4b73e96e2d9b36 - - default default] Method 'is_advsvc' is deprecated since 2023.2 release (neutron-lib 3.8.0) and will be removed once support for the old RBAC API policies will be removed from Neutron. Please use method 'is_service_role' instead.
2026-04-27 22:07:39.060 10 WARNING neutron.scheduler.dhcp_agent_scheduler [None req-45e40593-e65e-464b-85d2-c93b6d3392f2 224c47cb05ee4c108d6df163c3de13dc 6110a1173da640c8ba4b73e96e2d9b36 - - default default] No more DHCP agents
2026-04-27 22:07:39.062 10 WARNING neutron.api.rpc.agentnotifiers.dhcp_rpc_agent_api [None req-45e40593-e65e-464b-85d2-c93b6d3392f2 224c47cb05ee4c108d6df163c3de13dc 6110a1173da640c8ba4b73e96e2d9b36 - - default default] Unable to schedule network aea8ba66-9d56-4654-9a33-4c6127331725: no agents available; will retry on subsequent port and subnet creation events.
2026-04-27 22:07:39.095 10 INFO neutron.db.ovn_revision_numbers_db [None req-45e40593-e65e-464b-85d2-c93b6d3392f2 224c47cb05ee4c108d6df163c3de13dc 6110a1173da640c8ba4b73e96e2d9b36 - - default default] Successfully bumped revision number for resource 735ee5f7-7630-4f67-90d5-1c2ec2946cf9 (type: subnets) to 0
2026-04-27 22:07:39.110 10 INFO neutron.wsgi [None req-45e40593-e65e-464b-85d2-c93b6d3392f2 224c47cb05ee4c108d6df163c3de13dc 6110a1173da640c8ba4b73e96e2d9b36 - - default default] 10.0.0.105 "POST /v2.0/subnets HTTP/1.1" status: 201 len: 821 time: 0.2809682
2026-04-27 22:07:39.121 10 WARNING neutron_lib.context [None req-41d4a1f8-da15-46c6-ad3a-4e5f73c35ff5 224c47cb05ee4c108d6df163c3de13dc 6110a1173da640c8ba4b73e96e2d9b36 - - default default] Method 'is_advsvc' is deprecated since 2023.2 release (neutron-lib 3.8.0) and will be removed once support for the old RBAC API policies will be removed from Neutron. Please use method 'is_service_role' instead.
2026-04-27 22:07:39.420 10 WARNING neutron.scheduler.dhcp_agent_scheduler [None req-41d4a1f8-da15-46c6-ad3a-4e5f73c35ff5 224c47cb05ee4c108d6df163c3de13dc 6110a1173da640c8ba4b73e96e2d9b36 - - default default] No more DHCP agents
2026-04-27 22:07:39.423 10 WARNING neutron.api.rpc.agentnotifiers.dhcp_rpc_agent_api [None req-41d4a1f8-da15-46c6-ad3a-4e5f73c35ff5 224c47cb05ee4c108d6df163c3de13dc 6110a1173da640c8ba4b73e96e2d9b36 - - default default] Unable to schedule network aea8ba66-9d56-4654-9a33-4c6127331725: no agents available; will retry on subsequent port and subnet creation events.
2026-04-27 22:07:39.762 10 INFO neutron.db.ovn_revision_numbers_db [None req-41d4a1f8-da15-46c6-ad3a-4e5f73c35ff5 224c47cb05ee4c108d6df163c3de13dc 6110a1173da640c8ba4b73e96e2d9b36 - - default default] Successfully bumped revision number for resource 455a091c-4505-4375-b4c0-2319e842e14e (type: ports) to 1
2026-04-27 22:07:39.784 10 INFO neutron.wsgi [None req-41d4a1f8-da15-46c6-ad3a-4e5f73c35ff5 224c47cb05ee4c108d6df163c3de13dc 6110a1173da640c8ba4b73e96e2d9b36 - - default default] 10.0.0.105 "POST /v2.0/ports HTTP/1.1" status: 201 len: 1123 time: 0.6689570
2026-04-27 22:07:40.053 10 INFO neutron.wsgi [None req-6bde4a00-3574-4ff5-9429-0632a6d46137 224c47cb05ee4c108d6df163c3de13dc 6110a1173da640c8ba4b73e96e2d9b36 - - default default] 10.0.0.105 "DELETE /v2.0/ports/455a091c-4505-4375-b4c0-2319e842e14e HTTP/1.1" status: 204 len: 168 time: 0.2634618
2026-04-27 22:07:40.077 9 INFO neutron.pecan_wsgi.hooks.translation [None req-9df7564d-c799-4671-b39e-4da4d102850a 224c47cb05ee4c108d6df163c3de13dc 6110a1173da640c8ba4b73e96e2d9b36 - - default default] GET failed (client error): The resource could not be found.
2026-04-27 22:07:40.079 9 INFO neutron.wsgi [None req-9df7564d-c799-4671-b39e-4da4d102850a 224c47cb05ee4c108d6df163c3de13dc 6110a1173da640c8ba4b73e96e2d9b36 - - default default] 10.0.0.105 "GET /v2.0/ports/455a091c-4505-4375-b4c0-2319e842e14e HTTP/1.1" status: 404 len: 333 time: 0.0210402
2026-04-27 22:07:40.227 9 INFO neutron.wsgi [None req-1c505829-efa9-419a-a275-b37dfaeab5c9 be5cdec61e7f44b99d73d3023f795016 c43d51c1118b4764b3a24ee0b3d4ca4b - - default default] 10.0.0.105 "POST /v2.0/qos/policies HTTP/1.1" status: 201 len: 558 time: 0.3859992
2026-04-27 22:07:40.285 10 INFO neutron.wsgi [None req-dfe011ee-7b2e-4181-a8d7-32e3ee32b447 be5cdec61e7f44b99d73d3023f795016 c43d51c1118b4764b3a24ee0b3d4ca4b - - default default] 10.0.0.105 "PUT /v2.0/policies/378785c5-1443-42b6-9999-ee5788bb9e2b/tags HTTP/1.1" status: 200 len: 218 time: 0.0491424
2026-04-27 22:07:40.297 9 INFO neutron.wsgi [None req-98837162-8141-403e-95c4-4cb5ad7259bd 224c47cb05ee4c108d6df163c3de13dc 6110a1173da640c8ba4b73e96e2d9b36 - - default default] 10.0.0.105 "DELETE /v2.0/subnets/735ee5f7-7630-4f67-90d5-1c2ec2946cf9 HTTP/1.1" status: 204 len: 168 time: 0.2130344
2026-04-27 22:07:40.327 10 INFO neutron.wsgi [None req-1809d1c0-42a8-4267-871f-85dc9d8b107d be5cdec61e7f44b99d73d3023f795016 c43d51c1118b4764b3a24ee0b3d4ca4b - - default default] 10.0.0.105 "GET /v2.0/policies/378785c5-1443-42b6-9999-ee5788bb9e2b/tags HTTP/1.1" status: 200 len: 218 time: 0.0375776
2026-04-27 22:07:40.375 10 INFO neutron.wsgi [None req-728622cd-c81e-4877-8f85-0f55c4d86208 be5cdec61e7f44b99d73d3023f795016 c43d51c1118b4764b3a24ee0b3d4ca4b - - default default] 10.0.0.105 "PUT /v2.0/policies/378785c5-1443-42b6-9999-ee5788bb9e2b/tags/green HTTP/1.1" status: 201 len: 201 time: 0.0417995
2026-04-27 22:07:40.392 10 INFO neutron.wsgi [req-e8a96bc9-838f-4e87-90bd-237ea6976d51 req-764fea96-4954-48d1-a887-916187473cf0 abf47f0e82fd4e48adbfd932d08a052c d1866124222c49278285fd285d1feb72 - - default default] 10.0.0.45 "GET /v2.0/ports?device_id=4f537e1a-76e6-4e23-9713-92ec13d8997a HTTP/1.1" status: 200 len: 1170 time: 0.0945821
2026-04-27 22:07:40.408 9 INFO neutron.wsgi [None req-2f8430f9-9d88-4a6d-880f-0a0fe8247213 be5cdec61e7f44b99d73d3023f795016 c43d51c1118b4764b3a24ee0b3d4ca4b - - default default] 10.0.0.105 "GET /v2.0/policies/378785c5-1443-42b6-9999-ee5788bb9e2b/tags HTTP/1.1" status: 200 len: 227 time: 0.0273364
2026-04-27 22:07:40.437 10 INFO neutron.wsgi [None req-a41f598d-fb69-42e7-aa40-3b369e66f849 be5cdec61e7f44b99d73d3023f795016 c43d51c1118b4764b3a24ee0b3d4ca4b - - default default] 10.0.0.105 "PUT /v2.0/policies/378785c5-1443-42b6-9999-ee5788bb9e2b/tags/red HTTP/1.1" status: 201 len: 201 time: 0.0240495
2026-04-27 22:07:40.448 10 INFO neutron.wsgi [req-e8a96bc9-838f-4e87-90bd-237ea6976d51 req-56b18b34-613b-4144-8002-b1c64effd15d abf47f0e82fd4e48adbfd932d08a052c d1866124222c49278285fd285d1feb72 - - default default] 10.0.0.45 "GET /v2.0/security-groups?id=b0fc897d-0dbf-4522-8742-3faa9689cb57&fields=id&fields=name HTTP/1.1" status: 200 len: 312 time: 0.0449159
2026-04-27 22:07:40.459 10 INFO neutron.wsgi [None req-33caf6ee-4436-44e0-8a21-24cfc43fd4fd be5cdec61e7f44b99d73d3023f795016 c43d51c1118b4764b3a24ee0b3d4ca4b - - default default] 10.0.0.105 "GET /v2.0/policies/378785c5-1443-42b6-9999-ee5788bb9e2b/tags HTTP/1.1" status: 200 len: 227 time: 0.0170779
2026-04-27 22:07:40.495 10 INFO neutron.wsgi [None req-69cbda73-4bc4-4bde-9ba9-619eaf568fd6 be5cdec61e7f44b99d73d3023f795016 c43d51c1118b4764b3a24ee0b3d4ca4b - - default default] 10.0.0.105 "PUT /v2.0/policies/378785c5-1443-42b6-9999-ee5788bb9e2b/tags/black.or.white HTTP/1.1" status: 201 len: 201 time: 0.0298433
2026-04-27 22:07:40.520 10 INFO neutron.wsgi [None req-64116bd4-2057-4019-912e-c4fc411ee658 be5cdec61e7f44b99d73d3023f795016 c43d51c1118b4764b3a24ee0b3d4ca4b - - default default] 10.0.0.105 "GET /v2.0/policies/378785c5-1443-42b6-9999-ee5788bb9e2b/tags HTTP/1.1" status: 200 len: 245 time: 0.0193017
2026-04-27 22:07:40.573 10 INFO neutron.wsgi [None req-a75f95a1-cd70-4520-a609-51b69fc34f31 be5cdec61e7f44b99d73d3023f795016 c43d51c1118b4764b3a24ee0b3d4ca4b - - default default] 10.0.0.105 "PUT /v2.0/policies/378785c5-1443-42b6-9999-ee5788bb9e2b/tags HTTP/1.1" status: 200 len: 230 time: 0.0466249
2026-04-27 22:07:40.608 10 INFO neutron.wsgi [None req-bf7a7183-a4f9-432b-ae8b-628610312489 be5cdec61e7f44b99d73d3023f795016 c43d51c1118b4764b3a24ee0b3d4ca4b - - default default] 10.0.0.105 "GET /v2.0/policies/378785c5-1443-42b6-9999-ee5788bb9e2b/tags HTTP/1.1" status: 200 len: 230 time: 0.0288506
2026-04-27 22:07:40.636 10 INFO neutron.wsgi [None req-da094dbd-a13c-490c-b541-27fcda06da6c be5cdec61e7f44b99d73d3023f795016 c43d51c1118b4764b3a24ee0b3d4ca4b - - default default] 10.0.0.105 "GET /v2.0/policies/378785c5-1443-42b6-9999-ee5788bb9e2b/tags/red HTTP/1.1" status: 204 len: 168 time: 0.0206337
2026-04-27 22:07:40.656 9 INFO neutron.services.segments.plugin [-] Segment 49f92fe1-d919-448d-bac6-af2895a1fccb resource provider aggregate not found
2026-04-27 22:07:40.662 9 INFO neutron.services.segments.plugin [-] Segment 49f92fe1-d919-448d-bac6-af2895a1fccb resource provider aggregate not found
2026-04-27 22:07:40.674 9 INFO neutron.services.segments.plugin [-] Segment 49f92fe1-d919-448d-bac6-af2895a1fccb resource provider not found; error: Placement Client Error (4xx): {"errors": [{"status": 404, "title": "Not Found", "detail": "The resource could not be found.\n\n No resource provider with uuid 49f92fe1-d919-448d-bac6-af2895a1fccb found for delete ", "request_id": "req-a150adf2-8d88-40e5-bd43-0cbde6589522"}]}
2026-04-27 22:07:40.674 10 INFO neutron.api.v2.resource [None req-76a45d00-d323-44d1-abb8-909fcfd6dbb1 be5cdec61e7f44b99d73d3023f795016 c43d51c1118b4764b3a24ee0b3d4ca4b - - default default] show failed (client error): The resource could not be found.
2026-04-27 22:07:40.676 10 INFO neutron.wsgi [None req-76a45d00-d323-44d1-abb8-909fcfd6dbb1 be5cdec61e7f44b99d73d3023f795016 c43d51c1118b4764b3a24ee0b3d4ca4b - - default default] 10.0.0.105 "GET /v2.0/policies/378785c5-1443-42b6-9999-ee5788bb9e2b/tags/green HTTP/1.1" status: 404 len: 299 time: 0.0289817
2026-04-27 22:07:40.682 10 INFO neutron.plugins.ml2.drivers.ovn.mech_driver.mech_driver [None req-808e9de3-9bf9-42c7-be3d-e1b6b2eea620 - - - - - -] OVN reports status down for port: 2a7572b2-b9c5-44d4-84ea-f7cfd659b234
2026-04-27 22:07:40.684 9 INFO neutron.services.segments.plugin [-] Segment 49f92fe1-d919-448d-bac6-af2895a1fccb resource provider not found; error: Placement Client Error (4xx): {"errors": [{"status": 404, "title": "Not Found", "detail": "The resource could not be found.\n\n No resource provider with uuid 49f92fe1-d919-448d-bac6-af2895a1fccb found for delete ", "request_id": "req-06d3a45c-1c60-4a9e-b9cd-c75b4f15239d"}]}
2026-04-27 22:07:40.699 9 INFO neutron.wsgi [None req-3c49c740-5d6b-4032-ab6c-4d003412b001 224c47cb05ee4c108d6df163c3de13dc 6110a1173da640c8ba4b73e96e2d9b36 - - default default] 10.0.0.105 "DELETE /v2.0/networks/aea8ba66-9d56-4654-9a33-4c6127331725 HTTP/1.1" status: 204 len: 168 time: 0.3964956
2026-04-27 22:07:40.700 10 INFO neutron.wsgi [req-8a8a70dd-841a-4072-9e2e-21b2f0108d88 req-5a2c06c9-6754-49b5-bb3d-b5e5629b4362 abf47f0e82fd4e48adbfd932d08a052c d1866124222c49278285fd285d1feb72 - - default default] 10.0.0.45 "GET /v2.0/ports?device_id=4f537e1a-76e6-4e23-9713-92ec13d8997a HTTP/1.1" status: 200 len: 1170 time: 0.0538034
2026-04-27 22:07:40.711 10 WARNING neutron_lib.context [None req-c47ccf5b-7238-4d34-bfc3-67c3355511bc 224c47cb05ee4c108d6df163c3de13dc 6110a1173da640c8ba4b73e96e2d9b36 - - default default] Method 'is_advsvc' is deprecated since 2023.2 release (neutron-lib 3.8.0) and will be removed once support for the old RBAC API policies will be removed from Neutron. Please use method 'is_service_role' instead.
2026-04-27 22:07:40.739 9 INFO neutron.wsgi [None req-17bbe847-5354-4977-b00e-05b4498d033c be5cdec61e7f44b99d73d3023f795016 c43d51c1118b4764b3a24ee0b3d4ca4b - - default default] 10.0.0.105 "DELETE /v2.0/policies/378785c5-1443-42b6-9999-ee5788bb9e2b/tags/red HTTP/1.1" status: 204 len: 168 time: 0.0527670
2026-04-27 22:07:40.771 9 INFO neutron.wsgi [None req-772fbfd0-0803-44ce-8c00-d06b7cc47f8d be5cdec61e7f44b99d73d3023f795016 c43d51c1118b4764b3a24ee0b3d4ca4b - - default default] 10.0.0.105 "GET /v2.0/policies/378785c5-1443-42b6-9999-ee5788bb9e2b/tags HTTP/1.1" status: 200 len: 223 time: 0.0258904
2026-04-27 22:07:40.787 10 INFO neutron.wsgi [req-8a8a70dd-841a-4072-9e2e-21b2f0108d88 req-62369fc4-d779-4348-8da3-162d74ff3b7c abf47f0e82fd4e48adbfd932d08a052c d1866124222c49278285fd285d1feb72 - - default default] 10.0.0.45 "GET /v2.0/security-groups?id=b0fc897d-0dbf-4522-8742-3faa9689cb57&fields=id&fields=name HTTP/1.1" status: 200 len: 312 time: 0.0731246
2026-04-27 22:07:40.829 9 INFO neutron.api.v2.resource [None req-ed0477e2-12ec-489e-a07b-657f7166e56e be5cdec61e7f44b99d73d3023f795016 c43d51c1118b4764b3a24ee0b3d4ca4b - - default default] delete failed (client error): The resource could not be found.
2026-04-27 22:07:40.833 9 INFO neutron.wsgi [None req-ed0477e2-12ec-489e-a07b-657f7166e56e be5cdec61e7f44b99d73d3023f795016 c43d51c1118b4764b3a24ee0b3d4ca4b - - default default] 10.0.0.105 "DELETE /v2.0/policies/378785c5-1443-42b6-9999-ee5788bb9e2b/tags/green HTTP/1.1" status: 404 len: 299 time: 0.0545225
2026-04-27 22:07:40.870 10 INFO neutron.notifiers.nova [-] Nova event matching ['req-f8fc205d-c163-4c97-b556-504877e66991'] response: {'server_uuid': '4f537e1a-76e6-4e23-9713-92ec13d8997a', 'name': 'network-vif-unplugged', 'status': 'completed', 'tag': '2a7572b2-b9c5-44d4-84ea-f7cfd659b234', 'code': 200}
2026-04-27 22:07:40.876 9 INFO neutron.wsgi [None req-eafb2b0d-3781-4a10-827e-0f4ccb6d1761 be5cdec61e7f44b99d73d3023f795016 c43d51c1118b4764b3a24ee0b3d4ca4b - - default default] 10.0.0.105 "DELETE /v2.0/policies/378785c5-1443-42b6-9999-ee5788bb9e2b/tags HTTP/1.1" status: 204 len: 168 time: 0.0385988
2026-04-27 22:07:40.913 9 INFO neutron.wsgi [None req-3907bf87-ff8c-4e9a-b673-e3d2047c5a95 be5cdec61e7f44b99d73d3023f795016 c43d51c1118b4764b3a24ee0b3d4ca4b - - default default] 10.0.0.105 "GET /v2.0/policies/378785c5-1443-42b6-9999-ee5788bb9e2b/tags HTTP/1.1" status: 200 len: 205 time: 0.0289438
2026-04-27 22:07:40.992 9 INFO neutron.wsgi [None req-43d7d20c-4dfb-4d9a-9f8d-1b6180d04091 be5cdec61e7f44b99d73d3023f795016 c43d51c1118b4764b3a24ee0b3d4ca4b - - default default] 10.0.0.105 "DELETE /v2.0/qos/policies/378785c5-1443-42b6-9999-ee5788bb9e2b HTTP/1.1" status: 204 len: 168 time: 0.0738356
2026-04-27 22:07:41.021 10 INFO neutron.wsgi [req-be69eea4-89fd-44df-bd36-79304b4561c8 req-7032aeb8-fc21-4a13-92b7-ce859cb55c26 abf47f0e82fd4e48adbfd932d08a052c d1866124222c49278285fd285d1feb72 - - default default] 199.204.45.129 "GET /v2.0/ports?device_id=4f537e1a-76e6-4e23-9713-92ec13d8997a HTTP/1.1" status: 200 len: 1168 time: 0.0685103
2026-04-27 22:07:41.112 10 WARNING neutron.scheduler.dhcp_agent_scheduler [None req-c47ccf5b-7238-4d34-bfc3-67c3355511bc 224c47cb05ee4c108d6df163c3de13dc 6110a1173da640c8ba4b73e96e2d9b36 - - default default] No more DHCP agents
2026-04-27 22:07:41.118 10 WARNING neutron.api.rpc.agentnotifiers.dhcp_rpc_agent_api [None req-c47ccf5b-7238-4d34-bfc3-67c3355511bc 224c47cb05ee4c108d6df163c3de13dc 6110a1173da640c8ba4b73e96e2d9b36 - - default default] Unable to schedule network 1e0e1f40-0cac-4463-af71-a3d1ff89fc9a: no agents available; will retry on subsequent port and subnet creation events.
2026-04-27 22:07:41.144 10 INFO neutron.db.ovn_revision_numbers_db [None req-808e9de3-9bf9-42c7-be3d-e1b6b2eea620 - - - - - -] Successfully bumped revision number for resource 2a7572b2-b9c5-44d4-84ea-f7cfd659b234 (type: ports) to 7
2026-04-27 22:07:41.254 10 INFO neutron.db.ovn_revision_numbers_db [None req-c47ccf5b-7238-4d34-bfc3-67c3355511bc 224c47cb05ee4c108d6df163c3de13dc 6110a1173da640c8ba4b73e96e2d9b36 - - default default] Successfully bumped revision number for resource cf78314e-9fdf-459b-b076-d10a40d1c7b6 (type: ports) to 1
2026-04-27 22:07:41.287 10 INFO neutron.wsgi [None req-c47ccf5b-7238-4d34-bfc3-67c3355511bc 224c47cb05ee4c108d6df163c3de13dc 6110a1173da640c8ba4b73e96e2d9b36 - - default default] 10.0.0.105 "POST /v2.0/ports HTTP/1.1" status: 201 len: 978 time: 0.5808344
2026-04-27 22:07:41.425 10 INFO neutron.db.l3_db [req-be69eea4-89fd-44df-bd36-79304b4561c8 req-13b9b510-cd96-4349-b7b7-784669bba36d abf47f0e82fd4e48adbfd932d08a052c d1866124222c49278285fd285d1feb72 - - default default] Floating IP 7664252b-2aa9-4461-a2ad-b374d7797cbb disassociated. External IP: 10.96.250.204, port: 2a7572b2-b9c5-44d4-84ea-f7cfd659b234.
2026-04-27 22:07:41.556 9 INFO neutron.plugins.ml2.drivers.ovn.mech_driver.mech_driver [None req-97adb1c9-086d-4690-b232-f64ac205f541 - - - - - -] OVN reports status down for port: cf78314e-9fdf-459b-b076-d10a40d1c7b6
2026-04-27 22:07:41.608 9 INFO neutron.db.ovn_revision_numbers_db [None req-c0307b5d-a4c7-4c16-9961-7a05d90e3bd4 224c47cb05ee4c108d6df163c3de13dc 6110a1173da640c8ba4b73e96e2d9b36 - - default default] Successfully bumped revision number for resource cf78314e-9fdf-459b-b076-d10a40d1c7b6 (type: ports) to 2
2026-04-27 22:07:41.623 10 INFO neutron.wsgi [req-be69eea4-89fd-44df-bd36-79304b4561c8 req-13b9b510-cd96-4349-b7b7-784669bba36d abf47f0e82fd4e48adbfd932d08a052c d1866124222c49278285fd285d1feb72 - - default default] 199.204.45.129 "DELETE /v2.0/ports/2a7572b2-b9c5-44d4-84ea-f7cfd659b234 HTTP/1.1" status: 204 len: 173 time: 0.5969391
2026-04-27 22:07:41.623 9 INFO neutron.wsgi [None req-c0307b5d-a4c7-4c16-9961-7a05d90e3bd4 224c47cb05ee4c108d6df163c3de13dc 6110a1173da640c8ba4b73e96e2d9b36 - - default default] 10.0.0.105 "PUT /v2.0/ports/cf78314e-9fdf-459b-b076-d10a40d1c7b6 HTTP/1.1" status: 200 len: 946 time: 0.3314562 /var/lib/openstack/lib/python3.10/site-packages/pycadf/identifier.py:71: UserWarning: Invalid uuid: neutron. To ensure interoperability, identifiers should be a valid uuid. warnings.warn(('Invalid uuid: %s. To ensure interoperability, ' /var/lib/openstack/lib/python3.10/site-packages/pycadf/identifier.py:71: UserWarning: Invalid uuid: neutron. To ensure interoperability, identifiers should be a valid uuid. warnings.warn(('Invalid uuid: %s. To ensure interoperability, '
2026-04-27 22:07:41.892 10 INFO neutron.wsgi [req-eaeb687e-a59f-41c8-8f78-a66ca01e6cb3 req-0d30cda3-f30d-4a84-821f-691452f4b2d9 abf47f0e82fd4e48adbfd932d08a052c d1866124222c49278285fd285d1feb72 - - default default] 10.0.0.45 "GET /v2.0/ports?device_id=4f537e1a-76e6-4e23-9713-92ec13d8997a HTTP/1.1" status: 200 len: 210 time: 0.0202820
2026-04-27 22:07:41.902 10 INFO neutron.wsgi [None req-c0c55bd9-94ad-4285-b5d9-55973a53de94 224c47cb05ee4c108d6df163c3de13dc 6110a1173da640c8ba4b73e96e2d9b36 - - default default] 10.0.0.105 "DELETE /v2.0/ports/cf78314e-9fdf-459b-b076-d10a40d1c7b6 HTTP/1.1" status: 204 len: 168 time: 0.2723150
2026-04-27 22:07:41.969 10 INFO neutron.wsgi [None req-455642e3-d541-4903-8acf-bc20e3264f19 224c47cb05ee4c108d6df163c3de13dc 6110a1173da640c8ba4b73e96e2d9b36 - - default default] 10.0.0.105 "GET /v2.0/ports HTTP/1.1" status: 200 len: 1732 time: 0.0623682
2026-04-27 22:07:41.971 9 INFO neutron.db.ovn_revision_numbers_db [None req-4a27c792-e813-4203-99c8-0f3442bd0d92 da9ea4bce9fa49798930ea075b6f69d6 9e87328a0e33464295d10e591d61c010 - - default default] Successfully bumped revision number for resource 0cf3b7a7-d3e7-4560-81a2-bb74ba82b2a1 (type: security_groups) to 1
2026-04-27 22:07:41.986 9 INFO neutron.db.ovn_revision_numbers_db [None req-4a27c792-e813-4203-99c8-0f3442bd0d92 da9ea4bce9fa49798930ea075b6f69d6 9e87328a0e33464295d10e591d61c010 - - default default] Successfully bumped revision number for resource 29cb353f-a087-49b5-bc37-98699158237c (type: security_group_rules) to 0
2026-04-27 22:07:41.997 10 INFO neutron.pecan_wsgi.hooks.translation [None req-6bf7ff5d-1f77-49cf-a77a-ecb8861a53b0 224c47cb05ee4c108d6df163c3de13dc 6110a1173da640c8ba4b73e96e2d9b36 - - default default] GET failed (client error): The resource could not be found.
2026-04-27 22:07:41.999 10 INFO neutron.wsgi [None req-6bf7ff5d-1f77-49cf-a77a-ecb8861a53b0 224c47cb05ee4c108d6df163c3de13dc 6110a1173da640c8ba4b73e96e2d9b36 - - default default] 10.0.0.105 "GET /v2.0/ports/cf78314e-9fdf-459b-b076-d10a40d1c7b6 HTTP/1.1" status: 404 len: 333 time: 0.0241272
2026-04-27 22:07:42.001 9 INFO neutron.db.ovn_revision_numbers_db [None req-4a27c792-e813-4203-99c8-0f3442bd0d92 da9ea4bce9fa49798930ea075b6f69d6 9e87328a0e33464295d10e591d61c010 - - default default] Successfully bumped revision number for resource 365e6b14-501d-4b8f-8c14-8d20d8aabc34 (type: security_group_rules) to 0
2026-04-27 22:07:42.019 9 INFO neutron.db.ovn_revision_numbers_db [None req-4a27c792-e813-4203-99c8-0f3442bd0d92 da9ea4bce9fa49798930ea075b6f69d6 9e87328a0e33464295d10e591d61c010 - - default default] Successfully bumped revision number for resource 84ec6ac3-ae5f-41aa-89ed-4f3fab5261fa (type: security_group_rules) to 0
2026-04-27 22:07:42.034 9 INFO neutron.db.ovn_revision_numbers_db [None req-4a27c792-e813-4203-99c8-0f3442bd0d92 da9ea4bce9fa49798930ea075b6f69d6 9e87328a0e33464295d10e591d61c010 - - default default] Successfully bumped revision number for resource bd2f452d-b29d-4f16-8a1d-b9f88371d65a (type: security_group_rules) to 0
2026-04-27 22:07:42.052 9 INFO neutron.wsgi [None req-4a27c792-e813-4203-99c8-0f3442bd0d92 da9ea4bce9fa49798930ea075b6f69d6 9e87328a0e33464295d10e591d61c010 - - default default] 10.0.0.105 "GET /v2.0/security-groups?tenant_id=3a2582266f614cd8bd9356785b2ee001&name=default HTTP/1.1" status: 200 len: 2996 time: 0.3492107
2026-04-27 22:07:42.054 10 INFO neutron.wsgi [None req-00b73aa2-4731-4744-b9f4-5630f07e786f 224c47cb05ee4c108d6df163c3de13dc 6110a1173da640c8ba4b73e96e2d9b36 - - default default] 10.0.0.105 "GET /v2.0/ports HTTP/1.1" status: 200 len: 1732 time: 0.0470934
2026-04-27 22:07:42.136 9 INFO neutron.wsgi [None req-c06220f3-3939-4007-8a1a-8ef0e6fdf9f0 224c47cb05ee4c108d6df163c3de13dc 6110a1173da640c8ba4b73e96e2d9b36 - - default default] 10.0.0.105 "GET /v2.0/ports/9ff6f569-1977-497d-a724-53aefaed7de1 HTTP/1.1" status: 200 len: 972 time: 0.0736194
2026-04-27 22:07:42.162 9 INFO neutron.pecan_wsgi.hooks.translation [None req-64465cfb-e3f3-4783-8400-0601b2c35907 224c47cb05ee4c108d6df163c3de13dc 6110a1173da640c8ba4b73e96e2d9b36 - - default default] DELETE failed (client error): The resource could not be found.
2026-04-27 22:07:42.165 9 INFO neutron.wsgi [None req-64465cfb-e3f3-4783-8400-0601b2c35907 224c47cb05ee4c108d6df163c3de13dc 6110a1173da640c8ba4b73e96e2d9b36 - - default default] 10.0.0.105 "DELETE /v2.0/ports/455a091c-4505-4375-b4c0-2319e842e14e HTTP/1.1" status: 404 len: 333 time: 0.0219970
2026-04-27 22:07:42.184 9 INFO neutron.pecan_wsgi.hooks.translation [None req-ed7d6fc9-f2d7-4806-9ccc-e7ac346a5586 224c47cb05ee4c108d6df163c3de13dc 6110a1173da640c8ba4b73e96e2d9b36 - - default default] DELETE failed (client error): The resource could not be found.
2026-04-27 22:07:42.186 9 INFO neutron.wsgi [None req-ed7d6fc9-f2d7-4806-9ccc-e7ac346a5586 224c47cb05ee4c108d6df163c3de13dc 6110a1173da640c8ba4b73e96e2d9b36 - - default default] 10.0.0.105 "DELETE /v2.0/subnets/735ee5f7-7630-4f67-90d5-1c2ec2946cf9 HTTP/1.1" status: 404 len: 337 time: 0.0170400
2026-04-27 22:07:42.208 9 INFO neutron.pecan_wsgi.hooks.translation [None req-e6ddf175-2c5a-4616-b5da-d797efcd6c90 224c47cb05ee4c108d6df163c3de13dc 6110a1173da640c8ba4b73e96e2d9b36 - - default default] DELETE failed (client error): The resource could not be found.
2026-04-27 22:07:42.210 9 INFO neutron.wsgi [None req-e6ddf175-2c5a-4616-b5da-d797efcd6c90 224c47cb05ee4c108d6df163c3de13dc 6110a1173da640c8ba4b73e96e2d9b36 - - default default] 10.0.0.105 "DELETE /v2.0/subnets/aeac1d6b-6ca1-4cc2-a6b5-080a655ffdd4 HTTP/1.1" status: 404 len: 337 time: 0.0187354
2026-04-27 22:07:42.280 10 INFO neutron.wsgi [None req-38950f46-c91f-4bc9-b0dc-726c73a45d75 da9ea4bce9fa49798930ea075b6f69d6 9e87328a0e33464295d10e591d61c010 - - default default] 10.0.0.105 "DELETE /v2.0/security-groups/0cf3b7a7-d3e7-4560-81a2-bb74ba82b2a1 HTTP/1.1" status: 204 len: 168 time: 0.2235065
2026-04-27 22:07:42.388 10 INFO neutron.wsgi [-] 10.0.0.203 "GET / HTTP/1.1" status: 200 len: 246 time: 0.0020554
2026-04-27 22:07:42.391 10 INFO neutron.wsgi [-] 10.0.0.203 "GET / HTTP/1.1" status: 200 len: 246 time: 0.0016096
2026-04-27 22:07:42.522 9 INFO neutron.wsgi [None req-867fdbb7-e7b3-4ca5-a37f-3f7b783c5aa2 224c47cb05ee4c108d6df163c3de13dc 6110a1173da640c8ba4b73e96e2d9b36 - - default default] 10.0.0.105 "DELETE /v2.0/ports/9ff6f569-1977-497d-a724-53aefaed7de1 HTTP/1.1" status: 204 len: 168 time: 0.3059099
2026-04-27 22:07:42.567 9 INFO neutron.db.ovn_revision_numbers_db [None req-c09fd18b-2d54-4fc7-a1c3-25df7c021322 da9ea4bce9fa49798930ea075b6f69d6 9e87328a0e33464295d10e591d61c010 - - default default] Successfully bumped revision number for resource 2d14120f-0fdf-4463-a65d-5e355e3648e1 (type: security_groups) to 1
2026-04-27 22:07:42.581 9 INFO neutron.db.ovn_revision_numbers_db [None req-c09fd18b-2d54-4fc7-a1c3-25df7c021322 da9ea4bce9fa49798930ea075b6f69d6 9e87328a0e33464295d10e591d61c010 - - default default] Successfully bumped revision number for resource 073e6799-2c4e-41de-b4c4-08b5c1a26785 (type: security_group_rules) to 0
2026-04-27 22:07:42.594 9 INFO neutron.db.ovn_revision_numbers_db [None req-c09fd18b-2d54-4fc7-a1c3-25df7c021322 da9ea4bce9fa49798930ea075b6f69d6 9e87328a0e33464295d10e591d61c010 - - default default] Successfully bumped revision number for resource 229570ee-003d-4dd7-8c6c-29e7b5833028 (type: security_group_rules) to 0
2026-04-27 22:07:42.608 9 INFO neutron.db.ovn_revision_numbers_db [None req-c09fd18b-2d54-4fc7-a1c3-25df7c021322 da9ea4bce9fa49798930ea075b6f69d6 9e87328a0e33464295d10e591d61c010 - - default default] Successfully bumped revision number for resource a75de421-b012-4824-8e71-cb66c2d7bb73 (type: security_group_rules) to 0
2026-04-27 22:07:42.619 9 INFO neutron.db.ovn_revision_numbers_db [None req-c09fd18b-2d54-4fc7-a1c3-25df7c021322 da9ea4bce9fa49798930ea075b6f69d6 9e87328a0e33464295d10e591d61c010 - - default default] Successfully bumped revision number for resource e982e56a-17f6-422b-b8fe-9209ed5b5117 (type: security_group_rules) to 0
2026-04-27 22:07:42.641 9 INFO neutron.wsgi [None req-c09fd18b-2d54-4fc7-a1c3-25df7c021322 da9ea4bce9fa49798930ea075b6f69d6 9e87328a0e33464295d10e591d61c010 - - default default] 10.0.0.105 "GET /v2.0/security-groups?tenant_id=c43d51c1118b4764b3a24ee0b3d4ca4b&name=default HTTP/1.1" status: 200 len: 2996 time: 0.2181141
2026-04-27 22:07:42.819 9 INFO neutron.wsgi [None req-4ee7a017-0cd2-4f6a-996d-7d9d1920398f da9ea4bce9fa49798930ea075b6f69d6 9e87328a0e33464295d10e591d61c010 - - default default] 10.0.0.105 "DELETE /v2.0/security-groups/2d14120f-0fdf-4463-a65d-5e355e3648e1 HTTP/1.1" status: 204 len: 168 time: 0.1733751
2026-04-27 22:07:42.892 10 INFO neutron.services.segments.plugin [-] Segment aa406a7c-f22f-4c46-8ab9-7dfaf3e35977 resource provider aggregate not found
2026-04-27 22:07:42.898 10 INFO neutron.services.segments.plugin [-] Segment aa406a7c-f22f-4c46-8ab9-7dfaf3e35977 resource provider aggregate not found
2026-04-27 22:07:42.912 10 INFO neutron.notifiers.nova [-] Nova event matching ['req-39b50b06-e76e-4d03-9856-6c2c52cb73b3'] response: {'server_uuid': '4f537e1a-76e6-4e23-9713-92ec13d8997a', 'name': 'network-vif-plugged', 'status': 'completed', 'tag': '2a7572b2-b9c5-44d4-84ea-f7cfd659b234', 'code': 200}
2026-04-27 22:07:42.912 10 INFO neutron.notifiers.nova [-] Nova event matching ['req-39b50b06-e76e-4d03-9856-6c2c52cb73b3'] response: {'server_uuid': '4f537e1a-76e6-4e23-9713-92ec13d8997a', 'name': 'network-vif-deleted', 'tag': '2a7572b2-b9c5-44d4-84ea-f7cfd659b234', 'status': 'completed', 'code': 200}
2026-04-27 22:07:42.926 10 INFO neutron.services.segments.plugin [-] Segment aa406a7c-f22f-4c46-8ab9-7dfaf3e35977 resource provider not found; error: Placement Client Error (4xx): {"errors": [{"status": 404, "title": "Not Found", "detail": "The resource could not be found.\n\n No resource provider with uuid aa406a7c-f22f-4c46-8ab9-7dfaf3e35977 found for delete ", "request_id": "req-2a5d089f-b836-4a13-be76-590134cd6b15"}]}
2026-04-27 22:07:42.929 10 INFO neutron.services.segments.plugin [-] Segment aa406a7c-f22f-4c46-8ab9-7dfaf3e35977 resource provider not found; error: Placement Client Error (4xx): {"errors": [{"status": 404, "title": "Not Found", "detail": "The resource could not be found.\n\n No resource provider with uuid aa406a7c-f22f-4c46-8ab9-7dfaf3e35977 found for delete ", "request_id": "req-eb449d37-c665-457f-b850-e71066eb473d"}]}
2026-04-27 22:07:42.952 10 INFO neutron.wsgi [None req-d80c06e0-2232-45ec-85ef-239f4605baf2 224c47cb05ee4c108d6df163c3de13dc 6110a1173da640c8ba4b73e96e2d9b36 - - default default] 10.0.0.105 "DELETE /v2.0/networks/1e0e1f40-0cac-4463-af71-a3d1ff89fc9a HTTP/1.1" status: 204 len: 168 time: 0.4260616
2026-04-27 22:07:43.107 10 INFO neutron.wsgi [None req-e062f8d5-5584-4cf4-afb8-386d8c8472d7 abf47f0e82fd4e48adbfd932d08a052c d1866124222c49278285fd285d1feb72 - - default default] 10.0.0.105 "DELETE /v2.0/security-groups/b0fc897d-0dbf-4522-8742-3faa9689cb57 HTTP/1.1" status: 204 len: 168 time: 0.1205492
2026-04-27 22:07:43.129 10 INFO neutron.api.v2.resource [None req-dcb2ffb9-9831-4c7e-9e2d-5c62afcf851d abf47f0e82fd4e48adbfd932d08a052c d1866124222c49278285fd285d1feb72 - - default default] show failed (client error): The resource could not be found.
2026-04-27 22:07:43.131 10 INFO neutron.wsgi [None req-dcb2ffb9-9831-4c7e-9e2d-5c62afcf851d abf47f0e82fd4e48adbfd932d08a052c d1866124222c49278285fd285d1feb72 - - default default] 10.0.0.105 "GET /v2.0/security-groups/b0fc897d-0dbf-4522-8742-3faa9689cb57 HTTP/1.1" status: 404 len: 347 time: 0.0184417
2026-04-27 22:07:43.319 10 INFO neutron.wsgi [req-f2f610d5-cc84-4da2-b907-fd387aa2ee07 req-4066d634-bd75-4339-b766-9491d583d700 dfe67ae67a0d45b0a4511adb4b45b466 398885860a1a485a97ce085702de3e7d - - 9b8ddd2dacbe4426aee095541780fd67 9b8ddd2dacbe4426aee095541780fd67] 10.0.0.198 "GET /v2.0/ports?device_id=b936e5dd-b8a4-4adb-abdc-9ab44c6ba7c5 HTTP/1.1" status: 200 len: 1409 time: 0.0549600
2026-04-27 22:07:43.396 10 INFO neutron.wsgi [req-f2f610d5-cc84-4da2-b907-fd387aa2ee07 req-3a383167-b372-4c11-aa26-54ebcf029b89 dfe67ae67a0d45b0a4511adb4b45b466 398885860a1a485a97ce085702de3e7d - - 9b8ddd2dacbe4426aee095541780fd67 9b8ddd2dacbe4426aee095541780fd67] 10.0.0.198 "GET /v2.0/security-groups?id=f5a04926-9f75-4491-8b00-6e63c278bdd7&fields=id&fields=name HTTP/1.1" status: 200 len: 312 time: 0.0697827
2026-04-27 22:07:43.566 10 INFO neutron.wsgi [None req-eb6a60cf-6e31-48c9-a29e-cd37f5f64c8c abf47f0e82fd4e48adbfd932d08a052c d1866124222c49278285fd285d1feb72 - - default default] 10.0.0.105 "DELETE /v2.0/floatingips/7664252b-2aa9-4461-a2ad-b374d7797cbb HTTP/1.1" status: 204 len: 168 time: 0.4267273
2026-04-27 22:07:43.684 9 INFO neutron.wsgi [None req-7ec55113-7fa5-4c19-9dd9-3b0b689d8dda da9ea4bce9fa49798930ea075b6f69d6 9e87328a0e33464295d10e591d61c010 - - default default] 10.0.0.105 "GET /v2.0/security-groups?tenant_id=6110a1173da640c8ba4b73e96e2d9b36&name=default HTTP/1.1" status: 200 len: 2996 time: 0.2342868
2026-04-27 22:07:43.919 9 INFO neutron.wsgi [None req-71a25c9b-312e-45f0-b4fc-61af2f0fb570 da9ea4bce9fa49798930ea075b6f69d6 9e87328a0e33464295d10e591d61c010 - - default default] 10.0.0.105 "DELETE /v2.0/security-groups/24db8399-cdee-4506-85df-8f8528875a40 HTTP/1.1" status: 204 len: 168 time: 0.2293360
2026-04-27 22:07:44.682 10 INFO neutron.wsgi [None req-3a26a69c-5bbe-4074-8300-8b15da113a82 da9ea4bce9fa49798930ea075b6f69d6 9e87328a0e33464295d10e591d61c010 - - default default] 10.0.0.105 "PUT /v2.0/routers/d608fbb1-c681-47a0-b353-7fac1b4681c2/remove_router_interface HTTP/1.1" status: 200 len: 503 time: 1.1063144 /var/lib/openstack/lib/python3.10/site-packages/pycadf/identifier.py:71: UserWarning: Invalid uuid: neutron. To ensure interoperability, identifiers should be a valid uuid. warnings.warn(('Invalid uuid: %s. To ensure interoperability, '
2026-04-27 22:07:45.400 9 INFO neutron.wsgi [None req-e13b52d0-6a4c-4937-b9a2-a2fa6d48aef7 5af8c85877d3472a900c838a8d1ce6b4 c0e7da2a7be64a5a9862351ea4b25da8 - - default default] 10.0.0.105 "GET /v2.0/ports?project_id=d3a89fa4633c4386bc030007e6181bba&network_id=39177c2a-0737-4f30-b1ff-69aad5341d37 HTTP/1.1" status: 200 len: 3510 time: 0.0698805
2026-04-27 22:07:45.664 10 INFO neutron.wsgi [None req-532a94ce-b39d-40b5-8af5-dcd101352122 5af8c85877d3472a900c838a8d1ce6b4 c0e7da2a7be64a5a9862351ea4b25da8 - - default default] 10.0.0.105 "GET /v2.0/subnets?network_id=5cd4b189-3e6b-435e-b218-98182b85042c HTTP/1.1" status: 200 len: 838 time: 0.0567257
2026-04-27 22:07:45.746 9 WARNING neutron_lib.context [None req-19eace4f-df21-4bb6-8211-5189929d9937 321b433d6fcd4a238cd5779fedc73059 4bd8039a746247748b77015018c71db6 - - default default] Method 'is_advsvc' is deprecated since 2023.2 release (neutron-lib 3.8.0) and will be removed once support for the old RBAC API policies will be removed from Neutron. Please use method 'is_service_role' instead.
2026-04-27 22:07:45.851 10 INFO neutron.wsgi [None req-360be4c9-fb4e-4bea-8d5e-9e4f8d4ed97e da9ea4bce9fa49798930ea075b6f69d6 9e87328a0e33464295d10e591d61c010 - - default default] 10.0.0.105 "DELETE /v2.0/routers/d608fbb1-c681-47a0-b353-7fac1b4681c2 HTTP/1.1" status: 204 len: 168 time: 1.1642532
2026-04-27 22:07:45.895 9 INFO neutron.db.ovn_revision_numbers_db [None req-19eace4f-df21-4bb6-8211-5189929d9937 321b433d6fcd4a238cd5779fedc73059 4bd8039a746247748b77015018c71db6 - - default default] Successfully bumped revision number for resource 0cc43536-24aa-4cc2-951c-5bb7051cd910 (type: security_groups) to 1
2026-04-27 22:07:45.924 9 INFO neutron.db.ovn_revision_numbers_db [None req-19eace4f-df21-4bb6-8211-5189929d9937 321b433d6fcd4a238cd5779fedc73059 4bd8039a746247748b77015018c71db6 - - default default] Successfully bumped revision number for resource 2e0d5c0e-23ce-47e8-8fc1-48aabda7889f (type: security_group_rules) to 0
2026-04-27 22:07:45.957 9 INFO neutron.db.ovn_revision_numbers_db [None req-19eace4f-df21-4bb6-8211-5189929d9937 321b433d6fcd4a238cd5779fedc73059 4bd8039a746247748b77015018c71db6 - - default default] Successfully bumped revision number for resource 3c3b3ce3-b95d-4445-a89f-810a27150d3d (type: security_group_rules) to 0
2026-04-27 22:07:45.978 9 INFO neutron.db.ovn_revision_numbers_db [None req-19eace4f-df21-4bb6-8211-5189929d9937 321b433d6fcd4a238cd5779fedc73059 4bd8039a746247748b77015018c71db6 - - default default] Successfully bumped revision number for resource f6c505d0-18d0-4972-a6f6-e7b0ea407fda (type: security_group_rules) to 0
2026-04-27 22:07:46.004 9 INFO neutron.db.ovn_revision_numbers_db [None req-19eace4f-df21-4bb6-8211-5189929d9937 321b433d6fcd4a238cd5779fedc73059 4bd8039a746247748b77015018c71db6 - - default default] Successfully bumped revision number for resource f90f2653-a298-4bbd-8467-8647dd4a0a72 (type: security_group_rules) to 0
2026-04-27 22:07:46.021 9 INFO neutron.db.l3_db [None req-07d24761-8b37-4a9c-bbb1-280555f6f0f2 5785e1b138df4a288cf151cfd6ebbb8a d3a89fa4633c4386bc030007e6181bba - - default default] Floating IP c3ccb620-f05c-4042-ac89-8cb5dc49f740 disassociated. External IP: 10.96.250.201, port: 8674a7c1-d2a2-46ab-b52f-43fed0b42403.
2026-04-27 22:07:46.078 9 INFO neutron.db.ovn_revision_numbers_db [None req-07d24761-8b37-4a9c-bbb1-280555f6f0f2 5785e1b138df4a288cf151cfd6ebbb8a d3a89fa4633c4386bc030007e6181bba - - default default] Successfully bumped revision number for resource c3ccb620-f05c-4042-ac89-8cb5dc49f740 (type: floatingips) to 2
2026-04-27 22:07:46.078 10 INFO neutron.wsgi [None req-9321cede-3d1f-4728-b219-d98229d55db3 da9ea4bce9fa49798930ea075b6f69d6 9e87328a0e33464295d10e591d61c010 - - default default] 10.0.0.105 "DELETE /v2.0/subnets/c42c0e31-4a0e-4cf5-ad77-9c5be9f493d0 HTTP/1.1" status: 204 len: 168 time: 0.2211106 /var/lib/openstack/lib/python3.10/site-packages/pycadf/identifier.py:71: UserWarning: Invalid uuid: neutron. To ensure interoperability, identifiers should be a valid uuid. warnings.warn(('Invalid uuid: %s. To ensure interoperability, '
2026-04-27 22:07:46.163 9 INFO neutron.wsgi [None req-07d24761-8b37-4a9c-bbb1-280555f6f0f2 5785e1b138df4a288cf151cfd6ebbb8a d3a89fa4633c4386bc030007e6181bba - - default default] 10.0.0.105 "PUT /v2.0/floatingips/c3ccb620-f05c-4042-ac89-8cb5dc49f740 HTTP/1.1" status: 200 len: 748 time: 0.3260822
2026-04-27 22:07:46.176 9 INFO neutron.db.ovn_revision_numbers_db [None req-19eace4f-df21-4bb6-8211-5189929d9937 321b433d6fcd4a238cd5779fedc73059 4bd8039a746247748b77015018c71db6 - - default default] Successfully bumped revision number for resource 26600810-59f4-4824-aaeb-6e740196ac44 (type: security_groups) to 1
2026-04-27 22:07:46.199 9 INFO neutron.wsgi [None req-2326bda5-e260-4c9c-81f5-7eaa02fc2e67 5785e1b138df4a288cf151cfd6ebbb8a d3a89fa4633c4386bc030007e6181bba - - default default] 10.0.0.105 "GET /v2.0/floatingips/c3ccb620-f05c-4042-ac89-8cb5dc49f740 HTTP/1.1" status: 200 len: 746 time: 0.0283067
2026-04-27 22:07:46.200 9 INFO neutron.notifiers.nova [-] Nova event matching ['req-422c12e2-0bcf-445a-b4ae-fc6619a1492c'] response: {'name': 'network-changed', 'server_uuid': 'b936e5dd-b8a4-4adb-abdc-9ab44c6ba7c5', 'tag': '8674a7c1-d2a2-46ab-b52f-43fed0b42403', 'status': 'completed', 'code': 200}
2026-04-27 22:07:46.204 9 INFO neutron.db.ovn_revision_numbers_db [None req-19eace4f-df21-4bb6-8211-5189929d9937 321b433d6fcd4a238cd5779fedc73059 4bd8039a746247748b77015018c71db6 - - default default] Successfully bumped revision number for resource 0185d15b-042b-4f15-9b5c-2b752d883a06 (type: security_group_rules) to 0
2026-04-27 22:07:46.217 9 INFO neutron.db.ovn_revision_numbers_db [None req-19eace4f-df21-4bb6-8211-5189929d9937 321b433d6fcd4a238cd5779fedc73059 4bd8039a746247748b77015018c71db6 - - default default] Successfully bumped revision number for resource 179f7da0-944c-4ce4-b8a5-ca93b80bbe9c (type: security_group_rules) to 0
2026-04-27 22:07:46.240 9 INFO neutron.wsgi [None req-19eace4f-df21-4bb6-8211-5189929d9937 321b433d6fcd4a238cd5779fedc73059 4bd8039a746247748b77015018c71db6 - - default default] 10.0.0.105 "POST /v2.0/security-groups HTTP/1.1" status: 201 len: 1760 time: 0.6532450
2026-04-27 22:07:46.291 10 WARNING neutron_lib.context [None req-1ece0129-2a7f-48da-9eb1-c4b9d971b292 6d979188b91b49348206beb5a3163239 0a789415a1f04494a156ef431f593b1e - - default default] Method 'is_advsvc' is deprecated since 2023.2 release (neutron-lib 3.8.0) and will be removed once support for the old RBAC API policies will be removed from Neutron. Please use method 'is_service_role' instead.
2026-04-27 22:07:46.293 9 INFO neutron.wsgi [None req-4ff92c6f-0962-4fc3-8328-d562ebd0c0bf 321b433d6fcd4a238cd5779fedc73059 4bd8039a746247748b77015018c71db6 - - default default] 10.0.0.105 "GET /v2.0/security-groups HTTP/1.1" status: 200 len: 4538 time: 0.0481236
2026-04-27 22:07:46.300 10 INFO neutron.wsgi [req-908f4b73-052e-43f8-a019-88a94cb4c9a5 req-c25fc62b-4e94-4162-8d78-596555dfd1b1 dfe67ae67a0d45b0a4511adb4b45b466 398885860a1a485a97ce085702de3e7d - - 9b8ddd2dacbe4426aee095541780fd67 9b8ddd2dacbe4426aee095541780fd67] 199.204.45.129 "GET /v2.0/ports?tenant_id=d3a89fa4633c4386bc030007e6181bba&device_id=b936e5dd-b8a4-4adb-abdc-9ab44c6ba7c5 HTTP/1.1" status: 200 len: 1409 time: 0.0715132
2026-04-27 22:07:46.380 9 INFO neutron.db.ovn_revision_numbers_db [None req-32a57694-287e-4c4b-a55d-bc3574a15f4f 321b433d6fcd4a238cd5779fedc73059 4bd8039a746247748b77015018c71db6 - - default default] Successfully bumped revision number for resource 26600810-59f4-4824-aaeb-6e740196ac44 (type: security_groups) to 2
2026-04-27 22:07:46.384 9 INFO neutron.wsgi [None req-32a57694-287e-4c4b-a55d-bc3574a15f4f 321b433d6fcd4a238cd5779fedc73059 4bd8039a746247748b77015018c71db6 - - default default] 10.0.0.105 "PUT /v2.0/security-groups/26600810-59f4-4824-aaeb-6e740196ac44 HTTP/1.1" status: 200 len: 1792 time: 0.0820620
2026-04-27 22:07:46.420 10 INFO neutron.wsgi [req-908f4b73-052e-43f8-a019-88a94cb4c9a5 req-b5af880e-fbea-4e67-8a84-85915e008ca5 dfe67ae67a0d45b0a4511adb4b45b466 398885860a1a485a97ce085702de3e7d - - 9b8ddd2dacbe4426aee095541780fd67 9b8ddd2dacbe4426aee095541780fd67] 199.204.45.129 "GET /v2.0/networks?id=39177c2a-0737-4f30-b1ff-69aad5341d37 HTTP/1.1" status: 200 len: 958 time: 0.1138797
2026-04-27 22:07:46.437 9 INFO neutron.wsgi [None req-f5e94197-4fdb-4088-ac5c-265809ee8c1a 321b433d6fcd4a238cd5779fedc73059 4bd8039a746247748b77015018c71db6 - - default default] 10.0.0.105 "GET /v2.0/security-groups/26600810-59f4-4824-aaeb-6e740196ac44 HTTP/1.1" status: 200 len: 1792 time: 0.0426760
2026-04-27 22:07:46.465 10 INFO neutron.wsgi [req-908f4b73-052e-43f8-a019-88a94cb4c9a5 req-5b0147ce-7b43-44b3-9d72-5d1a1779960c dfe67ae67a0d45b0a4511adb4b45b466 398885860a1a485a97ce085702de3e7d - - 9b8ddd2dacbe4426aee095541780fd67 9b8ddd2dacbe4426aee095541780fd67] 199.204.45.129 "GET /v2.0/floatingips?fixed_ip_address=10.100.0.8&port_id=8674a7c1-d2a2-46ab-b52f-43fed0b42403 HTTP/1.1" status: 200 len: 217 time: 0.0394948
2026-04-27 22:07:46.566 9 INFO neutron.wsgi [None req-2aeb9e35-02da-418d-b6e5-7411d5cae9a4 321b433d6fcd4a238cd5779fedc73059 4bd8039a746247748b77015018c71db6 - - default default] 10.0.0.105 "DELETE /v2.0/security-groups/26600810-59f4-4824-aaeb-6e740196ac44 HTTP/1.1" status: 204 len: 168 time: 0.1251166
2026-04-27 22:07:46.567 10 INFO neutron.wsgi [req-908f4b73-052e-43f8-a019-88a94cb4c9a5 req-9bf956e5-793b-42be-91e1-8c09ad8bf4d6 dfe67ae67a0d45b0a4511adb4b45b466 398885860a1a485a97ce085702de3e7d - - 9b8ddd2dacbe4426aee095541780fd67 9b8ddd2dacbe4426aee095541780fd67] 199.204.45.129 "GET /v2.0/subnets?id=daa64f1c-9c61-4924-94f8-f95fdd7f9fec HTTP/1.1" status: 200 len: 853 time: 0.0865245
2026-04-27 22:07:46.586 10 INFO neutron.db.ovn_revision_numbers_db [None req-1ece0129-2a7f-48da-9eb1-c4b9d971b292 6d979188b91b49348206beb5a3163239 0a789415a1f04494a156ef431f593b1e - - default default] Successfully bumped revision number for resource f945168a-bf99-4bae-87e4-a0390b47e8e1 (type: routers) to 1
2026-04-27 22:07:46.599 10 INFO neutron.wsgi [req-908f4b73-052e-43f8-a019-88a94cb4c9a5 req-c13c596e-5872-405b-8d2b-136847c12005 dfe67ae67a0d45b0a4511adb4b45b466 398885860a1a485a97ce085702de3e7d - - 9b8ddd2dacbe4426aee095541780fd67 9b8ddd2dacbe4426aee095541780fd67] 199.204.45.129 "GET /v2.0/ports?network_id=39177c2a-0737-4f30-b1ff-69aad5341d37&device_owner=network%3Adhcp HTTP/1.1" status: 200 len: 210 time: 0.0238197
2026-04-27 22:07:46.608 9 INFO neutron.wsgi [None req-deacd828-a278-496b-9987-2b21686bbcf6 321b433d6fcd4a238cd5779fedc73059 4bd8039a746247748b77015018c71db6 - - default default] 10.0.0.105 "GET /v2.0/security-groups HTTP/1.1" status: 200 len: 2996 time: 0.0362477
2026-04-27 22:07:46.618 10 INFO neutron.wsgi [None req-1ece0129-2a7f-48da-9eb1-c4b9d971b292 6d979188b91b49348206beb5a3163239 0a789415a1f04494a156ef431f593b1e - - default default] 10.0.0.105 "POST /v2.0/routers HTTP/1.1" status: 201 len: 654 time: 0.3975289
2026-04-27 22:07:46.634 9 INFO neutron.api.v2.resource [None req-7ff2ae45-03a3-40d6-97b2-727e06f2096d 321b433d6fcd4a238cd5779fedc73059 4bd8039a746247748b77015018c71db6 - - default default] delete failed (client error): The resource could not be found.
2026-04-27 22:07:46.636 9 INFO neutron.wsgi [None req-7ff2ae45-03a3-40d6-97b2-727e06f2096d 321b433d6fcd4a238cd5779fedc73059 4bd8039a746247748b77015018c71db6 - - default default] 10.0.0.105 "DELETE /v2.0/security-groups/26600810-59f4-4824-aaeb-6e740196ac44 HTTP/1.1" status: 404 len: 347 time: 0.0216904
2026-04-27 22:07:46.662 9 WARNING neutron_lib.context [None req-6900afb7-d57b-49ad-901f-1151239457d3 321b433d6fcd4a238cd5779fedc73059 4bd8039a746247748b77015018c71db6 - - default default] Method 'is_advsvc' is deprecated since 2023.2 release (neutron-lib 3.8.0) and will be removed once support for the old RBAC API policies will be removed from Neutron. Please use method 'is_service_role' instead.
2026-04-27 22:07:46.676 10 INFO neutron.services.segments.plugin [-] Segment b9d21220-da4c-40b0-90cb-83046f553a9d resource provider aggregate not found
2026-04-27 22:07:46.680 10 INFO neutron.services.segments.plugin [-] Segment b9d21220-da4c-40b0-90cb-83046f553a9d resource provider aggregate not found
2026-04-27 22:07:46.691 10 INFO neutron.services.segments.plugin [-] Segment b9d21220-da4c-40b0-90cb-83046f553a9d resource provider not found; error: Placement Client Error (4xx): {"errors": [{"status": 404, "title": "Not Found", "detail": "The resource could not be found.\n\n No resource provider with uuid b9d21220-da4c-40b0-90cb-83046f553a9d found for delete ", "request_id": "req-9735079a-8578-4a44-bfdb-8a4639b9528c"}]}
2026-04-27 22:07:46.695 9 INFO neutron.wsgi [None req-9d256cbb-10ea-43d0-976e-dc940920e949 6d979188b91b49348206beb5a3163239 0a789415a1f04494a156ef431f593b1e - - default default] 10.0.0.105 "PUT /v2.0/routers/f945168a-bf99-4bae-87e4-a0390b47e8e1/tags HTTP/1.1" status: 200 len: 218 time: 0.0695033
2026-04-27 22:07:46.699 10 INFO neutron.wsgi [req-908f4b73-052e-43f8-a019-88a94cb4c9a5 req-88fca3f8-e6bf-4277-9f23-fa1294eb93f2 dfe67ae67a0d45b0a4511adb4b45b466 398885860a1a485a97ce085702de3e7d - - 9b8ddd2dacbe4426aee095541780fd67 9b8ddd2dacbe4426aee095541780fd67] 199.204.45.129 "GET /v2.0/networks/39177c2a-0737-4f30-b1ff-69aad5341d37?fields=segments HTTP/1.1" status: 200 len: 212 time: 0.0936072
2026-04-27 22:07:46.707 10 INFO neutron.services.segments.plugin [-] Segment b9d21220-da4c-40b0-90cb-83046f553a9d resource provider not found; error: Placement Client Error (4xx): {"errors": [{"status": 404, "title": "Not Found", "detail": "The resource could not be found.\n\n No resource provider with uuid b9d21220-da4c-40b0-90cb-83046f553a9d found for delete ", "request_id": "req-2d7ef4c9-3a19-42f4-bab5-7534e4a82aa2"}]}
2026-04-27 22:07:46.752 10 INFO neutron.wsgi [None req-84164b80-1891-460e-954a-41482eda87bb da9ea4bce9fa49798930ea075b6f69d6 9e87328a0e33464295d10e591d61c010 - - default default] 10.0.0.105 "DELETE /v2.0/networks/096119ca-99eb-49ca-9193-a1e6f840a9b7 HTTP/1.1" status: 204 len: 168 time: 0.6676023
2026-04-27 22:07:46.794 10 INFO neutron.wsgi [None req-ed10ebc3-3ace-4f09-abfd-6e8268febbe7 6d979188b91b49348206beb5a3163239 0a789415a1f04494a156ef431f593b1e - - default default] 10.0.0.105 "GET /v2.0/routers/f945168a-bf99-4bae-87e4-a0390b47e8e1/tags HTTP/1.1" status: 200 len: 218 time: 0.0939479
2026-04-27 22:07:46.809 10 INFO neutron.wsgi [req-908f4b73-052e-43f8-a019-88a94cb4c9a5 req-b3e67f32-a081-4245-874a-a584caae7cdc dfe67ae67a0d45b0a4511adb4b45b466 398885860a1a485a97ce085702de3e7d - - 9b8ddd2dacbe4426aee095541780fd67 9b8ddd2dacbe4426aee095541780fd67] 199.204.45.129 "GET /v2.0/networks/39177c2a-0737-4f30-b1ff-69aad5341d37?fields=provider%3Aphysical_network&fields=provider%3Anetwork_type HTTP/1.1" status: 200 len: 277 time: 0.1020875
2026-04-27 22:07:46.820 9 INFO neutron.db.ovn_revision_numbers_db [None req-6900afb7-d57b-49ad-901f-1151239457d3 321b433d6fcd4a238cd5779fedc73059 4bd8039a746247748b77015018c71db6 - - default default] Successfully bumped revision number for resource b3bcee95-b4f3-4c94-841c-a5d9d6211ceb (type: security_groups) to 1
