2026-04-27 22:08:44.489 9 WARNING neutron_lib.context [None req-4b9ba060-8da9-48fa-921c-64b2a99672ab 48f85b86034c450998ea0be51803516c 944794618ec24e23b7abde23f736435a - - default default] Method 'is_advsvc' is deprecated since 2023.2 release (neutron-lib 3.8.0) and will be removed once support for the old RBAC API policies will be removed from Neutron. Please use method 'is_service_role' instead.
2026-04-27 22:08:44.490 10 INFO neutron.wsgi [None req-2f9b7d15-ad63-4168-be71-d211eb9cb736 cb0b5640cd704ab7be93cd2a80ff677e 388e0c73b483485788900655420723b8 - - default default] 10.0.0.105 "GET /v2.0/trunks?tags-any=blue HTTP/1.1" status: 200 len: 1041 time: 0.0204096
2026-04-27 22:08:44.517 10 INFO neutron.wsgi [None req-85ed2cab-0218-4537-bf6b-1680e37f6e05 cb0b5640cd704ab7be93cd2a80ff677e 388e0c73b483485788900655420723b8 - - default default] 10.0.0.105 "GET /v2.0/trunks?tags-any=red%2Cblue HTTP/1.1" status: 200 len: 1447 time: 0.0223041
2026-04-27 22:08:44.547 10 INFO neutron.wsgi [None req-c150caac-0f72-43a7-a897-8049bc45d7b7 cb0b5640cd704ab7be93cd2a80ff677e 388e0c73b483485788900655420723b8 - - default default] 10.0.0.105 "GET /v2.0/trunks?not-tags=red HTTP/1.1" status: 200 len: 1013 time: 0.0253808
2026-04-27 22:08:44.582 10 INFO neutron.wsgi [None req-4bad8c52-9706-4484-9002-4d18d1beee86 cb0b5640cd704ab7be93cd2a80ff677e 388e0c73b483485788900655420723b8 - - default default] 10.0.0.105 "GET /v2.0/trunks?not-tags=red%2Cblue HTTP/1.1" status: 200 len: 1419 time: 0.0275736
2026-04-27 22:08:44.595 9 INFO neutron.db.ovn_revision_numbers_db [None req-4b9ba060-8da9-48fa-921c-64b2a99672ab 48f85b86034c450998ea0be51803516c 944794618ec24e23b7abde23f736435a - - default default] Successfully bumped revision number for resource a03321c4-3875-40e4-8cec-865c23fbf08f (type: security_groups) to 1
2026-04-27 22:08:44.608 9 INFO neutron.db.ovn_revision_numbers_db [None req-4b9ba060-8da9-48fa-921c-64b2a99672ab 48f85b86034c450998ea0be51803516c 944794618ec24e23b7abde23f736435a - - default default] Successfully bumped revision number for resource 3bb624f6-d93f-4b91-bdd9-fb50af1c868d (type: security_group_rules) to 0
2026-04-27 22:08:44.609 10 INFO neutron.wsgi [None req-251312ae-fb0e-42a2-ade9-f158c798eeae cb0b5640cd704ab7be93cd2a80ff677e 388e0c73b483485788900655420723b8 - - default default] 10.0.0.105 "GET /v2.0/trunks?not-tags-any=blue HTTP/1.1" status: 200 len: 1419 time: 0.0226395
2026-04-27 22:08:44.623 9 INFO neutron.db.ovn_revision_numbers_db [None req-4b9ba060-8da9-48fa-921c-64b2a99672ab 48f85b86034c450998ea0be51803516c 944794618ec24e23b7abde23f736435a - - default default] Successfully bumped revision number for resource 6bd99217-94e1-4632-9683-ba1a09505622 (type: security_group_rules) to 0
2026-04-27 22:08:44.635 10 INFO neutron.wsgi [None req-09b54eb7-eb15-48de-a2d1-c1ccd7519efa cb0b5640cd704ab7be93cd2a80ff677e 388e0c73b483485788900655420723b8 - - default default] 10.0.0.105 "GET /v2.0/trunks?not-tags-any=red%2Cblue HTTP/1.1" status: 200 len: 1013 time: 0.0208201
2026-04-27 22:08:44.641 9 INFO neutron.wsgi [None req-4b9ba060-8da9-48fa-921c-64b2a99672ab 48f85b86034c450998ea0be51803516c 944794618ec24e23b7abde23f736435a - - default default] 10.0.0.105 "POST /v2.0/security-groups HTTP/1.1" status: 201 len: 1811 time: 0.1586144
2026-04-27 22:08:44.658 9 WARNING neutron_lib.context [None req-dbc429c8-59d1-4a76-ac72-e6031f797d5d 48f85b86034c450998ea0be51803516c 944794618ec24e23b7abde23f736435a - - default default] Method 'is_advsvc' is deprecated since 2023.2 release (neutron-lib 3.8.0) and will be removed once support for the old RBAC API policies will be removed from Neutron. Please use method 'is_service_role' instead.
2026-04-27 22:08:44.674 9 INFO neutron.wsgi [None req-3573bfe8-bbcc-4bc9-8dd0-cfc6d135763b cb0b5640cd704ab7be93cd2a80ff677e 388e0c73b483485788900655420723b8 - - default default] 10.0.0.105 "GET /v2.0/trunks/9ef4b1c4-4a3e-458f-8d17-a576b032b126 HTTP/1.1" status: 200 len: 608 time: 0.0294280
2026-04-27 22:08:44.783 10 INFO neutron.wsgi [None req-af32c234-4074-4c6e-8948-6c6e716cae02 cb0b5640cd704ab7be93cd2a80ff677e 388e0c73b483485788900655420723b8 - - default default] 10.0.0.105 "GET /v2.0/ports/0c2cfc7a-c26d-4a9c-adf2-ff1400c5ff2b HTTP/1.1" status: 200 len: 1020 time: 0.1031539
2026-04-27 22:08:44.785 9 INFO neutron.db.ovn_revision_numbers_db [None req-dbc429c8-59d1-4a76-ac72-e6031f797d5d 48f85b86034c450998ea0be51803516c 944794618ec24e23b7abde23f736435a - - default default] Successfully bumped revision number for resource 55a6e898-fc7b-497d-abbf-c196af166489 (type: security_group_rules) to 0
2026-04-27 22:08:44.811 9 INFO neutron.wsgi [None req-dbc429c8-59d1-4a76-ac72-e6031f797d5d 48f85b86034c450998ea0be51803516c 944794618ec24e23b7abde23f736435a - - default default] 10.0.0.105 "POST /v2.0/security-group-rules HTTP/1.1" status: 201 len: 764 time: 0.1656039
2026-04-27 22:08:44.821 9 WARNING neutron_lib.context [None req-27896f41-9c5a-48fe-9837-182e139873e5 48f85b86034c450998ea0be51803516c 944794618ec24e23b7abde23f736435a - - default default] Method 'is_advsvc' is deprecated since 2023.2 release (neutron-lib 3.8.0) and will be removed once support for the old RBAC API policies will be removed from Neutron. Please use method 'is_service_role' instead.
2026-04-27 22:08:44.880 10 INFO neutron.wsgi [None req-5fdd216f-8c13-4689-a951-d729dcdfed48 cb0b5640cd704ab7be93cd2a80ff677e 388e0c73b483485788900655420723b8 - - default default] 10.0.0.105 "DELETE /v2.0/trunks/9ef4b1c4-4a3e-458f-8d17-a576b032b126 HTTP/1.1" status: 204 len: 168 time: 0.0920317
2026-04-27 22:08:44.907 9 INFO neutron.wsgi [None req-99d5d630-1ee2-4678-851c-1af528776984 cb0b5640cd704ab7be93cd2a80ff677e 388e0c73b483485788900655420723b8 - - default default] 10.0.0.105 "GET /v2.0/trunks/560537bc-31ed-42fb-acf4-88cb95cebb30 HTTP/1.1" status: 200 len: 616 time: 0.0211196
2026-04-27 22:08:44.943 9 INFO neutron.db.ovn_revision_numbers_db [None req-27896f41-9c5a-48fe-9837-182e139873e5 48f85b86034c450998ea0be51803516c 944794618ec24e23b7abde23f736435a - - default default] Successfully bumped revision number for resource 13961213-cbaf-480d-9f9a-a652bf93588b (type: security_group_rules) to 0
2026-04-27 22:08:44.984 9 INFO neutron.wsgi [None req-27896f41-9c5a-48fe-9837-182e139873e5 48f85b86034c450998ea0be51803516c 944794618ec24e23b7abde23f736435a - - default default] 10.0.0.105 "POST /v2.0/security-group-rules HTTP/1.1" status: 201 len: 763 time: 0.1676090
2026-04-27 22:08:44.996 10 WARNING neutron_lib.context [None req-75acb98c-2f7f-49aa-93f0-75fd2931c17f 48f85b86034c450998ea0be51803516c 944794618ec24e23b7abde23f736435a - - default default] Method 'is_advsvc' is deprecated since 2023.2 release (neutron-lib 3.8.0) and will be removed once support for the old RBAC API policies will be removed from Neutron. Please use method 'is_service_role' instead.
2026-04-27 22:08:45.008 9 INFO neutron.wsgi [None req-8094acc4-3d11-40eb-8b00-1bd830f3bb1c cb0b5640cd704ab7be93cd2a80ff677e 388e0c73b483485788900655420723b8 - - default default] 10.0.0.105 "GET /v2.0/ports/0c33c729-415a-4c52-acb8-ff587756fabf HTTP/1.1" status: 200 len: 1020 time: 0.0973139
2026-04-27 22:08:45.098 9 INFO neutron.wsgi [None req-ab329de5-fba5-408c-869f-66aa039ff019 cb0b5640cd704ab7be93cd2a80ff677e 388e0c73b483485788900655420723b8 - - default default] 10.0.0.105 "DELETE /v2.0/trunks/560537bc-31ed-42fb-acf4-88cb95cebb30 HTTP/1.1" status: 204 len: 168 time: 0.0840137
2026-04-27 22:08:45.118 9 INFO neutron.wsgi [None req-00f4e8ff-8632-4ec9-ae41-e9b4d9168c0b cb0b5640cd704ab7be93cd2a80ff677e 388e0c73b483485788900655420723b8 - - default default] 10.0.0.105 "GET /v2.0/trunks/28c7c7c8-c671-4032-821f-d3df27a391b7 HTTP/1.1" status: 200 len: 625 time: 0.0166495
2026-04-27 22:08:45.149 10 INFO neutron.db.ovn_revision_numbers_db [None req-75acb98c-2f7f-49aa-93f0-75fd2931c17f 48f85b86034c450998ea0be51803516c 944794618ec24e23b7abde23f736435a - - default default] Successfully bumped revision number for resource dbf667b2-9906-443c-8aaf-33ba4686a7c4 (type: security_group_rules) to 0
2026-04-27 22:08:45.176 10 INFO neutron.wsgi [None req-75acb98c-2f7f-49aa-93f0-75fd2931c17f 48f85b86034c450998ea0be51803516c 944794618ec24e23b7abde23f736435a - - default default] 10.0.0.105 "POST /v2.0/security-group-rules HTTP/1.1" status: 201 len: 769 time: 0.1869822
2026-04-27 22:08:45.188 9 WARNING neutron_lib.context [None req-4536816c-a003-4f4c-bc77-173908693036 48f85b86034c450998ea0be51803516c 944794618ec24e23b7abde23f736435a - - default default] Method 'is_advsvc' is deprecated since 2023.2 release (neutron-lib 3.8.0) and will be removed once support for the old RBAC API policies will be removed from Neutron. Please use method 'is_service_role' instead.
2026-04-27 22:08:45.218 9 INFO neutron.wsgi [None req-cd622001-0539-475b-96b1-826b315dd0e3 cb0b5640cd704ab7be93cd2a80ff677e 388e0c73b483485788900655420723b8 - - default default] 10.0.0.105 "GET /v2.0/ports/2c7e3315-f046-419e-90d9-0628a1471966 HTTP/1.1" status: 200 len: 1020 time: 0.0893867
2026-04-27 22:08:45.312 9 INFO neutron.wsgi [None req-696e127d-1f4d-4f31-81d7-6ff29b67b9ec cb0b5640cd704ab7be93cd2a80ff677e 388e0c73b483485788900655420723b8 - - default default] 10.0.0.105 "DELETE /v2.0/trunks/28c7c7c8-c671-4032-821f-d3df27a391b7 HTTP/1.1" status: 204 len: 168 time: 0.0892820
2026-04-27 22:08:45.337 9 INFO neutron.wsgi [None req-4d84524d-e709-4d00-98b1-f08cc3e62b0d cb0b5640cd704ab7be93cd2a80ff677e 388e0c73b483485788900655420723b8 - - default default] 10.0.0.105 "GET /v2.0/trunks/031c1cbe-056f-4ce9-a690-9495e2839488 HTTP/1.1" status: 200 len: 610 time: 0.0191555
2026-04-27 22:08:45.361 9 INFO neutron.db.ovn_revision_numbers_db [None req-4536816c-a003-4f4c-bc77-173908693036 48f85b86034c450998ea0be51803516c 944794618ec24e23b7abde23f736435a - - default default] Successfully bumped revision number for resource b21bd80e-97be-42a8-a017-8dd0195b255c (type: security_group_rules) to 0
2026-04-27 22:08:45.397 9 INFO neutron.wsgi [None req-4536816c-a003-4f4c-bc77-173908693036 48f85b86034c450998ea0be51803516c 944794618ec24e23b7abde23f736435a - - default default] 10.0.0.105 "POST /v2.0/security-group-rules HTTP/1.1" status: 201 len: 768 time: 0.2146523
2026-04-27 22:08:45.406 9 WARNING neutron_lib.context [None req-f2c4a470-dc5c-44bd-8025-42cf151524a4 48f85b86034c450998ea0be51803516c 944794618ec24e23b7abde23f736435a - - default default] Method 'is_advsvc' is deprecated since 2023.2 release (neutron-lib 3.8.0) and will be removed once support for the old RBAC API policies will be removed from Neutron. Please use method 'is_service_role' instead.
2026-04-27 22:08:45.432 9 INFO neutron.db.securitygroups_db [None req-f2c4a470-dc5c-44bd-8025-42cf151524a4 48f85b86034c450998ea0be51803516c 944794618ec24e23b7abde23f736435a - - default default] Project 944794618ec24e23b7abde23f736435a added a security group rule with legacy IPv6 ICMP protocol name icmp, ipv6-icmp should be used instead. It was automatically converted.
2026-04-27 22:08:45.446 9 INFO neutron.wsgi [None req-e01e6af9-2724-4701-b3c5-15fe6f3bbd33 cb0b5640cd704ab7be93cd2a80ff677e 388e0c73b483485788900655420723b8 - - default default] 10.0.0.105 "GET /v2.0/ports/1401ace6-9cb0-4cbe-af8f-54cbf0002e34 HTTP/1.1" status: 200 len: 1020 time: 0.1033592
2026-04-27 22:08:45.530 9 INFO neutron.db.ovn_revision_numbers_db [None req-f2c4a470-dc5c-44bd-8025-42cf151524a4 48f85b86034c450998ea0be51803516c 944794618ec24e23b7abde23f736435a - - default default] Successfully bumped revision number for resource 4b8b8b4c-2008-44fa-a33f-c6ead4a8a150 (type: security_group_rules) to 0
2026-04-27 22:08:45.534 10 INFO neutron.wsgi [None req-8b37a8b0-890b-46c8-bfad-eca970f88e59 cb0b5640cd704ab7be93cd2a80ff677e 388e0c73b483485788900655420723b8 - - default default] 10.0.0.105 "DELETE /v2.0/trunks/031c1cbe-056f-4ce9-a690-9495e2839488 HTTP/1.1" status: 204 len: 168 time: 0.0827098
2026-04-27 22:08:45.555 9 INFO neutron.wsgi [None req-f2c4a470-dc5c-44bd-8025-42cf151524a4 48f85b86034c450998ea0be51803516c 944794618ec24e23b7abde23f736435a - - default default] 10.0.0.105 "POST /v2.0/security-group-rules HTTP/1.1" status: 201 len: 774 time: 0.1525087
2026-04-27 22:08:45.560 10 INFO neutron.wsgi [None req-3bfc0083-0a58-4be7-8a59-aae65bb89559 cb0b5640cd704ab7be93cd2a80ff677e 388e0c73b483485788900655420723b8 - - default default] 10.0.0.105 "GET /v2.0/trunks/50242bfe-84b1-4ee3-a023-e934a2d84f2a HTTP/1.1" status: 200 len: 603 time: 0.0217371
2026-04-27 22:08:45.565 9 WARNING neutron_lib.context [None req-7fb9e854-ff70-41c2-8fcd-85072bded097 48f85b86034c450998ea0be51803516c 944794618ec24e23b7abde23f736435a - - default default] Method 'is_advsvc' is deprecated since 2023.2 release (neutron-lib 3.8.0) and will be removed once support for the old RBAC API policies will be removed from Neutron. Please use method 'is_service_role' instead.
2026-04-27 22:08:45.583 9 INFO neutron.db.securitygroups_db [None req-7fb9e854-ff70-41c2-8fcd-85072bded097 48f85b86034c450998ea0be51803516c 944794618ec24e23b7abde23f736435a - - default default] Project 944794618ec24e23b7abde23f736435a added a security group rule with legacy IPv6 ICMP protocol name icmp, ipv6-icmp should be used instead. It was automatically converted.
2026-04-27 22:08:45.661 10 INFO neutron.wsgi [None req-38bc8e23-282f-4fd4-98c4-e2477251e074 cb0b5640cd704ab7be93cd2a80ff677e 388e0c73b483485788900655420723b8 - - default default] 10.0.0.105 "GET /v2.0/ports/f57f98cb-a475-4e63-8ffe-3d3a6bcb30b9 HTTP/1.1" status: 200 len: 1020 time: 0.0974226
2026-04-27 22:08:45.711 9 INFO neutron.db.ovn_revision_numbers_db [None req-7fb9e854-ff70-41c2-8fcd-85072bded097 48f85b86034c450998ea0be51803516c 944794618ec24e23b7abde23f736435a - - default default] Successfully bumped revision number for resource 127435fc-d587-4181-81bf-86bc28481278 (type: security_group_rules) to 0
2026-04-27 22:08:45.733 9 INFO neutron.wsgi [None req-7fb9e854-ff70-41c2-8fcd-85072bded097 48f85b86034c450998ea0be51803516c 944794618ec24e23b7abde23f736435a - - default default] 10.0.0.105 "POST /v2.0/security-group-rules HTTP/1.1" status: 201 len: 773 time: 0.1735663
2026-04-27 22:08:45.741 10 INFO neutron.wsgi [None req-d56de940-dbe2-47b4-be5d-876cd65ef62e cb0b5640cd704ab7be93cd2a80ff677e 388e0c73b483485788900655420723b8 - - default default] 10.0.0.105 "DELETE /v2.0/trunks/50242bfe-84b1-4ee3-a023-e934a2d84f2a HTTP/1.1" status: 204 len: 168 time: 0.0757048
2026-04-27 22:08:45.991 10 INFO neutron.wsgi [None req-437e503c-39c2-404b-ae06-bde534b5960c cb0b5640cd704ab7be93cd2a80ff677e 388e0c73b483485788900655420723b8 - - default default] 10.0.0.105 "DELETE /v2.0/ports/0c2cfc7a-c26d-4a9c-adf2-ff1400c5ff2b HTTP/1.1" status: 204 len: 168 time: 0.2445359
2026-04-27 22:08:46.177 10 WARNING neutron_lib.context [None req-6eb76be8-7525-4d1f-896f-f9d3cf2b5df9 48f85b86034c450998ea0be51803516c 944794618ec24e23b7abde23f736435a - - default default] Method 'is_advsvc' is deprecated since 2023.2 release (neutron-lib 3.8.0) and will be removed once support for the old RBAC API policies will be removed from Neutron. Please use method 'is_service_role' instead.
2026-04-27 22:08:46.186 9 WARNING neutron_lib.context [None req-766332a4-3c4b-454f-8f3c-373023c95620 f9aa675fadb44ba38f609f0a4b9dc0b0 85fd986853de478e931aa0b45abd1d4a - - default default] Method 'is_advsvc' is deprecated since 2023.2 release (neutron-lib 3.8.0) and will be removed once support for the old RBAC API policies will be removed from Neutron. Please use method 'is_service_role' instead.
2026-04-27 22:08:46.258 9 INFO neutron.wsgi [None req-de3d6795-daed-4348-9409-d4760fc2f2a5 cb0b5640cd704ab7be93cd2a80ff677e 388e0c73b483485788900655420723b8 - - default default] 10.0.0.105 "DELETE /v2.0/ports/0c33c729-415a-4c52-acb8-ff587756fabf HTTP/1.1" status: 204 len: 168 time: 0.2638075
2026-04-27 22:08:46.296 10 INFO neutron.db.ovn_revision_numbers_db [None req-6eb76be8-7525-4d1f-896f-f9d3cf2b5df9 48f85b86034c450998ea0be51803516c 944794618ec24e23b7abde23f736435a - - default default] Successfully bumped revision number for resource e1078c3c-5c98-4c69-9319-f277f02f9442 (type: security_groups) to 1
2026-04-27 22:08:46.310 10 INFO neutron.db.ovn_revision_numbers_db [None req-6eb76be8-7525-4d1f-896f-f9d3cf2b5df9 48f85b86034c450998ea0be51803516c 944794618ec24e23b7abde23f736435a - - default default] Successfully bumped revision number for resource 6eb6962c-01df-4996-8dbb-b469473041e9 (type: security_group_rules) to 0
2026-04-27 22:08:46.333 10 INFO neutron.db.ovn_revision_numbers_db [None req-6eb76be8-7525-4d1f-896f-f9d3cf2b5df9 48f85b86034c450998ea0be51803516c 944794618ec24e23b7abde23f736435a - - default default] Successfully bumped revision number for resource c2ceeb16-8ac3-4939-9ae9-0dbe89d5fbd2 (type: security_group_rules) to 0
2026-04-27 22:08:46.353 9 INFO neutron.db.ovn_revision_numbers_db [None req-766332a4-3c4b-454f-8f3c-373023c95620 f9aa675fadb44ba38f609f0a4b9dc0b0 85fd986853de478e931aa0b45abd1d4a - - default default] Successfully bumped revision number for resource 62157112-2877-4363-9376-0961f83d5375 (type: security_groups) to 1
2026-04-27 22:08:46.360 10 INFO neutron.wsgi [None req-6eb76be8-7525-4d1f-896f-f9d3cf2b5df9 48f85b86034c450998ea0be51803516c 944794618ec24e23b7abde23f736435a - - default default] 10.0.0.105 "POST /v2.0/security-groups HTTP/1.1" status: 201 len: 1796 time: 0.1899633
2026-04-27 22:08:46.370 10 WARNING neutron_lib.context [None req-e6002b13-c859-4677-99cd-0a18faf14a38 48f85b86034c450998ea0be51803516c 944794618ec24e23b7abde23f736435a - - default default] Method 'is_advsvc' is deprecated since 2023.2 release (neutron-lib 3.8.0) and will be removed once support for the old RBAC API policies will be removed from Neutron. Please use method 'is_service_role' instead.
2026-04-27 22:08:46.379 9 INFO neutron.db.ovn_revision_numbers_db [None req-766332a4-3c4b-454f-8f3c-373023c95620 f9aa675fadb44ba38f609f0a4b9dc0b0 85fd986853de478e931aa0b45abd1d4a - - default default] Successfully bumped revision number for resource 133c8557-6fd8-47c6-bab6-9580431e555c (type: security_group_rules) to 0
2026-04-27 22:08:46.397 9 INFO neutron.db.ovn_revision_numbers_db [None req-766332a4-3c4b-454f-8f3c-373023c95620 f9aa675fadb44ba38f609f0a4b9dc0b0 85fd986853de478e931aa0b45abd1d4a - - default default] Successfully bumped revision number for resource 35dcd8e8-e946-4331-b168-d447b2c02c0d (type: security_group_rules) to 0
2026-04-27 22:08:46.421 9 INFO neutron.db.ovn_revision_numbers_db [None req-766332a4-3c4b-454f-8f3c-373023c95620 f9aa675fadb44ba38f609f0a4b9dc0b0 85fd986853de478e931aa0b45abd1d4a - - default default] Successfully bumped revision number for resource 7e49396a-006e-4b2c-b0bb-1ee7735f6ae3 (type: security_group_rules) to 0
2026-04-27 22:08:46.447 9 INFO neutron.db.ovn_revision_numbers_db [None req-766332a4-3c4b-454f-8f3c-373023c95620 f9aa675fadb44ba38f609f0a4b9dc0b0 85fd986853de478e931aa0b45abd1d4a - - default default] Successfully bumped revision number for resource 8739f92c-da01-40d3-936e-17ed1768f3e7 (type: security_group_rules) to 0
2026-04-27 22:08:46.491 10 INFO neutron.db.ovn_revision_numbers_db [None req-e6002b13-c859-4677-99cd-0a18faf14a38 48f85b86034c450998ea0be51803516c 944794618ec24e23b7abde23f736435a - - default default] Successfully bumped revision number for resource 341f1c8f-c50e-43ad-933a-7392e17bccc5 (type: security_group_rules) to 0
2026-04-27 22:08:46.500 9 INFO neutron.db.segments_db [None req-766332a4-3c4b-454f-8f3c-373023c95620 f9aa675fadb44ba38f609f0a4b9dc0b0 85fd986853de478e931aa0b45abd1d4a - - default default] Added segment 8532c960-aaea-4033-aa9e-d16d66a19de7 of type geneve for network 0b4a3fda-c3cb-4952-94bd-69b1c57176ba
2026-04-27 22:08:46.521 10 INFO neutron.wsgi [None req-e6002b13-c859-4677-99cd-0a18faf14a38 48f85b86034c450998ea0be51803516c 944794618ec24e23b7abde23f736435a - - default default] 10.0.0.105 "POST /v2.0/security-group-rules HTTP/1.1" status: 201 len: 764 time: 0.1556578
2026-04-27 22:08:46.523 9 INFO neutron.wsgi [None req-0464ee41-5e76-426a-a02b-a88c139d68ae cb0b5640cd704ab7be93cd2a80ff677e 388e0c73b483485788900655420723b8 - - default default] 10.0.0.105 "DELETE /v2.0/ports/2c7e3315-f046-419e-90d9-0628a1471966 HTTP/1.1" status: 204 len: 168 time: 0.2603815
2026-04-27 22:08:46.533 10 WARNING neutron_lib.context [None req-30c1a4b1-4462-4e33-a00f-fc1d18f8b306 48f85b86034c450998ea0be51803516c 944794618ec24e23b7abde23f736435a - - default default] Method 'is_advsvc' is deprecated since 2023.2 release (neutron-lib 3.8.0) and will be removed once support for the old RBAC API policies will be removed from Neutron. Please use method 'is_service_role' instead.
2026-04-27 22:08:46.640 9 INFO neutron.db.ovn_revision_numbers_db [None req-766332a4-3c4b-454f-8f3c-373023c95620 f9aa675fadb44ba38f609f0a4b9dc0b0 85fd986853de478e931aa0b45abd1d4a - - default default] Successfully bumped revision number for resource 0b4a3fda-c3cb-4952-94bd-69b1c57176ba (type: networks) to 1
2026-04-27 22:08:46.733 10 INFO neutron.db.ovn_revision_numbers_db [None req-30c1a4b1-4462-4e33-a00f-fc1d18f8b306 48f85b86034c450998ea0be51803516c 944794618ec24e23b7abde23f736435a - - default default] Successfully bumped revision number for resource f2b55182-a984-4081-bfd6-cb9ea4927167 (type: security_group_rules) to 0
2026-04-27 22:08:46.761 10 INFO neutron.wsgi [None req-30c1a4b1-4462-4e33-a00f-fc1d18f8b306 48f85b86034c450998ea0be51803516c 944794618ec24e23b7abde23f736435a - - default default] 10.0.0.105 "POST /v2.0/security-group-rules HTTP/1.1" status: 201 len: 769 time: 0.2329891
2026-04-27 22:08:46.774 10 WARNING neutron_lib.context [None req-81c1673c-b647-4632-8108-3ecb9f4a60b2 48f85b86034c450998ea0be51803516c 944794618ec24e23b7abde23f736435a - - default default] Method 'is_advsvc' is deprecated since 2023.2 release (neutron-lib 3.8.0) and will be removed once support for the old RBAC API policies will be removed from Neutron. Please use method 'is_service_role' instead.
2026-04-27 22:08:46.833 10 INFO neutron.wsgi [None req-0098bf8e-907a-4f28-95fd-e004488e75dc cb0b5640cd704ab7be93cd2a80ff677e 388e0c73b483485788900655420723b8 - - default default] 10.0.0.105 "DELETE /v2.0/ports/1401ace6-9cb0-4cbe-af8f-54cbf0002e34 HTTP/1.1" status: 204 len: 168 time: 0.3045144
2026-04-27 22:08:46.834 9 WARNING neutron.scheduler.dhcp_agent_scheduler [None req-766332a4-3c4b-454f-8f3c-373023c95620 f9aa675fadb44ba38f609f0a4b9dc0b0 85fd986853de478e931aa0b45abd1d4a - - default default] No more DHCP agents
2026-04-27 22:08:46.837 9 WARNING neutron.api.rpc.agentnotifiers.dhcp_rpc_agent_api [None req-766332a4-3c4b-454f-8f3c-373023c95620 f9aa675fadb44ba38f609f0a4b9dc0b0 85fd986853de478e931aa0b45abd1d4a - - default default] Unable to schedule network 0b4a3fda-c3cb-4952-94bd-69b1c57176ba: no agents available; will retry on subsequent port and subnet creation events.
2026-04-27 22:08:46.914 9 INFO neutron.db.ovn_revision_numbers_db [None req-766332a4-3c4b-454f-8f3c-373023c95620 f9aa675fadb44ba38f609f0a4b9dc0b0 85fd986853de478e931aa0b45abd1d4a - - default default] Successfully bumped revision number for resource c6e0dd7f-7e20-4038-862e-91de6d0c03e7 (type: ports) to 1
2026-04-27 22:08:46.935 9 INFO neutron.wsgi [None req-766332a4-3c4b-454f-8f3c-373023c95620 f9aa675fadb44ba38f609f0a4b9dc0b0 85fd986853de478e931aa0b45abd1d4a - - default default] 10.0.0.105 "POST /v2.0/networks HTTP/1.1" status: 201 len: 843 time: 0.9625649
2026-04-27 22:08:46.945 9 WARNING neutron_lib.context [None req-eacec239-d8bb-4245-8ceb-cc20233f8699 f9aa675fadb44ba38f609f0a4b9dc0b0 85fd986853de478e931aa0b45abd1d4a - - default default] Method 'is_advsvc' is deprecated since 2023.2 release (neutron-lib 3.8.0) and will be removed once support for the old RBAC API policies will be removed from Neutron. Please use method 'is_service_role' instead.
2026-04-27 22:08:47.134 10 INFO neutron.wsgi [None req-3cf043a9-ad33-4fb4-a766-fdef7e042e05 cb0b5640cd704ab7be93cd2a80ff677e 388e0c73b483485788900655420723b8 - - default default] 10.0.0.105 "DELETE /v2.0/ports/f57f98cb-a475-4e63-8ffe-3d3a6bcb30b9 HTTP/1.1" status: 204 len: 168 time: 0.2951665
2026-04-27 22:08:47.182 10 WARNING neutron.scheduler.dhcp_agent_scheduler [None req-81c1673c-b647-4632-8108-3ecb9f4a60b2 48f85b86034c450998ea0be51803516c 944794618ec24e23b7abde23f736435a - - default default] No more DHCP agents
2026-04-27 22:08:47.195 10 WARNING neutron.api.rpc.agentnotifiers.dhcp_rpc_agent_api [None req-81c1673c-b647-4632-8108-3ecb9f4a60b2 48f85b86034c450998ea0be51803516c 944794618ec24e23b7abde23f736435a - - default default] Unable to schedule network 5cd4b189-3e6b-435e-b218-98182b85042c: no agents available; will retry on subsequent port and subnet creation events.
2026-04-27 22:08:47.202 9 WARNING neutron.scheduler.dhcp_agent_scheduler [None req-eacec239-d8bb-4245-8ceb-cc20233f8699 f9aa675fadb44ba38f609f0a4b9dc0b0 85fd986853de478e931aa0b45abd1d4a - - default default] No more DHCP agents
2026-04-27 22:08:47.204 9 WARNING neutron.api.rpc.agentnotifiers.dhcp_rpc_agent_api [None req-eacec239-d8bb-4245-8ceb-cc20233f8699 f9aa675fadb44ba38f609f0a4b9dc0b0 85fd986853de478e931aa0b45abd1d4a - - default default] Unable to schedule network 0b4a3fda-c3cb-4952-94bd-69b1c57176ba: no agents available; will retry on subsequent port and subnet creation events.
2026-04-27 22:08:47.304 9 INFO neutron.db.ovn_revision_numbers_db [None req-eacec239-d8bb-4245-8ceb-cc20233f8699 f9aa675fadb44ba38f609f0a4b9dc0b0 85fd986853de478e931aa0b45abd1d4a - - default default] Successfully bumped revision number for resource fdc6612d-91ec-45e1-8220-021ff02f39b1 (type: ports) to 1
2026-04-27 22:08:47.329 9 INFO neutron.wsgi [None req-eacec239-d8bb-4245-8ceb-cc20233f8699 f9aa675fadb44ba38f609f0a4b9dc0b0 85fd986853de478e931aa0b45abd1d4a - - default default] 10.0.0.105 "POST /v2.0/ports HTTP/1.1" status: 201 len: 974 time: 0.3888359 /var/lib/openstack/lib/python3.10/site-packages/pycadf/identifier.py:71: UserWarning: Invalid uuid: neutron. To ensure interoperability, identifiers should be a valid uuid. warnings.warn(('Invalid uuid: %s. To ensure interoperability, '
2026-04-27 22:08:47.342 9 WARNING neutron_lib.context [None req-82623c7d-9789-4ead-8efd-9b64124115ff f9aa675fadb44ba38f609f0a4b9dc0b0 85fd986853de478e931aa0b45abd1d4a - - default default] Method 'is_advsvc' is deprecated since 2023.2 release (neutron-lib 3.8.0) and will be removed once support for the old RBAC API policies will be removed from Neutron. Please use method 'is_service_role' instead.
2026-04-27 22:08:47.423 9 INFO neutron.db.segments_db [None req-82623c7d-9789-4ead-8efd-9b64124115ff f9aa675fadb44ba38f609f0a4b9dc0b0 85fd986853de478e931aa0b45abd1d4a - - default default] Added segment caff8875-fa54-43cd-8fb3-d8cab3392fea of type geneve for network e0a04b68-8d69-4757-b059-93009692f0ed
2026-04-27 22:08:47.580 9 INFO neutron.db.ovn_revision_numbers_db [None req-82623c7d-9789-4ead-8efd-9b64124115ff f9aa675fadb44ba38f609f0a4b9dc0b0 85fd986853de478e931aa0b45abd1d4a - - default default] Successfully bumped revision number for resource e0a04b68-8d69-4757-b059-93009692f0ed (type: networks) to 1
2026-04-27 22:08:47.658 10 INFO neutron.services.segments.plugin [-] Segment cf45c95c-3071-45ef-bac7-b70f2e3089dd resource provider aggregate not found
2026-04-27 22:08:47.667 10 INFO neutron.services.segments.plugin [-] Segment cf45c95c-3071-45ef-bac7-b70f2e3089dd resource provider aggregate not found
2026-04-27 22:08:47.682 10 INFO neutron.db.ovn_revision_numbers_db [None req-81c1673c-b647-4632-8108-3ecb9f4a60b2 48f85b86034c450998ea0be51803516c 944794618ec24e23b7abde23f736435a - - default default] Successfully bumped revision number for resource d2b716ef-4ee6-45f7-9664-7f17686429b4 (type: floatingips) to 0
2026-04-27 22:08:47.684 10 INFO neutron.services.segments.plugin [-] Segment cf45c95c-3071-45ef-bac7-b70f2e3089dd resource provider not found; error: Placement Client Error (4xx): {"errors": [{"status": 404, "title": "Not Found", "detail": "The resource could not be found.\n\n No resource provider with uuid cf45c95c-3071-45ef-bac7-b70f2e3089dd found for delete ", "request_id": "req-c2d2ff5c-c47b-4ee8-872a-c590e66734ab"}]}
2026-04-27 22:08:47.686 10 INFO neutron.services.segments.plugin [-] Segment cf45c95c-3071-45ef-bac7-b70f2e3089dd resource provider not found; error: Placement Client Error (4xx): {"errors": [{"status": 404, "title": "Not Found", "detail": "The resource could not be found.\n\n No resource provider with uuid cf45c95c-3071-45ef-bac7-b70f2e3089dd found for delete ", "request_id": "req-0d45f94f-6192-49dd-83c0-e7c008454627"}]}
2026-04-27 22:08:47.701 10 INFO neutron.wsgi [None req-81c1673c-b647-4632-8108-3ecb9f4a60b2 48f85b86034c450998ea0be51803516c 944794618ec24e23b7abde23f736435a - - default default] 10.0.0.105 "POST /v2.0/floatingips HTTP/1.1" status: 201 len: 751 time: 0.9319854
2026-04-27 22:08:47.709 10 INFO neutron.wsgi [None req-5da0d05e-2e4b-44d1-b664-8908f5709a0e cb0b5640cd704ab7be93cd2a80ff677e 388e0c73b483485788900655420723b8 - - default default] 10.0.0.105 "DELETE /v2.0/networks/6fed8efc-360e-4433-9b6b-4659915ff363 HTTP/1.1" status: 204 len: 168 time: 0.5691264
2026-04-27 22:08:47.769 9 WARNING neutron.scheduler.dhcp_agent_scheduler [None req-82623c7d-9789-4ead-8efd-9b64124115ff f9aa675fadb44ba38f609f0a4b9dc0b0 85fd986853de478e931aa0b45abd1d4a - - default default] No more DHCP agents
2026-04-27 22:08:47.771 9 WARNING neutron.api.rpc.agentnotifiers.dhcp_rpc_agent_api [None req-82623c7d-9789-4ead-8efd-9b64124115ff f9aa675fadb44ba38f609f0a4b9dc0b0 85fd986853de478e931aa0b45abd1d4a - - default default] Unable to schedule network e0a04b68-8d69-4757-b059-93009692f0ed: no agents available; will retry on subsequent port and subnet creation events.
2026-04-27 22:08:47.834 10 INFO neutron.wsgi [req-2247a122-a94f-4edc-996c-d017779b194f req-e2fcb8f5-a889-400b-8731-3ae30a97bcf7 48f85b86034c450998ea0be51803516c 944794618ec24e23b7abde23f736435a - - default default] 10.0.0.45 "GET /v2.0/security-groups?name=tempest-secgroup-smoke-1792651851&fields=id&tenant_id=944794618ec24e23b7abde23f736435a HTTP/1.1" status: 200 len: 267 time: 0.0493393
2026-04-27 22:08:47.851 9 INFO neutron.db.ovn_revision_numbers_db [None req-82623c7d-9789-4ead-8efd-9b64124115ff f9aa675fadb44ba38f609f0a4b9dc0b0 85fd986853de478e931aa0b45abd1d4a - - default default] Successfully bumped revision number for resource b3484dd0-b08a-4191-a4ed-5ed161772178 (type: ports) to 1
2026-04-27 22:08:47.873 9 INFO neutron.wsgi [None req-82623c7d-9789-4ead-8efd-9b64124115ff f9aa675fadb44ba38f609f0a4b9dc0b0 85fd986853de478e931aa0b45abd1d4a - - default default] 10.0.0.105 "POST /v2.0/networks HTTP/1.1" status: 201 len: 831 time: 0.5379305
2026-04-27 22:08:47.884 9 WARNING neutron_lib.context [None req-7de1a92c-17dc-4b3c-8dd8-6c963e30fd8b f9aa675fadb44ba38f609f0a4b9dc0b0 85fd986853de478e931aa0b45abd1d4a - - default default] Method 'is_advsvc' is deprecated since 2023.2 release (neutron-lib 3.8.0) and will be removed once support for the old RBAC API policies will be removed from Neutron. Please use method 'is_service_role' instead.
2026-04-27 22:08:47.901 10 INFO neutron.wsgi [req-2247a122-a94f-4edc-996c-d017779b194f req-f6aa8d07-9a83-494b-9c12-066b175c5f3a 48f85b86034c450998ea0be51803516c 944794618ec24e23b7abde23f736435a - - default default] 10.0.0.45 "GET /v2.0/security-groups?name=tempest-securitygroup--1948289040&fields=id&tenant_id=944794618ec24e23b7abde23f736435a HTTP/1.1" status: 200 len: 267 time: 0.0582221
2026-04-27 22:08:48.112 9 WARNING neutron.scheduler.dhcp_agent_scheduler [None req-7de1a92c-17dc-4b3c-8dd8-6c963e30fd8b f9aa675fadb44ba38f609f0a4b9dc0b0 85fd986853de478e931aa0b45abd1d4a - - default default] No more DHCP agents
2026-04-27 22:08:48.115 9 WARNING neutron.api.rpc.agentnotifiers.dhcp_rpc_agent_api [None req-7de1a92c-17dc-4b3c-8dd8-6c963e30fd8b f9aa675fadb44ba38f609f0a4b9dc0b0 85fd986853de478e931aa0b45abd1d4a - - default default] Unable to schedule network e0a04b68-8d69-4757-b059-93009692f0ed: no agents available; will retry on subsequent port and subnet creation events.
2026-04-27 22:08:48.205 10 INFO neutron.wsgi [req-2247a122-a94f-4edc-996c-d017779b194f req-212688b3-0d8b-41f5-a1aa-fb4575c15841 48f85b86034c450998ea0be51803516c 944794618ec24e23b7abde23f736435a - - default default] 10.0.0.45 "GET /v2.0/networks?id=e1ae97f8-3966-4eac-b4c2-73eb116ff02a HTTP/1.1" status: 200 len: 872 time: 0.2933547
2026-04-27 22:08:48.223 10 INFO neutron.wsgi [req-2247a122-a94f-4edc-996c-d017779b194f req-076c48fe-c928-405c-a0c0-41c5f4c9ea36 48f85b86034c450998ea0be51803516c 944794618ec24e23b7abde23f736435a - - default default] 10.0.0.45 "GET /v2.0/quotas/944794618ec24e23b7abde23f736435a HTTP/1.1" status: 200 len: 386 time: 0.0100231
2026-04-27 22:08:48.365 10 INFO neutron.wsgi [req-2247a122-a94f-4edc-996c-d017779b194f req-566a92f7-0a93-49ac-8b46-5b71c071efc5 48f85b86034c450998ea0be51803516c 944794618ec24e23b7abde23f736435a - - default default] 10.0.0.45 "GET /v2.0/ports?tenant_id=944794618ec24e23b7abde23f736435a&fields=id HTTP/1.1" status: 200 len: 302 time: 0.1332426
2026-04-27 22:08:48.453 10 INFO neutron.wsgi [None req-6ff68425-b257-4217-9411-f94179e2f9e6 cb0b5640cd704ab7be93cd2a80ff677e 388e0c73b483485788900655420723b8 - - default default] 10.0.0.105 "DELETE /v2.0/networks/9239b8f0-c30b-41a7-91fe-ea4b5776ad41 HTTP/1.1" status: 204 len: 168 time: 0.7362669
2026-04-27 22:08:48.474 10 INFO neutron.wsgi [req-2247a122-a94f-4edc-996c-d017779b194f req-13ce0cd4-fe14-4ab2-8e2e-17f02ac6ab3e dfe67ae67a0d45b0a4511adb4b45b466 398885860a1a485a97ce085702de3e7d - - 9b8ddd2dacbe4426aee095541780fd67 9b8ddd2dacbe4426aee095541780fd67] 10.0.0.45 "GET /v2.0/networks/e1ae97f8-3966-4eac-b4c2-73eb116ff02a?fields=segments HTTP/1.1" status: 200 len: 212 time: 0.0952477
2026-04-27 22:08:48.578 10 INFO neutron.wsgi [req-2247a122-a94f-4edc-996c-d017779b194f req-4b013131-131c-4070-a49d-40b5c81fabaf dfe67ae67a0d45b0a4511adb4b45b466 398885860a1a485a97ce085702de3e7d - - 9b8ddd2dacbe4426aee095541780fd67 9b8ddd2dacbe4426aee095541780fd67] 10.0.0.45 "GET /v2.0/networks/e1ae97f8-3966-4eac-b4c2-73eb116ff02a?fields=provider%3Aphysical_network&fields=provider%3Anetwork_type HTTP/1.1" status: 200 len: 277 time: 0.0973463
2026-04-27 22:08:48.751 10 INFO neutron.wsgi [req-e2900410-3051-412c-9cf4-7299f3fa59dd req-8f949c43-b0ef-497a-9ae9-2f86dfca3204 48f85b86034c450998ea0be51803516c 944794618ec24e23b7abde23f736435a - - default default] 10.0.0.45 "GET /v2.0/ports?device_id=53439802-2aea-465e-b623-a2ad361010a4 HTTP/1.1" status: 200 len: 210 time: 0.0275035
2026-04-27 22:08:48.846 9 INFO neutron.db.ovn_revision_numbers_db [None req-7de1a92c-17dc-4b3c-8dd8-6c963e30fd8b f9aa675fadb44ba38f609f0a4b9dc0b0 85fd986853de478e931aa0b45abd1d4a - - default default] Successfully bumped revision number for resource b3484dd0-b08a-4191-a4ed-5ed161772178 (type: ports) to 2
2026-04-27 22:08:48.884 9 INFO neutron.db.ovn_revision_numbers_db [None req-7de1a92c-17dc-4b3c-8dd8-6c963e30fd8b f9aa675fadb44ba38f609f0a4b9dc0b0 85fd986853de478e931aa0b45abd1d4a - - default default] Successfully bumped revision number for resource 079736ea-bb47-4528-8688-a0d9dd085ccc (type: subnets) to 0
2026-04-27 22:08:48.908 9 INFO neutron.wsgi [None req-7de1a92c-17dc-4b3c-8dd8-6c963e30fd8b f9aa675fadb44ba38f609f0a4b9dc0b0 85fd986853de478e931aa0b45abd1d4a - - default default] 10.0.0.105 "POST /v2.0/subnets HTTP/1.1" status: 201 len: 801 time: 1.0290213
2026-04-27 22:08:48.908 10 INFO neutron.wsgi [None req-4389bc8f-b726-44dc-af47-ddb2f0eb1a8e cb0b5640cd704ab7be93cd2a80ff677e 388e0c73b483485788900655420723b8 - - default default] 10.0.0.105 "DELETE /v2.0/networks/75f72747-027c-4c6a-a98e-7e7c564f6548 HTTP/1.1" status: 204 len: 168 time: 0.4452949
2026-04-27 22:08:48.921 10 WARNING neutron_lib.context [None req-2fc7f320-6d6e-41c5-9a35-d293c33f4541 f9aa675fadb44ba38f609f0a4b9dc0b0 85fd986853de478e931aa0b45abd1d4a - - default default] Method 'is_advsvc' is deprecated since 2023.2 release (neutron-lib 3.8.0) and will be removed once support for the old RBAC API policies will be removed from Neutron. Please use method 'is_service_role' instead.
2026-04-27 22:08:49.275 9 INFO neutron.services.segments.plugin [-] Segment d2c91076-4049-458f-8cc0-c049e80c590a resource provider aggregate not found
2026-04-27 22:08:49.279 9 INFO neutron.services.segments.plugin [-] Segment d2c91076-4049-458f-8cc0-c049e80c590a resource provider aggregate not found
2026-04-27 22:08:49.293 9 INFO neutron.services.segments.plugin [-] Segment d2c91076-4049-458f-8cc0-c049e80c590a resource provider not found; error: Placement Client Error (4xx): {"errors": [{"status": 404, "title": "Not Found", "detail": "The resource could not be found.\n\n No resource provider with uuid d2c91076-4049-458f-8cc0-c049e80c590a found for delete ", "request_id": "req-b51e0ec5-b9dc-400f-be36-a1662b012b1f"}]}
2026-04-27 22:08:49.296 9 INFO neutron.services.segments.plugin [-] Segment d2c91076-4049-458f-8cc0-c049e80c590a resource provider not found; error: Placement Client Error (4xx): {"errors": [{"status": 404, "title": "Not Found", "detail": "The resource could not be found.\n\n No resource provider with uuid d2c91076-4049-458f-8cc0-c049e80c590a found for delete ", "request_id": "req-99963e96-f26b-4ac0-8bb4-fbe716c4f09a"}]}
2026-04-27 22:08:49.304 10 WARNING neutron.scheduler.dhcp_agent_scheduler [None req-2fc7f320-6d6e-41c5-9a35-d293c33f4541 f9aa675fadb44ba38f609f0a4b9dc0b0 85fd986853de478e931aa0b45abd1d4a - - default default] No more DHCP agents
2026-04-27 22:08:49.306 10 WARNING neutron.api.rpc.agentnotifiers.dhcp_rpc_agent_api [None req-2fc7f320-6d6e-41c5-9a35-d293c33f4541 f9aa675fadb44ba38f609f0a4b9dc0b0 85fd986853de478e931aa0b45abd1d4a - - default default] Unable to schedule network e0a04b68-8d69-4757-b059-93009692f0ed: no agents available; will retry on subsequent port and subnet creation events.
2026-04-27 22:08:49.332 9 INFO neutron.wsgi [None req-2a76e388-d4fe-419a-8430-f95f8095154b cb0b5640cd704ab7be93cd2a80ff677e 388e0c73b483485788900655420723b8 - - default default] 10.0.0.105 "DELETE /v2.0/networks/7d74da92-4048-46ea-b129-e735e535eb91 HTTP/1.1" status: 204 len: 168 time: 0.4192739 /var/lib/openstack/lib/python3.10/site-packages/pycadf/identifier.py:71: UserWarning: Invalid uuid: neutron. To ensure interoperability, identifiers should be a valid uuid. warnings.warn(('Invalid uuid: %s. To ensure interoperability, '
2026-04-27 22:08:49.496 9 WARNING neutron.plugins.ml2.drivers.ovn.mech_driver.ovsdb.ovn_client [None req-97adb1c9-086d-4690-b232-f64ac205f541 - - - - - -] No hosting information found for port 418f3b11-4b1f-48c3-bd3a-6dde32c2aaad: RuntimeError: No hosting information found for port 418f3b11-4b1f-48c3-bd3a-6dde32c2aaad
2026-04-27 22:08:49.528 10 INFO neutron.wsgi [req-2247a122-a94f-4edc-996c-d017779b194f req-f130f119-cfb2-4723-af96-3ed4f2184972 48f85b86034c450998ea0be51803516c 944794618ec24e23b7abde23f736435a - - default default] 199.204.45.129 "GET /v2.0/networks?id=e1ae97f8-3966-4eac-b4c2-73eb116ff02a HTTP/1.1" status: 200 len: 872 time: 0.1252384
2026-04-27 22:08:49.627 10 INFO neutron.db.ovn_revision_numbers_db [None req-2fc7f320-6d6e-41c5-9a35-d293c33f4541 f9aa675fadb44ba38f609f0a4b9dc0b0 85fd986853de478e931aa0b45abd1d4a - - default default] Successfully bumped revision number for resource 9db80314-960c-4d61-bb6a-466b7d6396fc (type: ports) to 1
2026-04-27 22:08:49.658 10 INFO neutron.wsgi [req-2247a122-a94f-4edc-996c-d017779b194f req-7a820c10-1232-41c2-9352-63c5d5587592 48f85b86034c450998ea0be51803516c 944794618ec24e23b7abde23f736435a - - default default] 199.204.45.129 "GET /v2.0/security-groups?fields=id&fields=name&tenant_id=944794618ec24e23b7abde23f736435a HTTP/1.1" status: 200 len: 473 time: 0.1146016
2026-04-27 22:08:49.674 10 INFO neutron.wsgi [None req-2fc7f320-6d6e-41c5-9a35-d293c33f4541 f9aa675fadb44ba38f609f0a4b9dc0b0 85fd986853de478e931aa0b45abd1d4a - - default default] 10.0.0.105 "POST /v2.0/ports HTTP/1.1" status: 201 len: 1148 time: 0.7596474
2026-04-27 22:08:49.716 10 INFO neutron.services.segments.plugin [-] Segment ed8acae9-0247-41d8-8a94-82b60cdfc683 resource provider aggregate not found
2026-04-27 22:08:49.725 10 WARNING neutron_lib.context [req-2247a122-a94f-4edc-996c-d017779b194f req-c64a7359-c419-40be-8369-0dce9c618bc0 48f85b86034c450998ea0be51803516c 944794618ec24e23b7abde23f736435a - - default default] Method 'is_advsvc' is deprecated since 2023.2 release (neutron-lib 3.8.0) and will be removed once support for the old RBAC API policies will be removed from Neutron. Please use method 'is_service_role' instead.
2026-04-27 22:08:49.729 10 INFO neutron.services.segments.plugin [-] Segment ed8acae9-0247-41d8-8a94-82b60cdfc683 resource provider aggregate not found
2026-04-27 22:08:49.741 10 INFO neutron.services.segments.plugin [-] Segment ed8acae9-0247-41d8-8a94-82b60cdfc683 resource provider not found; error: Placement Client Error (4xx): {"errors": [{"status": 404, "title": "Not Found", "detail": "The resource could not be found.\n\n No resource provider with uuid ed8acae9-0247-41d8-8a94-82b60cdfc683 found for delete ", "request_id": "req-445ff8b8-9a59-4915-bb86-673e1e43c43e"}]}
2026-04-27 22:08:49.754 10 INFO neutron.services.segments.plugin [-] Segment ed8acae9-0247-41d8-8a94-82b60cdfc683 resource provider not found; error: Placement Client Error (4xx): {"errors": [{"status": 404, "title": "Not Found", "detail": "The resource could not be found.\n\n No resource provider with uuid ed8acae9-0247-41d8-8a94-82b60cdfc683 found for delete ", "request_id": "req-4ef928bd-fd67-4d53-987b-debf0a0391f5"}]}
2026-04-27 22:08:49.765 10 INFO neutron.services.segments.plugin [-] Segment 29528e28-3286-4cf8-aa16-73764a75803c resource provider aggregate not found
2026-04-27 22:08:49.772 10 INFO neutron.services.segments.plugin [-] Segment 29528e28-3286-4cf8-aa16-73764a75803c resource provider aggregate not found
2026-04-27 22:08:49.811 10 INFO neutron.services.segments.plugin [-] Segment 29528e28-3286-4cf8-aa16-73764a75803c resource provider not found; error: Placement Client Error (4xx): {"errors": [{"status": 404, "title": "Not Found", "detail": "The resource could not be found.\n\n No resource provider with uuid 29528e28-3286-4cf8-aa16-73764a75803c found for delete ", "request_id": "req-c6a848f5-10e8-4128-a0bc-afe518a267c3"}]}
2026-04-27 22:08:49.812 10 INFO neutron.services.segments.plugin [-] Segment 29528e28-3286-4cf8-aa16-73764a75803c resource provider not found; error: Placement Client Error (4xx): {"errors": [{"status": 404, "title": "Not Found", "detail": "The resource could not be found.\n\n No resource provider with uuid 29528e28-3286-4cf8-aa16-73764a75803c found for delete ", "request_id": "req-19cf3501-deb6-4110-a9f3-0d9ff31105c9"}]}
2026-04-27 22:08:49.868 10 INFO neutron.wsgi [req-971f0088-2d4d-4c4b-88d9-9b06f3b389ce req-bf981ea5-f605-475a-88d0-652a58ae7c19 48f85b86034c450998ea0be51803516c 944794618ec24e23b7abde23f736435a - - default default] 10.0.0.45 "GET /v2.0/ports?device_id=53439802-2aea-465e-b623-a2ad361010a4 HTTP/1.1" status: 200 len: 210 time: 0.0357432
2026-04-27 22:08:50.139 10 INFO neutron.wsgi [None req-46c601f6-ae38-44b2-824d-453b73b972f9 cb0b5640cd704ab7be93cd2a80ff677e 388e0c73b483485788900655420723b8 - - default default] 10.0.0.105 "DELETE /v2.0/networks/a2ebefb6-0d3e-4013-9b69-678b2f3bdd6f HTTP/1.1" status: 204 len: 168 time: 0.8020825
2026-04-27 22:08:50.317 10 WARNING neutron.scheduler.dhcp_agent_scheduler [req-2247a122-a94f-4edc-996c-d017779b194f req-c64a7359-c419-40be-8369-0dce9c618bc0 48f85b86034c450998ea0be51803516c 944794618ec24e23b7abde23f736435a - - default default] No more DHCP agents
2026-04-27 22:08:50.318 10 WARNING neutron.api.rpc.agentnotifiers.dhcp_rpc_agent_api [req-2247a122-a94f-4edc-996c-d017779b194f req-c64a7359-c419-40be-8369-0dce9c618bc0 48f85b86034c450998ea0be51803516c 944794618ec24e23b7abde23f736435a - - default default] Unable to schedule network e1ae97f8-3966-4eac-b4c2-73eb116ff02a: no agents available; will retry on subsequent port and subnet creation events.
2026-04-27 22:08:50.337 10 INFO neutron.wsgi [None req-dbd5843d-5a8e-4c14-8dba-e0189e0e8052 f9aa675fadb44ba38f609f0a4b9dc0b0 85fd986853de478e931aa0b45abd1d4a - - default default] 10.0.0.105 "DELETE /v2.0/ports/9db80314-960c-4d61-bb6a-466b7d6396fc HTTP/1.1" status: 204 len: 168 time: 0.6587889
2026-04-27 22:08:50.364 9 INFO neutron.pecan_wsgi.hooks.translation [None req-749f7a72-7bc0-402a-a67f-0377f5e3efe0 f9aa675fadb44ba38f609f0a4b9dc0b0 85fd986853de478e931aa0b45abd1d4a - - default default] DELETE failed (client error): The resource could not be found.
2026-04-27 22:08:50.367 9 INFO neutron.wsgi [None req-749f7a72-7bc0-402a-a67f-0377f5e3efe0 f9aa675fadb44ba38f609f0a4b9dc0b0 85fd986853de478e931aa0b45abd1d4a - - default default] 10.0.0.105 "DELETE /v2.0/ports/9db80314-960c-4d61-bb6a-466b7d6396fc HTTP/1.1" status: 404 len: 333 time: 0.0240021
2026-04-27 22:08:50.394 9 INFO neutron.pecan_wsgi.hooks.translation [None req-bcb45089-c037-48d6-8d20-2f51cf82e946 f9aa675fadb44ba38f609f0a4b9dc0b0 85fd986853de478e931aa0b45abd1d4a - - default default] GET failed (client error): The resource could not be found.
2026-04-27 22:08:50.396 9 INFO neutron.wsgi [None req-bcb45089-c037-48d6-8d20-2f51cf82e946 f9aa675fadb44ba38f609f0a4b9dc0b0 85fd986853de478e931aa0b45abd1d4a - - default default] 10.0.0.105 "GET /v2.0/ports/9db80314-960c-4d61-bb6a-466b7d6396fc HTTP/1.1" status: 404 len: 333 time: 0.0240219 /var/lib/openstack/lib/python3.10/site-packages/pycadf/identifier.py:71: UserWarning: Invalid uuid: neutron. To ensure interoperability, identifiers should be a valid uuid. warnings.warn(('Invalid uuid: %s. To ensure interoperability, '
2026-04-27 22:08:50.534 10 INFO neutron.db.ovn_revision_numbers_db [req-2247a122-a94f-4edc-996c-d017779b194f req-c64a7359-c419-40be-8369-0dce9c618bc0 48f85b86034c450998ea0be51803516c 944794618ec24e23b7abde23f736435a - - default default] Successfully bumped revision number for resource 7bca8971-a710-4309-b8fe-98bfcb2ec815 (type: ports) to 1
2026-04-27 22:08:50.563 10 INFO neutron.wsgi [req-2247a122-a94f-4edc-996c-d017779b194f req-c64a7359-c419-40be-8369-0dce9c618bc0 48f85b86034c450998ea0be51803516c 944794618ec24e23b7abde23f736435a - - default default] 199.204.45.129 "POST /v2.0/ports HTTP/1.1" status: 201 len: 1197 time: 0.8648376
2026-04-27 22:08:50.667 10 INFO neutron.wsgi [None req-5dd0bb5e-1b1e-4151-8d57-74ffd77ce953 f9aa675fadb44ba38f609f0a4b9dc0b0 85fd986853de478e931aa0b45abd1d4a - - default default] 10.0.0.105 "DELETE /v2.0/subnets/079736ea-bb47-4528-8688-a0d9dd085ccc HTTP/1.1" status: 204 len: 168 time: 0.2654457 /var/lib/openstack/lib/python3.10/site-packages/pycadf/identifier.py:71: UserWarning: Invalid uuid: neutron. To ensure interoperability, identifiers should be a valid uuid. warnings.warn(('Invalid uuid: %s. To ensure interoperability, '
2026-04-27 22:08:50.982 10 INFO neutron.wsgi [req-f86406e9-1899-443c-b2e8-bdc9b5071d4c req-06da28ef-251f-409a-82d5-9f952989fa0c 48f85b86034c450998ea0be51803516c 944794618ec24e23b7abde23f736435a - - default default] 10.0.0.45 "GET /v2.0/ports?device_id=53439802-2aea-465e-b623-a2ad361010a4 HTTP/1.1" status: 200 len: 1208 time: 0.0433378
2026-04-27 22:08:51.009 10 INFO neutron.db.ovn_revision_numbers_db [req-2247a122-a94f-4edc-996c-d017779b194f req-e8a9e2b6-ba20-4e0f-a046-21901955816f dfe67ae67a0d45b0a4511adb4b45b466 398885860a1a485a97ce085702de3e7d - - 9b8ddd2dacbe4426aee095541780fd67 9b8ddd2dacbe4426aee095541780fd67] Successfully bumped revision number for resource 7bca8971-a710-4309-b8fe-98bfcb2ec815 (type: ports) to 2
2026-04-27 22:08:51.035 10 INFO neutron.wsgi [req-f86406e9-1899-443c-b2e8-bdc9b5071d4c req-6344ba35-b889-44f0-abab-e2c62ff9f6d7 48f85b86034c450998ea0be51803516c 944794618ec24e23b7abde23f736435a - - default default] 10.0.0.45 "GET /v2.0/security-groups?id=e1078c3c-5c98-4c69-9319-f277f02f9442&id=a03321c4-3875-40e4-8cec-865c23fbf08f&fields=id&fields=name HTTP/1.1" status: 200 len: 406 time: 0.0467246
2026-04-27 22:08:51.080 9 INFO neutron.wsgi [None req-66ca130c-1326-48e0-9cd4-768ea6fda21e f9aa675fadb44ba38f609f0a4b9dc0b0 85fd986853de478e931aa0b45abd1d4a - - default default] 10.0.0.105 "DELETE /v2.0/networks/e0a04b68-8d69-4757-b059-93009692f0ed HTTP/1.1" status: 204 len: 168 time: 0.4059141
2026-04-27 22:08:51.091 10 WARNING neutron_lib.context [None req-eea4524a-7658-4acf-bde3-ed10e413618b f9aa675fadb44ba38f609f0a4b9dc0b0 85fd986853de478e931aa0b45abd1d4a - - default default] Method 'is_advsvc' is deprecated since 2023.2 release (neutron-lib 3.8.0) and will be removed once support for the old RBAC API policies will be removed from Neutron. Please use method 'is_service_role' instead.
2026-04-27 22:08:51.187 10 INFO neutron.db.segments_db [None req-eea4524a-7658-4acf-bde3-ed10e413618b f9aa675fadb44ba38f609f0a4b9dc0b0 85fd986853de478e931aa0b45abd1d4a - - default default] Added segment 2ef1fb5a-1450-45a5-9121-932b8809cabc of type geneve for network 9f4a57c1-d7f6-4223-956c-e46e32500829 /var/lib/openstack/lib/python3.10/site-packages/pycadf/identifier.py:71: UserWarning: Invalid uuid: neutron. To ensure interoperability, identifiers should be a valid uuid. warnings.warn(('Invalid uuid: %s. To ensure interoperability, '
2026-04-27 22:08:51.299 10 INFO neutron.db.ovn_revision_numbers_db [req-2247a122-a94f-4edc-996c-d017779b194f req-e8a9e2b6-ba20-4e0f-a046-21901955816f dfe67ae67a0d45b0a4511adb4b45b466 398885860a1a485a97ce085702de3e7d - - 9b8ddd2dacbe4426aee095541780fd67 9b8ddd2dacbe4426aee095541780fd67] Successfully bumped revision number for resource 7bca8971-a710-4309-b8fe-98bfcb2ec815 (type: ports) to 2
2026-04-27 22:08:51.316 9 INFO neutron.services.segments.plugin [-] Segment caff8875-fa54-43cd-8fb3-d8cab3392fea resource provider aggregate not found
2026-04-27 22:08:51.323 9 INFO neutron.services.segments.plugin [-] Segment caff8875-fa54-43cd-8fb3-d8cab3392fea resource provider aggregate not found
