2026-04-27 22:06:18.161 7 INFO cinder.api.openstack.wsgi [None req-d404659f-290d-4113-bdd2-91d56d333e36 a676f1ea83d145e0af064c48c3f11e1a d33dcc6b5fb54144aeed0f41d4b9283e - - default default] http://cinder-api.openstack.svc.cluster.local:8776/v3/d33dcc6b5fb54144aeed0f41d4b9283e/volumes/f533f26c-f43b-4b60-bb4f-d57068408d19 returned with HTTP 200 [pid: 7|app: 0|req: 334/667] 10.0.0.105 () {32 vars in 775 bytes} [Mon Apr 27 22:06:18 2026] GET /v3/d33dcc6b5fb54144aeed0f41d4b9283e/volumes/f533f26c-f43b-4b60-bb4f-d57068408d19 => generated 973 bytes in 34 msecs (HTTP/1.1 200) 7 headers in 285 bytes (1 switches on core 0)
2026-04-27 22:06:19.217 8 INFO cinder.api.openstack.wsgi [None req-c644afb6-1e46-4746-ba5a-d9f6970d6a51 a676f1ea83d145e0af064c48c3f11e1a d33dcc6b5fb54144aeed0f41d4b9283e - - default default] GET http://10.0.0.146:8776/
2026-04-27 22:06:19.217 7 INFO cinder.api.openstack.wsgi [None req-d404659f-290d-4113-bdd2-91d56d333e36 a676f1ea83d145e0af064c48c3f11e1a d33dcc6b5fb54144aeed0f41d4b9283e - - default default] GET http://10.0.0.146:8776/
2026-04-27 22:06:19.219 7 INFO cinder.api.openstack.wsgi [None req-d404659f-290d-4113-bdd2-91d56d333e36 a676f1ea83d145e0af064c48c3f11e1a d33dcc6b5fb54144aeed0f41d4b9283e - - default default] http://10.0.0.146:8776/ returned with HTTP 300
2026-04-27 22:06:19.219 8 INFO cinder.api.openstack.wsgi [None req-c644afb6-1e46-4746-ba5a-d9f6970d6a51 a676f1ea83d145e0af064c48c3f11e1a d33dcc6b5fb54144aeed0f41d4b9283e - - default default] http://10.0.0.146:8776/ returned with HTTP 300 /var/lib/openstack/lib/python3.10/site-packages/pycadf/identifier.py:71: UserWarning: Invalid uuid: cinderv3. To ensure interoperability, identifiers should be a valid uuid. warnings.warn(('Invalid uuid: %s. To ensure interoperability, '
2026-04-27 22:06:20.705 7 INFO cinder.api.openstack.wsgi [None req-3b401a3d-9e5f-463d-bfdf-f46afef5aa51 a676f1ea83d145e0af064c48c3f11e1a d33dcc6b5fb54144aeed0f41d4b9283e - - default default] GET http://cinder-api.openstack.svc.cluster.local:8776/v3/d33dcc6b5fb54144aeed0f41d4b9283e/volumes/f533f26c-f43b-4b60-bb4f-d57068408d19 /var/lib/openstack/lib/python3.10/site-packages/oslo_context/context.py:100: DeprecationWarning: Policy enforcement is depending on the value of is_admin. This key is deprecated. Please update your policy file to use the standard policy values. warnings.warn('Policy enforcement is depending on the value of '
2026-04-27 22:06:20.722 7 INFO cinder.volume.api [None req-3b401a3d-9e5f-463d-bfdf-f46afef5aa51 a676f1ea83d145e0af064c48c3f11e1a d33dcc6b5fb54144aeed0f41d4b9283e - - default default] Volume info retrieved successfully.
2026-04-27 22:06:20.728 7 INFO cinder.api.openstack.wsgi [None req-3b401a3d-9e5f-463d-bfdf-f46afef5aa51 a676f1ea83d145e0af064c48c3f11e1a d33dcc6b5fb54144aeed0f41d4b9283e - - default default] http://cinder-api.openstack.svc.cluster.local:8776/v3/d33dcc6b5fb54144aeed0f41d4b9283e/volumes/f533f26c-f43b-4b60-bb4f-d57068408d19 returned with HTTP 200 [pid: 7|app: 0|req: 336/670] 10.0.0.105 () {32 vars in 775 bytes} [Mon Apr 27 22:06:20 2026] GET /v3/d33dcc6b5fb54144aeed0f41d4b9283e/volumes/f533f26c-f43b-4b60-bb4f-d57068408d19 => generated 973 bytes in 30 msecs (HTTP/1.1 200) 7 headers in 285 bytes (1 switches on core 0) /var/lib/openstack/lib/python3.10/site-packages/pycadf/identifier.py:71: UserWarning: Invalid uuid: cinderv3. To ensure interoperability, identifiers should be a valid uuid. warnings.warn(('Invalid uuid: %s. To ensure interoperability, '
2026-04-27 22:06:20.748 8 INFO cinder.api.openstack.wsgi [None req-a1f7dcb4-1343-4964-91e6-09b2bae48a11 a676f1ea83d145e0af064c48c3f11e1a d33dcc6b5fb54144aeed0f41d4b9283e - - default default] DELETE http://cinder-api.openstack.svc.cluster.local:8776/v3/d33dcc6b5fb54144aeed0f41d4b9283e/volumes/f533f26c-f43b-4b60-bb4f-d57068408d19
2026-04-27 22:06:20.748 8 INFO cinder.api.v3.volumes [None req-a1f7dcb4-1343-4964-91e6-09b2bae48a11 a676f1ea83d145e0af064c48c3f11e1a d33dcc6b5fb54144aeed0f41d4b9283e - - default default] Delete volume with id: f533f26c-f43b-4b60-bb4f-d57068408d19  /var/lib/openstack/lib/python3.10/site-packages/oslo_context/context.py:100: DeprecationWarning: Policy enforcement is depending on the value of is_admin. This key is deprecated. Please update your policy file to use the standard policy values. warnings.warn('Policy enforcement is depending on the value of '
2026-04-27 22:06:20.762 8 INFO cinder.volume.api [None req-a1f7dcb4-1343-4964-91e6-09b2bae48a11 a676f1ea83d145e0af064c48c3f11e1a d33dcc6b5fb54144aeed0f41d4b9283e - - default default] Volume info retrieved successfully.
2026-04-27 22:06:20.797 8 INFO cinder.volume.api [None req-a1f7dcb4-1343-4964-91e6-09b2bae48a11 a676f1ea83d145e0af064c48c3f11e1a d33dcc6b5fb54144aeed0f41d4b9283e - - default default] Delete volume request issued successfully.
2026-04-27 22:06:20.797 8 INFO cinder.api.openstack.wsgi [None req-a1f7dcb4-1343-4964-91e6-09b2bae48a11 a676f1ea83d145e0af064c48c3f11e1a d33dcc6b5fb54144aeed0f41d4b9283e - - default default] http://cinder-api.openstack.svc.cluster.local:8776/v3/d33dcc6b5fb54144aeed0f41d4b9283e/volumes/f533f26c-f43b-4b60-bb4f-d57068408d19 returned with HTTP 202 [pid: 8|app: 0|req: 335/671] 10.0.0.105 () {32 vars in 778 bytes} [Mon Apr 27 22:06:20 2026] DELETE /v3/d33dcc6b5fb54144aeed0f41d4b9283e/volumes/f533f26c-f43b-4b60-bb4f-d57068408d19 => generated 0 bytes in 56 msecs (HTTP/1.1 202) 6 headers in 233 bytes (1 switches on core 0) /var/lib/openstack/lib/python3.10/site-packages/pycadf/identifier.py:71: UserWarning: Invalid uuid: cinderv3. To ensure interoperability, identifiers should be a valid uuid. warnings.warn(('Invalid uuid: %s. To ensure interoperability, '
2026-04-27 22:06:20.811 7 INFO cinder.api.openstack.wsgi [None req-cd47ee09-c694-42f2-9d8f-7016bc7fe75f a676f1ea83d145e0af064c48c3f11e1a d33dcc6b5fb54144aeed0f41d4b9283e - - default default] GET http://cinder-api.openstack.svc.cluster.local:8776/v3/d33dcc6b5fb54144aeed0f41d4b9283e/volumes/f533f26c-f43b-4b60-bb4f-d57068408d19 /var/lib/openstack/lib/python3.10/site-packages/oslo_context/context.py:100: DeprecationWarning: Policy enforcement is depending on the value of is_admin. This key is deprecated. Please update your policy file to use the standard policy values. warnings.warn('Policy enforcement is depending on the value of '
2026-04-27 22:06:20.828 7 INFO cinder.volume.api [None req-cd47ee09-c694-42f2-9d8f-7016bc7fe75f a676f1ea83d145e0af064c48c3f11e1a d33dcc6b5fb54144aeed0f41d4b9283e - - default default] Volume info retrieved successfully.
2026-04-27 22:06:20.835 7 INFO cinder.api.openstack.wsgi [None req-cd47ee09-c694-42f2-9d8f-7016bc7fe75f a676f1ea83d145e0af064c48c3f11e1a d33dcc6b5fb54144aeed0f41d4b9283e - - default default] http://cinder-api.openstack.svc.cluster.local:8776/v3/d33dcc6b5fb54144aeed0f41d4b9283e/volumes/f533f26c-f43b-4b60-bb4f-d57068408d19 returned with HTTP 200 [pid: 7|app: 0|req: 337/672] 10.0.0.105 () {32 vars in 775 bytes} [Mon Apr 27 22:06:20 2026] GET /v3/d33dcc6b5fb54144aeed0f41d4b9283e/volumes/f533f26c-f43b-4b60-bb4f-d57068408d19 => generated 972 bytes in 32 msecs (HTTP/1.1 200) 7 headers in 285 bytes (1 switches on core 0) /var/lib/openstack/lib/python3.10/site-packages/pycadf/identifier.py:71: UserWarning: Invalid uuid: cinderv3. To ensure interoperability, identifiers should be a valid uuid. warnings.warn(('Invalid uuid: %s. To ensure interoperability, '
2026-04-27 22:06:21.869 8 INFO cinder.api.openstack.wsgi [None req-fe66e1df-3018-48b8-bcd7-3b0f41c5b0db a676f1ea83d145e0af064c48c3f11e1a d33dcc6b5fb54144aeed0f41d4b9283e - - default default] GET http://cinder-api.openstack.svc.cluster.local:8776/v3/d33dcc6b5fb54144aeed0f41d4b9283e/volumes/f533f26c-f43b-4b60-bb4f-d57068408d19
2026-04-27 22:06:21.877 8 INFO cinder.api.openstack.wsgi [None req-fe66e1df-3018-48b8-bcd7-3b0f41c5b0db a676f1ea83d145e0af064c48c3f11e1a d33dcc6b5fb54144aeed0f41d4b9283e - - default default] http://cinder-api.openstack.svc.cluster.local:8776/v3/d33dcc6b5fb54144aeed0f41d4b9283e/volumes/f533f26c-f43b-4b60-bb4f-d57068408d19 returned with HTTP 404 [pid: 8|app: 0|req: 336/673] 10.0.0.105 () {32 vars in 775 bytes} [Mon Apr 27 22:06:21 2026] GET /v3/d33dcc6b5fb54144aeed0f41d4b9283e/volumes/f533f26c-f43b-4b60-bb4f-d57068408d19 => generated 109 bytes in 20 msecs (HTTP/1.1 404) 7 headers in 292 bytes (1 switches on core 0)
2026-04-27 22:06:29.216 7 INFO cinder.api.openstack.wsgi [None req-cd47ee09-c694-42f2-9d8f-7016bc7fe75f a676f1ea83d145e0af064c48c3f11e1a d33dcc6b5fb54144aeed0f41d4b9283e - - default default] GET http://10.0.0.146:8776/
2026-04-27 22:06:29.216 8 INFO cinder.api.openstack.wsgi [None req-fe66e1df-3018-48b8-bcd7-3b0f41c5b0db a676f1ea83d145e0af064c48c3f11e1a d33dcc6b5fb54144aeed0f41d4b9283e - - default default] GET http://10.0.0.146:8776/
2026-04-27 22:06:29.218 7 INFO cinder.api.openstack.wsgi [None req-cd47ee09-c694-42f2-9d8f-7016bc7fe75f a676f1ea83d145e0af064c48c3f11e1a d33dcc6b5fb54144aeed0f41d4b9283e - - default default] http://10.0.0.146:8776/ returned with HTTP 300
2026-04-27 22:06:29.218 8 INFO cinder.api.openstack.wsgi [None req-fe66e1df-3018-48b8-bcd7-3b0f41c5b0db a676f1ea83d145e0af064c48c3f11e1a d33dcc6b5fb54144aeed0f41d4b9283e - - default default] http://10.0.0.146:8776/ returned with HTTP 300 /var/lib/openstack/lib/python3.10/site-packages/pycadf/identifier.py:71: UserWarning: Invalid uuid: cinderv3. To ensure interoperability, identifiers should be a valid uuid. warnings.warn(('Invalid uuid: %s. To ensure interoperability, '
2026-04-27 22:06:30.872 7 INFO cinder.api.openstack.wsgi [None req-3ac1d4d5-ca37-4f45-b0fe-b8f86bd1ec0e c01c7eefac674a7498c952d693d2f55f a81ef4039e934c7fac895a70fbd77f6e - - default default] POST http://cinder-api.openstack.svc.cluster.local:8776/v3/a81ef4039e934c7fac895a70fbd77f6e/volumes
2026-04-27 22:06:31.530 7 INFO cinder.api.v3.volumes [None req-3ac1d4d5-ca37-4f45-b0fe-b8f86bd1ec0e c01c7eefac674a7498c952d693d2f55f a81ef4039e934c7fac895a70fbd77f6e - - default default] Create volume of 1 GB
2026-04-27 22:06:31.538 7 INFO cinder.volume.api [None req-3ac1d4d5-ca37-4f45-b0fe-b8f86bd1ec0e c01c7eefac674a7498c952d693d2f55f a81ef4039e934c7fac895a70fbd77f6e - - default default] Availability Zones retrieved successfully.
2026-04-27 22:06:31.742 7 INFO cinder.volume.api [None req-3ac1d4d5-ca37-4f45-b0fe-b8f86bd1ec0e c01c7eefac674a7498c952d693d2f55f a81ef4039e934c7fac895a70fbd77f6e - - default default] Create volume request issued successfully.
2026-04-27 22:06:31.743 7 INFO cinder.api.openstack.wsgi [None req-3ac1d4d5-ca37-4f45-b0fe-b8f86bd1ec0e c01c7eefac674a7498c952d693d2f55f a81ef4039e934c7fac895a70fbd77f6e - - default default] http://cinder-api.openstack.svc.cluster.local:8776/v3/a81ef4039e934c7fac895a70fbd77f6e/volumes returned with HTTP 202 [pid: 7|app: 0|req: 339/676] 10.0.0.105 () {34 vars in 723 bytes} [Mon Apr 27 22:06:30 2026] POST /v3/a81ef4039e934c7fac895a70fbd77f6e/volumes => generated 865 bytes in 880 msecs (HTTP/1.1 202) 7 headers in 291 bytes (1 switches on core 0)
2026-04-27 22:06:31.765 8 INFO cinder.api.openstack.wsgi [None req-d8249034-4281-47c0-806d-a5619e29951c c01c7eefac674a7498c952d693d2f55f a81ef4039e934c7fac895a70fbd77f6e - - default default] GET http://cinder-api.openstack.svc.cluster.local:8776/v3/a81ef4039e934c7fac895a70fbd77f6e/volumes/9fa850d3-14b0-40df-b8c9-d4d2b209ea2e /var/lib/openstack/lib/python3.10/site-packages/oslo_context/context.py:100: DeprecationWarning: Policy enforcement is depending on the value of is_admin. This key is deprecated. Please update your policy file to use the standard policy values. warnings.warn('Policy enforcement is depending on the value of '
2026-04-27 22:06:31.788 8 INFO cinder.volume.api [None req-d8249034-4281-47c0-806d-a5619e29951c c01c7eefac674a7498c952d693d2f55f a81ef4039e934c7fac895a70fbd77f6e - - default default] Volume info retrieved successfully.
2026-04-27 22:06:31.795 8 INFO cinder.api.openstack.wsgi [None req-d8249034-4281-47c0-806d-a5619e29951c c01c7eefac674a7498c952d693d2f55f a81ef4039e934c7fac895a70fbd77f6e - - default default] http://cinder-api.openstack.svc.cluster.local:8776/v3/a81ef4039e934c7fac895a70fbd77f6e/volumes/9fa850d3-14b0-40df-b8c9-d4d2b209ea2e returned with HTTP 200 [pid: 8|app: 0|req: 338/677] 10.0.0.105 () {32 vars in 775 bytes} [Mon Apr 27 22:06:31 2026] GET /v3/a81ef4039e934c7fac895a70fbd77f6e/volumes/9fa850d3-14b0-40df-b8c9-d4d2b209ea2e => generated 933 bytes in 40 msecs (HTTP/1.1 200) 7 headers in 285 bytes (1 switches on core 0) /var/lib/openstack/lib/python3.10/site-packages/pycadf/identifier.py:71: UserWarning: Invalid uuid: cinderv3. To ensure interoperability, identifiers should be a valid uuid. warnings.warn(('Invalid uuid: %s. To ensure interoperability, '
2026-04-27 22:06:32.817 7 INFO cinder.api.openstack.wsgi [None req-b664da72-e740-4c53-8e74-2ba8ec8b67d7 c01c7eefac674a7498c952d693d2f55f a81ef4039e934c7fac895a70fbd77f6e - - default default] GET http://cinder-api.openstack.svc.cluster.local:8776/v3/a81ef4039e934c7fac895a70fbd77f6e/volumes/9fa850d3-14b0-40df-b8c9-d4d2b209ea2e /var/lib/openstack/lib/python3.10/site-packages/oslo_context/context.py:100: DeprecationWarning: Policy enforcement is depending on the value of is_admin. This key is deprecated. Please update your policy file to use the standard policy values. warnings.warn('Policy enforcement is depending on the value of '
2026-04-27 22:06:32.833 7 INFO cinder.volume.api [None req-b664da72-e740-4c53-8e74-2ba8ec8b67d7 c01c7eefac674a7498c952d693d2f55f a81ef4039e934c7fac895a70fbd77f6e - - default default] Volume info retrieved successfully.
2026-04-27 22:06:32.841 7 INFO cinder.api.openstack.wsgi [None req-b664da72-e740-4c53-8e74-2ba8ec8b67d7 c01c7eefac674a7498c952d693d2f55f a81ef4039e934c7fac895a70fbd77f6e - - default default] http://cinder-api.openstack.svc.cluster.local:8776/v3/a81ef4039e934c7fac895a70fbd77f6e/volumes/9fa850d3-14b0-40df-b8c9-d4d2b209ea2e returned with HTTP 200 [pid: 7|app: 0|req: 340/678] 10.0.0.105 () {32 vars in 775 bytes} [Mon Apr 27 22:06:32 2026] GET /v3/a81ef4039e934c7fac895a70fbd77f6e/volumes/9fa850d3-14b0-40df-b8c9-d4d2b209ea2e => generated 957 bytes in 32 msecs (HTTP/1.1 200) 7 headers in 285 bytes (1 switches on core 0) /var/lib/openstack/lib/python3.10/site-packages/pycadf/identifier.py:71: UserWarning: Invalid uuid: cinderv3. To ensure interoperability, identifiers should be a valid uuid. warnings.warn(('Invalid uuid: %s. To ensure interoperability, '
2026-04-27 22:06:33.867 8 INFO cinder.api.openstack.wsgi [None req-e2b99f4a-c0bd-483a-9ca6-b21b0ab3d739 c01c7eefac674a7498c952d693d2f55f a81ef4039e934c7fac895a70fbd77f6e - - default default] GET http://cinder-api.openstack.svc.cluster.local:8776/v3/a81ef4039e934c7fac895a70fbd77f6e/volumes/9fa850d3-14b0-40df-b8c9-d4d2b209ea2e /var/lib/openstack/lib/python3.10/site-packages/oslo_context/context.py:100: DeprecationWarning: Policy enforcement is depending on the value of is_admin. This key is deprecated. Please update your policy file to use the standard policy values. warnings.warn('Policy enforcement is depending on the value of '
2026-04-27 22:06:33.884 8 INFO cinder.volume.api [None req-e2b99f4a-c0bd-483a-9ca6-b21b0ab3d739 c01c7eefac674a7498c952d693d2f55f a81ef4039e934c7fac895a70fbd77f6e - - default default] Volume info retrieved successfully.
2026-04-27 22:06:33.891 8 INFO cinder.api.openstack.wsgi [None req-e2b99f4a-c0bd-483a-9ca6-b21b0ab3d739 c01c7eefac674a7498c952d693d2f55f a81ef4039e934c7fac895a70fbd77f6e - - default default] http://cinder-api.openstack.svc.cluster.local:8776/v3/a81ef4039e934c7fac895a70fbd77f6e/volumes/9fa850d3-14b0-40df-b8c9-d4d2b209ea2e returned with HTTP 200 [pid: 8|app: 0|req: 339/679] 10.0.0.105 () {32 vars in 775 bytes} [Mon Apr 27 22:06:33 2026] GET /v3/a81ef4039e934c7fac895a70fbd77f6e/volumes/9fa850d3-14b0-40df-b8c9-d4d2b209ea2e => generated 1342 bytes in 32 msecs (HTTP/1.1 200) 7 headers in 286 bytes (1 switches on core 0) /var/lib/openstack/lib/python3.10/site-packages/pycadf/identifier.py:71: UserWarning: Invalid uuid: cinderv3. To ensure interoperability, identifiers should be a valid uuid. warnings.warn(('Invalid uuid: %s. To ensure interoperability, '
2026-04-27 22:06:33.971 7 INFO cinder.api.openstack.wsgi [req-6b7a4e2a-9861-4723-b8fb-cd2a471471f3 req-0c1d27e9-4df2-4dd7-8ca0-21903db6b9c9 c01c7eefac674a7498c952d693d2f55f a81ef4039e934c7fac895a70fbd77f6e - - default default] GET http://cinder-api.openstack.svc.cluster.local:8776/v3/a81ef4039e934c7fac895a70fbd77f6e/volumes/9fa850d3-14b0-40df-b8c9-d4d2b209ea2e /var/lib/openstack/lib/python3.10/site-packages/oslo_context/context.py:100: DeprecationWarning: Policy enforcement is depending on the value of is_admin. This key is deprecated. Please update your policy file to use the standard policy values. warnings.warn('Policy enforcement is depending on the value of '
2026-04-27 22:06:33.988 7 INFO cinder.volume.api [req-6b7a4e2a-9861-4723-b8fb-cd2a471471f3 req-0c1d27e9-4df2-4dd7-8ca0-21903db6b9c9 c01c7eefac674a7498c952d693d2f55f a81ef4039e934c7fac895a70fbd77f6e - - default default] Volume info retrieved successfully.
2026-04-27 22:06:33.995 7 INFO cinder.api.openstack.wsgi [req-6b7a4e2a-9861-4723-b8fb-cd2a471471f3 req-0c1d27e9-4df2-4dd7-8ca0-21903db6b9c9 c01c7eefac674a7498c952d693d2f55f a81ef4039e934c7fac895a70fbd77f6e - - default default] http://cinder-api.openstack.svc.cluster.local:8776/v3/a81ef4039e934c7fac895a70fbd77f6e/volumes/9fa850d3-14b0-40df-b8c9-d4d2b209ea2e returned with HTTP 200 [pid: 7|app: 0|req: 341/680] 10.0.0.45 () {34 vars in 1027 bytes} [Mon Apr 27 22:06:33 2026] GET /v3/a81ef4039e934c7fac895a70fbd77f6e/volumes/9fa850d3-14b0-40df-b8c9-d4d2b209ea2e => generated 1342 bytes in 32 msecs (HTTP/1.1 200) 7 headers in 286 bytes (1 switches on core 0) /var/lib/openstack/lib/python3.10/site-packages/pycadf/identifier.py:71: UserWarning: Invalid uuid: cinderv3. To ensure interoperability, identifiers should be a valid uuid. warnings.warn(('Invalid uuid: %s. To ensure interoperability, '
2026-04-27 22:06:34.513 8 INFO cinder.api.openstack.wsgi [req-6b7a4e2a-9861-4723-b8fb-cd2a471471f3 req-e7e15589-ffa6-44f6-a0ef-271e9b23ae4c c01c7eefac674a7498c952d693d2f55f a81ef4039e934c7fac895a70fbd77f6e - - default default] GET http://cinder-api.openstack.svc.cluster.local:8776/v3/a81ef4039e934c7fac895a70fbd77f6e/volumes/9fa850d3-14b0-40df-b8c9-d4d2b209ea2e /var/lib/openstack/lib/python3.10/site-packages/oslo_context/context.py:100: DeprecationWarning: Policy enforcement is depending on the value of is_admin. This key is deprecated. Please update your policy file to use the standard policy values. warnings.warn('Policy enforcement is depending on the value of '
2026-04-27 22:06:34.527 8 INFO cinder.volume.api [req-6b7a4e2a-9861-4723-b8fb-cd2a471471f3 req-e7e15589-ffa6-44f6-a0ef-271e9b23ae4c c01c7eefac674a7498c952d693d2f55f a81ef4039e934c7fac895a70fbd77f6e - - default default] Volume info retrieved successfully.
2026-04-27 22:06:34.536 8 INFO cinder.api.openstack.wsgi [req-6b7a4e2a-9861-4723-b8fb-cd2a471471f3 req-e7e15589-ffa6-44f6-a0ef-271e9b23ae4c c01c7eefac674a7498c952d693d2f55f a81ef4039e934c7fac895a70fbd77f6e - - default default] http://cinder-api.openstack.svc.cluster.local:8776/v3/a81ef4039e934c7fac895a70fbd77f6e/volumes/9fa850d3-14b0-40df-b8c9-d4d2b209ea2e returned with HTTP 200 [pid: 8|app: 0|req: 340/681] 10.0.0.45 () {34 vars in 1027 bytes} [Mon Apr 27 22:06:34 2026] GET /v3/a81ef4039e934c7fac895a70fbd77f6e/volumes/9fa850d3-14b0-40df-b8c9-d4d2b209ea2e => generated 1342 bytes in 33 msecs (HTTP/1.1 200) 7 headers in 286 bytes (1 switches on core 0)
2026-04-27 22:06:34.548 7 INFO cinder.api.openstack.wsgi [req-6b7a4e2a-9861-4723-b8fb-cd2a471471f3 req-0c1d27e9-4df2-4dd7-8ca0-21903db6b9c9 c01c7eefac674a7498c952d693d2f55f a81ef4039e934c7fac895a70fbd77f6e - - default default] GET http://cinder-api.openstack.svc.cluster.local:8776/
2026-04-27 22:06:34.550 7 INFO cinder.api.openstack.wsgi [req-6b7a4e2a-9861-4723-b8fb-cd2a471471f3 req-0c1d27e9-4df2-4dd7-8ca0-21903db6b9c9 c01c7eefac674a7498c952d693d2f55f a81ef4039e934c7fac895a70fbd77f6e - - default default] http://cinder-api.openstack.svc.cluster.local:8776/ returned with HTTP 300 [pid: 7|app: 0|req: 342/682] 10.0.0.45 () {32 vars in 828 bytes} [Mon Apr 27 22:06:34 2026] GET / => generated 411 bytes in 3 msecs (HTTP/1.1 300) 5 headers in 169 bytes (1 switches on core 0) /var/lib/openstack/lib/python3.10/site-packages/pycadf/identifier.py:71: UserWarning: Invalid uuid: cinderv3. To ensure interoperability, identifiers should be a valid uuid. warnings.warn(('Invalid uuid: %s. To ensure interoperability, '
2026-04-27 22:06:34.569 8 INFO cinder.api.openstack.wsgi [req-6b7a4e2a-9861-4723-b8fb-cd2a471471f3 req-40ba0fdb-0d3a-460b-a0c2-623d75508301 c01c7eefac674a7498c952d693d2f55f a81ef4039e934c7fac895a70fbd77f6e - - default default] POST http://cinder-api.openstack.svc.cluster.local:8776/v3/a81ef4039e934c7fac895a70fbd77f6e/attachments /var/lib/openstack/lib/python3.10/site-packages/oslo_context/context.py:100: DeprecationWarning: Policy enforcement is depending on the value of is_admin. This key is deprecated. Please update your policy file to use the standard policy values. warnings.warn('Policy enforcement is depending on the value of '
2026-04-27 22:06:34.629 8 INFO cinder.api.openstack.wsgi [req-6b7a4e2a-9861-4723-b8fb-cd2a471471f3 req-40ba0fdb-0d3a-460b-a0c2-623d75508301 c01c7eefac674a7498c952d693d2f55f a81ef4039e934c7fac895a70fbd77f6e - - default default] http://cinder-api.openstack.svc.cluster.local:8776/v3/a81ef4039e934c7fac895a70fbd77f6e/attachments returned with HTTP 200 [pid: 8|app: 0|req: 341/683] 10.0.0.45 () {40 vars in 1056 bytes} [Mon Apr 27 22:06:34 2026] POST /v3/a81ef4039e934c7fac895a70fbd77f6e/attachments => generated 273 bytes in 70 msecs (HTTP/1.1 200) 7 headers in 286 bytes (1 switches on core 0)
2026-04-27 22:06:35.452 7 INFO cinder.api.openstack.wsgi [req-6b7a4e2a-9861-4723-b8fb-cd2a471471f3 req-0c1d27e9-4df2-4dd7-8ca0-21903db6b9c9 c01c7eefac674a7498c952d693d2f55f a81ef4039e934c7fac895a70fbd77f6e - - default default] GET http://cinder-api.openstack.svc.cluster.local:8776/
2026-04-27 22:06:35.453 7 INFO cinder.api.openstack.wsgi [req-6b7a4e2a-9861-4723-b8fb-cd2a471471f3 req-0c1d27e9-4df2-4dd7-8ca0-21903db6b9c9 c01c7eefac674a7498c952d693d2f55f a81ef4039e934c7fac895a70fbd77f6e - - default default] http://cinder-api.openstack.svc.cluster.local:8776/ returned with HTTP 300 [pid: 7|app: 0|req: 343/684] 199.204.45.129 () {32 vars in 840 bytes} [Mon Apr 27 22:06:35 2026] GET / => generated 411 bytes in 3 msecs (HTTP/1.1 300) 5 headers in 169 bytes (1 switches on core 0) /var/lib/openstack/lib/python3.10/site-packages/pycadf/identifier.py:71: UserWarning: Invalid uuid: cinderv3. To ensure interoperability, identifiers should be a valid uuid. warnings.warn(('Invalid uuid: %s. To ensure interoperability, '
2026-04-27 22:06:35.496 8 INFO cinder.api.openstack.wsgi [req-6b7a4e2a-9861-4723-b8fb-cd2a471471f3 req-ba99fb00-7758-4a34-8043-25f01364f05a c01c7eefac674a7498c952d693d2f55f a81ef4039e934c7fac895a70fbd77f6e - - default default] GET http://cinder-api.openstack.svc.cluster.local:8776/v3/a81ef4039e934c7fac895a70fbd77f6e/volumes/9fa850d3-14b0-40df-b8c9-d4d2b209ea2e /var/lib/openstack/lib/python3.10/site-packages/oslo_context/context.py:100: DeprecationWarning: Policy enforcement is depending on the value of is_admin. This key is deprecated. Please update your policy file to use the standard policy values. warnings.warn('Policy enforcement is depending on the value of '
2026-04-27 22:06:35.520 8 INFO cinder.volume.api [req-6b7a4e2a-9861-4723-b8fb-cd2a471471f3 req-ba99fb00-7758-4a34-8043-25f01364f05a c01c7eefac674a7498c952d693d2f55f a81ef4039e934c7fac895a70fbd77f6e - - default default] Volume info retrieved successfully.
2026-04-27 22:06:35.527 8 INFO cinder.api.openstack.wsgi [req-6b7a4e2a-9861-4723-b8fb-cd2a471471f3 req-ba99fb00-7758-4a34-8043-25f01364f05a c01c7eefac674a7498c952d693d2f55f a81ef4039e934c7fac895a70fbd77f6e - - default default] http://cinder-api.openstack.svc.cluster.local:8776/v3/a81ef4039e934c7fac895a70fbd77f6e/volumes/9fa850d3-14b0-40df-b8c9-d4d2b209ea2e returned with HTTP 200 [pid: 8|app: 0|req: 342/685] 199.204.45.129 () {36 vars in 1073 bytes} [Mon Apr 27 22:06:35 2026] GET /v3/a81ef4039e934c7fac895a70fbd77f6e/volumes/9fa850d3-14b0-40df-b8c9-d4d2b209ea2e => generated 1440 bytes in 39 msecs (HTTP/1.1 200) 7 headers in 287 bytes (1 switches on core 0) /var/lib/openstack/lib/python3.10/site-packages/pycadf/identifier.py:71: UserWarning: Invalid uuid: cinderv3. To ensure interoperability, identifiers should be a valid uuid. warnings.warn(('Invalid uuid: %s. To ensure interoperability, '
2026-04-27 22:06:37.632 7 INFO cinder.api.openstack.wsgi [req-6b7a4e2a-9861-4723-b8fb-cd2a471471f3 req-0e60c15f-fbcc-429b-ac5e-3c535fc2b017 c01c7eefac674a7498c952d693d2f55f a81ef4039e934c7fac895a70fbd77f6e - - default default] PUT http://cinder-api.openstack.svc.cluster.local:8776/v3/a81ef4039e934c7fac895a70fbd77f6e/attachments/acf661ba-e41b-46ef-b299-977341d34eb2 /var/lib/openstack/lib/python3.10/site-packages/oslo_context/context.py:100: DeprecationWarning: Policy enforcement is depending on the value of is_admin. This key is deprecated. Please update your policy file to use the standard policy values. warnings.warn('Policy enforcement is depending on the value of '
2026-04-27 22:06:38.246 7 INFO cinder.api.openstack.wsgi [req-6b7a4e2a-9861-4723-b8fb-cd2a471471f3 req-0e60c15f-fbcc-429b-ac5e-3c535fc2b017 c01c7eefac674a7498c952d693d2f55f a81ef4039e934c7fac895a70fbd77f6e - - default default] http://cinder-api.openstack.svc.cluster.local:8776/v3/a81ef4039e934c7fac895a70fbd77f6e/attachments/acf661ba-e41b-46ef-b299-977341d34eb2 returned with HTTP 200 [pid: 7|app: 0|req: 344/686] 199.204.45.129 () {40 vars in 1134 bytes} [Mon Apr 27 22:06:37 2026] PUT /v3/a81ef4039e934c7fac895a70fbd77f6e/attachments/acf661ba-e41b-46ef-b299-977341d34eb2 => generated 775 bytes in 625 msecs (HTTP/1.1 200) 7 headers in 286 bytes (1 switches on core 0) /var/lib/openstack/lib/python3.10/site-packages/pycadf/identifier.py:71: UserWarning: Invalid uuid: cinderv3. To ensure interoperability, identifiers should be a valid uuid. warnings.warn(('Invalid uuid: %s. To ensure interoperability, '
2026-04-27 22:06:38.282 8 INFO cinder.api.openstack.wsgi [req-6b7a4e2a-9861-4723-b8fb-cd2a471471f3 req-7b102133-bdbf-488e-aa4f-3d8750854abd c01c7eefac674a7498c952d693d2f55f a81ef4039e934c7fac895a70fbd77f6e - - default default] POST http://cinder-api.openstack.svc.cluster.local:8776/v3/a81ef4039e934c7fac895a70fbd77f6e/attachments/acf661ba-e41b-46ef-b299-977341d34eb2/action /var/lib/openstack/lib/python3.10/site-packages/oslo_context/context.py:100: DeprecationWarning: Policy enforcement is depending on the value of is_admin. This key is deprecated. Please update your policy file to use the standard policy values. warnings.warn('Policy enforcement is depending on the value of '
2026-04-27 22:06:38.322 8 INFO cinder.api.openstack.wsgi [req-6b7a4e2a-9861-4723-b8fb-cd2a471471f3 req-7b102133-bdbf-488e-aa4f-3d8750854abd c01c7eefac674a7498c952d693d2f55f a81ef4039e934c7fac895a70fbd77f6e - - default default] http://cinder-api.openstack.svc.cluster.local:8776/v3/a81ef4039e934c7fac895a70fbd77f6e/attachments/acf661ba-e41b-46ef-b299-977341d34eb2/action returned with HTTP 204 [pid: 8|app: 0|req: 343/687] 199.204.45.129 () {40 vars in 1148 bytes} [Mon Apr 27 22:06:38 2026] POST /v3/a81ef4039e934c7fac895a70fbd77f6e/attachments/acf661ba-e41b-46ef-b299-977341d34eb2/action => generated 0 bytes in 47 msecs (HTTP/1.1 204) 7 headers in 292 bytes (1 switches on core 0)
2026-04-27 22:06:39.216 7 INFO cinder.api.openstack.wsgi [req-6b7a4e2a-9861-4723-b8fb-cd2a471471f3 req-0e60c15f-fbcc-429b-ac5e-3c535fc2b017 c01c7eefac674a7498c952d693d2f55f a81ef4039e934c7fac895a70fbd77f6e - - default default] GET http://10.0.0.146:8776/
2026-04-27 22:06:39.216 8 INFO cinder.api.openstack.wsgi [req-6b7a4e2a-9861-4723-b8fb-cd2a471471f3 req-7b102133-bdbf-488e-aa4f-3d8750854abd c01c7eefac674a7498c952d693d2f55f a81ef4039e934c7fac895a70fbd77f6e - - default default] GET http://10.0.0.146:8776/
2026-04-27 22:06:39.217 7 INFO cinder.api.openstack.wsgi [req-6b7a4e2a-9861-4723-b8fb-cd2a471471f3 req-0e60c15f-fbcc-429b-ac5e-3c535fc2b017 c01c7eefac674a7498c952d693d2f55f a81ef4039e934c7fac895a70fbd77f6e - - default default] http://10.0.0.146:8776/ returned with HTTP 300
2026-04-27 22:06:39.217 8 INFO cinder.api.openstack.wsgi [req-6b7a4e2a-9861-4723-b8fb-cd2a471471f3 req-7b102133-bdbf-488e-aa4f-3d8750854abd c01c7eefac674a7498c952d693d2f55f a81ef4039e934c7fac895a70fbd77f6e - - default default] http://10.0.0.146:8776/ returned with HTTP 300 /var/lib/openstack/lib/python3.10/site-packages/pycadf/identifier.py:71: UserWarning: Invalid uuid: cinderv3. To ensure interoperability, identifiers should be a valid uuid. warnings.warn(('Invalid uuid: %s. To ensure interoperability, '
2026-04-27 22:06:43.553 7 INFO cinder.api.openstack.wsgi [req-8ad600fb-c598-4af7-82f4-428f09591ac5 req-cf2889d5-fa03-465e-aa83-239485648b00 c01c7eefac674a7498c952d693d2f55f a81ef4039e934c7fac895a70fbd77f6e - - default default] DELETE http://cinder-api.openstack.svc.cluster.local:8776/v3/a81ef4039e934c7fac895a70fbd77f6e/attachments/acf661ba-e41b-46ef-b299-977341d34eb2 /var/lib/openstack/lib/python3.10/site-packages/oslo_context/context.py:100: DeprecationWarning: Policy enforcement is depending on the value of is_admin. This key is deprecated. Please update your policy file to use the standard policy values. warnings.warn('Policy enforcement is depending on the value of '
2026-04-27 22:06:43.678 7 INFO cinder.api.openstack.wsgi [req-8ad600fb-c598-4af7-82f4-428f09591ac5 req-cf2889d5-fa03-465e-aa83-239485648b00 c01c7eefac674a7498c952d693d2f55f a81ef4039e934c7fac895a70fbd77f6e - - default default] http://cinder-api.openstack.svc.cluster.local:8776/v3/a81ef4039e934c7fac895a70fbd77f6e/attachments/acf661ba-e41b-46ef-b299-977341d34eb2 returned with HTTP 200 [pid: 7|app: 0|req: 346/690] 199.204.45.129 () {38 vars in 1103 bytes} [Mon Apr 27 22:06:43 2026] DELETE /v3/a81ef4039e934c7fac895a70fbd77f6e/attachments/acf661ba-e41b-46ef-b299-977341d34eb2 => generated 19 bytes in 139 msecs (HTTP/1.1 200) 7 headers in 285 bytes (1 switches on core 0) /var/lib/openstack/lib/python3.10/site-packages/pycadf/identifier.py:71: UserWarning: Invalid uuid: cinderv3. To ensure interoperability, identifiers should be a valid uuid. warnings.warn(('Invalid uuid: %s. To ensure interoperability, '
2026-04-27 22:06:43.699 8 INFO cinder.api.openstack.wsgi [req-8ad600fb-c598-4af7-82f4-428f09591ac5 req-80b63600-0383-4441-a47f-2aef4476ceb4 c01c7eefac674a7498c952d693d2f55f a81ef4039e934c7fac895a70fbd77f6e - - default default] DELETE http://cinder-api.openstack.svc.cluster.local:8776/v3/a81ef4039e934c7fac895a70fbd77f6e/volumes/9fa850d3-14b0-40df-b8c9-d4d2b209ea2e
2026-04-27 22:06:43.700 8 INFO cinder.api.v3.volumes [req-8ad600fb-c598-4af7-82f4-428f09591ac5 req-80b63600-0383-4441-a47f-2aef4476ceb4 c01c7eefac674a7498c952d693d2f55f a81ef4039e934c7fac895a70fbd77f6e - - default default] Delete volume with id: 9fa850d3-14b0-40df-b8c9-d4d2b209ea2e  /var/lib/openstack/lib/python3.10/site-packages/oslo_context/context.py:100: DeprecationWarning: Policy enforcement is depending on the value of is_admin. This key is deprecated. Please update your policy file to use the standard policy values. warnings.warn('Policy enforcement is depending on the value of '
2026-04-27 22:06:43.711 8 INFO cinder.volume.api [req-8ad600fb-c598-4af7-82f4-428f09591ac5 req-80b63600-0383-4441-a47f-2aef4476ceb4 c01c7eefac674a7498c952d693d2f55f a81ef4039e934c7fac895a70fbd77f6e - - default default] Volume info retrieved successfully.
2026-04-27 22:06:43.733 8 INFO cinder.volume.api [req-8ad600fb-c598-4af7-82f4-428f09591ac5 req-80b63600-0383-4441-a47f-2aef4476ceb4 c01c7eefac674a7498c952d693d2f55f a81ef4039e934c7fac895a70fbd77f6e - - default default] Delete volume request issued successfully.
2026-04-27 22:06:43.733 8 INFO cinder.api.openstack.wsgi [req-8ad600fb-c598-4af7-82f4-428f09591ac5 req-80b63600-0383-4441-a47f-2aef4476ceb4 c01c7eefac674a7498c952d693d2f55f a81ef4039e934c7fac895a70fbd77f6e - - default default] http://cinder-api.openstack.svc.cluster.local:8776/v3/a81ef4039e934c7fac895a70fbd77f6e/volumes/9fa850d3-14b0-40df-b8c9-d4d2b209ea2e returned with HTTP 202 [pid: 8|app: 0|req: 345/691] 199.204.45.129 () {36 vars in 1054 bytes} [Mon Apr 27 22:06:43 2026] DELETE /v3/a81ef4039e934c7fac895a70fbd77f6e/volumes/9fa850d3-14b0-40df-b8c9-d4d2b209ea2e => generated 0 bytes in 44 msecs (HTTP/1.1 202) 6 headers in 233 bytes (1 switches on core 0)
2026-04-27 22:06:49.217 7 INFO cinder.api.openstack.wsgi [req-8ad600fb-c598-4af7-82f4-428f09591ac5 req-cf2889d5-fa03-465e-aa83-239485648b00 c01c7eefac674a7498c952d693d2f55f a81ef4039e934c7fac895a70fbd77f6e - - default default] GET http://10.0.0.146:8776/
2026-04-27 22:06:49.217 8 INFO cinder.api.openstack.wsgi [req-8ad600fb-c598-4af7-82f4-428f09591ac5 req-80b63600-0383-4441-a47f-2aef4476ceb4 c01c7eefac674a7498c952d693d2f55f a81ef4039e934c7fac895a70fbd77f6e - - default default] GET http://10.0.0.146:8776/
2026-04-27 22:06:49.218 7 INFO cinder.api.openstack.wsgi [req-8ad600fb-c598-4af7-82f4-428f09591ac5 req-cf2889d5-fa03-465e-aa83-239485648b00 c01c7eefac674a7498c952d693d2f55f a81ef4039e934c7fac895a70fbd77f6e - - default default] http://10.0.0.146:8776/ returned with HTTP 300
2026-04-27 22:06:49.219 8 INFO cinder.api.openstack.wsgi [req-8ad600fb-c598-4af7-82f4-428f09591ac5 req-80b63600-0383-4441-a47f-2aef4476ceb4 c01c7eefac674a7498c952d693d2f55f a81ef4039e934c7fac895a70fbd77f6e - - default default] http://10.0.0.146:8776/ returned with HTTP 300
2026-04-27 22:06:59.216 8 INFO cinder.api.openstack.wsgi [req-8ad600fb-c598-4af7-82f4-428f09591ac5 req-80b63600-0383-4441-a47f-2aef4476ceb4 c01c7eefac674a7498c952d693d2f55f a81ef4039e934c7fac895a70fbd77f6e - - default default] GET http://10.0.0.146:8776/
2026-04-27 22:06:59.217 7 INFO cinder.api.openstack.wsgi [req-8ad600fb-c598-4af7-82f4-428f09591ac5 req-cf2889d5-fa03-465e-aa83-239485648b00 c01c7eefac674a7498c952d693d2f55f a81ef4039e934c7fac895a70fbd77f6e - - default default] GET http://10.0.0.146:8776/
2026-04-27 22:06:59.218 8 INFO cinder.api.openstack.wsgi [req-8ad600fb-c598-4af7-82f4-428f09591ac5 req-80b63600-0383-4441-a47f-2aef4476ceb4 c01c7eefac674a7498c952d693d2f55f a81ef4039e934c7fac895a70fbd77f6e - - default default] http://10.0.0.146:8776/ returned with HTTP 300
2026-04-27 22:06:59.218 7 INFO cinder.api.openstack.wsgi [req-8ad600fb-c598-4af7-82f4-428f09591ac5 req-cf2889d5-fa03-465e-aa83-239485648b00 c01c7eefac674a7498c952d693d2f55f a81ef4039e934c7fac895a70fbd77f6e - - default default] http://10.0.0.146:8776/ returned with HTTP 300
2026-04-27 22:07:01.069 7 INFO cinder.api.openstack.wsgi [req-8ad600fb-c598-4af7-82f4-428f09591ac5 req-cf2889d5-fa03-465e-aa83-239485648b00 c01c7eefac674a7498c952d693d2f55f a81ef4039e934c7fac895a70fbd77f6e - - default default] GET http://cinder-api.openstack.svc.cluster.local:8776/
2026-04-27 22:07:01.071 7 INFO cinder.api.openstack.wsgi [req-8ad600fb-c598-4af7-82f4-428f09591ac5 req-cf2889d5-fa03-465e-aa83-239485648b00 c01c7eefac674a7498c952d693d2f55f a81ef4039e934c7fac895a70fbd77f6e - - default default] http://cinder-api.openstack.svc.cluster.local:8776/ returned with HTTP 300 [pid: 7|app: 0|req: 349/696] 10.0.0.105 () {30 vars in 411 bytes} [Mon Apr 27 22:07:01 2026] GET / => generated 411 bytes in 3 msecs (HTTP/1.1 300) 5 headers in 169 bytes (1 switches on core 0) /var/lib/openstack/lib/python3.10/site-packages/pycadf/identifier.py:71: UserWarning: Invalid uuid: cinderv3. To ensure interoperability, identifiers should be a valid uuid. warnings.warn(('Invalid uuid: %s. To ensure interoperability, '
2026-04-27 22:07:03.106 8 INFO cinder.api.openstack.wsgi [None req-44f6c887-a0fa-4c79-b068-8b0e471dae92 da9ea4bce9fa49798930ea075b6f69d6 9e87328a0e33464295d10e591d61c010 - - default default] GET http://cinder-api.openstack.svc.cluster.local:8776/v3/9e87328a0e33464295d10e591d61c010/volumes/detail?all_tenants=true
2026-04-27 22:07:03.116 8 INFO cinder.volume.api [None req-44f6c887-a0fa-4c79-b068-8b0e471dae92 da9ea4bce9fa49798930ea075b6f69d6 9e87328a0e33464295d10e591d61c010 - - default default] Get all volumes completed successfully.
2026-04-27 22:07:03.119 8 INFO cinder.api.openstack.wsgi [None req-44f6c887-a0fa-4c79-b068-8b0e471dae92 da9ea4bce9fa49798930ea075b6f69d6 9e87328a0e33464295d10e591d61c010 - - default default] http://cinder-api.openstack.svc.cluster.local:8776/v3/9e87328a0e33464295d10e591d61c010/volumes/detail?all_tenants=true returned with HTTP 200 [pid: 8|app: 0|req: 348/697] 10.0.0.111 () {28 vars in 684 bytes} [Mon Apr 27 22:07:02 2026] GET /v3/9e87328a0e33464295d10e591d61c010/volumes/detail?all_tenants=true => generated 15 bytes in 274 msecs (HTTP/1.1 200) 7 headers in 284 bytes (1 switches on core 0) /var/lib/openstack/lib/python3.10/site-packages/pycadf/identifier.py:71: UserWarning: Invalid uuid: cinderv3. To ensure interoperability, identifiers should be a valid uuid. warnings.warn(('Invalid uuid: %s. To ensure interoperability, '
2026-04-27 22:07:03.138 7 INFO cinder.api.openstack.wsgi [None req-b719e147-b4d9-409f-8fce-5a66524968a6 da9ea4bce9fa49798930ea075b6f69d6 9e87328a0e33464295d10e591d61c010 - - default default] GET http://cinder-api.openstack.svc.cluster.local:8776/v3/9e87328a0e33464295d10e591d61c010/scheduler-stats/get_pools?detail=true /var/lib/openstack/lib/python3.10/site-packages/oslo_context/context.py:100: DeprecationWarning: Policy enforcement is depending on the value of is_admin. This key is deprecated. Please update your policy file to use the standard policy values. warnings.warn('Policy enforcement is depending on the value of '
2026-04-27 22:07:03.157 7 INFO cinder.api.openstack.wsgi [None req-b719e147-b4d9-409f-8fce-5a66524968a6 da9ea4bce9fa49798930ea075b6f69d6 9e87328a0e33464295d10e591d61c010 - - default default] http://cinder-api.openstack.svc.cluster.local:8776/v3/9e87328a0e33464295d10e591d61c010/scheduler-stats/get_pools?detail=true returned with HTTP 200 [pid: 7|app: 0|req: 350/698] 10.0.0.111 () {28 vars in 696 bytes} [Mon Apr 27 22:07:03 2026] GET /v3/9e87328a0e33464295d10e591d61c010/scheduler-stats/get_pools?detail=true => generated 670 bytes in 34 msecs (HTTP/1.1 200) 7 headers in 285 bytes (1 switches on core 0)
2026-04-27 22:07:03.168 8 INFO cinder.api.openstack.wsgi [None req-4a550f96-0610-437c-b362-722349c046fd da9ea4bce9fa49798930ea075b6f69d6 9e87328a0e33464295d10e591d61c010 - - default default] GET http://cinder-api.openstack.svc.cluster.local:8776/v3/9e87328a0e33464295d10e591d61c010/os-services
2026-04-27 22:07:03.176 8 INFO cinder.api.openstack.wsgi [None req-4a550f96-0610-437c-b362-722349c046fd da9ea4bce9fa49798930ea075b6f69d6 9e87328a0e33464295d10e591d61c010 - - default default] http://cinder-api.openstack.svc.cluster.local:8776/v3/9e87328a0e33464295d10e591d61c010/os-services returned with HTTP 200 [pid: 8|app: 0|req: 349/699] 10.0.0.111 () {28 vars in 645 bytes} [Mon Apr 27 22:07:03 2026] GET /v3/9e87328a0e33464295d10e591d61c010/os-services => generated 646 bytes in 15 msecs (HTTP/1.1 200) 7 headers in 285 bytes (1 switches on core 0)
2026-04-27 22:07:03.198 7 INFO cinder.api.openstack.wsgi [None req-2f0f890a-4a8b-4cdf-9a09-228edb78ac59 da9ea4bce9fa49798930ea075b6f69d6 9e87328a0e33464295d10e591d61c010 - - default default] GET http://cinder-api.openstack.svc.cluster.local:8776/v3/9e87328a0e33464295d10e591d61c010/snapshots?all_tenants=true
2026-04-27 22:07:03.205 7 INFO cinder.volume.api [None req-2f0f890a-4a8b-4cdf-9a09-228edb78ac59 da9ea4bce9fa49798930ea075b6f69d6 9e87328a0e33464295d10e591d61c010 - - default default] Get all snapshots completed successfully.
2026-04-27 22:07:03.205 7 INFO cinder.api.openstack.wsgi [None req-2f0f890a-4a8b-4cdf-9a09-228edb78ac59 da9ea4bce9fa49798930ea075b6f69d6 9e87328a0e33464295d10e591d61c010 - - default default] http://cinder-api.openstack.svc.cluster.local:8776/v3/9e87328a0e33464295d10e591d61c010/snapshots?all_tenants=true returned with HTTP 200 [pid: 7|app: 0|req: 351/700] 10.0.0.111 () {28 vars in 674 bytes} [Mon Apr 27 22:07:03 2026] GET /v3/9e87328a0e33464295d10e591d61c010/snapshots?all_tenants=true => generated 17 bytes in 21 msecs (HTTP/1.1 200) 7 headers in 284 bytes (1 switches on core 0)
2026-04-27 22:07:03.218 8 INFO cinder.api.openstack.wsgi [None req-f4bdeee0-8a14-4ba2-89d6-c71a9c9f1dc6 da9ea4bce9fa49798930ea075b6f69d6 9e87328a0e33464295d10e591d61c010 - - default default] GET http://cinder-api.openstack.svc.cluster.local:8776/v3/9e87328a0e33464295d10e591d61c010/volumes/detail?all_tenants=true
2026-04-27 22:07:03.231 8 INFO cinder.volume.api [None req-f4bdeee0-8a14-4ba2-89d6-c71a9c9f1dc6 da9ea4bce9fa49798930ea075b6f69d6 9e87328a0e33464295d10e591d61c010 - - default default] Get all volumes completed successfully.
2026-04-27 22:07:03.233 8 INFO cinder.api.openstack.wsgi [None req-f4bdeee0-8a14-4ba2-89d6-c71a9c9f1dc6 da9ea4bce9fa49798930ea075b6f69d6 9e87328a0e33464295d10e591d61c010 - - default default] http://cinder-api.openstack.svc.cluster.local:8776/v3/9e87328a0e33464295d10e591d61c010/volumes/detail?all_tenants=true returned with HTTP 200 [pid: 8|app: 0|req: 350/701] 10.0.0.111 () {28 vars in 684 bytes} [Mon Apr 27 22:07:03 2026] GET /v3/9e87328a0e33464295d10e591d61c010/volumes/detail?all_tenants=true => generated 15 bytes in 24 msecs (HTTP/1.1 200) 7 headers in 284 bytes (1 switches on core 0)
2026-04-27 22:07:03.281 7 INFO cinder.api.openstack.wsgi [None req-9da596fa-e763-42ae-946c-883854c41414 da9ea4bce9fa49798930ea075b6f69d6 9e87328a0e33464295d10e591d61c010 - - default default] GET http://cinder-api.openstack.svc.cluster.local:8776/v3/9e87328a0e33464295d10e591d61c010/os-quota-sets/18f33d4515b14c6d8fcb7929641447e2?usage=true
2026-04-27 22:07:03.308 7 INFO cinder.api.openstack.wsgi [None req-9da596fa-e763-42ae-946c-883854c41414 da9ea4bce9fa49798930ea075b6f69d6 9e87328a0e33464295d10e591d61c010 - - default default] http://cinder-api.openstack.svc.cluster.local:8776/v3/9e87328a0e33464295d10e591d61c010/os-quota-sets/18f33d4515b14c6d8fcb7929641447e2?usage=true returned with HTTP 200 [pid: 7|app: 0|req: 352/702] 10.0.0.111 () {28 vars in 736 bytes} [Mon Apr 27 22:07:03 2026] GET /v3/9e87328a0e33464295d10e591d61c010/os-quota-sets/18f33d4515b14c6d8fcb7929641447e2?usage=true => generated 847 bytes in 37 msecs (HTTP/1.1 200) 7 headers in 285 bytes (1 switches on core 0)
2026-04-27 22:07:03.322 8 INFO cinder.api.openstack.wsgi [None req-127cf357-f79f-4670-be6f-69f62184f084 da9ea4bce9fa49798930ea075b6f69d6 9e87328a0e33464295d10e591d61c010 - - default default] GET http://cinder-api.openstack.svc.cluster.local:8776/v3/9e87328a0e33464295d10e591d61c010/os-quota-sets/398885860a1a485a97ce085702de3e7d?usage=true
2026-04-27 22:07:03.350 8 INFO cinder.api.openstack.wsgi [None req-127cf357-f79f-4670-be6f-69f62184f084 da9ea4bce9fa49798930ea075b6f69d6 9e87328a0e33464295d10e591d61c010 - - default default] http://cinder-api.openstack.svc.cluster.local:8776/v3/9e87328a0e33464295d10e591d61c010/os-quota-sets/398885860a1a485a97ce085702de3e7d?usage=true returned with HTTP 200 [pid: 8|app: 0|req: 351/703] 10.0.0.111 () {28 vars in 736 bytes} [Mon Apr 27 22:07:03 2026] GET /v3/9e87328a0e33464295d10e591d61c010/os-quota-sets/398885860a1a485a97ce085702de3e7d?usage=true => generated 845 bytes in 38 msecs (HTTP/1.1 200) 7 headers in 285 bytes (1 switches on core 0)
2026-04-27 22:07:03.364 7 INFO cinder.api.openstack.wsgi [None req-3cc1f2d9-d18f-4d02-91fd-7047d68519ea da9ea4bce9fa49798930ea075b6f69d6 9e87328a0e33464295d10e591d61c010 - - default default] GET http://cinder-api.openstack.svc.cluster.local:8776/v3/9e87328a0e33464295d10e591d61c010/os-quota-sets/4d63b19733c14c73a57fd6fa82628267?usage=true
2026-04-27 22:07:03.394 7 INFO cinder.api.openstack.wsgi [None req-3cc1f2d9-d18f-4d02-91fd-7047d68519ea da9ea4bce9fa49798930ea075b6f69d6 9e87328a0e33464295d10e591d61c010 - - default default] http://cinder-api.openstack.svc.cluster.local:8776/v3/9e87328a0e33464295d10e591d61c010/os-quota-sets/4d63b19733c14c73a57fd6fa82628267?usage=true returned with HTTP 200 [pid: 7|app: 0|req: 353/704] 10.0.0.111 () {28 vars in 736 bytes} [Mon Apr 27 22:07:03 2026] GET /v3/9e87328a0e33464295d10e591d61c010/os-quota-sets/4d63b19733c14c73a57fd6fa82628267?usage=true => generated 847 bytes in 40 msecs (HTTP/1.1 200) 7 headers in 285 bytes (1 switches on core 0)
2026-04-27 22:07:03.414 8 INFO cinder.api.openstack.wsgi [None req-0bc372f0-834a-4113-a1d8-106036ec18a3 da9ea4bce9fa49798930ea075b6f69d6 9e87328a0e33464295d10e591d61c010 - - default default] GET http://cinder-api.openstack.svc.cluster.local:8776/v3/9e87328a0e33464295d10e591d61c010/os-quota-sets/67feb96191374510b0c124f754cce6df?usage=true
2026-04-27 22:07:03.452 8 INFO cinder.api.openstack.wsgi [None req-0bc372f0-834a-4113-a1d8-106036ec18a3 da9ea4bce9fa49798930ea075b6f69d6 9e87328a0e33464295d10e591d61c010 - - default default] http://cinder-api.openstack.svc.cluster.local:8776/v3/9e87328a0e33464295d10e591d61c010/os-quota-sets/67feb96191374510b0c124f754cce6df?usage=true returned with HTTP 200 [pid: 8|app: 0|req: 352/705] 10.0.0.111 () {28 vars in 736 bytes} [Mon Apr 27 22:07:03 2026] GET /v3/9e87328a0e33464295d10e591d61c010/os-quota-sets/67feb96191374510b0c124f754cce6df?usage=true => generated 847 bytes in 50 msecs (HTTP/1.1 200) 7 headers in 285 bytes (1 switches on core 0)
2026-04-27 22:07:03.476 7 INFO cinder.api.openstack.wsgi [None req-2b688b22-9ce2-4362-93b7-c0ce358e1924 da9ea4bce9fa49798930ea075b6f69d6 9e87328a0e33464295d10e591d61c010 - - default default] GET http://cinder-api.openstack.svc.cluster.local:8776/v3/9e87328a0e33464295d10e591d61c010/os-quota-sets/9e87328a0e33464295d10e591d61c010?usage=true
2026-04-27 22:07:03.511 7 INFO cinder.api.openstack.wsgi [None req-2b688b22-9ce2-4362-93b7-c0ce358e1924 da9ea4bce9fa49798930ea075b6f69d6 9e87328a0e33464295d10e591d61c010 - - default default] http://cinder-api.openstack.svc.cluster.local:8776/v3/9e87328a0e33464295d10e591d61c010/os-quota-sets/9e87328a0e33464295d10e591d61c010?usage=true returned with HTTP 200 [pid: 7|app: 0|req: 354/706] 10.0.0.111 () {28 vars in 736 bytes} [Mon Apr 27 22:07:03 2026] GET /v3/9e87328a0e33464295d10e591d61c010/os-quota-sets/9e87328a0e33464295d10e591d61c010?usage=true => generated 845 bytes in 51 msecs (HTTP/1.1 200) 7 headers in 285 bytes (1 switches on core 0)
2026-04-27 22:07:03.527 8 INFO cinder.api.openstack.wsgi [None req-a9092f85-6dbf-4e2e-ab23-86e0a69afc4f da9ea4bce9fa49798930ea075b6f69d6 9e87328a0e33464295d10e591d61c010 - - default default] GET http://cinder-api.openstack.svc.cluster.local:8776/v3/9e87328a0e33464295d10e591d61c010/os-quota-sets/d1866124222c49278285fd285d1feb72?usage=true
2026-04-27 22:07:03.571 8 INFO cinder.api.openstack.wsgi [None req-a9092f85-6dbf-4e2e-ab23-86e0a69afc4f da9ea4bce9fa49798930ea075b6f69d6 9e87328a0e33464295d10e591d61c010 - - default default] http://cinder-api.openstack.svc.cluster.local:8776/v3/9e87328a0e33464295d10e591d61c010/os-quota-sets/d1866124222c49278285fd285d1feb72?usage=true returned with HTTP 200 [pid: 8|app: 0|req: 353/707] 10.0.0.111 () {28 vars in 736 bytes} [Mon Apr 27 22:07:03 2026] GET /v3/9e87328a0e33464295d10e591d61c010/os-quota-sets/d1866124222c49278285fd285d1feb72?usage=true => generated 847 bytes in 57 msecs (HTTP/1.1 200) 7 headers in 285 bytes (1 switches on core 0)
2026-04-27 22:07:04.380 7 INFO cinder.api.openstack.wsgi [None req-6d6680bd-e4d5-4bd2-bf0a-6394b630c917 26debea9685c4d6b85d0eb2ea85818cb 74ea570e6cbe4c22a08fc69a9f97f3cd - - default default] GET http://cinder-api.openstack.svc.cluster.local:8776/v3/74ea570e6cbe4c22a08fc69a9f97f3cd/volumes
2026-04-27 22:07:04.429 7 INFO cinder.volume.api [None req-6d6680bd-e4d5-4bd2-bf0a-6394b630c917 26debea9685c4d6b85d0eb2ea85818cb 74ea570e6cbe4c22a08fc69a9f97f3cd - - default default] Get all volumes completed successfully.
2026-04-27 22:07:04.430 7 INFO cinder.api.openstack.wsgi [None req-6d6680bd-e4d5-4bd2-bf0a-6394b630c917 26debea9685c4d6b85d0eb2ea85818cb 74ea570e6cbe4c22a08fc69a9f97f3cd - - default default] http://cinder-api.openstack.svc.cluster.local:8776/v3/74ea570e6cbe4c22a08fc69a9f97f3cd/volumes returned with HTTP 200 [pid: 7|app: 0|req: 355/708] 10.0.0.105 () {32 vars in 701 bytes} [Mon Apr 27 22:07:04 2026] GET /v3/74ea570e6cbe4c22a08fc69a9f97f3cd/volumes => generated 15 bytes in 180 msecs (HTTP/1.1 200) 7 headers in 284 bytes (1 switches on core 0)
2026-04-27 22:07:04.445 8 INFO cinder.api.openstack.wsgi [None req-dd190d65-e8d2-448c-b87f-45cb9ebffdae 26debea9685c4d6b85d0eb2ea85818cb 74ea570e6cbe4c22a08fc69a9f97f3cd - - default default] POST http://cinder-api.openstack.svc.cluster.local:8776/v3/74ea570e6cbe4c22a08fc69a9f97f3cd/volumes
2026-04-27 22:07:04.447 8 INFO cinder.api.v3.volumes [None req-dd190d65-e8d2-448c-b87f-45cb9ebffdae 26debea9685c4d6b85d0eb2ea85818cb 74ea570e6cbe4c22a08fc69a9f97f3cd - - default default] Create volume of 1 GB
2026-04-27 22:07:04.463 8 INFO cinder.volume.api [None req-dd190d65-e8d2-448c-b87f-45cb9ebffdae 26debea9685c4d6b85d0eb2ea85818cb 74ea570e6cbe4c22a08fc69a9f97f3cd - - default default] Availability Zones retrieved successfully. /var/lib/openstack/lib/python3.10/site-packages/taskflow/engines/action_engine/process_executor.py:17: DeprecationWarning: The asyncore module is deprecated and will be removed in Python 3.12. The recommended replacement is asyncio import asyncore
2026-04-27 22:07:04.709 8 INFO cinder.volume.api [None req-dd190d65-e8d2-448c-b87f-45cb9ebffdae 26debea9685c4d6b85d0eb2ea85818cb 74ea570e6cbe4c22a08fc69a9f97f3cd - - default default] Create volume request issued successfully.
