2026-04-27 22:09:03.364 8 INFO cinder.api.openstack.wsgi [None req-a0f68dab-3193-46ef-8b0f-c1ef0085aae6 da9ea4bce9fa49798930ea075b6f69d6 9e87328a0e33464295d10e591d61c010 - - default default] GET http://cinder-api.openstack.svc.cluster.local:8776/v3/9e87328a0e33464295d10e591d61c010/os-quota-sets/ef69b34fde824b7281c92fcbbac79f66?usage=true
2026-04-27 22:09:03.399 8 INFO cinder.api.openstack.wsgi [None req-a0f68dab-3193-46ef-8b0f-c1ef0085aae6 da9ea4bce9fa49798930ea075b6f69d6 9e87328a0e33464295d10e591d61c010 - - default default] http://cinder-api.openstack.svc.cluster.local:8776/v3/9e87328a0e33464295d10e591d61c010/os-quota-sets/ef69b34fde824b7281c92fcbbac79f66?usage=true returned with HTTP 200 [pid: 8|app: 0|req: 414/829] 10.0.0.111 () {28 vars in 736 bytes} [Mon Apr 27 22:09:03 2026] GET /v3/9e87328a0e33464295d10e591d61c010/os-quota-sets/ef69b34fde824b7281c92fcbbac79f66?usage=true => generated 847 bytes in 46 msecs (HTTP/1.1 200) 7 headers in 285 bytes (1 switches on core 0)
2026-04-27 22:09:09.217 7 INFO cinder.api.openstack.wsgi [None req-b6fb520c-48ec-4013-a6fa-59f8f6afff77 da9ea4bce9fa49798930ea075b6f69d6 9e87328a0e33464295d10e591d61c010 - - default default] GET http://10.0.0.146:8776/
2026-04-27 22:09:09.219 8 INFO cinder.api.openstack.wsgi [None req-a0f68dab-3193-46ef-8b0f-c1ef0085aae6 da9ea4bce9fa49798930ea075b6f69d6 9e87328a0e33464295d10e591d61c010 - - default default] GET http://10.0.0.146:8776/
2026-04-27 22:09:09.220 7 INFO cinder.api.openstack.wsgi [None req-b6fb520c-48ec-4013-a6fa-59f8f6afff77 da9ea4bce9fa49798930ea075b6f69d6 9e87328a0e33464295d10e591d61c010 - - default default] http://10.0.0.146:8776/ returned with HTTP 300
2026-04-27 22:09:09.221 8 INFO cinder.api.openstack.wsgi [None req-a0f68dab-3193-46ef-8b0f-c1ef0085aae6 da9ea4bce9fa49798930ea075b6f69d6 9e87328a0e33464295d10e591d61c010 - - default default] http://10.0.0.146:8776/ returned with HTTP 300
2026-04-27 22:09:19.217 7 INFO cinder.api.openstack.wsgi [None req-b6fb520c-48ec-4013-a6fa-59f8f6afff77 da9ea4bce9fa49798930ea075b6f69d6 9e87328a0e33464295d10e591d61c010 - - default default] GET http://10.0.0.146:8776/
2026-04-27 22:09:19.217 8 INFO cinder.api.openstack.wsgi [None req-a0f68dab-3193-46ef-8b0f-c1ef0085aae6 da9ea4bce9fa49798930ea075b6f69d6 9e87328a0e33464295d10e591d61c010 - - default default] GET http://10.0.0.146:8776/
2026-04-27 22:09:19.218 7 INFO cinder.api.openstack.wsgi [None req-b6fb520c-48ec-4013-a6fa-59f8f6afff77 da9ea4bce9fa49798930ea075b6f69d6 9e87328a0e33464295d10e591d61c010 - - default default] http://10.0.0.146:8776/ returned with HTTP 300
2026-04-27 22:09:19.219 8 INFO cinder.api.openstack.wsgi [None req-a0f68dab-3193-46ef-8b0f-c1ef0085aae6 da9ea4bce9fa49798930ea075b6f69d6 9e87328a0e33464295d10e591d61c010 - - default default] http://10.0.0.146:8776/ returned with HTTP 300
2026-04-27 22:09:29.217 7 INFO cinder.api.openstack.wsgi [None req-b6fb520c-48ec-4013-a6fa-59f8f6afff77 da9ea4bce9fa49798930ea075b6f69d6 9e87328a0e33464295d10e591d61c010 - - default default] GET http://10.0.0.146:8776/
2026-04-27 22:09:29.217 8 INFO cinder.api.openstack.wsgi [None req-a0f68dab-3193-46ef-8b0f-c1ef0085aae6 da9ea4bce9fa49798930ea075b6f69d6 9e87328a0e33464295d10e591d61c010 - - default default] GET http://10.0.0.146:8776/
2026-04-27 22:09:29.218 7 INFO cinder.api.openstack.wsgi [None req-b6fb520c-48ec-4013-a6fa-59f8f6afff77 da9ea4bce9fa49798930ea075b6f69d6 9e87328a0e33464295d10e591d61c010 - - default default] http://10.0.0.146:8776/ returned with HTTP 300
2026-04-27 22:09:29.219 8 INFO cinder.api.openstack.wsgi [None req-a0f68dab-3193-46ef-8b0f-c1ef0085aae6 da9ea4bce9fa49798930ea075b6f69d6 9e87328a0e33464295d10e591d61c010 - - default default] http://10.0.0.146:8776/ returned with HTTP 300
2026-04-27 22:09:39.217 8 INFO cinder.api.openstack.wsgi [None req-a0f68dab-3193-46ef-8b0f-c1ef0085aae6 da9ea4bce9fa49798930ea075b6f69d6 9e87328a0e33464295d10e591d61c010 - - default default] GET http://10.0.0.146:8776/
2026-04-27 22:09:39.217 7 INFO cinder.api.openstack.wsgi [None req-b6fb520c-48ec-4013-a6fa-59f8f6afff77 da9ea4bce9fa49798930ea075b6f69d6 9e87328a0e33464295d10e591d61c010 - - default default] GET http://10.0.0.146:8776/
2026-04-27 22:09:39.218 7 INFO cinder.api.openstack.wsgi [None req-b6fb520c-48ec-4013-a6fa-59f8f6afff77 da9ea4bce9fa49798930ea075b6f69d6 9e87328a0e33464295d10e591d61c010 - - default default] http://10.0.0.146:8776/ returned with HTTP 300
2026-04-27 22:09:39.218 8 INFO cinder.api.openstack.wsgi [None req-a0f68dab-3193-46ef-8b0f-c1ef0085aae6 da9ea4bce9fa49798930ea075b6f69d6 9e87328a0e33464295d10e591d61c010 - - default default] http://10.0.0.146:8776/ returned with HTTP 300
2026-04-27 22:09:49.216 8 INFO cinder.api.openstack.wsgi [None req-a0f68dab-3193-46ef-8b0f-c1ef0085aae6 da9ea4bce9fa49798930ea075b6f69d6 9e87328a0e33464295d10e591d61c010 - - default default] GET http://10.0.0.146:8776/
2026-04-27 22:09:49.216 7 INFO cinder.api.openstack.wsgi [None req-b6fb520c-48ec-4013-a6fa-59f8f6afff77 da9ea4bce9fa49798930ea075b6f69d6 9e87328a0e33464295d10e591d61c010 - - default default] GET http://10.0.0.146:8776/
2026-04-27 22:09:49.217 8 INFO cinder.api.openstack.wsgi [None req-a0f68dab-3193-46ef-8b0f-c1ef0085aae6 da9ea4bce9fa49798930ea075b6f69d6 9e87328a0e33464295d10e591d61c010 - - default default] http://10.0.0.146:8776/ returned with HTTP 300
2026-04-27 22:09:49.218 7 INFO cinder.api.openstack.wsgi [None req-b6fb520c-48ec-4013-a6fa-59f8f6afff77 da9ea4bce9fa49798930ea075b6f69d6 9e87328a0e33464295d10e591d61c010 - - default default] http://10.0.0.146:8776/ returned with HTTP 300
2026-04-27 22:09:59.217 7 INFO cinder.api.openstack.wsgi [None req-b6fb520c-48ec-4013-a6fa-59f8f6afff77 da9ea4bce9fa49798930ea075b6f69d6 9e87328a0e33464295d10e591d61c010 - - default default] GET http://10.0.0.146:8776/
2026-04-27 22:09:59.217 8 INFO cinder.api.openstack.wsgi [None req-a0f68dab-3193-46ef-8b0f-c1ef0085aae6 da9ea4bce9fa49798930ea075b6f69d6 9e87328a0e33464295d10e591d61c010 - - default default] GET http://10.0.0.146:8776/
2026-04-27 22:09:59.218 8 INFO cinder.api.openstack.wsgi [None req-a0f68dab-3193-46ef-8b0f-c1ef0085aae6 da9ea4bce9fa49798930ea075b6f69d6 9e87328a0e33464295d10e591d61c010 - - default default] http://10.0.0.146:8776/ returned with HTTP 300
2026-04-27 22:09:59.221 7 INFO cinder.api.openstack.wsgi [None req-b6fb520c-48ec-4013-a6fa-59f8f6afff77 da9ea4bce9fa49798930ea075b6f69d6 9e87328a0e33464295d10e591d61c010 - - default default] http://10.0.0.146:8776/ returned with HTTP 300
2026-04-27 22:10:02.936 8 INFO cinder.api.openstack.wsgi [None req-1c86b055-90fe-4224-848b-4264a843d834 da9ea4bce9fa49798930ea075b6f69d6 9e87328a0e33464295d10e591d61c010 - - default default] GET http://cinder-api.openstack.svc.cluster.local:8776/v3/9e87328a0e33464295d10e591d61c010/volumes/detail?all_tenants=true
2026-04-27 22:10:02.949 8 INFO cinder.volume.api [None req-1c86b055-90fe-4224-848b-4264a843d834 da9ea4bce9fa49798930ea075b6f69d6 9e87328a0e33464295d10e591d61c010 - - default default] Get all volumes completed successfully.
2026-04-27 22:10:02.951 8 INFO cinder.api.openstack.wsgi [None req-1c86b055-90fe-4224-848b-4264a843d834 da9ea4bce9fa49798930ea075b6f69d6 9e87328a0e33464295d10e591d61c010 - - default default] http://cinder-api.openstack.svc.cluster.local:8776/v3/9e87328a0e33464295d10e591d61c010/volumes/detail?all_tenants=true returned with HTTP 200 [pid: 8|app: 0|req: 421/842] 10.0.0.111 () {28 vars in 684 bytes} [Mon Apr 27 22:10:02 2026] GET /v3/9e87328a0e33464295d10e591d61c010/volumes/detail?all_tenants=true => generated 15 bytes in 129 msecs (HTTP/1.1 200) 7 headers in 284 bytes (1 switches on core 0)
2026-04-27 22:10:02.969 7 INFO cinder.api.openstack.wsgi [None req-34784acb-3e40-4d32-a0d8-07dd5df2b394 da9ea4bce9fa49798930ea075b6f69d6 9e87328a0e33464295d10e591d61c010 - - default default] GET http://cinder-api.openstack.svc.cluster.local:8776/v3/9e87328a0e33464295d10e591d61c010/volumes/detail?all_tenants=true
2026-04-27 22:10:02.984 7 INFO cinder.volume.api [None req-34784acb-3e40-4d32-a0d8-07dd5df2b394 da9ea4bce9fa49798930ea075b6f69d6 9e87328a0e33464295d10e591d61c010 - - default default] Get all volumes completed successfully.
2026-04-27 22:10:02.990 7 INFO cinder.api.openstack.wsgi [None req-34784acb-3e40-4d32-a0d8-07dd5df2b394 da9ea4bce9fa49798930ea075b6f69d6 9e87328a0e33464295d10e591d61c010 - - default default] http://cinder-api.openstack.svc.cluster.local:8776/v3/9e87328a0e33464295d10e591d61c010/volumes/detail?all_tenants=true returned with HTTP 200 [pid: 7|app: 0|req: 422/843] 10.0.0.111 () {28 vars in 684 bytes} [Mon Apr 27 22:10:02 2026] GET /v3/9e87328a0e33464295d10e591d61c010/volumes/detail?all_tenants=true => generated 15 bytes in 31 msecs (HTTP/1.1 200) 7 headers in 284 bytes (1 switches on core 0)
2026-04-27 22:10:03.049 8 INFO cinder.api.openstack.wsgi [None req-2195dffd-4bd3-4c41-a2d2-4d372826969e da9ea4bce9fa49798930ea075b6f69d6 9e87328a0e33464295d10e591d61c010 - - default default] GET http://cinder-api.openstack.svc.cluster.local:8776/v3/9e87328a0e33464295d10e591d61c010/os-quota-sets/038e15fef8c240fb89aa798eb3f4cb72?usage=true
2026-04-27 22:10:03.079 8 INFO cinder.api.openstack.wsgi [None req-2195dffd-4bd3-4c41-a2d2-4d372826969e da9ea4bce9fa49798930ea075b6f69d6 9e87328a0e33464295d10e591d61c010 - - default default] http://cinder-api.openstack.svc.cluster.local:8776/v3/9e87328a0e33464295d10e591d61c010/os-quota-sets/038e15fef8c240fb89aa798eb3f4cb72?usage=true returned with HTTP 200 [pid: 8|app: 0|req: 422/844] 10.0.0.111 () {28 vars in 736 bytes} [Mon Apr 27 22:10:03 2026] GET /v3/9e87328a0e33464295d10e591d61c010/os-quota-sets/038e15fef8c240fb89aa798eb3f4cb72?usage=true => generated 847 bytes in 36 msecs (HTTP/1.1 200) 7 headers in 285 bytes (1 switches on core 0)
2026-04-27 22:10:03.097 7 INFO cinder.api.openstack.wsgi [None req-222a9f79-3428-4ab6-a92e-ecda2b30ac45 da9ea4bce9fa49798930ea075b6f69d6 9e87328a0e33464295d10e591d61c010 - - default default] GET http://cinder-api.openstack.svc.cluster.local:8776/v3/9e87328a0e33464295d10e591d61c010/os-quota-sets/1406e049a2114e809268e3753121efff?usage=true
2026-04-27 22:10:03.123 7 INFO cinder.api.openstack.wsgi [None req-222a9f79-3428-4ab6-a92e-ecda2b30ac45 da9ea4bce9fa49798930ea075b6f69d6 9e87328a0e33464295d10e591d61c010 - - default default] http://cinder-api.openstack.svc.cluster.local:8776/v3/9e87328a0e33464295d10e591d61c010/os-quota-sets/1406e049a2114e809268e3753121efff?usage=true returned with HTTP 200 [pid: 7|app: 0|req: 423/845] 10.0.0.111 () {28 vars in 736 bytes} [Mon Apr 27 22:10:03 2026] GET /v3/9e87328a0e33464295d10e591d61c010/os-quota-sets/1406e049a2114e809268e3753121efff?usage=true => generated 847 bytes in 35 msecs (HTTP/1.1 200) 7 headers in 285 bytes (1 switches on core 0)
2026-04-27 22:10:03.137 8 INFO cinder.api.openstack.wsgi [None req-cc6727a2-7e74-4f0d-9f53-e4d398aafe41 da9ea4bce9fa49798930ea075b6f69d6 9e87328a0e33464295d10e591d61c010 - - default default] GET http://cinder-api.openstack.svc.cluster.local:8776/v3/9e87328a0e33464295d10e591d61c010/os-quota-sets/14fa5926551e4c42ab2ce49b24746e9c?usage=true
2026-04-27 22:10:03.168 8 INFO cinder.api.openstack.wsgi [None req-cc6727a2-7e74-4f0d-9f53-e4d398aafe41 da9ea4bce9fa49798930ea075b6f69d6 9e87328a0e33464295d10e591d61c010 - - default default] http://cinder-api.openstack.svc.cluster.local:8776/v3/9e87328a0e33464295d10e591d61c010/os-quota-sets/14fa5926551e4c42ab2ce49b24746e9c?usage=true returned with HTTP 200 [pid: 8|app: 0|req: 423/846] 10.0.0.111 () {28 vars in 736 bytes} [Mon Apr 27 22:10:03 2026] GET /v3/9e87328a0e33464295d10e591d61c010/os-quota-sets/14fa5926551e4c42ab2ce49b24746e9c?usage=true => generated 847 bytes in 41 msecs (HTTP/1.1 200) 7 headers in 285 bytes (1 switches on core 0)
2026-04-27 22:10:03.181 7 INFO cinder.api.openstack.wsgi [None req-c492bfa9-007e-4b31-bf25-b82c8f70fd5d da9ea4bce9fa49798930ea075b6f69d6 9e87328a0e33464295d10e591d61c010 - - default default] GET http://cinder-api.openstack.svc.cluster.local:8776/v3/9e87328a0e33464295d10e591d61c010/os-quota-sets/398885860a1a485a97ce085702de3e7d?usage=true
2026-04-27 22:10:03.205 7 INFO cinder.api.openstack.wsgi [None req-c492bfa9-007e-4b31-bf25-b82c8f70fd5d da9ea4bce9fa49798930ea075b6f69d6 9e87328a0e33464295d10e591d61c010 - - default default] http://cinder-api.openstack.svc.cluster.local:8776/v3/9e87328a0e33464295d10e591d61c010/os-quota-sets/398885860a1a485a97ce085702de3e7d?usage=true returned with HTTP 200 [pid: 7|app: 0|req: 424/847] 10.0.0.111 () {28 vars in 736 bytes} [Mon Apr 27 22:10:03 2026] GET /v3/9e87328a0e33464295d10e591d61c010/os-quota-sets/398885860a1a485a97ce085702de3e7d?usage=true => generated 845 bytes in 34 msecs (HTTP/1.1 200) 7 headers in 285 bytes (1 switches on core 0)
2026-04-27 22:10:03.219 8 INFO cinder.api.openstack.wsgi [None req-01ade4ce-3151-4dbe-82f9-b1ebab859172 da9ea4bce9fa49798930ea075b6f69d6 9e87328a0e33464295d10e591d61c010 - - default default] GET http://cinder-api.openstack.svc.cluster.local:8776/v3/9e87328a0e33464295d10e591d61c010/os-quota-sets/4d63b19733c14c73a57fd6fa82628267?usage=true
2026-04-27 22:10:03.271 8 INFO cinder.api.openstack.wsgi [None req-01ade4ce-3151-4dbe-82f9-b1ebab859172 da9ea4bce9fa49798930ea075b6f69d6 9e87328a0e33464295d10e591d61c010 - - default default] http://cinder-api.openstack.svc.cluster.local:8776/v3/9e87328a0e33464295d10e591d61c010/os-quota-sets/4d63b19733c14c73a57fd6fa82628267?usage=true returned with HTTP 200 [pid: 8|app: 0|req: 424/848] 10.0.0.111 () {28 vars in 736 bytes} [Mon Apr 27 22:10:03 2026] GET /v3/9e87328a0e33464295d10e591d61c010/os-quota-sets/4d63b19733c14c73a57fd6fa82628267?usage=true => generated 847 bytes in 63 msecs (HTTP/1.1 200) 7 headers in 285 bytes (1 switches on core 0)
2026-04-27 22:10:03.283 7 INFO cinder.api.openstack.wsgi [None req-9fcd0e7a-95db-4913-9483-afe2c7238d14 da9ea4bce9fa49798930ea075b6f69d6 9e87328a0e33464295d10e591d61c010 - - default default] GET http://cinder-api.openstack.svc.cluster.local:8776/v3/9e87328a0e33464295d10e591d61c010/os-quota-sets/60ce9ac5865442bb9b4e54aca5edc55f?usage=true
2026-04-27 22:10:03.306 7 INFO cinder.api.openstack.wsgi [None req-9fcd0e7a-95db-4913-9483-afe2c7238d14 da9ea4bce9fa49798930ea075b6f69d6 9e87328a0e33464295d10e591d61c010 - - default default] http://cinder-api.openstack.svc.cluster.local:8776/v3/9e87328a0e33464295d10e591d61c010/os-quota-sets/60ce9ac5865442bb9b4e54aca5edc55f?usage=true returned with HTTP 200 [pid: 7|app: 0|req: 425/849] 10.0.0.111 () {28 vars in 736 bytes} [Mon Apr 27 22:10:03 2026] GET /v3/9e87328a0e33464295d10e591d61c010/os-quota-sets/60ce9ac5865442bb9b4e54aca5edc55f?usage=true => generated 847 bytes in 32 msecs (HTTP/1.1 200) 7 headers in 285 bytes (1 switches on core 0)
2026-04-27 22:10:03.322 8 INFO cinder.api.openstack.wsgi [None req-9fbc448b-596e-4ce8-a3e1-1c0a6c19baf6 da9ea4bce9fa49798930ea075b6f69d6 9e87328a0e33464295d10e591d61c010 - - default default] GET http://cinder-api.openstack.svc.cluster.local:8776/v3/9e87328a0e33464295d10e591d61c010/os-quota-sets/7f3baa12e7ea430ebab68aabcdf77880?usage=true
2026-04-27 22:10:03.347 8 INFO cinder.api.openstack.wsgi [None req-9fbc448b-596e-4ce8-a3e1-1c0a6c19baf6 da9ea4bce9fa49798930ea075b6f69d6 9e87328a0e33464295d10e591d61c010 - - default default] http://cinder-api.openstack.svc.cluster.local:8776/v3/9e87328a0e33464295d10e591d61c010/os-quota-sets/7f3baa12e7ea430ebab68aabcdf77880?usage=true returned with HTTP 200 [pid: 8|app: 0|req: 425/850] 10.0.0.111 () {28 vars in 736 bytes} [Mon Apr 27 22:10:03 2026] GET /v3/9e87328a0e33464295d10e591d61c010/os-quota-sets/7f3baa12e7ea430ebab68aabcdf77880?usage=true => generated 847 bytes in 36 msecs (HTTP/1.1 200) 7 headers in 285 bytes (1 switches on core 0)
2026-04-27 22:10:03.361 7 INFO cinder.api.openstack.wsgi [None req-66614c39-ea95-40ee-8c29-85f84c4dd6d6 da9ea4bce9fa49798930ea075b6f69d6 9e87328a0e33464295d10e591d61c010 - - default default] GET http://cinder-api.openstack.svc.cluster.local:8776/v3/9e87328a0e33464295d10e591d61c010/os-quota-sets/9dd7c47934e849f8ab89b02a7bf9f6c6?usage=true
2026-04-27 22:10:03.381 7 INFO cinder.api.openstack.wsgi [None req-66614c39-ea95-40ee-8c29-85f84c4dd6d6 da9ea4bce9fa49798930ea075b6f69d6 9e87328a0e33464295d10e591d61c010 - - default default] http://cinder-api.openstack.svc.cluster.local:8776/v3/9e87328a0e33464295d10e591d61c010/os-quota-sets/9dd7c47934e849f8ab89b02a7bf9f6c6?usage=true returned with HTTP 200 [pid: 7|app: 0|req: 426/851] 10.0.0.111 () {28 vars in 736 bytes} [Mon Apr 27 22:10:03 2026] GET /v3/9e87328a0e33464295d10e591d61c010/os-quota-sets/9dd7c47934e849f8ab89b02a7bf9f6c6?usage=true => generated 847 bytes in 29 msecs (HTTP/1.1 200) 7 headers in 285 bytes (1 switches on core 0)
2026-04-27 22:10:03.396 8 INFO cinder.api.openstack.wsgi [None req-0d073b2b-77b6-4e3a-bbb4-6a5bf844242d da9ea4bce9fa49798930ea075b6f69d6 9e87328a0e33464295d10e591d61c010 - - default default] GET http://cinder-api.openstack.svc.cluster.local:8776/v3/9e87328a0e33464295d10e591d61c010/os-quota-sets/9e87328a0e33464295d10e591d61c010?usage=true
2026-04-27 22:10:03.450 8 INFO cinder.api.openstack.wsgi [None req-0d073b2b-77b6-4e3a-bbb4-6a5bf844242d da9ea4bce9fa49798930ea075b6f69d6 9e87328a0e33464295d10e591d61c010 - - default default] http://cinder-api.openstack.svc.cluster.local:8776/v3/9e87328a0e33464295d10e591d61c010/os-quota-sets/9e87328a0e33464295d10e591d61c010?usage=true returned with HTTP 200 [pid: 8|app: 0|req: 426/852] 10.0.0.111 () {28 vars in 736 bytes} [Mon Apr 27 22:10:03 2026] GET /v3/9e87328a0e33464295d10e591d61c010/os-quota-sets/9e87328a0e33464295d10e591d61c010?usage=true => generated 845 bytes in 65 msecs (HTTP/1.1 200) 7 headers in 285 bytes (1 switches on core 0)
2026-04-27 22:10:03.463 7 INFO cinder.api.openstack.wsgi [None req-03eeabfa-ce7f-4d07-bfbb-13a8d922c745 da9ea4bce9fa49798930ea075b6f69d6 9e87328a0e33464295d10e591d61c010 - - default default] GET http://cinder-api.openstack.svc.cluster.local:8776/v3/9e87328a0e33464295d10e591d61c010/os-quota-sets/a2caa105f69b43b88694df762fe18053?usage=true
2026-04-27 22:10:03.490 7 INFO cinder.api.openstack.wsgi [None req-03eeabfa-ce7f-4d07-bfbb-13a8d922c745 da9ea4bce9fa49798930ea075b6f69d6 9e87328a0e33464295d10e591d61c010 - - default default] http://cinder-api.openstack.svc.cluster.local:8776/v3/9e87328a0e33464295d10e591d61c010/os-quota-sets/a2caa105f69b43b88694df762fe18053?usage=true returned with HTTP 200 [pid: 7|app: 0|req: 427/853] 10.0.0.111 () {28 vars in 736 bytes} [Mon Apr 27 22:10:03 2026] GET /v3/9e87328a0e33464295d10e591d61c010/os-quota-sets/a2caa105f69b43b88694df762fe18053?usage=true => generated 847 bytes in 34 msecs (HTTP/1.1 200) 7 headers in 285 bytes (1 switches on core 0)
2026-04-27 22:10:03.501 8 INFO cinder.api.openstack.wsgi [None req-0d8eb8f5-83fc-41e2-8ffd-01b0619dfd18 da9ea4bce9fa49798930ea075b6f69d6 9e87328a0e33464295d10e591d61c010 - - default default] GET http://cinder-api.openstack.svc.cluster.local:8776/v3/9e87328a0e33464295d10e591d61c010/os-quota-sets/a64b23e9ea794636b1ae4512cf161e57?usage=true
2026-04-27 22:10:03.524 8 INFO cinder.api.openstack.wsgi [None req-0d8eb8f5-83fc-41e2-8ffd-01b0619dfd18 da9ea4bce9fa49798930ea075b6f69d6 9e87328a0e33464295d10e591d61c010 - - default default] http://cinder-api.openstack.svc.cluster.local:8776/v3/9e87328a0e33464295d10e591d61c010/os-quota-sets/a64b23e9ea794636b1ae4512cf161e57?usage=true returned with HTTP 200 [pid: 8|app: 0|req: 427/854] 10.0.0.111 () {28 vars in 736 bytes} [Mon Apr 27 22:10:03 2026] GET /v3/9e87328a0e33464295d10e591d61c010/os-quota-sets/a64b23e9ea794636b1ae4512cf161e57?usage=true => generated 847 bytes in 30 msecs (HTTP/1.1 200) 7 headers in 285 bytes (1 switches on core 0)
2026-04-27 22:10:03.536 7 INFO cinder.api.openstack.wsgi [None req-5f9c4340-fd27-47a7-9092-a1f13a56c8da da9ea4bce9fa49798930ea075b6f69d6 9e87328a0e33464295d10e591d61c010 - - default default] GET http://cinder-api.openstack.svc.cluster.local:8776/v3/9e87328a0e33464295d10e591d61c010/os-quota-sets/af100e7152284b27aa6426483542caa8?usage=true
2026-04-27 22:10:03.561 7 INFO cinder.api.openstack.wsgi [None req-5f9c4340-fd27-47a7-9092-a1f13a56c8da da9ea4bce9fa49798930ea075b6f69d6 9e87328a0e33464295d10e591d61c010 - - default default] http://cinder-api.openstack.svc.cluster.local:8776/v3/9e87328a0e33464295d10e591d61c010/os-quota-sets/af100e7152284b27aa6426483542caa8?usage=true returned with HTTP 200 [pid: 7|app: 0|req: 428/855] 10.0.0.111 () {28 vars in 736 bytes} [Mon Apr 27 22:10:03 2026] GET /v3/9e87328a0e33464295d10e591d61c010/os-quota-sets/af100e7152284b27aa6426483542caa8?usage=true => generated 847 bytes in 33 msecs (HTTP/1.1 200) 7 headers in 285 bytes (1 switches on core 0)
2026-04-27 22:10:03.577 8 INFO cinder.api.openstack.wsgi [None req-c1935253-846d-4684-abf0-053e7d81bfba da9ea4bce9fa49798930ea075b6f69d6 9e87328a0e33464295d10e591d61c010 - - default default] GET http://cinder-api.openstack.svc.cluster.local:8776/v3/9e87328a0e33464295d10e591d61c010/os-quota-sets/bb0cc93aa68c467aa5139cfd3e11ff90?usage=true
2026-04-27 22:10:03.621 8 INFO cinder.api.openstack.wsgi [None req-c1935253-846d-4684-abf0-053e7d81bfba da9ea4bce9fa49798930ea075b6f69d6 9e87328a0e33464295d10e591d61c010 - - default default] http://cinder-api.openstack.svc.cluster.local:8776/v3/9e87328a0e33464295d10e591d61c010/os-quota-sets/bb0cc93aa68c467aa5139cfd3e11ff90?usage=true returned with HTTP 200 [pid: 8|app: 0|req: 428/856] 10.0.0.111 () {28 vars in 736 bytes} [Mon Apr 27 22:10:03 2026] GET /v3/9e87328a0e33464295d10e591d61c010/os-quota-sets/bb0cc93aa68c467aa5139cfd3e11ff90?usage=true => generated 847 bytes in 53 msecs (HTTP/1.1 200) 7 headers in 285 bytes (1 switches on core 0)
2026-04-27 22:10:03.638 7 INFO cinder.api.openstack.wsgi [None req-4f3f4280-6eb2-4030-bfc0-e288f3ee15d2 da9ea4bce9fa49798930ea075b6f69d6 9e87328a0e33464295d10e591d61c010 - - default default] GET http://cinder-api.openstack.svc.cluster.local:8776/v3/9e87328a0e33464295d10e591d61c010/scheduler-stats/get_pools?detail=true
2026-04-27 22:10:03.663 7 INFO cinder.api.openstack.wsgi [None req-4f3f4280-6eb2-4030-bfc0-e288f3ee15d2 da9ea4bce9fa49798930ea075b6f69d6 9e87328a0e33464295d10e591d61c010 - - default default] http://cinder-api.openstack.svc.cluster.local:8776/v3/9e87328a0e33464295d10e591d61c010/scheduler-stats/get_pools?detail=true returned with HTTP 200 [pid: 7|app: 0|req: 429/857] 10.0.0.111 () {28 vars in 696 bytes} [Mon Apr 27 22:10:03 2026] GET /v3/9e87328a0e33464295d10e591d61c010/scheduler-stats/get_pools?detail=true => generated 670 bytes in 38 msecs (HTTP/1.1 200) 7 headers in 285 bytes (1 switches on core 0)
2026-04-27 22:10:03.687 8 INFO cinder.api.openstack.wsgi [None req-85c91095-d83b-4cdd-bdce-2632fb3c2b61 da9ea4bce9fa49798930ea075b6f69d6 9e87328a0e33464295d10e591d61c010 - - default default] GET http://cinder-api.openstack.svc.cluster.local:8776/v3/9e87328a0e33464295d10e591d61c010/snapshots?all_tenants=true
2026-04-27 22:10:03.697 8 INFO cinder.volume.api [None req-85c91095-d83b-4cdd-bdce-2632fb3c2b61 da9ea4bce9fa49798930ea075b6f69d6 9e87328a0e33464295d10e591d61c010 - - default default] Get all snapshots completed successfully.
2026-04-27 22:10:03.698 8 INFO cinder.api.openstack.wsgi [None req-85c91095-d83b-4cdd-bdce-2632fb3c2b61 da9ea4bce9fa49798930ea075b6f69d6 9e87328a0e33464295d10e591d61c010 - - default default] http://cinder-api.openstack.svc.cluster.local:8776/v3/9e87328a0e33464295d10e591d61c010/snapshots?all_tenants=true returned with HTTP 200 [pid: 8|app: 0|req: 429/858] 10.0.0.111 () {28 vars in 674 bytes} [Mon Apr 27 22:10:03 2026] GET /v3/9e87328a0e33464295d10e591d61c010/snapshots?all_tenants=true => generated 17 bytes in 24 msecs (HTTP/1.1 200) 7 headers in 284 bytes (1 switches on core 0)
2026-04-27 22:10:03.716 7 INFO cinder.api.openstack.wsgi [None req-648cdd75-be3f-4de0-b03d-219a9e65954e da9ea4bce9fa49798930ea075b6f69d6 9e87328a0e33464295d10e591d61c010 - - default default] GET http://cinder-api.openstack.svc.cluster.local:8776/v3/9e87328a0e33464295d10e591d61c010/os-services
2026-04-27 22:10:03.724 7 INFO cinder.api.openstack.wsgi [None req-648cdd75-be3f-4de0-b03d-219a9e65954e da9ea4bce9fa49798930ea075b6f69d6 9e87328a0e33464295d10e591d61c010 - - default default] http://cinder-api.openstack.svc.cluster.local:8776/v3/9e87328a0e33464295d10e591d61c010/os-services returned with HTTP 200 [pid: 7|app: 0|req: 430/859] 10.0.0.111 () {28 vars in 645 bytes} [Mon Apr 27 22:10:03 2026] GET /v3/9e87328a0e33464295d10e591d61c010/os-services => generated 646 bytes in 16 msecs (HTTP/1.1 200) 7 headers in 285 bytes (1 switches on core 0)
2026-04-27 22:10:09.216 8 INFO cinder.api.openstack.wsgi [None req-85c91095-d83b-4cdd-bdce-2632fb3c2b61 da9ea4bce9fa49798930ea075b6f69d6 9e87328a0e33464295d10e591d61c010 - - default default] GET http://10.0.0.146:8776/
2026-04-27 22:10:09.216 7 INFO cinder.api.openstack.wsgi [None req-648cdd75-be3f-4de0-b03d-219a9e65954e da9ea4bce9fa49798930ea075b6f69d6 9e87328a0e33464295d10e591d61c010 - - default default] GET http://10.0.0.146:8776/
2026-04-27 22:10:09.218 8 INFO cinder.api.openstack.wsgi [None req-85c91095-d83b-4cdd-bdce-2632fb3c2b61 da9ea4bce9fa49798930ea075b6f69d6 9e87328a0e33464295d10e591d61c010 - - default default] http://10.0.0.146:8776/ returned with HTTP 300
2026-04-27 22:10:09.218 7 INFO cinder.api.openstack.wsgi [None req-648cdd75-be3f-4de0-b03d-219a9e65954e da9ea4bce9fa49798930ea075b6f69d6 9e87328a0e33464295d10e591d61c010 - - default default] http://10.0.0.146:8776/ returned with HTTP 300
2026-04-27 22:10:19.217 7 INFO cinder.api.openstack.wsgi [None req-648cdd75-be3f-4de0-b03d-219a9e65954e da9ea4bce9fa49798930ea075b6f69d6 9e87328a0e33464295d10e591d61c010 - - default default] GET http://10.0.0.146:8776/
2026-04-27 22:10:19.217 8 INFO cinder.api.openstack.wsgi [None req-85c91095-d83b-4cdd-bdce-2632fb3c2b61 da9ea4bce9fa49798930ea075b6f69d6 9e87328a0e33464295d10e591d61c010 - - default default] GET http://10.0.0.146:8776/
2026-04-27 22:10:19.218 7 INFO cinder.api.openstack.wsgi [None req-648cdd75-be3f-4de0-b03d-219a9e65954e da9ea4bce9fa49798930ea075b6f69d6 9e87328a0e33464295d10e591d61c010 - - default default] http://10.0.0.146:8776/ returned with HTTP 300
2026-04-27 22:10:19.218 8 INFO cinder.api.openstack.wsgi [None req-85c91095-d83b-4cdd-bdce-2632fb3c2b61 da9ea4bce9fa49798930ea075b6f69d6 9e87328a0e33464295d10e591d61c010 - - default default] http://10.0.0.146:8776/ returned with HTTP 300
2026-04-27 22:10:29.217 8 INFO cinder.api.openstack.wsgi [None req-85c91095-d83b-4cdd-bdce-2632fb3c2b61 da9ea4bce9fa49798930ea075b6f69d6 9e87328a0e33464295d10e591d61c010 - - default default] GET http://10.0.0.146:8776/
2026-04-27 22:10:29.217 7 INFO cinder.api.openstack.wsgi [None req-648cdd75-be3f-4de0-b03d-219a9e65954e da9ea4bce9fa49798930ea075b6f69d6 9e87328a0e33464295d10e591d61c010 - - default default] GET http://10.0.0.146:8776/
2026-04-27 22:10:29.219 8 INFO cinder.api.openstack.wsgi [None req-85c91095-d83b-4cdd-bdce-2632fb3c2b61 da9ea4bce9fa49798930ea075b6f69d6 9e87328a0e33464295d10e591d61c010 - - default default] http://10.0.0.146:8776/ returned with HTTP 300
2026-04-27 22:10:29.219 7 INFO cinder.api.openstack.wsgi [None req-648cdd75-be3f-4de0-b03d-219a9e65954e da9ea4bce9fa49798930ea075b6f69d6 9e87328a0e33464295d10e591d61c010 - - default default] http://10.0.0.146:8776/ returned with HTTP 300
2026-04-27 22:10:29.541 8 INFO cinder.api.openstack.wsgi [None req-7d84b18e-6f79-41bf-8427-4e2c23a2c1c4 da9ea4bce9fa49798930ea075b6f69d6 9e87328a0e33464295d10e591d61c010 - - default default] POST http://cinder-api.openstack.svc.cluster.local:8776/v3/9e87328a0e33464295d10e591d61c010/volumes
2026-04-27 22:10:29.644 8 INFO cinder.api.v3.volumes [None req-7d84b18e-6f79-41bf-8427-4e2c23a2c1c4 da9ea4bce9fa49798930ea075b6f69d6 9e87328a0e33464295d10e591d61c010 - - default default] Create volume of 16 GB
2026-04-27 22:10:29.650 8 INFO cinder.volume.api [None req-7d84b18e-6f79-41bf-8427-4e2c23a2c1c4 da9ea4bce9fa49798930ea075b6f69d6 9e87328a0e33464295d10e591d61c010 - - default default] Availability Zones retrieved successfully.
2026-04-27 22:10:29.837 8 INFO cinder.volume.api [None req-7d84b18e-6f79-41bf-8427-4e2c23a2c1c4 da9ea4bce9fa49798930ea075b6f69d6 9e87328a0e33464295d10e591d61c010 - - default default] Create volume request issued successfully.
2026-04-27 22:10:29.838 8 INFO cinder.api.openstack.wsgi [None req-7d84b18e-6f79-41bf-8427-4e2c23a2c1c4 da9ea4bce9fa49798930ea075b6f69d6 9e87328a0e33464295d10e591d61c010 - - default default] http://cinder-api.openstack.svc.cluster.local:8776/v3/9e87328a0e33464295d10e591d61c010/volumes returned with HTTP 202 [pid: 8|app: 0|req: 433/866] 199.204.45.129 () {34 vars in 734 bytes} [Mon Apr 27 22:10:29 2026] POST /v3/9e87328a0e33464295d10e591d61c010/volumes => generated 846 bytes in 412 msecs (HTTP/1.1 202) 7 headers in 291 bytes (1 switches on core 0)
2026-04-27 22:10:29.852 7 INFO cinder.api.openstack.wsgi [req-7d84b18e-6f79-41bf-8427-4e2c23a2c1c4 req-257e3d62-b5b3-4a9f-bbdd-e4e115515fcd da9ea4bce9fa49798930ea075b6f69d6 9e87328a0e33464295d10e591d61c010 - - default default] GET http://cinder-api.openstack.svc.cluster.local:8776/v3/9e87328a0e33464295d10e591d61c010/volumes/05cd57b4-e50c-4fff-aa56-3f4fd7c95cd7 /var/lib/openstack/lib/python3.10/site-packages/oslo_context/context.py:100: DeprecationWarning: Policy enforcement is depending on the value of is_admin. This key is deprecated. Please update your policy file to use the standard policy values. warnings.warn('Policy enforcement is depending on the value of '
2026-04-27 22:10:29.890 7 INFO cinder.volume.api [req-7d84b18e-6f79-41bf-8427-4e2c23a2c1c4 req-257e3d62-b5b3-4a9f-bbdd-e4e115515fcd da9ea4bce9fa49798930ea075b6f69d6 9e87328a0e33464295d10e591d61c010 - - default default] Volume info retrieved successfully.
2026-04-27 22:10:29.897 7 INFO cinder.api.openstack.wsgi [req-7d84b18e-6f79-41bf-8427-4e2c23a2c1c4 req-257e3d62-b5b3-4a9f-bbdd-e4e115515fcd da9ea4bce9fa49798930ea075b6f69d6 9e87328a0e33464295d10e591d61c010 - - default default] http://cinder-api.openstack.svc.cluster.local:8776/v3/9e87328a0e33464295d10e591d61c010/volumes/05cd57b4-e50c-4fff-aa56-3f4fd7c95cd7 returned with HTTP 200 [pid: 7|app: 0|req: 434/867] 199.204.45.129 () {32 vars in 825 bytes} [Mon Apr 27 22:10:29 2026] GET /v3/9e87328a0e33464295d10e591d61c010/volumes/05cd57b4-e50c-4fff-aa56-3f4fd7c95cd7 => generated 1025 bytes in 52 msecs (HTTP/1.1 200) 7 headers in 286 bytes (1 switches on core 0) /var/lib/openstack/lib/python3.10/site-packages/pycadf/identifier.py:71: UserWarning: Invalid uuid: cinderv3. To ensure interoperability, identifiers should be a valid uuid. warnings.warn(('Invalid uuid: %s. To ensure interoperability, '
2026-04-27 22:10:34.920 8 INFO cinder.api.openstack.wsgi [req-7d84b18e-6f79-41bf-8427-4e2c23a2c1c4 req-2571cf35-1445-4f64-85b0-6b84b4dc15b7 da9ea4bce9fa49798930ea075b6f69d6 9e87328a0e33464295d10e591d61c010 - - default default] GET http://cinder-api.openstack.svc.cluster.local:8776/v3/9e87328a0e33464295d10e591d61c010/volumes/05cd57b4-e50c-4fff-aa56-3f4fd7c95cd7 /var/lib/openstack/lib/python3.10/site-packages/oslo_context/context.py:100: DeprecationWarning: Policy enforcement is depending on the value of is_admin. This key is deprecated. Please update your policy file to use the standard policy values. warnings.warn('Policy enforcement is depending on the value of '
2026-04-27 22:10:34.938 8 INFO cinder.volume.api [req-7d84b18e-6f79-41bf-8427-4e2c23a2c1c4 req-2571cf35-1445-4f64-85b0-6b84b4dc15b7 da9ea4bce9fa49798930ea075b6f69d6 9e87328a0e33464295d10e591d61c010 - - default default] Volume info retrieved successfully.
2026-04-27 22:10:34.943 8 INFO cinder.api.openstack.wsgi [req-7d84b18e-6f79-41bf-8427-4e2c23a2c1c4 req-2571cf35-1445-4f64-85b0-6b84b4dc15b7 da9ea4bce9fa49798930ea075b6f69d6 9e87328a0e33464295d10e591d61c010 - - default default] http://cinder-api.openstack.svc.cluster.local:8776/v3/9e87328a0e33464295d10e591d61c010/volumes/05cd57b4-e50c-4fff-aa56-3f4fd7c95cd7 returned with HTTP 200 [pid: 8|app: 0|req: 434/868] 199.204.45.129 () {32 vars in 825 bytes} [Mon Apr 27 22:10:34 2026] GET /v3/9e87328a0e33464295d10e591d61c010/volumes/05cd57b4-e50c-4fff-aa56-3f4fd7c95cd7 => generated 1489 bytes in 31 msecs (HTTP/1.1 200) 7 headers in 286 bytes (1 switches on core 0) /var/lib/openstack/lib/python3.10/site-packages/pycadf/identifier.py:71: UserWarning: Invalid uuid: cinderv3. To ensure interoperability, identifiers should be a valid uuid. warnings.warn(('Invalid uuid: %s. To ensure interoperability, '
2026-04-27 22:10:35.454 7 INFO cinder.api.openstack.wsgi [req-ac1a403c-3289-4192-a0c3-e76cabe77809 req-fab094f2-e94b-47f4-8d1d-b102674e6ede da9ea4bce9fa49798930ea075b6f69d6 9e87328a0e33464295d10e591d61c010 - - default default] GET http://cinder-api.openstack.svc.cluster.local:8776/v3/9e87328a0e33464295d10e591d61c010/volumes/05cd57b4-e50c-4fff-aa56-3f4fd7c95cd7 /var/lib/openstack/lib/python3.10/site-packages/oslo_context/context.py:100: DeprecationWarning: Policy enforcement is depending on the value of is_admin. This key is deprecated. Please update your policy file to use the standard policy values. warnings.warn('Policy enforcement is depending on the value of '
2026-04-27 22:10:35.470 7 INFO cinder.volume.api [req-ac1a403c-3289-4192-a0c3-e76cabe77809 req-fab094f2-e94b-47f4-8d1d-b102674e6ede da9ea4bce9fa49798930ea075b6f69d6 9e87328a0e33464295d10e591d61c010 - - default default] Volume info retrieved successfully.
2026-04-27 22:10:35.477 7 INFO cinder.api.openstack.wsgi [req-ac1a403c-3289-4192-a0c3-e76cabe77809 req-fab094f2-e94b-47f4-8d1d-b102674e6ede da9ea4bce9fa49798930ea075b6f69d6 9e87328a0e33464295d10e591d61c010 - - default default] http://cinder-api.openstack.svc.cluster.local:8776/v3/9e87328a0e33464295d10e591d61c010/volumes/05cd57b4-e50c-4fff-aa56-3f4fd7c95cd7 returned with HTTP 200 [pid: 7|app: 0|req: 435/869] 10.0.0.45 () {34 vars in 1027 bytes} [Mon Apr 27 22:10:35 2026] GET /v3/9e87328a0e33464295d10e591d61c010/volumes/05cd57b4-e50c-4fff-aa56-3f4fd7c95cd7 => generated 1489 bytes in 33 msecs (HTTP/1.1 200) 7 headers in 286 bytes (1 switches on core 0) /var/lib/openstack/lib/python3.10/site-packages/pycadf/identifier.py:71: UserWarning: Invalid uuid: cinderv3. To ensure interoperability, identifiers should be a valid uuid. warnings.warn(('Invalid uuid: %s. To ensure interoperability, '
2026-04-27 22:10:36.175 8 INFO cinder.api.openstack.wsgi [req-ac1a403c-3289-4192-a0c3-e76cabe77809 req-6f00f8e8-07e1-4e55-bdb6-b4b67b423fde da9ea4bce9fa49798930ea075b6f69d6 9e87328a0e33464295d10e591d61c010 - - default default] GET http://cinder-api.openstack.svc.cluster.local:8776/v3/9e87328a0e33464295d10e591d61c010/volumes/05cd57b4-e50c-4fff-aa56-3f4fd7c95cd7 /var/lib/openstack/lib/python3.10/site-packages/oslo_context/context.py:100: DeprecationWarning: Policy enforcement is depending on the value of is_admin. This key is deprecated. Please update your policy file to use the standard policy values. warnings.warn('Policy enforcement is depending on the value of '
2026-04-27 22:10:36.196 8 INFO cinder.volume.api [req-ac1a403c-3289-4192-a0c3-e76cabe77809 req-6f00f8e8-07e1-4e55-bdb6-b4b67b423fde da9ea4bce9fa49798930ea075b6f69d6 9e87328a0e33464295d10e591d61c010 - - default default] Volume info retrieved successfully.
2026-04-27 22:10:36.202 8 INFO cinder.api.openstack.wsgi [req-ac1a403c-3289-4192-a0c3-e76cabe77809 req-6f00f8e8-07e1-4e55-bdb6-b4b67b423fde da9ea4bce9fa49798930ea075b6f69d6 9e87328a0e33464295d10e591d61c010 - - default default] http://cinder-api.openstack.svc.cluster.local:8776/v3/9e87328a0e33464295d10e591d61c010/volumes/05cd57b4-e50c-4fff-aa56-3f4fd7c95cd7 returned with HTTP 200 [pid: 8|app: 0|req: 435/870] 10.0.0.45 () {34 vars in 1027 bytes} [Mon Apr 27 22:10:36 2026] GET /v3/9e87328a0e33464295d10e591d61c010/volumes/05cd57b4-e50c-4fff-aa56-3f4fd7c95cd7 => generated 1489 bytes in 37 msecs (HTTP/1.1 200) 7 headers in 286 bytes (1 switches on core 0)
2026-04-27 22:10:36.214 7 INFO cinder.api.openstack.wsgi [req-ac1a403c-3289-4192-a0c3-e76cabe77809 req-fab094f2-e94b-47f4-8d1d-b102674e6ede da9ea4bce9fa49798930ea075b6f69d6 9e87328a0e33464295d10e591d61c010 - - default default] GET http://cinder-api.openstack.svc.cluster.local:8776/
2026-04-27 22:10:36.215 7 INFO cinder.api.openstack.wsgi [req-ac1a403c-3289-4192-a0c3-e76cabe77809 req-fab094f2-e94b-47f4-8d1d-b102674e6ede da9ea4bce9fa49798930ea075b6f69d6 9e87328a0e33464295d10e591d61c010 - - default default] http://cinder-api.openstack.svc.cluster.local:8776/ returned with HTTP 300 [pid: 7|app: 0|req: 436/871] 10.0.0.45 () {32 vars in 828 bytes} [Mon Apr 27 22:10:36 2026] GET / => generated 411 bytes in 2 msecs (HTTP/1.1 300) 5 headers in 169 bytes (1 switches on core 0) /var/lib/openstack/lib/python3.10/site-packages/pycadf/identifier.py:71: UserWarning: Invalid uuid: cinderv3. To ensure interoperability, identifiers should be a valid uuid. warnings.warn(('Invalid uuid: %s. To ensure interoperability, '
2026-04-27 22:10:36.229 8 INFO cinder.api.openstack.wsgi [req-ac1a403c-3289-4192-a0c3-e76cabe77809 req-d5b53f97-e21e-46b1-ab71-01f5aede6cd5 da9ea4bce9fa49798930ea075b6f69d6 9e87328a0e33464295d10e591d61c010 - - default default] POST http://cinder-api.openstack.svc.cluster.local:8776/v3/9e87328a0e33464295d10e591d61c010/attachments /var/lib/openstack/lib/python3.10/site-packages/oslo_context/context.py:100: DeprecationWarning: Policy enforcement is depending on the value of is_admin. This key is deprecated. Please update your policy file to use the standard policy values. warnings.warn('Policy enforcement is depending on the value of '
2026-04-27 22:10:36.281 8 INFO cinder.api.openstack.wsgi [req-ac1a403c-3289-4192-a0c3-e76cabe77809 req-d5b53f97-e21e-46b1-ab71-01f5aede6cd5 da9ea4bce9fa49798930ea075b6f69d6 9e87328a0e33464295d10e591d61c010 - - default default] http://cinder-api.openstack.svc.cluster.local:8776/v3/9e87328a0e33464295d10e591d61c010/attachments returned with HTTP 200 [pid: 8|app: 0|req: 436/872] 10.0.0.45 () {40 vars in 1056 bytes} [Mon Apr 27 22:10:36 2026] POST /v3/9e87328a0e33464295d10e591d61c010/attachments => generated 273 bytes in 62 msecs (HTTP/1.1 200) 7 headers in 286 bytes (1 switches on core 0) /var/lib/openstack/lib/python3.10/site-packages/pycadf/identifier.py:71: UserWarning: Invalid uuid: cinderv3. To ensure interoperability, identifiers should be a valid uuid. warnings.warn(('Invalid uuid: %s. To ensure interoperability, '
2026-04-27 22:10:36.803 7 INFO cinder.api.openstack.wsgi [req-7d84b18e-6f79-41bf-8427-4e2c23a2c1c4 req-e5d2fe1a-74c4-497f-9723-5c92146d0d49 da9ea4bce9fa49798930ea075b6f69d6 9e87328a0e33464295d10e591d61c010 - - default default] GET http://cinder-api.openstack.svc.cluster.local:8776/v3/9e87328a0e33464295d10e591d61c010/volumes/05cd57b4-e50c-4fff-aa56-3f4fd7c95cd7 /var/lib/openstack/lib/python3.10/site-packages/oslo_context/context.py:100: DeprecationWarning: Policy enforcement is depending on the value of is_admin. This key is deprecated. Please update your policy file to use the standard policy values. warnings.warn('Policy enforcement is depending on the value of '
2026-04-27 22:10:36.832 7 INFO cinder.volume.api [req-7d84b18e-6f79-41bf-8427-4e2c23a2c1c4 req-e5d2fe1a-74c4-497f-9723-5c92146d0d49 da9ea4bce9fa49798930ea075b6f69d6 9e87328a0e33464295d10e591d61c010 - - default default] Volume info retrieved successfully.
2026-04-27 22:10:36.839 7 INFO cinder.api.openstack.wsgi [req-7d84b18e-6f79-41bf-8427-4e2c23a2c1c4 req-e5d2fe1a-74c4-497f-9723-5c92146d0d49 da9ea4bce9fa49798930ea075b6f69d6 9e87328a0e33464295d10e591d61c010 - - default default] http://cinder-api.openstack.svc.cluster.local:8776/v3/9e87328a0e33464295d10e591d61c010/volumes/05cd57b4-e50c-4fff-aa56-3f4fd7c95cd7 returned with HTTP 200 [pid: 7|app: 0|req: 437/873] 199.204.45.129 () {32 vars in 825 bytes} [Mon Apr 27 22:10:36 2026] GET /v3/9e87328a0e33464295d10e591d61c010/volumes/05cd57b4-e50c-4fff-aa56-3f4fd7c95cd7 => generated 1488 bytes in 43 msecs (HTTP/1.1 200) 7 headers in 286 bytes (1 switches on core 0)
2026-04-27 22:10:37.238 8 INFO cinder.api.openstack.wsgi [req-ac1a403c-3289-4192-a0c3-e76cabe77809 req-d5b53f97-e21e-46b1-ab71-01f5aede6cd5 da9ea4bce9fa49798930ea075b6f69d6 9e87328a0e33464295d10e591d61c010 - - default default] GET http://cinder-api.openstack.svc.cluster.local:8776/
2026-04-27 22:10:37.240 8 INFO cinder.api.openstack.wsgi [req-ac1a403c-3289-4192-a0c3-e76cabe77809 req-d5b53f97-e21e-46b1-ab71-01f5aede6cd5 da9ea4bce9fa49798930ea075b6f69d6 9e87328a0e33464295d10e591d61c010 - - default default] http://cinder-api.openstack.svc.cluster.local:8776/ returned with HTTP 300 [pid: 8|app: 0|req: 437/874] 199.204.45.129 () {32 vars in 840 bytes} [Mon Apr 27 22:10:37 2026] GET / => generated 411 bytes in 3 msecs (HTTP/1.1 300) 5 headers in 169 bytes (1 switches on core 0) /var/lib/openstack/lib/python3.10/site-packages/pycadf/identifier.py:71: UserWarning: Invalid uuid: cinderv3. To ensure interoperability, identifiers should be a valid uuid. warnings.warn(('Invalid uuid: %s. To ensure interoperability, '
2026-04-27 22:10:37.257 7 INFO cinder.api.openstack.wsgi [req-ac1a403c-3289-4192-a0c3-e76cabe77809 req-3d3654bc-1d20-4329-be59-e0d7e9568788 da9ea4bce9fa49798930ea075b6f69d6 9e87328a0e33464295d10e591d61c010 - - default default] GET http://cinder-api.openstack.svc.cluster.local:8776/v3/9e87328a0e33464295d10e591d61c010/volumes/05cd57b4-e50c-4fff-aa56-3f4fd7c95cd7 /var/lib/openstack/lib/python3.10/site-packages/oslo_context/context.py:100: DeprecationWarning: Policy enforcement is depending on the value of is_admin. This key is deprecated. Please update your policy file to use the standard policy values. warnings.warn('Policy enforcement is depending on the value of '
2026-04-27 22:10:37.275 7 INFO cinder.volume.api [req-ac1a403c-3289-4192-a0c3-e76cabe77809 req-3d3654bc-1d20-4329-be59-e0d7e9568788 da9ea4bce9fa49798930ea075b6f69d6 9e87328a0e33464295d10e591d61c010 - - default default] Volume info retrieved successfully.
2026-04-27 22:10:37.282 7 INFO cinder.api.openstack.wsgi [req-ac1a403c-3289-4192-a0c3-e76cabe77809 req-3d3654bc-1d20-4329-be59-e0d7e9568788 da9ea4bce9fa49798930ea075b6f69d6 9e87328a0e33464295d10e591d61c010 - - default default] http://cinder-api.openstack.svc.cluster.local:8776/v3/9e87328a0e33464295d10e591d61c010/volumes/05cd57b4-e50c-4fff-aa56-3f4fd7c95cd7 returned with HTTP 200 [pid: 7|app: 0|req: 438/875] 199.204.45.129 () {36 vars in 1073 bytes} [Mon Apr 27 22:10:37 2026] GET /v3/9e87328a0e33464295d10e591d61c010/volumes/05cd57b4-e50c-4fff-aa56-3f4fd7c95cd7 => generated 1608 bytes in 36 msecs (HTTP/1.1 200) 7 headers in 287 bytes (1 switches on core 0) /var/lib/openstack/lib/python3.10/site-packages/pycadf/identifier.py:71: UserWarning: Invalid uuid: cinderv3. To ensure interoperability, identifiers should be a valid uuid. warnings.warn(('Invalid uuid: %s. To ensure interoperability, '
2026-04-27 22:10:37.350 8 INFO cinder.api.openstack.wsgi [req-ac1a403c-3289-4192-a0c3-e76cabe77809 req-51587017-debf-4343-93dd-3f05b453d2c6 da9ea4bce9fa49798930ea075b6f69d6 9e87328a0e33464295d10e591d61c010 - - default default] PUT http://cinder-api.openstack.svc.cluster.local:8776/v3/9e87328a0e33464295d10e591d61c010/attachments/1deaf2bd-43f4-4607-8390-70cf6059696e /var/lib/openstack/lib/python3.10/site-packages/oslo_context/context.py:100: DeprecationWarning: Policy enforcement is depending on the value of is_admin. This key is deprecated. Please update your policy file to use the standard policy values. warnings.warn('Policy enforcement is depending on the value of '
2026-04-27 22:10:37.974 8 INFO cinder.api.openstack.wsgi [req-ac1a403c-3289-4192-a0c3-e76cabe77809 req-51587017-debf-4343-93dd-3f05b453d2c6 da9ea4bce9fa49798930ea075b6f69d6 9e87328a0e33464295d10e591d61c010 - - default default] http://cinder-api.openstack.svc.cluster.local:8776/v3/9e87328a0e33464295d10e591d61c010/attachments/1deaf2bd-43f4-4607-8390-70cf6059696e returned with HTTP 200 [pid: 8|app: 0|req: 438/876] 199.204.45.129 () {40 vars in 1134 bytes} [Mon Apr 27 22:10:37 2026] PUT /v3/9e87328a0e33464295d10e591d61c010/attachments/1deaf2bd-43f4-4607-8390-70cf6059696e => generated 775 bytes in 634 msecs (HTTP/1.1 200) 7 headers in 286 bytes (1 switches on core 0) /var/lib/openstack/lib/python3.10/site-packages/pycadf/identifier.py:71: UserWarning: Invalid uuid: cinderv3. To ensure interoperability, identifiers should be a valid uuid. warnings.warn(('Invalid uuid: %s. To ensure interoperability, '
2026-04-27 22:10:38.022 7 INFO cinder.api.openstack.wsgi [req-ac1a403c-3289-4192-a0c3-e76cabe77809 req-95e0d09c-97bc-4063-9109-3170b85932ab da9ea4bce9fa49798930ea075b6f69d6 9e87328a0e33464295d10e591d61c010 - - default default] POST http://cinder-api.openstack.svc.cluster.local:8776/v3/9e87328a0e33464295d10e591d61c010/attachments/1deaf2bd-43f4-4607-8390-70cf6059696e/action /var/lib/openstack/lib/python3.10/site-packages/oslo_context/context.py:100: DeprecationWarning: Policy enforcement is depending on the value of is_admin. This key is deprecated. Please update your policy file to use the standard policy values. warnings.warn('Policy enforcement is depending on the value of '
2026-04-27 22:10:38.063 7 INFO cinder.api.openstack.wsgi [req-ac1a403c-3289-4192-a0c3-e76cabe77809 req-95e0d09c-97bc-4063-9109-3170b85932ab da9ea4bce9fa49798930ea075b6f69d6 9e87328a0e33464295d10e591d61c010 - - default default] http://cinder-api.openstack.svc.cluster.local:8776/v3/9e87328a0e33464295d10e591d61c010/attachments/1deaf2bd-43f4-4607-8390-70cf6059696e/action returned with HTTP 204 [pid: 7|app: 0|req: 439/877] 199.204.45.129 () {40 vars in 1148 bytes} [Mon Apr 27 22:10:38 2026] POST /v3/9e87328a0e33464295d10e591d61c010/attachments/1deaf2bd-43f4-4607-8390-70cf6059696e/action => generated 0 bytes in 51 msecs (HTTP/1.1 204) 7 headers in 292 bytes (1 switches on core 0)
2026-04-27 22:10:39.216 8 INFO cinder.api.openstack.wsgi [req-ac1a403c-3289-4192-a0c3-e76cabe77809 req-51587017-debf-4343-93dd-3f05b453d2c6 da9ea4bce9fa49798930ea075b6f69d6 9e87328a0e33464295d10e591d61c010 - - default default] GET http://10.0.0.146:8776/
2026-04-27 22:10:39.217 7 INFO cinder.api.openstack.wsgi [req-ac1a403c-3289-4192-a0c3-e76cabe77809 req-95e0d09c-97bc-4063-9109-3170b85932ab da9ea4bce9fa49798930ea075b6f69d6 9e87328a0e33464295d10e591d61c010 - - default default] GET http://10.0.0.146:8776/
2026-04-27 22:10:39.218 8 INFO cinder.api.openstack.wsgi [req-ac1a403c-3289-4192-a0c3-e76cabe77809 req-51587017-debf-4343-93dd-3f05b453d2c6 da9ea4bce9fa49798930ea075b6f69d6 9e87328a0e33464295d10e591d61c010 - - default default] http://10.0.0.146:8776/ returned with HTTP 300
2026-04-27 22:10:39.218 7 INFO cinder.api.openstack.wsgi [req-ac1a403c-3289-4192-a0c3-e76cabe77809 req-95e0d09c-97bc-4063-9109-3170b85932ab da9ea4bce9fa49798930ea075b6f69d6 9e87328a0e33464295d10e591d61c010 - - default default] http://10.0.0.146:8776/ returned with HTTP 300 /var/lib/openstack/lib/python3.10/site-packages/pycadf/identifier.py:71: UserWarning: Invalid uuid: cinderv3. To ensure interoperability, identifiers should be a valid uuid. warnings.warn(('Invalid uuid: %s. To ensure interoperability, '
2026-04-27 22:10:39.849 7 INFO cinder.api.openstack.wsgi [req-7d84b18e-6f79-41bf-8427-4e2c23a2c1c4 req-1d49f466-e5e5-44ed-85cd-b98cba0639be da9ea4bce9fa49798930ea075b6f69d6 9e87328a0e33464295d10e591d61c010 - - default default] GET http://cinder-api.openstack.svc.cluster.local:8776/v3/9e87328a0e33464295d10e591d61c010/volumes/05cd57b4-e50c-4fff-aa56-3f4fd7c95cd7 /var/lib/openstack/lib/python3.10/site-packages/oslo_context/context.py:100: DeprecationWarning: Policy enforcement is depending on the value of is_admin. This key is deprecated. Please update your policy file to use the standard policy values. warnings.warn('Policy enforcement is depending on the value of '
2026-04-27 22:10:39.870 7 INFO cinder.volume.api [req-7d84b18e-6f79-41bf-8427-4e2c23a2c1c4 req-1d49f466-e5e5-44ed-85cd-b98cba0639be da9ea4bce9fa49798930ea075b6f69d6 9e87328a0e33464295d10e591d61c010 - - default default] Volume info retrieved successfully.
2026-04-27 22:10:39.877 7 INFO cinder.api.openstack.wsgi [req-7d84b18e-6f79-41bf-8427-4e2c23a2c1c4 req-1d49f466-e5e5-44ed-85cd-b98cba0639be da9ea4bce9fa49798930ea075b6f69d6 9e87328a0e33464295d10e591d61c010 - - default default] http://cinder-api.openstack.svc.cluster.local:8776/v3/9e87328a0e33464295d10e591d61c010/volumes/05cd57b4-e50c-4fff-aa56-3f4fd7c95cd7 returned with HTTP 200 [pid: 7|app: 0|req: 441/880] 199.204.45.129 () {32 vars in 825 bytes} [Mon Apr 27 22:10:39 2026] GET /v3/9e87328a0e33464295d10e591d61c010/volumes/05cd57b4-e50c-4fff-aa56-3f4fd7c95cd7 => generated 1787 bytes in 36 msecs (HTTP/1.1 200) 7 headers in 286 bytes (1 switches on core 0) /var/lib/openstack/lib/python3.10/site-packages/pycadf/identifier.py:71: UserWarning: Invalid uuid: cinderv3. To ensure interoperability, identifiers should be a valid uuid. warnings.warn(('Invalid uuid: %s. To ensure interoperability, '
2026-04-27 22:10:43.278 8 INFO cinder.api.openstack.wsgi [req-7d84b18e-6f79-41bf-8427-4e2c23a2c1c4 req-597b7e85-0bc5-4a79-ab17-ff4e5ddf2d90 da9ea4bce9fa49798930ea075b6f69d6 9e87328a0e33464295d10e591d61c010 - - default default] GET http://cinder-api.openstack.svc.cluster.local:8776/v3/9e87328a0e33464295d10e591d61c010/volumes/05cd57b4-e50c-4fff-aa56-3f4fd7c95cd7 /var/lib/openstack/lib/python3.10/site-packages/oslo_context/context.py:100: DeprecationWarning: Policy enforcement is depending on the value of is_admin. This key is deprecated. Please update your policy file to use the standard policy values. warnings.warn('Policy enforcement is depending on the value of '
2026-04-27 22:10:43.298 8 INFO cinder.volume.api [req-7d84b18e-6f79-41bf-8427-4e2c23a2c1c4 req-597b7e85-0bc5-4a79-ab17-ff4e5ddf2d90 da9ea4bce9fa49798930ea075b6f69d6 9e87328a0e33464295d10e591d61c010 - - default default] Volume info retrieved successfully.
