Apr 11 01:49:08.138000 np0000164982 devstack@neutron-api.service[102402]: DEBUG neutron.plugins.ml2.drivers.ovn.mech_driver.ovsdb.maintenance [-] Touching Hash Ring node "ff5047151a695a50a4ef505472d454eb" from periodic health check thread {{(pid=102402) touch_hash_ring_node /opt/stack/neutron/neutron/plugins/ml2/drivers/ovn/mech_driver/ovsdb/maintenance.py:1332}}
Apr 11 01:49:08.203987 np0000164982 devstack@neutron-api.service[102403]: DEBUG futurist.periodics [-] Submitting periodic callback 'neutron.plugins.ml2.drivers.ovn.mech_driver.ovsdb.maintenance.HashRingHealthCheckPeriodics.touch_hash_ring_node' {{(pid=102403) _process_scheduled /opt/stack/data/venv/lib/python3.12/site-packages/futurist/periodics.py:784}}
Apr 11 01:49:08.205088 np0000164982 devstack@neutron-api.service[102403]: DEBUG neutron.plugins.ml2.drivers.ovn.mech_driver.ovsdb.maintenance [-] Touching Hash Ring node "1e4db49509b45beaba8255abf1b15a8b" from periodic health check thread {{(pid=102403) touch_hash_ring_node /opt/stack/neutron/neutron/plugins/ml2/drivers/ovn/mech_driver/ovsdb/maintenance.py:1332}}
Apr 11 01:49:08.359749 np0000164982 devstack@neutron-api.service[102402]: DEBUG neutron.common.ovn.hash_ring_manager [None req-3b4b2fe5-bb5f-498f-b3b5-47aea80427ae None None] Hash Ring loaded. 4 active nodes. 0 offline nodes {{(pid=102402) _load_hash_ring /opt/stack/neutron/neutron/common/ovn/hash_ring_manager.py:102}}
Apr 11 01:49:08.359982 np0000164982 devstack@neutron-api.service[102401]: DEBUG neutron.common.ovn.hash_ring_manager [None req-3e86df80-ef4e-4a82-95a9-47a7905b557a None None] Hash Ring loaded. 4 active nodes. 0 offline nodes {{(pid=102401) _load_hash_ring /opt/stack/neutron/neutron/common/ovn/hash_ring_manager.py:102}}
Apr 11 01:49:08.360395 np0000164982 devstack@neutron-api.service[102402]: DEBUG neutron.plugins.ml2.drivers.ovn.mech_driver.ovsdb.ovsdb_monitor [None req-3b4b2fe5-bb5f-498f-b3b5-47aea80427ae None None] Hash Ring: Node ff5047151a695a50a4ef505472d454eb (host: np0000164982) handling event "update" for row cd006f2e-fce0-42cf-b3d0-e570d1946409 (table: Connection) {{(pid=102402) notify /opt/stack/neutron/neutron/plugins/ml2/drivers/ovn/mech_driver/ovsdb/ovsdb_monitor.py:912}}
Apr 11 01:49:08.360765 np0000164982 devstack@neutron-api.service[102400]: DEBUG neutron.common.ovn.hash_ring_manager [None req-c21db5d4-21e9-48d6-9cb1-b4fe09cb7680 None None] Hash Ring loaded. 4 active nodes. 0 offline nodes {{(pid=102400) _load_hash_ring /opt/stack/neutron/neutron/common/ovn/hash_ring_manager.py:102}}
Apr 11 01:49:08.362051 np0000164982 devstack@neutron-api.service[102403]: DEBUG neutron.common.ovn.hash_ring_manager [None req-69b0a598-ab7b-4df7-b4bc-b7e89c8ebdeb None None] Hash Ring loaded. 4 active nodes. 0 offline nodes {{(pid=102403) _load_hash_ring /opt/stack/neutron/neutron/common/ovn/hash_ring_manager.py:102}}
Apr 11 01:49:10.888367 np0000164982 devstack@neutron-api.service[102402]: DEBUG neutron.plugins.ml2.drivers.ovn.mech_driver.ovsdb.ovsdb_monitor [None req-3b4b2fe5-bb5f-498f-b3b5-47aea80427ae None None] Hash Ring: Node ff5047151a695a50a4ef505472d454eb (host: np0000164982) handling event "update" for row cd006f2e-fce0-42cf-b3d0-e570d1946409 (table: Connection) {{(pid=102402) notify /opt/stack/neutron/neutron/plugins/ml2/drivers/ovn/mech_driver/ovsdb/ovsdb_monitor.py:912}}
Apr 11 01:49:18.358440 np0000164982 devstack@neutron-api.service[102401]: DEBUG dbcounter [-] [102401] Writing DB stats neutron:UPDATE=1,neutron:SELECT=12 {{(pid=102401) stat_writer /opt/stack/data/venv/lib/python3.12/site-packages/dbcounter.py:115}}
Apr 11 01:49:18.358909 np0000164982 devstack@neutron-api.service[102402]: DEBUG dbcounter [-] [102402] Writing DB stats neutron:UPDATE=1,neutron:SELECT=3 {{(pid=102402) stat_writer /opt/stack/data/venv/lib/python3.12/site-packages/dbcounter.py:115}}
Apr 11 01:49:18.359732 np0000164982 devstack@neutron-api.service[102400]: DEBUG dbcounter [-] [102400] Writing DB stats neutron:UPDATE=1,neutron:SELECT=3 {{(pid=102400) stat_writer /opt/stack/data/venv/lib/python3.12/site-packages/dbcounter.py:115}}
Apr 11 01:49:18.360454 np0000164982 devstack@neutron-api.service[102403]: DEBUG dbcounter [-] [102403] Writing DB stats neutron:UPDATE=1,neutron:SELECT=3 {{(pid=102403) stat_writer /opt/stack/data/venv/lib/python3.12/site-packages/dbcounter.py:115}}
Apr 11 01:49:19.244204 np0000164982 devstack@neutron-api.service[102402]: INFO neutron.pecan_wsgi.hooks.translation [None req-591164a4-bd2a-4492-97c8-784ce1c55cc2 admin admin] GET failed (client error): The resource could not be found.
Apr 11 01:49:19.245540 np0000164982 devstack@neutron-api.service[102402]: [pid: 102402|app: 0|req: 23/91] 199.204.45.95 () {64 vars in 1327 bytes} [Sat Apr 11 01:49:19 2026] GET /networking/v2.0/networks/admin_net => generated 111 bytes in 11 msecs (HTTP/1.1 404) 4 headers in 164 bytes (1 switches on core 0)
Apr 11 01:49:19.278586 np0000164982 devstack@neutron-api.service[102400]: [pid: 102400|app: 0|req: 23/92] 199.204.45.95 () {64 vars in 1339 bytes} [Sat Apr 11 01:49:19 2026] GET /networking/v2.0/networks?name=admin_net => generated 15 bytes in 21 msecs (HTTP/1.1 200) 4 headers in 156 bytes (1 switches on core 0)
Apr 11 01:49:19.525347 np0000164982 devstack@neutron-api.service[102403]: DEBUG neutron.api.v2.base [None req-c8ea4873-80a3-4f31-87c8-e323aef1fcca admin admin] Request body: {'network': {'name': 'admin_net', 'project_id': '7b1c7cea8a72455eb001936b0032efb2', 'admin_state_up': True}} {{(pid=102403) prepare_request_body /opt/stack/neutron/neutron/api/v2/base.py:729}}
Apr 11 01:49:19.541524 np0000164982 devstack@neutron-api.service[102403]: DEBUG neutron.pecan_wsgi.hooks.quota_enforcement [None req-c8ea4873-80a3-4f31-87c8-e323aef1fcca admin admin] Made reservation on behalf of 7b1c7cea8a72455eb001936b0032efb2 for: {'network': 1} {{(pid=102403) before /opt/stack/neutron/neutron/pecan_wsgi/hooks/quota_enforcement.py:66}}
Apr 11 01:49:19.544974 np0000164982 devstack@neutron-api.service[102403]: DEBUG neutron_lib.callbacks.manager [None req-c8ea4873-80a3-4f31-87c8-e323aef1fcca admin admin] Publish callbacks ['neutron.plugins.ml2.plugin.SecurityGroupDbMixin._ensure_default_security_group_handler-166168'] for network (None), before_create {{(pid=102403) _notify_loop /opt/stack/data/venv/lib/python3.12/site-packages/neutron_lib/callbacks/manager.py:184}}
Apr 11 01:49:19.549916 np0000164982 devstack@neutron-api.service[102403]: DEBUG neutron_lib.callbacks.manager [None req-c8ea4873-80a3-4f31-87c8-e323aef1fcca admin admin] Publish callbacks [] for security_group (None), before_create {{(pid=102403) _notify_loop /opt/stack/data/venv/lib/python3.12/site-packages/neutron_lib/callbacks/manager.py:184}}
Apr 11 01:49:19.611761 np0000164982 devstack@neutron-api.service[102403]: DEBUG neutron_lib.callbacks.manager [None req-c8ea4873-80a3-4f31-87c8-e323aef1fcca admin admin] Publish callbacks ['neutron.plugins.ml2.drivers.ovn.mech_driver.mech_driver.OVNMechanismDriver._create_security_group_precommit-472323'] for security_group (5fd128a1-f39e-4d2c-aeca-df06fc4a7c12), precommit_create {{(pid=102403) _notify_loop /opt/stack/data/venv/lib/python3.12/site-packages/neutron_lib/callbacks/manager.py:184}}
Apr 11 01:49:19.611992 np0000164982 devstack@neutron-api.service[102403]: DEBUG neutron.db.ovn_revision_numbers_db [None req-c8ea4873-80a3-4f31-87c8-e323aef1fcca admin admin] create_initial_revision uuid=5fd128a1-f39e-4d2c-aeca-df06fc4a7c12, type=security_groups, rev=-1 {{(pid=102403) create_initial_revision /opt/stack/neutron/neutron/db/ovn_revision_numbers_db.py:98}}
Apr 11 01:49:19.613353 np0000164982 devstack@neutron-api.service[102403]: DEBUG neutron.db.ovn_revision_numbers_db [None req-c8ea4873-80a3-4f31-87c8-e323aef1fcca admin admin] create_initial_revision uuid=3c3f436a-ea24-487c-b634-47069da2e5d7, type=security_group_rules, rev=-1 {{(pid=102403) create_initial_revision /opt/stack/neutron/neutron/db/ovn_revision_numbers_db.py:98}}
Apr 11 01:49:19.614863 np0000164982 devstack@neutron-api.service[102403]: DEBUG neutron.db.ovn_revision_numbers_db [None req-c8ea4873-80a3-4f31-87c8-e323aef1fcca admin admin] create_initial_revision uuid=c3c7240c-9f63-4cf4-8c07-95b6ee7a56bd, type=security_group_rules, rev=-1 {{(pid=102403) create_initial_revision /opt/stack/neutron/neutron/db/ovn_revision_numbers_db.py:98}}
Apr 11 01:49:19.616308 np0000164982 devstack@neutron-api.service[102403]: DEBUG neutron.db.ovn_revision_numbers_db [None req-c8ea4873-80a3-4f31-87c8-e323aef1fcca admin admin] create_initial_revision uuid=ebcde277-da31-40dd-92b1-c6a855247b0b, type=security_group_rules, rev=-1 {{(pid=102403) create_initial_revision /opt/stack/neutron/neutron/db/ovn_revision_numbers_db.py:98}}
Apr 11 01:49:19.617799 np0000164982 devstack@neutron-api.service[102403]: DEBUG neutron.db.ovn_revision_numbers_db [None req-c8ea4873-80a3-4f31-87c8-e323aef1fcca admin admin] create_initial_revision uuid=f83df98a-34cc-43cc-b759-a00c9c27d2f4, type=security_group_rules, rev=-1 {{(pid=102403) create_initial_revision /opt/stack/neutron/neutron/db/ovn_revision_numbers_db.py:98}}
Apr 11 01:49:19.644293 np0000164982 devstack@neutron-api.service[102403]: DEBUG neutron_lib.callbacks.manager [None req-c8ea4873-80a3-4f31-87c8-e323aef1fcca admin admin] Publish callbacks ['neutron.plugins.ml2.drivers.ovn.mech_driver.mech_driver.OVNMechanismDriver._create_security_group-472825', 'neutron.plugins.ml2.ovo_rpc._ObjectChangeHandler.handle_event-2552341'] for security_group (5fd128a1-f39e-4d2c-aeca-df06fc4a7c12), after_create {{(pid=102403) _notify_loop /opt/stack/data/venv/lib/python3.12/site-packages/neutron_lib/callbacks/manager.py:184}}
Apr 11 01:49:19.644888 np0000164982 devstack@neutron-api.service[102403]: DEBUG ovsdbapp.backend.ovs_idl.transaction [None req-69b0a598-ab7b-4df7-b4bc-b7e89c8ebdeb None None] Running txn n=1 command(idx=0): PgAddCommand(_result=None, name=pg_5fd128a1_f39e_4d2c_aeca_df06fc4a7c12, may_exist=False, columns={'acls': [], 'external_ids': {'neutron:security_group_id': '5fd128a1-f39e-4d2c-aeca-df06fc4a7c12'}}) {{(pid=102403) do_commit /opt/stack/data/venv/lib/python3.12/site-packages/ovsdbapp/backend/ovs_idl/transaction.py:89}}
Apr 11 01:49:19.645685 np0000164982 devstack@neutron-api.service[102403]: DEBUG ovsdbapp.backend.ovs_idl.transaction [None req-69b0a598-ab7b-4df7-b4bc-b7e89c8ebdeb None None] Running txn n=1 command(idx=1): PgAclAddCommand(_result=None, entity=pg_5fd128a1_f39e_4d2c_aeca_df06fc4a7c12, direction=from-lport, priority=1002, match=inport == @pg_5fd128a1_f39e_4d2c_aeca_df06fc4a7c12 && ip6, action=allow-related, log=False, may_exist=True, severity=[], name=[], meter=[], external_ids={'neutron:security_group_rule_id': '3c3f436a-ea24-487c-b634-47069da2e5d7'}) {{(pid=102403) do_commit /opt/stack/data/venv/lib/python3.12/site-packages/ovsdbapp/backend/ovs_idl/transaction.py:89}}
Apr 11 01:49:19.646468 np0000164982 devstack@neutron-api.service[102403]: DEBUG ovsdbapp.backend.ovs_idl.transaction [None req-69b0a598-ab7b-4df7-b4bc-b7e89c8ebdeb None None] Running txn n=1 command(idx=2): PgAclAddCommand(_result=None, entity=pg_5fd128a1_f39e_4d2c_aeca_df06fc4a7c12, direction=to-lport, priority=1002, match=outport == @pg_5fd128a1_f39e_4d2c_aeca_df06fc4a7c12 && ip6 && ip6.src == $pg_5fd128a1_f39e_4d2c_aeca_df06fc4a7c12_ip6, action=allow-related, log=False, may_exist=True, severity=[], name=[], meter=[], external_ids={'neutron:security_group_rule_id': 'c3c7240c-9f63-4cf4-8c07-95b6ee7a56bd'}) {{(pid=102403) do_commit /opt/stack/data/venv/lib/python3.12/site-packages/ovsdbapp/backend/ovs_idl/transaction.py:89}}
Apr 11 01:49:19.647218 np0000164982 devstack@neutron-api.service[102403]: DEBUG ovsdbapp.backend.ovs_idl.transaction [None req-69b0a598-ab7b-4df7-b4bc-b7e89c8ebdeb None None] Running txn n=1 command(idx=3): PgAclAddCommand(_result=None, entity=pg_5fd128a1_f39e_4d2c_aeca_df06fc4a7c12, direction=to-lport, priority=1002, match=outport == @pg_5fd128a1_f39e_4d2c_aeca_df06fc4a7c12 && ip4 && ip4.src == $pg_5fd128a1_f39e_4d2c_aeca_df06fc4a7c12_ip4, action=allow-related, log=False, may_exist=True, severity=[], name=[], meter=[], external_ids={'neutron:security_group_rule_id': 'ebcde277-da31-40dd-92b1-c6a855247b0b'}) {{(pid=102403) do_commit /opt/stack/data/venv/lib/python3.12/site-packages/ovsdbapp/backend/ovs_idl/transaction.py:89}}
Apr 11 01:49:19.648304 np0000164982 devstack@neutron-api.service[102403]: DEBUG ovsdbapp.backend.ovs_idl.transaction [None req-69b0a598-ab7b-4df7-b4bc-b7e89c8ebdeb None None] Running txn n=1 command(idx=4): PgAclAddCommand(_result=None, entity=pg_5fd128a1_f39e_4d2c_aeca_df06fc4a7c12, direction=from-lport, priority=1002, match=inport == @pg_5fd128a1_f39e_4d2c_aeca_df06fc4a7c12 && ip4, action=allow-related, log=False, may_exist=True, severity=[], name=[], meter=[], external_ids={'neutron:security_group_rule_id': 'f83df98a-34cc-43cc-b759-a00c9c27d2f4'}) {{(pid=102403) do_commit /opt/stack/data/venv/lib/python3.12/site-packages/ovsdbapp/backend/ovs_idl/transaction.py:89}}
Apr 11 01:49:19.655602 np0000164982 devstack@neutron-api.service[102403]: DEBUG neutron.plugins.ml2.drivers.ovn.mech_driver.ovsdb.ovsdb_monitor [None req-69b0a598-ab7b-4df7-b4bc-b7e89c8ebdeb None None] Hash Ring: Node 1e4db49509b45beaba8255abf1b15a8b (host: np0000164982) handling event "create" for row a104393e-9691-473c-9f36-dcb264f49ae1 (table: ACL) {{(pid=102403) notify /opt/stack/neutron/neutron/plugins/ml2/drivers/ovn/mech_driver/ovsdb/ovsdb_monitor.py:912}}
Apr 11 01:49:19.655836 np0000164982 devstack@neutron-api.service[102403]: DEBUG neutron.plugins.ml2.drivers.ovn.mech_driver.ovsdb.ovsdb_monitor [None req-69b0a598-ab7b-4df7-b4bc-b7e89c8ebdeb None None] Hash Ring: Node 1e4db49509b45beaba8255abf1b15a8b (host: np0000164982) handling event "create" for row 9e4e3691-b9ae-40a0-8f77-7dbdff299d74 (table: Port_Group) {{(pid=102403) notify /opt/stack/neutron/neutron/plugins/ml2/drivers/ovn/mech_driver/ovsdb/ovsdb_monitor.py:912}}
Apr 11 01:49:19.656994 np0000164982 devstack@neutron-api.service[102400]: DEBUG neutron.plugins.ml2.drivers.ovn.mech_driver.ovsdb.ovsdb_monitor [None req-c21db5d4-21e9-48d6-9cb1-b4fe09cb7680 None None] Hash Ring: Node 9270595b6f645a97920d74ad1ffdf76d (host: np0000164982) handling event "create" for row 0f9cb064-391b-4dcb-84d6-46788a6c8315 (table: ACL) {{(pid=102400) notify /opt/stack/neutron/neutron/plugins/ml2/drivers/ovn/mech_driver/ovsdb/ovsdb_monitor.py:912}}
Apr 11 01:49:19.657869 np0000164982 devstack@neutron-api.service[102401]: DEBUG neutron.plugins.ml2.drivers.ovn.mech_driver.ovsdb.ovsdb_monitor [None req-3e86df80-ef4e-4a82-95a9-47a7905b557a None None] Hash Ring: Node 36a7365b45c5531099160dc362c19dfc (host: np0000164982) handling event "create" for row 23872e3f-52b0-4c79-8b30-14c615c9d69f (table: ACL) {{(pid=102401) notify /opt/stack/neutron/neutron/plugins/ml2/drivers/ovn/mech_driver/ovsdb/ovsdb_monitor.py:912}}
Apr 11 01:49:19.658376 np0000164982 devstack@neutron-api.service[102401]: DEBUG neutron.plugins.ml2.drivers.ovn.mech_driver.ovsdb.ovsdb_monitor [None req-3e86df80-ef4e-4a82-95a9-47a7905b557a None None] Hash Ring: Node 36a7365b45c5531099160dc362c19dfc (host: np0000164982) handling event "create" for row d30f120c-1135-4ced-8b3d-692eee4fc758 (table: ACL) {{(pid=102401) notify /opt/stack/neutron/neutron/plugins/ml2/drivers/ovn/mech_driver/ovsdb/ovsdb_monitor.py:912}}
Apr 11 01:49:19.677216 np0000164982 devstack@neutron-api.service[102403]: INFO neutron.db.ovn_revision_numbers_db [None req-c8ea4873-80a3-4f31-87c8-e323aef1fcca admin admin] Successfully bumped revision number for resource 5fd128a1-f39e-4d2c-aeca-df06fc4a7c12 (type: security_groups) to 1
Apr 11 01:49:19.690584 np0000164982 devstack@neutron-api.service[102403]: INFO neutron.db.ovn_revision_numbers_db [None req-c8ea4873-80a3-4f31-87c8-e323aef1fcca admin admin] Successfully bumped revision number for resource 3c3f436a-ea24-487c-b634-47069da2e5d7 (type: security_group_rules) to 0
Apr 11 01:49:19.701761 np0000164982 devstack@neutron-api.service[102403]: INFO neutron.db.ovn_revision_numbers_db [None req-c8ea4873-80a3-4f31-87c8-e323aef1fcca admin admin] Successfully bumped revision number for resource c3c7240c-9f63-4cf4-8c07-95b6ee7a56bd (type: security_group_rules) to 0
Apr 11 01:49:19.714814 np0000164982 devstack@neutron-api.service[102403]: INFO neutron.db.ovn_revision_numbers_db [None req-c8ea4873-80a3-4f31-87c8-e323aef1fcca admin admin] Successfully bumped revision number for resource ebcde277-da31-40dd-92b1-c6a855247b0b (type: security_group_rules) to 0
Apr 11 01:49:19.727595 np0000164982 devstack@neutron-api.service[102403]: INFO neutron.db.ovn_revision_numbers_db [None req-c8ea4873-80a3-4f31-87c8-e323aef1fcca admin admin] Successfully bumped revision number for resource f83df98a-34cc-43cc-b759-a00c9c27d2f4 (type: security_group_rules) to 0
Apr 11 01:49:19.751746 np0000164982 devstack@neutron-api.service[102403]: DEBUG neutron.api.rpc.handlers.resources_rpc [None req-c8ea4873-80a3-4f31-87c8-e323aef1fcca admin admin] Pushing event updated for resources: {'SecurityGroup': ['ID=5fd128a1-f39e-4d2c-aeca-df06fc4a7c12,revision_number=1']} {{(pid=102403) push /opt/stack/neutron/neutron/api/rpc/handlers/resources_rpc.py:237}}
Apr 11 01:49:19.756801 np0000164982 devstack@neutron-api.service[102403]: DEBUG ovsdbapp.backend.ovs_idl.transaction [None req-69b0a598-ab7b-4df7-b4bc-b7e89c8ebdeb None None] Running txn n=1 command(idx=0): CheckLivenessCommand(_result=None) {{(pid=102403) do_commit /opt/stack/data/venv/lib/python3.12/site-packages/ovsdbapp/backend/ovs_idl/transaction.py:89}}
Apr 11 01:49:19.761554 np0000164982 devstack@neutron-api.service[102401]: DEBUG neutron.plugins.ml2.drivers.ovn.mech_driver.ovsdb.ovsdb_monitor [None req-3e86df80-ef4e-4a82-95a9-47a7905b557a None None] Hash Ring: Node 36a7365b45c5531099160dc362c19dfc (host: np0000164982) handling event "update" for row 56594e8e-93db-49b2-b895-b39804eff964 (table: NB_Global) {{(pid=102401) notify /opt/stack/neutron/neutron/plugins/ml2/drivers/ovn/mech_driver/ovsdb/ovsdb_monitor.py:912}}
Apr 11 01:49:19.763146 np0000164982 devstack@neutron-api.service[102401]: DEBUG neutron.plugins.ml2.drivers.ovn.mech_driver.ovsdb.ovsdb_monitor [None req-3e86df80-ef4e-4a82-95a9-47a7905b557a None None] Hash Ring: Node 36a7365b45c5531099160dc362c19dfc (host: np0000164982) handling event "update" for row 56594e8e-93db-49b2-b895-b39804eff964 (table: NB_Global) {{(pid=102401) notify /opt/stack/neutron/neutron/plugins/ml2/drivers/ovn/mech_driver/ovsdb/ovsdb_monitor.py:912}}
Apr 11 01:49:19.764721 np0000164982 devstack@neutron-api.service[102403]: DEBUG neutron.api.rpc.callbacks.version_manager [None req-c8ea4873-80a3-4f31-87c8-e323aef1fcca admin admin] Tracked resource versions report:
Apr 11 01:49:19.764721 np0000164982 devstack@neutron-api.service[102403]: pushed versions:
Apr 11 01:49:19.764721 np0000164982 devstack@neutron-api.service[102403]: { 'AddressGroup': {'1.2'},
Apr 11 01:49:19.764721 np0000164982 devstack@neutron-api.service[102403]: 'Agent': {'1.1'},
Apr 11 01:49:19.764721 np0000164982 devstack@neutron-api.service[102403]: 'ConntrackHelper': {'1.0'},
Apr 11 01:49:19.764721 np0000164982 devstack@neutron-api.service[102403]: 'LocalIPAssociation': {'1.0'},
Apr 11 01:49:19.764721 np0000164982 devstack@neutron-api.service[102403]: 'Log': {'1.0'},
Apr 11 01:49:19.764721 np0000164982 devstack@neutron-api.service[102403]: 'NDPProxy': {'1.0'},
Apr 11 01:49:19.764721 np0000164982 devstack@neutron-api.service[102403]: 'Network': {'1.2'},
Apr 11 01:49:19.764721 np0000164982 devstack@neutron-api.service[102403]: 'Port': {'1.10'},
Apr 11 01:49:19.764721 np0000164982 devstack@neutron-api.service[102403]: 'PortForwarding': {'1.3'},
Apr 11 01:49:19.764721 np0000164982 devstack@neutron-api.service[102403]: 'QosPolicy': {'1.10'},
Apr 11 01:49:19.764721 np0000164982 devstack@neutron-api.service[102403]: 'SecurityGroup': {'1.6'},
Apr 11 01:49:19.764721 np0000164982 devstack@neutron-api.service[102403]: 'SecurityGroupRule': {'1.3'},
Apr 11 01:49:19.764721 np0000164982 devstack@neutron-api.service[102403]: 'SubPort': {'1.0'},
Apr 11 01:49:19.764721 np0000164982 devstack@neutron-api.service[102403]: 'Subnet': {'1.2'},
Apr 11 01:49:19.764721 np0000164982 devstack@neutron-api.service[102403]: 'Trunk': {'1.1'}}
Apr 11 01:49:19.764721 np0000164982 devstack@neutron-api.service[102403]: consumer versions:
Apr 11 01:49:19.764721 np0000164982 devstack@neutron-api.service[102403]: { OVN Controller Gateway agent@np0000164982: {},
Apr 11 01:49:19.764721 np0000164982 devstack@neutron-api.service[102403]: OVN Neutron agent@np0000164982: {}}
Apr 11 01:49:19.764721 np0000164982 devstack@neutron-api.service[102403]: {{(pid=102403) report /opt/stack/neutron/neutron/api/rpc/callbacks/version_manager.py:183}}
Apr 11 01:49:19.765388 np0000164982 devstack@neutron-api.service[102401]: DEBUG neutron.plugins.ml2.drivers.ovn.mech_driver.ovsdb.ovsdb_monitor [None req-3e86df80-ef4e-4a82-95a9-47a7905b557a None None] Hash Ring: Node 36a7365b45c5531099160dc362c19dfc (host: np0000164982) handling event "update" for row 56594e8e-93db-49b2-b895-b39804eff964 (table: NB_Global) {{(pid=102401) notify /opt/stack/neutron/neutron/plugins/ml2/drivers/ovn/mech_driver/ovsdb/ovsdb_monitor.py:912}}
Apr 11 01:49:19.765911 np0000164982 devstack@neutron-api.service[102400]: DEBUG neutron.plugins.ml2.drivers.ovn.mech_driver.ovsdb.ovsdb_monitor [None req-40eeb86f-7368-4962-8938-8eb28373ef97 None None] ChassisAgentWriteEvent : Matched Chassis_Private, update, None None {{(pid=102400) matches /opt/stack/neutron/neutron/plugins/ml2/drivers/ovn/mech_driver/ovsdb/ovsdb_monitor.py:64}}
Apr 11 01:49:19.766274 np0000164982 devstack@neutron-api.service[102402]: DEBUG neutron.plugins.ml2.drivers.ovn.mech_driver.ovsdb.ovsdb_monitor [None req-bcce95cc-6d3b-497b-860d-1608a7935a64 None None] ChassisAgentWriteEvent : Matched Chassis_Private, update, None None {{(pid=102402) matches /opt/stack/neutron/neutron/plugins/ml2/drivers/ovn/mech_driver/ovsdb/ovsdb_monitor.py:64}}
Apr 11 01:49:19.766653 np0000164982 devstack@neutron-api.service[102401]: DEBUG neutron.plugins.ml2.drivers.ovn.mech_driver.ovsdb.ovsdb_monitor [None req-a83f3d67-24a5-4268-acdd-3ecc2ff759ee None None] ChassisAgentWriteEvent : Matched Chassis_Private, update, None None {{(pid=102401) matches /opt/stack/neutron/neutron/plugins/ml2/drivers/ovn/mech_driver/ovsdb/ovsdb_monitor.py:64}}
Apr 11 01:49:19.770442 np0000164982 devstack@neutron-api.service[102401]: DEBUG neutron.plugins.ml2.drivers.ovn.mech_driver.ovsdb.ovsdb_monitor [None req-3e86df80-ef4e-4a82-95a9-47a7905b557a None None] Hash Ring: Node 36a7365b45c5531099160dc362c19dfc (host: np0000164982) handling event "update" for row 56594e8e-93db-49b2-b895-b39804eff964 (table: NB_Global) {{(pid=102401) notify /opt/stack/neutron/neutron/plugins/ml2/drivers/ovn/mech_driver/ovsdb/ovsdb_monitor.py:912}}
Apr 11 01:49:19.772418 np0000164982 devstack@neutron-api.service[102403]: DEBUG neutron.plugins.ml2.drivers.ovn.mech_driver.ovsdb.ovsdb_monitor [None req-e6f8c648-8ed3-43f3-b2c3-fbf07dabe71d None None] ChassisAgentWriteEvent : Matched Chassis_Private, update, None None {{(pid=102403) matches /opt/stack/neutron/neutron/plugins/ml2/drivers/ovn/mech_driver/ovsdb/ovsdb_monitor.py:64}}
Apr 11 01:49:19.774210 np0000164982 devstack@neutron-api.service[102400]: DEBUG neutron.common.ovn.hash_ring_manager [None req-40eeb86f-7368-4962-8938-8eb28373ef97 None None] Hash Ring loaded. 4 active nodes. 0 offline nodes {{(pid=102400) _load_hash_ring /opt/stack/neutron/neutron/common/ovn/hash_ring_manager.py:102}}
Apr 11 01:49:19.775025 np0000164982 devstack@neutron-api.service[102402]: DEBUG neutron.common.ovn.hash_ring_manager [None req-bcce95cc-6d3b-497b-860d-1608a7935a64 None None] Hash Ring loaded. 4 active nodes. 0 offline nodes {{(pid=102402) _load_hash_ring /opt/stack/neutron/neutron/common/ovn/hash_ring_manager.py:102}}
Apr 11 01:49:19.776216 np0000164982 devstack@neutron-api.service[102401]: DEBUG neutron.common.ovn.hash_ring_manager [None req-a83f3d67-24a5-4268-acdd-3ecc2ff759ee None None] Hash Ring loaded. 4 active nodes. 0 offline nodes {{(pid=102401) _load_hash_ring /opt/stack/neutron/neutron/common/ovn/hash_ring_manager.py:102}}
Apr 11 01:49:19.776445 np0000164982 devstack@neutron-api.service[102401]: DEBUG neutron.plugins.ml2.drivers.ovn.mech_driver.ovsdb.ovsdb_monitor [None req-a83f3d67-24a5-4268-acdd-3ecc2ff759ee None None] Hash Ring: Node 36a7365b45c5531099160dc362c19dfc (host: np0000164982) handling event "update" for row 01c85d7a-3774-4e90-a314-5bf08b142ce5 (table: Chassis_Private) {{(pid=102401) notify /opt/stack/neutron/neutron/plugins/ml2/drivers/ovn/mech_driver/ovsdb/ovsdb_monitor.py:912}}
Apr 11 01:49:19.788380 np0000164982 devstack@neutron-api.service[102403]: DEBUG neutron.common.ovn.hash_ring_manager [None req-e6f8c648-8ed3-43f3-b2c3-fbf07dabe71d None None] Hash Ring loaded. 4 active nodes. 0 offline nodes {{(pid=102403) _load_hash_ring /opt/stack/neutron/neutron/common/ovn/hash_ring_manager.py:102}}
Apr 11 01:49:19.815607 np0000164982 devstack@neutron-api.service[102403]: DEBUG neutron.plugins.ml2.drivers.helpers [None req-c8ea4873-80a3-4f31-87c8-e323aef1fcca admin admin] geneve segment allocate from pool success with {'geneve_vni': 16947} {{(pid=102403) allocate_partially_specified_segment /opt/stack/neutron/neutron/plugins/ml2/drivers/helpers.py:142}}
Apr 11 01:49:19.825333 np0000164982 devstack@neutron-api.service[102403]: DEBUG neutron_lib.callbacks.manager [None req-c8ea4873-80a3-4f31-87c8-e323aef1fcca admin admin] Publish callbacks ['neutron.services.segments.db._add_segment_host_mapping_for_segment-8724829747564', 'neutron.plugins.ml2.plugin.Ml2Plugin._handle_segment_change-4087554'] for segment (17e75919-6a0d-46e3-a2d3-4e5df3bb3068), precommit_create {{(pid=102403) _notify_loop /opt/stack/data/venv/lib/python3.12/site-packages/neutron_lib/callbacks/manager.py:184}}
Apr 11 01:49:19.825470 np0000164982 devstack@neutron-api.service[102403]: INFO neutron.db.segments_db [None req-c8ea4873-80a3-4f31-87c8-e323aef1fcca admin admin] Added segment 17e75919-6a0d-46e3-a2d3-4e5df3bb3068 of type geneve for network c1c745e4-89e2-4083-8eac-4e2b085439a4
Apr 11 01:49:19.840504 np0000164982 devstack@neutron-api.service[102403]: DEBUG neutron_lib.callbacks.manager [None req-c8ea4873-80a3-4f31-87c8-e323aef1fcca admin admin] Publish callbacks ['neutron.services.auto_allocate.db._ensure_external_network_default_value_callback-8724828475002'] for network (c1c745e4-89e2-4083-8eac-4e2b085439a4), precommit_create {{(pid=102403) _notify_loop /opt/stack/data/venv/lib/python3.12/site-packages/neutron_lib/callbacks/manager.py:184}}
Apr 11 01:49:19.851860 np0000164982 devstack@neutron-api.service[102403]: DEBUG neutron.plugins.ml2.drivers.ovn.mech_driver.mech_driver [None req-c8ea4873-80a3-4f31-87c8-e323aef1fcca admin admin] Validating network segment with type geneve, segmentation ID 16947, physical network None {{(pid=102403) _validate_network_segments /opt/stack/neutron/neutron/plugins/ml2/drivers/ovn/mech_driver/mech_driver.py:631}}
Apr 11 01:49:19.851990 np0000164982 devstack@neutron-api.service[102403]: DEBUG neutron.db.ovn_revision_numbers_db [None req-c8ea4873-80a3-4f31-87c8-e323aef1fcca admin admin] create_initial_revision uuid=c1c745e4-89e2-4083-8eac-4e2b085439a4, type=networks, rev=-1 {{(pid=102403) create_initial_revision /opt/stack/neutron/neutron/db/ovn_revision_numbers_db.py:98}}
Apr 11 01:49:19.859707 np0000164982 devstack@neutron-api.service[102403]: DEBUG neutron_lib.callbacks.manager [None req-c8ea4873-80a3-4f31-87c8-e323aef1fcca admin admin] Publish callbacks ['neutron.plugins.ml2.ovo_rpc._ObjectChangeHandler.handle_event-2552336'] for network (c1c745e4-89e2-4083-8eac-4e2b085439a4), after_create {{(pid=102403) _notify_loop /opt/stack/data/venv/lib/python3.12/site-packages/neutron_lib/callbacks/manager.py:184}}
Apr 11 01:49:19.876860 np0000164982 devstack@neutron-api.service[102403]: DEBUG neutron.api.rpc.handlers.resources_rpc [None req-c8ea4873-80a3-4f31-87c8-e323aef1fcca admin admin] Pushing event updated for resources: {'Network': ['ID=c1c745e4-89e2-4083-8eac-4e2b085439a4,revision_number=1']} {{(pid=102403) push /opt/stack/neutron/neutron/api/rpc/handlers/resources_rpc.py:237}}
Apr 11 01:49:19.885872 np0000164982 devstack@neutron-api.service[102403]: DEBUG ovsdbapp.backend.ovs_idl.transaction [None req-69b0a598-ab7b-4df7-b4bc-b7e89c8ebdeb None None] Running txn n=1 command(idx=0): AddNetworkCommand(_result=None, network_uuid=c1c745e4-89e2-4083-8eac-4e2b085439a4, may_exist=True, columns={'external_ids': {'neutron:network_name': 'admin_net', 'neutron:mtu': '1372', 'neutron:revision_number': '1', 'neutron:availability_zone_hints': '', 'neutron:provnet-network-type': 'geneve'}, 'other_config': {'mcast_snoop': 'false', 'mcast_flood_unregistered': 'false', 'vlan-passthru': 'false'}}) {{(pid=102403) do_commit /opt/stack/data/venv/lib/python3.12/site-packages/ovsdbapp/backend/ovs_idl/transaction.py:89}}
Apr 11 01:49:19.891998 np0000164982 devstack@neutron-api.service[102402]: DEBUG neutron.plugins.ml2.drivers.ovn.mech_driver.ovsdb.ovsdb_monitor [None req-3b4b2fe5-bb5f-498f-b3b5-47aea80427ae None None] Hash Ring: Node ff5047151a695a50a4ef505472d454eb (host: np0000164982) handling event "create" for row c1c745e4-89e2-4083-8eac-4e2b085439a4 (table: Logical_Switch) {{(pid=102402) notify /opt/stack/neutron/neutron/plugins/ml2/drivers/ovn/mech_driver/ovsdb/ovsdb_monitor.py:912}}
Apr 11 01:49:19.894880 np0000164982 devstack@neutron-api.service[102400]: DEBUG neutron.plugins.ml2.drivers.ovn.mech_driver.ovsdb.ovsdb_monitor [None req-40eeb86f-7368-4962-8938-8eb28373ef97 None None] Hash Ring: Node 9270595b6f645a97920d74ad1ffdf76d (host: np0000164982) handling event "create" for row ebdf4510-f6cd-46cc-90cb-39c1a8a5ad6c (table: Datapath_Binding) {{(pid=102400) notify /opt/stack/neutron/neutron/plugins/ml2/drivers/ovn/mech_driver/ovsdb/ovsdb_monitor.py:912}}
Apr 11 01:49:19.920168 np0000164982 devstack@neutron-api.service[102403]: INFO neutron.db.ovn_revision_numbers_db [None req-c8ea4873-80a3-4f31-87c8-e323aef1fcca admin admin] Successfully bumped revision number for resource c1c745e4-89e2-4083-8eac-4e2b085439a4 (type: networks) to 1
Apr 11 01:49:19.934231 np0000164982 devstack@neutron-api.service[102403]: DEBUG neutron_lib.callbacks.manager [None req-c8ea4873-80a3-4f31-87c8-e323aef1fcca admin admin] Publish callbacks ['neutron.plugins.ml2.plugin.SecurityGroupDbMixin._ensure_default_security_group_handler-166168'] for port (None), before_create {{(pid=102403) _notify_loop /opt/stack/data/venv/lib/python3.12/site-packages/neutron_lib/callbacks/manager.py:184}}
Apr 11 01:49:19.992158 np0000164982 devstack@neutron-api.service[102403]: DEBUG neutron_lib.callbacks.manager [None req-c8ea4873-80a3-4f31-87c8-e323aef1fcca admin admin] Publish callbacks ['neutron.plugins.ml2.drivers.ovn.mech_driver.mech_driver.OVNMechanismDriver._validate_allowed_address_pairs-472715'] for allowed_address_pair (21571f16-fbfb-4be7-863a-8778d5a95c2e), before_create {{(pid=102403) _notify_loop /opt/stack/data/venv/lib/python3.12/site-packages/neutron_lib/callbacks/manager.py:184}}
Apr 11 01:49:19.992839 np0000164982 devstack@neutron-api.service[102403]: DEBUG neutron_lib.callbacks.manager [None req-c8ea4873-80a3-4f31-87c8-e323aef1fcca admin admin] Publish callbacks [] for port (21571f16-fbfb-4be7-863a-8778d5a95c2e), precommit_create {{(pid=102403) _notify_loop /opt/stack/data/venv/lib/python3.12/site-packages/neutron_lib/callbacks/manager.py:184}}
Apr 11 01:49:19.993043 np0000164982 devstack@neutron-api.service[102403]: DEBUG neutron.plugins.ml2.drivers.ovn.mech_driver.mech_driver [None req-c8ea4873-80a3-4f31-87c8-e323aef1fcca admin admin] No provisioning block for port 21571f16-fbfb-4be7-863a-8778d5a95c2e since it does not have a host {{(pid=102403) _is_port_provisioning_required /opt/stack/neutron/neutron/plugins/ml2/drivers/ovn/mech_driver/mech_driver.py:884}}
Apr 11 01:49:19.993175 np0000164982 devstack@neutron-api.service[102403]: DEBUG neutron.db.ovn_revision_numbers_db [None req-c8ea4873-80a3-4f31-87c8-e323aef1fcca admin admin] create_initial_revision uuid=21571f16-fbfb-4be7-863a-8778d5a95c2e, type=ports, rev=-1 {{(pid=102403) create_initial_revision /opt/stack/neutron/neutron/db/ovn_revision_numbers_db.py:98}}
Apr 11 01:49:20.023253 np0000164982 devstack@neutron-api.service[102403]: DEBUG neutron_lib.callbacks.manager [None req-c8ea4873-80a3-4f31-87c8-e323aef1fcca admin admin] Publish callbacks ['neutron.plugins.ml2.ovo_rpc._ObjectChangeHandler.handle_event-2552327'] for port (21571f16-fbfb-4be7-863a-8778d5a95c2e), after_create {{(pid=102403) _notify_loop /opt/stack/data/venv/lib/python3.12/site-packages/neutron_lib/callbacks/manager.py:184}}
Apr 11 01:49:20.051815 np0000164982 devstack@neutron-api.service[102403]: DEBUG neutron.api.rpc.handlers.resources_rpc [None req-c8ea4873-80a3-4f31-87c8-e323aef1fcca admin admin] Pushing event updated for resources: {'Port': ['ID=21571f16-fbfb-4be7-863a-8778d5a95c2e,revision_number=1']} {{(pid=102403) push /opt/stack/neutron/neutron/api/rpc/handlers/resources_rpc.py:237}}
Apr 11 01:49:20.058194 np0000164982 devstack@neutron-api.service[102403]: DEBUG ovsdbapp.backend.ovs_idl.transaction [None req-69b0a598-ab7b-4df7-b4bc-b7e89c8ebdeb None None] Running txn n=1 command(idx=0): AddLSwitchPortCommand(_result=None, lport=21571f16-fbfb-4be7-863a-8778d5a95c2e, lswitch=neutron-c1c745e4-89e2-4083-8eac-4e2b085439a4, may_exist=True, network_uuid=c1c745e4-89e2-4083-8eac-4e2b085439a4, columns={'addresses': ['fa:16:3e:f8:57:4f'], 'external_ids': {'neutron:port_name': '', 'neutron:device_id': 'ovnmeta-c1c745e4-89e2-4083-8eac-4e2b085439a4', 'neutron:project_id': '7b1c7cea8a72455eb001936b0032efb2', 'neutron:cidrs': '', 'neutron:device_owner': 'network:distributed', 'neutron:subnet_pool_addr_scope4': '', 'neutron:subnet_pool_addr_scope6': '', 'neutron:network_name': 'neutron-c1c745e4-89e2-4083-8eac-4e2b085439a4', 'neutron:security_group_ids': '', 'neutron:revision_number': '1', 'neutron:vnic_type': 'normal', 'neutron:port_capabilities': '', 'neutron:mtu': ''}, 'parent_name': [], 'tag': [], 'enabled': True, 'options': {}, 'type': 'localport', 'port_security': [], 'dhcpv4_options': [], 'dhcpv6_options': []}) {{(pid=102403) do_commit /opt/stack/data/venv/lib/python3.12/site-packages/ovsdbapp/backend/ovs_idl/transaction.py:89}}
Apr 11 01:49:20.059292 np0000164982 devstack@neutron-api.service[102403]: DEBUG ovsdbapp.backend.ovs_idl.transaction [None req-69b0a598-ab7b-4df7-b4bc-b7e89c8ebdeb None None] Running txn n=1 command(idx=1): QoSDelCommand(_result=None, switch=neutron-c1c745e4-89e2-4083-8eac-4e2b085439a4, conditions=[('direction', '=', 'to-lport'), ('priority', '=', 2002), ('match', '=', 'outport == "21571f16-fbfb-4be7-863a-8778d5a95c2e"')], if_exists=True) {{(pid=102403) do_commit /opt/stack/data/venv/lib/python3.12/site-packages/ovsdbapp/backend/ovs_idl/transaction.py:89}}
Apr 11 01:49:20.059722 np0000164982 devstack@neutron-api.service[102403]: DEBUG ovsdbapp.backend.ovs_idl.transaction [None req-69b0a598-ab7b-4df7-b4bc-b7e89c8ebdeb None None] Running txn n=1 command(idx=2): QoSDelCommand(_result=None, switch=neutron-c1c745e4-89e2-4083-8eac-4e2b085439a4, conditions=[('direction', '=', 'from-lport'), ('priority', '=', 2002), ('match', '=', 'inport == "21571f16-fbfb-4be7-863a-8778d5a95c2e"')], if_exists=True) {{(pid=102403) do_commit /opt/stack/data/venv/lib/python3.12/site-packages/ovsdbapp/backend/ovs_idl/transaction.py:89}}
Apr 11 01:49:20.067003 np0000164982 devstack@neutron-api.service[102401]: DEBUG neutron.plugins.ml2.drivers.ovn.mech_driver.ovsdb.ovsdb_monitor [None req-3e86df80-ef4e-4a82-95a9-47a7905b557a None None] Hash Ring: Node 36a7365b45c5531099160dc362c19dfc (host: np0000164982) handling event "create" for row 4ee51bad-6b75-4d33-b588-6e96b01ba2f1 (table: Logical_Switch_Port) {{(pid=102401) notify /opt/stack/neutron/neutron/plugins/ml2/drivers/ovn/mech_driver/ovsdb/ovsdb_monitor.py:912}}
Apr 11 01:49:20.068057 np0000164982 devstack@neutron-api.service[102402]: DEBUG neutron.plugins.ml2.drivers.ovn.mech_driver.ovsdb.ovsdb_monitor [None req-3b4b2fe5-bb5f-498f-b3b5-47aea80427ae None None] Hash Ring: Node ff5047151a695a50a4ef505472d454eb (host: np0000164982) handling event "update" for row c1c745e4-89e2-4083-8eac-4e2b085439a4 (table: Logical_Switch) {{(pid=102402) notify /opt/stack/neutron/neutron/plugins/ml2/drivers/ovn/mech_driver/ovsdb/ovsdb_monitor.py:912}}
Apr 11 01:49:20.069064 np0000164982 devstack@neutron-api.service[102401]: DEBUG ovsdbapp.backend.ovs_idl.event [None req-3e86df80-ef4e-4a82-95a9-47a7905b557a None None] Matched CREATE: LogicalSwitchPortCreateEvent(events=('create',), table='Logical_Switch_Port', conditions=[], old_conditions=None), priority=20 to row=Logical_Switch_Port(uuid=4ee51bad-6b75-4d33-b588-6e96b01ba2f1, addresses=['fa:16:3e:f8:57:4f'], dhcpv4_options=[], dhcpv6_options=[], dynamic_addresses=[], enabled=True, external_ids={'neutron:cidrs': '', 'neutron:device_id': 'ovnmeta-c1c745e4-89e2-4083-8eac-4e2b085439a4', 'neutron:device_owner': 'network:distributed', 'neutron:mtu': '', 'neutron:network_name': 'neutron-c1c745e4-89e2-4083-8eac-4e2b085439a4', 'neutron:port_capabilities': '', 'neutron:port_name': '', 'neutron:project_id': '7b1c7cea8a72455eb001936b0032efb2', 'neutron:revision_number': '1', 'neutron:security_group_ids': '', 'neutron:subnet_pool_addr_scope4': '', 'neutron:subnet_pool_addr_scope6': '', 'neutron:vnic_type': 'normal'}, ha_chassis_group=[], mirror_rules=[], name='21571f16-fbfb-4be7-863a-8778d5a95c2e', options={}, parent_name=[], port_security=[], tag=[], tag_request=[], type='localport', up=[]) old= {{(pid=102401) matches /opt/stack/data/venv/lib/python3.12/site-packages/ovsdbapp/backend/ovs_idl/event.py:55}}
Apr 11 01:49:20.070382 np0000164982 devstack@neutron-api.service[102400]: DEBUG neutron.plugins.ml2.drivers.ovn.mech_driver.ovsdb.ovsdb_monitor [None req-40eeb86f-7368-4962-8938-8eb28373ef97 None None] Hash Ring: Node 9270595b6f645a97920d74ad1ffdf76d (host: np0000164982) handling event "create" for row 4ae31eef-1f50-4072-bbab-122f5b3d4d69 (table: Port_Binding) {{(pid=102400) notify /opt/stack/neutron/neutron/plugins/ml2/drivers/ovn/mech_driver/ovsdb/ovsdb_monitor.py:912}}
Apr 11 01:49:20.071637 np0000164982 devstack@neutron-api.service[102401]: INFO neutron.plugins.ml2.drivers.ovn.mech_driver.mech_driver [None req-7f9cec59-b089-496e-b399-b17419e582fc None None] OVN reports status down for port: 21571f16-fbfb-4be7-863a-8778d5a95c2e
Apr 11 01:49:20.073961 np0000164982 devstack@neutron-api.service[102401]: DEBUG neutron.plugins.ml2.drivers.ovn.mech_driver.ovsdb.ovsdb_monitor [None req-3e86df80-ef4e-4a82-95a9-47a7905b557a None None] Hash Ring: Node 36a7365b45c5531099160dc362c19dfc (host: np0000164982) handling event "update" for row 4ee51bad-6b75-4d33-b588-6e96b01ba2f1 (table: Logical_Switch_Port) {{(pid=102401) notify /opt/stack/neutron/neutron/plugins/ml2/drivers/ovn/mech_driver/ovsdb/ovsdb_monitor.py:912}}
Apr 11 01:49:20.100062 np0000164982 devstack@neutron-api.service[102403]: INFO neutron.db.ovn_revision_numbers_db [None req-c8ea4873-80a3-4f31-87c8-e323aef1fcca admin admin] Successfully bumped revision number for resource 21571f16-fbfb-4be7-863a-8778d5a95c2e (type: ports) to 1
Apr 11 01:49:20.103317 np0000164982 devstack@neutron-api.service[102401]: DEBUG neutron.db.provisioning_blocks [None req-7f9cec59-b089-496e-b399-b17419e582fc None None] Transition to ACTIVE for port object 21571f16-fbfb-4be7-863a-8778d5a95c2e will not be triggered until provisioned by entity L2. {{(pid=102401) add_provisioning_component /opt/stack/neutron/neutron/db/provisioning_blocks.py:74}}
Apr 11 01:49:20.107882 np0000164982 devstack@neutron-api.service[102403]: DEBUG neutron.pecan_wsgi.hooks.policy_enforcement [None req-c8ea4873-80a3-4f31-87c8-e323aef1fcca admin admin] Attributes excluded by policy engine: ['standard_attr_id'] {{(pid=102403) _exclude_attributes_by_policy /opt/stack/neutron/neutron/pecan_wsgi/hooks/policy_enforcement.py:258}}
Apr 11 01:49:20.108217 np0000164982 devstack@neutron-api.service[102403]: DEBUG neutron_lib.callbacks.manager [None req-c8ea4873-80a3-4f31-87c8-e323aef1fcca admin admin] Publish callbacks [] for network (None), before_response {{(pid=102403) _notify_loop /opt/stack/data/venv/lib/python3.12/site-packages/neutron_lib/callbacks/manager.py:184}}
Apr 11 01:49:20.120330 np0000164982 devstack@neutron-api.service[102403]: [pid: 102403|app: 0|req: 23/93] 199.204.45.95 () {68 vars in 1351 bytes} [Sat Apr 11 01:49:19 2026] POST /networking/v2.0/networks => generated 683 bytes in 600 msecs (HTTP/1.1 201) 4 headers in 162 bytes (1 switches on core 0)
Apr 11 01:49:20.128528 np0000164982 devstack@neutron-api.service[102401]: DEBUG neutron.plugins.ml2.plugin [None req-7f9cec59-b089-496e-b399-b17419e582fc None None] Current status of the port 21571f16-fbfb-4be7-863a-8778d5a95c2e is: DOWN; New status is: DOWN {{(pid=102401) _update_individual_port_db_status /opt/stack/neutron/neutron/plugins/ml2/plugin.py:2468}}
Apr 11 01:49:20.129799 np0000164982 devstack@neutron-api.service[102401]: DEBUG ovsdbapp.backend.ovs_idl.transaction [None req-3e86df80-ef4e-4a82-95a9-47a7905b557a None None] Running txn n=1 command(idx=0): DbRemoveCommand(_result=None, table=Logical_Switch_Port, record=21571f16-fbfb-4be7-863a-8778d5a95c2e, column=external_ids, values=('neutron:host_id',), keyvalues={}, if_exists=True) {{(pid=102401) do_commit /opt/stack/data/venv/lib/python3.12/site-packages/ovsdbapp/backend/ovs_idl/transaction.py:89}}
Apr 11 01:49:20.335681 np0000164982 devstack@neutron-api.service[102401]: INFO neutron.pecan_wsgi.hooks.translation [None req-9755f061-0cab-47e6-a1d7-ea924bb6b881 admin admin] GET failed (client error): The resource could not be found.
Apr 11 01:49:20.336158 np0000164982 devstack@neutron-api.service[102401]: [pid: 102401|app: 0|req: 25/94] 199.204.45.95 () {64 vars in 1327 bytes} [Sat Apr 11 01:49:20 2026] GET /networking/v2.0/networks/admin_net => generated 111 bytes in 13 msecs (HTTP/1.1 404) 4 headers in 164 bytes (1 switches on core 0)
Apr 11 01:49:20.385093 np0000164982 devstack@neutron-api.service[102402]: DEBUG neutron.pecan_wsgi.hooks.policy_enforcement [None req-81e438c1-aa84-4e50-a9e3-ca8de6606bfd admin admin] Attributes excluded by policy engine: ['standard_attr_id'] {{(pid=102402) _exclude_attributes_by_policy /opt/stack/neutron/neutron/pecan_wsgi/hooks/policy_enforcement.py:258}}
Apr 11 01:49:20.385754 np0000164982 devstack@neutron-api.service[102402]: [pid: 102402|app: 0|req: 24/95] 199.204.45.95 () {64 vars in 1339 bytes} [Sat Apr 11 01:49:20 2026] GET /networking/v2.0/networks?name=admin_net => generated 667 bytes in 38 msecs (HTTP/1.1 200) 4 headers in 157 bytes (1 switches on core 0)
Apr 11 01:49:20.608214 np0000164982 devstack@neutron-api.service[102400]: INFO neutron.pecan_wsgi.hooks.translation [None req-bab2324d-ea23-4dc7-b5bf-467b30c5c281 admin admin] GET failed (client error): The resource could not be found.
Apr 11 01:49:20.608953 np0000164982 devstack@neutron-api.service[102400]: [pid: 102400|app: 0|req: 24/96] 199.204.45.95 () {64 vars in 1333 bytes} [Sat Apr 11 01:49:20 2026] GET /networking/v2.0/subnets/admin_subnet => generated 112 bytes in 12 msecs (HTTP/1.1 404) 4 headers in 164 bytes (1 switches on core 0)
Apr 11 01:49:20.640832 np0000164982 devstack@neutron-api.service[102403]: [pid: 102403|app: 0|req: 24/97] 199.204.45.95 () {64 vars in 1342 bytes} [Sat Apr 11 01:49:20 2026] GET /networking/v2.0/subnets?name=admin_subnet => generated 14 bytes in 21 msecs (HTTP/1.1 200) 4 headers in 156 bytes (1 switches on core 0)
Apr 11 01:49:20.899793 np0000164982 devstack@neutron-api.service[102401]: DEBUG neutron.pecan_wsgi.hooks.policy_enforcement [None req-a4f52ec2-4445-4596-841d-66e67a9b7e56 admin admin] Attributes excluded by policy engine: ['standard_attr_id'] {{(pid=102401) _exclude_attributes_by_policy /opt/stack/neutron/neutron/pecan_wsgi/hooks/policy_enforcement.py:258}}
Apr 11 01:49:20.900525 np0000164982 devstack@neutron-api.service[102401]: [pid: 102401|app: 0|req: 26/98] 199.204.45.95 () {64 vars in 1408 bytes} [Sat Apr 11 01:49:20 2026] GET /networking/v2.0/networks/c1c745e4-89e2-4083-8eac-4e2b085439a4 => generated 664 bytes in 30 msecs (HTTP/1.1 200) 4 headers in 157 bytes (1 switches on core 0)
Apr 11 01:49:20.919452 np0000164982 devstack@neutron-api.service[102402]: DEBUG neutron.api.v2.base [None req-d493dc02-f872-4e97-be9f-caaf0dc51979 admin admin] Request body: {'subnet': {'network_id': 'c1c745e4-89e2-4083-8eac-4e2b085439a4', 'project_id': '7b1c7cea8a72455eb001936b0032efb2', 'cidr': '10.2.5.0/24', 'gateway_ip': None, 'name': 'admin_subnet', 'ip_version': 4}} {{(pid=102402) prepare_request_body /opt/stack/neutron/neutron/api/v2/base.py:729}}
Apr 11 01:49:20.964006 np0000164982 devstack@neutron-api.service[102402]: DEBUG neutron.pecan_wsgi.hooks.quota_enforcement [None req-d493dc02-f872-4e97-be9f-caaf0dc51979 admin admin] Made reservation on behalf of 7b1c7cea8a72455eb001936b0032efb2 for: {'subnet': 1} {{(pid=102402) before /opt/stack/neutron/neutron/pecan_wsgi/hooks/quota_enforcement.py:66}}
Apr 11 01:49:20.967700 np0000164982 devstack@neutron-api.service[102402]: DEBUG neutron_lib.callbacks.manager [None req-d493dc02-f872-4e97-be9f-caaf0dc51979 admin admin] Publish callbacks [] for subnet (None), before_create {{(pid=102402) _notify_loop /opt/stack/data/venv/lib/python3.12/site-packages/neutron_lib/callbacks/manager.py:184}}
Apr 11 01:49:21.030082 np0000164982 devstack@neutron-api.service[102402]: DEBUG neutron.db.ovn_revision_numbers_db [None req-d493dc02-f872-4e97-be9f-caaf0dc51979 admin admin] create_initial_revision uuid=dff93198-62c8-48ed-a1ac-0bc8de0338eb, type=subnets, rev=-1 {{(pid=102402) create_initial_revision /opt/stack/neutron/neutron/db/ovn_revision_numbers_db.py:98}}
Apr 11 01:49:21.037184 np0000164982 devstack@neutron-api.service[102402]: DEBUG neutron_lib.callbacks.manager [None req-d493dc02-f872-4e97-be9f-caaf0dc51979 admin admin] Publish callbacks ['neutron.plugins.ml2.ovo_rpc._ObjectChangeHandler.handle_event-3112028'] for subnet (dff93198-62c8-48ed-a1ac-0bc8de0338eb), after_create {{(pid=102402) _notify_loop /opt/stack/data/venv/lib/python3.12/site-packages/neutron_lib/callbacks/manager.py:184}}
Apr 11 01:49:21.049861 np0000164982 devstack@neutron-api.service[102402]: DEBUG neutron.api.rpc.handlers.resources_rpc [None req-d493dc02-f872-4e97-be9f-caaf0dc51979 admin admin] Pushing event updated for resources: {'Subnet': ['ID=dff93198-62c8-48ed-a1ac-0bc8de0338eb,revision_number=0']} {{(pid=102402) push /opt/stack/neutron/neutron/api/rpc/handlers/resources_rpc.py:237}}
Apr 11 01:49:21.107974 np0000164982 devstack@neutron-api.service[102402]: DEBUG neutron_lib.callbacks.manager [None req-d493dc02-f872-4e97-be9f-caaf0dc51979 admin admin] Publish callbacks ['neutron.plugins.ml2.plugin.SecurityGroupDbMixin._ensure_default_security_group_handler-107101', 'neutron.services.ovn_l3.plugin.OVNL3RouterPlugin._port_update-8724828473628', 'neutron.db.l3_db.L3_NAT_dbonly_mixin._prevent_internal_ip_change_for_fip-8724829592266'] for port (21571f16-fbfb-4be7-863a-8778d5a95c2e), before_update {{(pid=102402) _notify_loop /opt/stack/data/venv/lib/python3.12/site-packages/neutron_lib/callbacks/manager.py:184}}
Apr 11 01:49:21.208201 np0000164982 devstack@neutron-api.service[102402]: DEBUG neutron.db.db_base_plugin_common [None req-d493dc02-f872-4e97-be9f-caaf0dc51979 admin admin] Allocated IP 10.2.5.1 (c1c745e4-89e2-4083-8eac-4e2b085439a4/dff93198-62c8-48ed-a1ac-0bc8de0338eb/21571f16-fbfb-4be7-863a-8778d5a95c2e) {{(pid=102402) _store_ip_allocation /opt/stack/neutron/neutron/db/db_base_plugin_common.py:131}}
Apr 11 01:49:21.286588 np0000164982 devstack@neutron-api.service[102402]: DEBUG neutron_lib.callbacks.manager [None req-d493dc02-f872-4e97-be9f-caaf0dc51979 admin admin] Publish callbacks [] for port (21571f16-fbfb-4be7-863a-8778d5a95c2e), precommit_update {{(pid=102402) _notify_loop /opt/stack/data/venv/lib/python3.12/site-packages/neutron_lib/callbacks/manager.py:184}}
Apr 11 01:49:21.286748 np0000164982 devstack@neutron-api.service[102402]: DEBUG neutron.plugins.ml2.drivers.ovn.mech_driver.mech_driver [None req-d493dc02-f872-4e97-be9f-caaf0dc51979 admin admin] No provisioning block for port 21571f16-fbfb-4be7-863a-8778d5a95c2e since it does not have a host {{(pid=102402) _is_port_provisioning_required /opt/stack/neutron/neutron/plugins/ml2/drivers/ovn/mech_driver/mech_driver.py:884}}
Apr 11 01:49:21.299459 np0000164982 devstack@neutron-api.service[102402]: DEBUG neutron_lib.callbacks.manager [None req-d493dc02-f872-4e97-be9f-caaf0dc51979 admin admin] Publish callbacks ['neutron.plugins.ml2.ovo_rpc._ObjectChangeHandler.handle_event-3112007', 'neutron.db.l3_db.L3RpcNotifierMixin._notify_gateway_port_ip_changed-8724829597456', 'neutron.services.ovn_l3.plugin.OVNL3RouterPlugin._port_update-8724828473628'] for port (21571f16-fbfb-4be7-863a-8778d5a95c2e), after_update {{(pid=102402) _notify_loop /opt/stack/data/venv/lib/python3.12/site-packages/neutron_lib/callbacks/manager.py:184}}
Apr 11 01:49:21.325231 np0000164982 devstack@neutron-api.service[102402]: DEBUG neutron.api.rpc.handlers.resources_rpc [None req-d493dc02-f872-4e97-be9f-caaf0dc51979 admin admin] Pushing event updated for resources: {'Port': ['ID=21571f16-fbfb-4be7-863a-8778d5a95c2e,revision_number=2']} {{(pid=102402) push /opt/stack/neutron/neutron/api/rpc/handlers/resources_rpc.py:237}}
