2026-07-09 17:51:33.661 10 INFO neutron.wsgi [None req-93f4b713-112d-4360-b3cf-51f7c01ef31c d0c65db9968c44ea881660ce31adcce2 2bb4e729329c4911868eda1f1f6609e1 - - default default] 10.0.0.207 "GET /v2.0/networks HTTP/1.1" status: 200 len: 2350 time: 0.0730276
2026-07-09 17:51:33.715 10 INFO neutron.wsgi [None req-f3581f89-e25d-49a3-806e-97c44aa10067 d0c65db9968c44ea881660ce31adcce2 2bb4e729329c4911868eda1f1f6609e1 - - default default] 10.0.0.207 "GET /v2.0/security-groups HTTP/1.1" status: 200 len: 17578 time: 0.0479257
2026-07-09 17:51:33.773 10 INFO neutron.wsgi [None req-ccfe0bbe-411d-4ade-a5d6-4a7c782955db d0c65db9968c44ea881660ce31adcce2 2bb4e729329c4911868eda1f1f6609e1 - - default default] 10.0.0.207 "GET /v2.0/ports HTTP/1.1" status: 200 len: 5351 time: 0.0523374
2026-07-09 17:51:33.805 10 INFO neutron.wsgi [None req-d4eb104a-e251-4e9f-a04b-90f3c28febd3 d0c65db9968c44ea881660ce31adcce2 2bb4e729329c4911868eda1f1f6609e1 - - default default] 10.0.0.207 "GET /v2.0/routers HTTP/1.1" status: 200 len: 189 time: 0.0275555
2026-07-09 17:51:33.819 10 INFO neutron.wsgi [None req-7bff0acf-1ab4-40e7-82c9-1cc145d44f9e d0c65db9968c44ea881660ce31adcce2 2bb4e729329c4911868eda1f1f6609e1 - - default default] 10.0.0.207 "GET /v2.0/agents?binary=ovn-controller HTTP/1.1" status: 200 len: 591 time: 0.0123928
2026-07-09 17:51:39.193 10 INFO neutron.wsgi [-] 10.0.0.218 "GET / HTTP/1.1" status: 200 len: 246 time: 0.0024278
2026-07-09 17:51:39.195 10 INFO neutron.wsgi [-] 10.0.0.218 "GET / HTTP/1.1" status: 200 len: 246 time: 0.0014019
2026-07-09 17:51:54.193 10 INFO neutron.wsgi [-] 10.0.0.218 "GET / HTTP/1.1" status: 200 len: 246 time: 0.0022554
2026-07-09 17:51:54.194 9 INFO neutron.wsgi [-] 10.0.0.218 "GET / HTTP/1.1" status: 200 len: 246 time: 0.0031147
2026-07-09 17:52:09.193 9 INFO neutron.wsgi [-] 10.0.0.218 "GET / HTTP/1.1" status: 200 len: 246 time: 0.0022371
2026-07-09 17:52:09.194 10 INFO neutron.wsgi [-] 10.0.0.218 "GET / HTTP/1.1" status: 200 len: 246 time: 0.0030451
2026-07-09 17:52:24.192 10 INFO neutron.wsgi [-] 10.0.0.218 "GET / HTTP/1.1" status: 200 len: 246 time: 0.0028470
2026-07-09 17:52:24.195 9 INFO neutron.wsgi [-] 10.0.0.218 "GET / HTTP/1.1" status: 200 len: 246 time: 0.0042088
2026-07-09 17:52:31.861 9 INFO neutron.wsgi [None req-15c62cc1-c549-4b36-84d8-65ec9286c3e3 d0c65db9968c44ea881660ce31adcce2 2bb4e729329c4911868eda1f1f6609e1 - - default default] 199.19.213.249,10.0.0.218 "GET /v2.0/networks?name=public HTTP/1.1" status: 200 len: 928 time: 0.1235301
2026-07-09 17:52:33.458 10 INFO neutron.wsgi [None req-cf1fda7a-2fc0-41eb-991e-45b80bf8fa37 d0c65db9968c44ea881660ce31adcce2 2bb4e729329c4911868eda1f1f6609e1 - - default default] 10.0.0.207 "GET /v2.0/agents HTTP/1.1" status: 200 len: 1390 time: 0.1412847
2026-07-09 17:52:33.526 10 INFO neutron.wsgi [None req-d53a4371-bbaf-4462-8625-2186d8c7dca2 d0c65db9968c44ea881660ce31adcce2 2bb4e729329c4911868eda1f1f6609e1 - - default default] 10.0.0.207 "GET /v2.0/ports HTTP/1.1" status: 200 len: 5351 time: 0.0663018
2026-07-09 17:52:33.575 10 INFO neutron.wsgi [None req-a92d651a-ea46-45db-8b02-cd588ee98909 d0c65db9968c44ea881660ce31adcce2 2bb4e729329c4911868eda1f1f6609e1 - - default default] 10.0.0.207 "GET /v2.0/routers HTTP/1.1" status: 200 len: 189 time: 0.0356307
2026-07-09 17:52:33.588 10 INFO neutron.wsgi [None req-f56dcb79-4737-4468-8d56-ea4ef9b6b7ba d0c65db9968c44ea881660ce31adcce2 2bb4e729329c4911868eda1f1f6609e1 - - default default] 10.0.0.207 "GET /v2.0/agents?binary=ovn-controller HTTP/1.1" status: 200 len: 591 time: 0.0120950
2026-07-09 17:52:33.609 10 INFO neutron.wsgi [None req-8ad798f4-105f-45e9-9626-c55c32509fcf d0c65db9968c44ea881660ce31adcce2 2bb4e729329c4911868eda1f1f6609e1 - - default default] 10.0.0.207 "GET /v2.0/floatingips HTTP/1.1" status: 200 len: 193 time: 0.0200784
2026-07-09 17:52:33.663 10 INFO neutron.wsgi [None req-50404ff7-72a1-40ee-93ba-4e57310f76a5 d0c65db9968c44ea881660ce31adcce2 2bb4e729329c4911868eda1f1f6609e1 - - default default] 10.0.0.207 "GET /v2.0/security-groups HTTP/1.1" status: 200 len: 17578 time: 0.0537350
2026-07-09 17:52:33.723 10 INFO neutron.wsgi [None req-c8894057-2fd7-488c-befb-b8c6a075912f d0c65db9968c44ea881660ce31adcce2 2bb4e729329c4911868eda1f1f6609e1 - - default default] 10.0.0.207 "GET /v2.0/subnets HTTP/1.1" status: 200 len: 1437 time: 0.0559466
2026-07-09 17:52:33.737 10 INFO neutron.wsgi [None req-071659dc-4228-4081-8bbf-1091cbf58d48 d0c65db9968c44ea881660ce31adcce2 2bb4e729329c4911868eda1f1f6609e1 - - default default] 10.0.0.207 "GET /v2.0/network-ip-availabilities HTTP/1.1" status: 200 len: 1280 time: 0.0125337
2026-07-09 17:52:33.806 10 INFO neutron.wsgi [None req-9253f9ff-db32-411e-87d5-d68e7d047c25 d0c65db9968c44ea881660ce31adcce2 2bb4e729329c4911868eda1f1f6609e1 - - default default] 10.0.0.207 "GET /v2.0/subnets HTTP/1.1" status: 200 len: 1437 time: 0.0681400
2026-07-09 17:52:33.821 10 INFO neutron.wsgi [None req-cac869cb-65e0-4241-8571-86ff7a76471f d0c65db9968c44ea881660ce31adcce2 2bb4e729329c4911868eda1f1f6609e1 - - default default] 10.0.0.207 "GET /v2.0/subnetpools HTTP/1.1" status: 200 len: 193 time: 0.0130002
2026-07-09 17:52:33.918 10 INFO neutron.wsgi [None req-ed82bfde-0ebf-4c66-be31-4c32e08edde1 d0c65db9968c44ea881660ce31adcce2 2bb4e729329c4911868eda1f1f6609e1 - - default default] 10.0.0.207 "GET /v2.0/networks HTTP/1.1" status: 200 len: 2350 time: 0.0956182
2026-07-09 17:52:39.192 9 INFO neutron.wsgi [-] 10.0.0.218 "GET / HTTP/1.1" status: 200 len: 246 time: 0.0026658
2026-07-09 17:52:39.192 10 INFO neutron.wsgi [-] 10.0.0.218 "GET / HTTP/1.1" status: 200 len: 246 time: 0.0027211
2026-07-09 17:52:54.194 10 INFO neutron.wsgi [-] 10.0.0.218 "GET / HTTP/1.1" status: 200 len: 246 time: 0.0034645
2026-07-09 17:52:54.193 9 INFO neutron.wsgi [-] 10.0.0.218 "GET / HTTP/1.1" status: 200 len: 246 time: 0.0035355
2026-07-09 17:53:09.193 10 INFO neutron.wsgi [-] 10.0.0.218 "GET / HTTP/1.1" status: 200 len: 246 time: 0.0029778
2026-07-09 17:53:09.193 9 INFO neutron.wsgi [-] 10.0.0.218 "GET / HTTP/1.1" status: 200 len: 246 time: 0.0032377
2026-07-09 17:53:14.397 10 INFO neutron.wsgi [None req-b111de58-5ff2-46df-9ae8-c24fca7be8ad d0c65db9968c44ea881660ce31adcce2 2bb4e729329c4911868eda1f1f6609e1 - - default default] 10.0.0.192 "GET /v2.0/networks HTTP/1.1" status: 200 len: 2369 time: 0.2448149
2026-07-09 17:53:15.717 9 INFO neutron.wsgi [None req-37321c49-6b35-462a-9974-863ab8ab77d7 d0c65db9968c44ea881660ce31adcce2 2bb4e729329c4911868eda1f1f6609e1 - - default default] 10.0.0.192 "GET /v2.0/floatingips HTTP/1.1" status: 200 len: 212 time: 0.0467677
2026-07-09 17:53:15.763 9 INFO neutron.wsgi [None req-1024c7d9-bdae-4660-b8dd-2a71a1cf3378 d0c65db9968c44ea881660ce31adcce2 2bb4e729329c4911868eda1f1f6609e1 - - default default] 10.0.0.192 "GET /v2.0/routers HTTP/1.1" status: 200 len: 208 time: 0.0371552
2026-07-09 17:53:15.833 9 INFO neutron.wsgi [None req-f6fdfec2-ede3-412b-973f-3aa49e98274d d0c65db9968c44ea881660ce31adcce2 2bb4e729329c4911868eda1f1f6609e1 - - default default] 10.0.0.192 "GET /v2.0/ports HTTP/1.1" status: 200 len: 5370 time: 0.0626836
2026-07-09 17:53:15.890 9 INFO neutron.wsgi [None req-af4cec61-0d88-4f1d-ba38-9b47291a5549 d0c65db9968c44ea881660ce31adcce2 2bb4e729329c4911868eda1f1f6609e1 - - default default] 10.0.0.192 "GET /v2.0/subnets HTTP/1.1" status: 200 len: 1456 time: 0.0525477
2026-07-09 17:53:15.992 9 INFO neutron.wsgi [None req-2fbbb8bd-eaec-4829-b89b-6946368264c7 d0c65db9968c44ea881660ce31adcce2 2bb4e729329c4911868eda1f1f6609e1 - - default default] 10.0.0.192 "GET /v2.0/networks HTTP/1.1" status: 200 len: 2369 time: 0.0953443
2026-07-09 17:53:16.056 9 INFO neutron.wsgi [None req-b6818e13-866c-4c14-93c7-b7db13fe8ad7 d0c65db9968c44ea881660ce31adcce2 2bb4e729329c4911868eda1f1f6609e1 - - default default] 10.0.0.192 "GET /v2.0/security-groups HTTP/1.1" status: 200 len: 17597 time: 0.0581942
2026-07-09 17:53:16.080 9 INFO neutron.wsgi [None req-f35426a0-2401-46e3-9b0f-7449ef1fb04a d0c65db9968c44ea881660ce31adcce2 2bb4e729329c4911868eda1f1f6609e1 - - default default] 10.0.0.192 "GET /v2.0/subnetpools HTTP/1.1" status: 200 len: 212 time: 0.0180275
2026-07-09 17:53:24.193 10 INFO neutron.wsgi [-] 10.0.0.218 "GET / HTTP/1.1" status: 200 len: 246 time: 0.0018220
2026-07-09 17:53:24.195 9 INFO neutron.wsgi [-] 10.0.0.218 "GET / HTTP/1.1" status: 200 len: 246 time: 0.0034249
2026-07-09 17:53:28.929 10 INFO neutron.db.ovn_revision_numbers_db [None req-623a55f0-a6f5-4526-87f2-7f9671287b30 d0c65db9968c44ea881660ce31adcce2 2bb4e729329c4911868eda1f1f6609e1 - - default default] Successfully bumped revision number for resource ec6fd0c6-3c8a-4057-b167-95b7b3e5244d (type: security_groups) to 1
2026-07-09 17:53:28.945 10 INFO neutron.db.ovn_revision_numbers_db [None req-623a55f0-a6f5-4526-87f2-7f9671287b30 d0c65db9968c44ea881660ce31adcce2 2bb4e729329c4911868eda1f1f6609e1 - - default default] Successfully bumped revision number for resource 44dc3440-c6bd-42f2-b88c-7798de8ed5b2 (type: security_group_rules) to 0
2026-07-09 17:53:28.968 10 INFO neutron.db.ovn_revision_numbers_db [None req-623a55f0-a6f5-4526-87f2-7f9671287b30 d0c65db9968c44ea881660ce31adcce2 2bb4e729329c4911868eda1f1f6609e1 - - default default] Successfully bumped revision number for resource 7f4580e0-2be3-4d81-b9e8-5391eaa1cb0f (type: security_group_rules) to 0
2026-07-09 17:53:28.995 10 INFO neutron.db.ovn_revision_numbers_db [None req-623a55f0-a6f5-4526-87f2-7f9671287b30 d0c65db9968c44ea881660ce31adcce2 2bb4e729329c4911868eda1f1f6609e1 - - default default] Successfully bumped revision number for resource c67abd80-bfd2-4a88-a546-410947383099 (type: security_group_rules) to 0
2026-07-09 17:53:29.019 10 INFO neutron.db.ovn_revision_numbers_db [None req-623a55f0-a6f5-4526-87f2-7f9671287b30 d0c65db9968c44ea881660ce31adcce2 2bb4e729329c4911868eda1f1f6609e1 - - default default] Successfully bumped revision number for resource f542c443-70bd-4a8d-8f16-e8ac778c0f54 (type: security_group_rules) to 0
2026-07-09 17:53:29.092 9 INFO neutron.db.ovn_revision_numbers_db [None req-4b6818a6-d073-4a37-b0b1-db2aad8332d4 d0c65db9968c44ea881660ce31adcce2 2bb4e729329c4911868eda1f1f6609e1 - - default default] Successfully bumped revision number for resource c42cbf92-5f28-4dfb-8162-81fc62dc2636 (type: security_groups) to 1
2026-07-09 17:53:29.118 10 INFO neutron.db.segments_db [None req-623a55f0-a6f5-4526-87f2-7f9671287b30 d0c65db9968c44ea881660ce31adcce2 2bb4e729329c4911868eda1f1f6609e1 - - default default] Added segment 64bef60b-6ab8-4496-ba53-1321f3d3c9bf of type geneve for network cde01915-34be-48a8-b26d-8619f9192005
2026-07-09 17:53:29.126 9 INFO neutron.db.ovn_revision_numbers_db [None req-4b6818a6-d073-4a37-b0b1-db2aad8332d4 d0c65db9968c44ea881660ce31adcce2 2bb4e729329c4911868eda1f1f6609e1 - - default default] Successfully bumped revision number for resource 15673414-1283-48ee-92ad-644397e00f6e (type: security_group_rules) to 0
2026-07-09 17:53:29.155 9 INFO neutron.db.ovn_revision_numbers_db [None req-4b6818a6-d073-4a37-b0b1-db2aad8332d4 d0c65db9968c44ea881660ce31adcce2 2bb4e729329c4911868eda1f1f6609e1 - - default default] Successfully bumped revision number for resource 22d39d26-da1a-47e9-918a-d92b2749d970 (type: security_group_rules) to 0
2026-07-09 17:53:29.174 9 INFO neutron.db.ovn_revision_numbers_db [None req-4b6818a6-d073-4a37-b0b1-db2aad8332d4 d0c65db9968c44ea881660ce31adcce2 2bb4e729329c4911868eda1f1f6609e1 - - default default] Successfully bumped revision number for resource 3491a931-7966-4615-a144-d09c00e9e58d (type: security_group_rules) to 0
2026-07-09 17:53:29.190 9 INFO neutron.db.ovn_revision_numbers_db [None req-4b6818a6-d073-4a37-b0b1-db2aad8332d4 d0c65db9968c44ea881660ce31adcce2 2bb4e729329c4911868eda1f1f6609e1 - - default default] Successfully bumped revision number for resource 4985e0c3-3981-4ae1-968e-1ad30e547cea (type: security_group_rules) to 0
2026-07-09 17:53:29.255 9 INFO neutron.db.segments_db [None req-4b6818a6-d073-4a37-b0b1-db2aad8332d4 d0c65db9968c44ea881660ce31adcce2 2bb4e729329c4911868eda1f1f6609e1 - - default default] Added segment 57af6dc2-5c4c-46e0-9b73-531bba32224b of type geneve for network 119d9b10-eba0-4794-bd07-322af080c68b
2026-07-09 17:53:29.275 10 INFO neutron.db.ovn_revision_numbers_db [None req-4a30341b-dd85-44d6-aecc-f1a0f8ea5010 d0c65db9968c44ea881660ce31adcce2 2bb4e729329c4911868eda1f1f6609e1 - - default default] Successfully bumped revision number for resource fc63ada3-be2f-4756-8410-c70440a4b2ea (type: security_groups) to 1
2026-07-09 17:53:29.301 10 INFO neutron.db.ovn_revision_numbers_db [None req-4a30341b-dd85-44d6-aecc-f1a0f8ea5010 d0c65db9968c44ea881660ce31adcce2 2bb4e729329c4911868eda1f1f6609e1 - - default default] Successfully bumped revision number for resource 345f43d5-9b4a-44f7-9c7f-2092d6cd882d (type: security_group_rules) to 0
2026-07-09 17:53:29.335 10 INFO neutron.db.ovn_revision_numbers_db [None req-4a30341b-dd85-44d6-aecc-f1a0f8ea5010 d0c65db9968c44ea881660ce31adcce2 2bb4e729329c4911868eda1f1f6609e1 - - default default] Successfully bumped revision number for resource b3edee8c-6324-4f15-bfc3-88a72ab0bee2 (type: security_group_rules) to 0
2026-07-09 17:53:29.369 10 INFO neutron.db.ovn_revision_numbers_db [None req-4a30341b-dd85-44d6-aecc-f1a0f8ea5010 d0c65db9968c44ea881660ce31adcce2 2bb4e729329c4911868eda1f1f6609e1 - - default default] Successfully bumped revision number for resource d147e2af-131e-437b-ba63-03c50c53638f (type: security_group_rules) to 0
2026-07-09 17:53:29.435 10 INFO neutron.db.ovn_revision_numbers_db [None req-4a30341b-dd85-44d6-aecc-f1a0f8ea5010 d0c65db9968c44ea881660ce31adcce2 2bb4e729329c4911868eda1f1f6609e1 - - default default] Successfully bumped revision number for resource e0b9fa3a-1cab-4d48-a453-873c2bd7ecf7 (type: security_group_rules) to 0
2026-07-09 17:53:29.474 10 INFO neutron.db.ovn_revision_numbers_db [None req-623a55f0-a6f5-4526-87f2-7f9671287b30 d0c65db9968c44ea881660ce31adcce2 2bb4e729329c4911868eda1f1f6609e1 - - default default] Successfully bumped revision number for resource cde01915-34be-48a8-b26d-8619f9192005 (type: networks) to 1
2026-07-09 17:53:29.534 10 INFO neutron.db.segments_db [None req-4a30341b-dd85-44d6-aecc-f1a0f8ea5010 d0c65db9968c44ea881660ce31adcce2 2bb4e729329c4911868eda1f1f6609e1 - - default default] Added segment 158b4336-6645-4ccb-bb60-9639afa88301 of type geneve for network 6a6a3e95-3f93-4bfb-b3cc-4236438cfaf4
2026-07-09 17:53:29.600 9 INFO neutron.db.ovn_revision_numbers_db [None req-4b6818a6-d073-4a37-b0b1-db2aad8332d4 d0c65db9968c44ea881660ce31adcce2 2bb4e729329c4911868eda1f1f6609e1 - - default default] Successfully bumped revision number for resource 119d9b10-eba0-4794-bd07-322af080c68b (type: networks) to 1
2026-07-09 17:53:29.751 10 INFO neutron.db.ovn_revision_numbers_db [None req-4a30341b-dd85-44d6-aecc-f1a0f8ea5010 d0c65db9968c44ea881660ce31adcce2 2bb4e729329c4911868eda1f1f6609e1 - - default default] Successfully bumped revision number for resource 6a6a3e95-3f93-4bfb-b3cc-4236438cfaf4 (type: networks) to 1
2026-07-09 17:53:29.769 10 WARNING neutron.scheduler.dhcp_agent_scheduler [None req-623a55f0-a6f5-4526-87f2-7f9671287b30 d0c65db9968c44ea881660ce31adcce2 2bb4e729329c4911868eda1f1f6609e1 - - default default] No more DHCP agents
2026-07-09 17:53:29.777 10 WARNING neutron.api.rpc.agentnotifiers.dhcp_rpc_agent_api [None req-623a55f0-a6f5-4526-87f2-7f9671287b30 d0c65db9968c44ea881660ce31adcce2 2bb4e729329c4911868eda1f1f6609e1 - - default default] Unable to schedule network cde01915-34be-48a8-b26d-8619f9192005: no agents available; will retry on subsequent port and subnet creation events.
2026-07-09 17:53:29.795 9 WARNING neutron.scheduler.dhcp_agent_scheduler [None req-4b6818a6-d073-4a37-b0b1-db2aad8332d4 d0c65db9968c44ea881660ce31adcce2 2bb4e729329c4911868eda1f1f6609e1 - - default default] No more DHCP agents
2026-07-09 17:53:29.799 9 WARNING neutron.api.rpc.agentnotifiers.dhcp_rpc_agent_api [None req-4b6818a6-d073-4a37-b0b1-db2aad8332d4 d0c65db9968c44ea881660ce31adcce2 2bb4e729329c4911868eda1f1f6609e1 - - default default] Unable to schedule network 119d9b10-eba0-4794-bd07-322af080c68b: no agents available; will retry on subsequent port and subnet creation events.
2026-07-09 17:53:29.902 10 INFO neutron.db.ovn_revision_numbers_db [None req-623a55f0-a6f5-4526-87f2-7f9671287b30 d0c65db9968c44ea881660ce31adcce2 2bb4e729329c4911868eda1f1f6609e1 - - default default] Successfully bumped revision number for resource 3aee5b00-bdf8-431c-b5b1-c74dbbc1922f (type: ports) to 1
2026-07-09 17:53:29.912 9 INFO neutron.db.ovn_revision_numbers_db [None req-4b6818a6-d073-4a37-b0b1-db2aad8332d4 d0c65db9968c44ea881660ce31adcce2 2bb4e729329c4911868eda1f1f6609e1 - - default default] Successfully bumped revision number for resource 7390e98c-4c03-4c4e-8213-59f8b0e2c3ff (type: ports) to 1
2026-07-09 17:53:29.937 10 INFO neutron.wsgi [None req-623a55f0-a6f5-4526-87f2-7f9671287b30 d0c65db9968c44ea881660ce31adcce2 2bb4e729329c4911868eda1f1f6609e1 - - default default] 10.0.0.192 "POST /v2.0/networks HTTP/1.1" status: 201 len: 951 time: 1.4652867
2026-07-09 17:53:29.941 9 INFO neutron.wsgi [None req-4b6818a6-d073-4a37-b0b1-db2aad8332d4 d0c65db9968c44ea881660ce31adcce2 2bb4e729329c4911868eda1f1f6609e1 - - default default] 10.0.0.192 "POST /v2.0/networks HTTP/1.1" status: 201 len: 953 time: 1.0959039
2026-07-09 17:53:29.993 10 WARNING neutron.scheduler.dhcp_agent_scheduler [None req-4a30341b-dd85-44d6-aecc-f1a0f8ea5010 d0c65db9968c44ea881660ce31adcce2 2bb4e729329c4911868eda1f1f6609e1 - - default default] No more DHCP agents
2026-07-09 17:53:30.013 10 WARNING neutron.api.rpc.agentnotifiers.dhcp_rpc_agent_api [None req-4a30341b-dd85-44d6-aecc-f1a0f8ea5010 d0c65db9968c44ea881660ce31adcce2 2bb4e729329c4911868eda1f1f6609e1 - - default default] Unable to schedule network 6a6a3e95-3f93-4bfb-b3cc-4236438cfaf4: no agents available; will retry on subsequent port and subnet creation events.
2026-07-09 17:53:30.119 9 WARNING neutron.scheduler.dhcp_agent_scheduler [None req-4954db0a-2dbd-4e81-a399-7b1ba5008ebe d0c65db9968c44ea881660ce31adcce2 2bb4e729329c4911868eda1f1f6609e1 - - default default] No more DHCP agents
2026-07-09 17:53:30.121 9 WARNING neutron.api.rpc.agentnotifiers.dhcp_rpc_agent_api [None req-4954db0a-2dbd-4e81-a399-7b1ba5008ebe d0c65db9968c44ea881660ce31adcce2 2bb4e729329c4911868eda1f1f6609e1 - - default default] Unable to schedule network cde01915-34be-48a8-b26d-8619f9192005: no agents available; will retry on subsequent port and subnet creation events.
2026-07-09 17:53:30.169 10 INFO neutron.db.ovn_revision_numbers_db [None req-4a30341b-dd85-44d6-aecc-f1a0f8ea5010 d0c65db9968c44ea881660ce31adcce2 2bb4e729329c4911868eda1f1f6609e1 - - default default] Successfully bumped revision number for resource d60ed485-19c2-4787-ba14-bc1a345a865a (type: ports) to 1
2026-07-09 17:53:30.213 10 INFO neutron.wsgi [None req-4a30341b-dd85-44d6-aecc-f1a0f8ea5010 d0c65db9968c44ea881660ce31adcce2 2bb4e729329c4911868eda1f1f6609e1 - - default default] 10.0.0.192 "POST /v2.0/networks HTTP/1.1" status: 201 len: 946 time: 1.3247111
2026-07-09 17:53:30.225 10 WARNING neutron.scheduler.dhcp_agent_scheduler [None req-0193fb87-447b-47c1-824a-b77dee184b43 d0c65db9968c44ea881660ce31adcce2 2bb4e729329c4911868eda1f1f6609e1 - - default default] No more DHCP agents
2026-07-09 17:53:30.230 10 WARNING neutron.api.rpc.agentnotifiers.dhcp_rpc_agent_api [None req-0193fb87-447b-47c1-824a-b77dee184b43 d0c65db9968c44ea881660ce31adcce2 2bb4e729329c4911868eda1f1f6609e1 - - default default] Unable to schedule network 119d9b10-eba0-4794-bd07-322af080c68b: no agents available; will retry on subsequent port and subnet creation events.
2026-07-09 17:53:30.249 10 INFO neutron.db.ovn_revision_numbers_db [None req-ab2077a2-9f5a-4200-9a31-d994005a5f39 d0c65db9968c44ea881660ce31adcce2 2bb4e729329c4911868eda1f1f6609e1 - - default default] Successfully bumped revision number for resource 914592fd-f888-474a-8a12-9ce8bfadac12 (type: security_groups) to 1
2026-07-09 17:53:30.270 10 INFO neutron.db.ovn_revision_numbers_db [None req-ab2077a2-9f5a-4200-9a31-d994005a5f39 d0c65db9968c44ea881660ce31adcce2 2bb4e729329c4911868eda1f1f6609e1 - - default default] Successfully bumped revision number for resource 4200bd4e-e2e7-42a0-ab77-7bc0d544ec45 (type: security_group_rules) to 0
2026-07-09 17:53:30.293 10 INFO neutron.db.ovn_revision_numbers_db [None req-ab2077a2-9f5a-4200-9a31-d994005a5f39 d0c65db9968c44ea881660ce31adcce2 2bb4e729329c4911868eda1f1f6609e1 - - default default] Successfully bumped revision number for resource 786fb993-8333-4b6d-886d-a3e087708263 (type: security_group_rules) to 0
2026-07-09 17:53:30.310 10 INFO neutron.db.ovn_revision_numbers_db [None req-ab2077a2-9f5a-4200-9a31-d994005a5f39 d0c65db9968c44ea881660ce31adcce2 2bb4e729329c4911868eda1f1f6609e1 - - default default] Successfully bumped revision number for resource c6481738-2e64-4287-babb-ae8c3c374145 (type: security_group_rules) to 0
2026-07-09 17:53:30.333 10 INFO neutron.db.ovn_revision_numbers_db [None req-ab2077a2-9f5a-4200-9a31-d994005a5f39 d0c65db9968c44ea881660ce31adcce2 2bb4e729329c4911868eda1f1f6609e1 - - default default] Successfully bumped revision number for resource fe853ede-d861-4d3b-9a4b-0955dccdba85 (type: security_group_rules) to 0
2026-07-09 17:53:30.376 10 INFO neutron.wsgi [None req-ab2077a2-9f5a-4200-9a31-d994005a5f39 d0c65db9968c44ea881660ce31adcce2 2bb4e729329c4911868eda1f1f6609e1 - - default default] 10.0.0.192 "GET /v2.0/security-groups?tenant_id=35cad906f3f14a42a5a4a4a75e697e7e&name=default HTTP/1.1" status: 200 len: 3116 time: 0.5076616
2026-07-09 17:53:30.570 9 WARNING neutron.scheduler.dhcp_agent_scheduler [None req-914ec851-7881-451d-9d99-2351bd1a6010 d0c65db9968c44ea881660ce31adcce2 2bb4e729329c4911868eda1f1f6609e1 - - default default] No more DHCP agents
2026-07-09 17:53:30.576 9 WARNING neutron.api.rpc.agentnotifiers.dhcp_rpc_agent_api [None req-914ec851-7881-451d-9d99-2351bd1a6010 d0c65db9968c44ea881660ce31adcce2 2bb4e729329c4911868eda1f1f6609e1 - - default default] Unable to schedule network 6a6a3e95-3f93-4bfb-b3cc-4236438cfaf4: no agents available; will retry on subsequent port and subnet creation events.
2026-07-09 17:53:30.946 9 INFO neutron.wsgi [None req-a73d0021-dd5d-4f42-97e2-eff2d6b598e9 d0c65db9968c44ea881660ce31adcce2 2bb4e729329c4911868eda1f1f6609e1 - - default default] 10.0.0.192 "DELETE /v2.0/security-groups/914592fd-f888-474a-8a12-9ce8bfadac12 HTTP/1.1" status: 204 len: 168 time: 0.5599568
2026-07-09 17:53:31.002 9 INFO neutron.db.ovn_revision_numbers_db [None req-4954db0a-2dbd-4e81-a399-7b1ba5008ebe d0c65db9968c44ea881660ce31adcce2 2bb4e729329c4911868eda1f1f6609e1 - - default default] Successfully bumped revision number for resource 3aee5b00-bdf8-431c-b5b1-c74dbbc1922f (type: ports) to 2
2026-07-09 17:53:31.029 10 INFO neutron.db.ovn_revision_numbers_db [None req-0193fb87-447b-47c1-824a-b77dee184b43 d0c65db9968c44ea881660ce31adcce2 2bb4e729329c4911868eda1f1f6609e1 - - default default] Successfully bumped revision number for resource 7390e98c-4c03-4c4e-8213-59f8b0e2c3ff (type: ports) to 2
2026-07-09 17:53:31.056 9 INFO neutron.db.ovn_revision_numbers_db [None req-4954db0a-2dbd-4e81-a399-7b1ba5008ebe d0c65db9968c44ea881660ce31adcce2 2bb4e729329c4911868eda1f1f6609e1 - - default default] Successfully bumped revision number for resource c22ea15d-7fc1-428c-916d-9ed727b44819 (type: subnets) to 0
2026-07-09 17:53:31.079 10 INFO neutron.db.ovn_revision_numbers_db [None req-0193fb87-447b-47c1-824a-b77dee184b43 d0c65db9968c44ea881660ce31adcce2 2bb4e729329c4911868eda1f1f6609e1 - - default default] Successfully bumped revision number for resource ecdb0f2b-5fb6-43c8-98d8-5283e8202702 (type: subnets) to 0
2026-07-09 17:53:31.080 9 INFO neutron.wsgi [None req-4954db0a-2dbd-4e81-a399-7b1ba5008ebe d0c65db9968c44ea881660ce31adcce2 2bb4e729329c4911868eda1f1f6609e1 - - default default] 10.0.0.192 "POST /v2.0/subnets HTTP/1.1" status: 201 len: 871 time: 1.1367865
2026-07-09 17:53:31.100 10 INFO neutron.wsgi [None req-0193fb87-447b-47c1-824a-b77dee184b43 d0c65db9968c44ea881660ce31adcce2 2bb4e729329c4911868eda1f1f6609e1 - - default default] 10.0.0.192 "POST /v2.0/subnets HTTP/1.1" status: 201 len: 873 time: 1.1537783
2026-07-09 17:53:31.734 9 INFO neutron.db.ovn_revision_numbers_db [None req-914ec851-7881-451d-9d99-2351bd1a6010 d0c65db9968c44ea881660ce31adcce2 2bb4e729329c4911868eda1f1f6609e1 - - default default] Successfully bumped revision number for resource d60ed485-19c2-4787-ba14-bc1a345a865a (type: ports) to 2
2026-07-09 17:53:31.825 9 INFO neutron.db.ovn_revision_numbers_db [None req-914ec851-7881-451d-9d99-2351bd1a6010 d0c65db9968c44ea881660ce31adcce2 2bb4e729329c4911868eda1f1f6609e1 - - default default] Successfully bumped revision number for resource 4607df98-ef40-4f63-aedf-26ae5a2ab331 (type: subnets) to 0
2026-07-09 17:53:31.867 9 INFO neutron.wsgi [None req-914ec851-7881-451d-9d99-2351bd1a6010 d0c65db9968c44ea881660ce31adcce2 2bb4e729329c4911868eda1f1f6609e1 - - default default] 10.0.0.192 "POST /v2.0/subnets HTTP/1.1" status: 201 len: 867 time: 1.6448209
2026-07-09 17:53:32.372 9 WARNING neutron.scheduler.dhcp_agent_scheduler [None req-39638dc0-20ad-4cc8-8c08-e053b6f5ec54 d0c65db9968c44ea881660ce31adcce2 2bb4e729329c4911868eda1f1f6609e1 - - default default] No more DHCP agents
2026-07-09 17:53:32.380 9 WARNING neutron.api.rpc.agentnotifiers.dhcp_rpc_agent_api [None req-39638dc0-20ad-4cc8-8c08-e053b6f5ec54 d0c65db9968c44ea881660ce31adcce2 2bb4e729329c4911868eda1f1f6609e1 - - default default] Unable to schedule network 8dada6d5-ea31-4336-b244-4e6f55665df5: no agents available; will retry on subsequent port and subnet creation events.
2026-07-09 17:53:32.434 9 WARNING neutron.scheduler.dhcp_agent_scheduler [None req-1026c3b8-5800-4d59-af62-f4751cd2576f d0c65db9968c44ea881660ce31adcce2 2bb4e729329c4911868eda1f1f6609e1 - - default default] No more DHCP agents
2026-07-09 17:53:32.446 9 WARNING neutron.api.rpc.agentnotifiers.dhcp_rpc_agent_api [None req-1026c3b8-5800-4d59-af62-f4751cd2576f d0c65db9968c44ea881660ce31adcce2 2bb4e729329c4911868eda1f1f6609e1 - - default default] Unable to schedule network 8dada6d5-ea31-4336-b244-4e6f55665df5: no agents available; will retry on subsequent port and subnet creation events.
2026-07-09 17:53:32.577 10 WARNING neutron.scheduler.dhcp_agent_scheduler [None req-a01125ed-73f0-4338-99c0-20ea6afc0d77 d0c65db9968c44ea881660ce31adcce2 2bb4e729329c4911868eda1f1f6609e1 - - default default] No more DHCP agents
2026-07-09 17:53:32.581 10 WARNING neutron.api.rpc.agentnotifiers.dhcp_rpc_agent_api [None req-a01125ed-73f0-4338-99c0-20ea6afc0d77 d0c65db9968c44ea881660ce31adcce2 2bb4e729329c4911868eda1f1f6609e1 - - default default] Unable to schedule network 8dada6d5-ea31-4336-b244-4e6f55665df5: no agents available; will retry on subsequent port and subnet creation events.
2026-07-09 17:53:32.637 9 INFO neutron.db.ovn_revision_numbers_db [None req-39638dc0-20ad-4cc8-8c08-e053b6f5ec54 d0c65db9968c44ea881660ce31adcce2 2bb4e729329c4911868eda1f1f6609e1 - - default default] Successfully bumped revision number for resource 99ed760a-2ade-45dd-8ba0-94ea903b50ab (type: ports) to 1
2026-07-09 17:53:32.686 9 INFO neutron.db.ovn_revision_numbers_db [None req-1026c3b8-5800-4d59-af62-f4751cd2576f d0c65db9968c44ea881660ce31adcce2 2bb4e729329c4911868eda1f1f6609e1 - - default default] Successfully bumped revision number for resource 466cb1f5-f23e-4fd4-84b2-4294c0eb96f1 (type: ports) to 1
2026-07-09 17:53:32.758 10 INFO neutron.db.ovn_revision_numbers_db [None req-a01125ed-73f0-4338-99c0-20ea6afc0d77 d0c65db9968c44ea881660ce31adcce2 2bb4e729329c4911868eda1f1f6609e1 - - default default] Successfully bumped revision number for resource b4430e1b-d05a-4b7b-921d-b6efa98f39ae (type: ports) to 1
2026-07-09 17:53:33.308 10 INFO neutron.plugins.ml2.drivers.ovn.mech_driver.ovsdb.extensions.qos [None req-a01125ed-73f0-4338-99c0-20ea6afc0d77 d0c65db9968c44ea881660ce31adcce2 2bb4e729329c4911868eda1f1f6609e1 - - default default] Starting OVNClientQosExtension
2026-07-09 17:53:33.374 9 INFO neutron.plugins.ml2.drivers.ovn.mech_driver.ovsdb.extensions.qos [None req-39638dc0-20ad-4cc8-8c08-e053b6f5ec54 d0c65db9968c44ea881660ce31adcce2 2bb4e729329c4911868eda1f1f6609e1 - - default default] Starting OVNClientQosExtension
2026-07-09 17:53:33.492 10 INFO neutron.wsgi [None req-6c44a261-5cad-4bc6-a208-2ff47058a7a4 d0c65db9968c44ea881660ce31adcce2 2bb4e729329c4911868eda1f1f6609e1 - - default default] 10.0.0.207 "GET /v2.0/network-ip-availabilities HTTP/1.1" status: 200 len: 2740 time: 0.1096406
2026-07-09 17:53:33.531 10 INFO neutron.wsgi [None req-7adf253f-8edb-4feb-bef7-6b932ae306ac d0c65db9968c44ea881660ce31adcce2 2bb4e729329c4911868eda1f1f6609e1 - - default default] 10.0.0.207 "GET /v2.0/floatingips HTTP/1.1" status: 200 len: 193 time: 0.0354671
2026-07-09 17:53:33.548 9 INFO neutron.db.ovn_revision_numbers_db [None req-c158f727-fc78-4591-9b52-8ba84031cb24 d0c65db9968c44ea881660ce31adcce2 2bb4e729329c4911868eda1f1f6609e1 - - default default] Successfully bumped revision number for resource 7680aded-9035-476f-ab30-42c2ebd1e887 (type: security_groups) to 1
2026-07-09 17:53:33.599 10 INFO neutron.wsgi [None req-c0d51bde-a13f-4737-8cfb-8ab786ad53bd d0c65db9968c44ea881660ce31adcce2 2bb4e729329c4911868eda1f1f6609e1 - - default default] 10.0.0.207 "GET /v2.0/subnets HTTP/1.1" status: 200 len: 3421 time: 0.0654800
2026-07-09 17:53:33.606 9 INFO neutron.db.ovn_revision_numbers_db [None req-c158f727-fc78-4591-9b52-8ba84031cb24 d0c65db9968c44ea881660ce31adcce2 2bb4e729329c4911868eda1f1f6609e1 - - default default] Successfully bumped revision number for resource 0b69dfe9-cc47-4e26-a980-7e2c4f1feae7 (type: security_group_rules) to 0
2026-07-09 17:53:33.623 10 INFO neutron.wsgi [None req-b7f8be13-7b7c-4436-a1df-46bcbbc6fe9b d0c65db9968c44ea881660ce31adcce2 2bb4e729329c4911868eda1f1f6609e1 - - default default] 10.0.0.207 "GET /v2.0/subnetpools HTTP/1.1" status: 200 len: 193 time: 0.0183027
2026-07-09 17:53:33.641 10 INFO neutron.wsgi [None req-959b3c3a-5dae-4edf-a0fd-dc1fd1e0e71c d0c65db9968c44ea881660ce31adcce2 2bb4e729329c4911868eda1f1f6609e1 - - default default] 10.0.0.207 "GET /v2.0/agents HTTP/1.1" status: 200 len: 1390 time: 0.0169046
2026-07-09 17:53:33.655 9 INFO neutron.db.ovn_revision_numbers_db [None req-c158f727-fc78-4591-9b52-8ba84031cb24 d0c65db9968c44ea881660ce31adcce2 2bb4e729329c4911868eda1f1f6609e1 - - default default] Successfully bumped revision number for resource 6faf3f5c-c7aa-413b-ad52-d8398c5a156c (type: security_group_rules) to 0
2026-07-09 17:53:33.705 9 INFO neutron.db.ovn_revision_numbers_db [None req-c158f727-fc78-4591-9b52-8ba84031cb24 d0c65db9968c44ea881660ce31adcce2 2bb4e729329c4911868eda1f1f6609e1 - - default default] Successfully bumped revision number for resource c7ac898d-ffb7-4398-b3e2-744cad23f3c8 (type: security_group_rules) to 0
2026-07-09 17:53:33.728 10 INFO neutron.wsgi [None req-1073f557-5d86-47a7-ae27-fecf0ad8c703 d0c65db9968c44ea881660ce31adcce2 2bb4e729329c4911868eda1f1f6609e1 - - default default] 10.0.0.207 "GET /v2.0/networks HTTP/1.1" status: 200 len: 4645 time: 0.0850911
2026-07-09 17:53:33.738 9 INFO neutron.db.ovn_revision_numbers_db [None req-c158f727-fc78-4591-9b52-8ba84031cb24 d0c65db9968c44ea881660ce31adcce2 2bb4e729329c4911868eda1f1f6609e1 - - default default] Successfully bumped revision number for resource d046e3b0-d8ad-45c9-a1ae-559b5a2e1ac1 (type: security_group_rules) to 0
2026-07-09 17:53:33.811 9 INFO neutron.db.segments_db [None req-c158f727-fc78-4591-9b52-8ba84031cb24 d0c65db9968c44ea881660ce31adcce2 2bb4e729329c4911868eda1f1f6609e1 - - default default] Added segment 8e3ead11-daa8-4ced-8bdc-f7a98e593f8d of type geneve for network 64278756-b2f1-4629-ae7b-df14dd2f72bf
2026-07-09 17:53:33.819 10 INFO neutron.wsgi [None req-79390730-a5fe-41c3-a2b2-a2bfc98f6282 d0c65db9968c44ea881660ce31adcce2 2bb4e729329c4911868eda1f1f6609e1 - - default default] 10.0.0.207 "GET /v2.0/ports HTTP/1.1" status: 200 len: 11502 time: 0.0773382
2026-07-09 17:53:34.184 10 INFO neutron.plugins.ml2.drivers.ovn.mech_driver.ovsdb.commands [None req-8af5048d-ffbc-467d-8d19-5ad291c23a74 - - - - - -] Schedule LRP lrp-b4430e1b-d05a-4b7b-921d-b6efa98f39ae on gateway 7e08f0d4-3c06-418a-87c1-1f5de46ac4e8 with priority 1
2026-07-09 17:53:34.190 10 INFO neutron.wsgi [None req-dd8ddf58-c0ad-4dcf-97a4-630c9c65833f d0c65db9968c44ea881660ce31adcce2 2bb4e729329c4911868eda1f1f6609e1 - - default default] 10.0.0.207 "GET /v2.0/routers HTTP/1.1" status: 200 len: 3079 time: 0.3590946
2026-07-09 17:53:34.215 10 INFO neutron.wsgi [None req-d137e1f2-fb18-42d9-b543-60666788001f d0c65db9968c44ea881660ce31adcce2 2bb4e729329c4911868eda1f1f6609e1 - - default default] 10.0.0.207 "GET /v2.0/agents?binary=ovn-controller HTTP/1.1" status: 200 len: 591 time: 0.0219402
2026-07-09 17:53:34.263 10 INFO neutron.db.ovn_revision_numbers_db [None req-a01125ed-73f0-4338-99c0-20ea6afc0d77 d0c65db9968c44ea881660ce31adcce2 2bb4e729329c4911868eda1f1f6609e1 - - default default] Successfully bumped revision number for resource b4430e1b-d05a-4b7b-921d-b6efa98f39ae (type: router_ports) to 1
2026-07-09 17:53:34.271 9 INFO neutron.plugins.ml2.drivers.ovn.mech_driver.ovsdb.ovsdb_monitor [-] Router 4c4cc787-06dc-4329-bf36-bd6cf6b15b98 is bound to host instance
2026-07-09 17:53:34.279 9 INFO neutron.plugins.ml2.drivers.ovn.mech_driver.mech_driver [None req-ded871be-44cd-4c87-a954-1ccc9f7460bd - - - - - -] OVN reports status up for port: b4430e1b-d05a-4b7b-921d-b6efa98f39ae
2026-07-09 17:53:34.300 10 INFO neutron.wsgi [None req-21de67fa-0a53-4801-92ac-4bc7b3d68f86 d0c65db9968c44ea881660ce31adcce2 2bb4e729329c4911868eda1f1f6609e1 - - default default] 10.0.0.207 "GET /v2.0/security-groups HTTP/1.1" status: 200 len: 29178 time: 0.0830376
2026-07-09 17:53:34.309 9 INFO neutron.db.ovn_revision_numbers_db [None req-c158f727-fc78-4591-9b52-8ba84031cb24 d0c65db9968c44ea881660ce31adcce2 2bb4e729329c4911868eda1f1f6609e1 - - default default] Successfully bumped revision number for resource 64278756-b2f1-4629-ae7b-df14dd2f72bf (type: networks) to 1
2026-07-09 17:53:34.338 9 INFO neutron.plugins.ml2.plugin [None req-ded871be-44cd-4c87-a954-1ccc9f7460bd - - - - - -] Attempt 1 to provision port b4430e1b-d05a-4b7b-921d-b6efa98f39ae
2026-07-09 17:53:34.359 9 INFO neutron.plugins.ml2.drivers.ovn.mech_driver.ovsdb.commands [None req-6d82c605-ff71-4cec-8f61-44c12dd60fa8 - - - - - -] Schedule LRP lrp-99ed760a-2ade-45dd-8ba0-94ea903b50ab on gateway 7e08f0d4-3c06-418a-87c1-1f5de46ac4e8 with priority 1
2026-07-09 17:53:34.367 10 INFO neutron.wsgi [None req-0c193406-bdbf-4963-88cf-6426113781f9 d0c65db9968c44ea881660ce31adcce2 2bb4e729329c4911868eda1f1f6609e1 - - default default] 10.0.0.207 "GET /v2.0/subnets HTTP/1.1" status: 200 len: 3421 time: 0.0609825
2026-07-09 17:53:34.405 10 INFO neutron.plugins.ml2.drivers.ovn.mech_driver.ovsdb.ovsdb_monitor [-] Router 6d05a1e4-6763-4f09-9e97-5d8b442553fa is bound to host instance
2026-07-09 17:53:34.430 10 INFO neutron.db.ovn_revision_numbers_db [None req-a01125ed-73f0-4338-99c0-20ea6afc0d77 d0c65db9968c44ea881660ce31adcce2 2bb4e729329c4911868eda1f1f6609e1 - - default default] Successfully bumped revision number for resource 4c4cc787-06dc-4329-bf36-bd6cf6b15b98 (type: routers) to 2
2026-07-09 17:53:34.470 9 INFO neutron.plugins.ml2.drivers.ovn.mech_driver.ovsdb.commands [None req-6d82c605-ff71-4cec-8f61-44c12dd60fa8 - - - - - -] Schedule LRP lrp-466cb1f5-f23e-4fd4-84b2-4294c0eb96f1 on gateway 7e08f0d4-3c06-418a-87c1-1f5de46ac4e8 with priority 1
2026-07-09 17:53:34.474 10 INFO neutron.wsgi [None req-a01125ed-73f0-4338-99c0-20ea6afc0d77 d0c65db9968c44ea881660ce31adcce2 2bb4e729329c4911868eda1f1f6609e1 - - default default] 10.0.0.192 "POST /v2.0/routers HTTP/1.1" status: 201 len: 1169 time: 2.5938697
2026-07-09 17:53:34.499 10 INFO neutron.plugins.ml2.drivers.ovn.mech_driver.mech_driver [None req-3a6840fe-c253-4c19-a799-668bedd5c8b2 - - - - - -] OVN reports status up for port: 466cb1f5-f23e-4fd4-84b2-4294c0eb96f1
2026-07-09 17:53:34.538 10 INFO neutron.plugins.ml2.plugin [None req-3a6840fe-c253-4c19-a799-668bedd5c8b2 - - - - - -] Attempt 1 to provision port 466cb1f5-f23e-4fd4-84b2-4294c0eb96f1
2026-07-09 17:53:34.538 9 INFO neutron.db.ovn_revision_numbers_db [None req-39638dc0-20ad-4cc8-8c08-e053b6f5ec54 d0c65db9968c44ea881660ce31adcce2 2bb4e729329c4911868eda1f1f6609e1 - - default default] Successfully bumped revision number for resource 99ed760a-2ade-45dd-8ba0-94ea903b50ab (type: router_ports) to 1
2026-07-09 17:53:34.630 9 INFO neutron.db.ovn_revision_numbers_db [None req-1026c3b8-5800-4d59-af62-f4751cd2576f d0c65db9968c44ea881660ce31adcce2 2bb4e729329c4911868eda1f1f6609e1 - - default default] Successfully bumped revision number for resource 466cb1f5-f23e-4fd4-84b2-4294c0eb96f1 (type: router_ports) to 1
2026-07-09 17:53:34.787 9 INFO neutron.db.ovn_revision_numbers_db [None req-39638dc0-20ad-4cc8-8c08-e053b6f5ec54 d0c65db9968c44ea881660ce31adcce2 2bb4e729329c4911868eda1f1f6609e1 - - default default] Successfully bumped revision number for resource 6d05a1e4-6763-4f09-9e97-5d8b442553fa (type: routers) to 2
2026-07-09 17:53:34.837 9 INFO neutron.wsgi [None req-39638dc0-20ad-4cc8-8c08-e053b6f5ec54 d0c65db9968c44ea881660ce31adcce2 2bb4e729329c4911868eda1f1f6609e1 - - default default] 10.0.0.192 "POST /v2.0/routers HTTP/1.1" status: 201 len: 1173 time: 3.7487648
2026-07-09 17:53:34.841 9 INFO neutron.db.ovn_revision_numbers_db [None req-1026c3b8-5800-4d59-af62-f4751cd2576f d0c65db9968c44ea881660ce31adcce2 2bb4e729329c4911868eda1f1f6609e1 - - default default] Successfully bumped revision number for resource 3f2ddffe-d0ae-42c1-ad73-ed1aa2002ed6 (type: routers) to 2
2026-07-09 17:53:34.850 9 WARNING neutron.scheduler.dhcp_agent_scheduler [None req-c158f727-fc78-4591-9b52-8ba84031cb24 d0c65db9968c44ea881660ce31adcce2 2bb4e729329c4911868eda1f1f6609e1 - - default default] No more DHCP agents
2026-07-09 17:53:34.857 9 WARNING neutron.api.rpc.agentnotifiers.dhcp_rpc_agent_api [None req-c158f727-fc78-4591-9b52-8ba84031cb24 d0c65db9968c44ea881660ce31adcce2 2bb4e729329c4911868eda1f1f6609e1 - - default default] Unable to schedule network 64278756-b2f1-4629-ae7b-df14dd2f72bf: no agents available; will retry on subsequent port and subnet creation events.
2026-07-09 17:53:34.877 9 INFO neutron.wsgi [None req-1026c3b8-5800-4d59-af62-f4751cd2576f d0c65db9968c44ea881660ce31adcce2 2bb4e729329c4911868eda1f1f6609e1 - - default default] 10.0.0.192 "POST /v2.0/routers HTTP/1.1" status: 201 len: 1175 time: 3.7659688
2026-07-09 17:53:35.009 9 INFO neutron.db.ovn_revision_numbers_db [None req-c158f727-fc78-4591-9b52-8ba84031cb24 d0c65db9968c44ea881660ce31adcce2 2bb4e729329c4911868eda1f1f6609e1 - - default default] Successfully bumped revision number for resource 7e22ccef-1c80-4b3e-9b71-3376a3f9c388 (type: ports) to 1
2026-07-09 17:53:35.062 9 INFO neutron.wsgi [None req-c158f727-fc78-4591-9b52-8ba84031cb24 d0c65db9968c44ea881660ce31adcce2 2bb4e729329c4911868eda1f1f6609e1 - - default default] 10.0.0.192 "POST /v2.0/networks HTTP/1.1" status: 201 len: 950 time: 2.1711721
2026-07-09 17:53:35.540 9 WARNING neutron.scheduler.dhcp_agent_scheduler [None req-dd0a5b40-4f65-42bf-ae3c-c66a833593da d0c65db9968c44ea881660ce31adcce2 2bb4e729329c4911868eda1f1f6609e1 - - default default] No more DHCP agents
2026-07-09 17:53:35.543 9 WARNING neutron.api.rpc.agentnotifiers.dhcp_rpc_agent_api [None req-dd0a5b40-4f65-42bf-ae3c-c66a833593da d0c65db9968c44ea881660ce31adcce2 2bb4e729329c4911868eda1f1f6609e1 - - default default] Unable to schedule network 64278756-b2f1-4629-ae7b-df14dd2f72bf: no agents available; will retry on subsequent port and subnet creation events.
2026-07-09 17:53:35.875 9 INFO neutron.db.ovn_revision_numbers_db [None req-77de865c-f7f1-4986-a582-09aed644daa6 - - - - - -] Successfully bumped revision number for resource b4430e1b-d05a-4b7b-921d-b6efa98f39ae (type: ports) to 1
2026-07-09 17:53:35.937 10 WARNING neutron.scheduler.dhcp_agent_scheduler [None req-a827af86-1913-41d0-9a3f-e8412b2ee0c0 d0c65db9968c44ea881660ce31adcce2 2bb4e729329c4911868eda1f1f6609e1 - - default default] No more DHCP agents
2026-07-09 17:53:35.947 10 WARNING neutron.api.rpc.agentnotifiers.dhcp_rpc_agent_api [None req-a827af86-1913-41d0-9a3f-e8412b2ee0c0 d0c65db9968c44ea881660ce31adcce2 2bb4e729329c4911868eda1f1f6609e1 - - default default] Unable to schedule network 6a6a3e95-3f93-4bfb-b3cc-4236438cfaf4: no agents available; will retry on subsequent port and subnet creation events.
2026-07-09 17:53:36.440 9 INFO neutron.db.ovn_revision_numbers_db [None req-77de865c-f7f1-4986-a582-09aed644daa6 - - - - - -] Successfully bumped revision number for resource b4430e1b-d05a-4b7b-921d-b6efa98f39ae (type: router_ports) to 3
2026-07-09 17:53:36.444 9 INFO neutron.db.ovn_revision_numbers_db [None req-dd0a5b40-4f65-42bf-ae3c-c66a833593da d0c65db9968c44ea881660ce31adcce2 2bb4e729329c4911868eda1f1f6609e1 - - default default] Successfully bumped revision number for resource 7e22ccef-1c80-4b3e-9b71-3376a3f9c388 (type: ports) to 2
2026-07-09 17:53:36.516 9 INFO neutron.db.ovn_revision_numbers_db [None req-dd0a5b40-4f65-42bf-ae3c-c66a833593da d0c65db9968c44ea881660ce31adcce2 2bb4e729329c4911868eda1f1f6609e1 - - default default] Successfully bumped revision number for resource dcd0c7d1-62c6-4b82-9d52-14f3b2734ded (type: subnets) to 0
2026-07-09 17:53:36.537 9 INFO neutron.wsgi [None req-dd0a5b40-4f65-42bf-ae3c-c66a833593da d0c65db9968c44ea881660ce31adcce2 2bb4e729329c4911868eda1f1f6609e1 - - default default] 10.0.0.192 "POST /v2.0/subnets HTTP/1.1" status: 201 len: 870 time: 1.4673567
2026-07-09 17:53:36.544 10 INFO neutron.db.ovn_revision_numbers_db [None req-4cb63403-b638-4736-8cfd-23c28dc7f8be - - - - - -] Successfully bumped revision number for resource 99ed760a-2ade-45dd-8ba0-94ea903b50ab (type: ports) to 1
2026-07-09 17:53:36.592 10 WARNING neutron.scheduler.dhcp_agent_scheduler [None req-d49653ee-468f-4b4d-abea-752ac37412e5 d0c65db9968c44ea881660ce31adcce2 2bb4e729329c4911868eda1f1f6609e1 - - default default] No more DHCP agents
2026-07-09 17:53:36.600 10 WARNING neutron.api.rpc.agentnotifiers.dhcp_rpc_agent_api [None req-d49653ee-468f-4b4d-abea-752ac37412e5 d0c65db9968c44ea881660ce31adcce2 2bb4e729329c4911868eda1f1f6609e1 - - default default] Unable to schedule network cde01915-34be-48a8-b26d-8619f9192005: no agents available; will retry on subsequent port and subnet creation events.
2026-07-09 17:53:36.625 10 INFO neutron.db.ovn_revision_numbers_db [None req-a827af86-1913-41d0-9a3f-e8412b2ee0c0 d0c65db9968c44ea881660ce31adcce2 2bb4e729329c4911868eda1f1f6609e1 - - default default] Successfully bumped revision number for resource 223d7942-e839-458a-a7a0-f934927f16ec (type: ports) to 1
2026-07-09 17:53:36.800 10 WARNING neutron.scheduler.dhcp_agent_scheduler [None req-8e3c9ab6-7fba-4179-bb36-4dfc7c5d8c9c d0c65db9968c44ea881660ce31adcce2 2bb4e729329c4911868eda1f1f6609e1 - - default default] No more DHCP agents
2026-07-09 17:53:36.819 10 WARNING neutron.api.rpc.agentnotifiers.dhcp_rpc_agent_api [None req-8e3c9ab6-7fba-4179-bb36-4dfc7c5d8c9c d0c65db9968c44ea881660ce31adcce2 2bb4e729329c4911868eda1f1f6609e1 - - default default] Unable to schedule network 119d9b10-eba0-4794-bd07-322af080c68b: no agents available; will retry on subsequent port and subnet creation events.
2026-07-09 17:53:37.006 9 INFO neutron.db.ovn_revision_numbers_db [None req-77de865c-f7f1-4986-a582-09aed644daa6 - - - - - -] Successfully bumped revision number for resource b4430e1b-d05a-4b7b-921d-b6efa98f39ae (type: ports) to 2
2026-07-09 17:53:37.008 10 INFO neutron.db.ovn_revision_numbers_db [None req-d49653ee-468f-4b4d-abea-752ac37412e5 d0c65db9968c44ea881660ce31adcce2 2bb4e729329c4911868eda1f1f6609e1 - - default default] Successfully bumped revision number for resource 5280e9d0-6699-4c50-a997-49f9ea0cbd64 (type: ports) to 1
2026-07-09 17:53:37.384 10 INFO neutron.db.ovn_revision_numbers_db [None req-8e3c9ab6-7fba-4179-bb36-4dfc7c5d8c9c d0c65db9968c44ea881660ce31adcce2 2bb4e729329c4911868eda1f1f6609e1 - - default default] Successfully bumped revision number for resource ba15611f-186a-44e3-8273-9579ea69e7bb (type: ports) to 1
2026-07-09 17:53:37.460 9 WARNING neutron.scheduler.dhcp_agent_scheduler [None req-cec862cb-e21f-4e92-87c9-ee6bb3668fdd d0c65db9968c44ea881660ce31adcce2 2bb4e729329c4911868eda1f1f6609e1 - - default default] No more DHCP agents
2026-07-09 17:53:37.468 9 WARNING neutron.api.rpc.agentnotifiers.dhcp_rpc_agent_api [None req-cec862cb-e21f-4e92-87c9-ee6bb3668fdd d0c65db9968c44ea881660ce31adcce2 2bb4e729329c4911868eda1f1f6609e1 - - default default] Unable to schedule network 8dada6d5-ea31-4336-b244-4e6f55665df5: no agents available; will retry on subsequent port and subnet creation events.
2026-07-09 17:53:37.625 9 INFO neutron.plugins.ml2.drivers.ovn.mech_driver.mech_driver [None req-ded871be-44cd-4c87-a954-1ccc9f7460bd - - - - - -] OVN reports status up for port: 99ed760a-2ade-45dd-8ba0-94ea903b50ab
2026-07-09 17:53:37.658 9 INFO neutron.plugins.ml2.plugin [None req-ded871be-44cd-4c87-a954-1ccc9f7460bd - - - - - -] Attempt 1 to provision port 99ed760a-2ade-45dd-8ba0-94ea903b50ab
2026-07-09 17:53:37.716 9 INFO neutron.db.ovn_revision_numbers_db [None req-77de865c-f7f1-4986-a582-09aed644daa6 - - - - - -] Successfully bumped revision number for resource b4430e1b-d05a-4b7b-921d-b6efa98f39ae (type: ports) to 4
2026-07-09 17:53:37.729 9 INFO neutron.db.ovn_revision_numbers_db [None req-cec862cb-e21f-4e92-87c9-ee6bb3668fdd d0c65db9968c44ea881660ce31adcce2 2bb4e729329c4911868eda1f1f6609e1 - - default default] Successfully bumped revision number for resource 9c27b14b-380a-4b3f-91b4-d07f7fb6b48a (type: ports) to 1
2026-07-09 17:53:37.732 10 INFO neutron.db.ovn_revision_numbers_db [None req-4cb63403-b638-4736-8cfd-23c28dc7f8be - - - - - -] Successfully bumped revision number for resource 99ed760a-2ade-45dd-8ba0-94ea903b50ab (type: router_ports) to 3
2026-07-09 17:53:38.392 9 INFO neutron.db.ovn_revision_numbers_db [None req-77de865c-f7f1-4986-a582-09aed644daa6 - - - - - -] Successfully bumped revision number for resource b4430e1b-d05a-4b7b-921d-b6efa98f39ae (type: router_ports) to 4
2026-07-09 17:53:38.512 10 ERROR ovsdbapp.backend.ovs_idl.transaction [None req-4cb63403-b638-4736-8cfd-23c28dc7f8be - - - - - -]
Traceback (most recent call last): File "/var/lib/openstack/lib/python3.10/site-packages/ovsdbapp/backend/ovs_idl/connection.py", line 118, in run txn.results.put(txn.do_commit())
File "/var/lib/openstack/lib/python3.10/site-packages/ovsdbapp/backend/ovs_idl/transaction.py", line 92, in do_commit command.run_idl(txn)
File "/var/lib/openstack/lib/python3.10/site-packages/neutron/plugins/ml2/drivers/ovn/mech_driver/ovsdb/commands.py", line 927, in run_idl raise ovn_exc.RevisionConflict( neutron.common.ovn.exceptions.RevisionConflict: OVN revision number for 99ed760a-2ade-45dd-8ba0-94ea903b50ab (type: ports) is higher than the given resource. Skipping update 
2026-07-09 17:53:38.513 10 INFO neutron.plugins.ml2.drivers.ovn.mech_driver.ovsdb.impl_idl_ovn [None req-4cb63403-b638-4736-8cfd-23c28dc7f8be - - - - - -] Transaction aborted. Reason: OVN revision number for 99ed760a-2ade-45dd-8ba0-94ea903b50ab (type: ports) is higher than the given resource. Skipping update
2026-07-09 17:53:38.544 9 INFO neutron.db.ovn_revision_numbers_db [None req-ded871be-44cd-4c87-a954-1ccc9f7460bd - - - - - -] Successfully bumped revision number for resource 99ed760a-2ade-45dd-8ba0-94ea903b50ab (type: ports) to 4
2026-07-09 17:53:38.613 10 ERROR ovsdbapp.backend.ovs_idl.command [None req-a827af86-1913-41d0-9a3f-e8412b2ee0c0 d0c65db9968c44ea881660ce31adcce2 2bb4e729329c4911868eda1f1f6609e1 - - default default] Error executing command (DbGetCommand): ovsdbapp.backend.ovs_idl.idlutils.RowNotFound: Cannot find Logical_Router_Port with name=lrp-223d7942-e839-458a-a7a0-f934927f16ec
2026-07-09 17:53:38.613 10 ERROR ovsdbapp.backend.ovs_idl.command
Traceback (most recent call last):
2026-07-09 17:53:38.613 10 ERROR ovsdbapp.backend.ovs_idl.command
File "/var/lib/openstack/lib/python3.10/site-packages/ovsdbapp/backend/ovs_idl/command.py", line 47, in execute
2026-07-09 17:53:38.613 10 ERROR ovsdbapp.backend.ovs_idl.command self.run_idl(None)
2026-07-09 17:53:38.613 10 ERROR ovsdbapp.backend.ovs_idl.command
File "/var/lib/openstack/lib/python3.10/site-packages/ovsdbapp/backend/ovs_idl/command.py", line 235, in run_idl
2026-07-09 17:53:38.613 10 ERROR ovsdbapp.backend.ovs_idl.command record = self.api.lookup(self.table, self.record)
2026-07-09 17:53:38.613 10 ERROR ovsdbapp.backend.ovs_idl.command
File "/var/lib/openstack/lib/python3.10/site-packages/ovsdbapp/backend/ovs_idl/__init__.py", line 184, in lookup
2026-07-09 17:53:38.613 10 ERROR ovsdbapp.backend.ovs_idl.command return self._lookup(table, record)
2026-07-09 17:53:38.613 10 ERROR ovsdbapp.backend.ovs_idl.command
File "/var/lib/openstack/lib/python3.10/site-packages/ovsdbapp/backend/ovs_idl/__init__.py", line 235, in _lookup
2026-07-09 17:53:38.613 10 ERROR ovsdbapp.backend.ovs_idl.command row = idlutils.row_by_value(self, rl.table, rl.column, record)
2026-07-09 17:53:38.613 10 ERROR ovsdbapp.backend.ovs_idl.command
File "/var/lib/openstack/lib/python3.10/site-packages/ovsdbapp/backend/ovs_idl/idlutils.py", line 114, in row_by_value
2026-07-09 17:53:38.613 10 ERROR ovsdbapp.backend.ovs_idl.command raise RowNotFound(table=table, col=column, match=match)
2026-07-09 17:53:38.613 10 ERROR ovsdbapp.backend.ovs_idl.command ovsdbapp.backend.ovs_idl.idlutils.RowNotFound: Cannot find Logical_Router_Port with name=lrp-223d7942-e839-458a-a7a0-f934927f16ec
2026-07-09 17:53:38.613 10 ERROR ovsdbapp.backend.ovs_idl.command 
