2026-07-09 17:58:11.171 10 WARNING neutron.api.rpc.agentnotifiers.dhcp_rpc_agent_api [None req-80fa7872-9847-4b26-9e1f-e52bd452876a 9aeda59a440d497382d5d8b602b467e3 f8c8b3c18a7f4cf4bf6c90a17c60d9f2 - - default default] Unable to schedule network 8dada6d5-ea31-4336-b244-4e6f55665df5: no agents available; will retry on subsequent port and subnet creation events.
2026-07-09 17:58:11.199 9 INFO neutron.wsgi [None req-c3fff4ba-102e-4e37-8c17-3d7a5dd3fa55 1f1f53c6b38c47ad90138078c6e055ca 181dfcdd79ac4a958db378a86bff8321 - - default default] 10.0.0.192 "GET /v2.0/trunks/35e67d03-74ae-4db3-a094-74517e3efa05/tags/red HTTP/1.1" status: 204 len: 168 time: 0.0338528
2026-07-09 17:58:11.241 9 INFO neutron.api.v2.resource [None req-34621fb2-b9dc-46fd-a856-3a14851c2d7a 1f1f53c6b38c47ad90138078c6e055ca 181dfcdd79ac4a958db378a86bff8321 - - default default] show failed (client error): The resource could not be found.
2026-07-09 17:58:11.242 9 INFO neutron.wsgi [None req-34621fb2-b9dc-46fd-a856-3a14851c2d7a 1f1f53c6b38c47ad90138078c6e055ca 181dfcdd79ac4a958db378a86bff8321 - - default default] 10.0.0.192 "GET /v2.0/trunks/35e67d03-74ae-4db3-a094-74517e3efa05/tags/green HTTP/1.1" status: 404 len: 299 time: 0.0358303
2026-07-09 17:58:11.307 9 INFO neutron.wsgi [None req-1a62f541-29c4-4d0d-9fdb-44c0c6ea7002 1f1f53c6b38c47ad90138078c6e055ca 181dfcdd79ac4a958db378a86bff8321 - - default default] 10.0.0.192 "DELETE /v2.0/trunks/35e67d03-74ae-4db3-a094-74517e3efa05/tags/red HTTP/1.1" status: 204 len: 168 time: 0.0581286
2026-07-09 17:58:11.369 9 INFO neutron.wsgi [None req-bfc1fb2e-1431-4526-a151-3a3693cd0352 1f1f53c6b38c47ad90138078c6e055ca 181dfcdd79ac4a958db378a86bff8321 - - default default] 10.0.0.192 "GET /v2.0/trunks/35e67d03-74ae-4db3-a094-74517e3efa05/tags HTTP/1.1" status: 200 len: 223 time: 0.0548842
2026-07-09 17:58:11.418 10 INFO neutron.api.v2.resource [None req-eed31de8-141a-4eac-a043-34c9a15508ea 1f1f53c6b38c47ad90138078c6e055ca 181dfcdd79ac4a958db378a86bff8321 - - default default] delete failed (client error): The resource could not be found.
2026-07-09 17:58:11.423 10 INFO neutron.wsgi [None req-eed31de8-141a-4eac-a043-34c9a15508ea 1f1f53c6b38c47ad90138078c6e055ca 181dfcdd79ac4a958db378a86bff8321 - - default default] 10.0.0.192 "DELETE /v2.0/trunks/35e67d03-74ae-4db3-a094-74517e3efa05/tags/green HTTP/1.1" status: 404 len: 299 time: 0.0476682
2026-07-09 17:58:11.459 9 WARNING neutron.scheduler.dhcp_agent_scheduler [None req-da46487f-db77-420d-964f-7984175d4b7d 3c300bb722a848c4be8995565b8f6bcb 8e1e4778f06640d982674bcc680bfde0 - - default default] No more DHCP agents
2026-07-09 17:58:11.461 9 WARNING neutron.api.rpc.agentnotifiers.dhcp_rpc_agent_api [None req-da46487f-db77-420d-964f-7984175d4b7d 3c300bb722a848c4be8995565b8f6bcb 8e1e4778f06640d982674bcc680bfde0 - - default default] Unable to schedule network 8dada6d5-ea31-4336-b244-4e6f55665df5: no agents available; will retry on subsequent port and subnet creation events.
2026-07-09 17:58:11.531 9 INFO neutron.wsgi [None req-40afb85c-ab86-4079-ae19-9012b461da8a 1f1f53c6b38c47ad90138078c6e055ca 181dfcdd79ac4a958db378a86bff8321 - - default default] 10.0.0.192 "DELETE /v2.0/trunks/35e67d03-74ae-4db3-a094-74517e3efa05/tags HTTP/1.1" status: 204 len: 168 time: 0.0897017
2026-07-09 17:58:11.563 9 INFO neutron.wsgi [None req-0e79e69f-a0df-4015-a802-8099c0ce77f2 1f1f53c6b38c47ad90138078c6e055ca 181dfcdd79ac4a958db378a86bff8321 - - default default] 10.0.0.192 "GET /v2.0/trunks/35e67d03-74ae-4db3-a094-74517e3efa05/tags HTTP/1.1" status: 200 len: 205 time: 0.0264189
2026-07-09 17:58:11.586 10 INFO neutron.wsgi [None req-80fa7872-9847-4b26-9e1f-e52bd452876a 9aeda59a440d497382d5d8b602b467e3 f8c8b3c18a7f4cf4bf6c90a17c60d9f2 - - default default] 10.0.0.192 "POST /v2.0/floatingips HTTP/1.1" status: 201 len: 751 time: 0.7608185
2026-07-09 17:58:11.599 10 WARNING neutron_lib.context [None req-348d853a-456b-4f66-9405-d56077dfc55c 9aeda59a440d497382d5d8b602b467e3 f8c8b3c18a7f4cf4bf6c90a17c60d9f2 - - default default] Method 'is_advsvc' is deprecated since 2023.2 release (neutron-lib 3.8.0) and will be removed once support for the old RBAC API policies will be removed from Neutron. Please use method 'is_service_role' instead.
2026-07-09 17:58:11.608 9 INFO neutron.wsgi [None req-fa45a5b1-c6a6-4e98-826c-2725301695ef 1f1f53c6b38c47ad90138078c6e055ca 181dfcdd79ac4a958db378a86bff8321 - - default default] 10.0.0.192 "GET /v2.0/trunks/35e67d03-74ae-4db3-a094-74517e3efa05 HTTP/1.1" status: 200 len: 603 time: 0.0213017
2026-07-09 17:58:11.710 9 INFO neutron.db.ovn_revision_numbers_db [None req-da46487f-db77-420d-964f-7984175d4b7d 3c300bb722a848c4be8995565b8f6bcb 8e1e4778f06640d982674bcc680bfde0 - - default default] Successfully bumped revision number for resource 9ab81e58-df0c-4f62-8acb-72a141a4bec0 (type: ports) to 1
2026-07-09 17:58:11.725 9 INFO neutron.wsgi [None req-46901860-eb64-4556-92ee-3c6d6895870d 1f1f53c6b38c47ad90138078c6e055ca 181dfcdd79ac4a958db378a86bff8321 - - default default] 10.0.0.192 "GET /v2.0/ports/bad32b62-f6d2-495f-b672-92f70163a071 HTTP/1.1" status: 200 len: 1020 time: 0.1106107
2026-07-09 17:58:11.858 10 INFO neutron.wsgi [None req-e2c66adf-ce23-4009-a817-8b0e4d3a63ce 1f1f53c6b38c47ad90138078c6e055ca 181dfcdd79ac4a958db378a86bff8321 - - default default] 10.0.0.192 "DELETE /v2.0/trunks/35e67d03-74ae-4db3-a094-74517e3efa05 HTTP/1.1" status: 204 len: 168 time: 0.1261344
2026-07-09 17:58:11.944 10 WARNING neutron.scheduler.dhcp_agent_scheduler [None req-348d853a-456b-4f66-9405-d56077dfc55c 9aeda59a440d497382d5d8b602b467e3 f8c8b3c18a7f4cf4bf6c90a17c60d9f2 - - default default] No more DHCP agents
2026-07-09 17:58:11.950 10 WARNING neutron.api.rpc.agentnotifiers.dhcp_rpc_agent_api [None req-348d853a-456b-4f66-9405-d56077dfc55c 9aeda59a440d497382d5d8b602b467e3 f8c8b3c18a7f4cf4bf6c90a17c60d9f2 - - default default] Unable to schedule network 8dada6d5-ea31-4336-b244-4e6f55665df5: no agents available; will retry on subsequent port and subnet creation events.
2026-07-09 17:58:12.307 9 INFO neutron.wsgi [None req-004f3c13-4a38-41be-85c1-e7806182789f 1f1f53c6b38c47ad90138078c6e055ca 181dfcdd79ac4a958db378a86bff8321 - - default default] 10.0.0.192 "DELETE /v2.0/ports/bad32b62-f6d2-495f-b672-92f70163a071 HTTP/1.1" status: 204 len: 168 time: 0.4410052
2026-07-09 17:58:12.354 10 INFO neutron.wsgi [None req-348d853a-456b-4f66-9405-d56077dfc55c 9aeda59a440d497382d5d8b602b467e3 f8c8b3c18a7f4cf4bf6c90a17c60d9f2 - - default default] 10.0.0.192 "POST /v2.0/floatingips HTTP/1.1" status: 201 len: 751 time: 0.7612052
2026-07-09 17:58:12.364 10 WARNING neutron_lib.context [None req-fdc1b8ed-e0d1-4890-b002-dc3488a7c447 9aeda59a440d497382d5d8b602b467e3 f8c8b3c18a7f4cf4bf6c90a17c60d9f2 - - default default] Method 'is_advsvc' is deprecated since 2023.2 release (neutron-lib 3.8.0) and will be removed once support for the old RBAC API policies will be removed from Neutron. Please use method 'is_service_role' instead.
2026-07-09 17:58:12.572 10 WARNING neutron_lib.context [None req-16bcda4a-4c23-4b18-8408-6200c99ff8e4 a9bce64e9d7a4ac18dc2a678c7f822bd 1002f4853fb24fac95ad3591bbd6a0cc - - default default] Method 'is_advsvc' is deprecated since 2023.2 release (neutron-lib 3.8.0) and will be removed once support for the old RBAC API policies will be removed from Neutron. Please use method 'is_service_role' instead.
2026-07-09 17:58:12.636 10 WARNING neutron.scheduler.dhcp_agent_scheduler [None req-fdc1b8ed-e0d1-4890-b002-dc3488a7c447 9aeda59a440d497382d5d8b602b467e3 f8c8b3c18a7f4cf4bf6c90a17c60d9f2 - - default default] No more DHCP agents
2026-07-09 17:58:12.641 10 WARNING neutron.api.rpc.agentnotifiers.dhcp_rpc_agent_api [None req-fdc1b8ed-e0d1-4890-b002-dc3488a7c447 9aeda59a440d497382d5d8b602b467e3 f8c8b3c18a7f4cf4bf6c90a17c60d9f2 - - default default] Unable to schedule network 8dada6d5-ea31-4336-b244-4e6f55665df5: no agents available; will retry on subsequent port and subnet creation events.
2026-07-09 17:58:12.774 10 INFO neutron.db.ovn_revision_numbers_db [None req-16bcda4a-4c23-4b18-8408-6200c99ff8e4 a9bce64e9d7a4ac18dc2a678c7f822bd 1002f4853fb24fac95ad3591bbd6a0cc - - default default] Successfully bumped revision number for resource 437842da-578d-4b4d-8d0f-e01cdb88b107 (type: security_groups) to 1
2026-07-09 17:58:12.796 10 INFO neutron.db.ovn_revision_numbers_db [None req-16bcda4a-4c23-4b18-8408-6200c99ff8e4 a9bce64e9d7a4ac18dc2a678c7f822bd 1002f4853fb24fac95ad3591bbd6a0cc - - default default] Successfully bumped revision number for resource 25662d64-f61a-40f2-9675-dd98e728ff81 (type: security_group_rules) to 0
2026-07-09 17:58:12.814 10 INFO neutron.db.ovn_revision_numbers_db [None req-16bcda4a-4c23-4b18-8408-6200c99ff8e4 a9bce64e9d7a4ac18dc2a678c7f822bd 1002f4853fb24fac95ad3591bbd6a0cc - - default default] Successfully bumped revision number for resource a417efd6-3bce-4b0d-82ff-592f6f0abfbb (type: security_group_rules) to 0
2026-07-09 17:58:12.836 10 INFO neutron.db.ovn_revision_numbers_db [None req-16bcda4a-4c23-4b18-8408-6200c99ff8e4 a9bce64e9d7a4ac18dc2a678c7f822bd 1002f4853fb24fac95ad3591bbd6a0cc - - default default] Successfully bumped revision number for resource e8e2e48c-0b3b-4d28-8eb4-6aa1cd062399 (type: security_group_rules) to 0
2026-07-09 17:58:12.856 10 INFO neutron.db.ovn_revision_numbers_db [None req-16bcda4a-4c23-4b18-8408-6200c99ff8e4 a9bce64e9d7a4ac18dc2a678c7f822bd 1002f4853fb24fac95ad3591bbd6a0cc - - default default] Successfully bumped revision number for resource ea7684d4-f22a-4810-8604-d9139b6e49f5 (type: security_group_rules) to 0
2026-07-09 17:58:12.911 10 INFO neutron.db.segments_db [None req-16bcda4a-4c23-4b18-8408-6200c99ff8e4 a9bce64e9d7a4ac18dc2a678c7f822bd 1002f4853fb24fac95ad3591bbd6a0cc - - default default] Added segment b1e0e70d-9ffb-493a-bbdb-3cc280c4e270 of type geneve for network 3bf7b3dc-ce4d-4b39-856a-b33af36b8747
2026-07-09 17:58:13.025 10 INFO neutron.wsgi [None req-fdc1b8ed-e0d1-4890-b002-dc3488a7c447 9aeda59a440d497382d5d8b602b467e3 f8c8b3c18a7f4cf4bf6c90a17c60d9f2 - - default default] 10.0.0.192 "POST /v2.0/floatingips HTTP/1.1" status: 201 len: 751 time: 0.6656723
2026-07-09 17:58:13.051 10 WARNING neutron_lib.context [None req-b7c24aae-5b4b-4a0c-9232-b1286a7b9cb5 9aeda59a440d497382d5d8b602b467e3 f8c8b3c18a7f4cf4bf6c90a17c60d9f2 - - default default] Method 'is_advsvc' is deprecated since 2023.2 release (neutron-lib 3.8.0) and will be removed once support for the old RBAC API policies will be removed from Neutron. Please use method 'is_service_role' instead.
2026-07-09 17:58:13.060 9 INFO neutron.plugins.ml2.drivers.ovn.mech_driver.ovsdb.commands [None req-6d82c605-ff71-4cec-8f61-44c12dd60fa8 - - - - - -] Schedule LRP lrp-9ab81e58-df0c-4f62-8acb-72a141a4bec0 on gateway 7e08f0d4-3c06-418a-87c1-1f5de46ac4e8 with priority 1
2026-07-09 17:58:13.069 9 INFO neutron.plugins.ml2.drivers.ovn.mech_driver.mech_driver [None req-ded871be-44cd-4c87-a954-1ccc9f7460bd - - - - - -] OVN reports status up for port: 9ab81e58-df0c-4f62-8acb-72a141a4bec0
2026-07-09 17:58:13.084 9 INFO neutron.plugins.ml2.plugin [None req-ded871be-44cd-4c87-a954-1ccc9f7460bd - - - - - -] Attempt 1 to provision port 9ab81e58-df0c-4f62-8acb-72a141a4bec0
2026-07-09 17:58:13.119 10 INFO neutron.db.ovn_revision_numbers_db [None req-16bcda4a-4c23-4b18-8408-6200c99ff8e4 a9bce64e9d7a4ac18dc2a678c7f822bd 1002f4853fb24fac95ad3591bbd6a0cc - - default default] Successfully bumped revision number for resource 3bf7b3dc-ce4d-4b39-856a-b33af36b8747 (type: networks) to 1
2026-07-09 17:58:13.142 9 INFO neutron.db.ovn_revision_numbers_db [None req-da46487f-db77-420d-964f-7984175d4b7d 3c300bb722a848c4be8995565b8f6bcb 8e1e4778f06640d982674bcc680bfde0 - - default default] Successfully bumped revision number for resource 9ab81e58-df0c-4f62-8acb-72a141a4bec0 (type: router_ports) to 1
2026-07-09 17:58:13.261 9 INFO neutron.services.segments.plugin [-] Segment b826b5b8-ac84-4969-bbcc-2aa0f05fa509 resource provider aggregate not found
2026-07-09 17:58:13.267 9 INFO neutron.services.segments.plugin [-] Segment b826b5b8-ac84-4969-bbcc-2aa0f05fa509 resource provider aggregate not found
2026-07-09 17:58:13.281 9 INFO neutron.db.ovn_revision_numbers_db [None req-da46487f-db77-420d-964f-7984175d4b7d 3c300bb722a848c4be8995565b8f6bcb 8e1e4778f06640d982674bcc680bfde0 - - default default] Successfully bumped revision number for resource f20e38a5-2cbf-4826-969d-283cc1a3177e (type: routers) to 2
2026-07-09 17:58:13.291 9 INFO neutron.services.segments.plugin [-] Segment b826b5b8-ac84-4969-bbcc-2aa0f05fa509 resource provider not found; error: Placement Client Error (4xx): {"errors": [{"status": 404, "title": "Not Found", "detail": "The resource could not be found.\n\n No resource provider with uuid b826b5b8-ac84-4969-bbcc-2aa0f05fa509 found for delete ", "request_id": "req-3210aceb-3f2a-4653-b3fb-e6c8f5d1b717"}]}
2026-07-09 17:58:13.292 9 INFO neutron.services.segments.plugin [-] Segment b826b5b8-ac84-4969-bbcc-2aa0f05fa509 resource provider not found; error: Placement Client Error (4xx): {"errors": [{"status": 404, "title": "Not Found", "detail": "The resource could not be found.\n\n No resource provider with uuid b826b5b8-ac84-4969-bbcc-2aa0f05fa509 found for delete ", "request_id": "req-a75d5ebd-1a86-4b1d-a015-e97ae5022805"}]}
2026-07-09 17:58:13.312 9 INFO neutron.wsgi [None req-da46487f-db77-420d-964f-7984175d4b7d 3c300bb722a848c4be8995565b8f6bcb 8e1e4778f06640d982674bcc680bfde0 - - default default] 10.0.0.192 "POST /v2.0/routers HTTP/1.1" status: 201 len: 1135 time: 2.5323763
2026-07-09 17:58:13.323 9 INFO neutron.wsgi [None req-d6c7c035-072e-4477-8991-76329e48cbfd 1f1f53c6b38c47ad90138078c6e055ca 181dfcdd79ac4a958db378a86bff8321 - - default default] 10.0.0.192 "DELETE /v2.0/networks/0472448f-ae29-422a-aae1-f3f8653bf0bd HTTP/1.1" status: 204 len: 168 time: 1.0094950
2026-07-09 17:58:13.414 10 WARNING neutron.scheduler.dhcp_agent_scheduler [None req-16bcda4a-4c23-4b18-8408-6200c99ff8e4 a9bce64e9d7a4ac18dc2a678c7f822bd 1002f4853fb24fac95ad3591bbd6a0cc - - default default] No more DHCP agents
2026-07-09 17:58:13.419 10 WARNING neutron.api.rpc.agentnotifiers.dhcp_rpc_agent_api [None req-16bcda4a-4c23-4b18-8408-6200c99ff8e4 a9bce64e9d7a4ac18dc2a678c7f822bd 1002f4853fb24fac95ad3591bbd6a0cc - - default default] Unable to schedule network 3bf7b3dc-ce4d-4b39-856a-b33af36b8747: no agents available; will retry on subsequent port and subnet creation events.
2026-07-09 17:58:13.522 10 WARNING neutron.scheduler.dhcp_agent_scheduler [None req-b7c24aae-5b4b-4a0c-9232-b1286a7b9cb5 9aeda59a440d497382d5d8b602b467e3 f8c8b3c18a7f4cf4bf6c90a17c60d9f2 - - default default] No more DHCP agents
2026-07-09 17:58:13.527 10 WARNING neutron.api.rpc.agentnotifiers.dhcp_rpc_agent_api [None req-b7c24aae-5b4b-4a0c-9232-b1286a7b9cb5 9aeda59a440d497382d5d8b602b467e3 f8c8b3c18a7f4cf4bf6c90a17c60d9f2 - - default default] Unable to schedule network 8dada6d5-ea31-4336-b244-4e6f55665df5: no agents available; will retry on subsequent port and subnet creation events.
2026-07-09 17:58:13.623 10 INFO neutron.db.ovn_revision_numbers_db [None req-16bcda4a-4c23-4b18-8408-6200c99ff8e4 a9bce64e9d7a4ac18dc2a678c7f822bd 1002f4853fb24fac95ad3591bbd6a0cc - - default default] Successfully bumped revision number for resource 117ba178-06a1-4caf-97fd-4b82211ce77e (type: ports) to 1
2026-07-09 17:58:13.658 10 INFO neutron.wsgi [None req-16bcda4a-4c23-4b18-8408-6200c99ff8e4 a9bce64e9d7a4ac18dc2a678c7f822bd 1002f4853fb24fac95ad3591bbd6a0cc - - default default] 10.0.0.192 "POST /v2.0/networks HTTP/1.1" status: 201 len: 830 time: 1.2899659
2026-07-09 17:58:13.672 9 WARNING neutron_lib.context [None req-5c510366-ab77-4fbe-b2f7-275587982bb9 a9bce64e9d7a4ac18dc2a678c7f822bd 1002f4853fb24fac95ad3591bbd6a0cc - - default default] Method 'is_advsvc' is deprecated since 2023.2 release (neutron-lib 3.8.0) and will be removed once support for the old RBAC API policies will be removed from Neutron. Please use method 'is_service_role' instead.
2026-07-09 17:58:13.979 9 WARNING neutron.scheduler.dhcp_agent_scheduler [None req-5c510366-ab77-4fbe-b2f7-275587982bb9 a9bce64e9d7a4ac18dc2a678c7f822bd 1002f4853fb24fac95ad3591bbd6a0cc - - default default] No more DHCP agents
2026-07-09 17:58:13.981 9 WARNING neutron.api.rpc.agentnotifiers.dhcp_rpc_agent_api [None req-5c510366-ab77-4fbe-b2f7-275587982bb9 a9bce64e9d7a4ac18dc2a678c7f822bd 1002f4853fb24fac95ad3591bbd6a0cc - - default default] Unable to schedule network 3bf7b3dc-ce4d-4b39-856a-b33af36b8747: no agents available; will retry on subsequent port and subnet creation events.
2026-07-09 17:58:14.016 10 INFO neutron.wsgi [None req-b7c24aae-5b4b-4a0c-9232-b1286a7b9cb5 9aeda59a440d497382d5d8b602b467e3 f8c8b3c18a7f4cf4bf6c90a17c60d9f2 - - default default] 10.0.0.192 "POST /v2.0/floatingips HTTP/1.1" status: 201 len: 751 time: 0.9740555
2026-07-09 17:58:14.076 9 INFO neutron.db.ovn_revision_numbers_db [None req-5c510366-ab77-4fbe-b2f7-275587982bb9 a9bce64e9d7a4ac18dc2a678c7f822bd 1002f4853fb24fac95ad3591bbd6a0cc - - default default] Successfully bumped revision number for resource 6e0a3b2b-598b-4772-bfd3-8d83a6112c47 (type: ports) to 1
2026-07-09 17:58:14.104 9 INFO neutron.wsgi [None req-5c510366-ab77-4fbe-b2f7-275587982bb9 a9bce64e9d7a4ac18dc2a678c7f822bd 1002f4853fb24fac95ad3591bbd6a0cc - - default default] 10.0.0.192 "POST /v2.0/ports HTTP/1.1" status: 201 len: 942 time: 0.4383626 /var/lib/openstack/lib/python3.10/site-packages/pycadf/identifier.py:71: UserWarning: Invalid uuid: neutron. To ensure interoperability, identifiers should be a valid uuid. warnings.warn(('Invalid uuid: %s. To ensure interoperability, '
2026-07-09 17:58:14.116 9 WARNING neutron_lib.context [None req-37a707c4-61e5-4561-bfc9-ddd2169def13 a9bce64e9d7a4ac18dc2a678c7f822bd 1002f4853fb24fac95ad3591bbd6a0cc - - default default] Method 'is_advsvc' is deprecated since 2023.2 release (neutron-lib 3.8.0) and will be removed once support for the old RBAC API policies will be removed from Neutron. Please use method 'is_service_role' instead.
2026-07-09 17:58:14.221 9 INFO neutron.db.segments_db [None req-37a707c4-61e5-4561-bfc9-ddd2169def13 a9bce64e9d7a4ac18dc2a678c7f822bd 1002f4853fb24fac95ad3591bbd6a0cc - - default default] Added segment 13acde33-5dce-43ba-a06f-1623a89ff1a6 of type geneve for network 5f5c37ec-615d-4fe9-96c3-13314a368c35
2026-07-09 17:58:14.389 9 INFO neutron.db.ovn_revision_numbers_db [None req-37a707c4-61e5-4561-bfc9-ddd2169def13 a9bce64e9d7a4ac18dc2a678c7f822bd 1002f4853fb24fac95ad3591bbd6a0cc - - default default] Successfully bumped revision number for resource 5f5c37ec-615d-4fe9-96c3-13314a368c35 (type: networks) to 1
2026-07-09 17:58:14.484 10 INFO neutron.wsgi [None req-5f66b481-36db-4e97-9468-6d85055fd789 9aeda59a440d497382d5d8b602b467e3 f8c8b3c18a7f4cf4bf6c90a17c60d9f2 - - default default] 10.0.0.192 "PUT /v2.0/floatingips/cc7cf64e-dcc6-498d-9350-599375367364/tags HTTP/1.1" status: 200 len: 210 time: 0.4613211
2026-07-09 17:58:14.577 10 INFO neutron.wsgi [None req-4be0b4c8-1f6a-4474-ae61-6a9c66470549 9aeda59a440d497382d5d8b602b467e3 f8c8b3c18a7f4cf4bf6c90a17c60d9f2 - - default default] 10.0.0.192 "PUT /v2.0/floatingips/4f4be5ed-3f52-4509-8205-95425021bf4d/tags HTTP/1.1" status: 200 len: 218 time: 0.0875075
2026-07-09 17:58:14.611 10 INFO neutron.wsgi [None req-8d620335-2374-41d9-9f82-c5f5670973c8 d0c65db9968c44ea881660ce31adcce2 2bb4e729329c4911868eda1f1f6609e1 - - default default] 10.0.0.192 "GET /v2.0/security-groups?tenant_id=181dfcdd79ac4a958db378a86bff8321&name=default HTTP/1.1" status: 200 len: 3120 time: 0.5553453
2026-07-09 17:58:14.644 9 WARNING neutron.scheduler.dhcp_agent_scheduler [None req-37a707c4-61e5-4561-bfc9-ddd2169def13 a9bce64e9d7a4ac18dc2a678c7f822bd 1002f4853fb24fac95ad3591bbd6a0cc - - default default] No more DHCP agents
2026-07-09 17:58:14.648 9 WARNING neutron.api.rpc.agentnotifiers.dhcp_rpc_agent_api [None req-37a707c4-61e5-4561-bfc9-ddd2169def13 a9bce64e9d7a4ac18dc2a678c7f822bd 1002f4853fb24fac95ad3591bbd6a0cc - - default default] Unable to schedule network 5f5c37ec-615d-4fe9-96c3-13314a368c35: no agents available; will retry on subsequent port and subnet creation events.
2026-07-09 17:58:14.658 10 WARNING neutron.scheduler.dhcp_agent_scheduler [None req-47ce3757-cbe5-4cc5-bc90-a227d454ba12 3c300bb722a848c4be8995565b8f6bcb 8e1e4778f06640d982674bcc680bfde0 - - default default] No more DHCP agents
2026-07-09 17:58:14.661 10 WARNING neutron.api.rpc.agentnotifiers.dhcp_rpc_agent_api [None req-47ce3757-cbe5-4cc5-bc90-a227d454ba12 3c300bb722a848c4be8995565b8f6bcb 8e1e4778f06640d982674bcc680bfde0 - - default default] Unable to schedule network f4f4ba22-7d0a-4b59-8a3d-aba8d8dda95d: no agents available; will retry on subsequent port and subnet creation events.
2026-07-09 17:58:14.669 9 INFO neutron.wsgi [None req-a2f033bb-79ba-45a8-8f59-f54fe05d846b 9aeda59a440d497382d5d8b602b467e3 f8c8b3c18a7f4cf4bf6c90a17c60d9f2 - - default default] 10.0.0.192 "PUT /v2.0/floatingips/c0a6f668-90aa-42b9-ba21-688c74f65057/tags HTTP/1.1" status: 200 len: 227 time: 0.0824707
2026-07-09 17:58:14.746 9 INFO neutron.wsgi [None req-1e997de1-6b35-4685-a7e2-46d591762690 9aeda59a440d497382d5d8b602b467e3 f8c8b3c18a7f4cf4bf6c90a17c60d9f2 - - default default] 10.0.0.192 "PUT /v2.0/floatingips/2a37ef61-6cfb-4af4-ae3c-c6cca0e32dcd/tags HTTP/1.1" status: 200 len: 212 time: 0.0687647
2026-07-09 17:58:14.782 9 INFO neutron.db.ovn_revision_numbers_db [None req-37a707c4-61e5-4561-bfc9-ddd2169def13 a9bce64e9d7a4ac18dc2a678c7f822bd 1002f4853fb24fac95ad3591bbd6a0cc - - default default] Successfully bumped revision number for resource 17ca6440-f867-4830-9610-6762eccc0c02 (type: ports) to 1
2026-07-09 17:58:14.812 9 INFO neutron.wsgi [None req-37a707c4-61e5-4561-bfc9-ddd2169def13 a9bce64e9d7a4ac18dc2a678c7f822bd 1002f4853fb24fac95ad3591bbd6a0cc - - default default] 10.0.0.192 "POST /v2.0/networks HTTP/1.1" status: 201 len: 830 time: 0.7018476
2026-07-09 17:58:14.815 10 INFO neutron.wsgi [None req-345befde-8b93-4510-9bad-c18f321e276a 9aeda59a440d497382d5d8b602b467e3 f8c8b3c18a7f4cf4bf6c90a17c60d9f2 - - default default] 10.0.0.192 "GET /v2.0/floatingips?tags=red HTTP/1.1" status: 200 len: 1866 time: 0.0609326
2026-07-09 17:58:14.826 9 WARNING neutron_lib.context [None req-c40e3615-6c62-4220-a1b5-816ab18b9119 a9bce64e9d7a4ac18dc2a678c7f822bd 1002f4853fb24fac95ad3591bbd6a0cc - - default default] Method 'is_advsvc' is deprecated since 2023.2 release (neutron-lib 3.8.0) and will be removed once support for the old RBAC API policies will be removed from Neutron. Please use method 'is_service_role' instead.
2026-07-09 17:58:14.892 9 INFO neutron.wsgi [None req-443429d3-ed76-4ba5-8409-aed8a36233c7 9aeda59a440d497382d5d8b602b467e3 f8c8b3c18a7f4cf4bf6c90a17c60d9f2 - - default default] 10.0.0.192 "GET /v2.0/floatingips?tags=red%2Cblue HTTP/1.1" status: 200 len: 1323 time: 0.0722206
2026-07-09 17:58:14.903 10 INFO neutron.db.ovn_revision_numbers_db [None req-47ce3757-cbe5-4cc5-bc90-a227d454ba12 3c300bb722a848c4be8995565b8f6bcb 8e1e4778f06640d982674bcc680bfde0 - - default default] Successfully bumped revision number for resource b9a7e7dc-56b9-4962-9185-6923450ab255 (type: ports) to 1
2026-07-09 17:58:14.947 10 INFO neutron.wsgi [None req-e87f228d-c48c-4d88-b575-cb0e8bb4d70a 9aeda59a440d497382d5d8b602b467e3 f8c8b3c18a7f4cf4bf6c90a17c60d9f2 - - default default] 10.0.0.192 "GET /v2.0/floatingips?tags-any=blue HTTP/1.1" status: 200 len: 1323 time: 0.0490966
2026-07-09 17:58:14.998 10 INFO neutron.wsgi [None req-d86e534c-f0fa-4282-9d25-26e57997702b 9aeda59a440d497382d5d8b602b467e3 f8c8b3c18a7f4cf4bf6c90a17c60d9f2 - - default default] 10.0.0.192 "GET /v2.0/floatingips?tags-any=red%2Cblue HTTP/1.1" status: 200 len: 1866 time: 0.0344400
2026-07-09 17:58:15.040 10 INFO neutron.wsgi [None req-a58537de-4276-4dc6-9dd0-9057fe4049e0 d0c65db9968c44ea881660ce31adcce2 2bb4e729329c4911868eda1f1f6609e1 - - default default] 10.0.0.192 "DELETE /v2.0/security-groups/4c34567f-0a52-44fd-8aff-66f46968afbe HTTP/1.1" status: 204 len: 168 time: 0.4181082
2026-07-09 17:58:15.052 9 INFO neutron.wsgi [None req-211a8378-cd6e-40d9-9199-5b73f42f8b45 9aeda59a440d497382d5d8b602b467e3 f8c8b3c18a7f4cf4bf6c90a17c60d9f2 - - default default] 10.0.0.192 "GET /v2.0/floatingips?not-tags=red HTTP/1.1" status: 200 len: 1295 time: 0.0480018
2026-07-09 17:58:15.105 10 INFO neutron.wsgi [None req-c532bc8e-0a8d-40c1-86d5-1f9514c60d3e 9aeda59a440d497382d5d8b602b467e3 f8c8b3c18a7f4cf4bf6c90a17c60d9f2 - - default default] 10.0.0.192 "GET /v2.0/floatingips?not-tags=red%2Cblue HTTP/1.1" status: 200 len: 1838 time: 0.0473309
2026-07-09 17:58:15.169 9 INFO neutron.wsgi [None req-49eeec74-ce4c-4f68-a0c0-06325bee6410 9aeda59a440d497382d5d8b602b467e3 f8c8b3c18a7f4cf4bf6c90a17c60d9f2 - - default default] 10.0.0.192 "GET /v2.0/floatingips?not-tags-any=blue HTTP/1.1" status: 200 len: 1838 time: 0.0566912
2026-07-09 17:58:15.219 9 WARNING neutron.scheduler.dhcp_agent_scheduler [None req-c40e3615-6c62-4220-a1b5-816ab18b9119 a9bce64e9d7a4ac18dc2a678c7f822bd 1002f4853fb24fac95ad3591bbd6a0cc - - default default] No more DHCP agents
2026-07-09 17:58:15.223 9 WARNING neutron.api.rpc.agentnotifiers.dhcp_rpc_agent_api [None req-c40e3615-6c62-4220-a1b5-816ab18b9119 a9bce64e9d7a4ac18dc2a678c7f822bd 1002f4853fb24fac95ad3591bbd6a0cc - - default default] Unable to schedule network 5f5c37ec-615d-4fe9-96c3-13314a368c35: no agents available; will retry on subsequent port and subnet creation events.
2026-07-09 17:58:15.230 10 INFO neutron.wsgi [None req-1edb612d-a163-424c-a1a5-08fcde2adf5f 9aeda59a440d497382d5d8b602b467e3 f8c8b3c18a7f4cf4bf6c90a17c60d9f2 - - default default] 10.0.0.192 "GET /v2.0/floatingips?not-tags-any=red%2Cblue HTTP/1.1" status: 200 len: 1295 time: 0.0535564
2026-07-09 17:58:15.331 9 INFO neutron.db.ovn_revision_numbers_db [None req-c40e3615-6c62-4220-a1b5-816ab18b9119 a9bce64e9d7a4ac18dc2a678c7f822bd 1002f4853fb24fac95ad3591bbd6a0cc - - default default] Successfully bumped revision number for resource d8f6fd32-ea5e-4700-b950-daabc1c4eb46 (type: ports) to 1
2026-07-09 17:58:15.355 9 INFO neutron.db.ovn_revision_numbers_db [None req-da74fe91-bcb9-4abe-aadd-dc31b2b954bd d0c65db9968c44ea881660ce31adcce2 2bb4e729329c4911868eda1f1f6609e1 - - default default] Successfully bumped revision number for resource 5715ec7a-b3f5-40d4-94e9-630c8a1b2b90 (type: security_groups) to 1
2026-07-09 17:58:15.369 9 INFO neutron.wsgi [None req-c40e3615-6c62-4220-a1b5-816ab18b9119 a9bce64e9d7a4ac18dc2a678c7f822bd 1002f4853fb24fac95ad3591bbd6a0cc - - default default] 10.0.0.192 "POST /v2.0/ports HTTP/1.1" status: 201 len: 942 time: 0.5506690 /var/lib/openstack/lib/python3.10/site-packages/pycadf/identifier.py:71: UserWarning: Invalid uuid: neutron. To ensure interoperability, identifiers should be a valid uuid. warnings.warn(('Invalid uuid: %s. To ensure interoperability, '
2026-07-09 17:58:15.380 9 WARNING neutron_lib.context [None req-fefde461-74ae-45af-aa9f-9527c62e27a6 a9bce64e9d7a4ac18dc2a678c7f822bd 1002f4853fb24fac95ad3591bbd6a0cc - - default default] Method 'is_advsvc' is deprecated since 2023.2 release (neutron-lib 3.8.0) and will be removed once support for the old RBAC API policies will be removed from Neutron. Please use method 'is_service_role' instead.
2026-07-09 17:58:15.382 9 INFO neutron.db.ovn_revision_numbers_db [None req-da74fe91-bcb9-4abe-aadd-dc31b2b954bd d0c65db9968c44ea881660ce31adcce2 2bb4e729329c4911868eda1f1f6609e1 - - default default] Successfully bumped revision number for resource 51b7b489-cd0d-48eb-b0bf-d6f9df4b22d3 (type: security_group_rules) to 0
2026-07-09 17:58:15.398 9 INFO neutron.db.ovn_revision_numbers_db [None req-da74fe91-bcb9-4abe-aadd-dc31b2b954bd d0c65db9968c44ea881660ce31adcce2 2bb4e729329c4911868eda1f1f6609e1 - - default default] Successfully bumped revision number for resource a8bf6fc7-d24a-4a2d-8911-6467345a1b8b (type: security_group_rules) to 0
2026-07-09 17:58:15.417 9 INFO neutron.db.ovn_revision_numbers_db [None req-da74fe91-bcb9-4abe-aadd-dc31b2b954bd d0c65db9968c44ea881660ce31adcce2 2bb4e729329c4911868eda1f1f6609e1 - - default default] Successfully bumped revision number for resource dc0f1a40-88b7-44ca-8508-e0f0113ed83d (type: security_group_rules) to 0
2026-07-09 17:58:15.436 9 INFO neutron.db.ovn_revision_numbers_db [None req-da74fe91-bcb9-4abe-aadd-dc31b2b954bd d0c65db9968c44ea881660ce31adcce2 2bb4e729329c4911868eda1f1f6609e1 - - default default] Successfully bumped revision number for resource fd2613ca-8ae3-4682-936a-bed959eafb4b (type: security_group_rules) to 0
2026-07-09 17:58:15.462 9 INFO neutron.wsgi [None req-da74fe91-bcb9-4abe-aadd-dc31b2b954bd d0c65db9968c44ea881660ce31adcce2 2bb4e729329c4911868eda1f1f6609e1 - - default default] 10.0.0.192 "GET /v2.0/security-groups?tenant_id=c0e23615f3574a16aaadb70af83fc2b9&name=default HTTP/1.1" status: 200 len: 3120 time: 0.2911708
2026-07-09 17:58:15.488 9 INFO neutron.db.segments_db [None req-fefde461-74ae-45af-aa9f-9527c62e27a6 a9bce64e9d7a4ac18dc2a678c7f822bd 1002f4853fb24fac95ad3591bbd6a0cc - - default default] Added segment 8ddf219d-c30e-4e79-879d-dc5015a63a4f of type geneve for network 58c76e00-7acf-420c-8b21-7e8ad4299891
2026-07-09 17:58:15.682 9 INFO neutron.db.ovn_revision_numbers_db [None req-fefde461-74ae-45af-aa9f-9527c62e27a6 a9bce64e9d7a4ac18dc2a678c7f822bd 1002f4853fb24fac95ad3591bbd6a0cc - - default default] Successfully bumped revision number for resource 58c76e00-7acf-420c-8b21-7e8ad4299891 (type: networks) to 1
2026-07-09 17:58:15.783 10 ERROR ovsdbapp.backend.ovs_idl.command [None req-47ce3757-cbe5-4cc5-bc90-a227d454ba12 3c300bb722a848c4be8995565b8f6bcb 8e1e4778f06640d982674bcc680bfde0 - - default default] Error executing command (DbGetCommand): ovsdbapp.backend.ovs_idl.idlutils.RowNotFound: Cannot find Logical_Router_Port with name=lrp-b9a7e7dc-56b9-4962-9185-6923450ab255
2026-07-09 17:58:15.783 10 ERROR ovsdbapp.backend.ovs_idl.command
Traceback (most recent call last):
2026-07-09 17:58:15.783 10 ERROR ovsdbapp.backend.ovs_idl.command
File "/var/lib/openstack/lib/python3.10/site-packages/ovsdbapp/backend/ovs_idl/command.py", line 47, in execute
2026-07-09 17:58:15.783 10 ERROR ovsdbapp.backend.ovs_idl.command self.run_idl(None)
2026-07-09 17:58:15.783 10 ERROR ovsdbapp.backend.ovs_idl.command
File "/var/lib/openstack/lib/python3.10/site-packages/ovsdbapp/backend/ovs_idl/command.py", line 235, in run_idl
2026-07-09 17:58:15.783 10 ERROR ovsdbapp.backend.ovs_idl.command record = self.api.lookup(self.table, self.record)
2026-07-09 17:58:15.783 10 ERROR ovsdbapp.backend.ovs_idl.command
File "/var/lib/openstack/lib/python3.10/site-packages/ovsdbapp/backend/ovs_idl/__init__.py", line 184, in lookup
2026-07-09 17:58:15.783 10 ERROR ovsdbapp.backend.ovs_idl.command return self._lookup(table, record)
2026-07-09 17:58:15.783 10 ERROR ovsdbapp.backend.ovs_idl.command
File "/var/lib/openstack/lib/python3.10/site-packages/ovsdbapp/backend/ovs_idl/__init__.py", line 235, in _lookup
2026-07-09 17:58:15.783 10 ERROR ovsdbapp.backend.ovs_idl.command row = idlutils.row_by_value(self, rl.table, rl.column, record)
2026-07-09 17:58:15.783 10 ERROR ovsdbapp.backend.ovs_idl.command
File "/var/lib/openstack/lib/python3.10/site-packages/ovsdbapp/backend/ovs_idl/idlutils.py", line 114, in row_by_value
2026-07-09 17:58:15.783 10 ERROR ovsdbapp.backend.ovs_idl.command raise RowNotFound(table=table, col=column, match=match)
2026-07-09 17:58:15.783 10 ERROR ovsdbapp.backend.ovs_idl.command ovsdbapp.backend.ovs_idl.idlutils.RowNotFound: Cannot find Logical_Router_Port with name=lrp-b9a7e7dc-56b9-4962-9185-6923450ab255
2026-07-09 17:58:15.783 10 ERROR ovsdbapp.backend.ovs_idl.command 
2026-07-09 17:58:15.783 10 ERROR neutron_lib.callbacks.manager [None req-47ce3757-cbe5-4cc5-bc90-a227d454ba12 3c300bb722a848c4be8995565b8f6bcb 8e1e4778f06640d982674bcc680bfde0 - - default default] Error during notification for neutron.services.ovn_l3.plugin.OVNL3RouterPlugin._port_update-8732684238566 port, after_update: ovsdbapp.backend.ovs_idl.idlutils.RowNotFound: Cannot find Logical_Router_Port with name=lrp-b9a7e7dc-56b9-4962-9185-6923450ab255
2026-07-09 17:58:15.783 10 ERROR neutron_lib.callbacks.manager
Traceback (most recent call last):
2026-07-09 17:58:15.783 10 ERROR neutron_lib.callbacks.manager
File "/var/lib/openstack/lib/python3.10/site-packages/neutron_lib/callbacks/manager.py", line 189, in _notify_loop
2026-07-09 17:58:15.783 10 ERROR neutron_lib.callbacks.manager callback.method(resource, event, trigger, payload=payload)
2026-07-09 17:58:15.783 10 ERROR neutron_lib.callbacks.manager
File "/var/lib/openstack/lib/python3.10/site-packages/neutron/services/ovn_l3/plugin.py", line 391, in _port_update
2026-07-09 17:58:15.783 10 ERROR neutron_lib.callbacks.manager l3plugin._ovn_client.update_router_port(context,
2026-07-09 17:58:15.783 10 ERROR neutron_lib.callbacks.manager
File "/var/lib/openstack/lib/python3.10/site-packages/neutron/plugins/ml2/drivers/ovn/mech_driver/ovsdb/ovn_client.py", line 1878, in update_router_port
2026-07-09 17:58:15.783 10 ERROR neutron_lib.callbacks.manager self._update_lrouter_port(context, port, if_exists=if_exists,
2026-07-09 17:58:15.783 10 ERROR neutron_lib.callbacks.manager
File "/var/lib/openstack/lib/python3.10/site-packages/neutron/plugins/ml2/drivers/ovn/mech_driver/ovsdb/ovn_client.py", line 1855, in _update_lrouter_port
2026-07-09 17:58:15.783 10 ERROR neutron_lib.callbacks.manager external_ids = self._nb_idl.db_get(
2026-07-09 17:58:15.783 10 ERROR neutron_lib.callbacks.manager
File "/var/lib/openstack/lib/python3.10/site-packages/ovsdbapp/backend/ovs_idl/command.py", line 47, in execute
2026-07-09 17:58:15.783 10 ERROR neutron_lib.callbacks.manager self.run_idl(None)
2026-07-09 17:58:15.783 10 ERROR neutron_lib.callbacks.manager
File "/var/lib/openstack/lib/python3.10/site-packages/ovsdbapp/backend/ovs_idl/command.py", line 235, in run_idl
2026-07-09 17:58:15.783 10 ERROR neutron_lib.callbacks.manager record = self.api.lookup(self.table, self.record)
2026-07-09 17:58:15.783 10 ERROR neutron_lib.callbacks.manager
File "/var/lib/openstack/lib/python3.10/site-packages/ovsdbapp/backend/ovs_idl/__init__.py", line 184, in lookup
2026-07-09 17:58:15.783 10 ERROR neutron_lib.callbacks.manager return self._lookup(table, record)
2026-07-09 17:58:15.783 10 ERROR neutron_lib.callbacks.manager
File "/var/lib/openstack/lib/python3.10/site-packages/ovsdbapp/backend/ovs_idl/__init__.py", line 235, in _lookup
2026-07-09 17:58:15.783 10 ERROR neutron_lib.callbacks.manager row = idlutils.row_by_value(self, rl.table, rl.column, record)
2026-07-09 17:58:15.783 10 ERROR neutron_lib.callbacks.manager
File "/var/lib/openstack/lib/python3.10/site-packages/ovsdbapp/backend/ovs_idl/idlutils.py", line 114, in row_by_value
2026-07-09 17:58:15.783 10 ERROR neutron_lib.callbacks.manager raise RowNotFound(table=table, col=column, match=match)
2026-07-09 17:58:15.783 10 ERROR neutron_lib.callbacks.manager ovsdbapp.backend.ovs_idl.idlutils.RowNotFound: Cannot find Logical_Router_Port with name=lrp-b9a7e7dc-56b9-4962-9185-6923450ab255
2026-07-09 17:58:15.783 10 ERROR neutron_lib.callbacks.manager 
2026-07-09 17:58:15.811 10 INFO neutron.wsgi [None req-01137cf4-5743-4ae6-a9e9-3a7bf3260455 9aeda59a440d497382d5d8b602b467e3 f8c8b3c18a7f4cf4bf6c90a17c60d9f2 - - default default] 10.0.0.192 "DELETE /v2.0/floatingips/cc7cf64e-dcc6-498d-9350-599375367364 HTTP/1.1" status: 204 len: 168 time: 0.5734100
2026-07-09 17:58:15.823 9 INFO neutron.wsgi [None req-9f490174-fda8-41b9-82fa-4208fab40808 d0c65db9968c44ea881660ce31adcce2 2bb4e729329c4911868eda1f1f6609e1 - - default default] 10.0.0.192 "DELETE /v2.0/security-groups/5715ec7a-b3f5-40d4-94e9-630c8a1b2b90 HTTP/1.1" status: 204 len: 168 time: 0.3529932
2026-07-09 17:58:15.866 9 WARNING neutron.scheduler.dhcp_agent_scheduler [None req-fefde461-74ae-45af-aa9f-9527c62e27a6 a9bce64e9d7a4ac18dc2a678c7f822bd 1002f4853fb24fac95ad3591bbd6a0cc - - default default] No more DHCP agents
2026-07-09 17:58:15.867 9 WARNING neutron.api.rpc.agentnotifiers.dhcp_rpc_agent_api [None req-fefde461-74ae-45af-aa9f-9527c62e27a6 a9bce64e9d7a4ac18dc2a678c7f822bd 1002f4853fb24fac95ad3591bbd6a0cc - - default default] Unable to schedule network 58c76e00-7acf-420c-8b21-7e8ad4299891: no agents available; will retry on subsequent port and subnet creation events.
2026-07-09 17:58:15.950 9 INFO neutron.db.ovn_revision_numbers_db [None req-fefde461-74ae-45af-aa9f-9527c62e27a6 a9bce64e9d7a4ac18dc2a678c7f822bd 1002f4853fb24fac95ad3591bbd6a0cc - - default default] Successfully bumped revision number for resource 4519497c-284e-47b2-aad3-deba6874eb81 (type: ports) to 1
2026-07-09 17:58:15.975 9 INFO neutron.wsgi [None req-fefde461-74ae-45af-aa9f-9527c62e27a6 a9bce64e9d7a4ac18dc2a678c7f822bd 1002f4853fb24fac95ad3591bbd6a0cc - - default default] 10.0.0.192 "POST /v2.0/networks HTTP/1.1" status: 201 len: 831 time: 0.5992198
2026-07-09 17:58:15.987 9 WARNING neutron_lib.context [None req-088974f5-ebf1-428e-8e05-e78d5f095686 a9bce64e9d7a4ac18dc2a678c7f822bd 1002f4853fb24fac95ad3591bbd6a0cc - - default default] Method 'is_advsvc' is deprecated since 2023.2 release (neutron-lib 3.8.0) and will be removed once support for the old RBAC API policies will be removed from Neutron. Please use method 'is_service_role' instead.
2026-07-09 17:58:16.114 10 INFO neutron.db.ovn_revision_numbers_db [None req-47ce3757-cbe5-4cc5-bc90-a227d454ba12 3c300bb722a848c4be8995565b8f6bcb 8e1e4778f06640d982674bcc680bfde0 - - default default] Successfully bumped revision number for resource b9a7e7dc-56b9-4962-9185-6923450ab255 (type: ports) to 1
2026-07-09 17:58:16.209 10 WARNING neutron.scheduler.dhcp_agent_scheduler [None req-47ce3757-cbe5-4cc5-bc90-a227d454ba12 3c300bb722a848c4be8995565b8f6bcb 8e1e4778f06640d982674bcc680bfde0 - - default default] No more DHCP agents
2026-07-09 17:58:16.210 10 WARNING neutron.api.rpc.agentnotifiers.dhcp_rpc_agent_api [None req-47ce3757-cbe5-4cc5-bc90-a227d454ba12 3c300bb722a848c4be8995565b8f6bcb 8e1e4778f06640d982674bcc680bfde0 - - default default] Unable to schedule network f4f4ba22-7d0a-4b59-8a3d-aba8d8dda95d: no agents available; will retry on subsequent port and subnet creation events.
2026-07-09 17:58:16.265 9 WARNING neutron.scheduler.dhcp_agent_scheduler [None req-088974f5-ebf1-428e-8e05-e78d5f095686 a9bce64e9d7a4ac18dc2a678c7f822bd 1002f4853fb24fac95ad3591bbd6a0cc - - default default] No more DHCP agents
2026-07-09 17:58:16.267 9 WARNING neutron.api.rpc.agentnotifiers.dhcp_rpc_agent_api [None req-088974f5-ebf1-428e-8e05-e78d5f095686 a9bce64e9d7a4ac18dc2a678c7f822bd 1002f4853fb24fac95ad3591bbd6a0cc - - default default] Unable to schedule network 58c76e00-7acf-420c-8b21-7e8ad4299891: no agents available; will retry on subsequent port and subnet creation events.
2026-07-09 17:58:16.356 9 INFO neutron.db.ovn_revision_numbers_db [None req-088974f5-ebf1-428e-8e05-e78d5f095686 a9bce64e9d7a4ac18dc2a678c7f822bd 1002f4853fb24fac95ad3591bbd6a0cc - - default default] Successfully bumped revision number for resource 80e87777-14bc-41bb-b46c-72aa50ed32a3 (type: ports) to 1
2026-07-09 17:58:16.388 9 INFO neutron.wsgi [None req-088974f5-ebf1-428e-8e05-e78d5f095686 a9bce64e9d7a4ac18dc2a678c7f822bd 1002f4853fb24fac95ad3591bbd6a0cc - - default default] 10.0.0.192 "POST /v2.0/ports HTTP/1.1" status: 201 len: 942 time: 0.4073460 /var/lib/openstack/lib/python3.10/site-packages/pycadf/identifier.py:71: UserWarning: Invalid uuid: neutron. To ensure interoperability, identifiers should be a valid uuid. warnings.warn(('Invalid uuid: %s. To ensure interoperability, '
2026-07-09 17:58:16.398 9 WARNING neutron_lib.context [None req-68d900f2-aeea-4893-9279-f5e0eb32d224 a9bce64e9d7a4ac18dc2a678c7f822bd 1002f4853fb24fac95ad3591bbd6a0cc - - default default] Method 'is_advsvc' is deprecated since 2023.2 release (neutron-lib 3.8.0) and will be removed once support for the old RBAC API policies will be removed from Neutron. Please use method 'is_service_role' instead.
2026-07-09 17:58:16.537 9 INFO neutron.db.segments_db [None req-68d900f2-aeea-4893-9279-f5e0eb32d224 a9bce64e9d7a4ac18dc2a678c7f822bd 1002f4853fb24fac95ad3591bbd6a0cc - - default default] Added segment 304d31bc-2e21-4b70-a8f2-6a23aa129f61 of type geneve for network 28b0ded0-0770-4ccf-bc02-9aec0216b618
2026-07-09 17:58:16.702 9 INFO neutron.db.ovn_revision_numbers_db [None req-68d900f2-aeea-4893-9279-f5e0eb32d224 a9bce64e9d7a4ac18dc2a678c7f822bd 1002f4853fb24fac95ad3591bbd6a0cc - - default default] Successfully bumped revision number for resource 28b0ded0-0770-4ccf-bc02-9aec0216b618 (type: networks) to 1
2026-07-09 17:58:16.725 10 INFO neutron.wsgi [None req-28de36a2-9eb0-4685-a85d-a05e7666199a 9aeda59a440d497382d5d8b602b467e3 f8c8b3c18a7f4cf4bf6c90a17c60d9f2 - - default default] 10.0.0.192 "DELETE /v2.0/floatingips/4f4be5ed-3f52-4509-8205-95425021bf4d HTTP/1.1" status: 204 len: 168 time: 0.9070394
2026-07-09 17:58:16.930 9 WARNING neutron.scheduler.dhcp_agent_scheduler [None req-68d900f2-aeea-4893-9279-f5e0eb32d224 a9bce64e9d7a4ac18dc2a678c7f822bd 1002f4853fb24fac95ad3591bbd6a0cc - - default default] No more DHCP agents
2026-07-09 17:58:16.932 9 WARNING neutron.api.rpc.agentnotifiers.dhcp_rpc_agent_api [None req-68d900f2-aeea-4893-9279-f5e0eb32d224 a9bce64e9d7a4ac18dc2a678c7f822bd 1002f4853fb24fac95ad3591bbd6a0cc - - default default] Unable to schedule network 28b0ded0-0770-4ccf-bc02-9aec0216b618: no agents available; will retry on subsequent port and subnet creation events.
2026-07-09 17:58:17.030 9 INFO neutron.db.ovn_revision_numbers_db [None req-68d900f2-aeea-4893-9279-f5e0eb32d224 a9bce64e9d7a4ac18dc2a678c7f822bd 1002f4853fb24fac95ad3591bbd6a0cc - - default default] Successfully bumped revision number for resource 8021da7b-24d6-46e0-a50a-943de99ead22 (type: ports) to 1
2026-07-09 17:58:17.080 9 INFO neutron.wsgi [None req-68d900f2-aeea-4893-9279-f5e0eb32d224 a9bce64e9d7a4ac18dc2a678c7f822bd 1002f4853fb24fac95ad3591bbd6a0cc - - default default] 10.0.0.192 "POST /v2.0/networks HTTP/1.1" status: 201 len: 831 time: 0.6872258
2026-07-09 17:58:17.092 9 WARNING neutron_lib.context [None req-845329a7-6b23-41be-b536-8ae677285bd5 a9bce64e9d7a4ac18dc2a678c7f822bd 1002f4853fb24fac95ad3591bbd6a0cc - - default default] Method 'is_advsvc' is deprecated since 2023.2 release (neutron-lib 3.8.0) and will be removed once support for the old RBAC API policies will be removed from Neutron. Please use method 'is_service_role' instead.
2026-07-09 17:58:17.137 10 INFO neutron.db.ovn_revision_numbers_db [None req-47ce3757-cbe5-4cc5-bc90-a227d454ba12 3c300bb722a848c4be8995565b8f6bcb 8e1e4778f06640d982674bcc680bfde0 - - default default] Successfully bumped revision number for resource b9a7e7dc-56b9-4962-9185-6923450ab255 (type: router_ports) to 1
2026-07-09 17:58:17.145 10 INFO neutron.wsgi [None req-47ce3757-cbe5-4cc5-bc90-a227d454ba12 3c300bb722a848c4be8995565b8f6bcb 8e1e4778f06640d982674bcc680bfde0 - - default default] 10.0.0.192 "PUT /v2.0/routers/f20e38a5-2cbf-4826-969d-283cc1a3177e/add_router_interface HTTP/1.1" status: 200 len: 503 time: 3.8262568
2026-07-09 17:58:17.165 9 WARNING neutron_lib.context [None req-34d855a8-99dc-43d5-862b-a45b55e201bd 3c300bb722a848c4be8995565b8f6bcb 8e1e4778f06640d982674bcc680bfde0 - - default default] Method 'is_advsvc' is deprecated since 2023.2 release (neutron-lib 3.8.0) and will be removed once support for the old RBAC API policies will be removed from Neutron. Please use method 'is_service_role' instead.
2026-07-09 17:58:17.261 10 INFO neutron.wsgi [None req-895a5a29-3728-435e-b842-f4e1878fd5ed 9aeda59a440d497382d5d8b602b467e3 f8c8b3c18a7f4cf4bf6c90a17c60d9f2 - - default default] 10.0.0.192 "DELETE /v2.0/floatingips/c0a6f668-90aa-42b9-ba21-688c74f65057 HTTP/1.1" status: 204 len: 168 time: 0.5295236
2026-07-09 17:58:17.722 10 INFO neutron.wsgi [None req-cad17f46-cd6b-4274-8c8a-312e2abfee0e 9aeda59a440d497382d5d8b602b467e3 f8c8b3c18a7f4cf4bf6c90a17c60d9f2 - - default default] 10.0.0.192 "DELETE /v2.0/floatingips/2a37ef61-6cfb-4af4-ae3c-c6cca0e32dcd HTTP/1.1" status: 204 len: 168 time: 0.4550829
2026-07-09 17:58:17.746 9 WARNING neutron.plugins.ml2.drivers.ovn.mech_driver.ovsdb.ovn_client [None req-ded871be-44cd-4c87-a954-1ccc9f7460bd - - - - - -] No hosting information found for port 9ab81e58-df0c-4f62-8acb-72a141a4bec0: RuntimeError: No hosting information found for port 9ab81e58-df0c-4f62-8acb-72a141a4bec0
2026-07-09 17:58:17.747 9 INFO neutron.plugins.ml2.drivers.ovn.mech_driver.mech_driver [None req-ded871be-44cd-4c87-a954-1ccc9f7460bd - - - - - -] OVN reports status up for port: b9a7e7dc-56b9-4962-9185-6923450ab255
2026-07-09 17:58:17.775 9 INFO neutron.plugins.ml2.plugin [None req-ded871be-44cd-4c87-a954-1ccc9f7460bd - - - - - -] Attempt 1 to provision port b9a7e7dc-56b9-4962-9185-6923450ab255
2026-07-09 17:58:17.937 9 WARNING neutron.scheduler.dhcp_agent_scheduler [None req-845329a7-6b23-41be-b536-8ae677285bd5 a9bce64e9d7a4ac18dc2a678c7f822bd 1002f4853fb24fac95ad3591bbd6a0cc - - default default] No more DHCP agents
2026-07-09 17:58:17.941 9 WARNING neutron.api.rpc.agentnotifiers.dhcp_rpc_agent_api [None req-845329a7-6b23-41be-b536-8ae677285bd5 a9bce64e9d7a4ac18dc2a678c7f822bd 1002f4853fb24fac95ad3591bbd6a0cc - - default default] Unable to schedule network 28b0ded0-0770-4ccf-bc02-9aec0216b618: no agents available; will retry on subsequent port and subnet creation events.
2026-07-09 17:58:18.123 10 INFO neutron.wsgi [None req-ce946990-f35f-419a-92a1-346808f27c55 9aeda59a440d497382d5d8b602b467e3 f8c8b3c18a7f4cf4bf6c90a17c60d9f2 - - default default] 10.0.0.192 "DELETE /v2.0/floatingips/05568060-ccbd-493f-967f-1895bb030fc4 HTTP/1.1" status: 204 len: 168 time: 0.3968489
2026-07-09 17:58:18.204 9 INFO neutron.db.ovn_revision_numbers_db [None req-845329a7-6b23-41be-b536-8ae677285bd5 a9bce64e9d7a4ac18dc2a678c7f822bd 1002f4853fb24fac95ad3591bbd6a0cc - - default default] Successfully bumped revision number for resource 97de2e94-e7a8-433f-8528-9b9ef010596f (type: ports) to 1
2026-07-09 17:58:18.286 9 INFO neutron.wsgi [None req-845329a7-6b23-41be-b536-8ae677285bd5 a9bce64e9d7a4ac18dc2a678c7f822bd 1002f4853fb24fac95ad3591bbd6a0cc - - default default] 10.0.0.192 "POST /v2.0/ports HTTP/1.1" status: 201 len: 942 time: 1.1989751
2026-07-09 17:58:18.298 10 WARNING neutron_lib.context [None req-0b510e07-55ec-40a7-9a33-65a091449178 a9bce64e9d7a4ac18dc2a678c7f822bd 1002f4853fb24fac95ad3591bbd6a0cc - - default default] Method 'is_advsvc' is deprecated since 2023.2 release (neutron-lib 3.8.0) and will be removed once support for the old RBAC API policies will be removed from Neutron. Please use method 'is_service_role' instead.
2026-07-09 17:58:18.408 10 INFO neutron.db.segments_db [None req-0b510e07-55ec-40a7-9a33-65a091449178 a9bce64e9d7a4ac18dc2a678c7f822bd 1002f4853fb24fac95ad3591bbd6a0cc - - default default] Added segment f6733f13-ddef-470d-999f-70a61829a2fe of type geneve for network aa244594-b285-4db6-95a2-64568296c6ea
2026-07-09 17:58:18.525 9 WARNING neutron.scheduler.dhcp_agent_scheduler [None req-34d855a8-99dc-43d5-862b-a45b55e201bd 3c300bb722a848c4be8995565b8f6bcb 8e1e4778f06640d982674bcc680bfde0 - - default default] No more DHCP agents
2026-07-09 17:58:18.527 9 WARNING neutron.api.rpc.agentnotifiers.dhcp_rpc_agent_api [None req-34d855a8-99dc-43d5-862b-a45b55e201bd 3c300bb722a848c4be8995565b8f6bcb 8e1e4778f06640d982674bcc680bfde0 - - default default] Unable to schedule network 8dada6d5-ea31-4336-b244-4e6f55665df5: no agents available; will retry on subsequent port and subnet creation events.
2026-07-09 17:58:18.610 10 INFO neutron.db.ovn_revision_numbers_db [None req-0b510e07-55ec-40a7-9a33-65a091449178 a9bce64e9d7a4ac18dc2a678c7f822bd 1002f4853fb24fac95ad3591bbd6a0cc - - default default] Successfully bumped revision number for resource aa244594-b285-4db6-95a2-64568296c6ea (type: networks) to 1
2026-07-09 17:58:18.678 9 INFO neutron.db.ovn_revision_numbers_db [None req-ded871be-44cd-4c87-a954-1ccc9f7460bd - - - - - -] Successfully bumped revision number for resource b9a7e7dc-56b9-4962-9185-6923450ab255 (type: ports) to 2
2026-07-09 17:58:18.813 10 WARNING neutron.scheduler.dhcp_agent_scheduler [None req-0b510e07-55ec-40a7-9a33-65a091449178 a9bce64e9d7a4ac18dc2a678c7f822bd 1002f4853fb24fac95ad3591bbd6a0cc - - default default] No more DHCP agents
2026-07-09 17:58:18.815 10 WARNING neutron.api.rpc.agentnotifiers.dhcp_rpc_agent_api [None req-0b510e07-55ec-40a7-9a33-65a091449178 a9bce64e9d7a4ac18dc2a678c7f822bd 1002f4853fb24fac95ad3591bbd6a0cc - - default default] Unable to schedule network aa244594-b285-4db6-95a2-64568296c6ea: no agents available; will retry on subsequent port and subnet creation events.
2026-07-09 17:58:18.907 10 INFO neutron.db.ovn_revision_numbers_db [None req-0b510e07-55ec-40a7-9a33-65a091449178 a9bce64e9d7a4ac18dc2a678c7f822bd 1002f4853fb24fac95ad3591bbd6a0cc - - default default] Successfully bumped revision number for resource 29c482de-d858-4412-b6bd-2f1ce53228a4 (type: ports) to 1
2026-07-09 17:58:18.930 10 INFO neutron.wsgi [None req-0b510e07-55ec-40a7-9a33-65a091449178 a9bce64e9d7a4ac18dc2a678c7f822bd 1002f4853fb24fac95ad3591bbd6a0cc - - default default] 10.0.0.192 "POST /v2.0/networks HTTP/1.1" status: 201 len: 831 time: 0.6389294
2026-07-09 17:58:18.942 10 WARNING neutron_lib.context [None req-fbb32656-6b81-4759-a101-17bebed8a582 a9bce64e9d7a4ac18dc2a678c7f822bd 1002f4853fb24fac95ad3591bbd6a0cc - - default default] Method 'is_advsvc' is deprecated since 2023.2 release (neutron-lib 3.8.0) and will be removed once support for the old RBAC API policies will be removed from Neutron. Please use method 'is_service_role' instead.
2026-07-09 17:58:19.123 9 INFO neutron.db.ovn_revision_numbers_db [None req-34d855a8-99dc-43d5-862b-a45b55e201bd 3c300bb722a848c4be8995565b8f6bcb 8e1e4778f06640d982674bcc680bfde0 - - default default] Successfully bumped revision number for resource 58ca1787-ef37-41c0-8277-960f548efb24 (type: ports) to 1
