2026-07-09 17:56:55.499 9 WARNING neutron.scheduler.dhcp_agent_scheduler [None req-cee16185-2292-4528-b7cb-ff151f3af3ec 2b7159f5593f47b19a5859311ddea22e 9e1d3e842e874082b34bf24979a99e9b - - default default] No more DHCP agents
2026-07-09 17:56:55.504 9 WARNING neutron.api.rpc.agentnotifiers.dhcp_rpc_agent_api [None req-cee16185-2292-4528-b7cb-ff151f3af3ec 2b7159f5593f47b19a5859311ddea22e 9e1d3e842e874082b34bf24979a99e9b - - default default] Unable to schedule network f1e0a1c2-1eb2-4023-ab64-a210b2e76b8e: no agents available; will retry on subsequent port and subnet creation events.
2026-07-09 17:56:55.571 9 INFO neutron.db.ovn_revision_numbers_db [None req-cee16185-2292-4528-b7cb-ff151f3af3ec 2b7159f5593f47b19a5859311ddea22e 9e1d3e842e874082b34bf24979a99e9b - - default default] Successfully bumped revision number for resource bbee71e4-a9bf-4b90-bb91-3677bdc4340a (type: subnets) to 0
2026-07-09 17:56:55.605 9 INFO neutron.wsgi [None req-cee16185-2292-4528-b7cb-ff151f3af3ec 2b7159f5593f47b19a5859311ddea22e 9e1d3e842e874082b34bf24979a99e9b - - default default] 10.0.0.192 "POST /v2.0/subnets HTTP/1.1" status: 201 len: 821 time: 0.5632782
2026-07-09 17:56:55.619 10 WARNING neutron_lib.context [None req-f4aecf77-f159-45cf-abe3-5cdaa9b98612 2b7159f5593f47b19a5859311ddea22e 9e1d3e842e874082b34bf24979a99e9b - - default default] Method 'is_advsvc' is deprecated since 2023.2 release (neutron-lib 3.8.0) and will be removed once support for the old RBAC API policies will be removed from Neutron. Please use method 'is_service_role' instead.
2026-07-09 17:56:55.694 10 INFO neutron.wsgi [None req-7e316172-1822-45fa-b6b8-3f4698d26ca7 d0c65db9968c44ea881660ce31adcce2 2bb4e729329c4911868eda1f1f6609e1 - - default default] 10.0.0.192 "DELETE /v2.0/security-groups/79697d36-07b4-4b78-bd15-82d7f68f7217 HTTP/1.1" status: 204 len: 168 time: 0.4094930
2026-07-09 17:56:55.736 10 INFO neutron.wsgi [None req-63adac8c-918e-4e00-8410-0b276d564e60 b91a93194f154d1a9cd938be22bc2094 af4e8d38717e4c87976ec3d0bb3c7d9e - - default default] 10.0.0.192 "GET /v2.0/subnets?project_id=366429dc9b524713af94988132729de1&cidr=10.100.0.0%2F28 HTTP/1.1" status: 200 len: 207 time: 0.2674181
2026-07-09 17:56:55.740 9 INFO neutron.wsgi [None req-bccb0c51-9638-4967-b24e-15e390d71dc8 d0c65db9968c44ea881660ce31adcce2 2bb4e729329c4911868eda1f1f6609e1 - - default default] 10.0.0.192 "DELETE /v2.0/security-groups/29345c48-49c6-41a2-8d57-292b1d3adfc7 HTTP/1.1" status: 204 len: 168 time: 0.4475605
2026-07-09 17:56:55.867 10 INFO neutron.wsgi [None req-69716764-3614-4ee2-bdd8-5ae46fcafbd8 b91a93194f154d1a9cd938be22bc2094 af4e8d38717e4c87976ec3d0bb3c7d9e - - default default] 10.0.0.192 "GET /v2.0/networks?router%3Aexternal=True HTTP/1.1" status: 200 len: 947 time: 0.1265035
2026-07-09 17:56:55.899 9 INFO neutron.wsgi [None req-15061e88-0d24-4114-a583-12298cc7875b b91a93194f154d1a9cd938be22bc2094 af4e8d38717e4c87976ec3d0bb3c7d9e - - default default] 10.0.0.192 "GET /v2.0/subnets?network_id=8dada6d5-ea31-4336-b244-4e6f55665df5&cidr=10.100.0.0%2F28 HTTP/1.1" status: 200 len: 207 time: 0.0249369
2026-07-09 17:56:55.912 10 WARNING neutron_lib.context [None req-2aee5a97-e977-47a9-a67f-e588d3ef8654 b6657a9963d7413890d33574fe038125 366429dc9b524713af94988132729de1 - - default default] Method 'is_advsvc' is deprecated since 2023.2 release (neutron-lib 3.8.0) and will be removed once support for the old RBAC API policies will be removed from Neutron. Please use method 'is_service_role' instead.
2026-07-09 17:56:56.089 10 WARNING neutron.scheduler.dhcp_agent_scheduler [None req-f4aecf77-f159-45cf-abe3-5cdaa9b98612 2b7159f5593f47b19a5859311ddea22e 9e1d3e842e874082b34bf24979a99e9b - - default default] No more DHCP agents
2026-07-09 17:56:56.092 10 WARNING neutron.api.rpc.agentnotifiers.dhcp_rpc_agent_api [None req-f4aecf77-f159-45cf-abe3-5cdaa9b98612 2b7159f5593f47b19a5859311ddea22e 9e1d3e842e874082b34bf24979a99e9b - - default default] Unable to schedule network f1e0a1c2-1eb2-4023-ab64-a210b2e76b8e: no agents available; will retry on subsequent port and subnet creation events.
2026-07-09 17:56:56.299 10 WARNING neutron.scheduler.dhcp_agent_scheduler [None req-2aee5a97-e977-47a9-a67f-e588d3ef8654 b6657a9963d7413890d33574fe038125 366429dc9b524713af94988132729de1 - - default default] No more DHCP agents
2026-07-09 17:56:56.300 10 INFO neutron.db.ovn_revision_numbers_db [None req-f4aecf77-f159-45cf-abe3-5cdaa9b98612 2b7159f5593f47b19a5859311ddea22e 9e1d3e842e874082b34bf24979a99e9b - - default default] Successfully bumped revision number for resource fdee5d74-2ebf-4256-8342-56f227b788b6 (type: ports) to 1
2026-07-09 17:56:56.302 10 WARNING neutron.api.rpc.agentnotifiers.dhcp_rpc_agent_api [None req-2aee5a97-e977-47a9-a67f-e588d3ef8654 b6657a9963d7413890d33574fe038125 366429dc9b524713af94988132729de1 - - default default] Unable to schedule network 679c4894-df85-4bab-a527-509d4313a943: no agents available; will retry on subsequent port and subnet creation events.
2026-07-09 17:56:56.344 10 INFO neutron.wsgi [None req-f4aecf77-f159-45cf-abe3-5cdaa9b98612 2b7159f5593f47b19a5859311ddea22e 9e1d3e842e874082b34bf24979a99e9b - - default default] 10.0.0.192 "POST /v2.0/ports HTTP/1.1" status: 201 len: 1122 time: 0.7317827
2026-07-09 17:56:56.450 9 INFO neutron.db.ovn_revision_numbers_db [None req-0483e825-3f8f-44b8-8adf-be0bc576293b d0c65db9968c44ea881660ce31adcce2 2bb4e729329c4911868eda1f1f6609e1 - - default default] Successfully bumped revision number for resource 0a9ae9f0-8408-4f43-acb3-857663684e70 (type: security_groups) to 1
2026-07-09 17:56:56.465 9 INFO neutron.db.ovn_revision_numbers_db [None req-77de865c-f7f1-4986-a582-09aed644daa6 - - - - - -] Successfully bumped revision number for resource 43d0feae-a1f4-429a-9d86-83f03f431327 (type: ports) to 1
2026-07-09 17:56:56.468 9 INFO neutron.db.ovn_revision_numbers_db [None req-0483e825-3f8f-44b8-8adf-be0bc576293b d0c65db9968c44ea881660ce31adcce2 2bb4e729329c4911868eda1f1f6609e1 - - default default] Successfully bumped revision number for resource 1d8f9d8e-6b05-415d-bc8d-8edfc4ef1a6f (type: security_group_rules) to 0
2026-07-09 17:56:56.484 9 INFO neutron.db.ovn_revision_numbers_db [None req-0483e825-3f8f-44b8-8adf-be0bc576293b d0c65db9968c44ea881660ce31adcce2 2bb4e729329c4911868eda1f1f6609e1 - - default default] Successfully bumped revision number for resource 300d55ad-8da3-4d83-a5f5-a35f1ea7d0a2 (type: security_group_rules) to 0
2026-07-09 17:56:56.502 9 INFO neutron.db.ovn_revision_numbers_db [None req-0483e825-3f8f-44b8-8adf-be0bc576293b d0c65db9968c44ea881660ce31adcce2 2bb4e729329c4911868eda1f1f6609e1 - - default default] Successfully bumped revision number for resource e620b5f3-fbb3-4680-b0b5-220dcc275485 (type: security_group_rules) to 0
2026-07-09 17:56:56.522 9 INFO neutron.db.ovn_revision_numbers_db [None req-0483e825-3f8f-44b8-8adf-be0bc576293b d0c65db9968c44ea881660ce31adcce2 2bb4e729329c4911868eda1f1f6609e1 - - default default] Successfully bumped revision number for resource fbb44d5a-c214-4c88-9820-8797d6970f00 (type: security_group_rules) to 0
2026-07-09 17:56:56.551 9 INFO neutron.wsgi [None req-0483e825-3f8f-44b8-8adf-be0bc576293b d0c65db9968c44ea881660ce31adcce2 2bb4e729329c4911868eda1f1f6609e1 - - default default] 10.0.0.192 "GET /v2.0/security-groups?tenant_id=eecb0dd1a7074959883105b5c9dfc2da&name=default HTTP/1.1" status: 200 len: 3120 time: 0.5946839
2026-07-09 17:56:56.936 9 INFO neutron.wsgi [None req-dacb2f61-5318-4353-9337-480cdaab7c64 d0c65db9968c44ea881660ce31adcce2 2bb4e729329c4911868eda1f1f6609e1 - - default default] 10.0.0.192 "DELETE /v2.0/security-groups/0a9ae9f0-8408-4f43-acb3-857663684e70 HTTP/1.1" status: 204 len: 168 time: 0.3781288
2026-07-09 17:56:56.963 9 INFO neutron.db.ovn_revision_numbers_db [None req-77de865c-f7f1-4986-a582-09aed644daa6 - - - - - -] Successfully bumped revision number for resource 43d0feae-a1f4-429a-9d86-83f03f431327 (type: router_ports) to 3
2026-07-09 17:56:56.977 10 INFO neutron.wsgi [None req-665c5379-be9c-4773-b63b-25807872b1c7 2b7159f5593f47b19a5859311ddea22e 9e1d3e842e874082b34bf24979a99e9b - - default default] 10.0.0.192 "DELETE /v2.0/ports/fdee5d74-2ebf-4256-8342-56f227b788b6 HTTP/1.1" status: 204 len: 168 time: 0.6240158
2026-07-09 17:56:57.005 10 INFO neutron.pecan_wsgi.hooks.translation [None req-1f7bfc12-1a83-44d9-a6f9-87e9c5ad08db 2b7159f5593f47b19a5859311ddea22e 9e1d3e842e874082b34bf24979a99e9b - - default default] GET failed (client error): The resource could not be found.
2026-07-09 17:56:57.007 10 INFO neutron.wsgi [None req-1f7bfc12-1a83-44d9-a6f9-87e9c5ad08db 2b7159f5593f47b19a5859311ddea22e 9e1d3e842e874082b34bf24979a99e9b - - default default] 10.0.0.192 "GET /v2.0/ports/fdee5d74-2ebf-4256-8342-56f227b788b6 HTTP/1.1" status: 404 len: 333 time: 0.0242136
2026-07-09 17:56:57.244 9 INFO neutron.db.ovn_revision_numbers_db [None req-77de865c-f7f1-4986-a582-09aed644daa6 - - - - - -] Successfully bumped revision number for resource 43d0feae-a1f4-429a-9d86-83f03f431327 (type: ports) to 2
2026-07-09 17:56:57.283 10 INFO neutron.db.ovn_revision_numbers_db [None req-2aee5a97-e977-47a9-a67f-e588d3ef8654 b6657a9963d7413890d33574fe038125 366429dc9b524713af94988132729de1 - - default default] Successfully bumped revision number for resource f8deb759-4d6c-462f-bcdc-ada1b81e63ea (type: ports) to 2
2026-07-09 17:56:57.706 9 INFO neutron.db.ovn_revision_numbers_db [None req-77de865c-f7f1-4986-a582-09aed644daa6 - - - - - -] Successfully bumped revision number for resource 43d0feae-a1f4-429a-9d86-83f03f431327 (type: ports) to 4
2026-07-09 17:56:57.727 10 INFO neutron.wsgi [None req-b460f4ce-6c60-4a46-a90b-da7c35139386 2b7159f5593f47b19a5859311ddea22e 9e1d3e842e874082b34bf24979a99e9b - - default default] 10.0.0.192 "DELETE /v2.0/subnets/bbee71e4-a9bf-4b90-bb91-3677bdc4340a HTTP/1.1" status: 204 len: 168 time: 0.7136896
2026-07-09 17:56:57.764 10 INFO neutron.db.ovn_revision_numbers_db [None req-75ac451f-39a8-4123-b212-2e27e37f6c0d d0c65db9968c44ea881660ce31adcce2 2bb4e729329c4911868eda1f1f6609e1 - - default default] Successfully bumped revision number for resource 4b033054-391c-4c8c-9bc8-f87be7be3eed (type: security_groups) to 1
2026-07-09 17:56:57.777 10 INFO neutron.db.ovn_revision_numbers_db [None req-2aee5a97-e977-47a9-a67f-e588d3ef8654 b6657a9963d7413890d33574fe038125 366429dc9b524713af94988132729de1 - - default default] Successfully bumped revision number for resource 0c40d40a-bf8d-4bed-b773-a36524d91f58 (type: subnets) to 0
2026-07-09 17:56:57.796 10 INFO neutron.db.ovn_revision_numbers_db [None req-75ac451f-39a8-4123-b212-2e27e37f6c0d d0c65db9968c44ea881660ce31adcce2 2bb4e729329c4911868eda1f1f6609e1 - - default default] Successfully bumped revision number for resource 0fb0f7d1-fc12-4df9-9718-96b07600bb50 (type: security_group_rules) to 0
2026-07-09 17:56:57.805 10 INFO neutron.wsgi [None req-2aee5a97-e977-47a9-a67f-e588d3ef8654 b6657a9963d7413890d33574fe038125 366429dc9b524713af94988132729de1 - - default default] 10.0.0.192 "POST /v2.0/subnets HTTP/1.1" status: 201 len: 831 time: 1.9002926
2026-07-09 17:56:57.858 10 INFO neutron.db.ovn_revision_numbers_db [None req-75ac451f-39a8-4123-b212-2e27e37f6c0d d0c65db9968c44ea881660ce31adcce2 2bb4e729329c4911868eda1f1f6609e1 - - default default] Successfully bumped revision number for resource 14ed2119-e46b-45dd-b534-90574049bcb5 (type: security_group_rules) to 0
2026-07-09 17:56:57.887 10 INFO neutron.db.ovn_revision_numbers_db [None req-75ac451f-39a8-4123-b212-2e27e37f6c0d d0c65db9968c44ea881660ce31adcce2 2bb4e729329c4911868eda1f1f6609e1 - - default default] Successfully bumped revision number for resource 7b0e43cd-8120-44ab-a7c8-f753a544bdc2 (type: security_group_rules) to 0
2026-07-09 17:56:57.937 10 INFO neutron.db.ovn_revision_numbers_db [None req-75ac451f-39a8-4123-b212-2e27e37f6c0d d0c65db9968c44ea881660ce31adcce2 2bb4e729329c4911868eda1f1f6609e1 - - default default] Successfully bumped revision number for resource b439b663-46d4-46d7-bd34-b09ea9419a7f (type: security_group_rules) to 0
2026-07-09 17:56:57.951 9 INFO neutron.db.ovn_revision_numbers_db [None req-77de865c-f7f1-4986-a582-09aed644daa6 - - - - - -] Successfully bumped revision number for resource 43d0feae-a1f4-429a-9d86-83f03f431327 (type: router_ports) to 4
2026-07-09 17:56:57.980 10 INFO neutron.wsgi [None req-75ac451f-39a8-4123-b212-2e27e37f6c0d d0c65db9968c44ea881660ce31adcce2 2bb4e729329c4911868eda1f1f6609e1 - - default default] 10.0.0.192 "GET /v2.0/security-groups?tenant_id=ccf7b570db744dbdb4eaf5f4fbe0833c&name=default HTTP/1.1" status: 200 len: 3120 time: 0.9179368
2026-07-09 17:56:58.265 9 INFO neutron.wsgi [None req-9d24d6d2-01f1-41f6-93c9-15303e50513b d0c65db9968c44ea881660ce31adcce2 2bb4e729329c4911868eda1f1f6609e1 - - default default] 10.0.0.192 "DELETE /v2.0/security-groups/4b033054-391c-4c8c-9bc8-f87be7be3eed HTTP/1.1" status: 204 len: 168 time: 0.2791748
2026-07-09 17:56:58.441 10 INFO neutron.services.segments.plugin [-] Segment b59479c6-f69b-4b93-8b90-e468faee60fd resource provider aggregate not found
2026-07-09 17:56:58.463 10 INFO neutron.services.segments.plugin [-] Segment b59479c6-f69b-4b93-8b90-e468faee60fd resource provider aggregate not found
2026-07-09 17:56:58.485 10 INFO neutron.services.segments.plugin [-] Segment b59479c6-f69b-4b93-8b90-e468faee60fd resource provider not found; error: Placement Client Error (4xx): {"errors": [{"status": 404, "title": "Not Found", "detail": "The resource could not be found.\n\n No resource provider with uuid b59479c6-f69b-4b93-8b90-e468faee60fd found for delete ", "request_id": "req-e6e15892-343f-41a2-97a4-d0f3d30b2b05"}]}
2026-07-09 17:56:58.495 10 INFO neutron.services.segments.plugin [-] Segment b59479c6-f69b-4b93-8b90-e468faee60fd resource provider not found; error: Placement Client Error (4xx): {"errors": [{"status": 404, "title": "Not Found", "detail": "The resource could not be found.\n\n No resource provider with uuid b59479c6-f69b-4b93-8b90-e468faee60fd found for delete ", "request_id": "req-ebd932c1-2b01-48c2-b63c-e9a66c05112d"}]}
2026-07-09 17:56:58.569 10 INFO neutron.wsgi [None req-3b8dd610-b69c-4e51-a887-b19323f8409d 2b7159f5593f47b19a5859311ddea22e 9e1d3e842e874082b34bf24979a99e9b - - default default] 10.0.0.192 "DELETE /v2.0/networks/f1e0a1c2-1eb2-4023-ab64-a210b2e76b8e HTTP/1.1" status: 204 len: 168 time: 0.8366153
2026-07-09 17:56:58.584 9 WARNING neutron_lib.context [None req-100e31ee-cb2c-4a94-a436-721e6e0a8b60 2b7159f5593f47b19a5859311ddea22e 9e1d3e842e874082b34bf24979a99e9b - - default default] Method 'is_advsvc' is deprecated since 2023.2 release (neutron-lib 3.8.0) and will be removed once support for the old RBAC API policies will be removed from Neutron. Please use method 'is_service_role' instead.
2026-07-09 17:56:58.915 9 WARNING neutron.scheduler.dhcp_agent_scheduler [None req-100e31ee-cb2c-4a94-a436-721e6e0a8b60 2b7159f5593f47b19a5859311ddea22e 9e1d3e842e874082b34bf24979a99e9b - - default default] No more DHCP agents
2026-07-09 17:56:58.918 9 WARNING neutron.api.rpc.agentnotifiers.dhcp_rpc_agent_api [None req-100e31ee-cb2c-4a94-a436-721e6e0a8b60 2b7159f5593f47b19a5859311ddea22e 9e1d3e842e874082b34bf24979a99e9b - - default default] Unable to schedule network f62886c9-601b-4f48-9213-bacc7aea1bed: no agents available; will retry on subsequent port and subnet creation events.
2026-07-09 17:56:58.940 10 WARNING neutron.scheduler.dhcp_agent_scheduler [None req-aecca7e4-26ef-4903-840c-5a2e1c020eff b6657a9963d7413890d33574fe038125 366429dc9b524713af94988132729de1 - - default default] No more DHCP agents
2026-07-09 17:56:58.944 10 WARNING neutron.api.rpc.agentnotifiers.dhcp_rpc_agent_api [None req-aecca7e4-26ef-4903-840c-5a2e1c020eff b6657a9963d7413890d33574fe038125 366429dc9b524713af94988132729de1 - - default default] Unable to schedule network 679c4894-df85-4bab-a527-509d4313a943: no agents available; will retry on subsequent port and subnet creation events.
2026-07-09 17:56:59.049 9 INFO neutron.db.ovn_revision_numbers_db [None req-100e31ee-cb2c-4a94-a436-721e6e0a8b60 2b7159f5593f47b19a5859311ddea22e 9e1d3e842e874082b34bf24979a99e9b - - default default] Successfully bumped revision number for resource c118cb56-533e-4aa6-98d4-bde300c7b017 (type: ports) to 1
2026-07-09 17:56:59.083 9 INFO neutron.wsgi [None req-100e31ee-cb2c-4a94-a436-721e6e0a8b60 2b7159f5593f47b19a5859311ddea22e 9e1d3e842e874082b34bf24979a99e9b - - default default] 10.0.0.192 "POST /v2.0/ports HTTP/1.1" status: 201 len: 977 time: 0.5061231
2026-07-09 17:56:59.173 10 INFO neutron.db.ovn_revision_numbers_db [None req-aecca7e4-26ef-4903-840c-5a2e1c020eff b6657a9963d7413890d33574fe038125 366429dc9b524713af94988132729de1 - - default default] Successfully bumped revision number for resource 085c6cd3-61df-4d72-ad9f-96afea755ac5 (type: ports) to 1
2026-07-09 17:56:59.779 9 INFO neutron.plugins.ml2.drivers.ovn.mech_driver.mech_driver [None req-ded871be-44cd-4c87-a954-1ccc9f7460bd - - - - - -] OVN reports status down for port: c118cb56-533e-4aa6-98d4-bde300c7b017
2026-07-09 17:56:59.809 10 INFO neutron.db.ovn_revision_numbers_db [None req-6ff6fd9d-5e0c-4633-83ac-00a7cf41c952 2b7159f5593f47b19a5859311ddea22e 9e1d3e842e874082b34bf24979a99e9b - - default default] Successfully bumped revision number for resource c118cb56-533e-4aa6-98d4-bde300c7b017 (type: ports) to 2
2026-07-09 17:56:59.828 10 INFO neutron.wsgi [None req-6ff6fd9d-5e0c-4633-83ac-00a7cf41c952 2b7159f5593f47b19a5859311ddea22e 9e1d3e842e874082b34bf24979a99e9b - - default default] 10.0.0.192 "PUT /v2.0/ports/c118cb56-533e-4aa6-98d4-bde300c7b017 HTTP/1.1" status: 200 len: 946 time: 0.7390897 /var/lib/openstack/lib/python3.10/site-packages/pycadf/identifier.py:71: UserWarning: Invalid uuid: neutron. To ensure interoperability, identifiers should be a valid uuid. warnings.warn(('Invalid uuid: %s. To ensure interoperability, '
2026-07-09 17:57:00.151 9 INFO neutron.wsgi [None req-918e2748-b589-44da-9144-695fcabad595 2b7159f5593f47b19a5859311ddea22e 9e1d3e842e874082b34bf24979a99e9b - - default default] 10.0.0.192 "DELETE /v2.0/ports/c118cb56-533e-4aa6-98d4-bde300c7b017 HTTP/1.1" status: 204 len: 168 time: 0.3182623
2026-07-09 17:57:00.233 10 ERROR ovsdbapp.backend.ovs_idl.command [None req-aecca7e4-26ef-4903-840c-5a2e1c020eff b6657a9963d7413890d33574fe038125 366429dc9b524713af94988132729de1 - - default default] Error executing command (DbGetCommand): ovsdbapp.backend.ovs_idl.idlutils.RowNotFound: Cannot find Logical_Router_Port with name=lrp-085c6cd3-61df-4d72-ad9f-96afea755ac5
2026-07-09 17:57:00.233 10 ERROR ovsdbapp.backend.ovs_idl.command
Traceback (most recent call last):
2026-07-09 17:57:00.233 10 ERROR ovsdbapp.backend.ovs_idl.command
File "/var/lib/openstack/lib/python3.10/site-packages/ovsdbapp/backend/ovs_idl/command.py", line 47, in execute
2026-07-09 17:57:00.233 10 ERROR ovsdbapp.backend.ovs_idl.command self.run_idl(None)
2026-07-09 17:57:00.233 10 ERROR ovsdbapp.backend.ovs_idl.command
File "/var/lib/openstack/lib/python3.10/site-packages/ovsdbapp/backend/ovs_idl/command.py", line 235, in run_idl
2026-07-09 17:57:00.233 10 ERROR ovsdbapp.backend.ovs_idl.command record = self.api.lookup(self.table, self.record)
2026-07-09 17:57:00.233 10 ERROR ovsdbapp.backend.ovs_idl.command
File "/var/lib/openstack/lib/python3.10/site-packages/ovsdbapp/backend/ovs_idl/__init__.py", line 184, in lookup
2026-07-09 17:57:00.233 10 ERROR ovsdbapp.backend.ovs_idl.command return self._lookup(table, record)
2026-07-09 17:57:00.233 10 ERROR ovsdbapp.backend.ovs_idl.command
File "/var/lib/openstack/lib/python3.10/site-packages/ovsdbapp/backend/ovs_idl/__init__.py", line 235, in _lookup
2026-07-09 17:57:00.233 10 ERROR ovsdbapp.backend.ovs_idl.command row = idlutils.row_by_value(self, rl.table, rl.column, record)
2026-07-09 17:57:00.233 10 ERROR ovsdbapp.backend.ovs_idl.command
File "/var/lib/openstack/lib/python3.10/site-packages/ovsdbapp/backend/ovs_idl/idlutils.py", line 114, in row_by_value
2026-07-09 17:57:00.233 10 ERROR ovsdbapp.backend.ovs_idl.command raise RowNotFound(table=table, col=column, match=match)
2026-07-09 17:57:00.233 10 ERROR ovsdbapp.backend.ovs_idl.command ovsdbapp.backend.ovs_idl.idlutils.RowNotFound: Cannot find Logical_Router_Port with name=lrp-085c6cd3-61df-4d72-ad9f-96afea755ac5
2026-07-09 17:57:00.233 10 ERROR ovsdbapp.backend.ovs_idl.command 
2026-07-09 17:57:00.235 10 ERROR neutron_lib.callbacks.manager [None req-aecca7e4-26ef-4903-840c-5a2e1c020eff b6657a9963d7413890d33574fe038125 366429dc9b524713af94988132729de1 - - default default] Error during notification for neutron.services.ovn_l3.plugin.OVNL3RouterPlugin._port_update-8732684238566 port, after_update: ovsdbapp.backend.ovs_idl.idlutils.RowNotFound: Cannot find Logical_Router_Port with name=lrp-085c6cd3-61df-4d72-ad9f-96afea755ac5
2026-07-09 17:57:00.235 10 ERROR neutron_lib.callbacks.manager
Traceback (most recent call last):
2026-07-09 17:57:00.235 10 ERROR neutron_lib.callbacks.manager
File "/var/lib/openstack/lib/python3.10/site-packages/neutron_lib/callbacks/manager.py", line 189, in _notify_loop
2026-07-09 17:57:00.235 10 ERROR neutron_lib.callbacks.manager callback.method(resource, event, trigger, payload=payload)
2026-07-09 17:57:00.235 10 ERROR neutron_lib.callbacks.manager
File "/var/lib/openstack/lib/python3.10/site-packages/neutron/services/ovn_l3/plugin.py", line 391, in _port_update
2026-07-09 17:57:00.235 10 ERROR neutron_lib.callbacks.manager l3plugin._ovn_client.update_router_port(context,
2026-07-09 17:57:00.235 10 ERROR neutron_lib.callbacks.manager
File "/var/lib/openstack/lib/python3.10/site-packages/neutron/plugins/ml2/drivers/ovn/mech_driver/ovsdb/ovn_client.py", line 1878, in update_router_port
2026-07-09 17:57:00.235 10 ERROR neutron_lib.callbacks.manager self._update_lrouter_port(context, port, if_exists=if_exists,
2026-07-09 17:57:00.235 10 ERROR neutron_lib.callbacks.manager
File "/var/lib/openstack/lib/python3.10/site-packages/neutron/plugins/ml2/drivers/ovn/mech_driver/ovsdb/ovn_client.py", line 1855, in _update_lrouter_port
2026-07-09 17:57:00.235 10 ERROR neutron_lib.callbacks.manager external_ids = self._nb_idl.db_get(
2026-07-09 17:57:00.235 10 ERROR neutron_lib.callbacks.manager
File "/var/lib/openstack/lib/python3.10/site-packages/ovsdbapp/backend/ovs_idl/command.py", line 47, in execute
2026-07-09 17:57:00.235 10 ERROR neutron_lib.callbacks.manager self.run_idl(None)
2026-07-09 17:57:00.235 10 ERROR neutron_lib.callbacks.manager
File "/var/lib/openstack/lib/python3.10/site-packages/ovsdbapp/backend/ovs_idl/command.py", line 235, in run_idl
2026-07-09 17:57:00.235 10 ERROR neutron_lib.callbacks.manager record = self.api.lookup(self.table, self.record)
2026-07-09 17:57:00.235 10 ERROR neutron_lib.callbacks.manager
File "/var/lib/openstack/lib/python3.10/site-packages/ovsdbapp/backend/ovs_idl/__init__.py", line 184, in lookup
2026-07-09 17:57:00.235 10 ERROR neutron_lib.callbacks.manager return self._lookup(table, record)
2026-07-09 17:57:00.235 10 ERROR neutron_lib.callbacks.manager
File "/var/lib/openstack/lib/python3.10/site-packages/ovsdbapp/backend/ovs_idl/__init__.py", line 235, in _lookup
2026-07-09 17:57:00.235 10 ERROR neutron_lib.callbacks.manager row = idlutils.row_by_value(self, rl.table, rl.column, record)
2026-07-09 17:57:00.235 10 ERROR neutron_lib.callbacks.manager
File "/var/lib/openstack/lib/python3.10/site-packages/ovsdbapp/backend/ovs_idl/idlutils.py", line 114, in row_by_value
2026-07-09 17:57:00.235 10 ERROR neutron_lib.callbacks.manager raise RowNotFound(table=table, col=column, match=match)
2026-07-09 17:57:00.235 10 ERROR neutron_lib.callbacks.manager ovsdbapp.backend.ovs_idl.idlutils.RowNotFound: Cannot find Logical_Router_Port with name=lrp-085c6cd3-61df-4d72-ad9f-96afea755ac5
2026-07-09 17:57:00.235 10 ERROR neutron_lib.callbacks.manager 
2026-07-09 17:57:00.243 9 INFO neutron.wsgi [None req-c5d417c6-b396-416f-a325-5e5124f951c2 2b7159f5593f47b19a5859311ddea22e 9e1d3e842e874082b34bf24979a99e9b - - default default] 10.0.0.192 "GET /v2.0/ports HTTP/1.1" status: 200 len: 1732 time: 0.0842149
2026-07-09 17:57:00.267 9 INFO neutron.pecan_wsgi.hooks.translation [None req-827d266b-5b81-42c2-aa31-2b440e7d13a7 2b7159f5593f47b19a5859311ddea22e 9e1d3e842e874082b34bf24979a99e9b - - default default] GET failed (client error): The resource could not be found.
2026-07-09 17:57:00.270 9 INFO neutron.wsgi [None req-827d266b-5b81-42c2-aa31-2b440e7d13a7 2b7159f5593f47b19a5859311ddea22e 9e1d3e842e874082b34bf24979a99e9b - - default default] 10.0.0.192 "GET /v2.0/ports/c118cb56-533e-4aa6-98d4-bde300c7b017 HTTP/1.1" status: 404 len: 333 time: 0.0204728
2026-07-09 17:57:00.325 9 INFO neutron.wsgi [None req-3045de50-5886-41de-8787-3d8b193e33af 2b7159f5593f47b19a5859311ddea22e 9e1d3e842e874082b34bf24979a99e9b - - default default] 10.0.0.192 "GET /v2.0/ports HTTP/1.1" status: 200 len: 1732 time: 0.0507839
2026-07-09 17:57:00.376 9 INFO neutron.wsgi [None req-89932a1f-f71e-4bba-b2f6-325a050f5d08 2b7159f5593f47b19a5859311ddea22e 9e1d3e842e874082b34bf24979a99e9b - - default default] 10.0.0.192 "GET /v2.0/ports/45cb7998-ddf8-401b-aefd-c0091f239900 HTTP/1.1" status: 200 len: 972 time: 0.0436947
2026-07-09 17:57:00.413 9 INFO neutron.pecan_wsgi.hooks.translation [None req-d983c274-bc87-4bdc-b1cc-ebad95efc496 2b7159f5593f47b19a5859311ddea22e 9e1d3e842e874082b34bf24979a99e9b - - default default] DELETE failed (client error): The resource could not be found.
2026-07-09 17:57:00.416 9 INFO neutron.wsgi [None req-d983c274-bc87-4bdc-b1cc-ebad95efc496 2b7159f5593f47b19a5859311ddea22e 9e1d3e842e874082b34bf24979a99e9b - - default default] 10.0.0.192 "DELETE /v2.0/ports/fdee5d74-2ebf-4256-8342-56f227b788b6 HTTP/1.1" status: 404 len: 333 time: 0.0311332
2026-07-09 17:57:00.451 9 INFO neutron.pecan_wsgi.hooks.translation [None req-814dec34-8d49-404e-9ef0-cad69a0ca83c 2b7159f5593f47b19a5859311ddea22e 9e1d3e842e874082b34bf24979a99e9b - - default default] DELETE failed (client error): The resource could not be found.
2026-07-09 17:57:00.455 9 INFO neutron.wsgi [None req-814dec34-8d49-404e-9ef0-cad69a0ca83c 2b7159f5593f47b19a5859311ddea22e 9e1d3e842e874082b34bf24979a99e9b - - default default] 10.0.0.192 "DELETE /v2.0/subnets/bbee71e4-a9bf-4b90-bb91-3677bdc4340a HTTP/1.1" status: 404 len: 337 time: 0.0325325
2026-07-09 17:57:00.471 10 INFO neutron.plugins.ml2.drivers.ovn.mech_driver.mech_driver [None req-3a6840fe-c253-4c19-a799-668bedd5c8b2 - - - - - -] OVN reports status up for port: 085c6cd3-61df-4d72-ad9f-96afea755ac5
2026-07-09 17:57:00.482 9 INFO neutron.pecan_wsgi.hooks.translation [None req-6cc4d6e5-40d5-4d37-a507-a9dfadb050c8 2b7159f5593f47b19a5859311ddea22e 9e1d3e842e874082b34bf24979a99e9b - - default default] DELETE failed (client error): The resource could not be found.
2026-07-09 17:57:00.486 9 INFO neutron.wsgi [None req-6cc4d6e5-40d5-4d37-a507-a9dfadb050c8 2b7159f5593f47b19a5859311ddea22e 9e1d3e842e874082b34bf24979a99e9b - - default default] 10.0.0.192 "DELETE /v2.0/subnets/7219469a-409a-4da3-b1f5-935f2930643d HTTP/1.1" status: 404 len: 337 time: 0.0251536
2026-07-09 17:57:00.488 10 INFO neutron.plugins.ml2.plugin [None req-3a6840fe-c253-4c19-a799-668bedd5c8b2 - - - - - -] Attempt 1 to provision port 085c6cd3-61df-4d72-ad9f-96afea755ac5
2026-07-09 17:57:00.530 10 INFO neutron.db.ovn_revision_numbers_db [None req-aecca7e4-26ef-4903-840c-5a2e1c020eff b6657a9963d7413890d33574fe038125 366429dc9b524713af94988132729de1 - - default default] Successfully bumped revision number for resource 085c6cd3-61df-4d72-ad9f-96afea755ac5 (type: ports) to 1
2026-07-09 17:57:00.652 10 WARNING neutron.scheduler.dhcp_agent_scheduler [None req-aecca7e4-26ef-4903-840c-5a2e1c020eff b6657a9963d7413890d33574fe038125 366429dc9b524713af94988132729de1 - - default default] No more DHCP agents
2026-07-09 17:57:00.657 10 WARNING neutron.api.rpc.agentnotifiers.dhcp_rpc_agent_api [None req-aecca7e4-26ef-4903-840c-5a2e1c020eff b6657a9963d7413890d33574fe038125 366429dc9b524713af94988132729de1 - - default default] Unable to schedule network 679c4894-df85-4bab-a527-509d4313a943: no agents available; will retry on subsequent port and subnet creation events. /var/lib/openstack/lib/python3.10/site-packages/pycadf/identifier.py:71: UserWarning: Invalid uuid: neutron. To ensure interoperability, identifiers should be a valid uuid. warnings.warn(('Invalid uuid: %s. To ensure interoperability, '
2026-07-09 17:57:00.803 9 INFO neutron.wsgi [None req-c184e514-d9fe-473c-b4a3-14c62ce69ffc 2b7159f5593f47b19a5859311ddea22e 9e1d3e842e874082b34bf24979a99e9b - - default default] 10.0.0.192 "DELETE /v2.0/ports/45cb7998-ddf8-401b-aefd-c0091f239900 HTTP/1.1" status: 204 len: 168 time: 0.3101068
2026-07-09 17:57:01.123 10 INFO neutron.db.ovn_revision_numbers_db [None req-c6aa6387-e99b-4c23-8721-352b7b4b4eb0 87874b5119ba4d8785430a5b85d50df6 a025d38d422f49efb316d6714497f66b - - default default] Successfully bumped revision number for resource 4603c995-8ac6-428f-8691-24989eddc3d0 (type: security_groups) to 1
2026-07-09 17:57:01.185 10 INFO neutron.db.ovn_revision_numbers_db [None req-c6aa6387-e99b-4c23-8721-352b7b4b4eb0 87874b5119ba4d8785430a5b85d50df6 a025d38d422f49efb316d6714497f66b - - default default] Successfully bumped revision number for resource 2faebb64-b748-445e-9f62-c5d370494bfe (type: security_group_rules) to 0
2026-07-09 17:57:01.233 10 INFO neutron.db.ovn_revision_numbers_db [None req-c6aa6387-e99b-4c23-8721-352b7b4b4eb0 87874b5119ba4d8785430a5b85d50df6 a025d38d422f49efb316d6714497f66b - - default default] Successfully bumped revision number for resource 4f8e7588-29d1-4deb-94eb-8a89e05f5ae1 (type: security_group_rules) to 0
2026-07-09 17:57:01.262 9 INFO neutron.services.segments.plugin [-] Segment ef90c2cd-3bd7-4d0c-9e34-efd84b978436 resource provider aggregate not found
2026-07-09 17:57:01.271 10 INFO neutron.db.ovn_revision_numbers_db [None req-c6aa6387-e99b-4c23-8721-352b7b4b4eb0 87874b5119ba4d8785430a5b85d50df6 a025d38d422f49efb316d6714497f66b - - default default] Successfully bumped revision number for resource b82b93f3-ac8b-4c1d-90e2-f514c6a63b94 (type: security_group_rules) to 0
2026-07-09 17:57:01.271 9 INFO neutron.services.segments.plugin [-] Segment ef90c2cd-3bd7-4d0c-9e34-efd84b978436 resource provider aggregate not found
2026-07-09 17:57:01.280 9 INFO neutron.services.segments.plugin [-] Segment ef90c2cd-3bd7-4d0c-9e34-efd84b978436 resource provider not found; error: Placement Client Error (4xx): {"errors": [{"status": 404, "title": "Not Found", "detail": "The resource could not be found.\n\n No resource provider with uuid ef90c2cd-3bd7-4d0c-9e34-efd84b978436 found for delete ", "request_id": "req-008d1b31-979c-409c-8901-366d91e0aaca"}]}
2026-07-09 17:57:01.287 9 INFO neutron.services.segments.plugin [-] Segment ef90c2cd-3bd7-4d0c-9e34-efd84b978436 resource provider not found; error: Placement Client Error (4xx): {"errors": [{"status": 404, "title": "Not Found", "detail": "The resource could not be found.\n\n No resource provider with uuid ef90c2cd-3bd7-4d0c-9e34-efd84b978436 found for delete ", "request_id": "req-703784a2-e78b-40f1-b6fb-1fe6361de540"}]}
2026-07-09 17:57:01.287 10 INFO neutron.db.ovn_revision_numbers_db [None req-3a6840fe-c253-4c19-a799-668bedd5c8b2 - - - - - -] Successfully bumped revision number for resource 085c6cd3-61df-4d72-ad9f-96afea755ac5 (type: ports) to 2
2026-07-09 17:57:01.299 10 INFO neutron.db.ovn_revision_numbers_db [None req-c6aa6387-e99b-4c23-8721-352b7b4b4eb0 87874b5119ba4d8785430a5b85d50df6 a025d38d422f49efb316d6714497f66b - - default default] Successfully bumped revision number for resource c365ade1-805b-4185-bb53-b8399a86073c (type: security_group_rules) to 0
2026-07-09 17:57:01.335 9 INFO neutron.wsgi [None req-0631f26f-afd1-4e59-9b1a-ef0fd06a7eab 2b7159f5593f47b19a5859311ddea22e 9e1d3e842e874082b34bf24979a99e9b - - default default] 10.0.0.192 "DELETE /v2.0/networks/f62886c9-601b-4f48-9213-bacc7aea1bed HTTP/1.1" status: 204 len: 168 time: 0.5259354
2026-07-09 17:57:01.693 10 INFO neutron.db.ovn_revision_numbers_db [None req-aecca7e4-26ef-4903-840c-5a2e1c020eff b6657a9963d7413890d33574fe038125 366429dc9b524713af94988132729de1 - - default default] Successfully bumped revision number for resource 085c6cd3-61df-4d72-ad9f-96afea755ac5 (type: router_ports) to 1
2026-07-09 17:57:01.699 10 INFO neutron.wsgi [None req-aecca7e4-26ef-4903-840c-5a2e1c020eff b6657a9963d7413890d33574fe038125 366429dc9b524713af94988132729de1 - - default default] 10.0.0.192 "PUT /v2.0/routers/1cdfa749-c4bf-4414-990c-d63238a60261/add_router_interface HTTP/1.1" status: 200 len: 503 time: 3.8857899
2026-07-09 17:57:01.703 10 INFO neutron.db.segments_db [None req-c6aa6387-e99b-4c23-8721-352b7b4b4eb0 87874b5119ba4d8785430a5b85d50df6 a025d38d422f49efb316d6714497f66b - - default default] Added segment 7132ddbd-46eb-42f5-8e70-1fedf91d85d3 of type geneve for network 6f0ca8af-f5d3-4e51-aeff-015ac4417e13
2026-07-09 17:57:01.800 9 INFO neutron.wsgi [None req-76d8589f-fcdc-4cdf-aa82-d606cf9fc37c b91a93194f154d1a9cd938be22bc2094 af4e8d38717e4c87976ec3d0bb3c7d9e - - default default] 10.0.0.192 "GET /v2.0/networks HTTP/1.1" status: 200 len: 3114 time: 0.0944223
2026-07-09 17:57:01.848 10 INFO neutron.db.ovn_revision_numbers_db [None req-3a6840fe-c253-4c19-a799-668bedd5c8b2 - - - - - -] Successfully bumped revision number for resource 085c6cd3-61df-4d72-ad9f-96afea755ac5 (type: router_ports) to 2
2026-07-09 17:57:01.859 9 INFO neutron.wsgi [None req-70e80747-ede3-40cb-8593-2cdcb6f515b1 b91a93194f154d1a9cd938be22bc2094 af4e8d38717e4c87976ec3d0bb3c7d9e - - default default] 10.0.0.192 "GET /v2.0/subnets HTTP/1.1" status: 200 len: 2096 time: 0.0534017
2026-07-09 17:57:01.881 10 INFO neutron.db.ovn_revision_numbers_db [None req-c6aa6387-e99b-4c23-8721-352b7b4b4eb0 87874b5119ba4d8785430a5b85d50df6 a025d38d422f49efb316d6714497f66b - - default default] Successfully bumped revision number for resource 6f0ca8af-f5d3-4e51-aeff-015ac4417e13 (type: networks) to 1
2026-07-09 17:57:02.022 9 INFO neutron.wsgi [None req-ae66134c-8b67-4b66-8274-109d2a201abc b91a93194f154d1a9cd938be22bc2094 af4e8d38717e4c87976ec3d0bb3c7d9e - - default default] 10.0.0.192 "GET /v2.0/routers HTTP/1.1" status: 200 len: 1169 time: 0.1576958
2026-07-09 17:57:02.110 10 WARNING neutron.scheduler.dhcp_agent_scheduler [None req-c6aa6387-e99b-4c23-8721-352b7b4b4eb0 87874b5119ba4d8785430a5b85d50df6 a025d38d422f49efb316d6714497f66b - - default default] No more DHCP agents
2026-07-09 17:57:02.113 9 WARNING neutron_lib.context [None req-b4fae409-6972-4573-b72d-8bc5db0f408c b6657a9963d7413890d33574fe038125 366429dc9b524713af94988132729de1 - - default default] Method 'is_advsvc' is deprecated since 2023.2 release (neutron-lib 3.8.0) and will be removed once support for the old RBAC API policies will be removed from Neutron. Please use method 'is_service_role' instead.
2026-07-09 17:57:02.113 10 WARNING neutron.api.rpc.agentnotifiers.dhcp_rpc_agent_api [None req-c6aa6387-e99b-4c23-8721-352b7b4b4eb0 87874b5119ba4d8785430a5b85d50df6 a025d38d422f49efb316d6714497f66b - - default default] Unable to schedule network 6f0ca8af-f5d3-4e51-aeff-015ac4417e13: no agents available; will retry on subsequent port and subnet creation events.
2026-07-09 17:57:02.242 10 INFO neutron.db.ovn_revision_numbers_db [None req-c6aa6387-e99b-4c23-8721-352b7b4b4eb0 87874b5119ba4d8785430a5b85d50df6 a025d38d422f49efb316d6714497f66b - - default default] Successfully bumped revision number for resource 8bc37ac2-87d5-49c7-a682-ad43dafebed9 (type: ports) to 1
2026-07-09 17:57:02.258 10 INFO neutron.wsgi [None req-574456fb-b280-4357-8522-9145671d1c96 d0c65db9968c44ea881660ce31adcce2 2bb4e729329c4911868eda1f1f6609e1 - - default default] 10.0.0.192 "GET /v2.0/security-groups?tenant_id=9e1d3e842e874082b34bf24979a99e9b&name=default HTTP/1.1" status: 200 len: 3120 time: 0.2921414
2026-07-09 17:57:02.280 10 INFO neutron.wsgi [None req-c6aa6387-e99b-4c23-8721-352b7b4b4eb0 87874b5119ba4d8785430a5b85d50df6 a025d38d422f49efb316d6714497f66b - - default default] 10.0.0.192 "POST /v2.0/networks HTTP/1.1" status: 201 len: 929 time: 1.8459592
2026-07-09 17:57:02.308 9 INFO neutron.db.ovn_revision_numbers_db [None req-b4fae409-6972-4573-b72d-8bc5db0f408c b6657a9963d7413890d33574fe038125 366429dc9b524713af94988132729de1 - - default default] Successfully bumped revision number for resource f3512fb1-dfdf-4b92-9cb5-c227eefc2006 (type: security_groups) to 1
2026-07-09 17:57:02.329 9 INFO neutron.db.ovn_revision_numbers_db [None req-b4fae409-6972-4573-b72d-8bc5db0f408c b6657a9963d7413890d33574fe038125 366429dc9b524713af94988132729de1 - - default default] Successfully bumped revision number for resource 3e4846df-67f5-423f-9901-f51d4f069739 (type: security_group_rules) to 0
2026-07-09 17:57:02.348 9 INFO neutron.db.ovn_revision_numbers_db [None req-b4fae409-6972-4573-b72d-8bc5db0f408c b6657a9963d7413890d33574fe038125 366429dc9b524713af94988132729de1 - - default default] Successfully bumped revision number for resource d010b164-45f4-4579-81be-509679a9150b (type: security_group_rules) to 0
2026-07-09 17:57:02.379 9 INFO neutron.wsgi [None req-b4fae409-6972-4573-b72d-8bc5db0f408c b6657a9963d7413890d33574fe038125 366429dc9b524713af94988132729de1 - - default default] 10.0.0.192 "POST /v2.0/security-groups HTTP/1.1" status: 201 len: 1875 time: 0.2840841
2026-07-09 17:57:02.402 10 WARNING neutron_lib.context [None req-5a0d5f25-0806-43fb-b274-3e339e7b7a54 b6657a9963d7413890d33574fe038125 366429dc9b524713af94988132729de1 - - default default] Method 'is_advsvc' is deprecated since 2023.2 release (neutron-lib 3.8.0) and will be removed once support for the old RBAC API policies will be removed from Neutron. Please use method 'is_service_role' instead.
2026-07-09 17:57:02.492 10 WARNING neutron.scheduler.dhcp_agent_scheduler [None req-7ec89d4e-437f-4499-b9c0-977a223b7558 87874b5119ba4d8785430a5b85d50df6 a025d38d422f49efb316d6714497f66b - - default default] No more DHCP agents
2026-07-09 17:57:02.498 10 WARNING neutron.api.rpc.agentnotifiers.dhcp_rpc_agent_api [None req-7ec89d4e-437f-4499-b9c0-977a223b7558 87874b5119ba4d8785430a5b85d50df6 a025d38d422f49efb316d6714497f66b - - default default] Unable to schedule network 6f0ca8af-f5d3-4e51-aeff-015ac4417e13: no agents available; will retry on subsequent port and subnet creation events.
2026-07-09 17:57:02.572 9 INFO neutron.wsgi [None req-4e5b22bb-1a1e-4c38-bf29-9015bc821a8c d0c65db9968c44ea881660ce31adcce2 2bb4e729329c4911868eda1f1f6609e1 - - default default] 10.0.0.192 "DELETE /v2.0/security-groups/3394e403-95ec-4068-a9ab-762b38332439 HTTP/1.1" status: 204 len: 168 time: 0.3084714
2026-07-09 17:57:02.636 10 INFO neutron.db.ovn_revision_numbers_db [None req-5a0d5f25-0806-43fb-b274-3e339e7b7a54 b6657a9963d7413890d33574fe038125 366429dc9b524713af94988132729de1 - - default default] Successfully bumped revision number for resource d8046e7e-3099-4b52-8c56-7ace1cdd8854 (type: security_group_rules) to 0
2026-07-09 17:57:02.678 10 INFO neutron.wsgi [None req-5a0d5f25-0806-43fb-b274-3e339e7b7a54 b6657a9963d7413890d33574fe038125 366429dc9b524713af94988132729de1 - - default default] 10.0.0.192 "POST /v2.0/security-group-rules HTTP/1.1" status: 201 len: 796 time: 0.2832427
2026-07-09 17:57:02.690 9 WARNING neutron_lib.context [None req-f010859e-1359-42c1-a699-642b156850ad b6657a9963d7413890d33574fe038125 366429dc9b524713af94988132729de1 - - default default] Method 'is_advsvc' is deprecated since 2023.2 release (neutron-lib 3.8.0) and will be removed once support for the old RBAC API policies will be removed from Neutron. Please use method 'is_service_role' instead.
2026-07-09 17:57:02.835 9 INFO neutron.db.ovn_revision_numbers_db [None req-f010859e-1359-42c1-a699-642b156850ad b6657a9963d7413890d33574fe038125 366429dc9b524713af94988132729de1 - - default default] Successfully bumped revision number for resource 977fb478-5df3-4507-b1ee-230c73b10216 (type: security_group_rules) to 0
2026-07-09 17:57:02.863 9 INFO neutron.wsgi [None req-f010859e-1359-42c1-a699-642b156850ad b6657a9963d7413890d33574fe038125 366429dc9b524713af94988132729de1 - - default default] 10.0.0.192 "POST /v2.0/security-group-rules HTTP/1.1" status: 201 len: 795 time: 0.1786659
2026-07-09 17:57:02.876 9 WARNING neutron_lib.context [None req-1d8496af-7432-4231-8c29-33184907fd08 b6657a9963d7413890d33574fe038125 366429dc9b524713af94988132729de1 - - default default] Method 'is_advsvc' is deprecated since 2023.2 release (neutron-lib 3.8.0) and will be removed once support for the old RBAC API policies will be removed from Neutron. Please use method 'is_service_role' instead.
2026-07-09 17:57:03.075 10 INFO neutron.db.ovn_revision_numbers_db [None req-7ec89d4e-437f-4499-b9c0-977a223b7558 87874b5119ba4d8785430a5b85d50df6 a025d38d422f49efb316d6714497f66b - - default default] Successfully bumped revision number for resource 8bc37ac2-87d5-49c7-a682-ad43dafebed9 (type: ports) to 2
2026-07-09 17:57:03.112 10 INFO neutron.db.ovn_revision_numbers_db [None req-7ec89d4e-437f-4499-b9c0-977a223b7558 87874b5119ba4d8785430a5b85d50df6 a025d38d422f49efb316d6714497f66b - - default default] Successfully bumped revision number for resource a6caeea0-7e70-425d-852f-f75afcc775be (type: subnets) to 0
2026-07-09 17:57:03.129 10 INFO neutron.wsgi [None req-7ec89d4e-437f-4499-b9c0-977a223b7558 87874b5119ba4d8785430a5b85d50df6 a025d38d422f49efb316d6714497f66b - - default default] 10.0.0.192 "POST /v2.0/subnets HTTP/1.1" status: 201 len: 819 time: 0.8425477
2026-07-09 17:57:03.140 10 WARNING neutron.api.v2.base [None req-60c508eb-ca24-473b-bcf0-060437ce249e 87874b5119ba4d8785430a5b85d50df6 a025d38d422f49efb316d6714497f66b - - default default] An exception happened while processing the request body. The exception message is [Invalid input for target_tenant. Reason: 'None' is not a valid string.].: webob.exc.HTTPBadRequest: Invalid input for target_tenant. Reason: 'None' is not a valid string.
2026-07-09 17:57:03.142 10 INFO neutron.api.v2.resource [None req-60c508eb-ca24-473b-bcf0-060437ce249e 87874b5119ba4d8785430a5b85d50df6 a025d38d422f49efb316d6714497f66b - - default default] create failed (client error): Invalid input for target_tenant. Reason: 'None' is not a valid string.
2026-07-09 17:57:03.144 10 INFO neutron.wsgi [None req-60c508eb-ca24-473b-bcf0-060437ce249e 87874b5119ba4d8785430a5b85d50df6 a025d38d422f49efb316d6714497f66b - - default default] 10.0.0.192 "POST /v2.0/rbac-policies HTTP/1.1" status: 400 len: 346 time: 0.0087149
2026-07-09 17:57:03.440 9 INFO neutron.db.ovn_revision_numbers_db [None req-1d8496af-7432-4231-8c29-33184907fd08 b6657a9963d7413890d33574fe038125 366429dc9b524713af94988132729de1 - - default default] Successfully bumped revision number for resource 7baf888a-5814-4704-9dc5-b8f113675cff (type: security_group_rules) to 0
2026-07-09 17:57:03.480 9 INFO neutron.wsgi [None req-1d8496af-7432-4231-8c29-33184907fd08 b6657a9963d7413890d33574fe038125 366429dc9b524713af94988132729de1 - - default default] 10.0.0.192 "POST /v2.0/security-group-rules HTTP/1.1" status: 201 len: 801 time: 0.6097820
2026-07-09 17:57:03.497 10 WARNING neutron_lib.context [None req-34c6c526-7fbf-48ed-9c0d-2df605dc5ae2 b6657a9963d7413890d33574fe038125 366429dc9b524713af94988132729de1 - - default default] Method 'is_advsvc' is deprecated since 2023.2 release (neutron-lib 3.8.0) and will be removed once support for the old RBAC API policies will be removed from Neutron. Please use method 'is_service_role' instead.
2026-07-09 17:57:03.580 9 WARNING neutron_lib.context [None req-7f1cd8ca-afc0-4c20-80e7-bbde48c00bd3 f5bbfc62633949f29362083fe781e743 07b314b9adfa4cb8a2ca19f9c10ac71b - - default default] Method 'is_advsvc' is deprecated since 2023.2 release (neutron-lib 3.8.0) and will be removed once support for the old RBAC API policies will be removed from Neutron. Please use method 'is_service_role' instead.
2026-07-09 17:57:03.646 9 INFO neutron.wsgi [None req-7f1cd8ca-afc0-4c20-80e7-bbde48c00bd3 f5bbfc62633949f29362083fe781e743 07b314b9adfa4cb8a2ca19f9c10ac71b - - default default] 10.0.0.192 "POST /v2.0/subnetpools HTTP/1.1" status: 201 len: 715 time: 0.6397293
2026-07-09 17:57:03.657 9 WARNING neutron_lib.context [None req-5c3bd014-7723-4a29-8df8-81f0fce3fdbe f5bbfc62633949f29362083fe781e743 07b314b9adfa4cb8a2ca19f9c10ac71b - - default default] Method 'is_advsvc' is deprecated since 2023.2 release (neutron-lib 3.8.0) and will be removed once support for the old RBAC API policies will be removed from Neutron. Please use method 'is_service_role' instead.
2026-07-09 17:57:03.716 9 INFO neutron.wsgi [None req-5c3bd014-7723-4a29-8df8-81f0fce3fdbe f5bbfc62633949f29362083fe781e743 07b314b9adfa4cb8a2ca19f9c10ac71b - - default default] 10.0.0.192 "POST /v2.0/subnetpools HTTP/1.1" status: 201 len: 715 time: 0.0639679
2026-07-09 17:57:03.727 9 WARNING neutron_lib.context [None req-4b726628-6782-466d-9de2-b31d69593d1d f5bbfc62633949f29362083fe781e743 07b314b9adfa4cb8a2ca19f9c10ac71b - - default default] Method 'is_advsvc' is deprecated since 2023.2 release (neutron-lib 3.8.0) and will be removed once support for the old RBAC API policies will be removed from Neutron. Please use method 'is_service_role' instead.
2026-07-09 17:57:03.727 10 INFO neutron.db.ovn_revision_numbers_db [None req-34c6c526-7fbf-48ed-9c0d-2df605dc5ae2 b6657a9963d7413890d33574fe038125 366429dc9b524713af94988132729de1 - - default default] Successfully bumped revision number for resource 7cc9d242-ad0b-4190-81eb-b2b61c6794e8 (type: security_group_rules) to 0
2026-07-09 17:57:03.764 10 INFO neutron.wsgi [None req-34c6c526-7fbf-48ed-9c0d-2df605dc5ae2 b6657a9963d7413890d33574fe038125 366429dc9b524713af94988132729de1 - - default default] 10.0.0.192 "POST /v2.0/security-group-rules HTTP/1.1" status: 201 len: 800 time: 0.2787514
2026-07-09 17:57:03.777 9 WARNING neutron_lib.context [None req-0908f7e4-7a5f-4afa-98c4-eaa73a73450c b6657a9963d7413890d33574fe038125 366429dc9b524713af94988132729de1 - - default default] Method 'is_advsvc' is deprecated since 2023.2 release (neutron-lib 3.8.0) and will be removed once support for the old RBAC API policies will be removed from Neutron. Please use method 'is_service_role' instead.
2026-07-09 17:57:03.784 9 INFO neutron.wsgi [None req-4b726628-6782-466d-9de2-b31d69593d1d f5bbfc62633949f29362083fe781e743 07b314b9adfa4cb8a2ca19f9c10ac71b - - default default] 10.0.0.192 "POST /v2.0/subnetpools HTTP/1.1" status: 201 len: 715 time: 0.0620961
2026-07-09 17:57:03.796 9 WARNING neutron_lib.context [None req-59add2a3-710b-480e-b5c3-5f0ecc43bfbc f5bbfc62633949f29362083fe781e743 07b314b9adfa4cb8a2ca19f9c10ac71b - - default default] Method 'is_advsvc' is deprecated since 2023.2 release (neutron-lib 3.8.0) and will be removed once support for the old RBAC API policies will be removed from Neutron. Please use method 'is_service_role' instead.
2026-07-09 17:57:03.801 10 INFO neutron.services.segments.plugin [-] Segment 7132ddbd-46eb-42f5-8e70-1fedf91d85d3 resource provider aggregate not found
2026-07-09 17:57:03.805 10 INFO neutron.services.segments.plugin [-] Segment 7132ddbd-46eb-42f5-8e70-1fedf91d85d3 resource provider aggregate not found
2026-07-09 17:57:03.823 10 INFO neutron.services.segments.plugin [-] Segment 7132ddbd-46eb-42f5-8e70-1fedf91d85d3 resource provider not found; error: Placement Client Error (4xx): {"errors": [{"status": 404, "title": "Not Found", "detail": "The resource could not be found.\n\n No resource provider with uuid 7132ddbd-46eb-42f5-8e70-1fedf91d85d3 found for delete ", "request_id": "req-0193b0e8-79c6-4084-b47f-a1cb327b15ec"}]}
2026-07-09 17:57:03.825 10 INFO neutron.services.segments.plugin [-] Segment 7132ddbd-46eb-42f5-8e70-1fedf91d85d3 resource provider not found; error: Placement Client Error (4xx): {"errors": [{"status": 404, "title": "Not Found", "detail": "The resource could not be found.\n\n No resource provider with uuid 7132ddbd-46eb-42f5-8e70-1fedf91d85d3 found for delete ", "request_id": "req-05c54506-1bfa-47d8-8959-743f3fe5d150"}]}
2026-07-09 17:57:03.830 9 INFO neutron.db.securitygroups_db [None req-0908f7e4-7a5f-4afa-98c4-eaa73a73450c b6657a9963d7413890d33574fe038125 366429dc9b524713af94988132729de1 - - default default] Project 366429dc9b524713af94988132729de1 added a security group rule with legacy IPv6 ICMP protocol name icmp, ipv6-icmp should be used instead. It was automatically converted.
2026-07-09 17:57:03.850 10 INFO neutron.wsgi [None req-9781b8f9-9741-4786-95d6-034192603a37 87874b5119ba4d8785430a5b85d50df6 a025d38d422f49efb316d6714497f66b - - default default] 10.0.0.192 "DELETE /v2.0/networks/6f0ca8af-f5d3-4e51-aeff-015ac4417e13 HTTP/1.1" status: 204 len: 168 time: 0.6981909
2026-07-09 17:57:03.874 9 INFO neutron.wsgi [None req-59add2a3-710b-480e-b5c3-5f0ecc43bfbc f5bbfc62633949f29362083fe781e743 07b314b9adfa4cb8a2ca19f9c10ac71b - - default default] 10.0.0.192 "POST /v2.0/subnetpools HTTP/1.1" status: 201 len: 715 time: 0.0826132
2026-07-09 17:57:03.885 10 WARNING neutron_lib.context [None req-dd2500bf-e8aa-42a0-8f04-35c97ad47cc6 f5bbfc62633949f29362083fe781e743 07b314b9adfa4cb8a2ca19f9c10ac71b - - default default] Method 'is_advsvc' is deprecated since 2023.2 release (neutron-lib 3.8.0) and will be removed once support for the old RBAC API policies will be removed from Neutron. Please use method 'is_service_role' instead.
2026-07-09 17:57:03.946 9 INFO neutron.db.ovn_revision_numbers_db [None req-0908f7e4-7a5f-4afa-98c4-eaa73a73450c b6657a9963d7413890d33574fe038125 366429dc9b524713af94988132729de1 - - default default] Successfully bumped revision number for resource aa5c9f8e-96de-4071-90d1-01b72222c23a (type: security_group_rules) to 0
2026-07-09 17:57:03.949 10 INFO neutron.wsgi [None req-dd2500bf-e8aa-42a0-8f04-35c97ad47cc6 f5bbfc62633949f29362083fe781e743 07b314b9adfa4cb8a2ca19f9c10ac71b - - default default] 10.0.0.192 "POST /v2.0/subnetpools HTTP/1.1" status: 201 len: 715 time: 0.0693798
