2026-07-09 17:57:03.964 10 INFO neutron.db.segments_db [None req-5d288bbd-a426-4af3-a715-1d906b5adb2c 87874b5119ba4d8785430a5b85d50df6 a025d38d422f49efb316d6714497f66b - - default default] Added segment 4813ab90-76ee-4454-b78c-f752086e3555 of type geneve for network 7c388306-157a-46d7-81c1-4f2e69c0d3ba
2026-07-09 17:57:04.010 9 INFO neutron.wsgi [None req-0908f7e4-7a5f-4afa-98c4-eaa73a73450c b6657a9963d7413890d33574fe038125 366429dc9b524713af94988132729de1 - - default default] 10.0.0.192 "POST /v2.0/security-group-rules HTTP/1.1" status: 201 len: 806 time: 0.2396390
2026-07-09 17:57:04.020 9 WARNING neutron_lib.context [None req-82ecdb59-133b-45be-9b41-bfc6ff457188 b6657a9963d7413890d33574fe038125 366429dc9b524713af94988132729de1 - - default default] Method 'is_advsvc' is deprecated since 2023.2 release (neutron-lib 3.8.0) and will be removed once support for the old RBAC API policies will be removed from Neutron. Please use method 'is_service_role' instead.
2026-07-09 17:57:04.025 9 INFO neutron.wsgi [None req-80b9421d-9d62-454e-9e57-fd68be042d8a f5bbfc62633949f29362083fe781e743 07b314b9adfa4cb8a2ca19f9c10ac71b - - default default] 10.0.0.192 "PUT /v2.0/subnetpools/20f8a775-79d4-4295-b1d8-37e759d7831b/tags HTTP/1.1" status: 200 len: 210 time: 0.0686076
2026-07-09 17:57:04.080 9 INFO neutron.wsgi [None req-71914aec-b015-4bac-ba59-2c4389a3eb02 f5bbfc62633949f29362083fe781e743 07b314b9adfa4cb8a2ca19f9c10ac71b - - default default] 10.0.0.192 "PUT /v2.0/subnetpools/3c481e85-4c3e-442c-a51f-5b5b2e06e31d/tags HTTP/1.1" status: 200 len: 218 time: 0.0498960
2026-07-09 17:57:04.089 9 INFO neutron.db.securitygroups_db [None req-82ecdb59-133b-45be-9b41-bfc6ff457188 b6657a9963d7413890d33574fe038125 366429dc9b524713af94988132729de1 - - default default] Project 366429dc9b524713af94988132729de1 added a security group rule with legacy IPv6 ICMP protocol name icmp, ipv6-icmp should be used instead. It was automatically converted.
2026-07-09 17:57:04.121 10 INFO neutron.db.ovn_revision_numbers_db [None req-5d288bbd-a426-4af3-a715-1d906b5adb2c 87874b5119ba4d8785430a5b85d50df6 a025d38d422f49efb316d6714497f66b - - default default] Successfully bumped revision number for resource 7c388306-157a-46d7-81c1-4f2e69c0d3ba (type: networks) to 1
2026-07-09 17:57:04.151 9 INFO neutron.wsgi [None req-abe4ce35-8028-405f-8ceb-3a97da4564b2 f5bbfc62633949f29362083fe781e743 07b314b9adfa4cb8a2ca19f9c10ac71b - - default default] 10.0.0.192 "PUT /v2.0/subnetpools/fa0e22f7-3c7f-4d48-94eb-cbe8e76391de/tags HTTP/1.1" status: 200 len: 227 time: 0.0570333
2026-07-09 17:57:04.228 10 INFO neutron.wsgi [None req-db163717-c1f4-4ad2-ba7f-0456c91953aa f5bbfc62633949f29362083fe781e743 07b314b9adfa4cb8a2ca19f9c10ac71b - - default default] 10.0.0.192 "PUT /v2.0/subnetpools/a3e46018-edb9-45af-b754-80cf87c84d2a/tags HTTP/1.1" status: 200 len: 212 time: 0.0704393
2026-07-09 17:57:04.229 9 INFO neutron.db.ovn_revision_numbers_db [None req-82ecdb59-133b-45be-9b41-bfc6ff457188 b6657a9963d7413890d33574fe038125 366429dc9b524713af94988132729de1 - - default default] Successfully bumped revision number for resource 56bfb836-d079-449b-8fad-725c62045ea1 (type: security_group_rules) to 0
2026-07-09 17:57:04.256 9 INFO neutron.wsgi [None req-82ecdb59-133b-45be-9b41-bfc6ff457188 b6657a9963d7413890d33574fe038125 366429dc9b524713af94988132729de1 - - default default] 10.0.0.192 "POST /v2.0/security-group-rules HTTP/1.1" status: 201 len: 805 time: 0.2404208
2026-07-09 17:57:04.280 10 INFO neutron.wsgi [None req-7c5964ef-9dc0-4a8c-aa42-60bcb64332f2 f5bbfc62633949f29362083fe781e743 07b314b9adfa4cb8a2ca19f9c10ac71b - - default default] 10.0.0.192 "GET /v2.0/subnetpools?tags=red HTTP/1.1" status: 200 len: 1758 time: 0.0454476
2026-07-09 17:57:04.316 9 INFO neutron.wsgi [None req-68995962-36e6-4207-a545-badffdb8e065 f5bbfc62633949f29362083fe781e743 07b314b9adfa4cb8a2ca19f9c10ac71b - - default default] 10.0.0.192 "GET /v2.0/subnetpools?tags=red%2Cblue HTTP/1.1" status: 200 len: 1251 time: 0.0305731
2026-07-09 17:57:04.355 10 INFO neutron.wsgi [None req-c4283892-0cde-4965-b675-337b8d428f14 f5bbfc62633949f29362083fe781e743 07b314b9adfa4cb8a2ca19f9c10ac71b - - default default] 10.0.0.192 "GET /v2.0/subnetpools?tags-any=blue HTTP/1.1" status: 200 len: 1251 time: 0.0318172
2026-07-09 17:57:04.376 10 WARNING neutron.scheduler.dhcp_agent_scheduler [None req-5d288bbd-a426-4af3-a715-1d906b5adb2c 87874b5119ba4d8785430a5b85d50df6 a025d38d422f49efb316d6714497f66b - - default default] No more DHCP agents
2026-07-09 17:57:04.378 10 WARNING neutron.api.rpc.agentnotifiers.dhcp_rpc_agent_api [None req-5d288bbd-a426-4af3-a715-1d906b5adb2c 87874b5119ba4d8785430a5b85d50df6 a025d38d422f49efb316d6714497f66b - - default default] Unable to schedule network 7c388306-157a-46d7-81c1-4f2e69c0d3ba: no agents available; will retry on subsequent port and subnet creation events.
2026-07-09 17:57:04.404 9 INFO neutron.wsgi [None req-ebe73bbf-acdc-4e8d-a79d-c58275ae3064 f5bbfc62633949f29362083fe781e743 07b314b9adfa4cb8a2ca19f9c10ac71b - - default default] 10.0.0.192 "GET /v2.0/subnetpools?tags-any=red%2Cblue HTTP/1.1" status: 200 len: 1758 time: 0.0431049
2026-07-09 17:57:04.469 9 INFO neutron.wsgi [None req-ddc682b2-28c8-4988-b81a-3b749946aa4f f5bbfc62633949f29362083fe781e743 07b314b9adfa4cb8a2ca19f9c10ac71b - - default default] 10.0.0.192 "GET /v2.0/subnetpools?not-tags=red HTTP/1.1" status: 200 len: 1223 time: 0.0565782
2026-07-09 17:57:04.498 10 INFO neutron.db.ovn_revision_numbers_db [None req-5d288bbd-a426-4af3-a715-1d906b5adb2c 87874b5119ba4d8785430a5b85d50df6 a025d38d422f49efb316d6714497f66b - - default default] Successfully bumped revision number for resource 59f28ffc-f5f4-4cd0-8e78-6c7b34cc7caf (type: ports) to 1
2026-07-09 17:57:04.506 9 INFO neutron.wsgi [None req-bbeab0bf-0150-4184-8e2a-cc5099551e72 f5bbfc62633949f29362083fe781e743 07b314b9adfa4cb8a2ca19f9c10ac71b - - default default] 10.0.0.192 "GET /v2.0/subnetpools?not-tags=red%2Cblue HTTP/1.1" status: 200 len: 1730 time: 0.0295665
2026-07-09 17:57:04.537 10 INFO neutron.wsgi [None req-5d288bbd-a426-4af3-a715-1d906b5adb2c 87874b5119ba4d8785430a5b85d50df6 a025d38d422f49efb316d6714497f66b - - default default] 10.0.0.192 "POST /v2.0/networks HTTP/1.1" status: 201 len: 927 time: 0.6771483
2026-07-09 17:57:04.547 10 INFO neutron.wsgi [None req-8733a6e0-7bd7-47d3-81c3-cc738a6777a8 f5bbfc62633949f29362083fe781e743 07b314b9adfa4cb8a2ca19f9c10ac71b - - default default] 10.0.0.192 "GET /v2.0/subnetpools?not-tags-any=blue HTTP/1.1" status: 200 len: 1730 time: 0.0339293
2026-07-09 17:57:04.574 10 INFO neutron.wsgi [None req-1fae086c-ba81-42d9-a0a0-e917b7da258b f5bbfc62633949f29362083fe781e743 07b314b9adfa4cb8a2ca19f9c10ac71b - - default default] 10.0.0.192 "GET /v2.0/subnetpools?not-tags-any=red%2Cblue HTTP/1.1" status: 200 len: 1223 time: 0.0225561
2026-07-09 17:57:04.620 10 WARNING neutron_lib.context [None req-531cb314-acbd-4724-a349-c5e756e21f3d d5eeda3a2d374c2c9d220fd5c2921b75 f51747ab56494de2af209d8f0006db86 - - default default] Method 'is_advsvc' is deprecated since 2023.2 release (neutron-lib 3.8.0) and will be removed once support for the old RBAC API policies will be removed from Neutron. Please use method 'is_service_role' instead.
2026-07-09 17:57:04.654 10 INFO neutron.wsgi [None req-faaf5472-c3ed-469a-851e-4fa4ac5251c6 f5bbfc62633949f29362083fe781e743 07b314b9adfa4cb8a2ca19f9c10ac71b - - default default] 10.0.0.192 "DELETE /v2.0/subnetpools/20f8a775-79d4-4295-b1d8-37e759d7831b HTTP/1.1" status: 204 len: 168 time: 0.0734851
2026-07-09 17:57:04.743 10 INFO neutron.wsgi [None req-94b6c47a-3a25-4120-9453-4f151ee693a2 f5bbfc62633949f29362083fe781e743 07b314b9adfa4cb8a2ca19f9c10ac71b - - default default] 10.0.0.192 "DELETE /v2.0/subnetpools/3c481e85-4c3e-442c-a51f-5b5b2e06e31d HTTP/1.1" status: 204 len: 168 time: 0.0826511
2026-07-09 17:57:04.772 9 WARNING neutron.scheduler.dhcp_agent_scheduler [None req-0f22c81f-d429-4873-9fa3-2b582936dc3f 87874b5119ba4d8785430a5b85d50df6 a025d38d422f49efb316d6714497f66b - - default default] No more DHCP agents
2026-07-09 17:57:04.777 9 WARNING neutron.api.rpc.agentnotifiers.dhcp_rpc_agent_api [None req-0f22c81f-d429-4873-9fa3-2b582936dc3f 87874b5119ba4d8785430a5b85d50df6 a025d38d422f49efb316d6714497f66b - - default default] Unable to schedule network 7c388306-157a-46d7-81c1-4f2e69c0d3ba: no agents available; will retry on subsequent port and subnet creation events.
2026-07-09 17:57:04.810 10 INFO neutron.db.ovn_revision_numbers_db [None req-531cb314-acbd-4724-a349-c5e756e21f3d d5eeda3a2d374c2c9d220fd5c2921b75 f51747ab56494de2af209d8f0006db86 - - default default] Successfully bumped revision number for resource 557116ac-c88b-4b8d-9e8b-f2464ff25e89 (type: security_groups) to 1
2026-07-09 17:57:04.815 10 INFO neutron.wsgi [None req-b810d32e-d3e4-4671-b55c-61d5e90ef360 f5bbfc62633949f29362083fe781e743 07b314b9adfa4cb8a2ca19f9c10ac71b - - default default] 10.0.0.192 "DELETE /v2.0/subnetpools/fa0e22f7-3c7f-4d48-94eb-cbe8e76391de HTTP/1.1" status: 204 len: 168 time: 0.0650477
2026-07-09 17:57:04.843 10 INFO neutron.db.ovn_revision_numbers_db [None req-531cb314-acbd-4724-a349-c5e756e21f3d d5eeda3a2d374c2c9d220fd5c2921b75 f51747ab56494de2af209d8f0006db86 - - default default] Successfully bumped revision number for resource 1ab62f94-f62f-4c5d-92d1-3cc523d46faf (type: security_group_rules) to 0
2026-07-09 17:57:04.847 9 INFO neutron.wsgi [None req-e8f5e79e-cbbd-4faf-8be7-da0ecd32400d b6657a9963d7413890d33574fe038125 366429dc9b524713af94988132729de1 - - default default] 10.0.0.192 "GET /v2.0/networks HTTP/1.1" status: 200 len: 1492 time: 0.2114415
2026-07-09 17:57:04.862 10 INFO neutron.db.ovn_revision_numbers_db [None req-531cb314-acbd-4724-a349-c5e756e21f3d d5eeda3a2d374c2c9d220fd5c2921b75 f51747ab56494de2af209d8f0006db86 - - default default] Successfully bumped revision number for resource 3f714aba-f85a-4c52-9357-fe643cc88437 (type: security_group_rules) to 0
2026-07-09 17:57:04.878 10 INFO neutron.db.ovn_revision_numbers_db [None req-531cb314-acbd-4724-a349-c5e756e21f3d d5eeda3a2d374c2c9d220fd5c2921b75 f51747ab56494de2af209d8f0006db86 - - default default] Successfully bumped revision number for resource 8735e524-b560-463c-a6d8-8d31fb675170 (type: security_group_rules) to 0
2026-07-09 17:57:04.885 10 INFO neutron.wsgi [None req-10dfa3fc-ef8c-4d1e-9abe-6156150330e9 f5bbfc62633949f29362083fe781e743 07b314b9adfa4cb8a2ca19f9c10ac71b - - default default] 10.0.0.192 "DELETE /v2.0/subnetpools/a3e46018-edb9-45af-b754-80cf87c84d2a HTTP/1.1" status: 204 len: 168 time: 0.0619974
2026-07-09 17:57:04.906 10 INFO neutron.db.ovn_revision_numbers_db [None req-531cb314-acbd-4724-a349-c5e756e21f3d d5eeda3a2d374c2c9d220fd5c2921b75 f51747ab56494de2af209d8f0006db86 - - default default] Successfully bumped revision number for resource ab88f34e-0fce-4cad-a844-547e8e98b39e (type: security_group_rules) to 0
2026-07-09 17:57:04.965 10 INFO neutron.db.segments_db [None req-531cb314-acbd-4724-a349-c5e756e21f3d d5eeda3a2d374c2c9d220fd5c2921b75 f51747ab56494de2af209d8f0006db86 - - default default] Added segment 59c000d0-3d31-4909-a7c1-e78d4122176e of type geneve for network 9febbac3-18d0-46bf-b821-9a4a81780ef5
2026-07-09 17:57:04.990 9 INFO neutron.wsgi [None req-83ac277a-e7ab-4838-9e9b-826235985d47 f5bbfc62633949f29362083fe781e743 07b314b9adfa4cb8a2ca19f9c10ac71b - - default default] 10.0.0.192 "DELETE /v2.0/subnetpools/dc2488a0-1d1f-4921-a926-081ee007d789 HTTP/1.1" status: 204 len: 168 time: 0.1003385
2026-07-09 17:57:04.996 10 INFO neutron.wsgi [req-65f99141-3a68-4522-98d8-0ac5e1456f6a req-a61cb932-693b-43a6-a9d8-626fd2ddac29 b6657a9963d7413890d33574fe038125 366429dc9b524713af94988132729de1 - - default default] 10.0.0.226 "GET /v2.0/security-groups?name=tempest-secgroup-smoke-1388892074&fields=id&tenant_id=366429dc9b524713af94988132729de1 HTTP/1.1" status: 200 len: 267 time: 0.0615742
2026-07-09 17:57:05.143 10 INFO neutron.wsgi [req-65f99141-3a68-4522-98d8-0ac5e1456f6a req-12078715-2a73-4ea8-81bf-fc738c5c7f77 b6657a9963d7413890d33574fe038125 366429dc9b524713af94988132729de1 - - default default] 10.0.0.226 "GET /v2.0/networks?id=679c4894-df85-4bab-a527-509d4313a943 HTTP/1.1" status: 200 len: 859 time: 0.1365516
2026-07-09 17:57:05.184 10 INFO neutron.wsgi [req-65f99141-3a68-4522-98d8-0ac5e1456f6a req-a083747f-31db-42da-92b2-99291479368d b6657a9963d7413890d33574fe038125 366429dc9b524713af94988132729de1 - - default default] 10.0.0.226 "GET /v2.0/quotas/366429dc9b524713af94988132729de1 HTTP/1.1" status: 200 len: 491 time: 0.0275724
2026-07-09 17:57:05.238 10 INFO neutron.db.ovn_revision_numbers_db [None req-531cb314-acbd-4724-a349-c5e756e21f3d d5eeda3a2d374c2c9d220fd5c2921b75 f51747ab56494de2af209d8f0006db86 - - default default] Successfully bumped revision number for resource 9febbac3-18d0-46bf-b821-9a4a81780ef5 (type: networks) to 1
2026-07-09 17:57:05.345 10 INFO neutron.wsgi [req-65f99141-3a68-4522-98d8-0ac5e1456f6a req-b9693af2-350c-482a-a513-cd41beae5f64 b6657a9963d7413890d33574fe038125 366429dc9b524713af94988132729de1 - - default default] 10.0.0.226 "GET /v2.0/ports?tenant_id=366429dc9b524713af94988132729de1&fields=id HTTP/1.1" status: 200 len: 302 time: 0.1508865
2026-07-09 17:57:05.404 9 INFO neutron.db.ovn_revision_numbers_db [None req-0f22c81f-d429-4873-9fa3-2b582936dc3f 87874b5119ba4d8785430a5b85d50df6 a025d38d422f49efb316d6714497f66b - - default default] Successfully bumped revision number for resource 59f28ffc-f5f4-4cd0-8e78-6c7b34cc7caf (type: ports) to 2
2026-07-09 17:57:05.459 9 INFO neutron.db.ovn_revision_numbers_db [None req-0f22c81f-d429-4873-9fa3-2b582936dc3f 87874b5119ba4d8785430a5b85d50df6 a025d38d422f49efb316d6714497f66b - - default default] Successfully bumped revision number for resource c3ecaf49-d470-4a3a-ad08-8ab9cded73f7 (type: subnets) to 0
2026-07-09 17:57:05.478 9 INFO neutron.wsgi [None req-0f22c81f-d429-4873-9fa3-2b582936dc3f 87874b5119ba4d8785430a5b85d50df6 a025d38d422f49efb316d6714497f66b - - default default] 10.0.0.192 "POST /v2.0/subnets HTTP/1.1" status: 201 len: 822 time: 0.9335594
2026-07-09 17:57:05.487 10 INFO neutron.wsgi [req-65f99141-3a68-4522-98d8-0ac5e1456f6a req-0b76ae8a-aa79-46c8-ad38-46ccf417695a 9641b87a283e4ec09b0c3517dc01645c a7a0526503ce4ec899e384dc9024c28f - - 7487e898d5dc4f46b4dc538548e243d7 7487e898d5dc4f46b4dc538548e243d7] 10.0.0.226 "GET /v2.0/networks/679c4894-df85-4bab-a527-509d4313a943?fields=segments HTTP/1.1" status: 200 len: 212 time: 0.1138065
2026-07-09 17:57:05.492 9 WARNING neutron.api.v2.base [None req-fb936c12-4045-4bc3-9e7a-de24faa69e1a 87874b5119ba4d8785430a5b85d50df6 a025d38d422f49efb316d6714497f66b - - default default] An exception happened while processing the request body. The exception message is [Invalid input for target_tenant. Reason: '1234123412341234123412341234123412341234123412341234123412341234123412341234123412341234123412341234123412341234123412341234123412341234123412341234123412341234123412341234123412341234123412341234123412341234123412341234123412341234123412341234123412341234123412341234123412341234123412341234123412341234123412341234123412341234123412341234123412341234123412341234123412341234123412341234123412341234' exceeds maximum length of 255.].: webob.exc.HTTPBadRequest: Invalid input for target_tenant. Reason: '1234123412341234123412341234123412341234123412341234123412341234123412341234123412341234123412341234123412341234123412341234123412341234123412341234123412341234123412341234123412341234123412341234123412341234123412341234123412341234123412341234123412341234123412341234123412341234123412341234123412341234123412341234123412341234123412341234123412341234123412341234123412341234123412341234123412341234' exceeds maximum length of 255.
2026-07-09 17:57:05.493 9 INFO neutron.api.v2.resource [None req-fb936c12-4045-4bc3-9e7a-de24faa69e1a 87874b5119ba4d8785430a5b85d50df6 a025d38d422f49efb316d6714497f66b - - default default] create failed (client error): Invalid input for target_tenant. Reason: '1234123412341234123412341234123412341234123412341234123412341234123412341234123412341234123412341234123412341234123412341234123412341234123412341234123412341234123412341234123412341234123412341234123412341234123412341234123412341234123412341234123412341234123412341234123412341234123412341234123412341234123412341234123412341234123412341234123412341234123412341234123412341234123412341234123412341234' exceeds maximum length of 255.
2026-07-09 17:57:05.494 9 INFO neutron.wsgi [None req-fb936c12-4045-4bc3-9e7a-de24faa69e1a 87874b5119ba4d8785430a5b85d50df6 a025d38d422f49efb316d6714497f66b - - default default] 10.0.0.192 "POST /v2.0/rbac-policies HTTP/1.1" status: 400 len: 750 time: 0.0088902
2026-07-09 17:57:05.559 10 WARNING neutron.scheduler.dhcp_agent_scheduler [None req-531cb314-acbd-4724-a349-c5e756e21f3d d5eeda3a2d374c2c9d220fd5c2921b75 f51747ab56494de2af209d8f0006db86 - - default default] No more DHCP agents
2026-07-09 17:57:05.563 10 WARNING neutron.api.rpc.agentnotifiers.dhcp_rpc_agent_api [None req-531cb314-acbd-4724-a349-c5e756e21f3d d5eeda3a2d374c2c9d220fd5c2921b75 f51747ab56494de2af209d8f0006db86 - - default default] Unable to schedule network 9febbac3-18d0-46bf-b821-9a4a81780ef5: no agents available; will retry on subsequent port and subnet creation events.
2026-07-09 17:57:05.584 10 INFO neutron.wsgi [req-65f99141-3a68-4522-98d8-0ac5e1456f6a req-f012bc1d-ca15-47ef-ab5c-6c356921ef80 9641b87a283e4ec09b0c3517dc01645c a7a0526503ce4ec899e384dc9024c28f - - 7487e898d5dc4f46b4dc538548e243d7 7487e898d5dc4f46b4dc538548e243d7] 10.0.0.226 "GET /v2.0/networks/679c4894-df85-4bab-a527-509d4313a943?fields=provider%3Aphysical_network&fields=provider%3Anetwork_type HTTP/1.1" status: 200 len: 277 time: 0.0882564
2026-07-09 17:57:05.778 9 INFO neutron.wsgi [req-cebed290-b4a6-488a-884a-b39c597b0577 req-b165f5a3-accd-4371-998f-77368718b1d6 b6657a9963d7413890d33574fe038125 366429dc9b524713af94988132729de1 - - default default] 10.0.0.226 "GET /v2.0/ports?device_id=29afe5ba-e12d-436b-9997-46483ae9b6b7 HTTP/1.1" status: 200 len: 210 time: 0.0280592
2026-07-09 17:57:05.987 10 INFO neutron.db.ovn_revision_numbers_db [None req-531cb314-acbd-4724-a349-c5e756e21f3d d5eeda3a2d374c2c9d220fd5c2921b75 f51747ab56494de2af209d8f0006db86 - - default default] Successfully bumped revision number for resource 80c800ee-d4b8-40c2-ad9c-3f7decd0cd93 (type: ports) to 1
2026-07-09 17:57:06.009 10 INFO neutron.wsgi [None req-531cb314-acbd-4724-a349-c5e756e21f3d d5eeda3a2d374c2c9d220fd5c2921b75 f51747ab56494de2af209d8f0006db86 - - default default] 10.0.0.192 "POST /v2.0/networks HTTP/1.1" status: 201 len: 833 time: 1.6125476
2026-07-09 17:57:06.019 10 WARNING neutron_lib.context [None req-83276469-386b-41c8-b792-d3fa29b98488 d5eeda3a2d374c2c9d220fd5c2921b75 f51747ab56494de2af209d8f0006db86 - - default default] Method 'is_advsvc' is deprecated since 2023.2 release (neutron-lib 3.8.0) and will be removed once support for the old RBAC API policies will be removed from Neutron. Please use method 'is_service_role' instead.
2026-07-09 17:57:06.154 10 INFO neutron.db.segments_db [None req-83276469-386b-41c8-b792-d3fa29b98488 d5eeda3a2d374c2c9d220fd5c2921b75 f51747ab56494de2af209d8f0006db86 - - default default] Added segment 87df05f1-4a42-496c-b4b1-843e0ff72a05 of type geneve for network 092ea74d-27f2-4e18-896b-78e578616f90
2026-07-09 17:57:06.260 9 INFO neutron.services.segments.plugin [-] Segment 4813ab90-76ee-4454-b78c-f752086e3555 resource provider aggregate not found
2026-07-09 17:57:06.264 9 INFO neutron.services.segments.plugin [-] Segment 4813ab90-76ee-4454-b78c-f752086e3555 resource provider aggregate not found
2026-07-09 17:57:06.281 9 INFO neutron.services.segments.plugin [-] Segment 4813ab90-76ee-4454-b78c-f752086e3555 resource provider not found; error: Placement Client Error (4xx): {"errors": [{"status": 404, "title": "Not Found", "detail": "The resource could not be found.\n\n No resource provider with uuid 4813ab90-76ee-4454-b78c-f752086e3555 found for delete ", "request_id": "req-3074bf02-001d-49e9-b5eb-0c3328e16aac"}]}
2026-07-09 17:57:06.288 9 INFO neutron.services.segments.plugin [-] Segment 4813ab90-76ee-4454-b78c-f752086e3555 resource provider not found; error: Placement Client Error (4xx): {"errors": [{"status": 404, "title": "Not Found", "detail": "The resource could not be found.\n\n No resource provider with uuid 4813ab90-76ee-4454-b78c-f752086e3555 found for delete ", "request_id": "req-3ac08b1b-5687-4ff1-a387-31b6a59285cf"}]}
2026-07-09 17:57:06.310 9 INFO neutron.wsgi [None req-f66f47dc-f8d6-4cd8-81cf-05f1ac24b74c 87874b5119ba4d8785430a5b85d50df6 a025d38d422f49efb316d6714497f66b - - default default] 10.0.0.192 "DELETE /v2.0/networks/7c388306-157a-46d7-81c1-4f2e69c0d3ba HTTP/1.1" status: 204 len: 168 time: 0.8098071
2026-07-09 17:57:06.380 10 INFO neutron.db.ovn_revision_numbers_db [None req-83276469-386b-41c8-b792-d3fa29b98488 d5eeda3a2d374c2c9d220fd5c2921b75 f51747ab56494de2af209d8f0006db86 - - default default] Successfully bumped revision number for resource 092ea74d-27f2-4e18-896b-78e578616f90 (type: networks) to 1
2026-07-09 17:57:06.441 10 INFO neutron.db.ovn_revision_numbers_db [None req-a352c2d7-e961-4dcc-88aa-4a344e678532 d0c65db9968c44ea881660ce31adcce2 2bb4e729329c4911868eda1f1f6609e1 - - default default] Successfully bumped revision number for resource ecd99bc7-4d55-492d-900c-dee146b313b9 (type: security_groups) to 1
2026-07-09 17:57:06.478 10 INFO neutron.db.ovn_revision_numbers_db [None req-a352c2d7-e961-4dcc-88aa-4a344e678532 d0c65db9968c44ea881660ce31adcce2 2bb4e729329c4911868eda1f1f6609e1 - - default default] Successfully bumped revision number for resource 0a0d884a-0bdf-4923-99fc-65e3d18b1127 (type: security_group_rules) to 0
2026-07-09 17:57:06.496 9 INFO neutron.db.segments_db [None req-fae2c85d-870b-438a-803e-b028f8860c2f 87874b5119ba4d8785430a5b85d50df6 a025d38d422f49efb316d6714497f66b - - default default] Added segment 79f51d76-4c12-4274-96da-27d26c17fa6e of type geneve for network 9e369c1e-13bf-48c7-a689-a6d3cb9bb9e9
2026-07-09 17:57:06.515 10 INFO neutron.db.ovn_revision_numbers_db [None req-a352c2d7-e961-4dcc-88aa-4a344e678532 d0c65db9968c44ea881660ce31adcce2 2bb4e729329c4911868eda1f1f6609e1 - - default default] Successfully bumped revision number for resource 38bbe167-dbda-4f8f-9f54-290b5284baf2 (type: security_group_rules) to 0
2026-07-09 17:57:06.551 10 INFO neutron.db.ovn_revision_numbers_db [None req-a352c2d7-e961-4dcc-88aa-4a344e678532 d0c65db9968c44ea881660ce31adcce2 2bb4e729329c4911868eda1f1f6609e1 - - default default] Successfully bumped revision number for resource 4bc197a2-f2ab-4575-b0a5-261e59547c04 (type: security_group_rules) to 0
2026-07-09 17:57:06.589 10 INFO neutron.db.ovn_revision_numbers_db [None req-a352c2d7-e961-4dcc-88aa-4a344e678532 d0c65db9968c44ea881660ce31adcce2 2bb4e729329c4911868eda1f1f6609e1 - - default default] Successfully bumped revision number for resource af43fb0f-6ba1-4662-b159-bcec7ce565bd (type: security_group_rules) to 0
2026-07-09 17:57:06.598 9 INFO neutron.wsgi [req-65f99141-3a68-4522-98d8-0ac5e1456f6a req-9f4efab8-a7b3-45e7-a1ac-61d8697255a7 b6657a9963d7413890d33574fe038125 366429dc9b524713af94988132729de1 - - default default] 199.19.213.249 "GET /v2.0/networks?id=679c4894-df85-4bab-a527-509d4313a943 HTTP/1.1" status: 200 len: 859 time: 0.1722863
2026-07-09 17:57:06.624 10 INFO neutron.wsgi [None req-a352c2d7-e961-4dcc-88aa-4a344e678532 d0c65db9968c44ea881660ce31adcce2 2bb4e729329c4911868eda1f1f6609e1 - - default default] 10.0.0.192 "GET /v2.0/security-groups?tenant_id=fbaedeeaf0a44f6a994cba559ddfe9bb&name=default HTTP/1.1" status: 200 len: 3120 time: 0.5676763
2026-07-09 17:57:06.672 10 WARNING neutron.scheduler.dhcp_agent_scheduler [None req-83276469-386b-41c8-b792-d3fa29b98488 d5eeda3a2d374c2c9d220fd5c2921b75 f51747ab56494de2af209d8f0006db86 - - default default] No more DHCP agents
2026-07-09 17:57:06.674 10 WARNING neutron.api.rpc.agentnotifiers.dhcp_rpc_agent_api [None req-83276469-386b-41c8-b792-d3fa29b98488 d5eeda3a2d374c2c9d220fd5c2921b75 f51747ab56494de2af209d8f0006db86 - - default default] Unable to schedule network 092ea74d-27f2-4e18-896b-78e578616f90: no agents available; will retry on subsequent port and subnet creation events.
2026-07-09 17:57:06.726 9 INFO neutron.wsgi [req-65f99141-3a68-4522-98d8-0ac5e1456f6a req-bf6e9cf5-5bb2-4ec3-972e-602904c8de13 b6657a9963d7413890d33574fe038125 366429dc9b524713af94988132729de1 - - default default] 199.19.213.249 "GET /v2.0/security-groups?fields=id&fields=name&tenant_id=366429dc9b524713af94988132729de1 HTTP/1.1" status: 200 len: 380 time: 0.1203828
2026-07-09 17:57:06.746 9 WARNING neutron_lib.context [req-65f99141-3a68-4522-98d8-0ac5e1456f6a req-25798b31-741a-4074-8cc6-0545763d66e0 b6657a9963d7413890d33574fe038125 366429dc9b524713af94988132729de1 - - default default] Method 'is_advsvc' is deprecated since 2023.2 release (neutron-lib 3.8.0) and will be removed once support for the old RBAC API policies will be removed from Neutron. Please use method 'is_service_role' instead.
2026-07-09 17:57:06.751 9 INFO neutron.db.ovn_revision_numbers_db [None req-fae2c85d-870b-438a-803e-b028f8860c2f 87874b5119ba4d8785430a5b85d50df6 a025d38d422f49efb316d6714497f66b - - default default] Successfully bumped revision number for resource 9e369c1e-13bf-48c7-a689-a6d3cb9bb9e9 (type: networks) to 1
2026-07-09 17:57:06.770 10 INFO neutron.db.ovn_revision_numbers_db [None req-83276469-386b-41c8-b792-d3fa29b98488 d5eeda3a2d374c2c9d220fd5c2921b75 f51747ab56494de2af209d8f0006db86 - - default default] Successfully bumped revision number for resource b8a82be8-b278-4a26-9c96-48a7ba4e484b (type: ports) to 1
2026-07-09 17:57:06.800 10 INFO neutron.wsgi [None req-83276469-386b-41c8-b792-d3fa29b98488 d5eeda3a2d374c2c9d220fd5c2921b75 f51747ab56494de2af209d8f0006db86 - - default default] 10.0.0.192 "POST /v2.0/networks HTTP/1.1" status: 201 len: 833 time: 0.7853310
2026-07-09 17:57:06.828 10 WARNING neutron_lib.context [None req-8a90ad02-10b7-4b5e-b402-aaca7335596c d5eeda3a2d374c2c9d220fd5c2921b75 f51747ab56494de2af209d8f0006db86 - - default default] Method 'is_advsvc' is deprecated since 2023.2 release (neutron-lib 3.8.0) and will be removed once support for the old RBAC API policies will be removed from Neutron. Please use method 'is_service_role' instead.
2026-07-09 17:57:06.908 10 INFO neutron.wsgi [req-772f0b5f-b00d-4d36-abc8-ab3dc47aa04f req-bfce590a-6e74-47ac-a735-8be4ecf3ca13 b6657a9963d7413890d33574fe038125 366429dc9b524713af94988132729de1 - - default default] 10.0.0.226 "GET /v2.0/ports?device_id=29afe5ba-e12d-436b-9997-46483ae9b6b7 HTTP/1.1" status: 200 len: 210 time: 0.0215914
2026-07-09 17:57:07.123 9 WARNING neutron.scheduler.dhcp_agent_scheduler [None req-fae2c85d-870b-438a-803e-b028f8860c2f 87874b5119ba4d8785430a5b85d50df6 a025d38d422f49efb316d6714497f66b - - default default] No more DHCP agents
2026-07-09 17:57:07.136 10 WARNING neutron.scheduler.dhcp_agent_scheduler [None req-8a90ad02-10b7-4b5e-b402-aaca7335596c d5eeda3a2d374c2c9d220fd5c2921b75 f51747ab56494de2af209d8f0006db86 - - default default] No more DHCP agents
2026-07-09 17:57:07.138 9 WARNING neutron.api.rpc.agentnotifiers.dhcp_rpc_agent_api [None req-fae2c85d-870b-438a-803e-b028f8860c2f 87874b5119ba4d8785430a5b85d50df6 a025d38d422f49efb316d6714497f66b - - default default] Unable to schedule network 9e369c1e-13bf-48c7-a689-a6d3cb9bb9e9: no agents available; will retry on subsequent port and subnet creation events.
2026-07-09 17:57:07.140 10 WARNING neutron.api.rpc.agentnotifiers.dhcp_rpc_agent_api [None req-8a90ad02-10b7-4b5e-b402-aaca7335596c d5eeda3a2d374c2c9d220fd5c2921b75 f51747ab56494de2af209d8f0006db86 - - default default] Unable to schedule network 9febbac3-18d0-46bf-b821-9a4a81780ef5: no agents available; will retry on subsequent port and subnet creation events.
2026-07-09 17:57:07.176 10 INFO neutron.db.ovn_revision_numbers_db [None req-8a90ad02-10b7-4b5e-b402-aaca7335596c d5eeda3a2d374c2c9d220fd5c2921b75 f51747ab56494de2af209d8f0006db86 - - default default] Successfully bumped revision number for resource 7de14a4c-244e-4690-a2bc-4248ec48023a (type: subnets) to 0
2026-07-09 17:57:07.201 10 INFO neutron.wsgi [None req-8a90ad02-10b7-4b5e-b402-aaca7335596c d5eeda3a2d374c2c9d220fd5c2921b75 f51747ab56494de2af209d8f0006db86 - - default default] 10.0.0.192 "POST /v2.0/subnets HTTP/1.1" status: 201 len: 821 time: 0.3812637
2026-07-09 17:57:07.216 10 WARNING neutron_lib.context [None req-1c69f206-c5a8-4ee7-8e28-5dc2f80adcec d5eeda3a2d374c2c9d220fd5c2921b75 f51747ab56494de2af209d8f0006db86 - - default default] Method 'is_advsvc' is deprecated since 2023.2 release (neutron-lib 3.8.0) and will be removed once support for the old RBAC API policies will be removed from Neutron. Please use method 'is_service_role' instead.
2026-07-09 17:57:07.249 9 INFO neutron.wsgi [None req-fae294f2-1ec5-4b33-b7e6-ddfb74c8265e d0c65db9968c44ea881660ce31adcce2 2bb4e729329c4911868eda1f1f6609e1 - - default default] 10.0.0.192 "DELETE /v2.0/security-groups/ecd99bc7-4d55-492d-900c-dee146b313b9 HTTP/1.1" status: 204 len: 168 time: 0.6171901
2026-07-09 17:57:07.303 10 WARNING neutron.plugins.ml2.drivers.ovn.mech_driver.ovsdb.ovn_client [None req-3a6840fe-c253-4c19-a799-668bedd5c8b2 - - - - - -] No hosting information found for port 085c6cd3-61df-4d72-ad9f-96afea755ac5: RuntimeError: No hosting information found for port 085c6cd3-61df-4d72-ad9f-96afea755ac5
2026-07-09 17:57:07.311 9 INFO neutron.db.ovn_revision_numbers_db [None req-fae2c85d-870b-438a-803e-b028f8860c2f 87874b5119ba4d8785430a5b85d50df6 a025d38d422f49efb316d6714497f66b - - default default] Successfully bumped revision number for resource 60096430-9a60-4776-832e-47f9a1fd5d99 (type: ports) to 1
2026-07-09 17:57:07.350 9 INFO neutron.wsgi [None req-fae2c85d-870b-438a-803e-b028f8860c2f 87874b5119ba4d8785430a5b85d50df6 a025d38d422f49efb316d6714497f66b - - default default] 10.0.0.192 "POST /v2.0/networks HTTP/1.1" status: 201 len: 928 time: 1.0315359 /var/lib/openstack/lib/python3.10/site-packages/pycadf/identifier.py:71: UserWarning: Invalid uuid: neutron. To ensure interoperability, identifiers should be a valid uuid. warnings.warn(('Invalid uuid: %s. To ensure interoperability, '
2026-07-09 17:57:07.411 9 WARNING neutron.scheduler.dhcp_agent_scheduler [req-65f99141-3a68-4522-98d8-0ac5e1456f6a req-25798b31-741a-4074-8cc6-0545763d66e0 b6657a9963d7413890d33574fe038125 366429dc9b524713af94988132729de1 - - default default] No more DHCP agents
2026-07-09 17:57:07.413 9 WARNING neutron.api.rpc.agentnotifiers.dhcp_rpc_agent_api [req-65f99141-3a68-4522-98d8-0ac5e1456f6a req-25798b31-741a-4074-8cc6-0545763d66e0 b6657a9963d7413890d33574fe038125 366429dc9b524713af94988132729de1 - - default default] Unable to schedule network 679c4894-df85-4bab-a527-509d4313a943: no agents available; will retry on subsequent port and subnet creation events.
2026-07-09 17:57:07.589 9 INFO neutron.db.ovn_revision_numbers_db [None req-9323cb3d-510b-4f66-a4ca-2a69f5769f58 d0c65db9968c44ea881660ce31adcce2 2bb4e729329c4911868eda1f1f6609e1 - - default default] Successfully bumped revision number for resource 39287e40-77a5-47e9-968f-1cd547b26fe2 (type: security_groups) to 1
2026-07-09 17:57:07.590 10 WARNING neutron.scheduler.dhcp_agent_scheduler [None req-1c69f206-c5a8-4ee7-8e28-5dc2f80adcec d5eeda3a2d374c2c9d220fd5c2921b75 f51747ab56494de2af209d8f0006db86 - - default default] No more DHCP agents
2026-07-09 17:57:07.593 10 WARNING neutron.api.rpc.agentnotifiers.dhcp_rpc_agent_api [None req-1c69f206-c5a8-4ee7-8e28-5dc2f80adcec d5eeda3a2d374c2c9d220fd5c2921b75 f51747ab56494de2af209d8f0006db86 - - default default] Unable to schedule network 092ea74d-27f2-4e18-896b-78e578616f90: no agents available; will retry on subsequent port and subnet creation events.
2026-07-09 17:57:07.608 9 INFO neutron.db.ovn_revision_numbers_db [None req-9323cb3d-510b-4f66-a4ca-2a69f5769f58 d0c65db9968c44ea881660ce31adcce2 2bb4e729329c4911868eda1f1f6609e1 - - default default] Successfully bumped revision number for resource 08dfbfdb-5eee-4584-ab98-89d167721492 (type: security_group_rules) to 0
2026-07-09 17:57:07.636 10 WARNING neutron.scheduler.dhcp_agent_scheduler [None req-48a79518-0c76-4b35-8510-fa4edf8a01f1 87874b5119ba4d8785430a5b85d50df6 a025d38d422f49efb316d6714497f66b - - default default] No more DHCP agents
2026-07-09 17:57:07.643 10 WARNING neutron.api.rpc.agentnotifiers.dhcp_rpc_agent_api [None req-48a79518-0c76-4b35-8510-fa4edf8a01f1 87874b5119ba4d8785430a5b85d50df6 a025d38d422f49efb316d6714497f66b - - default default] Unable to schedule network 9e369c1e-13bf-48c7-a689-a6d3cb9bb9e9: no agents available; will retry on subsequent port and subnet creation events.
2026-07-09 17:57:07.646 9 INFO neutron.db.ovn_revision_numbers_db [None req-9323cb3d-510b-4f66-a4ca-2a69f5769f58 d0c65db9968c44ea881660ce31adcce2 2bb4e729329c4911868eda1f1f6609e1 - - default default] Successfully bumped revision number for resource 338ac3c5-7762-49f8-8b96-7a008ba88321 (type: security_group_rules) to 0
2026-07-09 17:57:07.647 10 INFO neutron.db.ovn_revision_numbers_db [None req-1c69f206-c5a8-4ee7-8e28-5dc2f80adcec d5eeda3a2d374c2c9d220fd5c2921b75 f51747ab56494de2af209d8f0006db86 - - default default] Successfully bumped revision number for resource ba0b5878-57ef-4c80-8d8a-fa081f6435a5 (type: subnets) to 0
2026-07-09 17:57:07.658 9 INFO neutron.db.ovn_revision_numbers_db [req-65f99141-3a68-4522-98d8-0ac5e1456f6a req-25798b31-741a-4074-8cc6-0545763d66e0 b6657a9963d7413890d33574fe038125 366429dc9b524713af94988132729de1 - - default default] Successfully bumped revision number for resource 61680864-9999-4295-9362-7f23e28924f9 (type: ports) to 1
2026-07-09 17:57:07.660 9 INFO neutron.db.ovn_revision_numbers_db [None req-9323cb3d-510b-4f66-a4ca-2a69f5769f58 d0c65db9968c44ea881660ce31adcce2 2bb4e729329c4911868eda1f1f6609e1 - - default default] Successfully bumped revision number for resource 6880d0a8-afd7-4acc-a1a5-be94e8a1ab4a (type: security_group_rules) to 0
2026-07-09 17:57:07.686 9 INFO neutron.db.ovn_revision_numbers_db [None req-9323cb3d-510b-4f66-a4ca-2a69f5769f58 d0c65db9968c44ea881660ce31adcce2 2bb4e729329c4911868eda1f1f6609e1 - - default default] Successfully bumped revision number for resource f7dbffa2-c2d1-4736-94d4-c74fdca97e68 (type: security_group_rules) to 0
2026-07-09 17:57:07.692 10 INFO neutron.wsgi [None req-1c69f206-c5a8-4ee7-8e28-5dc2f80adcec d5eeda3a2d374c2c9d220fd5c2921b75 f51747ab56494de2af209d8f0006db86 - - default default] 10.0.0.192 "POST /v2.0/subnets HTTP/1.1" status: 201 len: 830 time: 0.4832935
2026-07-09 17:57:07.699 9 INFO neutron.wsgi [req-65f99141-3a68-4522-98d8-0ac5e1456f6a req-25798b31-741a-4074-8cc6-0545763d66e0 b6657a9963d7413890d33574fe038125 366429dc9b524713af94988132729de1 - - default default] 199.19.213.249 "POST /v2.0/ports HTTP/1.1" status: 201 len: 1162 time: 0.9601233
2026-07-09 17:57:07.704 10 WARNING neutron_lib.context [None req-26dd1607-e2e5-456c-90c9-1d1ea14c45a2 d5eeda3a2d374c2c9d220fd5c2921b75 f51747ab56494de2af209d8f0006db86 - - default default] Method 'is_advsvc' is deprecated since 2023.2 release (neutron-lib 3.8.0) and will be removed once support for the old RBAC API policies will be removed from Neutron. Please use method 'is_service_role' instead. /var/lib/openstack/lib/python3.10/site-packages/pycadf/identifier.py:71: UserWarning: Invalid uuid: neutron. To ensure interoperability, identifiers should be a valid uuid. warnings.warn(('Invalid uuid: %s. To ensure interoperability, '
2026-07-09 17:57:07.721 9 INFO neutron.wsgi [None req-9323cb3d-510b-4f66-a4ca-2a69f5769f58 d0c65db9968c44ea881660ce31adcce2 2bb4e729329c4911868eda1f1f6609e1 - - default default] 10.0.0.192 "GET /v2.0/security-groups?tenant_id=07b314b9adfa4cb8a2ca19f9c10ac71b&name=default HTTP/1.1" status: 200 len: 3120 time: 0.3645785
2026-07-09 17:57:07.926 10 INFO neutron.db.ovn_revision_numbers_db [None req-26dd1607-e2e5-456c-90c9-1d1ea14c45a2 d5eeda3a2d374c2c9d220fd5c2921b75 f51747ab56494de2af209d8f0006db86 - - default default] Successfully bumped revision number for resource 45869d80-1df1-4174-bbcb-1064c13f413b (type: routers) to 1
2026-07-09 17:57:07.959 10 INFO neutron.wsgi [None req-26dd1607-e2e5-456c-90c9-1d1ea14c45a2 d5eeda3a2d374c2c9d220fd5c2921b75 f51747ab56494de2af209d8f0006db86 - - default default] 10.0.0.192 "POST /v2.0/routers HTTP/1.1" status: 201 len: 805 time: 0.2613025
2026-07-09 17:57:08.146 10 INFO neutron.wsgi [None req-8794c2b5-9977-4ee4-ac63-6704c2bfee44 d0c65db9968c44ea881660ce31adcce2 2bb4e729329c4911868eda1f1f6609e1 - - default default] 10.0.0.192 "DELETE /v2.0/security-groups/39287e40-77a5-47e9-968f-1cd547b26fe2 HTTP/1.1" status: 204 len: 168 time: 0.4152548
2026-07-09 17:57:08.375 10 INFO neutron.db.ovn_revision_numbers_db [None req-48a79518-0c76-4b35-8510-fa4edf8a01f1 87874b5119ba4d8785430a5b85d50df6 a025d38d422f49efb316d6714497f66b - - default default] Successfully bumped revision number for resource 60096430-9a60-4776-832e-47f9a1fd5d99 (type: ports) to 2
2026-07-09 17:57:08.425 10 INFO neutron.db.ovn_revision_numbers_db [None req-48a79518-0c76-4b35-8510-fa4edf8a01f1 87874b5119ba4d8785430a5b85d50df6 a025d38d422f49efb316d6714497f66b - - default default] Successfully bumped revision number for resource 1079f3db-641f-49fc-941c-8e75bfa5dd1c (type: subnets) to 0
2026-07-09 17:57:08.449 10 INFO neutron.wsgi [None req-48a79518-0c76-4b35-8510-fa4edf8a01f1 87874b5119ba4d8785430a5b85d50df6 a025d38d422f49efb316d6714497f66b - - default default] 10.0.0.192 "POST /v2.0/subnets HTTP/1.1" status: 201 len: 822 time: 1.0886321
2026-07-09 17:57:08.558 9 INFO neutron.wsgi [req-b0a5cc98-7ce0-4037-9f56-52dd9c588632 req-09954599-201a-443b-ad73-5571d45045b9 b6657a9963d7413890d33574fe038125 366429dc9b524713af94988132729de1 - - default default] 10.0.0.226 "GET /v2.0/ports?device_id=29afe5ba-e12d-436b-9997-46483ae9b6b7 HTTP/1.1" status: 200 len: 1160 time: 0.5510917
2026-07-09 17:57:08.561 10 INFO neutron.db.ovn_revision_numbers_db [None req-87a64524-8b99-4157-a84f-7f57711e7b7d d0c65db9968c44ea881660ce31adcce2 2bb4e729329c4911868eda1f1f6609e1 - - default default] Successfully bumped revision number for resource 19048503-2316-42b3-9c04-f4bec4cfb13e (type: security_groups) to 1 /var/lib/openstack/lib/python3.10/site-packages/pycadf/identifier.py:71: UserWarning: Invalid uuid: neutron. To ensure interoperability, identifiers should be a valid uuid. warnings.warn(('Invalid uuid: %s. To ensure interoperability, '
2026-07-09 17:57:08.584 10 INFO neutron.db.ovn_revision_numbers_db [None req-87a64524-8b99-4157-a84f-7f57711e7b7d d0c65db9968c44ea881660ce31adcce2 2bb4e729329c4911868eda1f1f6609e1 - - default default] Successfully bumped revision number for resource 5c9e3dd0-097c-4d68-bc05-79648cc5aed8 (type: security_group_rules) to 0
2026-07-09 17:57:08.613 10 INFO neutron.db.ovn_revision_numbers_db [None req-87a64524-8b99-4157-a84f-7f57711e7b7d d0c65db9968c44ea881660ce31adcce2 2bb4e729329c4911868eda1f1f6609e1 - - default default] Successfully bumped revision number for resource a8ff29fe-c817-419a-ba75-3abc86f34caf (type: security_group_rules) to 0
2026-07-09 17:57:08.643 10 INFO neutron.db.ovn_revision_numbers_db [None req-87a64524-8b99-4157-a84f-7f57711e7b7d d0c65db9968c44ea881660ce31adcce2 2bb4e729329c4911868eda1f1f6609e1 - - default default] Successfully bumped revision number for resource b931d2cd-8ea5-4b74-b623-be38c5f81694 (type: security_group_rules) to 0
2026-07-09 17:57:08.661 10 INFO neutron.db.ovn_revision_numbers_db [None req-87a64524-8b99-4157-a84f-7f57711e7b7d d0c65db9968c44ea881660ce31adcce2 2bb4e729329c4911868eda1f1f6609e1 - - default default] Successfully bumped revision number for resource ba9c33e6-615a-4c99-aef1-d8ee1501a806 (type: security_group_rules) to 0
2026-07-09 17:57:08.695 10 INFO neutron.wsgi [None req-87a64524-8b99-4157-a84f-7f57711e7b7d d0c65db9968c44ea881660ce31adcce2 2bb4e729329c4911868eda1f1f6609e1 - - default default] 10.0.0.192 "GET /v2.0/security-groups?tenant_id=ccf439b2e78d4ef0b0f218d24e23cee9&name=default HTTP/1.1" status: 200 len: 3120 time: 0.3351505
2026-07-09 17:57:08.713 9 INFO neutron.wsgi [req-b0a5cc98-7ce0-4037-9f56-52dd9c588632 req-01cb5e7f-8b22-4566-b87b-c90085567f37 b6657a9963d7413890d33574fe038125 366429dc9b524713af94988132729de1 - - default default] 10.0.0.226 "GET /v2.0/security-groups?id=f3512fb1-dfdf-4b92-9cb5-c227eefc2006&fields=id&fields=name HTTP/1.1" status: 200 len: 313 time: 0.1377981
2026-07-09 17:57:08.804 9 INFO neutron.db.ovn_revision_numbers_db [req-65f99141-3a68-4522-98d8-0ac5e1456f6a req-43575fa8-7119-47f5-a9f6-270e72cfcb02 9641b87a283e4ec09b0c3517dc01645c a7a0526503ce4ec899e384dc9024c28f - - 7487e898d5dc4f46b4dc538548e243d7 7487e898d5dc4f46b4dc538548e243d7] Successfully bumped revision number for resource 61680864-9999-4295-9362-7f23e28924f9 (type: ports) to 2
2026-07-09 17:57:08.805 10 INFO neutron.wsgi [None req-c1371def-7025-4831-a05f-0eb04e53e7e7 87874b5119ba4d8785430a5b85d50df6 a025d38d422f49efb316d6714497f66b - - default default] 10.0.0.192 "POST /v2.0/rbac-policies HTTP/1.1" status: 201 len: 523 time: 0.3507538
2026-07-09 17:57:09.137 9 WARNING neutron.scheduler.dhcp_agent_scheduler [None req-15b044b1-1f4d-4580-90da-3c9efd130f2f d5eeda3a2d374c2c9d220fd5c2921b75 f51747ab56494de2af209d8f0006db86 - - default default] No more DHCP agents
2026-07-09 17:57:09.144 9 WARNING neutron.api.rpc.agentnotifiers.dhcp_rpc_agent_api [None req-15b044b1-1f4d-4580-90da-3c9efd130f2f d5eeda3a2d374c2c9d220fd5c2921b75 f51747ab56494de2af209d8f0006db86 - - default default] Unable to schedule network 9febbac3-18d0-46bf-b821-9a4a81780ef5: no agents available; will retry on subsequent port and subnet creation events.
2026-07-09 17:57:09.191 10 INFO neutron.wsgi [-] 10.0.0.218 "GET / HTTP/1.1" status: 200 len: 246 time: 0.0018082
2026-07-09 17:57:09.194 10 INFO neutron.wsgi [-] 10.0.0.218 "GET / HTTP/1.1" status: 200 len: 246 time: 0.0021224
2026-07-09 17:57:09.196 9 INFO neutron.wsgi [None req-99106e1f-e20d-4aa7-9a59-ba1787d44097 d0c65db9968c44ea881660ce31adcce2 2bb4e729329c4911868eda1f1f6609e1 - - default default] 10.0.0.192 "DELETE /v2.0/security-groups/19048503-2316-42b3-9c04-f4bec4cfb13e HTTP/1.1" status: 204 len: 168 time: 0.4934051
2026-07-09 17:57:09.241 9 INFO neutron.db.ovn_revision_numbers_db [req-65f99141-3a68-4522-98d8-0ac5e1456f6a req-43575fa8-7119-47f5-a9f6-270e72cfcb02 9641b87a283e4ec09b0c3517dc01645c a7a0526503ce4ec899e384dc9024c28f - - 7487e898d5dc4f46b4dc538548e243d7 7487e898d5dc4f46b4dc538548e243d7] Successfully bumped revision number for resource 61680864-9999-4295-9362-7f23e28924f9 (type: ports) to 2
2026-07-09 17:57:09.271 9 INFO neutron.wsgi [req-65f99141-3a68-4522-98d8-0ac5e1456f6a req-43575fa8-7119-47f5-a9f6-270e72cfcb02 9641b87a283e4ec09b0c3517dc01645c a7a0526503ce4ec899e384dc9024c28f - - 7487e898d5dc4f46b4dc538548e243d7 7487e898d5dc4f46b4dc538548e243d7] 199.19.213.249 "PUT /v2.0/ports/61680864-9999-4295-9362-7f23e28924f9 HTTP/1.1" status: 200 len: 1380 time: 1.5609388
2026-07-09 17:57:09.320 9 INFO neutron.db.ovn_revision_numbers_db [None req-15b044b1-1f4d-4580-90da-3c9efd130f2f d5eeda3a2d374c2c9d220fd5c2921b75 f51747ab56494de2af209d8f0006db86 - - default default] Successfully bumped revision number for resource 4c1b03fe-fffc-4fe4-a474-e34d7a206ccd (type: ports) to 1 /var/lib/openstack/lib/python3.10/site-packages/pycadf/identifier.py:71: UserWarning: Invalid uuid: neutron. To ensure interoperability, identifiers should be a valid uuid. warnings.warn(('Invalid uuid: %s. To ensure interoperability, '
2026-07-09 17:57:09.338 9 INFO neutron.notifiers.nova [-] Nova event matching ['req-e5d9e308-27ef-4944-b0ea-8fc54e83447f'] response: {'name': 'network-changed', 'server_uuid': '29afe5ba-e12d-436b-9997-46483ae9b6b7', 'tag': '61680864-9999-4295-9362-7f23e28924f9', 'status': 'completed', 'code': 200}
2026-07-09 17:57:09.348 10 INFO neutron.wsgi [None req-c58d5725-5482-4bcc-a845-6d343ae08b83 82c181f864c349e08c1477749eaf9ac7 23741436c3254122ab5d0c03d94ddcc9 - - default default] 10.0.0.192 "GET /v2.0/networks/9e369c1e-13bf-48c7-a689-a6d3cb9bb9e9 HTTP/1.1" status: 200 len: 848 time: 0.1680255
2026-07-09 17:57:09.430 9 INFO neutron.wsgi [req-65f99141-3a68-4522-98d8-0ac5e1456f6a req-d16bbd8a-2d15-4bd9-b69f-cca34afe7369 9641b87a283e4ec09b0c3517dc01645c a7a0526503ce4ec899e384dc9024c28f - - 7487e898d5dc4f46b4dc538548e243d7 7487e898d5dc4f46b4dc538548e243d7] 199.19.213.249 "GET /v2.0/ports?tenant_id=366429dc9b524713af94988132729de1&device_id=29afe5ba-e12d-436b-9997-46483ae9b6b7 HTTP/1.1" status: 200 len: 1411 time: 0.1049156
2026-07-09 17:57:09.482 9 INFO neutron.wsgi [req-65f99141-3a68-4522-98d8-0ac5e1456f6a req-32e853eb-7b8a-4ce8-b69a-35ba7bb1b2ff 9641b87a283e4ec09b0c3517dc01645c a7a0526503ce4ec899e384dc9024c28f - - 7487e898d5dc4f46b4dc538548e243d7 7487e898d5dc4f46b4dc538548e243d7] 199.19.213.249 "GET /v2.0/floatingips?fixed_ip_address=10.100.0.12&port_id=61680864-9999-4295-9362-7f23e28924f9 HTTP/1.1" status: 200 len: 217 time: 0.0408864
2026-07-09 17:57:09.851 9 INFO neutron.wsgi [req-65f99141-3a68-4522-98d8-0ac5e1456f6a req-d69eaf21-092e-4276-8bde-41e6bd7e041c 9641b87a283e4ec09b0c3517dc01645c a7a0526503ce4ec899e384dc9024c28f - - 7487e898d5dc4f46b4dc538548e243d7 7487e898d5dc4f46b4dc538548e243d7] 199.19.213.249 "GET /v2.0/subnets?id=0c40d40a-bf8d-4bed-b773-a36524d91f58 HTTP/1.1" status: 200 len: 852 time: 0.3605363
2026-07-09 17:57:09.883 9 INFO neutron.wsgi [req-60ae61fd-7602-44c1-a29a-0500a148dad4 req-de35eb1d-ea90-428e-abeb-26fbabe7fc03 b6657a9963d7413890d33574fe038125 366429dc9b524713af94988132729de1 - - default default] 10.0.0.226 "GET /v2.0/ports?device_id=29afe5ba-e12d-436b-9997-46483ae9b6b7 HTTP/1.1" status: 200 len: 1172 time: 0.0927742
2026-07-09 17:57:09.889 10 INFO neutron.pecan_wsgi.hooks.translation [None req-0e505d17-ec42-43c4-9fbb-b2f85070a145 132feb3abb784b0bb3b40d212d3a72e3 dd28044a39744f6a8a603877fc7e0db9 - - default default] GET failed (client error): The resource could not be found.
2026-07-09 17:57:09.891 10 INFO neutron.wsgi [None req-0e505d17-ec42-43c4-9fbb-b2f85070a145 132feb3abb784b0bb3b40d212d3a72e3 dd28044a39744f6a8a603877fc7e0db9 - - default default] 10.0.0.192 "GET /v2.0/networks/9e369c1e-13bf-48c7-a689-a6d3cb9bb9e9 HTTP/1.1" status: 404 len: 339 time: 0.1487169
2026-07-09 17:57:09.918 9 INFO neutron.wsgi [req-65f99141-3a68-4522-98d8-0ac5e1456f6a req-91634264-922f-4732-9356-12973014e102 9641b87a283e4ec09b0c3517dc01645c a7a0526503ce4ec899e384dc9024c28f - - 7487e898d5dc4f46b4dc538548e243d7 7487e898d5dc4f46b4dc538548e243d7] 199.19.213.249 "GET /v2.0/ports?network_id=679c4894-df85-4bab-a527-509d4313a943&device_owner=network%3Adhcp HTTP/1.1" status: 200 len: 210 time: 0.0601764
2026-07-09 17:57:10.000 9 INFO neutron.wsgi [req-60ae61fd-7602-44c1-a29a-0500a148dad4 req-34fab2b3-89e3-4a5e-9894-53a4a384b1b2 b6657a9963d7413890d33574fe038125 366429dc9b524713af94988132729de1 - - default default] 10.0.0.226 "GET /v2.0/security-groups?id=f3512fb1-dfdf-4b92-9cb5-c227eefc2006&fields=id&fields=name HTTP/1.1" status: 200 len: 313 time: 0.0993018
2026-07-09 17:57:10.026 9 INFO neutron.wsgi [req-65f99141-3a68-4522-98d8-0ac5e1456f6a req-2c8d09a8-3641-4a6e-8d9e-6b25a5c7e8c0 9641b87a283e4ec09b0c3517dc01645c a7a0526503ce4ec899e384dc9024c28f - - 7487e898d5dc4f46b4dc538548e243d7 7487e898d5dc4f46b4dc538548e243d7] 199.19.213.249 "GET /v2.0/networks/679c4894-df85-4bab-a527-509d4313a943?fields=segments HTTP/1.1" status: 200 len: 212 time: 0.0995712
2026-07-09 17:57:10.140 9 INFO neutron.wsgi [req-65f99141-3a68-4522-98d8-0ac5e1456f6a req-68f493cc-a0a3-461f-8039-4b15d4dd9b17 9641b87a283e4ec09b0c3517dc01645c a7a0526503ce4ec899e384dc9024c28f - - 7487e898d5dc4f46b4dc538548e243d7 7487e898d5dc4f46b4dc538548e243d7] 199.19.213.249 "GET /v2.0/networks/679c4894-df85-4bab-a527-509d4313a943?fields=provider%3Aphysical_network&fields=provider%3Anetwork_type HTTP/1.1" status: 200 len: 277 time: 0.1049876
2026-07-09 17:57:10.237 9 INFO neutron.wsgi [req-e5ae7ac7-3c2a-4dd0-8b56-981d12528a73 req-7d6cb2c4-0170-478e-a34a-e40346153ecb 9641b87a283e4ec09b0c3517dc01645c a7a0526503ce4ec899e384dc9024c28f - - 7487e898d5dc4f46b4dc538548e243d7 7487e898d5dc4f46b4dc538548e243d7] 199.19.213.249 "GET /v2.0/ports?tenant_id=366429dc9b524713af94988132729de1&device_id=29afe5ba-e12d-436b-9997-46483ae9b6b7 HTTP/1.1" status: 200 len: 1411 time: 0.0417910
2026-07-09 17:57:10.372 9 INFO neutron.wsgi [req-e5ae7ac7-3c2a-4dd0-8b56-981d12528a73 req-6125eaab-cbe6-48d5-b152-4d8530feb27b 9641b87a283e4ec09b0c3517dc01645c a7a0526503ce4ec899e384dc9024c28f - - 7487e898d5dc4f46b4dc538548e243d7 7487e898d5dc4f46b4dc538548e243d7] 199.19.213.249 "GET /v2.0/networks?id=679c4894-df85-4bab-a527-509d4313a943 HTTP/1.1" status: 200 len: 958 time: 0.1293175
2026-07-09 17:57:10.416 9 INFO neutron.plugins.ml2.drivers.ovn.mech_driver.mech_driver [None req-ded871be-44cd-4c87-a954-1ccc9f7460bd - - - - - -] OVN reports status up for port: 61680864-9999-4295-9362-7f23e28924f9
2026-07-09 17:57:10.439 9 INFO neutron.wsgi [req-e5ae7ac7-3c2a-4dd0-8b56-981d12528a73 req-3cc4cf5b-e763-4ec7-8cf4-eb1ff5b95568 9641b87a283e4ec09b0c3517dc01645c a7a0526503ce4ec899e384dc9024c28f - - 7487e898d5dc4f46b4dc538548e243d7 7487e898d5dc4f46b4dc538548e243d7] 199.19.213.249 "GET /v2.0/floatingips?fixed_ip_address=10.100.0.12&port_id=61680864-9999-4295-9362-7f23e28924f9 HTTP/1.1" status: 200 len: 217 time: 0.0339470
2026-07-09 17:57:10.488 9 INFO neutron.plugins.ml2.plugin [None req-ded871be-44cd-4c87-a954-1ccc9f7460bd - - - - - -] Attempt 1 to provision port 61680864-9999-4295-9362-7f23e28924f9
2026-07-09 17:57:10.534 9 INFO neutron.wsgi [req-e5ae7ac7-3c2a-4dd0-8b56-981d12528a73 req-886a09db-1180-4dab-b14d-3b6ac4a4a079 9641b87a283e4ec09b0c3517dc01645c a7a0526503ce4ec899e384dc9024c28f - - 7487e898d5dc4f46b4dc538548e243d7 7487e898d5dc4f46b4dc538548e243d7] 199.19.213.249 "GET /v2.0/subnets?id=0c40d40a-bf8d-4bed-b773-a36524d91f58 HTTP/1.1" status: 200 len: 852 time: 0.0869176
2026-07-09 17:57:10.564 10 INFO neutron.services.segments.plugin [-] Segment 79f51d76-4c12-4274-96da-27d26c17fa6e resource provider aggregate not found
