2026-07-09 17:54:30.219 10 INFO neutron.wsgi [None req-2cd52ee0-7707-4eb6-8554-e44526da91af d0c65db9968c44ea881660ce31adcce2 2bb4e729329c4911868eda1f1f6609e1 - - default default] 10.0.0.192 "DELETE /v2.0/networks/af397ca5-9cf8-4221-bbfa-16ec78cdae5c HTTP/1.1" status: 204 len: 168 time: 0.8551443
2026-07-09 17:54:30.230 9 INFO neutron.services.segments.plugin [-] Segment 79819872-27bd-4486-80bf-804cb8f78db1 resource provider not found; error: Placement Client Error (4xx): {"errors": [{"status": 404, "title": "Not Found", "detail": "The resource could not be found.\n\n No resource provider with uuid 79819872-27bd-4486-80bf-804cb8f78db1 found for delete ", "request_id": "req-2680f46f-d392-4f24-ad71-7f8f261265eb"}]}
2026-07-09 17:54:30.251 9 INFO neutron.services.segments.plugin [-] Segment 79819872-27bd-4486-80bf-804cb8f78db1 resource provider not found; error: Placement Client Error (4xx): {"errors": [{"status": 404, "title": "Not Found", "detail": "The resource could not be found.\n\n No resource provider with uuid 79819872-27bd-4486-80bf-804cb8f78db1 found for delete ", "request_id": "req-3d281a7f-5626-4846-9ba3-0ecc662bd063"}]}
2026-07-09 17:54:30.383 10 INFO neutron.wsgi [None req-b1cdf405-a8bb-47f8-acdb-934947e0eb3b d0c65db9968c44ea881660ce31adcce2 2bb4e729329c4911868eda1f1f6609e1 - - default default] 10.0.0.192 "GET /v2.0/security-groups?tenant_id=041134fb64b946eda082c420287b72e6&name=default HTTP/1.1" status: 200 len: 3120 time: 0.0526168
2026-07-09 17:54:30.415 9 INFO neutron.wsgi [req-224dca46-861a-4660-91a6-5e05d6b780e5 req-3b40200c-5f73-4547-9434-605718adbb89 befdafa18b3c4f50bc12b4794aff27ef 5bb3b83023e340829edfc50b7f77d59c - - default default] 10.0.0.226 "GET /v2.0/ports?device_id=bde3cd72-fceb-41c5-b34e-412e0b80673b HTTP/1.1" status: 200 len: 1160 time: 0.2190616
2026-07-09 17:54:30.557 9 INFO neutron.wsgi [req-224dca46-861a-4660-91a6-5e05d6b780e5 req-4dfecfe4-7e49-4ce6-9dba-e63db90fad3a befdafa18b3c4f50bc12b4794aff27ef 5bb3b83023e340829edfc50b7f77d59c - - default default] 10.0.0.226 "GET /v2.0/security-groups?id=bef40fb2-a7a9-4eba-88d8-f45949c8d01a&fields=id&fields=name HTTP/1.1" status: 200 len: 312 time: 0.1323988
2026-07-09 17:54:30.634 10 INFO neutron.db.ovn_revision_numbers_db [req-db469c8a-f9bf-457c-9c47-3bc220c49cb4 req-5cc15728-6d48-4c94-bb65-76e46befb816 9641b87a283e4ec09b0c3517dc01645c a7a0526503ce4ec899e384dc9024c28f - - 7487e898d5dc4f46b4dc538548e243d7 7487e898d5dc4f46b4dc538548e243d7] Successfully bumped revision number for resource b2fca085-da6d-4405-953d-3998426a9ad4 (type: ports) to 2
2026-07-09 17:54:30.714 10 INFO neutron.wsgi [None req-1ccef8c5-7499-4ff2-9581-5bbb696bb752 d0c65db9968c44ea881660ce31adcce2 2bb4e729329c4911868eda1f1f6609e1 - - default default] 10.0.0.192 "DELETE /v2.0/security-groups/cc6d4f6e-73af-4260-bec7-bed9befb48a7 HTTP/1.1" status: 204 len: 168 time: 0.3197691
2026-07-09 17:54:30.840 10 INFO neutron.db.ovn_revision_numbers_db [req-db469c8a-f9bf-457c-9c47-3bc220c49cb4 req-5cc15728-6d48-4c94-bb65-76e46befb816 9641b87a283e4ec09b0c3517dc01645c a7a0526503ce4ec899e384dc9024c28f - - 7487e898d5dc4f46b4dc538548e243d7 7487e898d5dc4f46b4dc538548e243d7] Successfully bumped revision number for resource b2fca085-da6d-4405-953d-3998426a9ad4 (type: ports) to 2
2026-07-09 17:54:30.856 10 INFO neutron.wsgi [req-db469c8a-f9bf-457c-9c47-3bc220c49cb4 req-5cc15728-6d48-4c94-bb65-76e46befb816 9641b87a283e4ec09b0c3517dc01645c a7a0526503ce4ec899e384dc9024c28f - - 7487e898d5dc4f46b4dc538548e243d7 7487e898d5dc4f46b4dc538548e243d7] 199.19.213.249 "PUT /v2.0/ports/b2fca085-da6d-4405-953d-3998426a9ad4 HTTP/1.1" status: 200 len: 1380 time: 0.7589271 /var/lib/openstack/lib/python3.10/site-packages/pycadf/identifier.py:71: UserWarning: Invalid uuid: neutron. To ensure interoperability, identifiers should be a valid uuid. warnings.warn(('Invalid uuid: %s. To ensure interoperability, '
2026-07-09 17:54:30.923 10 INFO neutron.notifiers.nova [-] Nova event matching ['req-c8c6f0ee-9f31-4568-8df0-d1c2dcd7cab8'] response: {'name': 'network-changed', 'server_uuid': 'bde3cd72-fceb-41c5-b34e-412e0b80673b', 'tag': 'b2fca085-da6d-4405-953d-3998426a9ad4', 'status': 'completed', 'code': 200}
2026-07-09 17:54:30.941 10 INFO neutron.wsgi [req-db469c8a-f9bf-457c-9c47-3bc220c49cb4 req-94d8f110-02a5-4764-8ad5-f92e4c9747f9 9641b87a283e4ec09b0c3517dc01645c a7a0526503ce4ec899e384dc9024c28f - - 7487e898d5dc4f46b4dc538548e243d7 7487e898d5dc4f46b4dc538548e243d7] 199.19.213.249 "GET /v2.0/ports?tenant_id=5bb3b83023e340829edfc50b7f77d59c&device_id=bde3cd72-fceb-41c5-b34e-412e0b80673b HTTP/1.1" status: 200 len: 1411 time: 0.0438645
2026-07-09 17:54:30.975 10 INFO neutron.wsgi [req-db469c8a-f9bf-457c-9c47-3bc220c49cb4 req-11dc522e-beda-40fe-a749-37e7fbd12d61 9641b87a283e4ec09b0c3517dc01645c a7a0526503ce4ec899e384dc9024c28f - - 7487e898d5dc4f46b4dc538548e243d7 7487e898d5dc4f46b4dc538548e243d7] 199.19.213.249 "GET /v2.0/floatingips?fixed_ip_address=10.100.0.11&port_id=b2fca085-da6d-4405-953d-3998426a9ad4 HTTP/1.1" status: 200 len: 217 time: 0.0264671
2026-07-09 17:54:30.980 9 INFO neutron.wsgi [None req-43e4d9fb-5214-4e54-8697-23eec3e63e41 860d4e5f44bb464285f7f9eeac8ab2dd ab1ae67dbe574cfa9087ed9c920c8252 - - default default] 10.0.0.192 "DELETE /v2.0/networks/f740b744-db96-4e77-b436-a870717b3f64 HTTP/1.1" status: 204 len: 168 time: 0.8031769
2026-07-09 17:54:31.021 10 INFO neutron.wsgi [req-db469c8a-f9bf-457c-9c47-3bc220c49cb4 req-dc10812d-bf2b-4eb7-bd5c-5c2308fe264e 9641b87a283e4ec09b0c3517dc01645c a7a0526503ce4ec899e384dc9024c28f - - 7487e898d5dc4f46b4dc538548e243d7 7487e898d5dc4f46b4dc538548e243d7] 199.19.213.249 "GET /v2.0/subnets?id=f3233a8f-7832-45db-bbb5-8cf60c3f5195 HTTP/1.1" status: 200 len: 863 time: 0.0382659
2026-07-09 17:54:31.049 10 INFO neutron.wsgi [req-db469c8a-f9bf-457c-9c47-3bc220c49cb4 req-9f85f12d-9cb6-4c16-b49f-2e53a83ff354 9641b87a283e4ec09b0c3517dc01645c a7a0526503ce4ec899e384dc9024c28f - - 7487e898d5dc4f46b4dc538548e243d7 7487e898d5dc4f46b4dc538548e243d7] 199.19.213.249 "GET /v2.0/ports?network_id=044a164d-f177-4178-b473-803376ec40a8&device_owner=network%3Adhcp HTTP/1.1" status: 200 len: 210 time: 0.0206985
2026-07-09 17:54:31.110 10 INFO neutron.services.segments.plugin [-] Segment 4d45363c-0be1-46e4-be14-604899db9186 resource provider aggregate not found
2026-07-09 17:54:31.117 10 INFO neutron.services.segments.plugin [-] Segment 4d45363c-0be1-46e4-be14-604899db9186 resource provider aggregate not found
2026-07-09 17:54:31.133 10 INFO neutron.services.segments.plugin [-] Segment 4d45363c-0be1-46e4-be14-604899db9186 resource provider not found; error: Placement Client Error (4xx): {"errors": [{"status": 404, "title": "Not Found", "detail": "The resource could not be found.\n\n No resource provider with uuid 4d45363c-0be1-46e4-be14-604899db9186 found for delete ", "request_id": "req-05c34878-4c05-469c-82eb-a8773fa3e85c"}]}
2026-07-09 17:54:31.139 10 INFO neutron.services.segments.plugin [-] Segment 4d45363c-0be1-46e4-be14-604899db9186 resource provider not found; error: Placement Client Error (4xx): {"errors": [{"status": 404, "title": "Not Found", "detail": "The resource could not be found.\n\n No resource provider with uuid 4d45363c-0be1-46e4-be14-604899db9186 found for delete ", "request_id": "req-3acec8ea-b2d5-47d4-8e99-dd9e57ea2c01"}]}
2026-07-09 17:54:31.156 10 INFO neutron.wsgi [req-db469c8a-f9bf-457c-9c47-3bc220c49cb4 req-560f51f0-8068-4181-880a-11e4e60a9746 9641b87a283e4ec09b0c3517dc01645c a7a0526503ce4ec899e384dc9024c28f - - 7487e898d5dc4f46b4dc538548e243d7 7487e898d5dc4f46b4dc538548e243d7] 199.19.213.249 "GET /v2.0/networks/044a164d-f177-4178-b473-803376ec40a8?fields=segments HTTP/1.1" status: 200 len: 212 time: 0.0990839
2026-07-09 17:54:31.242 10 INFO neutron.wsgi [req-db469c8a-f9bf-457c-9c47-3bc220c49cb4 req-a5fbdecf-fd9e-4ddd-aaa6-93d0eab66a5f 9641b87a283e4ec09b0c3517dc01645c a7a0526503ce4ec899e384dc9024c28f - - 7487e898d5dc4f46b4dc538548e243d7 7487e898d5dc4f46b4dc538548e243d7] 199.19.213.249 "GET /v2.0/networks/044a164d-f177-4178-b473-803376ec40a8?fields=provider%3Aphysical_network&fields=provider%3Anetwork_type HTTP/1.1" status: 200 len: 277 time: 0.0757484
2026-07-09 17:54:31.332 10 INFO neutron.wsgi [req-5306acda-8311-4ae7-b367-89bacc42ee3c req-6e7f279e-7d19-4623-96ab-02fb6db1ccdf 9641b87a283e4ec09b0c3517dc01645c a7a0526503ce4ec899e384dc9024c28f - - 7487e898d5dc4f46b4dc538548e243d7 7487e898d5dc4f46b4dc538548e243d7] 199.19.213.249 "GET /v2.0/ports?tenant_id=5bb3b83023e340829edfc50b7f77d59c&device_id=bde3cd72-fceb-41c5-b34e-412e0b80673b HTTP/1.1" status: 200 len: 1411 time: 0.0508318
2026-07-09 17:54:31.424 10 INFO neutron.wsgi [req-5306acda-8311-4ae7-b367-89bacc42ee3c req-f33c3045-549b-40d5-8d07-660cd625395a 9641b87a283e4ec09b0c3517dc01645c a7a0526503ce4ec899e384dc9024c28f - - 7487e898d5dc4f46b4dc538548e243d7 7487e898d5dc4f46b4dc538548e243d7] 199.19.213.249 "GET /v2.0/networks?id=044a164d-f177-4178-b473-803376ec40a8 HTTP/1.1" status: 200 len: 968 time: 0.0854378
2026-07-09 17:54:31.445 9 INFO neutron.plugins.ml2.drivers.ovn.mech_driver.mech_driver [None req-ded871be-44cd-4c87-a954-1ccc9f7460bd - - - - - -] OVN reports status up for port: b2fca085-da6d-4405-953d-3998426a9ad4
2026-07-09 17:54:31.469 10 INFO neutron.wsgi [req-5306acda-8311-4ae7-b367-89bacc42ee3c req-f30e895a-0fd1-428d-970b-df84a7a0aea5 9641b87a283e4ec09b0c3517dc01645c a7a0526503ce4ec899e384dc9024c28f - - 7487e898d5dc4f46b4dc538548e243d7 7487e898d5dc4f46b4dc538548e243d7] 199.19.213.249 "GET /v2.0/floatingips?fixed_ip_address=10.100.0.11&port_id=b2fca085-da6d-4405-953d-3998426a9ad4 HTTP/1.1" status: 200 len: 217 time: 0.0408692
2026-07-09 17:54:31.515 9 INFO neutron.plugins.ml2.plugin [None req-ded871be-44cd-4c87-a954-1ccc9f7460bd - - - - - -] Attempt 1 to provision port b2fca085-da6d-4405-953d-3998426a9ad4
2026-07-09 17:54:31.532 10 INFO neutron.wsgi [req-5306acda-8311-4ae7-b367-89bacc42ee3c req-341e8985-336f-4fff-828a-e6795bc6cdaa 9641b87a283e4ec09b0c3517dc01645c a7a0526503ce4ec899e384dc9024c28f - - 7487e898d5dc4f46b4dc538548e243d7 7487e898d5dc4f46b4dc538548e243d7] 199.19.213.249 "GET /v2.0/subnets?id=f3233a8f-7832-45db-bbb5-8cf60c3f5195 HTTP/1.1" status: 200 len: 863 time: 0.0553834
2026-07-09 17:54:31.549 9 INFO neutron.wsgi [None req-093ea652-0d42-4696-837e-bf44553a1f88 d0c65db9968c44ea881660ce31adcce2 2bb4e729329c4911868eda1f1f6609e1 - - default default] 10.0.0.192 "PUT /v2.0/routers/3f2ddffe-d0ae-42c1-ad73-ed1aa2002ed6/remove_router_interface HTTP/1.1" status: 200 len: 503 time: 2.3251314
2026-07-09 17:54:31.591 10 INFO neutron.wsgi [req-5306acda-8311-4ae7-b367-89bacc42ee3c req-8bec4270-059f-4ddb-8198-20de285bad5a 9641b87a283e4ec09b0c3517dc01645c a7a0526503ce4ec899e384dc9024c28f - - 7487e898d5dc4f46b4dc538548e243d7 7487e898d5dc4f46b4dc538548e243d7] 199.19.213.249 "GET /v2.0/ports?network_id=044a164d-f177-4178-b473-803376ec40a8&device_owner=network%3Adhcp HTTP/1.1" status: 200 len: 210 time: 0.0516865 /var/lib/openstack/lib/python3.10/site-packages/pycadf/identifier.py:71: UserWarning: Invalid uuid: neutron. To ensure interoperability, identifiers should be a valid uuid. warnings.warn(('Invalid uuid: %s. To ensure interoperability, '
2026-07-09 17:54:31.707 9 INFO neutron.notifiers.nova [-] Nova event matching ['req-069249f1-0422-4bcd-96d4-b7c1344a91c2'] response: {'server_uuid': 'bde3cd72-fceb-41c5-b34e-412e0b80673b', 'name': 'network-vif-plugged', 'status': 'completed', 'tag': 'b2fca085-da6d-4405-953d-3998426a9ad4', 'code': 200}
2026-07-09 17:54:31.718 9 INFO neutron.wsgi [req-7a93f712-8be3-4d2e-8b79-001f4c6a8279 req-8773b908-38c7-4742-ba46-8a77f8ee22ca befdafa18b3c4f50bc12b4794aff27ef 5bb3b83023e340829edfc50b7f77d59c - - default default] 10.0.0.226 "GET /v2.0/ports?device_id=bde3cd72-fceb-41c5-b34e-412e0b80673b HTTP/1.1" status: 200 len: 1172 time: 0.0688498
2026-07-09 17:54:31.738 10 INFO neutron.wsgi [None req-22f622c0-145e-4810-8b3d-10d1ecbca73d d0c65db9968c44ea881660ce31adcce2 2bb4e729329c4911868eda1f1f6609e1 - - default default] 10.0.0.192 "GET /v2.0/security-groups?tenant_id=ab1ae67dbe574cfa9087ed9c920c8252&name=default HTTP/1.1" status: 200 len: 3120 time: 0.2467659
2026-07-09 17:54:31.741 10 INFO neutron.wsgi [req-5306acda-8311-4ae7-b367-89bacc42ee3c req-89e072be-5a8e-4a54-b12b-015069c144d0 9641b87a283e4ec09b0c3517dc01645c a7a0526503ce4ec899e384dc9024c28f - - 7487e898d5dc4f46b4dc538548e243d7 7487e898d5dc4f46b4dc538548e243d7] 199.19.213.249 "GET /v2.0/networks/044a164d-f177-4178-b473-803376ec40a8?fields=segments HTTP/1.1" status: 200 len: 212 time: 0.1451974
2026-07-09 17:54:31.798 9 INFO neutron.wsgi [req-7a93f712-8be3-4d2e-8b79-001f4c6a8279 req-a2e87171-d2a4-4227-bdc3-8847d2fd7f1b befdafa18b3c4f50bc12b4794aff27ef 5bb3b83023e340829edfc50b7f77d59c - - default default] 10.0.0.226 "GET /v2.0/security-groups?id=bef40fb2-a7a9-4eba-88d8-f45949c8d01a&fields=id&fields=name HTTP/1.1" status: 200 len: 312 time: 0.0681832
2026-07-09 17:54:31.842 10 INFO neutron.wsgi [req-5306acda-8311-4ae7-b367-89bacc42ee3c req-74529583-8420-4c39-9225-2feb7d129cf8 9641b87a283e4ec09b0c3517dc01645c a7a0526503ce4ec899e384dc9024c28f - - 7487e898d5dc4f46b4dc538548e243d7 7487e898d5dc4f46b4dc538548e243d7] 199.19.213.249 "GET /v2.0/networks/044a164d-f177-4178-b473-803376ec40a8?fields=provider%3Aphysical_network&fields=provider%3Anetwork_type HTTP/1.1" status: 200 len: 277 time: 0.0831108
2026-07-09 17:54:31.938 9 INFO neutron.db.ovn_revision_numbers_db [None req-ded871be-44cd-4c87-a954-1ccc9f7460bd - - - - - -] Successfully bumped revision number for resource b2fca085-da6d-4405-953d-3998426a9ad4 (type: ports) to 4
2026-07-09 17:54:32.104 9 INFO neutron.wsgi [None req-515b1b1c-8487-47b6-91ab-50ff0a0bf617 d0c65db9968c44ea881660ce31adcce2 2bb4e729329c4911868eda1f1f6609e1 - - default default] 10.0.0.192 "DELETE /v2.0/security-groups/07fe22f1-4df8-4e8b-8755-ba179dc820a8 HTTP/1.1" status: 204 len: 168 time: 0.3466208
2026-07-09 17:54:32.272 9 INFO neutron.services.segments.plugin [-] Segment 05a8bcd1-7531-415d-af72-77ea72928304 resource provider aggregate not found
2026-07-09 17:54:32.284 9 INFO neutron.services.segments.plugin [-] Segment 05a8bcd1-7531-415d-af72-77ea72928304 resource provider aggregate not found
2026-07-09 17:54:32.306 9 INFO neutron.services.segments.plugin [-] Segment 05a8bcd1-7531-415d-af72-77ea72928304 resource provider not found; error: Placement Client Error (4xx): {"errors": [{"status": 404, "title": "Not Found", "detail": "The resource could not be found.\n\n No resource provider with uuid 05a8bcd1-7531-415d-af72-77ea72928304 found for delete ", "request_id": "req-81d83e4b-ba86-4b3e-8fbb-6aed5c5645cc"}]}
2026-07-09 17:54:32.315 9 INFO neutron.services.segments.plugin [-] Segment 05a8bcd1-7531-415d-af72-77ea72928304 resource provider not found; error: Placement Client Error (4xx): {"errors": [{"status": 404, "title": "Not Found", "detail": "The resource could not be found.\n\n No resource provider with uuid 05a8bcd1-7531-415d-af72-77ea72928304 found for delete ", "request_id": "req-561bbf26-802e-4eb2-a760-b634a34556a8"}]}
2026-07-09 17:54:32.673 10 INFO neutron.wsgi [None req-97dec6b7-d094-4f13-b67b-266044dab6bf d0c65db9968c44ea881660ce31adcce2 2bb4e729329c4911868eda1f1f6609e1 - - default default] 10.0.0.192 "DELETE /v2.0/routers/3f2ddffe-d0ae-42c1-ad73-ed1aa2002ed6 HTTP/1.1" status: 204 len: 168 time: 1.1148906
2026-07-09 17:54:32.892 10 INFO neutron.wsgi [None req-43a75d15-d6ac-4c1e-82fc-734ea6f15c6b d0c65db9968c44ea881660ce31adcce2 2bb4e729329c4911868eda1f1f6609e1 - - default default] 10.0.0.192 "DELETE /v2.0/subnets/ecdb0f2b-5fb6-43c8-98d8-5283e8202702 HTTP/1.1" status: 204 len: 168 time: 0.2142134 /var/lib/openstack/lib/python3.10/site-packages/pycadf/identifier.py:71: UserWarning: Invalid uuid: neutron. To ensure interoperability, identifiers should be a valid uuid. warnings.warn(('Invalid uuid: %s. To ensure interoperability, '
2026-07-09 17:54:32.990 10 INFO neutron.wsgi [req-e4a95835-0c26-4fcc-86bd-d9b882199095 req-125d277c-2da4-4a2f-b4c6-03304b161680 befdafa18b3c4f50bc12b4794aff27ef 5bb3b83023e340829edfc50b7f77d59c - - default default] 10.0.0.226 "GET /v2.0/ports?device_id=bde3cd72-fceb-41c5-b34e-412e0b80673b HTTP/1.1" status: 200 len: 1174 time: 0.0942430
2026-07-09 17:54:33.044 10 INFO neutron.wsgi [req-e4a95835-0c26-4fcc-86bd-d9b882199095 req-6d895eb1-3091-49fd-a04e-59ec45baeb62 befdafa18b3c4f50bc12b4794aff27ef 5bb3b83023e340829edfc50b7f77d59c - - default default] 10.0.0.226 "GET /v2.0/security-groups?id=bef40fb2-a7a9-4eba-88d8-f45949c8d01a&fields=id&fields=name HTTP/1.1" status: 200 len: 312 time: 0.0487807
2026-07-09 17:54:33.174 10 INFO neutron.wsgi [req-661733b0-ef0d-49f4-b45e-ef6a005be462 req-5fa39929-8e12-4fbe-87eb-fcfc26a12972 befdafa18b3c4f50bc12b4794aff27ef 5bb3b83023e340829edfc50b7f77d59c - - default default] 10.0.0.226 "GET /v2.0/ports?device_id=bde3cd72-fceb-41c5-b34e-412e0b80673b HTTP/1.1" status: 200 len: 1174 time: 0.0543714
2026-07-09 17:54:33.418 9 INFO neutron.wsgi [None req-d74af318-78ab-44bd-99a5-ba5de3162195 d0c65db9968c44ea881660ce31adcce2 2bb4e729329c4911868eda1f1f6609e1 - - default default] 10.0.0.192 "DELETE /v2.0/networks/119d9b10-eba0-4794-bd07-322af080c68b HTTP/1.1" status: 204 len: 168 time: 0.5165660
2026-07-09 17:54:33.467 10 INFO neutron.wsgi [None req-7e18736e-dd3e-4175-81bb-48ac7cc2f631 d0c65db9968c44ea881660ce31adcce2 2bb4e729329c4911868eda1f1f6609e1 - - default default] 10.0.0.207 "GET /v2.0/network-ip-availabilities HTTP/1.1" status: 200 len: 1746 time: 0.1691635
2026-07-09 17:54:33.568 10 INFO neutron.wsgi [None req-94921d91-c229-4cb1-bb62-f4a7ada42454 d0c65db9968c44ea881660ce31adcce2 2bb4e729329c4911868eda1f1f6609e1 - - default default] 10.0.0.207 "GET /v2.0/ports HTTP/1.1" status: 200 len: 10773 time: 0.0970316
2026-07-09 17:54:33.598 9 INFO neutron.wsgi [None req-55c3ba08-a638-48a6-8bb5-79a73cd411a4 d0c65db9968c44ea881660ce31adcce2 2bb4e729329c4911868eda1f1f6609e1 - - default default] 10.0.0.192 "GET /v2.0/security-groups?tenant_id=f4bab607b41147208c60fcf5c8644c1c&name=default HTTP/1.1" status: 200 len: 3116 time: 0.0489364
2026-07-09 17:54:33.750 9 INFO neutron.notifiers.nova [-] Nova event matching ['req-a46eb7fc-fb5b-4f8d-bfd4-0511354ae2bb'] response: {'server_uuid': 'bde3cd72-fceb-41c5-b34e-412e0b80673b', 'name': 'network-vif-plugged', 'status': 'completed', 'tag': 'b2fca085-da6d-4405-953d-3998426a9ad4', 'code': 200}
2026-07-09 17:54:33.926 9 INFO neutron.wsgi [None req-903dd358-21db-4b07-8b0d-00a012c696e9 d0c65db9968c44ea881660ce31adcce2 2bb4e729329c4911868eda1f1f6609e1 - - default default] 10.0.0.192 "DELETE /v2.0/security-groups/c42cbf92-5f28-4dfb-8162-81fc62dc2636 HTTP/1.1" status: 204 len: 168 time: 0.3233759
2026-07-09 17:54:33.939 10 INFO neutron.wsgi [None req-a7ff3091-df8f-4681-a798-ca6cef10535f d0c65db9968c44ea881660ce31adcce2 2bb4e729329c4911868eda1f1f6609e1 - - default default] 10.0.0.207 "GET /v2.0/floatingips HTTP/1.1" status: 200 len: 730 time: 0.3625710
2026-07-09 17:54:34.076 10 INFO neutron.wsgi [None req-c9d6f13d-4209-40ae-b5f8-3d6ef3114152 d0c65db9968c44ea881660ce31adcce2 2bb4e729329c4911868eda1f1f6609e1 - - default default] 10.0.0.207 "GET /v2.0/networks HTTP/1.1" status: 200 len: 3105 time: 0.1350296
2026-07-09 17:54:34.137 10 INFO neutron.wsgi [None req-84d888c1-4604-47ac-a351-b56c6ae5677a d0c65db9968c44ea881660ce31adcce2 2bb4e729329c4911868eda1f1f6609e1 - - default default] 10.0.0.207 "GET /v2.0/subnets HTTP/1.1" status: 200 len: 2088 time: 0.0571473
2026-07-09 17:54:34.166 10 INFO neutron.wsgi [None req-094a8227-3f6e-4611-95fc-9cc60a4ed6c9 d0c65db9968c44ea881660ce31adcce2 2bb4e729329c4911868eda1f1f6609e1 - - default default] 10.0.0.207 "GET /v2.0/subnetpools HTTP/1.1" status: 200 len: 193 time: 0.0265303
2026-07-09 17:54:34.233 10 INFO neutron.wsgi [None req-e146cebe-4434-4024-b73d-54ebe596a6e9 d0c65db9968c44ea881660ce31adcce2 2bb4e729329c4911868eda1f1f6609e1 - - default default] 10.0.0.207 "GET /v2.0/subnets HTTP/1.1" status: 200 len: 2088 time: 0.0638757
2026-07-09 17:54:34.289 9 WARNING neutron_lib.context [None req-85ac05f2-52f5-41cf-b6c7-d7ef448cb7d9 bc45306841fc444e9d364bd29b51f152 2fea0c4e69da4883ab95474c1b3d6608 - - default default] Method 'is_advsvc' is deprecated since 2023.2 release (neutron-lib 3.8.0) and will be removed once support for the old RBAC API policies will be removed from Neutron. Please use method 'is_service_role' instead.
2026-07-09 17:54:34.333 9 INFO neutron.services.segments.plugin [-] Segment 57af6dc2-5c4c-46e0-9b73-531bba32224b resource provider aggregate not found
2026-07-09 17:54:34.346 9 INFO neutron.services.segments.plugin [-] Segment 57af6dc2-5c4c-46e0-9b73-531bba32224b resource provider aggregate not found
2026-07-09 17:54:34.350 9 INFO neutron.services.segments.plugin [-] Segment 57af6dc2-5c4c-46e0-9b73-531bba32224b resource provider not found; error: Placement Client Error (4xx): {"errors": [{"status": 404, "title": "Not Found", "detail": "The resource could not be found.\n\n No resource provider with uuid 57af6dc2-5c4c-46e0-9b73-531bba32224b found for delete ", "request_id": "req-82d60202-5c3f-4fc0-a84a-024b2f4728b0"}]}
2026-07-09 17:54:34.364 9 INFO neutron.services.segments.plugin [-] Segment 57af6dc2-5c4c-46e0-9b73-531bba32224b resource provider not found; error: Placement Client Error (4xx): {"errors": [{"status": 404, "title": "Not Found", "detail": "The resource could not be found.\n\n No resource provider with uuid 57af6dc2-5c4c-46e0-9b73-531bba32224b found for delete ", "request_id": "req-e4a26881-50e6-44bf-986c-4deec8ebf418"}]}
2026-07-09 17:54:34.484 10 INFO neutron.wsgi [None req-e897d1e3-5036-48d1-abe3-5f7658a85d2e d0c65db9968c44ea881660ce31adcce2 2bb4e729329c4911868eda1f1f6609e1 - - default default] 10.0.0.207 "GET /v2.0/routers HTTP/1.1" status: 200 len: 1147 time: 0.2488413
2026-07-09 17:54:34.486 10 INFO neutron.db.ovn_revision_numbers_db [None req-d568fd14-07b4-4875-9686-7e68fa05c5d7 befdafa18b3c4f50bc12b4794aff27ef 5bb3b83023e340829edfc50b7f77d59c - - default default] Successfully bumped revision number for resource 1b8df798-b736-4bd5-911c-027f2d053680 (type: floatingips) to 1 /var/lib/openstack/lib/python3.10/site-packages/pycadf/identifier.py:71: UserWarning: Invalid uuid: neutron. To ensure interoperability, identifiers should be a valid uuid. warnings.warn(('Invalid uuid: %s. To ensure interoperability, '
2026-07-09 17:54:34.526 10 INFO neutron.wsgi [None req-9c0e1a2f-ad44-4860-b94f-0669f0f9a8ee d0c65db9968c44ea881660ce31adcce2 2bb4e729329c4911868eda1f1f6609e1 - - default default] 10.0.0.207 "GET /v2.0/agents?binary=ovn-controller HTTP/1.1" status: 200 len: 591 time: 0.0371733
2026-07-09 17:54:34.551 10 INFO neutron.wsgi [None req-d9fecfba-3780-40b6-9c25-5899dd4e2bcb d0c65db9968c44ea881660ce31adcce2 2bb4e729329c4911868eda1f1f6609e1 - - default default] 10.0.0.207 "GET /v2.0/agents HTTP/1.1" status: 200 len: 1390 time: 0.0195889
2026-07-09 17:54:34.550 9 INFO neutron.db.ovn_revision_numbers_db [None req-97af1512-691e-4af8-b6f0-4b881938096a d0c65db9968c44ea881660ce31adcce2 2bb4e729329c4911868eda1f1f6609e1 - - default default] Successfully bumped revision number for resource c8360b68-62b8-426d-b97b-7b60380b0967 (type: security_groups) to 1
2026-07-09 17:54:34.567 9 INFO neutron.db.ovn_revision_numbers_db [None req-85ac05f2-52f5-41cf-b6c7-d7ef448cb7d9 bc45306841fc444e9d364bd29b51f152 2fea0c4e69da4883ab95474c1b3d6608 - - default default] Successfully bumped revision number for resource a8f45a1a-5fef-441a-b209-b53b110e13bc (type: security_groups) to 1
2026-07-09 17:54:34.570 9 INFO neutron.db.ovn_revision_numbers_db [None req-97af1512-691e-4af8-b6f0-4b881938096a d0c65db9968c44ea881660ce31adcce2 2bb4e729329c4911868eda1f1f6609e1 - - default default] Successfully bumped revision number for resource 13351072-22d4-48e1-bac3-8faa2c823d39 (type: security_group_rules) to 0
2026-07-09 17:54:34.593 9 INFO neutron.db.ovn_revision_numbers_db [None req-97af1512-691e-4af8-b6f0-4b881938096a d0c65db9968c44ea881660ce31adcce2 2bb4e729329c4911868eda1f1f6609e1 - - default default] Successfully bumped revision number for resource 2f68496f-77c2-496f-a51e-f89e08c2cbf8 (type: security_group_rules) to 0
2026-07-09 17:54:34.594 9 INFO neutron.db.ovn_revision_numbers_db [None req-85ac05f2-52f5-41cf-b6c7-d7ef448cb7d9 bc45306841fc444e9d364bd29b51f152 2fea0c4e69da4883ab95474c1b3d6608 - - default default] Successfully bumped revision number for resource 1f722d52-c5ca-4574-9d46-bce0df6a6135 (type: security_group_rules) to 0
2026-07-09 17:54:34.615 9 INFO neutron.db.ovn_revision_numbers_db [None req-97af1512-691e-4af8-b6f0-4b881938096a d0c65db9968c44ea881660ce31adcce2 2bb4e729329c4911868eda1f1f6609e1 - - default default] Successfully bumped revision number for resource 45c158e4-8d52-4b51-b1e7-d25567195a1e (type: security_group_rules) to 0
2026-07-09 17:54:34.618 9 INFO neutron.db.ovn_revision_numbers_db [None req-85ac05f2-52f5-41cf-b6c7-d7ef448cb7d9 bc45306841fc444e9d364bd29b51f152 2fea0c4e69da4883ab95474c1b3d6608 - - default default] Successfully bumped revision number for resource 3ab3458c-4215-4b3d-846d-3d5fce992bf9 (type: security_group_rules) to 0
2026-07-09 17:54:34.639 10 INFO neutron.wsgi [None req-177dbb24-3be1-4856-9cd3-3c3ec7dc142a d0c65db9968c44ea881660ce31adcce2 2bb4e729329c4911868eda1f1f6609e1 - - default default] 10.0.0.207 "GET /v2.0/security-groups HTTP/1.1" status: 200 len: 29153 time: 0.0863793
2026-07-09 17:54:34.644 9 INFO neutron.db.ovn_revision_numbers_db [None req-97af1512-691e-4af8-b6f0-4b881938096a d0c65db9968c44ea881660ce31adcce2 2bb4e729329c4911868eda1f1f6609e1 - - default default] Successfully bumped revision number for resource cd28d57e-a6dc-4b91-b534-9aebe2e435bb (type: security_group_rules) to 0
2026-07-09 17:54:34.649 9 INFO neutron.db.ovn_revision_numbers_db [None req-85ac05f2-52f5-41cf-b6c7-d7ef448cb7d9 bc45306841fc444e9d364bd29b51f152 2fea0c4e69da4883ab95474c1b3d6608 - - default default] Successfully bumped revision number for resource 88477f1f-8696-4583-a346-f715ae8c3417 (type: security_group_rules) to 0
2026-07-09 17:54:34.680 9 INFO neutron.wsgi [None req-97af1512-691e-4af8-b6f0-4b881938096a d0c65db9968c44ea881660ce31adcce2 2bb4e729329c4911868eda1f1f6609e1 - - default default] 10.0.0.192 "GET /v2.0/security-groups?tenant_id=8cbf0c9480494063b0ae4865f2af9c22&name=default HTTP/1.1" status: 200 len: 3120 time: 0.6811097
2026-07-09 17:54:34.685 9 INFO neutron.db.ovn_revision_numbers_db [None req-85ac05f2-52f5-41cf-b6c7-d7ef448cb7d9 bc45306841fc444e9d364bd29b51f152 2fea0c4e69da4883ab95474c1b3d6608 - - default default] Successfully bumped revision number for resource c95ca9ab-5d78-496e-ad05-fef5bbf0af69 (type: security_group_rules) to 0
2026-07-09 17:54:34.694 10 INFO neutron.db.ovn_revision_numbers_db [None req-d568fd14-07b4-4875-9686-7e68fa05c5d7 befdafa18b3c4f50bc12b4794aff27ef 5bb3b83023e340829edfc50b7f77d59c - - default default] Successfully bumped revision number for resource 1b8df798-b736-4bd5-911c-027f2d053680 (type: floatingips) to 2
2026-07-09 17:54:34.695 10 INFO neutron.db.l3_db [None req-d568fd14-07b4-4875-9686-7e68fa05c5d7 befdafa18b3c4f50bc12b4794aff27ef 5bb3b83023e340829edfc50b7f77d59c - - default default] Floating IP 1b8df798-b736-4bd5-911c-027f2d053680 associated. External IP: 10.96.250.212, port: b2fca085-da6d-4405-953d-3998426a9ad4.
2026-07-09 17:54:34.738 10 INFO neutron.wsgi [None req-d568fd14-07b4-4875-9686-7e68fa05c5d7 befdafa18b3c4f50bc12b4794aff27ef 5bb3b83023e340829edfc50b7f77d59c - - default default] 10.0.0.192 "PUT /v2.0/floatingips/1b8df798-b736-4bd5-911c-027f2d053680 HTTP/1.1" status: 200 len: 1050 time: 1.5468473
2026-07-09 17:54:34.738 9 INFO neutron.db.segments_db [None req-85ac05f2-52f5-41cf-b6c7-d7ef448cb7d9 bc45306841fc444e9d364bd29b51f152 2fea0c4e69da4883ab95474c1b3d6608 - - default default] Added segment 7255b919-68bb-4bec-94c1-3a0f3835918c of type geneve for network 9cff7cdd-3c46-422c-9020-73bfe00796c5
2026-07-09 17:54:34.779 10 INFO neutron.notifiers.nova [-] Nova event matching ['req-fac2c0df-f812-48a7-8caa-d98f7234fdfd'] response: {'name': 'network-changed', 'server_uuid': 'bde3cd72-fceb-41c5-b34e-412e0b80673b', 'tag': 'b2fca085-da6d-4405-953d-3998426a9ad4', 'status': 'completed', 'code': 200}
2026-07-09 17:54:34.849 9 INFO neutron.wsgi [req-8ff25b96-7027-48f3-bfdf-e68f291a280d req-3ce1e447-47aa-468a-ba15-04ff4e84c4f4 befdafa18b3c4f50bc12b4794aff27ef 5bb3b83023e340829edfc50b7f77d59c - - default default] 10.0.0.226 "GET /v2.0/ports?device_id=bde3cd72-fceb-41c5-b34e-412e0b80673b HTTP/1.1" status: 200 len: 1174 time: 0.0548177
2026-07-09 17:54:34.860 10 INFO neutron.wsgi [req-e34eff18-f6c9-4274-bed0-0bc5acdfa5fb req-4dde6ef9-ac14-45e5-89a7-5e7c11542e88 9641b87a283e4ec09b0c3517dc01645c a7a0526503ce4ec899e384dc9024c28f - - 7487e898d5dc4f46b4dc538548e243d7 7487e898d5dc4f46b4dc538548e243d7] 199.19.213.249 "GET /v2.0/ports?tenant_id=5bb3b83023e340829edfc50b7f77d59c&device_id=bde3cd72-fceb-41c5-b34e-412e0b80673b HTTP/1.1" status: 200 len: 1413 time: 0.0505285
2026-07-09 17:54:34.944 9 INFO neutron.wsgi [req-8ff25b96-7027-48f3-bfdf-e68f291a280d req-e5b6c84d-4c70-4588-b094-bcaea3a5fc69 befdafa18b3c4f50bc12b4794aff27ef 5bb3b83023e340829edfc50b7f77d59c - - default default] 10.0.0.226 "GET /v2.0/security-groups?id=bef40fb2-a7a9-4eba-88d8-f45949c8d01a&fields=id&fields=name HTTP/1.1" status: 200 len: 312 time: 0.0885203
2026-07-09 17:54:34.945 9 INFO neutron.db.ovn_revision_numbers_db [None req-85ac05f2-52f5-41cf-b6c7-d7ef448cb7d9 bc45306841fc444e9d364bd29b51f152 2fea0c4e69da4883ab95474c1b3d6608 - - default default] Successfully bumped revision number for resource 9cff7cdd-3c46-422c-9020-73bfe00796c5 (type: networks) to 1
2026-07-09 17:54:34.948 10 INFO neutron.wsgi [req-e34eff18-f6c9-4274-bed0-0bc5acdfa5fb req-1bd399a4-be73-4e6c-b743-343302de0567 9641b87a283e4ec09b0c3517dc01645c a7a0526503ce4ec899e384dc9024c28f - - 7487e898d5dc4f46b4dc538548e243d7 7487e898d5dc4f46b4dc538548e243d7] 199.19.213.249 "GET /v2.0/networks?id=044a164d-f177-4178-b473-803376ec40a8 HTTP/1.1" status: 200 len: 968 time: 0.0775273
2026-07-09 17:54:35.007 10 INFO neutron.wsgi [req-e34eff18-f6c9-4274-bed0-0bc5acdfa5fb req-eae4a943-047a-47e2-917e-ae36c2d21f43 9641b87a283e4ec09b0c3517dc01645c a7a0526503ce4ec899e384dc9024c28f - - 7487e898d5dc4f46b4dc538548e243d7 7487e898d5dc4f46b4dc538548e243d7] 199.19.213.249 "GET /v2.0/floatingips?fixed_ip_address=10.100.0.11&port_id=b2fca085-da6d-4405-953d-3998426a9ad4 HTTP/1.1" status: 200 len: 1060 time: 0.0474670
2026-07-09 17:54:35.052 10 INFO neutron.wsgi [None req-114aef12-8cb0-48e2-a5c8-6c0c9f89266a d0c65db9968c44ea881660ce31adcce2 2bb4e729329c4911868eda1f1f6609e1 - - default default] 10.0.0.192 "DELETE /v2.0/security-groups/c8360b68-62b8-426d-b97b-7b60380b0967 HTTP/1.1" status: 204 len: 168 time: 0.3641188
2026-07-09 17:54:35.057 10 INFO neutron.wsgi [req-e34eff18-f6c9-4274-bed0-0bc5acdfa5fb req-bf01cf0d-f3ec-40cc-8df8-509caab68de0 9641b87a283e4ec09b0c3517dc01645c a7a0526503ce4ec899e384dc9024c28f - - 7487e898d5dc4f46b4dc538548e243d7 7487e898d5dc4f46b4dc538548e243d7] 199.19.213.249 "GET /v2.0/subnets?id=f3233a8f-7832-45db-bbb5-8cf60c3f5195 HTTP/1.1" status: 200 len: 863 time: 0.0427904
2026-07-09 17:54:35.096 10 INFO neutron.wsgi [req-e34eff18-f6c9-4274-bed0-0bc5acdfa5fb req-6a20d586-357a-4553-bdf1-73aadd49e782 9641b87a283e4ec09b0c3517dc01645c a7a0526503ce4ec899e384dc9024c28f - - 7487e898d5dc4f46b4dc538548e243d7 7487e898d5dc4f46b4dc538548e243d7] 199.19.213.249 "GET /v2.0/ports?network_id=044a164d-f177-4178-b473-803376ec40a8&device_owner=network%3Adhcp HTTP/1.1" status: 200 len: 210 time: 0.0251572
2026-07-09 17:54:35.178 10 INFO neutron.wsgi [req-e34eff18-f6c9-4274-bed0-0bc5acdfa5fb req-209c127b-9998-43f2-a8eb-6a58d5fc1020 9641b87a283e4ec09b0c3517dc01645c a7a0526503ce4ec899e384dc9024c28f - - 7487e898d5dc4f46b4dc538548e243d7 7487e898d5dc4f46b4dc538548e243d7] 199.19.213.249 "GET /v2.0/networks/044a164d-f177-4178-b473-803376ec40a8?fields=segments HTTP/1.1" status: 200 len: 212 time: 0.0729115
2026-07-09 17:54:35.187 9 WARNING neutron.scheduler.dhcp_agent_scheduler [None req-85ac05f2-52f5-41cf-b6c7-d7ef448cb7d9 bc45306841fc444e9d364bd29b51f152 2fea0c4e69da4883ab95474c1b3d6608 - - default default] No more DHCP agents
2026-07-09 17:54:35.189 9 WARNING neutron.api.rpc.agentnotifiers.dhcp_rpc_agent_api [None req-85ac05f2-52f5-41cf-b6c7-d7ef448cb7d9 bc45306841fc444e9d364bd29b51f152 2fea0c4e69da4883ab95474c1b3d6608 - - default default] Unable to schedule network 9cff7cdd-3c46-422c-9020-73bfe00796c5: no agents available; will retry on subsequent port and subnet creation events.
2026-07-09 17:54:35.255 9 INFO neutron.plugins.ml2.drivers.ovn.mech_driver.mech_driver [None req-ded871be-44cd-4c87-a954-1ccc9f7460bd - - - - - -] OVN reports status down for port: b2fca085-da6d-4405-953d-3998426a9ad4
2026-07-09 17:54:35.280 10 INFO neutron.wsgi [req-4b504798-bb83-46b4-9ac5-7bce551f7d4c req-1ca6e24c-9d27-4c89-92d1-f3acf74a1fd8 befdafa18b3c4f50bc12b4794aff27ef 5bb3b83023e340829edfc50b7f77d59c - - default default] 10.0.0.226 "GET /v2.0/ports?device_id=bde3cd72-fceb-41c5-b34e-412e0b80673b HTTP/1.1" status: 200 len: 1174 time: 0.0569568
2026-07-09 17:54:35.287 10 INFO neutron.wsgi [req-e34eff18-f6c9-4274-bed0-0bc5acdfa5fb req-20cfebc7-bcfa-4c6f-a02c-e7974e9f505a 9641b87a283e4ec09b0c3517dc01645c a7a0526503ce4ec899e384dc9024c28f - - 7487e898d5dc4f46b4dc538548e243d7 7487e898d5dc4f46b4dc538548e243d7] 199.19.213.249 "GET /v2.0/networks/044a164d-f177-4178-b473-803376ec40a8?fields=provider%3Aphysical_network&fields=provider%3Anetwork_type HTTP/1.1" status: 200 len: 277 time: 0.0978348
2026-07-09 17:54:35.336 10 INFO neutron.wsgi [req-4b504798-bb83-46b4-9ac5-7bce551f7d4c req-f9657fe4-ce7b-480f-8847-4047f46453dc befdafa18b3c4f50bc12b4794aff27ef 5bb3b83023e340829edfc50b7f77d59c - - default default] 10.0.0.226 "GET /v2.0/security-groups?id=bef40fb2-a7a9-4eba-88d8-f45949c8d01a&fields=id&fields=name HTTP/1.1" status: 200 len: 312 time: 0.0465004
2026-07-09 17:54:35.368 9 INFO neutron.db.ovn_revision_numbers_db [None req-85ac05f2-52f5-41cf-b6c7-d7ef448cb7d9 bc45306841fc444e9d364bd29b51f152 2fea0c4e69da4883ab95474c1b3d6608 - - default default] Successfully bumped revision number for resource b1172347-ee6e-4eb6-aa49-daeb6f54510d (type: ports) to 1
2026-07-09 17:54:35.398 9 INFO neutron.wsgi [None req-85ac05f2-52f5-41cf-b6c7-d7ef448cb7d9 bc45306841fc444e9d364bd29b51f152 2fea0c4e69da4883ab95474c1b3d6608 - - default default] 10.0.0.192 "POST /v2.0/networks HTTP/1.1" status: 201 len: 846 time: 1.3456025
2026-07-09 17:54:35.618 10 INFO neutron.wsgi [req-b8355af4-adb1-4f3b-9c54-20755f714baf req-816441df-14b7-45d7-a26f-0125de4f72fe befdafa18b3c4f50bc12b4794aff27ef 5bb3b83023e340829edfc50b7f77d59c - - default default] 199.19.213.249 "GET /v2.0/ports?device_id=bde3cd72-fceb-41c5-b34e-412e0b80673b HTTP/1.1" status: 200 len: 1172 time: 0.0470371
2026-07-09 17:54:35.727 9 INFO neutron.db.ovn_revision_numbers_db [None req-ded871be-44cd-4c87-a954-1ccc9f7460bd - - - - - -] Successfully bumped revision number for resource b2fca085-da6d-4405-953d-3998426a9ad4 (type: ports) to 5
2026-07-09 17:54:35.797 9 INFO neutron.notifiers.nova [-] Nova event matching ['req-b2e33a80-89a8-4e0a-a3af-9556dc1f940f'] response: {'server_uuid': 'bde3cd72-fceb-41c5-b34e-412e0b80673b', 'name': 'network-vif-unplugged', 'status': 'completed', 'tag': 'b2fca085-da6d-4405-953d-3998426a9ad4', 'code': 200}
2026-07-09 17:54:35.797 9 INFO neutron.notifiers.nova [-] Nova event matching ['req-b2e33a80-89a8-4e0a-a3af-9556dc1f940f'] response: {'server_uuid': 'bde3cd72-fceb-41c5-b34e-412e0b80673b', 'name': 'network-vif-unplugged', 'status': 'completed', 'tag': 'b2fca085-da6d-4405-953d-3998426a9ad4', 'code': 200}
2026-07-09 17:54:35.911 10 WARNING neutron_lib.context [None req-35c5b451-04f9-4486-899d-34dde979b4e0 bc45306841fc444e9d364bd29b51f152 2fea0c4e69da4883ab95474c1b3d6608 - - default default] Method 'is_advsvc' is deprecated since 2023.2 release (neutron-lib 3.8.0) and will be removed once support for the old RBAC API policies will be removed from Neutron. Please use method 'is_service_role' instead. /var/lib/openstack/lib/python3.10/site-packages/pycadf/identifier.py:71: UserWarning: Invalid uuid: neutron. To ensure interoperability, identifiers should be a valid uuid. warnings.warn(('Invalid uuid: %s. To ensure interoperability, '
2026-07-09 17:54:36.283 10 INFO neutron.db.l3_db [req-b8355af4-adb1-4f3b-9c54-20755f714baf req-1d52e03a-3147-486e-9df8-b64365f5a348 befdafa18b3c4f50bc12b4794aff27ef 5bb3b83023e340829edfc50b7f77d59c - - default default] Floating IP 1b8df798-b736-4bd5-911c-027f2d053680 disassociated. External IP: 10.96.250.212, port: b2fca085-da6d-4405-953d-3998426a9ad4.
2026-07-09 17:54:36.420 10 WARNING neutron.scheduler.dhcp_agent_scheduler [None req-35c5b451-04f9-4486-899d-34dde979b4e0 bc45306841fc444e9d364bd29b51f152 2fea0c4e69da4883ab95474c1b3d6608 - - default default] No more DHCP agents
2026-07-09 17:54:36.430 10 WARNING neutron.api.rpc.agentnotifiers.dhcp_rpc_agent_api [None req-35c5b451-04f9-4486-899d-34dde979b4e0 bc45306841fc444e9d364bd29b51f152 2fea0c4e69da4883ab95474c1b3d6608 - - default default] Unable to schedule network 9cff7cdd-3c46-422c-9020-73bfe00796c5: no agents available; will retry on subsequent port and subnet creation events.
2026-07-09 17:54:36.544 10 INFO neutron.wsgi [req-b4f1d865-9dd0-4baf-95e1-f8055c773bc3 req-4583210d-dd3e-4a9a-949a-ca8dc16a9786 befdafa18b3c4f50bc12b4794aff27ef 5bb3b83023e340829edfc50b7f77d59c - - default default] 10.0.0.226 "GET /v2.0/ports?device_id=bde3cd72-fceb-41c5-b34e-412e0b80673b HTTP/1.1" status: 200 len: 1172 time: 0.0979290
2026-07-09 17:54:36.548 10 INFO neutron.db.ovn_revision_numbers_db [None req-35c5b451-04f9-4486-899d-34dde979b4e0 bc45306841fc444e9d364bd29b51f152 2fea0c4e69da4883ab95474c1b3d6608 - - default default] Successfully bumped revision number for resource 616bb637-4a18-4f56-947d-0f839809a712 (type: subnets) to 0
2026-07-09 17:54:36.584 10 INFO neutron.wsgi [None req-35c5b451-04f9-4486-899d-34dde979b4e0 bc45306841fc444e9d364bd29b51f152 2fea0c4e69da4883ab95474c1b3d6608 - - default default] 10.0.0.192 "POST /v2.0/subnets HTTP/1.1" status: 201 len: 848 time: 0.6813629 /var/lib/openstack/lib/python3.10/site-packages/pycadf/identifier.py:71: UserWarning: Invalid uuid: neutron. To ensure interoperability, identifiers should be a valid uuid. warnings.warn(('Invalid uuid: %s. To ensure interoperability, '
2026-07-09 17:54:36.604 9 WARNING neutron_lib.context [None req-df566cc4-f9bd-4945-a46f-fa5261a09afa bc45306841fc444e9d364bd29b51f152 2fea0c4e69da4883ab95474c1b3d6608 - - default default] Method 'is_advsvc' is deprecated since 2023.2 release (neutron-lib 3.8.0) and will be removed once support for the old RBAC API policies will be removed from Neutron. Please use method 'is_service_role' instead.
2026-07-09 17:54:36.615 10 INFO neutron.wsgi [req-b8355af4-adb1-4f3b-9c54-20755f714baf req-1d52e03a-3147-486e-9df8-b64365f5a348 befdafa18b3c4f50bc12b4794aff27ef 5bb3b83023e340829edfc50b7f77d59c - - default default] 199.19.213.249 "DELETE /v2.0/ports/b2fca085-da6d-4405-953d-3998426a9ad4 HTTP/1.1" status: 204 len: 173 time: 0.9912500
2026-07-09 17:54:36.628 10 INFO neutron.db.ovn_revision_numbers_db [None req-be75e266-0ce0-4020-b204-3561ccc483ed d0c65db9968c44ea881660ce31adcce2 2bb4e729329c4911868eda1f1f6609e1 - - default default] Successfully bumped revision number for resource 37db6091-ef1d-408b-855e-7fd9d98d129e (type: security_groups) to 1
2026-07-09 17:54:36.634 10 INFO neutron.wsgi [req-b4f1d865-9dd0-4baf-95e1-f8055c773bc3 req-3c10db2d-eb28-440a-8358-98b4dae040e3 befdafa18b3c4f50bc12b4794aff27ef 5bb3b83023e340829edfc50b7f77d59c - - default default] 10.0.0.226 "GET /v2.0/security-groups?id=bef40fb2-a7a9-4eba-88d8-f45949c8d01a&fields=id&fields=name HTTP/1.1" status: 200 len: 312 time: 0.0796793
2026-07-09 17:54:36.649 10 INFO neutron.db.ovn_revision_numbers_db [None req-be75e266-0ce0-4020-b204-3561ccc483ed d0c65db9968c44ea881660ce31adcce2 2bb4e729329c4911868eda1f1f6609e1 - - default default] Successfully bumped revision number for resource 30b647cc-3e99-4cb3-9745-bf4ed8a00702 (type: security_group_rules) to 0
2026-07-09 17:54:36.668 10 INFO neutron.db.ovn_revision_numbers_db [None req-be75e266-0ce0-4020-b204-3561ccc483ed d0c65db9968c44ea881660ce31adcce2 2bb4e729329c4911868eda1f1f6609e1 - - default default] Successfully bumped revision number for resource 6350ec08-b1c9-4451-a33c-90c26a42c66f (type: security_group_rules) to 0
2026-07-09 17:54:36.684 10 INFO neutron.db.ovn_revision_numbers_db [None req-be75e266-0ce0-4020-b204-3561ccc483ed d0c65db9968c44ea881660ce31adcce2 2bb4e729329c4911868eda1f1f6609e1 - - default default] Successfully bumped revision number for resource d66a06d0-1736-4773-b0db-30647dd1ee94 (type: security_group_rules) to 0
2026-07-09 17:54:36.701 10 INFO neutron.db.ovn_revision_numbers_db [None req-be75e266-0ce0-4020-b204-3561ccc483ed d0c65db9968c44ea881660ce31adcce2 2bb4e729329c4911868eda1f1f6609e1 - - default default] Successfully bumped revision number for resource dac737a3-61dd-42f9-b9d2-f586affed88c (type: security_group_rules) to 0
2026-07-09 17:54:36.702 9 INFO neutron.db.segments_db [None req-df566cc4-f9bd-4945-a46f-fa5261a09afa bc45306841fc444e9d364bd29b51f152 2fea0c4e69da4883ab95474c1b3d6608 - - default default] Added segment ba136eb0-c353-4e68-a594-a3118ade16f1 of type geneve for network bba3a2a2-62d1-4caa-8307-0504ba77d341
2026-07-09 17:54:36.766 10 INFO neutron.db.segments_db [None req-be75e266-0ce0-4020-b204-3561ccc483ed d0c65db9968c44ea881660ce31adcce2 2bb4e729329c4911868eda1f1f6609e1 - - default default] Added segment e7e26d89-a15a-405f-9319-d7aac9c9d43b of type geneve for network cd7244d3-eaed-4a47-89b5-14ce40e444e3
2026-07-09 17:54:36.854 10 INFO neutron.notifiers.nova [-] Nova event matching ['req-c07df94f-4bb8-445a-86d5-c10a0cafc02f'] response: {'server_uuid': 'bde3cd72-fceb-41c5-b34e-412e0b80673b', 'name': 'network-vif-deleted', 'tag': 'b2fca085-da6d-4405-953d-3998426a9ad4', 'status': 'completed', 'code': 200}
2026-07-09 17:54:36.869 9 INFO neutron.db.ovn_revision_numbers_db [None req-df566cc4-f9bd-4945-a46f-fa5261a09afa bc45306841fc444e9d364bd29b51f152 2fea0c4e69da4883ab95474c1b3d6608 - - default default] Successfully bumped revision number for resource bba3a2a2-62d1-4caa-8307-0504ba77d341 (type: networks) to 1
2026-07-09 17:54:36.955 10 INFO neutron.db.ovn_revision_numbers_db [None req-be75e266-0ce0-4020-b204-3561ccc483ed d0c65db9968c44ea881660ce31adcce2 2bb4e729329c4911868eda1f1f6609e1 - - default default] Successfully bumped revision number for resource cd7244d3-eaed-4a47-89b5-14ce40e444e3 (type: networks) to 1
2026-07-09 17:54:37.118 9 WARNING neutron.scheduler.dhcp_agent_scheduler [None req-df566cc4-f9bd-4945-a46f-fa5261a09afa bc45306841fc444e9d364bd29b51f152 2fea0c4e69da4883ab95474c1b3d6608 - - default default] No more DHCP agents
2026-07-09 17:54:37.120 9 WARNING neutron.api.rpc.agentnotifiers.dhcp_rpc_agent_api [None req-df566cc4-f9bd-4945-a46f-fa5261a09afa bc45306841fc444e9d364bd29b51f152 2fea0c4e69da4883ab95474c1b3d6608 - - default default] Unable to schedule network bba3a2a2-62d1-4caa-8307-0504ba77d341: no agents available; will retry on subsequent port and subnet creation events.
2026-07-09 17:54:37.164 10 WARNING neutron.scheduler.dhcp_agent_scheduler [None req-be75e266-0ce0-4020-b204-3561ccc483ed d0c65db9968c44ea881660ce31adcce2 2bb4e729329c4911868eda1f1f6609e1 - - default default] No more DHCP agents
2026-07-09 17:54:37.166 10 WARNING neutron.api.rpc.agentnotifiers.dhcp_rpc_agent_api [None req-be75e266-0ce0-4020-b204-3561ccc483ed d0c65db9968c44ea881660ce31adcce2 2bb4e729329c4911868eda1f1f6609e1 - - default default] Unable to schedule network cd7244d3-eaed-4a47-89b5-14ce40e444e3: no agents available; will retry on subsequent port and subnet creation events.
2026-07-09 17:54:37.228 9 INFO neutron.db.ovn_revision_numbers_db [None req-df566cc4-f9bd-4945-a46f-fa5261a09afa bc45306841fc444e9d364bd29b51f152 2fea0c4e69da4883ab95474c1b3d6608 - - default default] Successfully bumped revision number for resource d83a4914-e7c4-4f35-a8a9-9716f72d7096 (type: ports) to 1
2026-07-09 17:54:37.254 9 INFO neutron.wsgi [None req-df566cc4-f9bd-4945-a46f-fa5261a09afa bc45306841fc444e9d364bd29b51f152 2fea0c4e69da4883ab95474c1b3d6608 - - default default] 10.0.0.192 "POST /v2.0/networks HTTP/1.1" status: 201 len: 846 time: 0.6568639
2026-07-09 17:54:37.294 10 INFO neutron.db.ovn_revision_numbers_db [None req-be75e266-0ce0-4020-b204-3561ccc483ed d0c65db9968c44ea881660ce31adcce2 2bb4e729329c4911868eda1f1f6609e1 - - default default] Successfully bumped revision number for resource 03fe4567-d00a-4488-80d7-c6e707fb7f07 (type: ports) to 1
2026-07-09 17:54:37.324 10 INFO neutron.wsgi [None req-be75e266-0ce0-4020-b204-3561ccc483ed d0c65db9968c44ea881660ce31adcce2 2bb4e729329c4911868eda1f1f6609e1 - - default default] 10.0.0.192 "POST /v2.0/networks HTTP/1.1" status: 201 len: 944 time: 1.3242209
2026-07-09 17:54:37.892 9 INFO neutron.db.ovn_revision_numbers_db [None req-a2ea64f8-329f-4d0d-9d65-b3e470abdcb5 bc45306841fc444e9d364bd29b51f152 2fea0c4e69da4883ab95474c1b3d6608 - - default default] Successfully bumped revision number for resource bba3a2a2-62d1-4caa-8307-0504ba77d341 (type: networks) to 2
2026-07-09 17:54:37.898 9 INFO neutron.wsgi [None req-a2ea64f8-329f-4d0d-9d65-b3e470abdcb5 bc45306841fc444e9d364bd29b51f152 2fea0c4e69da4883ab95474c1b3d6608 - - default default] 10.0.0.192 "PUT /v2.0/networks/bba3a2a2-62d1-4caa-8307-0504ba77d341 HTTP/1.1" status: 200 len: 792 time: 0.6244009
2026-07-09 17:54:37.912 10 WARNING neutron_lib.context [None req-279dc334-aba9-45f1-89b5-61c2542ee2d0 bc45306841fc444e9d364bd29b51f152 2fea0c4e69da4883ab95474c1b3d6608 - - default default] Method 'is_advsvc' is deprecated since 2023.2 release (neutron-lib 3.8.0) and will be removed once support for the old RBAC API policies will be removed from Neutron. Please use method 'is_service_role' instead.
2026-07-09 17:54:37.991 9 WARNING neutron.scheduler.dhcp_agent_scheduler [None req-fc025b01-0dc6-45f6-93ea-66fc0d845419 d0c65db9968c44ea881660ce31adcce2 2bb4e729329c4911868eda1f1f6609e1 - - default default] No more DHCP agents
2026-07-09 17:54:37.993 9 WARNING neutron.api.rpc.agentnotifiers.dhcp_rpc_agent_api [None req-fc025b01-0dc6-45f6-93ea-66fc0d845419 d0c65db9968c44ea881660ce31adcce2 2bb4e729329c4911868eda1f1f6609e1 - - default default] Unable to schedule network cd7244d3-eaed-4a47-89b5-14ce40e444e3: no agents available; will retry on subsequent port and subnet creation events.
2026-07-09 17:54:38.018 9 INFO neutron.wsgi [None req-3f6cb472-856d-4b83-b2bd-fff691e74c13 befdafa18b3c4f50bc12b4794aff27ef 5bb3b83023e340829edfc50b7f77d59c - - default default] 10.0.0.192 "DELETE /v2.0/security-groups/bef40fb2-a7a9-4eba-88d8-f45949c8d01a HTTP/1.1" status: 204 len: 168 time: 0.2656198
2026-07-09 17:54:38.042 10 INFO neutron.api.v2.resource [None req-eeb50aa9-edaa-4c24-b729-39e468e683c7 befdafa18b3c4f50bc12b4794aff27ef 5bb3b83023e340829edfc50b7f77d59c - - default default] show failed (client error): The resource could not be found.
2026-07-09 17:54:38.044 10 INFO neutron.wsgi [None req-eeb50aa9-edaa-4c24-b729-39e468e683c7 befdafa18b3c4f50bc12b4794aff27ef 5bb3b83023e340829edfc50b7f77d59c - - default default] 10.0.0.192 "GET /v2.0/security-groups/bef40fb2-a7a9-4eba-88d8-f45949c8d01a HTTP/1.1" status: 404 len: 347 time: 0.0186002
2026-07-09 17:54:38.219 10 WARNING neutron.scheduler.dhcp_agent_scheduler [None req-279dc334-aba9-45f1-89b5-61c2542ee2d0 bc45306841fc444e9d364bd29b51f152 2fea0c4e69da4883ab95474c1b3d6608 - - default default] No more DHCP agents
2026-07-09 17:54:38.222 10 WARNING neutron.api.rpc.agentnotifiers.dhcp_rpc_agent_api [None req-279dc334-aba9-45f1-89b5-61c2542ee2d0 bc45306841fc444e9d364bd29b51f152 2fea0c4e69da4883ab95474c1b3d6608 - - default default] Unable to schedule network bba3a2a2-62d1-4caa-8307-0504ba77d341: no agents available; will retry on subsequent port and subnet creation events.
2026-07-09 17:54:38.263 10 INFO neutron.db.ovn_revision_numbers_db [None req-279dc334-aba9-45f1-89b5-61c2542ee2d0 bc45306841fc444e9d364bd29b51f152 2fea0c4e69da4883ab95474c1b3d6608 - - default default] Successfully bumped revision number for resource 36f7e21c-60d5-473d-84bc-a39b53a5590c (type: subnets) to 0
2026-07-09 17:54:38.284 10 INFO neutron.wsgi [None req-279dc334-aba9-45f1-89b5-61c2542ee2d0 bc45306841fc444e9d364bd29b51f152 2fea0c4e69da4883ab95474c1b3d6608 - - default default] 10.0.0.192 "POST /v2.0/subnets HTTP/1.1" status: 201 len: 821 time: 0.3795435
2026-07-09 17:54:38.610 9 INFO neutron.wsgi [None req-38f2926e-97fd-4616-bf30-4e23fcad568a befdafa18b3c4f50bc12b4794aff27ef 5bb3b83023e340829edfc50b7f77d59c - - default default] 10.0.0.192 "DELETE /v2.0/floatingips/1b8df798-b736-4bd5-911c-027f2d053680 HTTP/1.1" status: 204 len: 168 time: 0.5597775
2026-07-09 17:54:38.790 9 INFO neutron.db.ovn_revision_numbers_db [None req-fc025b01-0dc6-45f6-93ea-66fc0d845419 d0c65db9968c44ea881660ce31adcce2 2bb4e729329c4911868eda1f1f6609e1 - - default default] Successfully bumped revision number for resource 03fe4567-d00a-4488-80d7-c6e707fb7f07 (type: ports) to 2
2026-07-09 17:54:38.847 9 INFO neutron.db.ovn_revision_numbers_db [None req-fc025b01-0dc6-45f6-93ea-66fc0d845419 d0c65db9968c44ea881660ce31adcce2 2bb4e729329c4911868eda1f1f6609e1 - - default default] Successfully bumped revision number for resource 343f4436-3150-494e-9c01-9d4499ff2f05 (type: subnets) to 0
2026-07-09 17:54:38.873 9 INFO neutron.wsgi [None req-fc025b01-0dc6-45f6-93ea-66fc0d845419 d0c65db9968c44ea881660ce31adcce2 2bb4e729329c4911868eda1f1f6609e1 - - default default] 10.0.0.192 "POST /v2.0/subnets HTTP/1.1" status: 201 len: 865 time: 1.5434768
2026-07-09 17:54:39.194 9 INFO neutron.wsgi [-] 10.0.0.218 "GET / HTTP/1.1" status: 200 len: 246 time: 0.0018938
2026-07-09 17:54:39.196 9 INFO neutron.wsgi [-] 10.0.0.218 "GET / HTTP/1.1" status: 200 len: 246 time: 0.0009673
