2026-07-09 17:54:13.534 10 INFO neutron.db.ovn_revision_numbers_db [None req-1a596c62-cafc-4e14-90c3-5266db0898a9 860d4e5f44bb464285f7f9eeac8ab2dd ab1ae67dbe574cfa9087ed9c920c8252 - - default default] Successfully bumped revision number for resource 82329fa1-33de-492e-a13f-92e14d7cceb0 (type: ports) to 1
2026-07-09 17:54:13.582 10 INFO neutron.wsgi [None req-1a596c62-cafc-4e14-90c3-5266db0898a9 860d4e5f44bb464285f7f9eeac8ab2dd ab1ae67dbe574cfa9087ed9c920c8252 - - default default] 10.0.0.192 "POST /v2.0/networks HTTP/1.1" status: 201 len: 1445 time: 1.9479477 /var/lib/openstack/lib/python3.10/site-packages/pycadf/identifier.py:71: UserWarning: Invalid uuid: neutron. To ensure interoperability, identifiers should be a valid uuid. warnings.warn(('Invalid uuid: %s. To ensure interoperability, '
2026-07-09 17:54:13.715 10 INFO neutron.wsgi [None req-4b323f27-38ad-4f01-8eac-7a19e03c059f 860d4e5f44bb464285f7f9eeac8ab2dd ab1ae67dbe574cfa9087ed9c920c8252 - - default default] 10.0.0.192 "GET /v2.0/networks HTTP/1.1" status: 200 len: 2051 time: 0.1270108
2026-07-09 17:54:13.741 10 INFO neutron.db.ovn_revision_numbers_db [req-72f2638d-7e61-42ef-8700-0899befe728c req-f823f84f-df42-4631-a322-c8232bdd442e a4618065cfdc46d58d3fe1c2e967f7f7 041134fb64b946eda082c420287b72e6 - - default default] Successfully bumped revision number for resource b393dd84-d354-4c30-bc0c-f77b4f2e92e9 (type: ports) to 1
2026-07-09 17:54:13.788 10 INFO neutron.wsgi [req-72f2638d-7e61-42ef-8700-0899befe728c req-f823f84f-df42-4631-a322-c8232bdd442e a4618065cfdc46d58d3fe1c2e967f7f7 041134fb64b946eda082c420287b72e6 - - default default] 199.19.213.249 "POST /v2.0/ports HTTP/1.1" status: 201 len: 1158 time: 0.8892047
2026-07-09 17:54:14.204 10 INFO neutron.wsgi [req-fd604f90-24de-4256-8e5e-44a299b52346 req-d731b9d5-a155-4a85-8987-96a97088fd34 a4618065cfdc46d58d3fe1c2e967f7f7 041134fb64b946eda082c420287b72e6 - - default default] 10.0.0.226 "GET /v2.0/ports?device_id=f5b32e47-4df2-4330-b3a8-ed1b0fbc0323 HTTP/1.1" status: 200 len: 1156 time: 0.1825798
2026-07-09 17:54:14.396 9 INFO neutron.db.ovn_revision_numbers_db [None req-e9f9541b-05f3-4232-832e-a3172b9e9b45 d0c65db9968c44ea881660ce31adcce2 2bb4e729329c4911868eda1f1f6609e1 - - default default] Successfully bumped revision number for resource 496f09ae-8076-4b88-a36f-505968ba76f1 (type: security_groups) to 1
2026-07-09 17:54:14.415 9 INFO neutron.db.ovn_revision_numbers_db [None req-e9f9541b-05f3-4232-832e-a3172b9e9b45 d0c65db9968c44ea881660ce31adcce2 2bb4e729329c4911868eda1f1f6609e1 - - default default] Successfully bumped revision number for resource 6bf0e945-b335-495d-9593-b7e0d006d8ec (type: security_group_rules) to 0
2026-07-09 17:54:14.430 9 INFO neutron.db.ovn_revision_numbers_db [None req-e9f9541b-05f3-4232-832e-a3172b9e9b45 d0c65db9968c44ea881660ce31adcce2 2bb4e729329c4911868eda1f1f6609e1 - - default default] Successfully bumped revision number for resource a824ced4-6a19-4b54-bace-298f97dbe2e1 (type: security_group_rules) to 0
2026-07-09 17:54:14.450 9 INFO neutron.db.ovn_revision_numbers_db [None req-e9f9541b-05f3-4232-832e-a3172b9e9b45 d0c65db9968c44ea881660ce31adcce2 2bb4e729329c4911868eda1f1f6609e1 - - default default] Successfully bumped revision number for resource d45aacc4-84da-4d2b-9e75-5d344bcd51de (type: security_group_rules) to 0
2026-07-09 17:54:14.470 9 INFO neutron.db.ovn_revision_numbers_db [None req-e9f9541b-05f3-4232-832e-a3172b9e9b45 d0c65db9968c44ea881660ce31adcce2 2bb4e729329c4911868eda1f1f6609e1 - - default default] Successfully bumped revision number for resource f0d6d1ec-e0d7-412f-8bee-17b79825937e (type: security_group_rules) to 0
2026-07-09 17:54:14.660 10 INFO neutron.wsgi [req-fd604f90-24de-4256-8e5e-44a299b52346 req-fc7c1833-ebde-4461-82e5-be3db091766c a4618065cfdc46d58d3fe1c2e967f7f7 041134fb64b946eda082c420287b72e6 - - default default] 10.0.0.226 "GET /v2.0/security-groups?id=10213380-f603-49b2-879f-d9f80ea05e9c&fields=id&fields=name HTTP/1.1" status: 200 len: 312 time: 0.0947354
2026-07-09 17:54:14.717 10 INFO neutron.services.segments.plugin [-] Segment e8e2bf8a-62dc-44b1-b609-3471235c568a resource provider aggregate not found
2026-07-09 17:54:14.723 10 INFO neutron.services.segments.plugin [-] Segment e8e2bf8a-62dc-44b1-b609-3471235c568a resource provider aggregate not found
2026-07-09 17:54:14.740 10 INFO neutron.services.segments.plugin [-] Segment e8e2bf8a-62dc-44b1-b609-3471235c568a resource provider not found; error: Placement Client Error (4xx): {"errors": [{"status": 404, "title": "Not Found", "detail": "The resource could not be found.\n\n No resource provider with uuid e8e2bf8a-62dc-44b1-b609-3471235c568a found for delete ", "request_id": "req-407bfc93-308a-4e6f-bff8-aa4a32fe4b79"}]}
2026-07-09 17:54:14.741 10 INFO neutron.services.segments.plugin [-] Segment e8e2bf8a-62dc-44b1-b609-3471235c568a resource provider not found; error: Placement Client Error (4xx): {"errors": [{"status": 404, "title": "Not Found", "detail": "The resource could not be found.\n\n No resource provider with uuid e8e2bf8a-62dc-44b1-b609-3471235c568a found for delete ", "request_id": "req-78d5e242-969b-4634-a2f4-c057dfed0a63"}]}
2026-07-09 17:54:14.752 9 INFO neutron.db.segments_db [None req-e9f9541b-05f3-4232-832e-a3172b9e9b45 d0c65db9968c44ea881660ce31adcce2 2bb4e729329c4911868eda1f1f6609e1 - - default default] Added segment b9c99ebf-bb8b-461b-b3f8-f2de3ff82c44 of type geneve for network 044a164d-f177-4178-b473-803376ec40a8
2026-07-09 17:54:14.768 10 INFO neutron.wsgi [None req-8ad97ef6-81f7-4bd3-a82a-75348b158034 860d4e5f44bb464285f7f9eeac8ab2dd ab1ae67dbe574cfa9087ed9c920c8252 - - default default] 10.0.0.192 "DELETE /v2.0/networks/45c92da2-32c7-4c03-9f0b-cd80af90baab HTTP/1.1" status: 204 len: 168 time: 1.0457628
2026-07-09 17:54:14.857 10 INFO neutron.db.ovn_revision_numbers_db [req-72f2638d-7e61-42ef-8700-0899befe728c req-7e4fc011-6ed4-43b9-a754-936cf0fd849d 9641b87a283e4ec09b0c3517dc01645c a7a0526503ce4ec899e384dc9024c28f - - 7487e898d5dc4f46b4dc538548e243d7 7487e898d5dc4f46b4dc538548e243d7] Successfully bumped revision number for resource b393dd84-d354-4c30-bc0c-f77b4f2e92e9 (type: ports) to 2
2026-07-09 17:54:14.927 9 INFO neutron.db.ovn_revision_numbers_db [None req-e9f9541b-05f3-4232-832e-a3172b9e9b45 d0c65db9968c44ea881660ce31adcce2 2bb4e729329c4911868eda1f1f6609e1 - - default default] Successfully bumped revision number for resource 044a164d-f177-4178-b473-803376ec40a8 (type: networks) to 1
2026-07-09 17:54:15.085 10 INFO neutron.db.ovn_revision_numbers_db [req-72f2638d-7e61-42ef-8700-0899befe728c req-7e4fc011-6ed4-43b9-a754-936cf0fd849d 9641b87a283e4ec09b0c3517dc01645c a7a0526503ce4ec899e384dc9024c28f - - 7487e898d5dc4f46b4dc538548e243d7 7487e898d5dc4f46b4dc538548e243d7] Successfully bumped revision number for resource b393dd84-d354-4c30-bc0c-f77b4f2e92e9 (type: ports) to 2
2026-07-09 17:54:15.107 10 INFO neutron.wsgi [req-72f2638d-7e61-42ef-8700-0899befe728c req-7e4fc011-6ed4-43b9-a754-936cf0fd849d 9641b87a283e4ec09b0c3517dc01645c a7a0526503ce4ec899e384dc9024c28f - - 7487e898d5dc4f46b4dc538548e243d7 7487e898d5dc4f46b4dc538548e243d7] 199.19.213.249 "PUT /v2.0/ports/b393dd84-d354-4c30-bc0c-f77b4f2e92e9 HTTP/1.1" status: 200 len: 1376 time: 1.3095918
2026-07-09 17:54:15.156 9 WARNING neutron.scheduler.dhcp_agent_scheduler [None req-e9f9541b-05f3-4232-832e-a3172b9e9b45 d0c65db9968c44ea881660ce31adcce2 2bb4e729329c4911868eda1f1f6609e1 - - default default] No more DHCP agents /var/lib/openstack/lib/python3.10/site-packages/pycadf/identifier.py:71: UserWarning: Invalid uuid: neutron. To ensure interoperability, identifiers should be a valid uuid. warnings.warn(('Invalid uuid: %s. To ensure interoperability, '
2026-07-09 17:54:15.161 9 WARNING neutron.api.rpc.agentnotifiers.dhcp_rpc_agent_api [None req-e9f9541b-05f3-4232-832e-a3172b9e9b45 d0c65db9968c44ea881660ce31adcce2 2bb4e729329c4911868eda1f1f6609e1 - - default default] Unable to schedule network 044a164d-f177-4178-b473-803376ec40a8: no agents available; will retry on subsequent port and subnet creation events.
2026-07-09 17:54:15.166 10 INFO neutron.notifiers.nova [-] Nova event matching ['req-f6544bc0-16a0-40da-b01d-7708e044799e'] response: {'name': 'network-changed', 'server_uuid': 'f5b32e47-4df2-4330-b3a8-ed1b0fbc0323', 'tag': 'b393dd84-d354-4c30-bc0c-f77b4f2e92e9', 'status': 'completed', 'code': 200}
2026-07-09 17:54:15.204 10 INFO neutron.wsgi [req-72f2638d-7e61-42ef-8700-0899befe728c req-9853162e-0a65-4b6c-a5b9-3e5192624ac8 9641b87a283e4ec09b0c3517dc01645c a7a0526503ce4ec899e384dc9024c28f - - 7487e898d5dc4f46b4dc538548e243d7 7487e898d5dc4f46b4dc538548e243d7] 199.19.213.249 "GET /v2.0/ports?tenant_id=041134fb64b946eda082c420287b72e6&device_id=f5b32e47-4df2-4330-b3a8-ed1b0fbc0323 HTTP/1.1" status: 200 len: 1407 time: 0.0531993
2026-07-09 17:54:15.248 10 INFO neutron.wsgi [req-72f2638d-7e61-42ef-8700-0899befe728c req-a47d6f35-65df-4c97-9c0b-3e2bea982275 9641b87a283e4ec09b0c3517dc01645c a7a0526503ce4ec899e384dc9024c28f - - 7487e898d5dc4f46b4dc538548e243d7 7487e898d5dc4f46b4dc538548e243d7] 199.19.213.249 "GET /v2.0/floatingips?fixed_ip_address=10.100.0.9&port_id=b393dd84-d354-4c30-bc0c-f77b4f2e92e9 HTTP/1.1" status: 200 len: 217 time: 0.0371444
2026-07-09 17:54:15.287 9 INFO neutron.db.ovn_revision_numbers_db [None req-e9f9541b-05f3-4232-832e-a3172b9e9b45 d0c65db9968c44ea881660ce31adcce2 2bb4e729329c4911868eda1f1f6609e1 - - default default] Successfully bumped revision number for resource 33b15282-bec3-4f75-b57e-8bd5a6bf48af (type: ports) to 1
2026-07-09 17:54:15.294 10 INFO neutron.wsgi [req-72f2638d-7e61-42ef-8700-0899befe728c req-c7896905-1c6e-4930-87e8-3ee3b7a3f94b 9641b87a283e4ec09b0c3517dc01645c a7a0526503ce4ec899e384dc9024c28f - - 7487e898d5dc4f46b4dc538548e243d7 7487e898d5dc4f46b4dc538548e243d7] 199.19.213.249 "GET /v2.0/subnets?id=6cf20c0b-c57e-4f29-91c0-ce64641de997 HTTP/1.1" status: 200 len: 868 time: 0.0378377
2026-07-09 17:54:15.319 9 INFO neutron.services.segments.plugin [-] Segment fdc8f5a6-f933-4fc5-8992-0f4f6c1777f7 resource provider aggregate not found
2026-07-09 17:54:15.323 9 INFO neutron.services.segments.plugin [-] Segment fdc8f5a6-f933-4fc5-8992-0f4f6c1777f7 resource provider aggregate not found
2026-07-09 17:54:15.329 10 INFO neutron.wsgi [req-72f2638d-7e61-42ef-8700-0899befe728c req-05254147-07bf-4278-84da-0b67f8e2c940 9641b87a283e4ec09b0c3517dc01645c a7a0526503ce4ec899e384dc9024c28f - - 7487e898d5dc4f46b4dc538548e243d7 7487e898d5dc4f46b4dc538548e243d7] 199.19.213.249 "GET /v2.0/ports?network_id=af397ca5-9cf8-4221-bbfa-16ec78cdae5c&device_owner=network%3Adhcp HTTP/1.1" status: 200 len: 210 time: 0.0295453
2026-07-09 17:54:15.343 9 INFO neutron.wsgi [None req-e9f9541b-05f3-4232-832e-a3172b9e9b45 d0c65db9968c44ea881660ce31adcce2 2bb4e729329c4911868eda1f1f6609e1 - - default default] 10.0.0.192 "POST /v2.0/networks HTTP/1.1" status: 201 len: 940 time: 1.2966645
2026-07-09 17:54:15.344 9 INFO neutron.services.segments.plugin [-] Segment fdc8f5a6-f933-4fc5-8992-0f4f6c1777f7 resource provider not found; error: Placement Client Error (4xx): {"errors": [{"status": 404, "title": "Not Found", "detail": "The resource could not be found.\n\n No resource provider with uuid fdc8f5a6-f933-4fc5-8992-0f4f6c1777f7 found for delete ", "request_id": "req-48e5c4a7-0aab-4dd9-a3b4-acc933054543"}]}
2026-07-09 17:54:15.347 9 INFO neutron.services.segments.plugin [-] Segment fdc8f5a6-f933-4fc5-8992-0f4f6c1777f7 resource provider not found; error: Placement Client Error (4xx): {"errors": [{"status": 404, "title": "Not Found", "detail": "The resource could not be found.\n\n No resource provider with uuid fdc8f5a6-f933-4fc5-8992-0f4f6c1777f7 found for delete ", "request_id": "req-6cdd531c-3564-41ee-82a8-58b8df35ed67"}]}
2026-07-09 17:54:15.400 9 INFO neutron.wsgi [None req-5ed79aab-06e0-44c8-9570-e683f6bdd70f 860d4e5f44bb464285f7f9eeac8ab2dd ab1ae67dbe574cfa9087ed9c920c8252 - - default default] 10.0.0.192 "DELETE /v2.0/networks/f2d92c77-74b8-423c-a7d4-a0f8c84dddff HTTP/1.1" status: 204 len: 168 time: 0.6224837
2026-07-09 17:54:15.412 10 INFO neutron.wsgi [req-72f2638d-7e61-42ef-8700-0899befe728c req-9ce76656-3343-4b99-9f10-aacffabfda62 9641b87a283e4ec09b0c3517dc01645c a7a0526503ce4ec899e384dc9024c28f - - 7487e898d5dc4f46b4dc538548e243d7 7487e898d5dc4f46b4dc538548e243d7] 199.19.213.249 "GET /v2.0/networks/af397ca5-9cf8-4221-bbfa-16ec78cdae5c?fields=segments HTTP/1.1" status: 200 len: 212 time: 0.0700691
2026-07-09 17:54:15.533 10 INFO neutron.wsgi [None req-994e8d77-20e4-4c3e-91e5-14bed3cd4958 860d4e5f44bb464285f7f9eeac8ab2dd ab1ae67dbe574cfa9087ed9c920c8252 - - default default] 10.0.0.192 "GET /v2.0/networks HTTP/1.1" status: 200 len: 845 time: 0.1190815
2026-07-09 17:54:15.545 9 WARNING neutron_lib.context [None req-7bd47e53-8d0d-47e6-9783-f497bcbd5d78 860d4e5f44bb464285f7f9eeac8ab2dd ab1ae67dbe574cfa9087ed9c920c8252 - - default default] Method 'is_advsvc' is deprecated since 2023.2 release (neutron-lib 3.8.0) and will be removed once support for the old RBAC API policies will be removed from Neutron. Please use method 'is_service_role' instead.
2026-07-09 17:54:15.550 10 INFO neutron.wsgi [req-72f2638d-7e61-42ef-8700-0899befe728c req-ebe84b37-2306-4109-9ee3-cce50236a9d6 9641b87a283e4ec09b0c3517dc01645c a7a0526503ce4ec899e384dc9024c28f - - 7487e898d5dc4f46b4dc538548e243d7 7487e898d5dc4f46b4dc538548e243d7] 199.19.213.249 "GET /v2.0/networks/af397ca5-9cf8-4221-bbfa-16ec78cdae5c?fields=provider%3Aphysical_network&fields=provider%3Anetwork_type HTTP/1.1" status: 200 len: 277 time: 0.1291466
2026-07-09 17:54:15.628 9 WARNING neutron.scheduler.dhcp_agent_scheduler [None req-098303f0-2f50-42c6-b3a5-507a15a32828 d0c65db9968c44ea881660ce31adcce2 2bb4e729329c4911868eda1f1f6609e1 - - default default] No more DHCP agents
2026-07-09 17:54:15.632 9 WARNING neutron.api.rpc.agentnotifiers.dhcp_rpc_agent_api [None req-098303f0-2f50-42c6-b3a5-507a15a32828 d0c65db9968c44ea881660ce31adcce2 2bb4e729329c4911868eda1f1f6609e1 - - default default] Unable to schedule network 044a164d-f177-4178-b473-803376ec40a8: no agents available; will retry on subsequent port and subnet creation events.
2026-07-09 17:54:15.640 10 INFO neutron.wsgi [req-0415e795-d5c3-4ee9-b27f-9c0b5e569e53 req-bc1e523b-8b3a-49d6-82d6-f1e891cf1ee3 9641b87a283e4ec09b0c3517dc01645c a7a0526503ce4ec899e384dc9024c28f - - 7487e898d5dc4f46b4dc538548e243d7 7487e898d5dc4f46b4dc538548e243d7] 199.19.213.249 "GET /v2.0/ports?tenant_id=041134fb64b946eda082c420287b72e6&device_id=f5b32e47-4df2-4330-b3a8-ed1b0fbc0323 HTTP/1.1" status: 200 len: 1407 time: 0.0462763
2026-07-09 17:54:15.666 9 INFO neutron.db.segments_db [None req-7bd47e53-8d0d-47e6-9783-f497bcbd5d78 860d4e5f44bb464285f7f9eeac8ab2dd ab1ae67dbe574cfa9087ed9c920c8252 - - default default] Added segment 05a8bcd1-7531-415d-af72-77ea72928304 of type geneve for network f740b744-db96-4e77-b436-a870717b3f64
2026-07-09 17:54:15.723 10 INFO neutron.wsgi [req-0415e795-d5c3-4ee9-b27f-9c0b5e569e53 req-a5970e63-69d0-4b48-b49e-b2b856780dc1 9641b87a283e4ec09b0c3517dc01645c a7a0526503ce4ec899e384dc9024c28f - - 7487e898d5dc4f46b4dc538548e243d7 7487e898d5dc4f46b4dc538548e243d7] 199.19.213.249 "GET /v2.0/networks?id=af397ca5-9cf8-4221-bbfa-16ec78cdae5c HTTP/1.1" status: 200 len: 973 time: 0.0660911
2026-07-09 17:54:15.794 10 INFO neutron.plugins.ml2.drivers.ovn.mech_driver.mech_driver [None req-3a6840fe-c253-4c19-a799-668bedd5c8b2 - - - - - -] OVN reports status up for port: b393dd84-d354-4c30-bc0c-f77b4f2e92e9
2026-07-09 17:54:15.798 10 INFO neutron.wsgi [req-0415e795-d5c3-4ee9-b27f-9c0b5e569e53 req-c9a2f96e-2407-43a2-b897-d55fd188f420 9641b87a283e4ec09b0c3517dc01645c a7a0526503ce4ec899e384dc9024c28f - - 7487e898d5dc4f46b4dc538548e243d7 7487e898d5dc4f46b4dc538548e243d7] 199.19.213.249 "GET /v2.0/floatingips?fixed_ip_address=10.100.0.9&port_id=b393dd84-d354-4c30-bc0c-f77b4f2e92e9 HTTP/1.1" status: 200 len: 217 time: 0.0687902
2026-07-09 17:54:15.818 10 INFO neutron.wsgi [req-ac47694d-2606-4aab-aa9f-31725fcbdb4b req-5fca17d3-755a-4cf9-9054-bdb3653bff47 a4618065cfdc46d58d3fe1c2e967f7f7 041134fb64b946eda082c420287b72e6 - - default default] 10.0.0.226 "GET /v2.0/ports?device_id=f5b32e47-4df2-4330-b3a8-ed1b0fbc0323 HTTP/1.1" status: 200 len: 1168 time: 0.0761428
2026-07-09 17:54:15.819 10 INFO neutron.plugins.ml2.plugin [None req-3a6840fe-c253-4c19-a799-668bedd5c8b2 - - - - - -] Attempt 1 to provision port b393dd84-d354-4c30-bc0c-f77b4f2e92e9
2026-07-09 17:54:15.891 9 INFO neutron.db.ovn_revision_numbers_db [None req-7bd47e53-8d0d-47e6-9783-f497bcbd5d78 860d4e5f44bb464285f7f9eeac8ab2dd ab1ae67dbe574cfa9087ed9c920c8252 - - default default] Successfully bumped revision number for resource f740b744-db96-4e77-b436-a870717b3f64 (type: networks) to 1
2026-07-09 17:54:15.896 10 INFO neutron.wsgi [req-0415e795-d5c3-4ee9-b27f-9c0b5e569e53 req-588824d6-aea1-471a-b6f1-54c31d185a64 9641b87a283e4ec09b0c3517dc01645c a7a0526503ce4ec899e384dc9024c28f - - 7487e898d5dc4f46b4dc538548e243d7 7487e898d5dc4f46b4dc538548e243d7] 199.19.213.249 "GET /v2.0/subnets?id=6cf20c0b-c57e-4f29-91c0-ce64641de997 HTTP/1.1" status: 200 len: 868 time: 0.0747979
2026-07-09 17:54:15.932 10 INFO neutron.wsgi [req-0415e795-d5c3-4ee9-b27f-9c0b5e569e53 req-d6fc1f41-7f35-4381-9de0-6aa1ce7808ba 9641b87a283e4ec09b0c3517dc01645c a7a0526503ce4ec899e384dc9024c28f - - 7487e898d5dc4f46b4dc538548e243d7 7487e898d5dc4f46b4dc538548e243d7] 199.19.213.249 "GET /v2.0/ports?network_id=af397ca5-9cf8-4221-bbfa-16ec78cdae5c&device_owner=network%3Adhcp HTTP/1.1" status: 200 len: 210 time: 0.0287185
2026-07-09 17:54:15.969 10 INFO neutron.wsgi [req-ac47694d-2606-4aab-aa9f-31725fcbdb4b req-8ffe4c20-9ead-48cc-8ebb-c43d1a4fc80e a4618065cfdc46d58d3fe1c2e967f7f7 041134fb64b946eda082c420287b72e6 - - default default] 10.0.0.226 "GET /v2.0/security-groups?id=10213380-f603-49b2-879f-d9f80ea05e9c&fields=id&fields=name HTTP/1.1" status: 200 len: 312 time: 0.1266577
2026-07-09 17:54:16.036 10 INFO neutron.wsgi [req-0415e795-d5c3-4ee9-b27f-9c0b5e569e53 req-36cf0288-22dc-4195-a719-a3167e10cbe2 9641b87a283e4ec09b0c3517dc01645c a7a0526503ce4ec899e384dc9024c28f - - 7487e898d5dc4f46b4dc538548e243d7 7487e898d5dc4f46b4dc538548e243d7] 199.19.213.249 "GET /v2.0/networks/af397ca5-9cf8-4221-bbfa-16ec78cdae5c?fields=segments HTTP/1.1" status: 200 len: 212 time: 0.0899875
2026-07-09 17:54:16.132 10 INFO neutron.wsgi [req-0415e795-d5c3-4ee9-b27f-9c0b5e569e53 req-788f70ad-487c-47b9-8715-4f20caaa8348 9641b87a283e4ec09b0c3517dc01645c a7a0526503ce4ec899e384dc9024c28f - - 7487e898d5dc4f46b4dc538548e243d7 7487e898d5dc4f46b4dc538548e243d7] 199.19.213.249 "GET /v2.0/networks/af397ca5-9cf8-4221-bbfa-16ec78cdae5c?fields=provider%3Aphysical_network&fields=provider%3Anetwork_type HTTP/1.1" status: 200 len: 277 time: 0.0907781
2026-07-09 17:54:16.188 9 WARNING neutron.scheduler.dhcp_agent_scheduler [None req-7bd47e53-8d0d-47e6-9783-f497bcbd5d78 860d4e5f44bb464285f7f9eeac8ab2dd ab1ae67dbe574cfa9087ed9c920c8252 - - default default] No more DHCP agents
2026-07-09 17:54:16.190 9 WARNING neutron.api.rpc.agentnotifiers.dhcp_rpc_agent_api [None req-7bd47e53-8d0d-47e6-9783-f497bcbd5d78 860d4e5f44bb464285f7f9eeac8ab2dd ab1ae67dbe574cfa9087ed9c920c8252 - - default default] Unable to schedule network f740b744-db96-4e77-b436-a870717b3f64: no agents available; will retry on subsequent port and subnet creation events.
2026-07-09 17:54:16.300 10 INFO neutron.db.ovn_revision_numbers_db [None req-3a6840fe-c253-4c19-a799-668bedd5c8b2 - - - - - -] Successfully bumped revision number for resource b393dd84-d354-4c30-bc0c-f77b4f2e92e9 (type: ports) to 4
2026-07-09 17:54:16.304 9 INFO neutron.db.ovn_revision_numbers_db [None req-7bd47e53-8d0d-47e6-9783-f497bcbd5d78 860d4e5f44bb464285f7f9eeac8ab2dd ab1ae67dbe574cfa9087ed9c920c8252 - - default default] Successfully bumped revision number for resource 1bec0835-d7b5-4274-a36a-45b3add07c65 (type: ports) to 1
2026-07-09 17:54:16.332 9 INFO neutron.wsgi [None req-7bd47e53-8d0d-47e6-9783-f497bcbd5d78 860d4e5f44bb464285f7f9eeac8ab2dd ab1ae67dbe574cfa9087ed9c920c8252 - - default default] 10.0.0.192 "POST /v2.0/networks HTTP/1.1" status: 201 len: 849 time: 0.7924948
2026-07-09 17:54:16.347 10 WARNING neutron_lib.context [None req-a2970d23-b0e1-4309-a846-a66c3322de00 860d4e5f44bb464285f7f9eeac8ab2dd ab1ae67dbe574cfa9087ed9c920c8252 - - default default] Method 'is_advsvc' is deprecated since 2023.2 release (neutron-lib 3.8.0) and will be removed once support for the old RBAC API policies will be removed from Neutron. Please use method 'is_service_role' instead.
2026-07-09 17:54:16.416 9 INFO neutron.db.ovn_revision_numbers_db [None req-098303f0-2f50-42c6-b3a5-507a15a32828 d0c65db9968c44ea881660ce31adcce2 2bb4e729329c4911868eda1f1f6609e1 - - default default] Successfully bumped revision number for resource 33b15282-bec3-4f75-b57e-8bd5a6bf48af (type: ports) to 2
2026-07-09 17:54:16.475 9 INFO neutron.db.ovn_revision_numbers_db [None req-098303f0-2f50-42c6-b3a5-507a15a32828 d0c65db9968c44ea881660ce31adcce2 2bb4e729329c4911868eda1f1f6609e1 - - default default] Successfully bumped revision number for resource f3233a8f-7832-45db-bbb5-8cf60c3f5195 (type: subnets) to 0
2026-07-09 17:54:16.490 10 INFO neutron.db.segments_db [None req-a2970d23-b0e1-4309-a846-a66c3322de00 860d4e5f44bb464285f7f9eeac8ab2dd ab1ae67dbe574cfa9087ed9c920c8252 - - default default] Added segment 79819872-27bd-4486-80bf-804cb8f78db1 of type geneve for network 08d4ee1c-f1fd-4e7d-a7ee-9aa442baff3a
2026-07-09 17:54:16.503 9 INFO neutron.wsgi [None req-098303f0-2f50-42c6-b3a5-507a15a32828 d0c65db9968c44ea881660ce31adcce2 2bb4e729329c4911868eda1f1f6609e1 - - default default] 10.0.0.192 "POST /v2.0/subnets HTTP/1.1" status: 201 len: 860 time: 1.1508837
2026-07-09 17:54:16.685 10 INFO neutron.db.ovn_revision_numbers_db [None req-a2970d23-b0e1-4309-a846-a66c3322de00 860d4e5f44bb464285f7f9eeac8ab2dd ab1ae67dbe574cfa9087ed9c920c8252 - - default default] Successfully bumped revision number for resource 08d4ee1c-f1fd-4e7d-a7ee-9aa442baff3a (type: networks) to 1
2026-07-09 17:54:16.917 10 WARNING neutron.scheduler.dhcp_agent_scheduler [None req-a2970d23-b0e1-4309-a846-a66c3322de00 860d4e5f44bb464285f7f9eeac8ab2dd ab1ae67dbe574cfa9087ed9c920c8252 - - default default] No more DHCP agents
2026-07-09 17:54:16.922 10 WARNING neutron.api.rpc.agentnotifiers.dhcp_rpc_agent_api [None req-a2970d23-b0e1-4309-a846-a66c3322de00 860d4e5f44bb464285f7f9eeac8ab2dd ab1ae67dbe574cfa9087ed9c920c8252 - - default default] Unable to schedule network 08d4ee1c-f1fd-4e7d-a7ee-9aa442baff3a: no agents available; will retry on subsequent port and subnet creation events.
2026-07-09 17:54:17.034 10 INFO neutron.db.ovn_revision_numbers_db [None req-a2970d23-b0e1-4309-a846-a66c3322de00 860d4e5f44bb464285f7f9eeac8ab2dd ab1ae67dbe574cfa9087ed9c920c8252 - - default default] Successfully bumped revision number for resource 690e1c31-260a-46c6-843e-ea88ce1285aa (type: ports) to 1
2026-07-09 17:54:17.070 9 WARNING neutron.scheduler.dhcp_agent_scheduler [None req-d8eddc1b-e1d1-486d-b75b-ae36547f02c0 d0c65db9968c44ea881660ce31adcce2 2bb4e729329c4911868eda1f1f6609e1 - - default default] No more DHCP agents
2026-07-09 17:54:17.074 10 INFO neutron.wsgi [None req-a2970d23-b0e1-4309-a846-a66c3322de00 860d4e5f44bb464285f7f9eeac8ab2dd ab1ae67dbe574cfa9087ed9c920c8252 - - default default] 10.0.0.192 "POST /v2.0/networks HTTP/1.1" status: 201 len: 848 time: 0.7347159
2026-07-09 17:54:17.083 9 WARNING neutron.api.rpc.agentnotifiers.dhcp_rpc_agent_api [None req-d8eddc1b-e1d1-486d-b75b-ae36547f02c0 d0c65db9968c44ea881660ce31adcce2 2bb4e729329c4911868eda1f1f6609e1 - - default default] Unable to schedule network 8dada6d5-ea31-4336-b244-4e6f55665df5: no agents available; will retry on subsequent port and subnet creation events. /var/lib/openstack/lib/python3.10/site-packages/pycadf/identifier.py:71: UserWarning: Invalid uuid: neutron. To ensure interoperability, identifiers should be a valid uuid. warnings.warn(('Invalid uuid: %s. To ensure interoperability, '
2026-07-09 17:54:17.088 10 WARNING neutron_lib.context [None req-bf7df158-562f-4368-8579-435b6d84717b 860d4e5f44bb464285f7f9eeac8ab2dd ab1ae67dbe574cfa9087ed9c920c8252 - - default default] Method 'is_advsvc' is deprecated since 2023.2 release (neutron-lib 3.8.0) and will be removed once support for the old RBAC API policies will be removed from Neutron. Please use method 'is_service_role' instead.
2026-07-09 17:54:17.136 10 WARNING neutron_lib.context [None req-bf7df158-562f-4368-8579-435b6d84717b 860d4e5f44bb464285f7f9eeac8ab2dd ab1ae67dbe574cfa9087ed9c920c8252 - - default default] Method 'is_advsvc' is deprecated since 2023.2 release (neutron-lib 3.8.0) and will be removed once support for the old RBAC API policies will be removed from Neutron. Please use method 'is_service_role' instead.
2026-07-09 17:54:17.193 9 INFO neutron.wsgi [req-a70a63ad-d2d8-4f24-87e7-3a45df4c5515 req-8c41cc38-debe-47bb-81e6-4a536e1bc485 a4618065cfdc46d58d3fe1c2e967f7f7 041134fb64b946eda082c420287b72e6 - - default default] 10.0.0.226 "GET /v2.0/ports?device_id=f5b32e47-4df2-4330-b3a8-ed1b0fbc0323 HTTP/1.1" status: 200 len: 1170 time: 0.1240468
2026-07-09 17:54:17.237 10 INFO neutron.notifiers.nova [-] Nova event matching ['req-ef4df76c-64da-4aad-be7a-99d0e748f91e'] response: {'server_uuid': 'f5b32e47-4df2-4330-b3a8-ed1b0fbc0323', 'name': 'network-vif-plugged', 'status': 'completed', 'tag': 'b393dd84-d354-4c30-bc0c-f77b4f2e92e9', 'code': 200}
2026-07-09 17:54:17.238 10 INFO neutron.notifiers.nova [-] Nova event matching ['req-ef4df76c-64da-4aad-be7a-99d0e748f91e'] response: {'server_uuid': 'f5b32e47-4df2-4330-b3a8-ed1b0fbc0323', 'name': 'network-vif-plugged', 'status': 'completed', 'tag': 'b393dd84-d354-4c30-bc0c-f77b4f2e92e9', 'code': 200}
2026-07-09 17:54:17.265 9 INFO neutron.wsgi [req-a70a63ad-d2d8-4f24-87e7-3a45df4c5515 req-b7a0ddd8-c9bb-4cf4-8864-8510196f849b a4618065cfdc46d58d3fe1c2e967f7f7 041134fb64b946eda082c420287b72e6 - - default default] 10.0.0.226 "GET /v2.0/security-groups?id=10213380-f603-49b2-879f-d9f80ea05e9c&fields=id&fields=name HTTP/1.1" status: 200 len: 312 time: 0.0502639
2026-07-09 17:54:17.313 9 INFO neutron.db.ovn_revision_numbers_db [None req-d8eddc1b-e1d1-486d-b75b-ae36547f02c0 d0c65db9968c44ea881660ce31adcce2 2bb4e729329c4911868eda1f1f6609e1 - - default default] Successfully bumped revision number for resource 0fab5fec-ee5c-4cad-b2f2-6d4cdf1f3c37 (type: ports) to 1
2026-07-09 17:54:17.744 10 WARNING neutron.scheduler.dhcp_agent_scheduler [None req-bf7df158-562f-4368-8579-435b6d84717b 860d4e5f44bb464285f7f9eeac8ab2dd ab1ae67dbe574cfa9087ed9c920c8252 - - default default] No more DHCP agents
2026-07-09 17:54:17.746 10 WARNING neutron.api.rpc.agentnotifiers.dhcp_rpc_agent_api [None req-bf7df158-562f-4368-8579-435b6d84717b 860d4e5f44bb464285f7f9eeac8ab2dd ab1ae67dbe574cfa9087ed9c920c8252 - - default default] Unable to schedule network f740b744-db96-4e77-b436-a870717b3f64: no agents available; will retry on subsequent port and subnet creation events.
2026-07-09 17:54:17.866 10 INFO neutron.db.ovn_revision_numbers_db [None req-bf7df158-562f-4368-8579-435b6d84717b 860d4e5f44bb464285f7f9eeac8ab2dd ab1ae67dbe574cfa9087ed9c920c8252 - - default default] Successfully bumped revision number for resource 33b95d88-0db8-437f-a517-bf582a346274 (type: ports) to 1
2026-07-09 17:54:17.907 10 WARNING neutron.scheduler.dhcp_agent_scheduler [None req-bf7df158-562f-4368-8579-435b6d84717b 860d4e5f44bb464285f7f9eeac8ab2dd ab1ae67dbe574cfa9087ed9c920c8252 - - default default] No more DHCP agents
2026-07-09 17:54:17.911 10 WARNING neutron.api.rpc.agentnotifiers.dhcp_rpc_agent_api [None req-bf7df158-562f-4368-8579-435b6d84717b 860d4e5f44bb464285f7f9eeac8ab2dd ab1ae67dbe574cfa9087ed9c920c8252 - - default default] Unable to schedule network 08d4ee1c-f1fd-4e7d-a7ee-9aa442baff3a: no agents available; will retry on subsequent port and subnet creation events.
2026-07-09 17:54:18.026 10 INFO neutron.db.ovn_revision_numbers_db [None req-bf7df158-562f-4368-8579-435b6d84717b 860d4e5f44bb464285f7f9eeac8ab2dd ab1ae67dbe574cfa9087ed9c920c8252 - - default default] Successfully bumped revision number for resource 6e7b6a8b-b354-4de5-ab33-ba94594095f0 (type: ports) to 1
2026-07-09 17:54:18.063 10 INFO neutron.wsgi [None req-bf7df158-562f-4368-8579-435b6d84717b 860d4e5f44bb464285f7f9eeac8ab2dd ab1ae67dbe574cfa9087ed9c920c8252 - - default default] 10.0.0.192 "POST /v2.0/ports HTTP/1.1" status: 201 len: 1706 time: 0.9819226 /var/lib/openstack/lib/python3.10/site-packages/pycadf/identifier.py:71: UserWarning: Invalid uuid: neutron. To ensure interoperability, identifiers should be a valid uuid. warnings.warn(('Invalid uuid: %s. To ensure interoperability, '
2026-07-09 17:54:18.167 9 INFO neutron.wsgi [req-478a8c02-0735-4e08-86a9-712771a3bd90 req-312cbca3-600e-4096-8ff5-19502ac841e6 b14b7d60fea0498ca114201dacd48ed4 f4bab607b41147208c60fcf5c8644c1c - - default default] 10.0.0.226 "GET /v2.0/ports?device_id=3dce1379-baaa-432a-80a1-79215bf04eac HTTP/1.1" status: 200 len: 1170 time: 0.1385140
2026-07-09 17:54:18.269 10 INFO neutron.wsgi [None req-fed6dbc5-54ad-4c4b-84c9-74cf05d8208c 860d4e5f44bb464285f7f9eeac8ab2dd ab1ae67dbe574cfa9087ed9c920c8252 - - default default] 10.0.0.192 "GET /v2.0/ports HTTP/1.1" status: 200 len: 3213 time: 0.2027848
2026-07-09 17:54:18.358 10 INFO neutron.wsgi [req-60474e08-21df-455d-b3c3-3000e7fa4e5c req-a6884013-ba0b-4c39-ac4d-45b955e81277 b14b7d60fea0498ca114201dacd48ed4 f4bab607b41147208c60fcf5c8644c1c - - default default] 10.0.0.226 "GET /v2.0/ports/ddc63ee0-949c-4b38-b4e7-f47339ef9cf8 HTTP/1.1" status: 200 len: 1167 time: 0.1319342
2026-07-09 17:54:18.412 9 INFO neutron.wsgi [req-0ddcc84c-a436-46be-a5c1-729556365202 req-69095efc-6a61-4550-862e-48e81fa21df8 a4618065cfdc46d58d3fe1c2e967f7f7 041134fb64b946eda082c420287b72e6 - - default default] 10.0.0.226 "GET /v2.0/ports?device_id=f5b32e47-4df2-4330-b3a8-ed1b0fbc0323 HTTP/1.1" status: 200 len: 1170 time: 0.0502384
2026-07-09 17:54:18.502 9 INFO neutron.wsgi [req-0ddcc84c-a436-46be-a5c1-729556365202 req-ebe594de-b79e-448c-8266-caafb36dd223 a4618065cfdc46d58d3fe1c2e967f7f7 041134fb64b946eda082c420287b72e6 - - default default] 10.0.0.226 "GET /v2.0/security-groups?id=10213380-f603-49b2-879f-d9f80ea05e9c&fields=id&fields=name HTTP/1.1" status: 200 len: 312 time: 0.0822363
2026-07-09 17:54:18.631 10 INFO neutron.wsgi [req-de749853-da64-4f02-a1b1-54186966169a req-ed08122f-d6f6-4ce2-b4e8-556d86a1f7cc b14b7d60fea0498ca114201dacd48ed4 f4bab607b41147208c60fcf5c8644c1c - - default default] 199.19.213.249 "GET /v2.0/subnets?network_id=119d9b10-eba0-4794-bd07-322af080c68b HTTP/1.1" status: 200 len: 858 time: 0.0818059
2026-07-09 17:54:18.640 9 INFO neutron.wsgi [req-00a1254d-a22a-42ba-b623-b59e6a17e4b4 req-3fb2398a-ac22-4db8-b135-868c216d5cf2 a4618065cfdc46d58d3fe1c2e967f7f7 041134fb64b946eda082c420287b72e6 - - default default] 10.0.0.226 "GET /v2.0/ports?device_id=f5b32e47-4df2-4330-b3a8-ed1b0fbc0323 HTTP/1.1" status: 200 len: 1170 time: 0.0617199
2026-07-09 17:54:18.647 9 INFO neutron.plugins.ml2.drivers.ovn.mech_driver.ovsdb.commands [None req-6d82c605-ff71-4cec-8f61-44c12dd60fa8 - - - - - -] Schedule LRP lrp-0fab5fec-ee5c-4cad-b2f2-6d4cdf1f3c37 on gateway 7e08f0d4-3c06-418a-87c1-1f5de46ac4e8 with priority 1
2026-07-09 17:54:18.686 9 INFO neutron.plugins.ml2.drivers.ovn.mech_driver.ovsdb.ovsdb_monitor [None req-77de865c-f7f1-4986-a582-09aed644daa6 - - - - - -] Router cac20273-ab64-4a46-ac3c-0abbd1af3957 is bound to host instance
2026-07-09 17:54:18.688 10 INFO neutron.wsgi [None req-db30c8fd-19a4-48ac-af15-e999aea26a8a 860d4e5f44bb464285f7f9eeac8ab2dd ab1ae67dbe574cfa9087ed9c920c8252 - - default default] 10.0.0.192 "DELETE /v2.0/ports/33b95d88-0db8-437f-a517-bf582a346274 HTTP/1.1" status: 204 len: 168 time: 0.4089992
2026-07-09 17:54:18.693 10 INFO neutron.plugins.ml2.drivers.ovn.mech_driver.mech_driver [None req-3a6840fe-c253-4c19-a799-668bedd5c8b2 - - - - - -] OVN reports status up for port: 0fab5fec-ee5c-4cad-b2f2-6d4cdf1f3c37
2026-07-09 17:54:18.720 10 INFO neutron.plugins.ml2.plugin [None req-3a6840fe-c253-4c19-a799-668bedd5c8b2 - - - - - -] Attempt 1 to provision port 0fab5fec-ee5c-4cad-b2f2-6d4cdf1f3c37
2026-07-09 17:54:18.749 10 INFO neutron.wsgi [req-de749853-da64-4f02-a1b1-54186966169a req-8bb33d40-2b10-47b7-96fe-96805dcff510 b14b7d60fea0498ca114201dacd48ed4 f4bab607b41147208c60fcf5c8644c1c - - default default] 199.19.213.249 "GET /v2.0/ports?device_id=3dce1379-baaa-432a-80a1-79215bf04eac&device_owner=compute%3Anova&network_id=119d9b10-eba0-4794-bd07-322af080c68b HTTP/1.1" status: 200 len: 1170 time: 0.1109455
2026-07-09 17:54:18.750 9 INFO neutron.db.ovn_revision_numbers_db [None req-d8eddc1b-e1d1-486d-b75b-ae36547f02c0 d0c65db9968c44ea881660ce31adcce2 2bb4e729329c4911868eda1f1f6609e1 - - default default] Successfully bumped revision number for resource 0fab5fec-ee5c-4cad-b2f2-6d4cdf1f3c37 (type: router_ports) to 1
2026-07-09 17:54:18.899 9 INFO neutron.db.ovn_revision_numbers_db [None req-d8eddc1b-e1d1-486d-b75b-ae36547f02c0 d0c65db9968c44ea881660ce31adcce2 2bb4e729329c4911868eda1f1f6609e1 - - default default] Successfully bumped revision number for resource cac20273-ab64-4a46-ac3c-0abbd1af3957 (type: routers) to 2
2026-07-09 17:54:18.970 9 INFO neutron.wsgi [None req-d8eddc1b-e1d1-486d-b75b-ae36547f02c0 d0c65db9968c44ea881660ce31adcce2 2bb4e729329c4911868eda1f1f6609e1 - - default default] 10.0.0.192 "POST /v2.0/routers HTTP/1.1" status: 201 len: 1162 time: 2.4613338
2026-07-09 17:54:19.166 10 INFO neutron.wsgi [None req-f1b7e29e-8289-4bb6-83ad-ce92ebd42894 860d4e5f44bb464285f7f9eeac8ab2dd ab1ae67dbe574cfa9087ed9c920c8252 - - default default] 10.0.0.192 "DELETE /v2.0/ports/6e7b6a8b-b354-4de5-ab33-ba94594095f0 HTTP/1.1" status: 204 len: 168 time: 0.4708211
2026-07-09 17:54:19.235 10 INFO neutron.wsgi [None req-9ea5144d-6a2d-4f91-9f00-c1d73729ee16 860d4e5f44bb464285f7f9eeac8ab2dd ab1ae67dbe574cfa9087ed9c920c8252 - - default default] 10.0.0.192 "GET /v2.0/ports HTTP/1.1" status: 200 len: 1718 time: 0.0597026
2026-07-09 17:54:19.252 10 WARNING neutron_lib.context [None req-7b56cade-743c-4a47-9423-692884fff94e 860d4e5f44bb464285f7f9eeac8ab2dd ab1ae67dbe574cfa9087ed9c920c8252 - - default default] Method 'is_advsvc' is deprecated since 2023.2 release (neutron-lib 3.8.0) and will be removed once support for the old RBAC API policies will be removed from Neutron. Please use method 'is_service_role' instead.
2026-07-09 17:54:19.376 10 INFO neutron.db.segments_db [None req-7b56cade-743c-4a47-9423-692884fff94e 860d4e5f44bb464285f7f9eeac8ab2dd ab1ae67dbe574cfa9087ed9c920c8252 - - default default] Added segment e381df9e-e3eb-4ec4-9a8d-c2a1642107bf of type geneve for network 2c326413-78ea-481f-b477-0051e67849e7
2026-07-09 17:54:19.930 9 INFO neutron.db.ovn_revision_numbers_db [None req-b99147f5-8225-4384-8e11-29f49cb62351 a4618065cfdc46d58d3fe1c2e967f7f7 041134fb64b946eda082c420287b72e6 - - default default] Successfully bumped revision number for resource b63483c4-fa18-406b-996f-ba0042d98848 (type: floatingips) to 1
2026-07-09 17:54:20.009 10 INFO neutron.db.ovn_revision_numbers_db [None req-7b56cade-743c-4a47-9423-692884fff94e 860d4e5f44bb464285f7f9eeac8ab2dd ab1ae67dbe574cfa9087ed9c920c8252 - - default default] Successfully bumped revision number for resource 2c326413-78ea-481f-b477-0051e67849e7 (type: networks) to 1
2026-07-09 17:54:20.047 10 INFO neutron.db.ovn_revision_numbers_db [req-de749853-da64-4f02-a1b1-54186966169a req-fa0746c8-f029-4542-98fc-644a6ce3dfb8 b14b7d60fea0498ca114201dacd48ed4 f4bab607b41147208c60fcf5c8644c1c - - default default] Successfully bumped revision number for resource ddc63ee0-949c-4b38-b4e7-f47339ef9cf8 (type: ports) to 5
2026-07-09 17:54:20.068 10 INFO neutron.wsgi [req-de749853-da64-4f02-a1b1-54186966169a req-fa0746c8-f029-4542-98fc-644a6ce3dfb8 b14b7d60fea0498ca114201dacd48ed4 f4bab607b41147208c60fcf5c8644c1c - - default default] 199.19.213.249 "PUT /v2.0/ports/ddc63ee0-949c-4b38-b4e7-f47339ef9cf8 HTTP/1.1" status: 200 len: 1345 time: 1.3122604
2026-07-09 17:54:20.112 10 INFO neutron.notifiers.nova [-] Nova event matching ['req-b31e8dcc-84ef-4cea-a347-977141e9ec41'] response: {'name': 'network-changed', 'server_uuid': '3dce1379-baaa-432a-80a1-79215bf04eac', 'tag': 'ddc63ee0-949c-4b38-b4e7-f47339ef9cf8', 'status': 'completed', 'code': 200} /var/lib/openstack/lib/python3.10/site-packages/pycadf/identifier.py:71: UserWarning: Invalid uuid: neutron. To ensure interoperability, identifiers should be a valid uuid. warnings.warn(('Invalid uuid: %s. To ensure interoperability, '
2026-07-09 17:54:20.190 9 INFO neutron.db.ovn_revision_numbers_db [None req-b99147f5-8225-4384-8e11-29f49cb62351 a4618065cfdc46d58d3fe1c2e967f7f7 041134fb64b946eda082c420287b72e6 - - default default] Successfully bumped revision number for resource b63483c4-fa18-406b-996f-ba0042d98848 (type: floatingips) to 2
2026-07-09 17:54:20.191 9 INFO neutron.db.l3_db [None req-b99147f5-8225-4384-8e11-29f49cb62351 a4618065cfdc46d58d3fe1c2e967f7f7 041134fb64b946eda082c420287b72e6 - - default default] Floating IP b63483c4-fa18-406b-996f-ba0042d98848 associated. External IP: 10.96.250.220, port: b393dd84-d354-4c30-bc0c-f77b4f2e92e9.
2026-07-09 17:54:20.194 10 INFO neutron.wsgi [req-de749853-da64-4f02-a1b1-54186966169a req-76a28b10-0043-48b2-b861-acf6ead2e201 9641b87a283e4ec09b0c3517dc01645c a7a0526503ce4ec899e384dc9024c28f - - 7487e898d5dc4f46b4dc538548e243d7 7487e898d5dc4f46b4dc538548e243d7] 199.19.213.249 "GET /v2.0/ports?tenant_id=f4bab607b41147208c60fcf5c8644c1c&device_id=3dce1379-baaa-432a-80a1-79215bf04eac HTTP/1.1" status: 200 len: 1586 time: 0.0904853
2026-07-09 17:54:20.210 9 INFO neutron.db.ovn_revision_numbers_db [None req-77de865c-f7f1-4986-a582-09aed644daa6 - - - - - -] Successfully bumped revision number for resource 0fab5fec-ee5c-4cad-b2f2-6d4cdf1f3c37 (type: ports) to 1
2026-07-09 17:54:20.219 9 WARNING neutron.scheduler.dhcp_agent_scheduler [None req-6008b7cb-88ac-4ae0-9c2a-5e82888928a6 d0c65db9968c44ea881660ce31adcce2 2bb4e729329c4911868eda1f1f6609e1 - - default default] No more DHCP agents
2026-07-09 17:54:20.226 9 WARNING neutron.api.rpc.agentnotifiers.dhcp_rpc_agent_api [None req-6008b7cb-88ac-4ae0-9c2a-5e82888928a6 d0c65db9968c44ea881660ce31adcce2 2bb4e729329c4911868eda1f1f6609e1 - - default default] Unable to schedule network 044a164d-f177-4178-b473-803376ec40a8: no agents available; will retry on subsequent port and subnet creation events.
2026-07-09 17:54:20.239 9 INFO neutron.wsgi [None req-b99147f5-8225-4384-8e11-29f49cb62351 a4618065cfdc46d58d3fe1c2e967f7f7 041134fb64b946eda082c420287b72e6 - - default default] 10.0.0.192 "PUT /v2.0/floatingips/b63483c4-fa18-406b-996f-ba0042d98848 HTTP/1.1" status: 200 len: 1049 time: 1.5750165
2026-07-09 17:54:20.296 9 INFO neutron.notifiers.nova [-] Nova event matching ['req-e7a83009-5c68-4a19-8b8c-158b06de36f8'] response: {'name': 'network-changed', 'server_uuid': 'f5b32e47-4df2-4330-b3a8-ed1b0fbc0323', 'tag': 'b393dd84-d354-4c30-bc0c-f77b4f2e92e9', 'status': 'completed', 'code': 200}
2026-07-09 17:54:20.370 10 WARNING neutron.scheduler.dhcp_agent_scheduler [None req-7b56cade-743c-4a47-9423-692884fff94e 860d4e5f44bb464285f7f9eeac8ab2dd ab1ae67dbe574cfa9087ed9c920c8252 - - default default] No more DHCP agents
2026-07-09 17:54:20.377 10 INFO neutron.wsgi [req-de749853-da64-4f02-a1b1-54186966169a req-7a479b10-eb7c-44fd-b951-24224935ea47 9641b87a283e4ec09b0c3517dc01645c a7a0526503ce4ec899e384dc9024c28f - - 7487e898d5dc4f46b4dc538548e243d7 7487e898d5dc4f46b4dc538548e243d7] 199.19.213.249 "GET /v2.0/networks?id=119d9b10-eba0-4794-bd07-322af080c68b HTTP/1.1" status: 200 len: 981 time: 0.1742067
2026-07-09 17:54:20.384 10 WARNING neutron.api.rpc.agentnotifiers.dhcp_rpc_agent_api [None req-7b56cade-743c-4a47-9423-692884fff94e 860d4e5f44bb464285f7f9eeac8ab2dd ab1ae67dbe574cfa9087ed9c920c8252 - - default default] Unable to schedule network 2c326413-78ea-481f-b477-0051e67849e7: no agents available; will retry on subsequent port and subnet creation events.
2026-07-09 17:54:20.444 10 INFO neutron.wsgi [req-f5cfd0ab-7ec9-4bb7-8c1a-eae832a953b5 req-fd30fa17-61ab-4983-a467-ad2caf88c9a1 9641b87a283e4ec09b0c3517dc01645c a7a0526503ce4ec899e384dc9024c28f - - 7487e898d5dc4f46b4dc538548e243d7 7487e898d5dc4f46b4dc538548e243d7] 199.19.213.249 "GET /v2.0/ports?tenant_id=041134fb64b946eda082c420287b72e6&device_id=f5b32e47-4df2-4330-b3a8-ed1b0fbc0323 HTTP/1.1" status: 200 len: 1409 time: 0.1222420
2026-07-09 17:54:20.459 10 INFO neutron.wsgi [req-de749853-da64-4f02-a1b1-54186966169a req-f272660f-606a-4a43-92ec-4ea01a6be334 9641b87a283e4ec09b0c3517dc01645c a7a0526503ce4ec899e384dc9024c28f - - 7487e898d5dc4f46b4dc538548e243d7 7487e898d5dc4f46b4dc538548e243d7] 199.19.213.249 "GET /v2.0/floatingips?fixed_ip_address=10.100.0.5&port_id=ddc63ee0-949c-4b38-b4e7-f47339ef9cf8 HTTP/1.1" status: 200 len: 217 time: 0.0715072
2026-07-09 17:54:20.492 9 INFO neutron.db.ovn_revision_numbers_db [None req-6008b7cb-88ac-4ae0-9c2a-5e82888928a6 d0c65db9968c44ea881660ce31adcce2 2bb4e729329c4911868eda1f1f6609e1 - - default default] Successfully bumped revision number for resource 9425af02-150d-4abb-9b20-ed486ad3d385 (type: ports) to 1
2026-07-09 17:54:20.581 10 INFO neutron.wsgi [req-c45324d5-52ac-4ba7-9492-2b4d827464c5 req-6060c935-a929-4b5b-bebb-af43259dac27 a4618065cfdc46d58d3fe1c2e967f7f7 041134fb64b946eda082c420287b72e6 - - default default] 10.0.0.226 "GET /v2.0/ports?device_id=f5b32e47-4df2-4330-b3a8-ed1b0fbc0323 HTTP/1.1" status: 200 len: 1170 time: 0.2889569
2026-07-09 17:54:20.621 10 INFO neutron.wsgi [req-de749853-da64-4f02-a1b1-54186966169a req-c720605b-45c6-416d-8f59-e2b0a5587ba2 9641b87a283e4ec09b0c3517dc01645c a7a0526503ce4ec899e384dc9024c28f - - 7487e898d5dc4f46b4dc538548e243d7 7487e898d5dc4f46b4dc538548e243d7] 199.19.213.249 "GET /v2.0/floatingips?fixed_ip_address=10.100.0.6&port_id=ddc63ee0-949c-4b38-b4e7-f47339ef9cf8 HTTP/1.1" status: 200 len: 1059 time: 0.1389256
2026-07-09 17:54:20.654 10 INFO neutron.wsgi [req-f5cfd0ab-7ec9-4bb7-8c1a-eae832a953b5 req-005680b7-cfb2-420f-9ec3-8dc1da9c32ab 9641b87a283e4ec09b0c3517dc01645c a7a0526503ce4ec899e384dc9024c28f - - 7487e898d5dc4f46b4dc538548e243d7 7487e898d5dc4f46b4dc538548e243d7] 199.19.213.249 "GET /v2.0/networks?id=af397ca5-9cf8-4221-bbfa-16ec78cdae5c HTTP/1.1" status: 200 len: 973 time: 0.1937122
2026-07-09 17:54:20.714 10 INFO neutron.wsgi [req-de749853-da64-4f02-a1b1-54186966169a req-370a4bf4-8be6-48f9-bf03-60e4f26ca7dc 9641b87a283e4ec09b0c3517dc01645c a7a0526503ce4ec899e384dc9024c28f - - 7487e898d5dc4f46b4dc538548e243d7 7487e898d5dc4f46b4dc538548e243d7] 199.19.213.249 "GET /v2.0/subnets?id=ecdb0f2b-5fb6-43c8-98d8-5283e8202702 HTTP/1.1" status: 200 len: 876 time: 0.0820432
2026-07-09 17:54:20.717 10 INFO neutron.wsgi [req-c45324d5-52ac-4ba7-9492-2b4d827464c5 req-8f1ab623-4eba-4f38-8146-1190f1fa7033 a4618065cfdc46d58d3fe1c2e967f7f7 041134fb64b946eda082c420287b72e6 - - default default] 10.0.0.226 "GET /v2.0/security-groups?id=10213380-f603-49b2-879f-d9f80ea05e9c&fields=id&fields=name HTTP/1.1" status: 200 len: 312 time: 0.1307228
2026-07-09 17:54:20.719 10 INFO neutron.db.ovn_revision_numbers_db [None req-7b56cade-743c-4a47-9423-692884fff94e 860d4e5f44bb464285f7f9eeac8ab2dd ab1ae67dbe574cfa9087ed9c920c8252 - - default default] Successfully bumped revision number for resource fc6ba1aa-f90a-4438-a42a-133f0286eb84 (type: ports) to 1
2026-07-09 17:54:20.745 10 INFO neutron.wsgi [req-f5cfd0ab-7ec9-4bb7-8c1a-eae832a953b5 req-e732bd3b-7f06-4de9-83ad-f98f7cda94a4 9641b87a283e4ec09b0c3517dc01645c a7a0526503ce4ec899e384dc9024c28f - - 7487e898d5dc4f46b4dc538548e243d7 7487e898d5dc4f46b4dc538548e243d7] 199.19.213.249 "GET /v2.0/floatingips?fixed_ip_address=10.100.0.9&port_id=b393dd84-d354-4c30-bc0c-f77b4f2e92e9 HTTP/1.1" status: 200 len: 1059 time: 0.0789793
2026-07-09 17:54:20.757 10 INFO neutron.wsgi [req-de749853-da64-4f02-a1b1-54186966169a req-3b47e870-a51e-4d38-a276-b902175c06f2 9641b87a283e4ec09b0c3517dc01645c a7a0526503ce4ec899e384dc9024c28f - - 7487e898d5dc4f46b4dc538548e243d7 7487e898d5dc4f46b4dc538548e243d7] 199.19.213.249 "GET /v2.0/ports?network_id=119d9b10-eba0-4794-bd07-322af080c68b&device_owner=network%3Adhcp HTTP/1.1" status: 200 len: 210 time: 0.0355444
2026-07-09 17:54:20.763 10 INFO neutron.wsgi [None req-7b56cade-743c-4a47-9423-692884fff94e 860d4e5f44bb464285f7f9eeac8ab2dd ab1ae67dbe574cfa9087ed9c920c8252 - - default default] 10.0.0.192 "POST /v2.0/networks HTTP/1.1" status: 201 len: 849 time: 1.5172548 /var/lib/openstack/lib/python3.10/site-packages/pycadf/identifier.py:71: UserWarning: Invalid uuid: neutron. To ensure interoperability, identifiers should be a valid uuid. warnings.warn(('Invalid uuid: %s. To ensure interoperability, '
2026-07-09 17:54:20.779 9 WARNING neutron_lib.context [None req-92e23c25-c92b-4d9b-a56b-8ca1ae618848 860d4e5f44bb464285f7f9eeac8ab2dd ab1ae67dbe574cfa9087ed9c920c8252 - - default default] Method 'is_advsvc' is deprecated since 2023.2 release (neutron-lib 3.8.0) and will be removed once support for the old RBAC API policies will be removed from Neutron. Please use method 'is_service_role' instead.
2026-07-09 17:54:20.821 10 INFO neutron.wsgi [req-f5cfd0ab-7ec9-4bb7-8c1a-eae832a953b5 req-a19868d1-b889-4cdb-a1bd-741c9a1c6e8a 9641b87a283e4ec09b0c3517dc01645c a7a0526503ce4ec899e384dc9024c28f - - 7487e898d5dc4f46b4dc538548e243d7 7487e898d5dc4f46b4dc538548e243d7] 199.19.213.249 "GET /v2.0/subnets?id=6cf20c0b-c57e-4f29-91c0-ce64641de997 HTTP/1.1" status: 200 len: 868 time: 0.0661244
2026-07-09 17:54:20.862 10 INFO neutron.wsgi [req-f5cfd0ab-7ec9-4bb7-8c1a-eae832a953b5 req-37ede502-9505-4b76-948f-20f9565d87b1 9641b87a283e4ec09b0c3517dc01645c a7a0526503ce4ec899e384dc9024c28f - - 7487e898d5dc4f46b4dc538548e243d7 7487e898d5dc4f46b4dc538548e243d7] 199.19.213.249 "GET /v2.0/ports?network_id=af397ca5-9cf8-4221-bbfa-16ec78cdae5c&device_owner=network%3Adhcp HTTP/1.1" status: 200 len: 210 time: 0.0327072
2026-07-09 17:54:20.894 10 INFO neutron.wsgi [req-de749853-da64-4f02-a1b1-54186966169a req-d11565f4-5734-4fd2-ae81-8a6ebbb3f272 9641b87a283e4ec09b0c3517dc01645c a7a0526503ce4ec899e384dc9024c28f - - 7487e898d5dc4f46b4dc538548e243d7 7487e898d5dc4f46b4dc538548e243d7] 199.19.213.249 "GET /v2.0/networks/119d9b10-eba0-4794-bd07-322af080c68b?fields=segments HTTP/1.1" status: 200 len: 212 time: 0.1298971
2026-07-09 17:54:20.988 10 INFO neutron.wsgi [req-f5cfd0ab-7ec9-4bb7-8c1a-eae832a953b5 req-990cfb2a-b727-4910-8d16-45c63f4abf5c 9641b87a283e4ec09b0c3517dc01645c a7a0526503ce4ec899e384dc9024c28f - - 7487e898d5dc4f46b4dc538548e243d7 7487e898d5dc4f46b4dc538548e243d7] 199.19.213.249 "GET /v2.0/networks/af397ca5-9cf8-4221-bbfa-16ec78cdae5c?fields=segments HTTP/1.1" status: 200 len: 212 time: 0.1173556
2026-07-09 17:54:20.997 10 INFO neutron.wsgi [req-de749853-da64-4f02-a1b1-54186966169a req-8092db5b-4516-4f56-8c6a-b7ca8d0451d0 9641b87a283e4ec09b0c3517dc01645c a7a0526503ce4ec899e384dc9024c28f - - 7487e898d5dc4f46b4dc538548e243d7 7487e898d5dc4f46b4dc538548e243d7] 199.19.213.249 "GET /v2.0/networks/119d9b10-eba0-4794-bd07-322af080c68b?fields=provider%3Aphysical_network&fields=provider%3Anetwork_type HTTP/1.1" status: 200 len: 277 time: 0.0911772
2026-07-09 17:54:21.064 10 INFO neutron.wsgi [req-f5cfd0ab-7ec9-4bb7-8c1a-eae832a953b5 req-529e6a71-0e56-47ba-93e8-abbbc62e8fc5 9641b87a283e4ec09b0c3517dc01645c a7a0526503ce4ec899e384dc9024c28f - - 7487e898d5dc4f46b4dc538548e243d7 7487e898d5dc4f46b4dc538548e243d7] 199.19.213.249 "GET /v2.0/networks/af397ca5-9cf8-4221-bbfa-16ec78cdae5c?fields=provider%3Aphysical_network&fields=provider%3Anetwork_type HTTP/1.1" status: 200 len: 277 time: 0.0660594
2026-07-09 17:54:21.103 10 INFO neutron.wsgi [req-457bc69a-2800-4287-b049-b172f25e307f req-f305d144-7caa-4afe-9a96-0582738a03dc 9641b87a283e4ec09b0c3517dc01645c a7a0526503ce4ec899e384dc9024c28f - - 7487e898d5dc4f46b4dc538548e243d7 7487e898d5dc4f46b4dc538548e243d7] 199.19.213.249 "GET /v2.0/ports?tenant_id=f4bab607b41147208c60fcf5c8644c1c&device_id=3dce1379-baaa-432a-80a1-79215bf04eac HTTP/1.1" status: 200 len: 1586 time: 0.0386312
2026-07-09 17:54:21.189 10 INFO neutron.wsgi [req-457bc69a-2800-4287-b049-b172f25e307f req-e2b1c085-eeb4-4a14-9509-d491a6e17a21 9641b87a283e4ec09b0c3517dc01645c a7a0526503ce4ec899e384dc9024c28f - - 7487e898d5dc4f46b4dc538548e243d7 7487e898d5dc4f46b4dc538548e243d7] 199.19.213.249 "GET /v2.0/networks?id=119d9b10-eba0-4794-bd07-322af080c68b HTTP/1.1" status: 200 len: 981 time: 0.0728931
2026-07-09 17:54:21.229 10 INFO neutron.wsgi [req-457bc69a-2800-4287-b049-b172f25e307f req-2907c0f8-c714-4bd5-8ab2-e2cd6072460d 9641b87a283e4ec09b0c3517dc01645c a7a0526503ce4ec899e384dc9024c28f - - 7487e898d5dc4f46b4dc538548e243d7 7487e898d5dc4f46b4dc538548e243d7] 199.19.213.249 "GET /v2.0/floatingips?fixed_ip_address=10.100.0.5&port_id=ddc63ee0-949c-4b38-b4e7-f47339ef9cf8 HTTP/1.1" status: 200 len: 217 time: 0.0318024
2026-07-09 17:54:21.285 9 INFO neutron.wsgi [req-65d6ea75-c2af-46f6-8bdf-3a802fd0a415 req-f1a299c2-ab6c-4e34-8746-1e77200412ed a4618065cfdc46d58d3fe1c2e967f7f7 041134fb64b946eda082c420287b72e6 - - default default] 10.0.0.226 "GET /v2.0/ports?device_id=f5b32e47-4df2-4330-b3a8-ed1b0fbc0323 HTTP/1.1" status: 200 len: 1170 time: 0.0857701
2026-07-09 17:54:21.288 10 INFO neutron.wsgi [req-457bc69a-2800-4287-b049-b172f25e307f req-a9df7f20-8deb-4314-a512-d0a323433948 9641b87a283e4ec09b0c3517dc01645c a7a0526503ce4ec899e384dc9024c28f - - 7487e898d5dc4f46b4dc538548e243d7 7487e898d5dc4f46b4dc538548e243d7] 199.19.213.249 "GET /v2.0/floatingips?fixed_ip_address=10.100.0.6&port_id=ddc63ee0-949c-4b38-b4e7-f47339ef9cf8 HTTP/1.1" status: 200 len: 1059 time: 0.0536747
