2026-07-09 17:54:03.312 10 INFO neutron.wsgi [req-e0d55985-cb8a-4fb3-9903-b1de232af8e0 req-e43cebca-ae72-4cbf-8ee0-dc140fc67f78 9641b87a283e4ec09b0c3517dc01645c a7a0526503ce4ec899e384dc9024c28f - - 7487e898d5dc4f46b4dc538548e243d7 7487e898d5dc4f46b4dc538548e243d7] 199.19.213.249 "GET /v2.0/networks/119d9b10-eba0-4794-bd07-322af080c68b?fields=provider%3Aphysical_network&fields=provider%3Anetwork_type HTTP/1.1" status: 200 len: 277 time: 0.0578806
2026-07-09 17:54:03.570 9 WARNING neutron.scheduler.dhcp_agent_scheduler [None req-9388d114-0f88-43cb-9191-c36fbb2b9e46 d0c65db9968c44ea881660ce31adcce2 2bb4e729329c4911868eda1f1f6609e1 - - default default] No more DHCP agents
2026-07-09 17:54:03.574 9 WARNING neutron.api.rpc.agentnotifiers.dhcp_rpc_agent_api [None req-9388d114-0f88-43cb-9191-c36fbb2b9e46 d0c65db9968c44ea881660ce31adcce2 2bb4e729329c4911868eda1f1f6609e1 - - default default] Unable to schedule network af397ca5-9cf8-4221-bbfa-16ec78cdae5c: no agents available; will retry on subsequent port and subnet creation events.
2026-07-09 17:54:03.708 9 INFO neutron.db.ovn_revision_numbers_db [None req-77de865c-f7f1-4986-a582-09aed644daa6 - - - - - -] Successfully bumped revision number for resource 13c35d53-3ffe-4213-b228-59f5e2f249c1 (type: ports) to 1
2026-07-09 17:54:03.834 10 INFO neutron.wsgi [req-9c38dc77-4d4e-48a1-ad66-72ea934f8236 req-7dd2e424-4009-4a10-8c4a-c950c6127100 116317edeb6f4a23941810d01c34e0f1 8da0c8c58e29489db2b8a864d2818d00 - - default default] 10.0.0.226 "GET /v2.0/ports?device_id=266e452d-601d-4c0d-850f-ed3e83ca31da HTTP/1.1" status: 200 len: 1174 time: 0.0729907
2026-07-09 17:54:03.908 10 INFO neutron.wsgi [req-9c38dc77-4d4e-48a1-ad66-72ea934f8236 req-2e26de0d-4fa2-4d02-98aa-cff61b713202 116317edeb6f4a23941810d01c34e0f1 8da0c8c58e29489db2b8a864d2818d00 - - default default] 10.0.0.226 "GET /v2.0/security-groups?id=76324268-a329-472a-86ea-bbe1c4da764c&fields=id&fields=name HTTP/1.1" status: 200 len: 312 time: 0.0682757
2026-07-09 17:54:03.944 9 INFO neutron.db.ovn_revision_numbers_db [None req-9388d114-0f88-43cb-9191-c36fbb2b9e46 d0c65db9968c44ea881660ce31adcce2 2bb4e729329c4911868eda1f1f6609e1 - - default default] Successfully bumped revision number for resource 42c67364-e984-4317-91d7-6af4aa6fdd70 (type: ports) to 1
2026-07-09 17:54:04.179 10 INFO neutron.wsgi [req-a51eaacf-10f7-4c7e-93a0-fac71227f1e1 req-80f8f941-a265-4fc3-b580-9d574c93d8b3 116317edeb6f4a23941810d01c34e0f1 8da0c8c58e29489db2b8a864d2818d00 - - default default] 199.19.213.249 "GET /v2.0/ports?device_id=266e452d-601d-4c0d-850f-ed3e83ca31da HTTP/1.1" status: 200 len: 1174 time: 0.0528612
2026-07-09 17:54:04.343 9 INFO neutron.db.ovn_revision_numbers_db [None req-77de865c-f7f1-4986-a582-09aed644daa6 - - - - - -] Successfully bumped revision number for resource 13c35d53-3ffe-4213-b228-59f5e2f249c1 (type: router_ports) to 3
2026-07-09 17:54:04.749 10 INFO neutron.plugins.ml2.drivers.ovn.mech_driver.mech_driver [None req-3a6840fe-c253-4c19-a799-668bedd5c8b2 - - - - - -] OVN reports status down for port: e3c40f16-0830-4232-8d3d-d0873d344793
2026-07-09 17:54:04.998 10 INFO neutron.notifiers.nova [-] Nova event matching ['req-11549c95-f35d-4c6f-8cf9-ff1ca9b0ebc4'] response: {'server_uuid': '266e452d-601d-4c0d-850f-ed3e83ca31da', 'name': 'network-vif-unplugged', 'status': 'completed', 'tag': 'e3c40f16-0830-4232-8d3d-d0873d344793', 'code': 200}
2026-07-09 17:54:05.067 10 INFO neutron.db.l3_db [req-a51eaacf-10f7-4c7e-93a0-fac71227f1e1 req-c67a8e6d-bc9e-464a-a33e-c34959045803 116317edeb6f4a23941810d01c34e0f1 8da0c8c58e29489db2b8a864d2818d00 - - default default] Floating IP 038fbcb3-d20d-4c34-9dc3-c2d5f41936f5 disassociated. External IP: 10.96.250.202, port: e3c40f16-0830-4232-8d3d-d0873d344793.
2026-07-09 17:54:05.088 9 INFO neutron.db.ovn_revision_numbers_db [None req-77de865c-f7f1-4986-a582-09aed644daa6 - - - - - -] Successfully bumped revision number for resource 13c35d53-3ffe-4213-b228-59f5e2f249c1 (type: ports) to 2
2026-07-09 17:54:05.185 9 INFO neutron.wsgi [req-89871453-8628-47ed-bee6-4d313cf26635 req-531dbc30-959a-47fc-8ce3-83dcba20f6bd 116317edeb6f4a23941810d01c34e0f1 8da0c8c58e29489db2b8a864d2818d00 - - default default] 10.0.0.226 "GET /v2.0/ports?device_id=266e452d-601d-4c0d-850f-ed3e83ca31da HTTP/1.1" status: 200 len: 1172 time: 0.1109636 /var/lib/openstack/lib/python3.10/site-packages/pycadf/identifier.py:71: UserWarning: Invalid uuid: neutron. To ensure interoperability, identifiers should be a valid uuid. warnings.warn(('Invalid uuid: %s. To ensure interoperability, '
2026-07-09 17:54:05.233 10 ERROR ovsdbapp.backend.ovs_idl.command [None req-3a6840fe-c253-4c19-a799-668bedd5c8b2 - - - - - -] Error executing command (LspGetUpCommand): ovsdbapp.backend.ovs_idl.idlutils.RowNotFound: Cannot find Logical_Switch_Port with name=e3c40f16-0830-4232-8d3d-d0873d344793
2026-07-09 17:54:05.233 10 ERROR ovsdbapp.backend.ovs_idl.command
Traceback (most recent call last):
2026-07-09 17:54:05.233 10 ERROR ovsdbapp.backend.ovs_idl.command
File "/var/lib/openstack/lib/python3.10/site-packages/ovsdbapp/backend/ovs_idl/command.py", line 47, in execute
2026-07-09 17:54:05.233 10 ERROR ovsdbapp.backend.ovs_idl.command self.run_idl(None)
2026-07-09 17:54:05.233 10 ERROR ovsdbapp.backend.ovs_idl.command
File "/var/lib/openstack/lib/python3.10/site-packages/ovsdbapp/schema/ovn_northbound/commands.py", line 679, in run_idl
2026-07-09 17:54:05.233 10 ERROR ovsdbapp.backend.ovs_idl.command lsp = self.api.lookup('Logical_Switch_Port', self.port)
2026-07-09 17:54:05.233 10 ERROR ovsdbapp.backend.ovs_idl.command
File "/var/lib/openstack/lib/python3.10/site-packages/ovsdbapp/backend/ovs_idl/__init__.py", line 184, in lookup
2026-07-09 17:54:05.233 10 ERROR ovsdbapp.backend.ovs_idl.command return self._lookup(table, record)
2026-07-09 17:54:05.233 10 ERROR ovsdbapp.backend.ovs_idl.command
File "/var/lib/openstack/lib/python3.10/site-packages/ovsdbapp/backend/ovs_idl/__init__.py", line 235, in _lookup
2026-07-09 17:54:05.233 10 ERROR ovsdbapp.backend.ovs_idl.command row = idlutils.row_by_value(self, rl.table, rl.column, record)
2026-07-09 17:54:05.233 10 ERROR ovsdbapp.backend.ovs_idl.command
File "/var/lib/openstack/lib/python3.10/site-packages/ovsdbapp/backend/ovs_idl/idlutils.py", line 114, in row_by_value
2026-07-09 17:54:05.233 10 ERROR ovsdbapp.backend.ovs_idl.command raise RowNotFound(table=table, col=column, match=match)
2026-07-09 17:54:05.233 10 ERROR ovsdbapp.backend.ovs_idl.command ovsdbapp.backend.ovs_idl.idlutils.RowNotFound: Cannot find Logical_Switch_Port with name=e3c40f16-0830-4232-8d3d-d0873d344793
2026-07-09 17:54:05.233 10 ERROR ovsdbapp.backend.ovs_idl.command 
2026-07-09 17:54:05.234 10 ERROR ovsdbapp.event [None req-3a6840fe-c253-4c19-a799-668bedd5c8b2 - - - - - -] Unexpected exception in notify_loop: ovsdbapp.backend.ovs_idl.idlutils.RowNotFound: Cannot find Logical_Switch_Port with name=e3c40f16-0830-4232-8d3d-d0873d344793
2026-07-09 17:54:05.234 10 ERROR ovsdbapp.event
Traceback (most recent call last):
2026-07-09 17:54:05.234 10 ERROR ovsdbapp.event
File "/var/lib/openstack/lib/python3.10/site-packages/ovsdbapp/event.py", line 177, in notify_loop
2026-07-09 17:54:05.234 10 ERROR ovsdbapp.event match.run(event, row, updates)
2026-07-09 17:54:05.234 10 ERROR ovsdbapp.event
File "/var/lib/openstack/lib/python3.10/site-packages/neutron/plugins/ml2/drivers/ovn/mech_driver/ovsdb/ovsdb_monitor.py", line 539, in run
2026-07-09 17:54:05.234 10 ERROR ovsdbapp.event self.driver.set_port_status_down(row.name)
2026-07-09 17:54:05.234 10 ERROR ovsdbapp.event
File "/var/lib/openstack/lib/python3.10/site-packages/neutron/plugins/ml2/drivers/ovn/mech_driver/mech_driver.py", line 1324, in set_port_status_down
2026-07-09 17:54:05.234 10 ERROR ovsdbapp.event self._ovn_client.update_lsp_host_info(
2026-07-09 17:54:05.234 10 ERROR ovsdbapp.event
File "/var/lib/openstack/lib/python3.10/site-packages/neutron/plugins/ml2/drivers/ovn/mech_driver/ovsdb/ovn_client.py", line 307, in update_lsp_host_info
2026-07-09 17:54:05.234 10 ERROR ovsdbapp.event port_up = self._nb_idl.lsp_get_up(db_port.id).execute(
2026-07-09 17:54:05.234 10 ERROR ovsdbapp.event
File "/var/lib/openstack/lib/python3.10/site-packages/ovsdbapp/backend/ovs_idl/command.py", line 47, in execute
2026-07-09 17:54:05.234 10 ERROR ovsdbapp.event self.run_idl(None)
2026-07-09 17:54:05.234 10 ERROR ovsdbapp.event
File "/var/lib/openstack/lib/python3.10/site-packages/ovsdbapp/schema/ovn_northbound/commands.py", line 679, in run_idl
2026-07-09 17:54:05.234 10 ERROR ovsdbapp.event lsp = self.api.lookup('Logical_Switch_Port', self.port)
2026-07-09 17:54:05.234 10 ERROR ovsdbapp.event
File "/var/lib/openstack/lib/python3.10/site-packages/ovsdbapp/backend/ovs_idl/__init__.py", line 184, in lookup
2026-07-09 17:54:05.234 10 ERROR ovsdbapp.event return self._lookup(table, record)
2026-07-09 17:54:05.234 10 ERROR ovsdbapp.event
File "/var/lib/openstack/lib/python3.10/site-packages/ovsdbapp/backend/ovs_idl/__init__.py", line 235, in _lookup
2026-07-09 17:54:05.234 10 ERROR ovsdbapp.event row = idlutils.row_by_value(self, rl.table, rl.column, record)
2026-07-09 17:54:05.234 10 ERROR ovsdbapp.event
File "/var/lib/openstack/lib/python3.10/site-packages/ovsdbapp/backend/ovs_idl/idlutils.py", line 114, in row_by_value
2026-07-09 17:54:05.234 10 ERROR ovsdbapp.event raise RowNotFound(table=table, col=column, match=match)
2026-07-09 17:54:05.234 10 ERROR ovsdbapp.event ovsdbapp.backend.ovs_idl.idlutils.RowNotFound: Cannot find Logical_Switch_Port with name=e3c40f16-0830-4232-8d3d-d0873d344793
2026-07-09 17:54:05.234 10 ERROR ovsdbapp.event 
2026-07-09 17:54:05.259 9 ERROR ovsdbapp.backend.ovs_idl.command [None req-9388d114-0f88-43cb-9191-c36fbb2b9e46 d0c65db9968c44ea881660ce31adcce2 2bb4e729329c4911868eda1f1f6609e1 - - default default] Error executing command (DbGetCommand): ovsdbapp.backend.ovs_idl.idlutils.RowNotFound: Cannot find Logical_Router_Port with name=lrp-42c67364-e984-4317-91d7-6af4aa6fdd70
2026-07-09 17:54:05.259 9 ERROR ovsdbapp.backend.ovs_idl.command
Traceback (most recent call last):
2026-07-09 17:54:05.259 9 ERROR ovsdbapp.backend.ovs_idl.command
File "/var/lib/openstack/lib/python3.10/site-packages/ovsdbapp/backend/ovs_idl/command.py", line 47, in execute
2026-07-09 17:54:05.259 9 ERROR ovsdbapp.backend.ovs_idl.command self.run_idl(None)
2026-07-09 17:54:05.259 9 ERROR ovsdbapp.backend.ovs_idl.command
File "/var/lib/openstack/lib/python3.10/site-packages/ovsdbapp/backend/ovs_idl/command.py", line 235, in run_idl
2026-07-09 17:54:05.259 9 ERROR ovsdbapp.backend.ovs_idl.command record = self.api.lookup(self.table, self.record)
2026-07-09 17:54:05.259 9 ERROR ovsdbapp.backend.ovs_idl.command
File "/var/lib/openstack/lib/python3.10/site-packages/ovsdbapp/backend/ovs_idl/__init__.py", line 184, in lookup
2026-07-09 17:54:05.259 9 ERROR ovsdbapp.backend.ovs_idl.command return self._lookup(table, record)
2026-07-09 17:54:05.259 9 ERROR ovsdbapp.backend.ovs_idl.command
File "/var/lib/openstack/lib/python3.10/site-packages/ovsdbapp/backend/ovs_idl/__init__.py", line 235, in _lookup
2026-07-09 17:54:05.259 9 ERROR ovsdbapp.backend.ovs_idl.command row = idlutils.row_by_value(self, rl.table, rl.column, record)
2026-07-09 17:54:05.259 9 ERROR ovsdbapp.backend.ovs_idl.command
File "/var/lib/openstack/lib/python3.10/site-packages/ovsdbapp/backend/ovs_idl/idlutils.py", line 114, in row_by_value
2026-07-09 17:54:05.259 9 ERROR ovsdbapp.backend.ovs_idl.command raise RowNotFound(table=table, col=column, match=match)
2026-07-09 17:54:05.259 9 ERROR ovsdbapp.backend.ovs_idl.command ovsdbapp.backend.ovs_idl.idlutils.RowNotFound: Cannot find Logical_Router_Port with name=lrp-42c67364-e984-4317-91d7-6af4aa6fdd70
2026-07-09 17:54:05.259 9 ERROR ovsdbapp.backend.ovs_idl.command 
2026-07-09 17:54:05.260 9 ERROR neutron_lib.callbacks.manager [None req-9388d114-0f88-43cb-9191-c36fbb2b9e46 d0c65db9968c44ea881660ce31adcce2 2bb4e729329c4911868eda1f1f6609e1 - - default default] Error during notification for neutron.services.ovn_l3.plugin.OVNL3RouterPlugin._port_update-8732684238566 port, after_update: ovsdbapp.backend.ovs_idl.idlutils.RowNotFound: Cannot find Logical_Router_Port with name=lrp-42c67364-e984-4317-91d7-6af4aa6fdd70
2026-07-09 17:54:05.260 9 ERROR neutron_lib.callbacks.manager
Traceback (most recent call last):
2026-07-09 17:54:05.260 9 ERROR neutron_lib.callbacks.manager
File "/var/lib/openstack/lib/python3.10/site-packages/neutron_lib/callbacks/manager.py", line 189, in _notify_loop
2026-07-09 17:54:05.260 9 ERROR neutron_lib.callbacks.manager callback.method(resource, event, trigger, payload=payload)
2026-07-09 17:54:05.260 9 ERROR neutron_lib.callbacks.manager
File "/var/lib/openstack/lib/python3.10/site-packages/neutron/services/ovn_l3/plugin.py", line 391, in _port_update
2026-07-09 17:54:05.260 9 ERROR neutron_lib.callbacks.manager l3plugin._ovn_client.update_router_port(context,
2026-07-09 17:54:05.260 9 ERROR neutron_lib.callbacks.manager
File "/var/lib/openstack/lib/python3.10/site-packages/neutron/plugins/ml2/drivers/ovn/mech_driver/ovsdb/ovn_client.py", line 1878, in update_router_port
2026-07-09 17:54:05.260 9 ERROR neutron_lib.callbacks.manager self._update_lrouter_port(context, port, if_exists=if_exists,
2026-07-09 17:54:05.260 9 ERROR neutron_lib.callbacks.manager
File "/var/lib/openstack/lib/python3.10/site-packages/neutron/plugins/ml2/drivers/ovn/mech_driver/ovsdb/ovn_client.py", line 1855, in _update_lrouter_port
2026-07-09 17:54:05.260 9 ERROR neutron_lib.callbacks.manager external_ids = self._nb_idl.db_get(
2026-07-09 17:54:05.260 9 ERROR neutron_lib.callbacks.manager
File "/var/lib/openstack/lib/python3.10/site-packages/ovsdbapp/backend/ovs_idl/command.py", line 47, in execute
2026-07-09 17:54:05.260 9 ERROR neutron_lib.callbacks.manager self.run_idl(None)
2026-07-09 17:54:05.260 9 ERROR neutron_lib.callbacks.manager
File "/var/lib/openstack/lib/python3.10/site-packages/ovsdbapp/backend/ovs_idl/command.py", line 235, in run_idl
2026-07-09 17:54:05.260 9 ERROR neutron_lib.callbacks.manager record = self.api.lookup(self.table, self.record)
2026-07-09 17:54:05.260 9 ERROR neutron_lib.callbacks.manager
File "/var/lib/openstack/lib/python3.10/site-packages/ovsdbapp/backend/ovs_idl/__init__.py", line 184, in lookup
2026-07-09 17:54:05.260 9 ERROR neutron_lib.callbacks.manager return self._lookup(table, record)
2026-07-09 17:54:05.260 9 ERROR neutron_lib.callbacks.manager
File "/var/lib/openstack/lib/python3.10/site-packages/ovsdbapp/backend/ovs_idl/__init__.py", line 235, in _lookup
2026-07-09 17:54:05.260 9 ERROR neutron_lib.callbacks.manager row = idlutils.row_by_value(self, rl.table, rl.column, record)
2026-07-09 17:54:05.260 9 ERROR neutron_lib.callbacks.manager
File "/var/lib/openstack/lib/python3.10/site-packages/ovsdbapp/backend/ovs_idl/idlutils.py", line 114, in row_by_value
2026-07-09 17:54:05.260 9 ERROR neutron_lib.callbacks.manager raise RowNotFound(table=table, col=column, match=match)
2026-07-09 17:54:05.260 9 ERROR neutron_lib.callbacks.manager ovsdbapp.backend.ovs_idl.idlutils.RowNotFound: Cannot find Logical_Router_Port with name=lrp-42c67364-e984-4317-91d7-6af4aa6fdd70
2026-07-09 17:54:05.260 9 ERROR neutron_lib.callbacks.manager 
2026-07-09 17:54:05.261 10 INFO neutron.wsgi [req-a51eaacf-10f7-4c7e-93a0-fac71227f1e1 req-c67a8e6d-bc9e-464a-a33e-c34959045803 116317edeb6f4a23941810d01c34e0f1 8da0c8c58e29489db2b8a864d2818d00 - - default default] 199.19.213.249 "DELETE /v2.0/ports/e3c40f16-0830-4232-8d3d-d0873d344793 HTTP/1.1" status: 204 len: 173 time: 1.0757198
2026-07-09 17:54:05.323 9 INFO neutron.wsgi [req-89871453-8628-47ed-bee6-4d313cf26635 req-39a2d3a3-a961-4d0d-b49f-775236eac2c1 116317edeb6f4a23941810d01c34e0f1 8da0c8c58e29489db2b8a864d2818d00 - - default default] 10.0.0.226 "GET /v2.0/security-groups?id=76324268-a329-472a-86ea-bbe1c4da764c&fields=id&fields=name HTTP/1.1" status: 200 len: 312 time: 0.1225126
2026-07-09 17:54:05.650 9 INFO neutron.plugins.ml2.drivers.ovn.mech_driver.mech_driver [None req-ded871be-44cd-4c87-a954-1ccc9f7460bd - - - - - -] OVN reports status up for port: 42c67364-e984-4317-91d7-6af4aa6fdd70
2026-07-09 17:54:05.682 9 INFO neutron.plugins.ml2.plugin [None req-ded871be-44cd-4c87-a954-1ccc9f7460bd - - - - - -] Attempt 1 to provision port 42c67364-e984-4317-91d7-6af4aa6fdd70
2026-07-09 17:54:05.712 9 INFO neutron.db.ovn_revision_numbers_db [None req-9388d114-0f88-43cb-9191-c36fbb2b9e46 d0c65db9968c44ea881660ce31adcce2 2bb4e729329c4911868eda1f1f6609e1 - - default default] Successfully bumped revision number for resource 42c67364-e984-4317-91d7-6af4aa6fdd70 (type: ports) to 1
2026-07-09 17:54:05.914 9 WARNING neutron.scheduler.dhcp_agent_scheduler [None req-9388d114-0f88-43cb-9191-c36fbb2b9e46 d0c65db9968c44ea881660ce31adcce2 2bb4e729329c4911868eda1f1f6609e1 - - default default] No more DHCP agents
2026-07-09 17:54:05.917 9 WARNING neutron.api.rpc.agentnotifiers.dhcp_rpc_agent_api [None req-9388d114-0f88-43cb-9191-c36fbb2b9e46 d0c65db9968c44ea881660ce31adcce2 2bb4e729329c4911868eda1f1f6609e1 - - default default] Unable to schedule network af397ca5-9cf8-4221-bbfa-16ec78cdae5c: no agents available; will retry on subsequent port and subnet creation events.
2026-07-09 17:54:05.991 9 INFO neutron.db.ovn_revision_numbers_db [None req-77de865c-f7f1-4986-a582-09aed644daa6 - - - - - -] Successfully bumped revision number for resource 13c35d53-3ffe-4213-b228-59f5e2f249c1 (type: ports) to 4
2026-07-09 17:54:06.581 10 INFO neutron.wsgi [None req-0ff966c5-c3d6-43e9-ae37-3d2c9622e2c4 116317edeb6f4a23941810d01c34e0f1 8da0c8c58e29489db2b8a864d2818d00 - - default default] 10.0.0.192 "DELETE /v2.0/security-groups/76324268-a329-472a-86ea-bbe1c4da764c HTTP/1.1" status: 204 len: 168 time: 0.1425598
2026-07-09 17:54:06.600 10 INFO neutron.api.v2.resource [None req-f9617af7-99a0-4963-94a7-12f8c1c58079 116317edeb6f4a23941810d01c34e0f1 8da0c8c58e29489db2b8a864d2818d00 - - default default] show failed (client error): The resource could not be found.
2026-07-09 17:54:06.602 10 INFO neutron.wsgi [None req-f9617af7-99a0-4963-94a7-12f8c1c58079 116317edeb6f4a23941810d01c34e0f1 8da0c8c58e29489db2b8a864d2818d00 - - default default] 10.0.0.192 "GET /v2.0/security-groups/76324268-a329-472a-86ea-bbe1c4da764c HTTP/1.1" status: 404 len: 347 time: 0.0152934
2026-07-09 17:54:07.007 9 INFO neutron.db.ovn_revision_numbers_db [None req-77de865c-f7f1-4986-a582-09aed644daa6 - - - - - -] Successfully bumped revision number for resource 13c35d53-3ffe-4213-b228-59f5e2f249c1 (type: router_ports) to 4
2026-07-09 17:54:07.028 9 INFO neutron.db.ovn_revision_numbers_db [None req-ded871be-44cd-4c87-a954-1ccc9f7460bd - - - - - -] Successfully bumped revision number for resource 42c67364-e984-4317-91d7-6af4aa6fdd70 (type: ports) to 2
2026-07-09 17:54:07.051 10 INFO neutron.notifiers.nova [-] Nova event matching ['req-96c34e0b-98b5-48e1-ae6d-7941aeb39306'] response: {'server_uuid': '266e452d-601d-4c0d-850f-ed3e83ca31da', 'name': 'network-vif-unplugged', 'status': 'completed', 'tag': 'e3c40f16-0830-4232-8d3d-d0873d344793', 'code': 200}
2026-07-09 17:54:07.052 10 INFO neutron.notifiers.nova [-] Nova event matching ['req-96c34e0b-98b5-48e1-ae6d-7941aeb39306'] response: {'server_uuid': '266e452d-601d-4c0d-850f-ed3e83ca31da', 'name': 'network-vif-deleted', 'tag': 'e3c40f16-0830-4232-8d3d-d0873d344793', 'status': 'completed', 'code': 200}
2026-07-09 17:54:07.074 10 INFO neutron.wsgi [None req-8fbad3f6-d5a5-46e4-ad5c-84d14858feb4 116317edeb6f4a23941810d01c34e0f1 8da0c8c58e29489db2b8a864d2818d00 - - default default] 10.0.0.192 "DELETE /v2.0/floatingips/038fbcb3-d20d-4c34-9dc3-c2d5f41936f5 HTTP/1.1" status: 204 len: 168 time: 0.4669220
2026-07-09 17:54:07.218 9 ERROR ovsdbapp.backend.ovs_idl.command [None req-ded871be-44cd-4c87-a954-1ccc9f7460bd - - - - - -] Error executing command (DbGetCommand): ovsdbapp.backend.ovs_idl.idlutils.RowNotFound: Cannot find Logical_Router_Port with name=lrp-42c67364-e984-4317-91d7-6af4aa6fdd70
2026-07-09 17:54:07.218 9 ERROR ovsdbapp.backend.ovs_idl.command
Traceback (most recent call last):
2026-07-09 17:54:07.218 9 ERROR ovsdbapp.backend.ovs_idl.command
File "/var/lib/openstack/lib/python3.10/site-packages/ovsdbapp/backend/ovs_idl/command.py", line 47, in execute
2026-07-09 17:54:07.218 9 ERROR ovsdbapp.backend.ovs_idl.command self.run_idl(None)
2026-07-09 17:54:07.218 9 ERROR ovsdbapp.backend.ovs_idl.command
File "/var/lib/openstack/lib/python3.10/site-packages/ovsdbapp/backend/ovs_idl/command.py", line 235, in run_idl
2026-07-09 17:54:07.218 9 ERROR ovsdbapp.backend.ovs_idl.command record = self.api.lookup(self.table, self.record)
2026-07-09 17:54:07.218 9 ERROR ovsdbapp.backend.ovs_idl.command
File "/var/lib/openstack/lib/python3.10/site-packages/ovsdbapp/backend/ovs_idl/__init__.py", line 184, in lookup
2026-07-09 17:54:07.218 9 ERROR ovsdbapp.backend.ovs_idl.command return self._lookup(table, record)
2026-07-09 17:54:07.218 9 ERROR ovsdbapp.backend.ovs_idl.command
File "/var/lib/openstack/lib/python3.10/site-packages/ovsdbapp/backend/ovs_idl/__init__.py", line 235, in _lookup
2026-07-09 17:54:07.218 9 ERROR ovsdbapp.backend.ovs_idl.command row = idlutils.row_by_value(self, rl.table, rl.column, record)
2026-07-09 17:54:07.218 9 ERROR ovsdbapp.backend.ovs_idl.command
File "/var/lib/openstack/lib/python3.10/site-packages/ovsdbapp/backend/ovs_idl/idlutils.py", line 114, in row_by_value
2026-07-09 17:54:07.218 9 ERROR ovsdbapp.backend.ovs_idl.command raise RowNotFound(table=table, col=column, match=match)
2026-07-09 17:54:07.218 9 ERROR ovsdbapp.backend.ovs_idl.command ovsdbapp.backend.ovs_idl.idlutils.RowNotFound: Cannot find Logical_Router_Port with name=lrp-42c67364-e984-4317-91d7-6af4aa6fdd70
2026-07-09 17:54:07.218 9 ERROR ovsdbapp.backend.ovs_idl.command 
2026-07-09 17:54:07.218 9 ERROR neutron_lib.callbacks.manager [None req-ded871be-44cd-4c87-a954-1ccc9f7460bd - - - - - -] Error during notification for neutron.services.ovn_l3.plugin.OVNL3RouterPlugin._port_update-8732684238566 port, after_update: ovsdbapp.backend.ovs_idl.idlutils.RowNotFound: Cannot find Logical_Router_Port with name=lrp-42c67364-e984-4317-91d7-6af4aa6fdd70
2026-07-09 17:54:07.218 9 ERROR neutron_lib.callbacks.manager
Traceback (most recent call last):
2026-07-09 17:54:07.218 9 ERROR neutron_lib.callbacks.manager
File "/var/lib/openstack/lib/python3.10/site-packages/neutron_lib/callbacks/manager.py", line 189, in _notify_loop
2026-07-09 17:54:07.218 9 ERROR neutron_lib.callbacks.manager callback.method(resource, event, trigger, payload=payload)
2026-07-09 17:54:07.218 9 ERROR neutron_lib.callbacks.manager
File "/var/lib/openstack/lib/python3.10/site-packages/neutron/services/ovn_l3/plugin.py", line 391, in _port_update
2026-07-09 17:54:07.218 9 ERROR neutron_lib.callbacks.manager l3plugin._ovn_client.update_router_port(context,
2026-07-09 17:54:07.218 9 ERROR neutron_lib.callbacks.manager
File "/var/lib/openstack/lib/python3.10/site-packages/neutron/plugins/ml2/drivers/ovn/mech_driver/ovsdb/ovn_client.py", line 1878, in update_router_port
2026-07-09 17:54:07.218 9 ERROR neutron_lib.callbacks.manager self._update_lrouter_port(context, port, if_exists=if_exists,
2026-07-09 17:54:07.218 9 ERROR neutron_lib.callbacks.manager
File "/var/lib/openstack/lib/python3.10/site-packages/neutron/plugins/ml2/drivers/ovn/mech_driver/ovsdb/ovn_client.py", line 1855, in _update_lrouter_port
2026-07-09 17:54:07.218 9 ERROR neutron_lib.callbacks.manager external_ids = self._nb_idl.db_get(
2026-07-09 17:54:07.218 9 ERROR neutron_lib.callbacks.manager
File "/var/lib/openstack/lib/python3.10/site-packages/ovsdbapp/backend/ovs_idl/command.py", line 47, in execute
2026-07-09 17:54:07.218 9 ERROR neutron_lib.callbacks.manager self.run_idl(None)
2026-07-09 17:54:07.218 9 ERROR neutron_lib.callbacks.manager
File "/var/lib/openstack/lib/python3.10/site-packages/ovsdbapp/backend/ovs_idl/command.py", line 235, in run_idl
2026-07-09 17:54:07.218 9 ERROR neutron_lib.callbacks.manager record = self.api.lookup(self.table, self.record)
2026-07-09 17:54:07.218 9 ERROR neutron_lib.callbacks.manager
File "/var/lib/openstack/lib/python3.10/site-packages/ovsdbapp/backend/ovs_idl/__init__.py", line 184, in lookup
2026-07-09 17:54:07.218 9 ERROR neutron_lib.callbacks.manager return self._lookup(table, record)
2026-07-09 17:54:07.218 9 ERROR neutron_lib.callbacks.manager
File "/var/lib/openstack/lib/python3.10/site-packages/ovsdbapp/backend/ovs_idl/__init__.py", line 235, in _lookup
2026-07-09 17:54:07.218 9 ERROR neutron_lib.callbacks.manager row = idlutils.row_by_value(self, rl.table, rl.column, record)
2026-07-09 17:54:07.218 9 ERROR neutron_lib.callbacks.manager
File "/var/lib/openstack/lib/python3.10/site-packages/ovsdbapp/backend/ovs_idl/idlutils.py", line 114, in row_by_value
2026-07-09 17:54:07.218 9 ERROR neutron_lib.callbacks.manager raise RowNotFound(table=table, col=column, match=match)
2026-07-09 17:54:07.218 9 ERROR neutron_lib.callbacks.manager ovsdbapp.backend.ovs_idl.idlutils.RowNotFound: Cannot find Logical_Router_Port with name=lrp-42c67364-e984-4317-91d7-6af4aa6fdd70
2026-07-09 17:54:07.218 9 ERROR neutron_lib.callbacks.manager 
2026-07-09 17:54:07.605 9 INFO neutron.db.ovn_revision_numbers_db [None req-9388d114-0f88-43cb-9191-c36fbb2b9e46 d0c65db9968c44ea881660ce31adcce2 2bb4e729329c4911868eda1f1f6609e1 - - default default] Successfully bumped revision number for resource 42c67364-e984-4317-91d7-6af4aa6fdd70 (type: router_ports) to 1
2026-07-09 17:54:07.613 9 INFO neutron.wsgi [None req-9388d114-0f88-43cb-9191-c36fbb2b9e46 d0c65db9968c44ea881660ce31adcce2 2bb4e729329c4911868eda1f1f6609e1 - - default default] 10.0.0.192 "PUT /v2.0/routers/d7d64cf0-dd6a-45a7-ac03-03be7148b48c/add_router_interface HTTP/1.1" status: 200 len: 503 time: 5.7019811
2026-07-09 17:54:08.411 9 WARNING neutron_lib.context [None req-3ab085f5-8e9f-45bd-8046-2d2b03a829de a4618065cfdc46d58d3fe1c2e967f7f7 041134fb64b946eda082c420287b72e6 - - default default] Method 'is_advsvc' is deprecated since 2023.2 release (neutron-lib 3.8.0) and will be removed once support for the old RBAC API policies will be removed from Neutron. Please use method 'is_service_role' instead.
2026-07-09 17:54:08.455 9 INFO neutron.db.ovn_revision_numbers_db [None req-52abbb83-a5fc-4634-8d01-dfbed0678806 d0c65db9968c44ea881660ce31adcce2 2bb4e729329c4911868eda1f1f6609e1 - - default default] Successfully bumped revision number for resource 114f2bd7-1545-4053-8a93-c062ca150073 (type: security_groups) to 1
2026-07-09 17:54:08.476 9 INFO neutron.db.ovn_revision_numbers_db [None req-52abbb83-a5fc-4634-8d01-dfbed0678806 d0c65db9968c44ea881660ce31adcce2 2bb4e729329c4911868eda1f1f6609e1 - - default default] Successfully bumped revision number for resource 0741be01-9e97-4011-b597-b65d7f995d0a (type: security_group_rules) to 0
2026-07-09 17:54:08.493 9 INFO neutron.db.ovn_revision_numbers_db [None req-52abbb83-a5fc-4634-8d01-dfbed0678806 d0c65db9968c44ea881660ce31adcce2 2bb4e729329c4911868eda1f1f6609e1 - - default default] Successfully bumped revision number for resource 1d00be79-3829-4d4e-8b98-5b84024283e3 (type: security_group_rules) to 0
2026-07-09 17:54:08.515 9 INFO neutron.db.ovn_revision_numbers_db [None req-52abbb83-a5fc-4634-8d01-dfbed0678806 d0c65db9968c44ea881660ce31adcce2 2bb4e729329c4911868eda1f1f6609e1 - - default default] Successfully bumped revision number for resource 681b9ea8-67e1-4806-ba62-194932895531 (type: security_group_rules) to 0
2026-07-09 17:54:08.550 9 INFO neutron.db.ovn_revision_numbers_db [None req-52abbb83-a5fc-4634-8d01-dfbed0678806 d0c65db9968c44ea881660ce31adcce2 2bb4e729329c4911868eda1f1f6609e1 - - default default] Successfully bumped revision number for resource 877ce861-69c9-40b7-bf99-566284db7429 (type: security_group_rules) to 0
2026-07-09 17:54:08.576 9 INFO neutron.db.ovn_revision_numbers_db [None req-3ab085f5-8e9f-45bd-8046-2d2b03a829de a4618065cfdc46d58d3fe1c2e967f7f7 041134fb64b946eda082c420287b72e6 - - default default] Successfully bumped revision number for resource 10213380-f603-49b2-879f-d9f80ea05e9c (type: security_groups) to 1
2026-07-09 17:54:08.580 9 INFO neutron.wsgi [None req-52abbb83-a5fc-4634-8d01-dfbed0678806 d0c65db9968c44ea881660ce31adcce2 2bb4e729329c4911868eda1f1f6609e1 - - default default] 10.0.0.192 "GET /v2.0/security-groups?tenant_id=fe68c4bee84c46538c7e8e784718958f&name=default HTTP/1.1" status: 200 len: 3120 time: 0.4182754
2026-07-09 17:54:08.604 9 INFO neutron.db.ovn_revision_numbers_db [None req-3ab085f5-8e9f-45bd-8046-2d2b03a829de a4618065cfdc46d58d3fe1c2e967f7f7 041134fb64b946eda082c420287b72e6 - - default default] Successfully bumped revision number for resource 7d322031-029d-4d61-8329-fbe5cb522ede (type: security_group_rules) to 0
2026-07-09 17:54:08.628 9 INFO neutron.db.ovn_revision_numbers_db [None req-3ab085f5-8e9f-45bd-8046-2d2b03a829de a4618065cfdc46d58d3fe1c2e967f7f7 041134fb64b946eda082c420287b72e6 - - default default] Successfully bumped revision number for resource ce175e26-b32a-4e5b-974a-4b45dbab61dc (type: security_group_rules) to 0
2026-07-09 17:54:08.655 9 INFO neutron.wsgi [None req-3ab085f5-8e9f-45bd-8046-2d2b03a829de a4618065cfdc46d58d3fe1c2e967f7f7 041134fb64b946eda082c420287b72e6 - - default default] 10.0.0.192 "POST /v2.0/security-groups HTTP/1.1" status: 201 len: 1860 time: 0.2509794
2026-07-09 17:54:08.675 9 WARNING neutron_lib.context [None req-96925678-e883-4bc2-b32e-41bf10f4d9bf a4618065cfdc46d58d3fe1c2e967f7f7 041134fb64b946eda082c420287b72e6 - - default default] Method 'is_advsvc' is deprecated since 2023.2 release (neutron-lib 3.8.0) and will be removed once support for the old RBAC API policies will be removed from Neutron. Please use method 'is_service_role' instead.
2026-07-09 17:54:08.841 9 INFO neutron.db.ovn_revision_numbers_db [None req-96925678-e883-4bc2-b32e-41bf10f4d9bf a4618065cfdc46d58d3fe1c2e967f7f7 041134fb64b946eda082c420287b72e6 - - default default] Successfully bumped revision number for resource 904aaf63-4a76-4029-9caf-6057874fef17 (type: security_group_rules) to 0
2026-07-09 17:54:08.881 9 INFO neutron.wsgi [None req-96925678-e883-4bc2-b32e-41bf10f4d9bf a4618065cfdc46d58d3fe1c2e967f7f7 041134fb64b946eda082c420287b72e6 - - default default] 10.0.0.192 "POST /v2.0/security-group-rules HTTP/1.1" status: 201 len: 796 time: 0.2186720
2026-07-09 17:54:08.891 9 INFO neutron.wsgi [None req-994365d0-bb47-4ff9-81ff-4bc59bd4b563 d0c65db9968c44ea881660ce31adcce2 2bb4e729329c4911868eda1f1f6609e1 - - default default] 10.0.0.192 "DELETE /v2.0/security-groups/114f2bd7-1545-4053-8a93-c062ca150073 HTTP/1.1" status: 204 len: 168 time: 0.3019855
2026-07-09 17:54:08.893 10 WARNING neutron_lib.context [None req-b177b849-0fc9-440a-9d79-8c8fabe1183f a4618065cfdc46d58d3fe1c2e967f7f7 041134fb64b946eda082c420287b72e6 - - default default] Method 'is_advsvc' is deprecated since 2023.2 release (neutron-lib 3.8.0) and will be removed once support for the old RBAC API policies will be removed from Neutron. Please use method 'is_service_role' instead.
2026-07-09 17:54:09.132 10 INFO neutron.db.ovn_revision_numbers_db [None req-b177b849-0fc9-440a-9d79-8c8fabe1183f a4618065cfdc46d58d3fe1c2e967f7f7 041134fb64b946eda082c420287b72e6 - - default default] Successfully bumped revision number for resource f8050b67-582d-4a11-9b5d-e7ca6f1ad602 (type: security_group_rules) to 0
2026-07-09 17:54:09.154 9 INFO neutron.db.ovn_revision_numbers_db [None req-f38345f7-8ee8-411e-8784-f4043bd510c9 d0c65db9968c44ea881660ce31adcce2 2bb4e729329c4911868eda1f1f6609e1 - - default default] Successfully bumped revision number for resource af5058ea-b3d1-4d49-bf80-63235c52b2fd (type: security_groups) to 1
2026-07-09 17:54:09.169 9 INFO neutron.db.ovn_revision_numbers_db [None req-f38345f7-8ee8-411e-8784-f4043bd510c9 d0c65db9968c44ea881660ce31adcce2 2bb4e729329c4911868eda1f1f6609e1 - - default default] Successfully bumped revision number for resource 6040d83e-9c3d-4aa8-af13-f8c410c57d33 (type: security_group_rules) to 0
2026-07-09 17:54:09.174 10 INFO neutron.wsgi [None req-b177b849-0fc9-440a-9d79-8c8fabe1183f a4618065cfdc46d58d3fe1c2e967f7f7 041134fb64b946eda082c420287b72e6 - - default default] 10.0.0.192 "POST /v2.0/security-group-rules HTTP/1.1" status: 201 len: 801 time: 0.2869349
2026-07-09 17:54:09.188 9 WARNING neutron_lib.context [None req-06029a0b-ffba-4ca1-b7df-a7ec9908cf6a a4618065cfdc46d58d3fe1c2e967f7f7 041134fb64b946eda082c420287b72e6 - - default default] Method 'is_advsvc' is deprecated since 2023.2 release (neutron-lib 3.8.0) and will be removed once support for the old RBAC API policies will be removed from Neutron. Please use method 'is_service_role' instead.
2026-07-09 17:54:09.192 10 INFO neutron.wsgi [-] 10.0.0.218 "GET / HTTP/1.1" status: 200 len: 246 time: 0.0022705
2026-07-09 17:54:09.194 9 INFO neutron.db.ovn_revision_numbers_db [None req-f38345f7-8ee8-411e-8784-f4043bd510c9 d0c65db9968c44ea881660ce31adcce2 2bb4e729329c4911868eda1f1f6609e1 - - default default] Successfully bumped revision number for resource 618a7320-7432-4491-aeb5-f2cefb92b980 (type: security_group_rules) to 0
2026-07-09 17:54:09.195 10 INFO neutron.wsgi [-] 10.0.0.218 "GET / HTTP/1.1" status: 200 len: 246 time: 0.0019312
2026-07-09 17:54:09.212 9 INFO neutron.db.ovn_revision_numbers_db [None req-f38345f7-8ee8-411e-8784-f4043bd510c9 d0c65db9968c44ea881660ce31adcce2 2bb4e729329c4911868eda1f1f6609e1 - - default default] Successfully bumped revision number for resource 9dd8f744-b83d-4dce-b0cc-40b3cf94f304 (type: security_group_rules) to 0
2026-07-09 17:54:09.247 9 INFO neutron.db.ovn_revision_numbers_db [None req-f38345f7-8ee8-411e-8784-f4043bd510c9 d0c65db9968c44ea881660ce31adcce2 2bb4e729329c4911868eda1f1f6609e1 - - default default] Successfully bumped revision number for resource bae2773b-9f33-4e7b-8ce3-d89a146ace7c (type: security_group_rules) to 0
2026-07-09 17:54:09.267 10 INFO neutron.wsgi [None req-ab538d9f-4f16-40e6-bfe1-4f4f314a54d7 d0c65db9968c44ea881660ce31adcce2 2bb4e729329c4911868eda1f1f6609e1 - - default default] 10.0.0.192 "PUT /v2.0/routers/823f38bf-4e4b-45a0-85de-53778410b32e/remove_router_interface HTTP/1.1" status: 200 len: 503 time: 2.1793511 /var/lib/openstack/lib/python3.10/site-packages/pycadf/identifier.py:71: UserWarning: Invalid uuid: neutron. To ensure interoperability, identifiers should be a valid uuid. warnings.warn(('Invalid uuid: %s. To ensure interoperability, '
2026-07-09 17:54:09.290 9 INFO neutron.wsgi [None req-f38345f7-8ee8-411e-8784-f4043bd510c9 d0c65db9968c44ea881660ce31adcce2 2bb4e729329c4911868eda1f1f6609e1 - - default default] 10.0.0.192 "GET /v2.0/security-groups?tenant_id=e43b0abf074248318a3df7bae0ad88e8&name=default HTTP/1.1" status: 200 len: 3120 time: 0.3017633
2026-07-09 17:54:09.642 9 WARNING neutron.scheduler.dhcp_agent_scheduler [None req-06029a0b-ffba-4ca1-b7df-a7ec9908cf6a a4618065cfdc46d58d3fe1c2e967f7f7 041134fb64b946eda082c420287b72e6 - - default default] No more DHCP agents
2026-07-09 17:54:09.648 9 WARNING neutron.api.rpc.agentnotifiers.dhcp_rpc_agent_api [None req-06029a0b-ffba-4ca1-b7df-a7ec9908cf6a a4618065cfdc46d58d3fe1c2e967f7f7 041134fb64b946eda082c420287b72e6 - - default default] Unable to schedule network 8dada6d5-ea31-4336-b244-4e6f55665df5: no agents available; will retry on subsequent port and subnet creation events.
2026-07-09 17:54:09.757 9 INFO neutron.wsgi [None req-40bbd758-9f4e-4313-9596-d2bd513a2fbe d0c65db9968c44ea881660ce31adcce2 2bb4e729329c4911868eda1f1f6609e1 - - default default] 10.0.0.192 "DELETE /v2.0/security-groups/af5058ea-b3d1-4d49-bf80-63235c52b2fd HTTP/1.1" status: 204 len: 168 time: 0.4542356
2026-07-09 17:54:10.025 9 INFO neutron.wsgi [None req-06029a0b-ffba-4ca1-b7df-a7ec9908cf6a a4618065cfdc46d58d3fe1c2e967f7f7 041134fb64b946eda082c420287b72e6 - - default default] 10.0.0.192 "POST /v2.0/floatingips HTTP/1.1" status: 201 len: 751 time: 0.8424857
2026-07-09 17:54:10.303 10 INFO neutron.wsgi [None req-9a4b38c5-dd2b-49aa-95be-9f6354178659 d0c65db9968c44ea881660ce31adcce2 2bb4e729329c4911868eda1f1f6609e1 - - default default] 10.0.0.192 "DELETE /v2.0/routers/823f38bf-4e4b-45a0-85de-53778410b32e HTTP/1.1" status: 204 len: 168 time: 1.0305259
2026-07-09 17:54:10.575 9 INFO neutron.wsgi [req-72f2638d-7e61-42ef-8700-0899befe728c req-92f61e76-7cf1-48c2-a318-b20764901bad a4618065cfdc46d58d3fe1c2e967f7f7 041134fb64b946eda082c420287b72e6 - - default default] 10.0.0.226 "GET /v2.0/security-groups?name=tempest-securitygroup--647826867&fields=id&tenant_id=041134fb64b946eda082c420287b72e6 HTTP/1.1" status: 200 len: 267 time: 0.0464165
2026-07-09 17:54:10.604 10 INFO neutron.wsgi [None req-fb35cd03-bf86-4207-88a8-6c517db0b7b7 d0c65db9968c44ea881660ce31adcce2 2bb4e729329c4911868eda1f1f6609e1 - - default default] 10.0.0.192 "DELETE /v2.0/subnets/dcd0c7d1-62c6-4b82-9d52-14f3b2734ded HTTP/1.1" status: 204 len: 168 time: 0.2950583
2026-07-09 17:54:10.696 9 INFO neutron.wsgi [req-72f2638d-7e61-42ef-8700-0899befe728c req-af1c5d9b-ca1a-49ed-aae5-74c71fe50e87 a4618065cfdc46d58d3fe1c2e967f7f7 041134fb64b946eda082c420287b72e6 - - default default] 10.0.0.226 "GET /v2.0/networks?id=af397ca5-9cf8-4221-bbfa-16ec78cdae5c HTTP/1.1" status: 200 len: 874 time: 0.1150053
2026-07-09 17:54:10.719 9 INFO neutron.wsgi [req-72f2638d-7e61-42ef-8700-0899befe728c req-035ed464-0a95-40f4-ba5a-a65ce5fea351 a4618065cfdc46d58d3fe1c2e967f7f7 041134fb64b946eda082c420287b72e6 - - default default] 10.0.0.226 "GET /v2.0/quotas/041134fb64b946eda082c420287b72e6 HTTP/1.1" status: 200 len: 491 time: 0.0159593
2026-07-09 17:54:10.853 9 INFO neutron.wsgi [req-72f2638d-7e61-42ef-8700-0899befe728c req-09c86253-c63d-4fc3-a5b0-a60c9c17d64a a4618065cfdc46d58d3fe1c2e967f7f7 041134fb64b946eda082c420287b72e6 - - default default] 10.0.0.226 "GET /v2.0/ports?tenant_id=041134fb64b946eda082c420287b72e6&fields=id HTTP/1.1" status: 200 len: 302 time: 0.1268592
2026-07-09 17:54:11.439 9 INFO neutron.wsgi [req-72f2638d-7e61-42ef-8700-0899befe728c req-333e6619-875c-420b-ae8a-8f6a1cdb3e98 9641b87a283e4ec09b0c3517dc01645c a7a0526503ce4ec899e384dc9024c28f - - 7487e898d5dc4f46b4dc538548e243d7 7487e898d5dc4f46b4dc538548e243d7] 10.0.0.226 "GET /v2.0/extensions HTTP/1.1" status: 200 len: 18683 time: 0.1607072
2026-07-09 17:54:11.453 10 INFO neutron.services.segments.plugin [-] Segment 8e3ead11-daa8-4ced-8bdc-f7a98e593f8d resource provider aggregate not found
2026-07-09 17:54:11.457 10 INFO neutron.services.segments.plugin [-] Segment 8e3ead11-daa8-4ced-8bdc-f7a98e593f8d resource provider aggregate not found
2026-07-09 17:54:11.483 10 INFO neutron.services.segments.plugin [-] Segment 8e3ead11-daa8-4ced-8bdc-f7a98e593f8d resource provider not found; error: Placement Client Error (4xx): {"errors": [{"status": 404, "title": "Not Found", "detail": "The resource could not be found.\n\n No resource provider with uuid 8e3ead11-daa8-4ced-8bdc-f7a98e593f8d found for delete ", "request_id": "req-eb3920a0-3f34-40f1-82dd-b634b2e52d39"}]}
2026-07-09 17:54:11.487 10 INFO neutron.services.segments.plugin [-] Segment 8e3ead11-daa8-4ced-8bdc-f7a98e593f8d resource provider not found; error: Placement Client Error (4xx): {"errors": [{"status": 404, "title": "Not Found", "detail": "The resource could not be found.\n\n No resource provider with uuid 8e3ead11-daa8-4ced-8bdc-f7a98e593f8d found for delete ", "request_id": "req-18ab3d4b-7721-498c-92eb-cb1270b19623"}]}
2026-07-09 17:54:11.517 10 INFO neutron.wsgi [None req-0a8b0756-ae00-4981-a74a-7e9840916655 d0c65db9968c44ea881660ce31adcce2 2bb4e729329c4911868eda1f1f6609e1 - - default default] 10.0.0.192 "DELETE /v2.0/networks/64278756-b2f1-4629-ae7b-df14dd2f72bf HTTP/1.1" status: 204 len: 168 time: 0.9065664
2026-07-09 17:54:11.551 9 INFO neutron.wsgi [req-72f2638d-7e61-42ef-8700-0899befe728c req-ba7f9669-6cdf-4e67-a903-b67d02c4cf08 9641b87a283e4ec09b0c3517dc01645c a7a0526503ce4ec899e384dc9024c28f - - 7487e898d5dc4f46b4dc538548e243d7 7487e898d5dc4f46b4dc538548e243d7] 10.0.0.226 "GET /v2.0/networks/af397ca5-9cf8-4221-bbfa-16ec78cdae5c?fields=segments HTTP/1.1" status: 200 len: 212 time: 0.1061726
2026-07-09 17:54:11.606 9 WARNING neutron.plugins.ml2.drivers.ovn.mech_driver.ovsdb.ovn_client [None req-ded871be-44cd-4c87-a954-1ccc9f7460bd - - - - - -] No hosting information found for port 42c67364-e984-4317-91d7-6af4aa6fdd70: RuntimeError: No hosting information found for port 42c67364-e984-4317-91d7-6af4aa6fdd70
2026-07-09 17:54:11.640 9 INFO neutron.wsgi [req-72f2638d-7e61-42ef-8700-0899befe728c req-de2cef64-ad38-4564-853f-0319ac91f0c5 9641b87a283e4ec09b0c3517dc01645c a7a0526503ce4ec899e384dc9024c28f - - 7487e898d5dc4f46b4dc538548e243d7 7487e898d5dc4f46b4dc538548e243d7] 10.0.0.226 "GET /v2.0/networks/af397ca5-9cf8-4221-bbfa-16ec78cdae5c?fields=provider%3Aphysical_network&fields=provider%3Anetwork_type HTTP/1.1" status: 200 len: 277 time: 0.0809715
2026-07-09 17:54:11.758 10 INFO neutron.wsgi [None req-ba8a0e09-0a40-4617-8539-3f9435be39fc d0c65db9968c44ea881660ce31adcce2 2bb4e729329c4911868eda1f1f6609e1 - - default default] 10.0.0.192 "GET /v2.0/security-groups?tenant_id=8da0c8c58e29489db2b8a864d2818d00&name=default HTTP/1.1" status: 200 len: 3116 time: 0.0499914
2026-07-09 17:54:11.823 10 WARNING neutron_lib.context [None req-1a596c62-cafc-4e14-90c3-5266db0898a9 860d4e5f44bb464285f7f9eeac8ab2dd ab1ae67dbe574cfa9087ed9c920c8252 - - default default] Method 'is_advsvc' is deprecated since 2023.2 release (neutron-lib 3.8.0) and will be removed once support for the old RBAC API policies will be removed from Neutron. Please use method 'is_service_role' instead.
2026-07-09 17:54:11.823 10 WARNING neutron_lib.context [None req-1a596c62-cafc-4e14-90c3-5266db0898a9 860d4e5f44bb464285f7f9eeac8ab2dd ab1ae67dbe574cfa9087ed9c920c8252 - - default default] Method 'is_advsvc' is deprecated since 2023.2 release (neutron-lib 3.8.0) and will be removed once support for the old RBAC API policies will be removed from Neutron. Please use method 'is_service_role' instead.
2026-07-09 17:54:11.828 10 INFO neutron.wsgi [req-ccd11b81-f631-4ee8-8846-2d94ab198236 req-08e047f0-f42d-48f1-813d-f72b539e45ae a4618065cfdc46d58d3fe1c2e967f7f7 041134fb64b946eda082c420287b72e6 - - default default] 10.0.0.226 "GET /v2.0/ports?device_id=f5b32e47-4df2-4330-b3a8-ed1b0fbc0323 HTTP/1.1" status: 200 len: 210 time: 0.0371208
2026-07-09 17:54:11.999 10 INFO neutron.db.ovn_revision_numbers_db [None req-1a596c62-cafc-4e14-90c3-5266db0898a9 860d4e5f44bb464285f7f9eeac8ab2dd ab1ae67dbe574cfa9087ed9c920c8252 - - default default] Successfully bumped revision number for resource 07fe22f1-4df8-4e8b-8755-ba179dc820a8 (type: security_groups) to 1
2026-07-09 17:54:12.014 10 INFO neutron.db.ovn_revision_numbers_db [None req-1a596c62-cafc-4e14-90c3-5266db0898a9 860d4e5f44bb464285f7f9eeac8ab2dd ab1ae67dbe574cfa9087ed9c920c8252 - - default default] Successfully bumped revision number for resource 020602d8-f48e-4488-ac37-65a6de837062 (type: security_group_rules) to 0
2026-07-09 17:54:12.028 10 INFO neutron.db.ovn_revision_numbers_db [None req-1a596c62-cafc-4e14-90c3-5266db0898a9 860d4e5f44bb464285f7f9eeac8ab2dd ab1ae67dbe574cfa9087ed9c920c8252 - - default default] Successfully bumped revision number for resource 31f33f94-7add-4e68-a95f-5fd1b8600d88 (type: security_group_rules) to 0
2026-07-09 17:54:12.055 10 INFO neutron.db.ovn_revision_numbers_db [None req-1a596c62-cafc-4e14-90c3-5266db0898a9 860d4e5f44bb464285f7f9eeac8ab2dd ab1ae67dbe574cfa9087ed9c920c8252 - - default default] Successfully bumped revision number for resource 631728a0-35ac-4b59-abf5-3932e6bb0b72 (type: security_group_rules) to 0
2026-07-09 17:54:12.075 10 INFO neutron.wsgi [None req-2bf15926-81cd-449e-90f1-34cad319d30d d0c65db9968c44ea881660ce31adcce2 2bb4e729329c4911868eda1f1f6609e1 - - default default] 10.0.0.192 "DELETE /v2.0/security-groups/7680aded-9035-476f-ab30-42c2ebd1e887 HTTP/1.1" status: 204 len: 168 time: 0.3136072
2026-07-09 17:54:12.091 10 INFO neutron.db.ovn_revision_numbers_db [None req-1a596c62-cafc-4e14-90c3-5266db0898a9 860d4e5f44bb464285f7f9eeac8ab2dd ab1ae67dbe574cfa9087ed9c920c8252 - - default default] Successfully bumped revision number for resource 94da0e6e-73df-4c05-86d2-3d63d0da4146 (type: security_group_rules) to 0
2026-07-09 17:54:12.203 10 INFO neutron.db.segments_db [None req-1a596c62-cafc-4e14-90c3-5266db0898a9 860d4e5f44bb464285f7f9eeac8ab2dd ab1ae67dbe574cfa9087ed9c920c8252 - - default default] Added segment e8e2bf8a-62dc-44b1-b609-3471235c568a of type geneve for network 45c92da2-32c7-4c03-9f0b-cd80af90baab
2026-07-09 17:54:12.360 10 INFO neutron.db.segments_db [None req-1a596c62-cafc-4e14-90c3-5266db0898a9 860d4e5f44bb464285f7f9eeac8ab2dd ab1ae67dbe574cfa9087ed9c920c8252 - - default default] Added segment fdc8f5a6-f933-4fc5-8992-0f4f6c1777f7 of type geneve for network f2d92c77-74b8-423c-a7d4-a0f8c84dddff
2026-07-09 17:54:12.557 10 INFO neutron.db.ovn_revision_numbers_db [None req-1a596c62-cafc-4e14-90c3-5266db0898a9 860d4e5f44bb464285f7f9eeac8ab2dd ab1ae67dbe574cfa9087ed9c920c8252 - - default default] Successfully bumped revision number for resource 45c92da2-32c7-4c03-9f0b-cd80af90baab (type: networks) to 1
2026-07-09 17:54:12.810 10 INFO neutron.wsgi [req-72f2638d-7e61-42ef-8700-0899befe728c req-0e8466ed-905f-4fbf-9236-a8e74d96362b a4618065cfdc46d58d3fe1c2e967f7f7 041134fb64b946eda082c420287b72e6 - - default default] 199.19.213.249 "GET /v2.0/networks?id=af397ca5-9cf8-4221-bbfa-16ec78cdae5c HTTP/1.1" status: 200 len: 874 time: 0.1280439
2026-07-09 17:54:12.865 10 WARNING neutron.scheduler.dhcp_agent_scheduler [None req-1a596c62-cafc-4e14-90c3-5266db0898a9 860d4e5f44bb464285f7f9eeac8ab2dd ab1ae67dbe574cfa9087ed9c920c8252 - - default default] No more DHCP agents
2026-07-09 17:54:12.869 10 WARNING neutron.api.rpc.agentnotifiers.dhcp_rpc_agent_api [None req-1a596c62-cafc-4e14-90c3-5266db0898a9 860d4e5f44bb464285f7f9eeac8ab2dd ab1ae67dbe574cfa9087ed9c920c8252 - - default default] Unable to schedule network 45c92da2-32c7-4c03-9f0b-cd80af90baab: no agents available; will retry on subsequent port and subnet creation events.
2026-07-09 17:54:12.887 10 INFO neutron.wsgi [req-72f2638d-7e61-42ef-8700-0899befe728c req-5591b7a4-99c7-4b89-bc78-f10d4b586dba a4618065cfdc46d58d3fe1c2e967f7f7 041134fb64b946eda082c420287b72e6 - - default default] 199.19.213.249 "GET /v2.0/security-groups?fields=id&fields=name&tenant_id=041134fb64b946eda082c420287b72e6 HTTP/1.1" status: 200 len: 379 time: 0.0695627
2026-07-09 17:54:12.919 10 WARNING neutron_lib.context [req-72f2638d-7e61-42ef-8700-0899befe728c req-f823f84f-df42-4631-a322-c8232bdd442e a4618065cfdc46d58d3fe1c2e967f7f7 041134fb64b946eda082c420287b72e6 - - default default] Method 'is_advsvc' is deprecated since 2023.2 release (neutron-lib 3.8.0) and will be removed once support for the old RBAC API policies will be removed from Neutron. Please use method 'is_service_role' instead.
2026-07-09 17:54:12.940 9 INFO neutron.wsgi [req-d8d2a6d8-aedb-49b2-890f-25e0fa7cddb1 req-49b4d3b5-ddc2-453c-b20d-c8b5479b63cc a4618065cfdc46d58d3fe1c2e967f7f7 041134fb64b946eda082c420287b72e6 - - default default] 10.0.0.226 "GET /v2.0/ports?device_id=f5b32e47-4df2-4330-b3a8-ed1b0fbc0323 HTTP/1.1" status: 200 len: 210 time: 0.0259154
2026-07-09 17:54:12.952 9 INFO neutron.wsgi [req-7f687e58-a212-48cd-b663-7dbce8b5b16c req-2f9ead54-9e14-4a56-8ec7-fcdbd965a124 9641b87a283e4ec09b0c3517dc01645c a7a0526503ce4ec899e384dc9024c28f - - 7487e898d5dc4f46b4dc538548e243d7 7487e898d5dc4f46b4dc538548e243d7] 10.0.0.211 "GET /v2.0/ports?device_id=3dce1379-baaa-432a-80a1-79215bf04eac HTTP/1.1" status: 200 len: 1409 time: 0.3299103
2026-07-09 17:54:13.006 10 INFO neutron.db.ovn_revision_numbers_db [None req-1a596c62-cafc-4e14-90c3-5266db0898a9 860d4e5f44bb464285f7f9eeac8ab2dd ab1ae67dbe574cfa9087ed9c920c8252 - - default default] Successfully bumped revision number for resource 74e717a4-8936-4305-991b-f88a7b868ffe (type: ports) to 1
2026-07-09 17:54:13.027 9 INFO neutron.wsgi [req-7f687e58-a212-48cd-b663-7dbce8b5b16c req-ce16f9ab-385b-4fc3-8564-c1cb3b8450de 9641b87a283e4ec09b0c3517dc01645c a7a0526503ce4ec899e384dc9024c28f - - 7487e898d5dc4f46b4dc538548e243d7 7487e898d5dc4f46b4dc538548e243d7] 10.0.0.211 "GET /v2.0/security-groups?id=4753b572-8a19-4bfa-a324-0cb6de9967c8&fields=id&fields=name HTTP/1.1" status: 200 len: 313 time: 0.0672104
2026-07-09 17:54:13.106 10 INFO neutron.db.ovn_revision_numbers_db [None req-1a596c62-cafc-4e14-90c3-5266db0898a9 860d4e5f44bb464285f7f9eeac8ab2dd ab1ae67dbe574cfa9087ed9c920c8252 - - default default] Successfully bumped revision number for resource f2d92c77-74b8-423c-a7d4-a0f8c84dddff (type: networks) to 1
2026-07-09 17:54:13.359 10 WARNING neutron.scheduler.dhcp_agent_scheduler [None req-1a596c62-cafc-4e14-90c3-5266db0898a9 860d4e5f44bb464285f7f9eeac8ab2dd ab1ae67dbe574cfa9087ed9c920c8252 - - default default] No more DHCP agents
2026-07-09 17:54:13.362 10 WARNING neutron.api.rpc.agentnotifiers.dhcp_rpc_agent_api [None req-1a596c62-cafc-4e14-90c3-5266db0898a9 860d4e5f44bb464285f7f9eeac8ab2dd ab1ae67dbe574cfa9087ed9c920c8252 - - default default] Unable to schedule network f2d92c77-74b8-423c-a7d4-a0f8c84dddff: no agents available; will retry on subsequent port and subnet creation events.
2026-07-09 17:54:13.434 10 WARNING neutron.scheduler.dhcp_agent_scheduler [req-72f2638d-7e61-42ef-8700-0899befe728c req-f823f84f-df42-4631-a322-c8232bdd442e a4618065cfdc46d58d3fe1c2e967f7f7 041134fb64b946eda082c420287b72e6 - - default default] No more DHCP agents
2026-07-09 17:54:13.439 10 WARNING neutron.api.rpc.agentnotifiers.dhcp_rpc_agent_api [req-72f2638d-7e61-42ef-8700-0899befe728c req-f823f84f-df42-4631-a322-c8232bdd442e a4618065cfdc46d58d3fe1c2e967f7f7 041134fb64b946eda082c420287b72e6 - - default default] Unable to schedule network af397ca5-9cf8-4221-bbfa-16ec78cdae5c: no agents available; will retry on subsequent port and subnet creation events.
