2026-07-09 17:58:44.577 10 ERROR neutron_lib.callbacks.manager raise RowNotFound(table=table, col=column, match=match)
2026-07-09 17:58:44.577 10 ERROR neutron_lib.callbacks.manager ovsdbapp.backend.ovs_idl.idlutils.RowNotFound: Cannot find Logical_Router_Port with name=lrp-16cbcbbd-8183-43a3-a416-b796715db4e9
2026-07-09 17:58:44.577 10 ERROR neutron_lib.callbacks.manager 
2026-07-09 17:58:44.639 9 WARNING neutron.plugins.ml2.drivers.ovn.mech_driver.ovsdb.ovn_client [None req-ded871be-44cd-4c87-a954-1ccc9f7460bd - - - - - -] No hosting information found for port bede827c-3a3c-432f-84ee-9d3e1da0e040: RuntimeError: No hosting information found for port bede827c-3a3c-432f-84ee-9d3e1da0e040
2026-07-09 17:58:44.640 9 INFO neutron.plugins.ml2.drivers.ovn.mech_driver.mech_driver [None req-ded871be-44cd-4c87-a954-1ccc9f7460bd - - - - - -] OVN reports status up for port: 6fa537a5-3da0-48dc-9897-5cf6a5ff6f18
2026-07-09 17:58:44.648 9 INFO neutron.plugins.ml2.plugin [None req-ded871be-44cd-4c87-a954-1ccc9f7460bd - - - - - -] Attempt 1 to provision port 6fa537a5-3da0-48dc-9897-5cf6a5ff6f18
2026-07-09 17:58:44.690 9 INFO neutron.db.segments_db [None req-2154d870-0c04-49b3-bac4-7e11c01c30f4 17216d72c0544ffbbebbcde8310a5254 58de92168cf64c17a6744b687e9e184c - - default default] Added segment eca867af-f644-4fe7-a4ec-5da2404881fa of type geneve for network d876a98f-7194-45ec-becf-60fa0509f3f9
2026-07-09 17:58:44.933 9 INFO neutron.db.ovn_revision_numbers_db [None req-2154d870-0c04-49b3-bac4-7e11c01c30f4 17216d72c0544ffbbebbcde8310a5254 58de92168cf64c17a6744b687e9e184c - - default default] Successfully bumped revision number for resource d876a98f-7194-45ec-becf-60fa0509f3f9 (type: networks) to 1
2026-07-09 17:58:45.176 10 INFO neutron.wsgi [None req-ffb16235-c454-448e-b473-9ca0e877149c 38fdaca3d3b34ef28a7c5c06ae8860b6 19da2ceeaa1049b68262e7c9a3e571ab - - default default] 10.0.0.192 "DELETE /v2.0/security-groups/712b2ab7-a745-4ff7-b638-74de2a0a2728 HTTP/1.1" status: 204 len: 168 time: 0.5945382
2026-07-09 17:58:45.210 9 WARNING neutron.scheduler.dhcp_agent_scheduler [None req-2154d870-0c04-49b3-bac4-7e11c01c30f4 17216d72c0544ffbbebbcde8310a5254 58de92168cf64c17a6744b687e9e184c - - default default] No more DHCP agents
2026-07-09 17:58:45.214 9 WARNING neutron.api.rpc.agentnotifiers.dhcp_rpc_agent_api [None req-2154d870-0c04-49b3-bac4-7e11c01c30f4 17216d72c0544ffbbebbcde8310a5254 58de92168cf64c17a6744b687e9e184c - - default default] Unable to schedule network d876a98f-7194-45ec-becf-60fa0509f3f9: no agents available; will retry on subsequent port and subnet creation events.
2026-07-09 17:58:45.370 9 INFO neutron.db.ovn_revision_numbers_db [None req-2154d870-0c04-49b3-bac4-7e11c01c30f4 17216d72c0544ffbbebbcde8310a5254 58de92168cf64c17a6744b687e9e184c - - default default] Successfully bumped revision number for resource a2f3dd46-9df3-4a35-98c0-c4878626121d (type: ports) to 1
2026-07-09 17:58:45.378 10 INFO neutron.db.ovn_revision_numbers_db [None req-1fd3af39-e625-4987-84f7-565265c8bf7f ec2fe7bb2dae4d1796515e37fc3b5c50 7b9d81830ff74815aaf5664fafbd9330 - - default default] Successfully bumped revision number for resource 16cbcbbd-8183-43a3-a416-b796715db4e9 (type: ports) to 1
2026-07-09 17:58:45.382 9 INFO neutron.db.ovn_revision_numbers_db [None req-ded871be-44cd-4c87-a954-1ccc9f7460bd - - - - - -] Successfully bumped revision number for resource 6fa537a5-3da0-48dc-9897-5cf6a5ff6f18 (type: ports) to 2
2026-07-09 17:58:45.395 9 INFO neutron.wsgi [None req-2154d870-0c04-49b3-bac4-7e11c01c30f4 17216d72c0544ffbbebbcde8310a5254 58de92168cf64c17a6744b687e9e184c - - default default] 10.0.0.192 "POST /v2.0/networks HTTP/1.1" status: 201 len: 831 time: 0.8456469
2026-07-09 17:58:45.430 10 WARNING neutron_lib.context [None req-38cffc6a-09cb-42b0-be58-a8dcf46d4f9c 17216d72c0544ffbbebbcde8310a5254 58de92168cf64c17a6744b687e9e184c - - default default] Method 'is_advsvc' is deprecated since 2023.2 release (neutron-lib 3.8.0) and will be removed once support for the old RBAC API policies will be removed from Neutron. Please use method 'is_service_role' instead.
2026-07-09 17:58:45.524 10 INFO neutron.wsgi [None req-4534b5eb-1ba2-466f-9a8f-273bf39382bb 38fdaca3d3b34ef28a7c5c06ae8860b6 19da2ceeaa1049b68262e7c9a3e571ab - - default default] 10.0.0.192 "DELETE /v2.0/security-groups/e1d814db-0ac5-4581-a346-f54895da1ca9 HTTP/1.1" status: 204 len: 168 time: 0.3434715
2026-07-09 17:58:45.555 9 INFO neutron.db.ovn_revision_numbers_db [None req-ded871be-44cd-4c87-a954-1ccc9f7460bd - - - - - -] Successfully bumped revision number for resource 6fa537a5-3da0-48dc-9897-5cf6a5ff6f18 (type: router_ports) to 2
2026-07-09 17:58:45.598 10 WARNING neutron.scheduler.dhcp_agent_scheduler [None req-1fd3af39-e625-4987-84f7-565265c8bf7f ec2fe7bb2dae4d1796515e37fc3b5c50 7b9d81830ff74815aaf5664fafbd9330 - - default default] No more DHCP agents
2026-07-09 17:58:45.603 10 WARNING neutron.api.rpc.agentnotifiers.dhcp_rpc_agent_api [None req-1fd3af39-e625-4987-84f7-565265c8bf7f ec2fe7bb2dae4d1796515e37fc3b5c50 7b9d81830ff74815aaf5664fafbd9330 - - default default] Unable to schedule network e6060b4b-8cd6-4cf0-98fc-fd6cba9c72c8: no agents available; will retry on subsequent port and subnet creation events.
2026-07-09 17:58:45.966 10 WARNING neutron.scheduler.dhcp_agent_scheduler [None req-38cffc6a-09cb-42b0-be58-a8dcf46d4f9c 17216d72c0544ffbbebbcde8310a5254 58de92168cf64c17a6744b687e9e184c - - default default] No more DHCP agents
2026-07-09 17:58:45.987 10 WARNING neutron.api.rpc.agentnotifiers.dhcp_rpc_agent_api [None req-38cffc6a-09cb-42b0-be58-a8dcf46d4f9c 17216d72c0544ffbbebbcde8310a5254 58de92168cf64c17a6744b687e9e184c - - default default] Unable to schedule network d876a98f-7194-45ec-becf-60fa0509f3f9: no agents available; will retry on subsequent port and subnet creation events.
2026-07-09 17:58:46.094 10 ERROR ovsdbapp.backend.ovs_idl.command [None req-9c5164f3-ba3c-4906-b78d-530b4dce978d 8724062a12e7489eb423bd6ea0f202bc 0fdd6d56ef0f478fb020a72b96e97db5 - - default default] Error executing command (DbGetCommand): ovsdbapp.backend.ovs_idl.idlutils.RowNotFound: Cannot find Logical_Router_Port with name=lrp-2bdc982d-ae6e-484f-80b6-1e6a1189d27a
2026-07-09 17:58:46.094 10 ERROR ovsdbapp.backend.ovs_idl.command
Traceback (most recent call last):
2026-07-09 17:58:46.094 10 ERROR ovsdbapp.backend.ovs_idl.command
File "/var/lib/openstack/lib/python3.10/site-packages/ovsdbapp/backend/ovs_idl/command.py", line 47, in execute
2026-07-09 17:58:46.094 10 ERROR ovsdbapp.backend.ovs_idl.command self.run_idl(None)
2026-07-09 17:58:46.094 10 ERROR ovsdbapp.backend.ovs_idl.command
File "/var/lib/openstack/lib/python3.10/site-packages/ovsdbapp/backend/ovs_idl/command.py", line 235, in run_idl
2026-07-09 17:58:46.094 10 ERROR ovsdbapp.backend.ovs_idl.command record = self.api.lookup(self.table, self.record)
2026-07-09 17:58:46.094 10 ERROR ovsdbapp.backend.ovs_idl.command
File "/var/lib/openstack/lib/python3.10/site-packages/ovsdbapp/backend/ovs_idl/__init__.py", line 184, in lookup
2026-07-09 17:58:46.094 10 ERROR ovsdbapp.backend.ovs_idl.command return self._lookup(table, record)
2026-07-09 17:58:46.094 10 ERROR ovsdbapp.backend.ovs_idl.command
File "/var/lib/openstack/lib/python3.10/site-packages/ovsdbapp/backend/ovs_idl/__init__.py", line 235, in _lookup
2026-07-09 17:58:46.094 10 ERROR ovsdbapp.backend.ovs_idl.command row = idlutils.row_by_value(self, rl.table, rl.column, record)
2026-07-09 17:58:46.094 10 ERROR ovsdbapp.backend.ovs_idl.command
File "/var/lib/openstack/lib/python3.10/site-packages/ovsdbapp/backend/ovs_idl/idlutils.py", line 114, in row_by_value
2026-07-09 17:58:46.094 10 ERROR ovsdbapp.backend.ovs_idl.command raise RowNotFound(table=table, col=column, match=match)
2026-07-09 17:58:46.094 10 ERROR ovsdbapp.backend.ovs_idl.command ovsdbapp.backend.ovs_idl.idlutils.RowNotFound: Cannot find Logical_Router_Port with name=lrp-2bdc982d-ae6e-484f-80b6-1e6a1189d27a
2026-07-09 17:58:46.094 10 ERROR ovsdbapp.backend.ovs_idl.command 
2026-07-09 17:58:46.094 10 ERROR neutron_lib.callbacks.manager [None req-9c5164f3-ba3c-4906-b78d-530b4dce978d 8724062a12e7489eb423bd6ea0f202bc 0fdd6d56ef0f478fb020a72b96e97db5 - - default default] Error during notification for neutron.services.ovn_l3.plugin.OVNL3RouterPlugin._port_update-8732684238566 port, after_update: ovsdbapp.backend.ovs_idl.idlutils.RowNotFound: Cannot find Logical_Router_Port with name=lrp-2bdc982d-ae6e-484f-80b6-1e6a1189d27a
2026-07-09 17:58:46.094 10 ERROR neutron_lib.callbacks.manager
Traceback (most recent call last):
2026-07-09 17:58:46.094 10 ERROR neutron_lib.callbacks.manager
File "/var/lib/openstack/lib/python3.10/site-packages/neutron_lib/callbacks/manager.py", line 189, in _notify_loop
2026-07-09 17:58:46.094 10 ERROR neutron_lib.callbacks.manager callback.method(resource, event, trigger, payload=payload)
2026-07-09 17:58:46.094 10 ERROR neutron_lib.callbacks.manager
File "/var/lib/openstack/lib/python3.10/site-packages/neutron/services/ovn_l3/plugin.py", line 391, in _port_update
2026-07-09 17:58:46.094 10 ERROR neutron_lib.callbacks.manager l3plugin._ovn_client.update_router_port(context,
2026-07-09 17:58:46.094 10 ERROR neutron_lib.callbacks.manager
File "/var/lib/openstack/lib/python3.10/site-packages/neutron/plugins/ml2/drivers/ovn/mech_driver/ovsdb/ovn_client.py", line 1878, in update_router_port
2026-07-09 17:58:46.094 10 ERROR neutron_lib.callbacks.manager self._update_lrouter_port(context, port, if_exists=if_exists,
2026-07-09 17:58:46.094 10 ERROR neutron_lib.callbacks.manager
File "/var/lib/openstack/lib/python3.10/site-packages/neutron/plugins/ml2/drivers/ovn/mech_driver/ovsdb/ovn_client.py", line 1855, in _update_lrouter_port
2026-07-09 17:58:46.094 10 ERROR neutron_lib.callbacks.manager external_ids = self._nb_idl.db_get(
2026-07-09 17:58:46.094 10 ERROR neutron_lib.callbacks.manager
File "/var/lib/openstack/lib/python3.10/site-packages/ovsdbapp/backend/ovs_idl/command.py", line 47, in execute
2026-07-09 17:58:46.094 10 ERROR neutron_lib.callbacks.manager self.run_idl(None)
2026-07-09 17:58:46.094 10 ERROR neutron_lib.callbacks.manager
File "/var/lib/openstack/lib/python3.10/site-packages/ovsdbapp/backend/ovs_idl/command.py", line 235, in run_idl
2026-07-09 17:58:46.094 10 ERROR neutron_lib.callbacks.manager record = self.api.lookup(self.table, self.record)
2026-07-09 17:58:46.094 10 ERROR neutron_lib.callbacks.manager
File "/var/lib/openstack/lib/python3.10/site-packages/ovsdbapp/backend/ovs_idl/__init__.py", line 184, in lookup
2026-07-09 17:58:46.094 10 ERROR neutron_lib.callbacks.manager return self._lookup(table, record)
2026-07-09 17:58:46.094 10 ERROR neutron_lib.callbacks.manager
File "/var/lib/openstack/lib/python3.10/site-packages/ovsdbapp/backend/ovs_idl/__init__.py", line 235, in _lookup
2026-07-09 17:58:46.094 10 ERROR neutron_lib.callbacks.manager row = idlutils.row_by_value(self, rl.table, rl.column, record)
2026-07-09 17:58:46.094 10 ERROR neutron_lib.callbacks.manager
File "/var/lib/openstack/lib/python3.10/site-packages/ovsdbapp/backend/ovs_idl/idlutils.py", line 114, in row_by_value
2026-07-09 17:58:46.094 10 ERROR neutron_lib.callbacks.manager raise RowNotFound(table=table, col=column, match=match)
2026-07-09 17:58:46.094 10 ERROR neutron_lib.callbacks.manager ovsdbapp.backend.ovs_idl.idlutils.RowNotFound: Cannot find Logical_Router_Port with name=lrp-2bdc982d-ae6e-484f-80b6-1e6a1189d27a
2026-07-09 17:58:46.094 10 ERROR neutron_lib.callbacks.manager 
2026-07-09 17:58:46.830 9 INFO neutron.db.ovn_revision_numbers_db [None req-a6abf0d5-30c0-4c25-94be-a367de881503 d0c65db9968c44ea881660ce31adcce2 2bb4e729329c4911868eda1f1f6609e1 - - default default] Successfully bumped revision number for resource d186f276-023c-4b2f-9d75-cd3f196ff045 (type: security_groups) to 1
2026-07-09 17:58:46.862 9 INFO neutron.db.ovn_revision_numbers_db [None req-a6abf0d5-30c0-4c25-94be-a367de881503 d0c65db9968c44ea881660ce31adcce2 2bb4e729329c4911868eda1f1f6609e1 - - default default] Successfully bumped revision number for resource 6551980e-913c-4299-b2d5-aef4c88c9bc9 (type: security_group_rules) to 0
2026-07-09 17:58:46.879 9 INFO neutron.db.ovn_revision_numbers_db [None req-a6abf0d5-30c0-4c25-94be-a367de881503 d0c65db9968c44ea881660ce31adcce2 2bb4e729329c4911868eda1f1f6609e1 - - default default] Successfully bumped revision number for resource 948254a3-38cc-4f62-9b7a-6ab6c6914dc0 (type: security_group_rules) to 0
2026-07-09 17:58:46.896 9 INFO neutron.db.ovn_revision_numbers_db [None req-a6abf0d5-30c0-4c25-94be-a367de881503 d0c65db9968c44ea881660ce31adcce2 2bb4e729329c4911868eda1f1f6609e1 - - default default] Successfully bumped revision number for resource e4d8b889-e3bb-4409-b9af-fc1e58b23d7d (type: security_group_rules) to 0
2026-07-09 17:58:46.899 10 INFO neutron.db.ovn_revision_numbers_db [None req-9c5164f3-ba3c-4906-b78d-530b4dce978d 8724062a12e7489eb423bd6ea0f202bc 0fdd6d56ef0f478fb020a72b96e97db5 - - default default] Successfully bumped revision number for resource 2bdc982d-ae6e-484f-80b6-1e6a1189d27a (type: ports) to 1
2026-07-09 17:58:46.914 9 INFO neutron.db.ovn_revision_numbers_db [None req-a6abf0d5-30c0-4c25-94be-a367de881503 d0c65db9968c44ea881660ce31adcce2 2bb4e729329c4911868eda1f1f6609e1 - - default default] Successfully bumped revision number for resource ee19a049-c2c5-4ed8-9764-15aa5cdc43d7 (type: security_group_rules) to 0
2026-07-09 17:58:46.941 9 INFO neutron.wsgi [None req-a6abf0d5-30c0-4c25-94be-a367de881503 d0c65db9968c44ea881660ce31adcce2 2bb4e729329c4911868eda1f1f6609e1 - - default default] 10.0.0.192 "GET /v2.0/security-groups?tenant_id=341f8e7d2563453685a0bbf459b8e592&name=default HTTP/1.1" status: 200 len: 3124 time: 0.4571345
2026-07-09 17:58:47.103 10 WARNING neutron.scheduler.dhcp_agent_scheduler [None req-9c5164f3-ba3c-4906-b78d-530b4dce978d 8724062a12e7489eb423bd6ea0f202bc 0fdd6d56ef0f478fb020a72b96e97db5 - - default default] No more DHCP agents
2026-07-09 17:58:47.107 10 WARNING neutron.api.rpc.agentnotifiers.dhcp_rpc_agent_api [None req-9c5164f3-ba3c-4906-b78d-530b4dce978d 8724062a12e7489eb423bd6ea0f202bc 0fdd6d56ef0f478fb020a72b96e97db5 - - default default] Unable to schedule network dea35bbc-cb09-4c1d-a820-609c0b3b18c9: no agents available; will retry on subsequent port and subnet creation events.
2026-07-09 17:58:47.226 9 INFO neutron.wsgi [None req-977a65d7-c467-4d3e-9979-f770143424a5 d0c65db9968c44ea881660ce31adcce2 2bb4e729329c4911868eda1f1f6609e1 - - default default] 10.0.0.192 "DELETE /v2.0/security-groups/d186f276-023c-4b2f-9d75-cd3f196ff045 HTTP/1.1" status: 204 len: 168 time: 0.2773857
2026-07-09 17:58:47.383 10 INFO neutron.db.ovn_revision_numbers_db [None req-1fd3af39-e625-4987-84f7-565265c8bf7f ec2fe7bb2dae4d1796515e37fc3b5c50 7b9d81830ff74815aaf5664fafbd9330 - - default default] Successfully bumped revision number for resource 16cbcbbd-8183-43a3-a416-b796715db4e9 (type: router_ports) to 1
2026-07-09 17:58:47.397 10 INFO neutron.db.ovn_revision_numbers_db [None req-38cffc6a-09cb-42b0-be58-a8dcf46d4f9c 17216d72c0544ffbbebbcde8310a5254 58de92168cf64c17a6744b687e9e184c - - default default] Successfully bumped revision number for resource a2f3dd46-9df3-4a35-98c0-c4878626121d (type: ports) to 2
2026-07-09 17:58:47.452 9 INFO neutron.wsgi [None req-e9963656-093a-4798-b544-931910319c18 d0c65db9968c44ea881660ce31adcce2 2bb4e729329c4911868eda1f1f6609e1 - - default default] 10.0.0.192 "GET /v2.0/security-groups?tenant_id=19da2ceeaa1049b68262e7c9a3e571ab&name=default HTTP/1.1" status: 200 len: 3124 time: 0.0651855
2026-07-09 17:58:47.494 10 INFO neutron.db.ovn_revision_numbers_db [None req-38cffc6a-09cb-42b0-be58-a8dcf46d4f9c 17216d72c0544ffbbebbcde8310a5254 58de92168cf64c17a6744b687e9e184c - - default default] Successfully bumped revision number for resource 18b28933-0ab0-4c55-9b85-6b9f7fa1ea76 (type: subnets) to 0
2026-07-09 17:58:47.541 10 INFO neutron.wsgi [None req-38cffc6a-09cb-42b0-be58-a8dcf46d4f9c 17216d72c0544ffbbebbcde8310a5254 58de92168cf64c17a6744b687e9e184c - - default default] 10.0.0.192 "POST /v2.0/subnets HTTP/1.1" status: 201 len: 804 time: 2.1340721
2026-07-09 17:58:47.557 9 WARNING neutron_lib.context [None req-db6d4acb-511f-488d-a719-6b619eb6c9c2 17216d72c0544ffbbebbcde8310a5254 58de92168cf64c17a6744b687e9e184c - - default default] Method 'is_advsvc' is deprecated since 2023.2 release (neutron-lib 3.8.0) and will be removed once support for the old RBAC API policies will be removed from Neutron. Please use method 'is_service_role' instead.
2026-07-09 17:58:47.685 10 INFO neutron.db.ovn_revision_numbers_db [None req-9c5164f3-ba3c-4906-b78d-530b4dce978d 8724062a12e7489eb423bd6ea0f202bc 0fdd6d56ef0f478fb020a72b96e97db5 - - default default] Successfully bumped revision number for resource 2bdc982d-ae6e-484f-80b6-1e6a1189d27a (type: router_ports) to 1
2026-07-09 17:58:47.698 10 INFO neutron.wsgi [None req-9c5164f3-ba3c-4906-b78d-530b4dce978d 8724062a12e7489eb423bd6ea0f202bc 0fdd6d56ef0f478fb020a72b96e97db5 - - default default] 10.0.0.192 "PUT /v2.0/routers/6c45cd0e-6a14-4d87-8407-6df70b11131d/add_router_interface HTTP/1.1" status: 200 len: 503 time: 5.2844217
2026-07-09 17:58:47.721 9 INFO neutron.db.segments_db [None req-db6d4acb-511f-488d-a719-6b619eb6c9c2 17216d72c0544ffbbebbcde8310a5254 58de92168cf64c17a6744b687e9e184c - - default default] Added segment eb792a1f-fe77-448a-bb9f-fd5df34388bd of type geneve for network 3b9a10b6-c278-43a1-9025-9e9021097beb
2026-07-09 17:58:47.773 10 WARNING neutron.scheduler.dhcp_agent_scheduler [None req-66cc8dd3-537d-4638-bf6b-d03e3345c335 - - - - - -] No more DHCP agents
2026-07-09 17:58:47.777 10 WARNING neutron.api.rpc.agentnotifiers.dhcp_rpc_agent_api [None req-66cc8dd3-537d-4638-bf6b-d03e3345c335 - - - - - -] Unable to schedule network e6060b4b-8cd6-4cf0-98fc-fd6cba9c72c8: no agents available; will retry on subsequent port and subnet creation events.
2026-07-09 17:58:47.881 15 INFO neutron.plugins.ml2.drivers.ovn.mech_driver.ovsdb.maintenance [None req-a923d94e-fcaf-471a-b8bb-af0a865a29ef - - - - - -] Maintenance task: Synchronization completed (took 2.72 seconds)
2026-07-09 17:58:47.943 9 INFO neutron.wsgi [None req-bc71f457-7199-4846-8111-6c695fda9f8d d0c65db9968c44ea881660ce31adcce2 2bb4e729329c4911868eda1f1f6609e1 - - default default] 10.0.0.192 "DELETE /v2.0/security-groups/5049457e-e7ec-4c9b-a3cc-ee9c7aa535eb HTTP/1.1" status: 204 len: 168 time: 0.4862211
2026-07-09 17:58:47.980 9 INFO neutron.db.ovn_revision_numbers_db [None req-db6d4acb-511f-488d-a719-6b619eb6c9c2 17216d72c0544ffbbebbcde8310a5254 58de92168cf64c17a6744b687e9e184c - - default default] Successfully bumped revision number for resource 3b9a10b6-c278-43a1-9025-9e9021097beb (type: networks) to 1
2026-07-09 17:58:47.988 10 INFO neutron.db.ovn_revision_numbers_db [None req-66cc8dd3-537d-4638-bf6b-d03e3345c335 - - - - - -] Successfully bumped revision number for resource a8ada8ba-7d8a-4f41-9f73-a5e5081a90cc (type: ports) to 1
2026-07-09 17:58:48.276 10 INFO neutron.db.ovn_revision_numbers_db [None req-66cc8dd3-537d-4638-bf6b-d03e3345c335 - - - - - -] Successfully bumped revision number for resource a8ada8ba-7d8a-4f41-9f73-a5e5081a90cc (type: ports) to 1
2026-07-09 17:58:48.300 9 WARNING neutron.scheduler.dhcp_agent_scheduler [None req-db6d4acb-511f-488d-a719-6b619eb6c9c2 17216d72c0544ffbbebbcde8310a5254 58de92168cf64c17a6744b687e9e184c - - default default] No more DHCP agents
2026-07-09 17:58:48.309 9 WARNING neutron.api.rpc.agentnotifiers.dhcp_rpc_agent_api [None req-db6d4acb-511f-488d-a719-6b619eb6c9c2 17216d72c0544ffbbebbcde8310a5254 58de92168cf64c17a6744b687e9e184c - - default default] Unable to schedule network 3b9a10b6-c278-43a1-9025-9e9021097beb: no agents available; will retry on subsequent port and subnet creation events.
2026-07-09 17:58:48.408 9 INFO neutron.db.ovn_revision_numbers_db [None req-9631fc6f-4fb2-455d-bef0-910963e051f0 d0c65db9968c44ea881660ce31adcce2 2bb4e729329c4911868eda1f1f6609e1 - - default default] Successfully bumped revision number for resource 6e943afc-ddaa-4ebd-be24-b617f5170488 (type: security_groups) to 1
2026-07-09 17:58:48.442 9 INFO neutron.db.ovn_revision_numbers_db [None req-9631fc6f-4fb2-455d-bef0-910963e051f0 d0c65db9968c44ea881660ce31adcce2 2bb4e729329c4911868eda1f1f6609e1 - - default default] Successfully bumped revision number for resource 02491e5a-8fea-4820-be75-5bccd769e11f (type: security_group_rules) to 0
2026-07-09 17:58:48.464 9 INFO neutron.db.ovn_revision_numbers_db [None req-9631fc6f-4fb2-455d-bef0-910963e051f0 d0c65db9968c44ea881660ce31adcce2 2bb4e729329c4911868eda1f1f6609e1 - - default default] Successfully bumped revision number for resource 643882ff-9315-4c90-803c-8a56219cc6a1 (type: security_group_rules) to 0
2026-07-09 17:58:48.479 9 INFO neutron.db.ovn_revision_numbers_db [None req-db6d4acb-511f-488d-a719-6b619eb6c9c2 17216d72c0544ffbbebbcde8310a5254 58de92168cf64c17a6744b687e9e184c - - default default] Successfully bumped revision number for resource 55b6b872-341e-44c4-950c-b5a3dbe53b01 (type: ports) to 1
2026-07-09 17:58:48.496 9 INFO neutron.db.ovn_revision_numbers_db [None req-9631fc6f-4fb2-455d-bef0-910963e051f0 d0c65db9968c44ea881660ce31adcce2 2bb4e729329c4911868eda1f1f6609e1 - - default default] Successfully bumped revision number for resource acea56a9-64a7-42f1-8846-2903a1ecb0e6 (type: security_group_rules) to 0
2026-07-09 17:58:48.517 9 INFO neutron.wsgi [None req-db6d4acb-511f-488d-a719-6b619eb6c9c2 17216d72c0544ffbbebbcde8310a5254 58de92168cf64c17a6744b687e9e184c - - default default] 10.0.0.192 "POST /v2.0/networks HTTP/1.1" status: 201 len: 830 time: 0.9707594
2026-07-09 17:58:48.519 9 INFO neutron.db.ovn_revision_numbers_db [None req-9631fc6f-4fb2-455d-bef0-910963e051f0 d0c65db9968c44ea881660ce31adcce2 2bb4e729329c4911868eda1f1f6609e1 - - default default] Successfully bumped revision number for resource ba3c71e1-a32b-4351-84c0-89106574952a (type: security_group_rules) to 0
2026-07-09 17:58:48.529 10 WARNING neutron_lib.context [None req-4e625353-f330-40ca-9892-6656495a7f7a 17216d72c0544ffbbebbcde8310a5254 58de92168cf64c17a6744b687e9e184c - - default default] Method 'is_advsvc' is deprecated since 2023.2 release (neutron-lib 3.8.0) and will be removed once support for the old RBAC API policies will be removed from Neutron. Please use method 'is_service_role' instead.
2026-07-09 17:58:48.542 9 INFO neutron.wsgi [None req-9631fc6f-4fb2-455d-bef0-910963e051f0 d0c65db9968c44ea881660ce31adcce2 2bb4e729329c4911868eda1f1f6609e1 - - default default] 10.0.0.192 "GET /v2.0/security-groups?tenant_id=a6f7019014394d46acc35760558bd6c9&name=default HTTP/1.1" status: 200 len: 3124 time: 0.4270535
2026-07-09 17:58:48.591 10 INFO neutron.wsgi [None req-1fd3af39-e625-4987-84f7-565265c8bf7f ec2fe7bb2dae4d1796515e37fc3b5c50 7b9d81830ff74815aaf5664fafbd9330 - - default default] 10.0.0.192 "POST /v2.0/vpn/vpnservices HTTP/1.1" status: 201 len: 657 time: 9.8562188
2026-07-09 17:58:48.625 10 INFO neutron.wsgi [None req-4e7996bd-af96-4aef-8178-76dcc3d99a10 3c300bb722a848c4be8995565b8f6bcb 8e1e4778f06640d982674bcc680bfde0 - - default default] 10.0.0.192 "GET /v2.0/vpn/vpnservices HTTP/1.1" status: 200 len: 1502 time: 0.0263605
2026-07-09 17:58:48.741 9 WARNING neutron.scheduler.dhcp_agent_scheduler [None req-0b5456a4-cf03-409a-8d26-a9d61ba15f3c 8724062a12e7489eb423bd6ea0f202bc 0fdd6d56ef0f478fb020a72b96e97db5 - - default default] No more DHCP agents
2026-07-09 17:58:48.744 9 WARNING neutron.api.rpc.agentnotifiers.dhcp_rpc_agent_api [None req-0b5456a4-cf03-409a-8d26-a9d61ba15f3c 8724062a12e7489eb423bd6ea0f202bc 0fdd6d56ef0f478fb020a72b96e97db5 - - default default] Unable to schedule network 7c570bd5-840c-4a50-b282-dff3f422d3d3: no agents available; will retry on subsequent port and subnet creation events.
2026-07-09 17:58:48.913 9 INFO neutron.wsgi [None req-c4715b32-bc17-4d05-9cb1-3816472f083e d0c65db9968c44ea881660ce31adcce2 2bb4e729329c4911868eda1f1f6609e1 - - default default] 10.0.0.192 "DELETE /v2.0/security-groups/6e943afc-ddaa-4ebd-be24-b617f5170488 HTTP/1.1" status: 204 len: 168 time: 0.3630769
2026-07-09 17:58:48.946 9 INFO neutron.db.ovn_revision_numbers_db [None req-0b5456a4-cf03-409a-8d26-a9d61ba15f3c 8724062a12e7489eb423bd6ea0f202bc 0fdd6d56ef0f478fb020a72b96e97db5 - - default default] Successfully bumped revision number for resource 9c25945f-dc3b-4699-94d5-fee3a287a3fe (type: ports) to 1
2026-07-09 17:58:48.951 10 WARNING neutron.scheduler.dhcp_agent_scheduler [None req-4e625353-f330-40ca-9892-6656495a7f7a 17216d72c0544ffbbebbcde8310a5254 58de92168cf64c17a6744b687e9e184c - - default default] No more DHCP agents
2026-07-09 17:58:48.956 10 WARNING neutron.api.rpc.agentnotifiers.dhcp_rpc_agent_api [None req-4e625353-f330-40ca-9892-6656495a7f7a 17216d72c0544ffbbebbcde8310a5254 58de92168cf64c17a6744b687e9e184c - - default default] Unable to schedule network 3b9a10b6-c278-43a1-9025-9e9021097beb: no agents available; will retry on subsequent port and subnet creation events.
2026-07-09 17:58:50.047 9 ERROR ovsdbapp.backend.ovs_idl.command [None req-0b5456a4-cf03-409a-8d26-a9d61ba15f3c 8724062a12e7489eb423bd6ea0f202bc 0fdd6d56ef0f478fb020a72b96e97db5 - - default default] Error executing command (DbGetCommand): ovsdbapp.backend.ovs_idl.idlutils.RowNotFound: Cannot find Logical_Router_Port with name=lrp-9c25945f-dc3b-4699-94d5-fee3a287a3fe
2026-07-09 17:58:50.047 9 ERROR ovsdbapp.backend.ovs_idl.command
Traceback (most recent call last):
2026-07-09 17:58:50.047 9 ERROR ovsdbapp.backend.ovs_idl.command
File "/var/lib/openstack/lib/python3.10/site-packages/ovsdbapp/backend/ovs_idl/command.py", line 47, in execute
2026-07-09 17:58:50.047 9 ERROR ovsdbapp.backend.ovs_idl.command self.run_idl(None)
2026-07-09 17:58:50.047 9 ERROR ovsdbapp.backend.ovs_idl.command
File "/var/lib/openstack/lib/python3.10/site-packages/ovsdbapp/backend/ovs_idl/command.py", line 235, in run_idl
2026-07-09 17:58:50.047 9 ERROR ovsdbapp.backend.ovs_idl.command record = self.api.lookup(self.table, self.record)
2026-07-09 17:58:50.047 9 ERROR ovsdbapp.backend.ovs_idl.command
File "/var/lib/openstack/lib/python3.10/site-packages/ovsdbapp/backend/ovs_idl/__init__.py", line 184, in lookup
2026-07-09 17:58:50.047 9 ERROR ovsdbapp.backend.ovs_idl.command return self._lookup(table, record)
2026-07-09 17:58:50.047 9 ERROR ovsdbapp.backend.ovs_idl.command
File "/var/lib/openstack/lib/python3.10/site-packages/ovsdbapp/backend/ovs_idl/__init__.py", line 235, in _lookup
2026-07-09 17:58:50.047 9 ERROR ovsdbapp.backend.ovs_idl.command row = idlutils.row_by_value(self, rl.table, rl.column, record)
2026-07-09 17:58:50.047 9 ERROR ovsdbapp.backend.ovs_idl.command
File "/var/lib/openstack/lib/python3.10/site-packages/ovsdbapp/backend/ovs_idl/idlutils.py", line 114, in row_by_value
2026-07-09 17:58:50.047 9 ERROR ovsdbapp.backend.ovs_idl.command raise RowNotFound(table=table, col=column, match=match)
2026-07-09 17:58:50.047 9 ERROR ovsdbapp.backend.ovs_idl.command ovsdbapp.backend.ovs_idl.idlutils.RowNotFound: Cannot find Logical_Router_Port with name=lrp-9c25945f-dc3b-4699-94d5-fee3a287a3fe
2026-07-09 17:58:50.047 9 ERROR ovsdbapp.backend.ovs_idl.command 
2026-07-09 17:58:50.048 9 ERROR neutron_lib.callbacks.manager [None req-0b5456a4-cf03-409a-8d26-a9d61ba15f3c 8724062a12e7489eb423bd6ea0f202bc 0fdd6d56ef0f478fb020a72b96e97db5 - - default default] Error during notification for neutron.services.ovn_l3.plugin.OVNL3RouterPlugin._port_update-8732684238566 port, after_update: ovsdbapp.backend.ovs_idl.idlutils.RowNotFound: Cannot find Logical_Router_Port with name=lrp-9c25945f-dc3b-4699-94d5-fee3a287a3fe
2026-07-09 17:58:50.048 9 ERROR neutron_lib.callbacks.manager
Traceback (most recent call last):
2026-07-09 17:58:50.048 9 ERROR neutron_lib.callbacks.manager
File "/var/lib/openstack/lib/python3.10/site-packages/neutron_lib/callbacks/manager.py", line 189, in _notify_loop
2026-07-09 17:58:50.048 9 ERROR neutron_lib.callbacks.manager callback.method(resource, event, trigger, payload=payload)
2026-07-09 17:58:50.048 9 ERROR neutron_lib.callbacks.manager
File "/var/lib/openstack/lib/python3.10/site-packages/neutron/services/ovn_l3/plugin.py", line 391, in _port_update
2026-07-09 17:58:50.048 9 ERROR neutron_lib.callbacks.manager l3plugin._ovn_client.update_router_port(context,
2026-07-09 17:58:50.048 9 ERROR neutron_lib.callbacks.manager
File "/var/lib/openstack/lib/python3.10/site-packages/neutron/plugins/ml2/drivers/ovn/mech_driver/ovsdb/ovn_client.py", line 1878, in update_router_port
2026-07-09 17:58:50.048 9 ERROR neutron_lib.callbacks.manager self._update_lrouter_port(context, port, if_exists=if_exists,
2026-07-09 17:58:50.048 9 ERROR neutron_lib.callbacks.manager
File "/var/lib/openstack/lib/python3.10/site-packages/neutron/plugins/ml2/drivers/ovn/mech_driver/ovsdb/ovn_client.py", line 1855, in _update_lrouter_port
2026-07-09 17:58:50.048 9 ERROR neutron_lib.callbacks.manager external_ids = self._nb_idl.db_get(
2026-07-09 17:58:50.048 9 ERROR neutron_lib.callbacks.manager
File "/var/lib/openstack/lib/python3.10/site-packages/ovsdbapp/backend/ovs_idl/command.py", line 47, in execute
2026-07-09 17:58:50.048 9 ERROR neutron_lib.callbacks.manager self.run_idl(None)
2026-07-09 17:58:50.048 9 ERROR neutron_lib.callbacks.manager
File "/var/lib/openstack/lib/python3.10/site-packages/ovsdbapp/backend/ovs_idl/command.py", line 235, in run_idl
2026-07-09 17:58:50.048 9 ERROR neutron_lib.callbacks.manager record = self.api.lookup(self.table, self.record)
2026-07-09 17:58:50.048 9 ERROR neutron_lib.callbacks.manager
File "/var/lib/openstack/lib/python3.10/site-packages/ovsdbapp/backend/ovs_idl/__init__.py", line 184, in lookup
2026-07-09 17:58:50.048 9 ERROR neutron_lib.callbacks.manager return self._lookup(table, record)
2026-07-09 17:58:50.048 9 ERROR neutron_lib.callbacks.manager
File "/var/lib/openstack/lib/python3.10/site-packages/ovsdbapp/backend/ovs_idl/__init__.py", line 235, in _lookup
2026-07-09 17:58:50.048 9 ERROR neutron_lib.callbacks.manager row = idlutils.row_by_value(self, rl.table, rl.column, record)
2026-07-09 17:58:50.048 9 ERROR neutron_lib.callbacks.manager
File "/var/lib/openstack/lib/python3.10/site-packages/ovsdbapp/backend/ovs_idl/idlutils.py", line 114, in row_by_value
2026-07-09 17:58:50.048 9 ERROR neutron_lib.callbacks.manager raise RowNotFound(table=table, col=column, match=match)
2026-07-09 17:58:50.048 9 ERROR neutron_lib.callbacks.manager ovsdbapp.backend.ovs_idl.idlutils.RowNotFound: Cannot find Logical_Router_Port with name=lrp-9c25945f-dc3b-4699-94d5-fee3a287a3fe
2026-07-09 17:58:50.048 9 ERROR neutron_lib.callbacks.manager 
2026-07-09 17:58:50.062 9 WARNING neutron.plugins.ml2.drivers.ovn.mech_driver.ovsdb.ovn_client [None req-ded871be-44cd-4c87-a954-1ccc9f7460bd - - - - - -] No hosting information found for port 6fa537a5-3da0-48dc-9897-5cf6a5ff6f18: RuntimeError: No hosting information found for port 6fa537a5-3da0-48dc-9897-5cf6a5ff6f18
2026-07-09 17:58:50.063 9 INFO neutron.plugins.ml2.drivers.ovn.mech_driver.mech_driver [None req-ded871be-44cd-4c87-a954-1ccc9f7460bd - - - - - -] OVN reports status up for port: 16cbcbbd-8183-43a3-a416-b796715db4e9
2026-07-09 17:58:50.074 9 INFO neutron.plugins.ml2.plugin [None req-ded871be-44cd-4c87-a954-1ccc9f7460bd - - - - - -] Attempt 1 to provision port 16cbcbbd-8183-43a3-a416-b796715db4e9
2026-07-09 17:58:50.096 10 INFO neutron.db.ovn_revision_numbers_db [None req-4e625353-f330-40ca-9892-6656495a7f7a 17216d72c0544ffbbebbcde8310a5254 58de92168cf64c17a6744b687e9e184c - - default default] Successfully bumped revision number for resource 55b6b872-341e-44c4-950c-b5a3dbe53b01 (type: ports) to 2
2026-07-09 17:58:50.139 10 INFO neutron.db.ovn_revision_numbers_db [None req-4e625353-f330-40ca-9892-6656495a7f7a 17216d72c0544ffbbebbcde8310a5254 58de92168cf64c17a6744b687e9e184c - - default default] Successfully bumped revision number for resource 3d94e89a-d74e-4723-97bd-b04a112a4643 (type: subnets) to 0
2026-07-09 17:58:50.162 10 INFO neutron.wsgi [None req-4e625353-f330-40ca-9892-6656495a7f7a 17216d72c0544ffbbebbcde8310a5254 58de92168cf64c17a6744b687e9e184c - - default default] 10.0.0.192 "POST /v2.0/subnets HTTP/1.1" status: 201 len: 804 time: 1.6390803
2026-07-09 17:58:50.254 9 INFO neutron.wsgi [None req-5516161a-0e3a-49ab-91c3-29943baecbe3 17216d72c0544ffbbebbcde8310a5254 58de92168cf64c17a6744b687e9e184c - - default default] 10.0.0.192 "PUT /v2.0/subnets/4f87734a-0bae-44bc-bae4-ad1ca51afe08/tags HTTP/1.1" status: 200 len: 210 time: 0.0810444
2026-07-09 17:58:50.370 10 INFO neutron.plugins.ml2.drivers.ovn.mech_driver.mech_driver [None req-3a6840fe-c253-4c19-a799-668bedd5c8b2 - - - - - -] OVN reports status up for port: 9c25945f-dc3b-4699-94d5-fee3a287a3fe
2026-07-09 17:58:50.414 10 INFO neutron.wsgi [None req-55a60e9f-3262-45a1-82f5-7b80ded2146f 17216d72c0544ffbbebbcde8310a5254 58de92168cf64c17a6744b687e9e184c - - default default] 10.0.0.192 "PUT /v2.0/subnets/4e98d65c-3534-4438-a0a5-030b784900ac/tags HTTP/1.1" status: 200 len: 218 time: 0.1534407
2026-07-09 17:58:50.418 9 INFO neutron.db.ovn_revision_numbers_db [None req-0b5456a4-cf03-409a-8d26-a9d61ba15f3c 8724062a12e7489eb423bd6ea0f202bc 0fdd6d56ef0f478fb020a72b96e97db5 - - default default] Successfully bumped revision number for resource 9c25945f-dc3b-4699-94d5-fee3a287a3fe (type: ports) to 1
2026-07-09 17:58:50.425 10 INFO neutron.plugins.ml2.plugin [None req-3a6840fe-c253-4c19-a799-668bedd5c8b2 - - - - - -] Attempt 1 to provision port 9c25945f-dc3b-4699-94d5-fee3a287a3fe
2026-07-09 17:58:50.529 9 WARNING neutron.scheduler.dhcp_agent_scheduler [None req-0b5456a4-cf03-409a-8d26-a9d61ba15f3c 8724062a12e7489eb423bd6ea0f202bc 0fdd6d56ef0f478fb020a72b96e97db5 - - default default] No more DHCP agents
2026-07-09 17:58:50.531 9 WARNING neutron.api.rpc.agentnotifiers.dhcp_rpc_agent_api [None req-0b5456a4-cf03-409a-8d26-a9d61ba15f3c 8724062a12e7489eb423bd6ea0f202bc 0fdd6d56ef0f478fb020a72b96e97db5 - - default default] Unable to schedule network 7c570bd5-840c-4a50-b282-dff3f422d3d3: no agents available; will retry on subsequent port and subnet creation events.
2026-07-09 17:58:50.586 10 INFO neutron.wsgi [None req-2bbd00ac-469f-4f34-aef4-0b5b7327fec0 17216d72c0544ffbbebbcde8310a5254 58de92168cf64c17a6744b687e9e184c - - default default] 10.0.0.192 "PUT /v2.0/subnets/7b1af28c-2efd-4761-a439-5724b0eab204/tags HTTP/1.1" status: 200 len: 227 time: 0.1651418
2026-07-09 17:58:50.724 9 INFO neutron.wsgi [None req-6fb4cc61-bc1a-4131-b809-2e36abf62cc9 17216d72c0544ffbbebbcde8310a5254 58de92168cf64c17a6744b687e9e184c - - default default] 10.0.0.192 "PUT /v2.0/subnets/18b28933-0ab0-4c55-9b85-6b9f7fa1ea76/tags HTTP/1.1" status: 200 len: 212 time: 0.1315200
2026-07-09 17:58:50.835 9 INFO neutron.wsgi [None req-cec38870-ce1c-4a09-8031-a8c60994fda2 17216d72c0544ffbbebbcde8310a5254 58de92168cf64c17a6744b687e9e184c - - default default] 10.0.0.192 "GET /v2.0/subnets?tags=red HTTP/1.1" status: 200 len: 2027 time: 0.1011326
2026-07-09 17:58:50.870 9 INFO neutron.db.ovn_revision_numbers_db [None req-ded871be-44cd-4c87-a954-1ccc9f7460bd - - - - - -] Successfully bumped revision number for resource 16cbcbbd-8183-43a3-a416-b796715db4e9 (type: ports) to 2
2026-07-09 17:58:50.935 10 INFO neutron.wsgi [None req-a19a4495-be2b-4127-9195-03fd39034c99 17216d72c0544ffbbebbcde8310a5254 58de92168cf64c17a6744b687e9e184c - - default default] 10.0.0.192 "GET /v2.0/subnets?tags=red%2Cblue HTTP/1.1" status: 200 len: 1430 time: 0.0923841
2026-07-09 17:58:51.038 10 INFO neutron.wsgi [None req-55eece09-cb30-4f29-8c61-ada1feb7ccbe 17216d72c0544ffbbebbcde8310a5254 58de92168cf64c17a6744b687e9e184c - - default default] 10.0.0.192 "GET /v2.0/subnets?tags-any=blue HTTP/1.1" status: 200 len: 1430 time: 0.0966139
2026-07-09 17:58:51.159 9 INFO neutron.wsgi [None req-ee0d779d-3288-4625-bb65-a06c447f2f77 17216d72c0544ffbbebbcde8310a5254 58de92168cf64c17a6744b687e9e184c - - default default] 10.0.0.192 "GET /v2.0/subnets?tags-any=red%2Cblue HTTP/1.1" status: 200 len: 2027 time: 0.1139777
2026-07-09 17:58:51.215 9 INFO neutron.db.ovn_revision_numbers_db [None req-ded871be-44cd-4c87-a954-1ccc9f7460bd - - - - - -] Successfully bumped revision number for resource 16cbcbbd-8183-43a3-a416-b796715db4e9 (type: router_ports) to 2
2026-07-09 17:58:51.264 9 INFO neutron.wsgi [None req-7ff018d2-2fe0-4d69-b5e3-55d903d8041e 17216d72c0544ffbbebbcde8310a5254 58de92168cf64c17a6744b687e9e184c - - default default] 10.0.0.192 "GET /v2.0/subnets?not-tags=red HTTP/1.1" status: 200 len: 2018 time: 0.0928099
2026-07-09 17:58:51.303 10 INFO neutron.db.ovn_revision_numbers_db [None req-3a6840fe-c253-4c19-a799-668bedd5c8b2 - - - - - -] Successfully bumped revision number for resource 9c25945f-dc3b-4699-94d5-fee3a287a3fe (type: ports) to 2
2026-07-09 17:58:51.325 9 INFO neutron.db.ovn_revision_numbers_db [None req-0b5456a4-cf03-409a-8d26-a9d61ba15f3c 8724062a12e7489eb423bd6ea0f202bc 0fdd6d56ef0f478fb020a72b96e97db5 - - default default] Successfully bumped revision number for resource 9c25945f-dc3b-4699-94d5-fee3a287a3fe (type: router_ports) to 1
2026-07-09 17:58:51.332 9 INFO neutron.wsgi [None req-0b5456a4-cf03-409a-8d26-a9d61ba15f3c 8724062a12e7489eb423bd6ea0f202bc 0fdd6d56ef0f478fb020a72b96e97db5 - - default default] 10.0.0.192 "PUT /v2.0/routers/6c45cd0e-6a14-4d87-8407-6df70b11131d/add_router_interface HTTP/1.1" status: 200 len: 503 time: 3.6254406
2026-07-09 17:58:51.363 9 ERROR ovsdbapp.backend.ovs_idl.command [None req-ded871be-44cd-4c87-a954-1ccc9f7460bd - - - - - -] Error executing command (LspGetUpCommand): ovsdbapp.backend.ovs_idl.idlutils.RowNotFound: Cannot find Logical_Switch_Port with name=16cbcbbd-8183-43a3-a416-b796715db4e9
2026-07-09 17:58:51.363 9 ERROR ovsdbapp.backend.ovs_idl.command
Traceback (most recent call last):
2026-07-09 17:58:51.363 9 ERROR ovsdbapp.backend.ovs_idl.command
File "/var/lib/openstack/lib/python3.10/site-packages/ovsdbapp/backend/ovs_idl/command.py", line 47, in execute
2026-07-09 17:58:51.363 9 ERROR ovsdbapp.backend.ovs_idl.command self.run_idl(None)
2026-07-09 17:58:51.363 9 ERROR ovsdbapp.backend.ovs_idl.command
File "/var/lib/openstack/lib/python3.10/site-packages/ovsdbapp/schema/ovn_northbound/commands.py", line 679, in run_idl
2026-07-09 17:58:51.363 9 ERROR ovsdbapp.backend.ovs_idl.command lsp = self.api.lookup('Logical_Switch_Port', self.port)
2026-07-09 17:58:51.363 9 ERROR ovsdbapp.backend.ovs_idl.command
File "/var/lib/openstack/lib/python3.10/site-packages/ovsdbapp/backend/ovs_idl/__init__.py", line 184, in lookup
2026-07-09 17:58:51.363 9 ERROR ovsdbapp.backend.ovs_idl.command return self._lookup(table, record)
2026-07-09 17:58:51.363 9 ERROR ovsdbapp.backend.ovs_idl.command
File "/var/lib/openstack/lib/python3.10/site-packages/ovsdbapp/backend/ovs_idl/__init__.py", line 235, in _lookup
2026-07-09 17:58:51.363 9 ERROR ovsdbapp.backend.ovs_idl.command row = idlutils.row_by_value(self, rl.table, rl.column, record)
2026-07-09 17:58:51.363 9 ERROR ovsdbapp.backend.ovs_idl.command
File "/var/lib/openstack/lib/python3.10/site-packages/ovsdbapp/backend/ovs_idl/idlutils.py", line 114, in row_by_value
2026-07-09 17:58:51.363 9 ERROR ovsdbapp.backend.ovs_idl.command raise RowNotFound(table=table, col=column, match=match)
2026-07-09 17:58:51.363 9 ERROR ovsdbapp.backend.ovs_idl.command ovsdbapp.backend.ovs_idl.idlutils.RowNotFound: Cannot find Logical_Switch_Port with name=16cbcbbd-8183-43a3-a416-b796715db4e9
2026-07-09 17:58:51.363 9 ERROR ovsdbapp.backend.ovs_idl.command 
2026-07-09 17:58:51.364 9 ERROR ovsdbapp.event [None req-ded871be-44cd-4c87-a954-1ccc9f7460bd - - - - - -] Unexpected exception in notify_loop: ovsdbapp.backend.ovs_idl.idlutils.RowNotFound: Cannot find Logical_Switch_Port with name=16cbcbbd-8183-43a3-a416-b796715db4e9
2026-07-09 17:58:51.364 9 ERROR ovsdbapp.event
Traceback (most recent call last):
2026-07-09 17:58:51.364 9 ERROR ovsdbapp.event
File "/var/lib/openstack/lib/python3.10/site-packages/ovsdbapp/event.py", line 177, in notify_loop
2026-07-09 17:58:51.364 9 ERROR ovsdbapp.event match.run(event, row, updates)
2026-07-09 17:58:51.364 9 ERROR ovsdbapp.event
File "/var/lib/openstack/lib/python3.10/site-packages/neutron/plugins/ml2/drivers/ovn/mech_driver/ovsdb/ovsdb_monitor.py", line 508, in run
2026-07-09 17:58:51.364 9 ERROR ovsdbapp.event self.driver.set_port_status_up(row.name)
2026-07-09 17:58:51.364 9 ERROR ovsdbapp.event
File "/var/lib/openstack/lib/python3.10/site-packages/neutron/plugins/ml2/drivers/ovn/mech_driver/mech_driver.py", line 1278, in set_port_status_up
2026-07-09 17:58:51.364 9 ERROR ovsdbapp.event self._ovn_client.update_lsp_host_info(admin_context, db_port)
2026-07-09 17:58:51.364 9 ERROR ovsdbapp.event
File "/var/lib/openstack/lib/python3.10/site-packages/neutron/plugins/ml2/drivers/ovn/mech_driver/ovsdb/ovn_client.py", line 307, in update_lsp_host_info
2026-07-09 17:58:51.364 9 ERROR ovsdbapp.event port_up = self._nb_idl.lsp_get_up(db_port.id).execute(
2026-07-09 17:58:51.364 9 ERROR ovsdbapp.event
File "/var/lib/openstack/lib/python3.10/site-packages/ovsdbapp/backend/ovs_idl/command.py", line 47, in execute
2026-07-09 17:58:51.364 9 ERROR ovsdbapp.event self.run_idl(None)
2026-07-09 17:58:51.364 9 ERROR ovsdbapp.event
File "/var/lib/openstack/lib/python3.10/site-packages/ovsdbapp/schema/ovn_northbound/commands.py", line 679, in run_idl
2026-07-09 17:58:51.364 9 ERROR ovsdbapp.event lsp = self.api.lookup('Logical_Switch_Port', self.port)
2026-07-09 17:58:51.364 9 ERROR ovsdbapp.event
File "/var/lib/openstack/lib/python3.10/site-packages/ovsdbapp/backend/ovs_idl/__init__.py", line 184, in lookup
2026-07-09 17:58:51.364 9 ERROR ovsdbapp.event return self._lookup(table, record)
2026-07-09 17:58:51.364 9 ERROR ovsdbapp.event
File "/var/lib/openstack/lib/python3.10/site-packages/ovsdbapp/backend/ovs_idl/__init__.py", line 235, in _lookup
2026-07-09 17:58:51.364 9 ERROR ovsdbapp.event row = idlutils.row_by_value(self, rl.table, rl.column, record)
2026-07-09 17:58:51.364 9 ERROR ovsdbapp.event
File "/var/lib/openstack/lib/python3.10/site-packages/ovsdbapp/backend/ovs_idl/idlutils.py", line 114, in row_by_value
2026-07-09 17:58:51.364 9 ERROR ovsdbapp.event raise RowNotFound(table=table, col=column, match=match)
2026-07-09 17:58:51.364 9 ERROR ovsdbapp.event ovsdbapp.backend.ovs_idl.idlutils.RowNotFound: Cannot find Logical_Switch_Port with name=16cbcbbd-8183-43a3-a416-b796715db4e9
2026-07-09 17:58:51.364 9 ERROR ovsdbapp.event 
2026-07-09 17:58:51.365 9 INFO neutron.plugins.ml2.drivers.ovn.mech_driver.mech_driver [None req-ded871be-44cd-4c87-a954-1ccc9f7460bd - - - - - -] OVN reports status up for port: 2bdc982d-ae6e-484f-80b6-1e6a1189d27a
2026-07-09 17:58:51.389 9 INFO neutron.wsgi [None req-2cb36e3c-b8ea-4adb-bac3-7cd80a42d9d3 17216d72c0544ffbbebbcde8310a5254 58de92168cf64c17a6744b687e9e184c - - default default] 10.0.0.192 "GET /v2.0/subnets?not-tags=red%2Cblue HTTP/1.1" status: 200 len: 2615 time: 0.1181686
2026-07-09 17:58:51.392 9 INFO neutron.plugins.ml2.plugin [None req-ded871be-44cd-4c87-a954-1ccc9f7460bd - - - - - -] Attempt 1 to provision port 2bdc982d-ae6e-484f-80b6-1e6a1189d27a
2026-07-09 17:58:51.450 9 WARNING neutron_lib.context [None req-64a8bc89-80a2-4376-9dcd-01fcbd3b955d 8724062a12e7489eb423bd6ea0f202bc 0fdd6d56ef0f478fb020a72b96e97db5 - - default default] Method 'is_advsvc' is deprecated since 2023.2 release (neutron-lib 3.8.0) and will be removed once support for the old RBAC API policies will be removed from Neutron. Please use method 'is_service_role' instead.
2026-07-09 17:58:51.518 9 INFO neutron.wsgi [None req-55f5b390-788e-41af-a10b-b886b62a3fce 17216d72c0544ffbbebbcde8310a5254 58de92168cf64c17a6744b687e9e184c - - default default] 10.0.0.192 "GET /v2.0/subnets?not-tags-any=blue HTTP/1.1" status: 200 len: 2615 time: 0.1041076
2026-07-09 17:58:51.597 9 INFO neutron.wsgi [None req-2e5b86a9-0342-4cc5-87d1-a21be8a83f52 17216d72c0544ffbbebbcde8310a5254 58de92168cf64c17a6744b687e9e184c - - default default] 10.0.0.192 "GET /v2.0/subnets?not-tags-any=red%2Cblue HTTP/1.1" status: 200 len: 2018 time: 0.0634880
2026-07-09 17:58:52.052 10 INFO neutron.db.ovn_revision_numbers_db [None req-3a6840fe-c253-4c19-a799-668bedd5c8b2 - - - - - -] Successfully bumped revision number for resource 9c25945f-dc3b-4699-94d5-fee3a287a3fe (type: router_ports) to 2
2026-07-09 17:58:52.209 9 INFO neutron.db.ovn_revision_numbers_db [None req-64a8bc89-80a2-4376-9dcd-01fcbd3b955d 8724062a12e7489eb423bd6ea0f202bc 0fdd6d56ef0f478fb020a72b96e97db5 - - default default] Successfully bumped revision number for resource bc93fe2a-7e62-4f0d-a4b8-cb53a30cb839 (type: security_groups) to 1
2026-07-09 17:58:52.236 9 INFO neutron.db.ovn_revision_numbers_db [None req-64a8bc89-80a2-4376-9dcd-01fcbd3b955d 8724062a12e7489eb423bd6ea0f202bc 0fdd6d56ef0f478fb020a72b96e97db5 - - default default] Successfully bumped revision number for resource 988940b2-519c-468f-8027-b9f49163529b (type: security_group_rules) to 0
2026-07-09 17:58:52.237 10 INFO neutron.wsgi [None req-e7f82444-fe67-4224-9d39-f5a2723520eb 17216d72c0544ffbbebbcde8310a5254 58de92168cf64c17a6744b687e9e184c - - default default] 10.0.0.192 "DELETE /v2.0/subnets/4f87734a-0bae-44bc-bae4-ad1ca51afe08 HTTP/1.1" status: 204 len: 168 time: 0.4918432
2026-07-09 17:58:52.278 9 INFO neutron.db.ovn_revision_numbers_db [None req-64a8bc89-80a2-4376-9dcd-01fcbd3b955d 8724062a12e7489eb423bd6ea0f202bc 0fdd6d56ef0f478fb020a72b96e97db5 - - default default] Successfully bumped revision number for resource b0f1290b-3dd6-4af3-b131-b85057c38757 (type: security_group_rules) to 0
2026-07-09 17:58:52.321 9 INFO neutron.wsgi [None req-64a8bc89-80a2-4376-9dcd-01fcbd3b955d 8724062a12e7489eb423bd6ea0f202bc 0fdd6d56ef0f478fb020a72b96e97db5 - - default default] 10.0.0.192 "POST /v2.0/security-groups HTTP/1.1" status: 201 len: 1830 time: 0.8770173
2026-07-09 17:58:52.333 10 WARNING neutron_lib.context [None req-ab4c9851-fbd0-4efe-9dcc-5aa932676abb 8724062a12e7489eb423bd6ea0f202bc 0fdd6d56ef0f478fb020a72b96e97db5 - - default default] Method 'is_advsvc' is deprecated since 2023.2 release (neutron-lib 3.8.0) and will be removed once support for the old RBAC API policies will be removed from Neutron. Please use method 'is_service_role' instead.
2026-07-09 17:58:52.582 10 INFO neutron.db.ovn_revision_numbers_db [None req-ab4c9851-fbd0-4efe-9dcc-5aa932676abb 8724062a12e7489eb423bd6ea0f202bc 0fdd6d56ef0f478fb020a72b96e97db5 - - default default] Successfully bumped revision number for resource 214b67a9-1b93-4819-bf71-f774f2ab938e (type: security_group_rules) to 0
2026-07-09 17:58:52.605 9 INFO neutron.wsgi [None req-122c3995-5a6a-4045-be33-fa21b4b07aa5 17216d72c0544ffbbebbcde8310a5254 58de92168cf64c17a6744b687e9e184c - - default default] 10.0.0.192 "DELETE /v2.0/subnets/4e98d65c-3534-4438-a0a5-030b784900ac HTTP/1.1" status: 204 len: 168 time: 0.3602273
2026-07-09 17:58:52.607 9 INFO neutron.db.ovn_revision_numbers_db [None req-ded871be-44cd-4c87-a954-1ccc9f7460bd - - - - - -] Successfully bumped revision number for resource 2bdc982d-ae6e-484f-80b6-1e6a1189d27a (type: ports) to 2
2026-07-09 17:58:52.629 10 INFO neutron.wsgi [None req-ab4c9851-fbd0-4efe-9dcc-5aa932676abb 8724062a12e7489eb423bd6ea0f202bc 0fdd6d56ef0f478fb020a72b96e97db5 - - default default] 10.0.0.192 "POST /v2.0/security-group-rules HTTP/1.1" status: 201 len: 796 time: 0.3030629
2026-07-09 17:58:52.657 9 WARNING neutron_lib.context [None req-fd08b56c-55df-4051-9ef1-1fe8b9d22196 8724062a12e7489eb423bd6ea0f202bc 0fdd6d56ef0f478fb020a72b96e97db5 - - default default] Method 'is_advsvc' is deprecated since 2023.2 release (neutron-lib 3.8.0) and will be removed once support for the old RBAC API policies will be removed from Neutron. Please use method 'is_service_role' instead.
2026-07-09 17:58:52.856 9 INFO neutron.db.ovn_revision_numbers_db [None req-ded871be-44cd-4c87-a954-1ccc9f7460bd - - - - - -] Successfully bumped revision number for resource 2bdc982d-ae6e-484f-80b6-1e6a1189d27a (type: router_ports) to 2
2026-07-09 17:58:52.990 9 INFO neutron.db.ovn_revision_numbers_db [None req-fd08b56c-55df-4051-9ef1-1fe8b9d22196 8724062a12e7489eb423bd6ea0f202bc 0fdd6d56ef0f478fb020a72b96e97db5 - - default default] Successfully bumped revision number for resource c597f7af-a338-4019-9daa-101e53c9cad3 (type: security_group_rules) to 0
2026-07-09 17:58:53.005 9 INFO neutron.wsgi [None req-62da47f2-e2e0-4a45-8674-dc96f7a4a1f0 17216d72c0544ffbbebbcde8310a5254 58de92168cf64c17a6744b687e9e184c - - default default] 10.0.0.192 "DELETE /v2.0/subnets/7b1af28c-2efd-4761-a439-5724b0eab204 HTTP/1.1" status: 204 len: 168 time: 0.3951373 /var/lib/openstack/lib/python3.10/site-packages/pycadf/identifier.py:71: UserWarning: Invalid uuid: neutron. To ensure interoperability, identifiers should be a valid uuid. warnings.warn(('Invalid uuid: %s. To ensure interoperability, '
2026-07-09 17:58:53.029 9 INFO neutron.wsgi [None req-fd08b56c-55df-4051-9ef1-1fe8b9d22196 8724062a12e7489eb423bd6ea0f202bc 0fdd6d56ef0f478fb020a72b96e97db5 - - default default] 10.0.0.192 "POST /v2.0/security-group-rules HTTP/1.1" status: 201 len: 796 time: 0.3799667
2026-07-09 17:58:53.041 9 WARNING neutron_lib.context [None req-da41fb4d-cfbd-4954-a171-13828f2ec089 8724062a12e7489eb423bd6ea0f202bc 0fdd6d56ef0f478fb020a72b96e97db5 - - default default] Method 'is_advsvc' is deprecated since 2023.2 release (neutron-lib 3.8.0) and will be removed once support for the old RBAC API policies will be removed from Neutron. Please use method 'is_service_role' instead.
2026-07-09 17:58:53.195 9 INFO neutron.db.ovn_revision_numbers_db [None req-da41fb4d-cfbd-4954-a171-13828f2ec089 8724062a12e7489eb423bd6ea0f202bc 0fdd6d56ef0f478fb020a72b96e97db5 - - default default] Successfully bumped revision number for resource 0800048a-f77f-4418-b1e7-763b1dd8d71f (type: security_group_rules) to 0
