2026-07-09 17:57:49.189 10 INFO neutron.wsgi [None req-683a8d66-97b7-4362-ad66-2265278aaff2 93215cacf6b849188ab9ae839b028e13 0973c686f5e04ef295d3271fcabcc7cc - - default default] 10.0.0.192 "GET /v2.0/routers/e0dfa4b0-d773-4719-8ff9-aa3aaa8a950c/tags HTTP/1.1" status: 200 len: 227 time: 0.0858226
2026-07-09 17:57:49.291 10 INFO neutron.wsgi [None req-b4265a61-c537-4e85-be8d-6f07417696e3 93215cacf6b849188ab9ae839b028e13 0973c686f5e04ef295d3271fcabcc7cc - - default default] 10.0.0.192 "PUT /v2.0/routers/e0dfa4b0-d773-4719-8ff9-aa3aaa8a950c/tags/black.or.white HTTP/1.1" status: 201 len: 201 time: 0.0962448
2026-07-09 17:57:49.374 10 INFO neutron.wsgi [None req-12384779-b862-40ca-875f-f52b13fe5dfb 93215cacf6b849188ab9ae839b028e13 0973c686f5e04ef295d3271fcabcc7cc - - default default] 10.0.0.192 "GET /v2.0/routers/e0dfa4b0-d773-4719-8ff9-aa3aaa8a950c/tags HTTP/1.1" status: 200 len: 245 time: 0.0777342
2026-07-09 17:57:49.477 10 INFO neutron.wsgi [None req-0bb10427-fd3a-4ab8-baea-852d757a3f6e 93215cacf6b849188ab9ae839b028e13 0973c686f5e04ef295d3271fcabcc7cc - - default default] 10.0.0.192 "PUT /v2.0/routers/e0dfa4b0-d773-4719-8ff9-aa3aaa8a950c/tags HTTP/1.1" status: 200 len: 230 time: 0.0943174
2026-07-09 17:57:49.551 10 INFO neutron.wsgi [None req-5d12f369-b845-48f4-b38d-7302aa8c6eca 93215cacf6b849188ab9ae839b028e13 0973c686f5e04ef295d3271fcabcc7cc - - default default] 10.0.0.192 "GET /v2.0/routers/e0dfa4b0-d773-4719-8ff9-aa3aaa8a950c/tags HTTP/1.1" status: 200 len: 230 time: 0.0665205
2026-07-09 17:57:49.625 9 INFO neutron.db.ovn_revision_numbers_db [None req-4a524f0e-6ff6-48ce-9aee-7ee85a85b483 e6cfe06edef641da8ae2cfcf8f7f02e0 57fb5635033f455bad6c1b3399a801bc - - default default] Successfully bumped revision number for resource d735b78a-23db-4a22-a56a-0a9c2d063119 (type: networks) to 1
2026-07-09 17:57:49.635 10 INFO neutron.wsgi [None req-29d98b7c-5ae3-4cff-ab72-aa3ed2e28826 93215cacf6b849188ab9ae839b028e13 0973c686f5e04ef295d3271fcabcc7cc - - default default] 10.0.0.192 "GET /v2.0/routers/e0dfa4b0-d773-4719-8ff9-aa3aaa8a950c/tags/red HTTP/1.1" status: 204 len: 168 time: 0.0789256
2026-07-09 17:57:49.729 10 INFO neutron.api.v2.resource [None req-82054b2c-f587-49d9-921f-8eec0e8c365c 93215cacf6b849188ab9ae839b028e13 0973c686f5e04ef295d3271fcabcc7cc - - default default] show failed (client error): The resource could not be found.
2026-07-09 17:57:49.731 10 INFO neutron.wsgi [None req-82054b2c-f587-49d9-921f-8eec0e8c365c 93215cacf6b849188ab9ae839b028e13 0973c686f5e04ef295d3271fcabcc7cc - - default default] 10.0.0.192 "GET /v2.0/routers/e0dfa4b0-d773-4719-8ff9-aa3aaa8a950c/tags/green HTTP/1.1" status: 404 len: 299 time: 0.0862563
2026-07-09 17:57:49.812 10 INFO neutron.wsgi [None req-b21a3fe2-a892-4c36-8af8-18f3f245e6d6 93215cacf6b849188ab9ae839b028e13 0973c686f5e04ef295d3271fcabcc7cc - - default default] 10.0.0.192 "DELETE /v2.0/routers/e0dfa4b0-d773-4719-8ff9-aa3aaa8a950c/tags/red HTTP/1.1" status: 204 len: 168 time: 0.0736225
2026-07-09 17:57:49.882 9 WARNING neutron.scheduler.dhcp_agent_scheduler [None req-4a524f0e-6ff6-48ce-9aee-7ee85a85b483 e6cfe06edef641da8ae2cfcf8f7f02e0 57fb5635033f455bad6c1b3399a801bc - - default default] No more DHCP agents
2026-07-09 17:57:49.887 9 WARNING neutron.api.rpc.agentnotifiers.dhcp_rpc_agent_api [None req-4a524f0e-6ff6-48ce-9aee-7ee85a85b483 e6cfe06edef641da8ae2cfcf8f7f02e0 57fb5635033f455bad6c1b3399a801bc - - default default] Unable to schedule network d735b78a-23db-4a22-a56a-0a9c2d063119: no agents available; will retry on subsequent port and subnet creation events.
2026-07-09 17:57:49.889 10 INFO neutron.wsgi [None req-a559f965-d217-4687-8d37-004b580f7db7 93215cacf6b849188ab9ae839b028e13 0973c686f5e04ef295d3271fcabcc7cc - - default default] 10.0.0.192 "GET /v2.0/routers/e0dfa4b0-d773-4719-8ff9-aa3aaa8a950c/tags HTTP/1.1" status: 200 len: 223 time: 0.0711639
2026-07-09 17:57:49.962 10 INFO neutron.api.v2.resource [None req-88b188bd-d6a3-4381-a39a-5deb3f6de510 93215cacf6b849188ab9ae839b028e13 0973c686f5e04ef295d3271fcabcc7cc - - default default] delete failed (client error): The resource could not be found.
2026-07-09 17:57:49.964 10 INFO neutron.wsgi [None req-88b188bd-d6a3-4381-a39a-5deb3f6de510 93215cacf6b849188ab9ae839b028e13 0973c686f5e04ef295d3271fcabcc7cc - - default default] 10.0.0.192 "DELETE /v2.0/routers/e0dfa4b0-d773-4719-8ff9-aa3aaa8a950c/tags/green HTTP/1.1" status: 404 len: 299 time: 0.0685179
2026-07-09 17:57:50.039 9 INFO neutron.db.ovn_revision_numbers_db [None req-4a524f0e-6ff6-48ce-9aee-7ee85a85b483 e6cfe06edef641da8ae2cfcf8f7f02e0 57fb5635033f455bad6c1b3399a801bc - - default default] Successfully bumped revision number for resource 828b479e-1817-4d9d-a63f-f6236306793c (type: ports) to 1
2026-07-09 17:57:50.060 10 INFO neutron.wsgi [None req-d1a2b25d-0cc4-4d6f-b7de-2f485055732f 93215cacf6b849188ab9ae839b028e13 0973c686f5e04ef295d3271fcabcc7cc - - default default] 10.0.0.192 "DELETE /v2.0/routers/e0dfa4b0-d773-4719-8ff9-aa3aaa8a950c/tags HTTP/1.1" status: 204 len: 168 time: 0.0887766
2026-07-09 17:57:50.079 9 INFO neutron.wsgi [None req-4a524f0e-6ff6-48ce-9aee-7ee85a85b483 e6cfe06edef641da8ae2cfcf8f7f02e0 57fb5635033f455bad6c1b3399a801bc - - default default] 10.0.0.192 "POST /v2.0/networks HTTP/1.1" status: 201 len: 831 time: 1.3836107
2026-07-09 17:57:50.127 10 INFO neutron.wsgi [None req-1d0337a6-98c9-461c-ad47-063a6d1522e6 93215cacf6b849188ab9ae839b028e13 0973c686f5e04ef295d3271fcabcc7cc - - default default] 10.0.0.192 "GET /v2.0/routers/e0dfa4b0-d773-4719-8ff9-aa3aaa8a950c/tags HTTP/1.1" status: 200 len: 205 time: 0.0606968
2026-07-09 17:57:50.153 9 INFO neutron.db.ovn_revision_numbers_db [None req-136d9560-08f7-4bcf-bc19-35f181d48373 d0c65db9968c44ea881660ce31adcce2 2bb4e729329c4911868eda1f1f6609e1 - - default default] Successfully bumped revision number for resource 7c7db65f-3756-4bdf-b85d-d49f6acfa179 (type: security_groups) to 1
2026-07-09 17:57:50.170 9 INFO neutron.wsgi [None req-19028f4e-66dd-4566-9da0-68da3503c7fb e6cfe06edef641da8ae2cfcf8f7f02e0 57fb5635033f455bad6c1b3399a801bc - - default default] 10.0.0.192 "PUT /v2.0/networks/d735b78a-23db-4a22-a56a-0a9c2d063119/tags HTTP/1.1" status: 200 len: 218 time: 0.0804725
2026-07-09 17:57:50.174 9 INFO neutron.db.ovn_revision_numbers_db [None req-136d9560-08f7-4bcf-bc19-35f181d48373 d0c65db9968c44ea881660ce31adcce2 2bb4e729329c4911868eda1f1f6609e1 - - default default] Successfully bumped revision number for resource 3feadfa2-8436-4f62-bcf8-35bf6f54b64d (type: security_group_rules) to 0
2026-07-09 17:57:50.185 10 INFO neutron.wsgi [None req-256feefc-cbba-4524-8c12-9aa491247798 93215cacf6b849188ab9ae839b028e13 0973c686f5e04ef295d3271fcabcc7cc - - default default] 10.0.0.192 "GET /v2.0/routers/e0dfa4b0-d773-4719-8ff9-aa3aaa8a950c HTTP/1.1" status: 200 len: 770 time: 0.0500815
2026-07-09 17:57:50.203 9 INFO neutron.db.ovn_revision_numbers_db [None req-136d9560-08f7-4bcf-bc19-35f181d48373 d0c65db9968c44ea881660ce31adcce2 2bb4e729329c4911868eda1f1f6609e1 - - default default] Successfully bumped revision number for resource 5e62df76-4304-45d2-810d-37d4e8788a10 (type: security_group_rules) to 0
2026-07-09 17:57:50.230 9 INFO neutron.wsgi [None req-04595ee8-6935-4bea-bcf2-b479a2a38fb9 e6cfe06edef641da8ae2cfcf8f7f02e0 57fb5635033f455bad6c1b3399a801bc - - default default] 10.0.0.192 "GET /v2.0/networks/d735b78a-23db-4a22-a56a-0a9c2d063119/tags HTTP/1.1" status: 200 len: 218 time: 0.0531900
2026-07-09 17:57:50.231 9 INFO neutron.db.ovn_revision_numbers_db [None req-136d9560-08f7-4bcf-bc19-35f181d48373 d0c65db9968c44ea881660ce31adcce2 2bb4e729329c4911868eda1f1f6609e1 - - default default] Successfully bumped revision number for resource 80fd3903-321c-4685-89e9-effb9122f076 (type: security_group_rules) to 0
2026-07-09 17:57:50.260 9 INFO neutron.db.ovn_revision_numbers_db [None req-136d9560-08f7-4bcf-bc19-35f181d48373 d0c65db9968c44ea881660ce31adcce2 2bb4e729329c4911868eda1f1f6609e1 - - default default] Successfully bumped revision number for resource c18e8a39-7854-49e4-8b78-2184c92ed96c (type: security_group_rules) to 0
2026-07-09 17:57:50.303 9 INFO neutron.wsgi [None req-136d9560-08f7-4bcf-bc19-35f181d48373 d0c65db9968c44ea881660ce31adcce2 2bb4e729329c4911868eda1f1f6609e1 - - default default] 10.0.0.192 "GET /v2.0/security-groups?tenant_id=126a68e072d04e3ca6564460ed3122c5&name=default HTTP/1.1" status: 200 len: 3120 time: 0.5039554
2026-07-09 17:57:50.342 9 INFO neutron.wsgi [None req-e02e5473-b539-470a-87b9-c49f8a74af65 e6cfe06edef641da8ae2cfcf8f7f02e0 57fb5635033f455bad6c1b3399a801bc - - default default] 10.0.0.192 "PUT /v2.0/networks/d735b78a-23db-4a22-a56a-0a9c2d063119/tags/green HTTP/1.1" status: 201 len: 201 time: 0.1072550
2026-07-09 17:57:50.425 9 INFO neutron.wsgi [None req-a4b1869c-b88a-4467-baa1-66cc91aab6ae e6cfe06edef641da8ae2cfcf8f7f02e0 57fb5635033f455bad6c1b3399a801bc - - default default] 10.0.0.192 "GET /v2.0/networks/d735b78a-23db-4a22-a56a-0a9c2d063119/tags HTTP/1.1" status: 200 len: 227 time: 0.0641608
2026-07-09 17:57:50.545 9 INFO neutron.wsgi [None req-7807bbbb-31ca-4be8-993d-3e153972327f e6cfe06edef641da8ae2cfcf8f7f02e0 57fb5635033f455bad6c1b3399a801bc - - default default] 10.0.0.192 "PUT /v2.0/networks/d735b78a-23db-4a22-a56a-0a9c2d063119/tags/red HTTP/1.1" status: 201 len: 201 time: 0.0998406
2026-07-09 17:57:50.607 9 INFO neutron.wsgi [req-d0d82a8f-153a-43df-b2f2-1e103bac8ca2 req-cadc7a1f-8de4-476a-9911-aab3ab6aa927 9641b87a283e4ec09b0c3517dc01645c a7a0526503ce4ec899e384dc9024c28f - - 7487e898d5dc4f46b4dc538548e243d7 7487e898d5dc4f46b4dc538548e243d7] 199.19.213.249 "GET /v2.0/ports?device_id=29afe5ba-e12d-436b-9997-46483ae9b6b7&fields=binding%3Ahost_id&fields=binding%3Avif_type HTTP/1.1" status: 200 len: 265 time: 0.0769982
2026-07-09 17:57:50.645 9 INFO neutron.wsgi [None req-77cbb681-1186-4753-8f75-3c85f39223fb e6cfe06edef641da8ae2cfcf8f7f02e0 57fb5635033f455bad6c1b3399a801bc - - default default] 10.0.0.192 "GET /v2.0/networks/d735b78a-23db-4a22-a56a-0a9c2d063119/tags HTTP/1.1" status: 200 len: 227 time: 0.0867832
2026-07-09 17:57:50.735 9 INFO neutron.wsgi [req-d0d82a8f-153a-43df-b2f2-1e103bac8ca2 req-9c6c078d-b97b-4734-9d43-575ee59cab51 9641b87a283e4ec09b0c3517dc01645c a7a0526503ce4ec899e384dc9024c28f - - 7487e898d5dc4f46b4dc538548e243d7 7487e898d5dc4f46b4dc538548e243d7] 199.19.213.249 "GET /v2.0/ports?tenant_id=366429dc9b524713af94988132729de1&device_id=29afe5ba-e12d-436b-9997-46483ae9b6b7 HTTP/1.1" status: 200 len: 1413 time: 0.0630715
2026-07-09 17:57:50.774 9 INFO neutron.wsgi [None req-dddfd298-2e29-4913-9518-7de04e8be47b e6cfe06edef641da8ae2cfcf8f7f02e0 57fb5635033f455bad6c1b3399a801bc - - default default] 10.0.0.192 "PUT /v2.0/networks/d735b78a-23db-4a22-a56a-0a9c2d063119/tags/black.or.white HTTP/1.1" status: 201 len: 201 time: 0.1119761
2026-07-09 17:57:50.832 9 INFO neutron.wsgi [req-d0d82a8f-153a-43df-b2f2-1e103bac8ca2 req-35ce24a8-d314-4cbd-bb91-32cb424df8f2 9641b87a283e4ec09b0c3517dc01645c a7a0526503ce4ec899e384dc9024c28f - - 7487e898d5dc4f46b4dc538548e243d7 7487e898d5dc4f46b4dc538548e243d7] 199.19.213.249 "GET /v2.0/networks?id=679c4894-df85-4bab-a527-509d4313a943 HTTP/1.1" status: 200 len: 958 time: 0.0745370
2026-07-09 17:57:50.841 9 INFO neutron.wsgi [None req-7f3782ee-5803-4ba8-bd10-bfcec2ed4bf1 d0c65db9968c44ea881660ce31adcce2 2bb4e729329c4911868eda1f1f6609e1 - - default default] 10.0.0.192 "DELETE /v2.0/security-groups/7c7db65f-3756-4bdf-b85d-d49f6acfa179 HTTP/1.1" status: 204 len: 168 time: 0.5281210
2026-07-09 17:57:50.858 10 INFO neutron.wsgi [None req-ba586791-630f-4d62-b1ea-8c2bd410a778 e6cfe06edef641da8ae2cfcf8f7f02e0 57fb5635033f455bad6c1b3399a801bc - - default default] 10.0.0.192 "GET /v2.0/networks/d735b78a-23db-4a22-a56a-0a9c2d063119/tags HTTP/1.1" status: 200 len: 245 time: 0.0726423
2026-07-09 17:57:50.873 9 INFO neutron.wsgi [req-d0d82a8f-153a-43df-b2f2-1e103bac8ca2 req-29987922-99e8-42e3-8c95-d7ec6daaaab9 9641b87a283e4ec09b0c3517dc01645c a7a0526503ce4ec899e384dc9024c28f - - 7487e898d5dc4f46b4dc538548e243d7 7487e898d5dc4f46b4dc538548e243d7] 199.19.213.249 "GET /v2.0/floatingips?fixed_ip_address=10.100.0.12&port_id=61680864-9999-4295-9362-7f23e28924f9 HTTP/1.1" status: 200 len: 217 time: 0.0292089
2026-07-09 17:57:50.935 9 INFO neutron.wsgi [req-d0d82a8f-153a-43df-b2f2-1e103bac8ca2 req-a3ca20e0-0670-46d3-a56f-56f12a64789d 9641b87a283e4ec09b0c3517dc01645c a7a0526503ce4ec899e384dc9024c28f - - 7487e898d5dc4f46b4dc538548e243d7 7487e898d5dc4f46b4dc538548e243d7] 199.19.213.249 "GET /v2.0/subnets?id=0c40d40a-bf8d-4bed-b773-a36524d91f58 HTTP/1.1" status: 200 len: 852 time: 0.0535679
2026-07-09 17:57:50.945 9 INFO neutron.wsgi [None req-9181975f-737f-42ce-ae54-bae69e432ca4 e6cfe06edef641da8ae2cfcf8f7f02e0 57fb5635033f455bad6c1b3399a801bc - - default default] 10.0.0.192 "PUT /v2.0/networks/d735b78a-23db-4a22-a56a-0a9c2d063119/tags HTTP/1.1" status: 200 len: 230 time: 0.0801291
2026-07-09 17:57:50.967 9 INFO neutron.wsgi [req-d0d82a8f-153a-43df-b2f2-1e103bac8ca2 req-78730296-23d4-4c16-aa25-a49213db48be 9641b87a283e4ec09b0c3517dc01645c a7a0526503ce4ec899e384dc9024c28f - - 7487e898d5dc4f46b4dc538548e243d7 7487e898d5dc4f46b4dc538548e243d7] 199.19.213.249 "GET /v2.0/ports?network_id=679c4894-df85-4bab-a527-509d4313a943&device_owner=network%3Adhcp HTTP/1.1" status: 200 len: 210 time: 0.0218523
2026-07-09 17:57:51.034 10 INFO neutron.wsgi [None req-3bf1863f-cbf9-42c0-9e89-0c41c2f07c43 e6cfe06edef641da8ae2cfcf8f7f02e0 57fb5635033f455bad6c1b3399a801bc - - default default] 10.0.0.192 "GET /v2.0/networks/d735b78a-23db-4a22-a56a-0a9c2d063119/tags HTTP/1.1" status: 200 len: 230 time: 0.0789888
2026-07-09 17:57:51.040 10 INFO neutron.db.ovn_revision_numbers_db [None req-db96e472-5b84-4d01-9a5c-a8304594e44c 93215cacf6b849188ab9ae839b028e13 0973c686f5e04ef295d3271fcabcc7cc - - default default] Successfully bumped revision number for resource e0dfa4b0-d773-4719-8ff9-aa3aaa8a950c (type: routers) to 7
2026-07-09 17:57:51.044 9 INFO neutron.wsgi [req-d0d82a8f-153a-43df-b2f2-1e103bac8ca2 req-909bf893-7d7f-474c-b091-8e8958e9d888 9641b87a283e4ec09b0c3517dc01645c a7a0526503ce4ec899e384dc9024c28f - - 7487e898d5dc4f46b4dc538548e243d7 7487e898d5dc4f46b4dc538548e243d7] 199.19.213.249 "GET /v2.0/networks/679c4894-df85-4bab-a527-509d4313a943?fields=segments HTTP/1.1" status: 200 len: 212 time: 0.0679073
2026-07-09 17:57:51.049 10 INFO neutron.wsgi [None req-db96e472-5b84-4d01-9a5c-a8304594e44c 93215cacf6b849188ab9ae839b028e13 0973c686f5e04ef295d3271fcabcc7cc - - default default] 10.0.0.192 "PUT /v2.0/routers/e0dfa4b0-d773-4719-8ff9-aa3aaa8a950c HTTP/1.1" status: 200 len: 770 time: 0.8586800
2026-07-09 17:57:51.089 10 INFO neutron.wsgi [None req-341abd2c-c388-4496-ae92-10cafb62b518 93215cacf6b849188ab9ae839b028e13 0973c686f5e04ef295d3271fcabcc7cc - - default default] 10.0.0.192 "GET /v2.0/ports?device_id=e0dfa4b0-d773-4719-8ff9-aa3aaa8a950c HTTP/1.1" status: 200 len: 205 time: 0.0312345
2026-07-09 17:57:51.114 10 INFO neutron.wsgi [None req-74442925-815b-46d8-89d3-155d0f556c24 e6cfe06edef641da8ae2cfcf8f7f02e0 57fb5635033f455bad6c1b3399a801bc - - default default] 10.0.0.192 "GET /v2.0/networks/d735b78a-23db-4a22-a56a-0a9c2d063119/tags/red HTTP/1.1" status: 204 len: 168 time: 0.0707295
2026-07-09 17:57:51.163 10 INFO neutron.api.v2.resource [None req-226c70c4-bab5-478b-adcd-1a8658aaf930 e6cfe06edef641da8ae2cfcf8f7f02e0 57fb5635033f455bad6c1b3399a801bc - - default default] show failed (client error): The resource could not be found.
2026-07-09 17:57:51.164 10 INFO neutron.wsgi [None req-226c70c4-bab5-478b-adcd-1a8658aaf930 e6cfe06edef641da8ae2cfcf8f7f02e0 57fb5635033f455bad6c1b3399a801bc - - default default] 10.0.0.192 "GET /v2.0/networks/d735b78a-23db-4a22-a56a-0a9c2d063119/tags/green HTTP/1.1" status: 404 len: 299 time: 0.0454266
2026-07-09 17:57:51.166 9 INFO neutron.wsgi [req-d0d82a8f-153a-43df-b2f2-1e103bac8ca2 req-d14da3c3-8247-447a-b45e-3c8608492209 9641b87a283e4ec09b0c3517dc01645c a7a0526503ce4ec899e384dc9024c28f - - 7487e898d5dc4f46b4dc538548e243d7 7487e898d5dc4f46b4dc538548e243d7] 199.19.213.249 "GET /v2.0/networks/679c4894-df85-4bab-a527-509d4313a943?fields=provider%3Aphysical_network&fields=provider%3Anetwork_type HTTP/1.1" status: 200 len: 277 time: 0.1154721
2026-07-09 17:57:51.227 10 INFO neutron.db.ovn_revision_numbers_db [None req-dd7aa807-f0ea-4731-ab5d-9c9d8349d1d8 d0c65db9968c44ea881660ce31adcce2 2bb4e729329c4911868eda1f1f6609e1 - - default default] Successfully bumped revision number for resource 0d0563f7-1104-41d7-9df1-f428c78b59fa (type: security_groups) to 1
2026-07-09 17:57:51.244 10 INFO neutron.wsgi [None req-618d01cf-48bc-4360-b7b0-732671aef4b7 e6cfe06edef641da8ae2cfcf8f7f02e0 57fb5635033f455bad6c1b3399a801bc - - default default] 10.0.0.192 "DELETE /v2.0/networks/d735b78a-23db-4a22-a56a-0a9c2d063119/tags/red HTTP/1.1" status: 204 len: 168 time: 0.0750086
2026-07-09 17:57:51.255 10 INFO neutron.db.ovn_revision_numbers_db [None req-dd7aa807-f0ea-4731-ab5d-9c9d8349d1d8 d0c65db9968c44ea881660ce31adcce2 2bb4e729329c4911868eda1f1f6609e1 - - default default] Successfully bumped revision number for resource 1b56ad83-d582-4041-85b5-8e6aa0709c13 (type: security_group_rules) to 0
2026-07-09 17:57:51.289 10 INFO neutron.db.ovn_revision_numbers_db [None req-dd7aa807-f0ea-4731-ab5d-9c9d8349d1d8 d0c65db9968c44ea881660ce31adcce2 2bb4e729329c4911868eda1f1f6609e1 - - default default] Successfully bumped revision number for resource 22fa3904-25be-47a0-9434-8853b5e0c3c9 (type: security_group_rules) to 0
2026-07-09 17:57:51.296 10 INFO neutron.wsgi [None req-b485302f-24c0-419c-a40a-b6c325fc01de e6cfe06edef641da8ae2cfcf8f7f02e0 57fb5635033f455bad6c1b3399a801bc - - default default] 10.0.0.192 "GET /v2.0/networks/d735b78a-23db-4a22-a56a-0a9c2d063119/tags HTTP/1.1" status: 200 len: 223 time: 0.0482326
2026-07-09 17:57:51.316 10 INFO neutron.db.ovn_revision_numbers_db [None req-dd7aa807-f0ea-4731-ab5d-9c9d8349d1d8 d0c65db9968c44ea881660ce31adcce2 2bb4e729329c4911868eda1f1f6609e1 - - default default] Successfully bumped revision number for resource b69af980-c08b-49cd-a901-ca5442e4c68b (type: security_group_rules) to 0
2026-07-09 17:57:51.346 10 INFO neutron.db.ovn_revision_numbers_db [None req-dd7aa807-f0ea-4731-ab5d-9c9d8349d1d8 d0c65db9968c44ea881660ce31adcce2 2bb4e729329c4911868eda1f1f6609e1 - - default default] Successfully bumped revision number for resource e687612d-2385-487f-878c-633d6771de9c (type: security_group_rules) to 0
2026-07-09 17:57:51.363 10 INFO neutron.api.v2.resource [None req-7bbb7065-d325-4f24-baae-005f8f9f4eed e6cfe06edef641da8ae2cfcf8f7f02e0 57fb5635033f455bad6c1b3399a801bc - - default default] delete failed (client error): The resource could not be found.
2026-07-09 17:57:51.364 10 INFO neutron.wsgi [None req-7bbb7065-d325-4f24-baae-005f8f9f4eed e6cfe06edef641da8ae2cfcf8f7f02e0 57fb5635033f455bad6c1b3399a801bc - - default default] 10.0.0.192 "DELETE /v2.0/networks/d735b78a-23db-4a22-a56a-0a9c2d063119/tags/green HTTP/1.1" status: 404 len: 299 time: 0.0629764
2026-07-09 17:57:51.369 10 INFO neutron.wsgi [None req-dd7aa807-f0ea-4731-ab5d-9c9d8349d1d8 d0c65db9968c44ea881660ce31adcce2 2bb4e729329c4911868eda1f1f6609e1 - - default default] 10.0.0.192 "GET /v2.0/security-groups?tenant_id=296c939f2d47432eb08ad613fde5f2db&name=default HTTP/1.1" status: 200 len: 3120 time: 0.4126911
2026-07-09 17:57:51.398 9 INFO neutron.wsgi [req-b5f7f46f-30d9-4eb5-ac2f-57c6a2282908 req-3374ce2d-ca8e-48cb-bff2-49c59bdf57aa 9641b87a283e4ec09b0c3517dc01645c a7a0526503ce4ec899e384dc9024c28f - - 7487e898d5dc4f46b4dc538548e243d7 7487e898d5dc4f46b4dc538548e243d7] 10.0.0.211 "GET /v2.0/ports?device_id=30ab1e95-12f8-4501-a551-26e13d6f0c01 HTTP/1.1" status: 200 len: 1413 time: 0.0882730
2026-07-09 17:57:51.442 9 INFO neutron.wsgi [None req-c11b912c-0631-4223-92f6-add8b78e406e 93215cacf6b849188ab9ae839b028e13 0973c686f5e04ef295d3271fcabcc7cc - - default default] 10.0.0.192 "DELETE /v2.0/routers/e0dfa4b0-d773-4719-8ff9-aa3aaa8a950c HTTP/1.1" status: 204 len: 168 time: 0.3474605
2026-07-09 17:57:51.464 9 INFO neutron.wsgi [req-b5f7f46f-30d9-4eb5-ac2f-57c6a2282908 req-0b245d7c-b5ef-4c18-a6fa-9357be0c9132 9641b87a283e4ec09b0c3517dc01645c a7a0526503ce4ec899e384dc9024c28f - - 7487e898d5dc4f46b4dc538548e243d7 7487e898d5dc4f46b4dc538548e243d7] 10.0.0.211 "GET /v2.0/security-groups?id=72ae6a55-daae-450c-b0e5-e0d0d4bead39&fields=id&fields=name HTTP/1.1" status: 200 len: 313 time: 0.0591865
2026-07-09 17:57:51.466 10 INFO neutron.wsgi [None req-a9bf3f6c-2b96-4154-bf1f-14b1a2454874 e6cfe06edef641da8ae2cfcf8f7f02e0 57fb5635033f455bad6c1b3399a801bc - - default default] 10.0.0.192 "DELETE /v2.0/networks/d735b78a-23db-4a22-a56a-0a9c2d063119/tags HTTP/1.1" status: 204 len: 168 time: 0.0924602
2026-07-09 17:57:51.530 10 INFO neutron.wsgi [None req-c06c9545-46ba-416a-985c-3dd0d294138e e6cfe06edef641da8ae2cfcf8f7f02e0 57fb5635033f455bad6c1b3399a801bc - - default default] 10.0.0.192 "GET /v2.0/networks/d735b78a-23db-4a22-a56a-0a9c2d063119/tags HTTP/1.1" status: 200 len: 205 time: 0.0581315
2026-07-09 17:57:51.758 10 INFO neutron.wsgi [None req-d2cc197e-f1cb-43de-98bb-5f6b07f1e449 d0c65db9968c44ea881660ce31adcce2 2bb4e729329c4911868eda1f1f6609e1 - - default default] 10.0.0.192 "DELETE /v2.0/security-groups/0d0563f7-1104-41d7-9df1-f428c78b59fa HTTP/1.1" status: 204 len: 168 time: 0.3826027
2026-07-09 17:57:51.983 10 INFO neutron.services.segments.plugin [-] Segment 46274471-3960-4afb-a568-1b4fe2ff4e80 resource provider aggregate not found
2026-07-09 17:57:51.988 10 INFO neutron.services.segments.plugin [-] Segment 46274471-3960-4afb-a568-1b4fe2ff4e80 resource provider aggregate not found
2026-07-09 17:57:52.005 10 INFO neutron.services.segments.plugin [-] Segment 46274471-3960-4afb-a568-1b4fe2ff4e80 resource provider not found; error: Placement Client Error (4xx): {"errors": [{"status": 404, "title": "Not Found", "detail": "The resource could not be found.\n\n No resource provider with uuid 46274471-3960-4afb-a568-1b4fe2ff4e80 found for delete ", "request_id": "req-9646ba60-9ac4-4ab5-93fd-2ba82858d004"}]}
2026-07-09 17:57:52.015 10 INFO neutron.wsgi [None req-4c0a201e-6207-4a20-8941-78b73dc08d68 e6cfe06edef641da8ae2cfcf8f7f02e0 57fb5635033f455bad6c1b3399a801bc - - default default] 10.0.0.192 "DELETE /v2.0/networks/d735b78a-23db-4a22-a56a-0a9c2d063119 HTTP/1.1" status: 204 len: 168 time: 0.4711239
2026-07-09 17:57:52.016 10 INFO neutron.services.segments.plugin [-] Segment 46274471-3960-4afb-a568-1b4fe2ff4e80 resource provider not found; error: Placement Client Error (4xx): {"errors": [{"status": 404, "title": "Not Found", "detail": "The resource could not be found.\n\n No resource provider with uuid 46274471-3960-4afb-a568-1b4fe2ff4e80 found for delete ", "request_id": "req-5c1d69fa-a3d8-4d54-8a1f-0b44817f0065"}]}
2026-07-09 17:57:52.499 10 INFO neutron.db.ovn_revision_numbers_db [None req-0bc8314b-02bb-4609-9e03-e92cba3af616 d0c65db9968c44ea881660ce31adcce2 2bb4e729329c4911868eda1f1f6609e1 - - default default] Successfully bumped revision number for resource 3f81a96a-e20e-43bb-b854-874c6b8d2a44 (type: security_groups) to 1
2026-07-09 17:57:52.513 10 INFO neutron.db.ovn_revision_numbers_db [None req-0bc8314b-02bb-4609-9e03-e92cba3af616 d0c65db9968c44ea881660ce31adcce2 2bb4e729329c4911868eda1f1f6609e1 - - default default] Successfully bumped revision number for resource 029d1391-1d53-4597-abb1-2207e87a3758 (type: security_group_rules) to 0
2026-07-09 17:57:52.527 10 INFO neutron.db.ovn_revision_numbers_db [None req-0bc8314b-02bb-4609-9e03-e92cba3af616 d0c65db9968c44ea881660ce31adcce2 2bb4e729329c4911868eda1f1f6609e1 - - default default] Successfully bumped revision number for resource 37d5ae4f-f60b-4c2e-87db-6045db6f352c (type: security_group_rules) to 0
2026-07-09 17:57:52.543 10 INFO neutron.db.ovn_revision_numbers_db [None req-0bc8314b-02bb-4609-9e03-e92cba3af616 d0c65db9968c44ea881660ce31adcce2 2bb4e729329c4911868eda1f1f6609e1 - - default default] Successfully bumped revision number for resource 8982baea-f906-4064-912e-55a9213bdcbe (type: security_group_rules) to 0
2026-07-09 17:57:52.557 10 INFO neutron.db.ovn_revision_numbers_db [None req-0bc8314b-02bb-4609-9e03-e92cba3af616 d0c65db9968c44ea881660ce31adcce2 2bb4e729329c4911868eda1f1f6609e1 - - default default] Successfully bumped revision number for resource efb83a5d-eae1-4792-b322-528783edf5da (type: security_group_rules) to 0
2026-07-09 17:57:52.578 10 INFO neutron.wsgi [None req-0bc8314b-02bb-4609-9e03-e92cba3af616 d0c65db9968c44ea881660ce31adcce2 2bb4e729329c4911868eda1f1f6609e1 - - default default] 10.0.0.192 "GET /v2.0/security-groups?tenant_id=d1587f33861649279bdc91ff3b9fd5c2&name=default HTTP/1.1" status: 200 len: 3120 time: 0.3331468
2026-07-09 17:57:52.847 9 INFO neutron.wsgi [None req-ca952a33-3ae5-4398-bcfb-4e48e32f8e9e d0c65db9968c44ea881660ce31adcce2 2bb4e729329c4911868eda1f1f6609e1 - - default default] 10.0.0.192 "DELETE /v2.0/security-groups/3f81a96a-e20e-43bb-b854-874c6b8d2a44 HTTP/1.1" status: 204 len: 168 time: 0.2623835
2026-07-09 17:57:53.012 10 INFO neutron.wsgi [None req-a8bb5ec0-1682-410f-bd9a-9e0cb9288bf8 d0c65db9968c44ea881660ce31adcce2 2bb4e729329c4911868eda1f1f6609e1 - - default default] 10.0.0.192 "GET /v2.0/security-groups?tenant_id=57fb5635033f455bad6c1b3399a801bc&name=default HTTP/1.1" status: 200 len: 3120 time: 0.2725677
2026-07-09 17:57:53.194 9 INFO neutron.db.ovn_revision_numbers_db [None req-39735377-c898-4b75-98fc-9d53be1efd8e d0c65db9968c44ea881660ce31adcce2 2bb4e729329c4911868eda1f1f6609e1 - - default default] Successfully bumped revision number for resource 16e29d24-bdf2-43e0-bd9d-726cb6ad0006 (type: security_groups) to 1
2026-07-09 17:57:53.210 9 INFO neutron.db.ovn_revision_numbers_db [None req-39735377-c898-4b75-98fc-9d53be1efd8e d0c65db9968c44ea881660ce31adcce2 2bb4e729329c4911868eda1f1f6609e1 - - default default] Successfully bumped revision number for resource 2fd6086c-c5fa-4ed7-887e-67d1f316ff42 (type: security_group_rules) to 0
2026-07-09 17:57:53.225 9 INFO neutron.db.ovn_revision_numbers_db [None req-39735377-c898-4b75-98fc-9d53be1efd8e d0c65db9968c44ea881660ce31adcce2 2bb4e729329c4911868eda1f1f6609e1 - - default default] Successfully bumped revision number for resource 4b791cff-66bb-4ead-8530-fb3d65aadeb7 (type: security_group_rules) to 0
2026-07-09 17:57:53.240 9 INFO neutron.db.ovn_revision_numbers_db [None req-39735377-c898-4b75-98fc-9d53be1efd8e d0c65db9968c44ea881660ce31adcce2 2bb4e729329c4911868eda1f1f6609e1 - - default default] Successfully bumped revision number for resource 942ff1f8-c2ba-4c8f-a7bc-705f261f4681 (type: security_group_rules) to 0
2026-07-09 17:57:53.260 9 INFO neutron.db.ovn_revision_numbers_db [None req-39735377-c898-4b75-98fc-9d53be1efd8e d0c65db9968c44ea881660ce31adcce2 2bb4e729329c4911868eda1f1f6609e1 - - default default] Successfully bumped revision number for resource 9c013625-5624-4301-84b1-262706f1ef24 (type: security_group_rules) to 0
2026-07-09 17:57:53.274 10 INFO neutron.wsgi [None req-6d623a9f-0ab9-44e7-96bb-6495eec5429a d0c65db9968c44ea881660ce31adcce2 2bb4e729329c4911868eda1f1f6609e1 - - default default] 10.0.0.192 "DELETE /v2.0/security-groups/a976f0e3-ccda-4eb6-b851-81951c45c10f HTTP/1.1" status: 204 len: 168 time: 0.2523782
2026-07-09 17:57:53.286 9 INFO neutron.wsgi [None req-39735377-c898-4b75-98fc-9d53be1efd8e d0c65db9968c44ea881660ce31adcce2 2bb4e729329c4911868eda1f1f6609e1 - - default default] 10.0.0.192 "GET /v2.0/security-groups?tenant_id=0973c686f5e04ef295d3271fcabcc7cc&name=default HTTP/1.1" status: 200 len: 3120 time: 0.2362959
2026-07-09 17:57:53.364 10 INFO neutron.plugins.ml2.drivers.ovn.mech_driver.mech_driver [None req-3a6840fe-c253-4c19-a799-668bedd5c8b2 - - - - - -] OVN reports status down for port: 99ff585a-274a-4213-a627-d1025534397a
2026-07-09 17:57:53.532 10 INFO neutron.wsgi [req-fb8e7917-78c8-4a59-9ed1-f2d5902f50e7 req-15a31407-89db-428d-99dd-399436522a30 b6657a9963d7413890d33574fe038125 366429dc9b524713af94988132729de1 - - default default] 10.0.0.226 "GET /v2.0/ports?device_id=30ab1e95-12f8-4501-a551-26e13d6f0c01 HTTP/1.1" status: 200 len: 1174 time: 0.2082498
2026-07-09 17:57:53.610 9 INFO neutron.db.ovn_revision_numbers_db [None req-97a6d506-e1fc-49b5-ba16-9b0f95547e78 d0c65db9968c44ea881660ce31adcce2 2bb4e729329c4911868eda1f1f6609e1 - - default default] Successfully bumped revision number for resource 641f442c-2263-4dd2-9965-4cb106eaece2 (type: security_groups) to 1
2026-07-09 17:57:53.627 10 INFO neutron.wsgi [req-fb8e7917-78c8-4a59-9ed1-f2d5902f50e7 req-cd0adefb-7974-466f-89c0-15ae2658662e b6657a9963d7413890d33574fe038125 366429dc9b524713af94988132729de1 - - default default] 10.0.0.226 "GET /v2.0/security-groups?id=72ae6a55-daae-450c-b0e5-e0d0d4bead39&fields=id&fields=name HTTP/1.1" status: 200 len: 313 time: 0.0855200
2026-07-09 17:57:53.627 9 INFO neutron.db.ovn_revision_numbers_db [None req-97a6d506-e1fc-49b5-ba16-9b0f95547e78 d0c65db9968c44ea881660ce31adcce2 2bb4e729329c4911868eda1f1f6609e1 - - default default] Successfully bumped revision number for resource 37c8372e-97ea-44a4-bf1c-aacaa03142a1 (type: security_group_rules) to 0
2026-07-09 17:57:53.653 10 INFO neutron.notifiers.nova [-] Nova event matching ['req-76686f5c-c41e-4752-9331-088f4795c14d'] response: {'server_uuid': '30ab1e95-12f8-4501-a551-26e13d6f0c01', 'name': 'network-vif-unplugged', 'status': 'completed', 'tag': '99ff585a-274a-4213-a627-d1025534397a', 'code': 200}
2026-07-09 17:57:53.660 9 INFO neutron.db.ovn_revision_numbers_db [None req-97a6d506-e1fc-49b5-ba16-9b0f95547e78 d0c65db9968c44ea881660ce31adcce2 2bb4e729329c4911868eda1f1f6609e1 - - default default] Successfully bumped revision number for resource 3aed5450-3139-4ed4-87b9-9633034e16d7 (type: security_group_rules) to 0
2026-07-09 17:57:53.686 9 INFO neutron.db.ovn_revision_numbers_db [None req-97a6d506-e1fc-49b5-ba16-9b0f95547e78 d0c65db9968c44ea881660ce31adcce2 2bb4e729329c4911868eda1f1f6609e1 - - default default] Successfully bumped revision number for resource 6fa95987-254b-4c51-89e0-e427ada42411 (type: security_group_rules) to 0
2026-07-09 17:57:53.713 9 INFO neutron.db.ovn_revision_numbers_db [None req-97a6d506-e1fc-49b5-ba16-9b0f95547e78 d0c65db9968c44ea881660ce31adcce2 2bb4e729329c4911868eda1f1f6609e1 - - default default] Successfully bumped revision number for resource a690fe07-bbd5-4a5b-b401-d58f411b136b (type: security_group_rules) to 0
2026-07-09 17:57:53.714 10 INFO neutron.wsgi [None req-55413e6f-51b1-4c26-8832-ebcd9b4a3111 d0c65db9968c44ea881660ce31adcce2 2bb4e729329c4911868eda1f1f6609e1 - - default default] 10.0.0.192 "DELETE /v2.0/security-groups/16e29d24-bdf2-43e0-bd9d-726cb6ad0006 HTTP/1.1" status: 204 len: 168 time: 0.4206173
2026-07-09 17:57:53.746 9 INFO neutron.wsgi [None req-97a6d506-e1fc-49b5-ba16-9b0f95547e78 d0c65db9968c44ea881660ce31adcce2 2bb4e729329c4911868eda1f1f6609e1 - - default default] 10.0.0.192 "GET /v2.0/security-groups?tenant_id=d6ff6bb5cfed4640bbae422b06eb0da0&name=default HTTP/1.1" status: 200 len: 3120 time: 0.3267710
2026-07-09 17:57:53.772 9 INFO neutron.wsgi [req-924bbeab-0948-4740-8957-807b05654ac8 req-503c23ed-544f-458d-94fb-4d8e0bf42df7 b6657a9963d7413890d33574fe038125 366429dc9b524713af94988132729de1 - - default default] 199.19.213.249 "GET /v2.0/ports?device_id=30ab1e95-12f8-4501-a551-26e13d6f0c01 HTTP/1.1" status: 200 len: 1172 time: 0.1262484
2026-07-09 17:57:53.832 10 INFO neutron.db.ovn_revision_numbers_db [None req-3a6840fe-c253-4c19-a799-668bedd5c8b2 - - - - - -] Successfully bumped revision number for resource 99ff585a-274a-4213-a627-d1025534397a (type: ports) to 5
2026-07-09 17:57:54.181 9 INFO neutron.wsgi [None req-e326605d-de74-4496-bed8-3bef4fe485c5 d0c65db9968c44ea881660ce31adcce2 2bb4e729329c4911868eda1f1f6609e1 - - default default] 10.0.0.192 "DELETE /v2.0/security-groups/641f442c-2263-4dd2-9965-4cb106eaece2 HTTP/1.1" status: 204 len: 168 time: 0.4274426
2026-07-09 17:57:54.193 10 INFO neutron.wsgi [-] 10.0.0.218 "GET / HTTP/1.1" status: 200 len: 246 time: 0.0025413
2026-07-09 17:57:54.196 10 INFO neutron.wsgi [-] 10.0.0.218 "GET / HTTP/1.1" status: 200 len: 246 time: 0.0015068
2026-07-09 17:57:54.386 9 INFO neutron.db.l3_db [req-924bbeab-0948-4740-8957-807b05654ac8 req-3823c432-0af8-4cf5-a054-05d98c81c03f b6657a9963d7413890d33574fe038125 366429dc9b524713af94988132729de1 - - default default] Floating IP f5dd337c-fca0-4718-b2ed-50dd0c70e9ff disassociated. External IP: 10.96.250.213, port: 99ff585a-274a-4213-a627-d1025534397a.
2026-07-09 17:57:54.582 9 INFO neutron.wsgi [req-924bbeab-0948-4740-8957-807b05654ac8 req-3823c432-0af8-4cf5-a054-05d98c81c03f b6657a9963d7413890d33574fe038125 366429dc9b524713af94988132729de1 - - default default] 199.19.213.249 "DELETE /v2.0/ports/99ff585a-274a-4213-a627-d1025534397a HTTP/1.1" status: 204 len: 173 time: 0.8040824
2026-07-09 17:57:54.636 9 INFO neutron.notifiers.nova [-] Nova event matching ['req-513a340c-eb37-4e79-86ac-6e8ffc4ef168'] response: {'server_uuid': '30ab1e95-12f8-4501-a551-26e13d6f0c01', 'name': 'network-vif-deleted', 'tag': '99ff585a-274a-4213-a627-d1025534397a', 'status': 'completed', 'code': 200} /var/lib/openstack/lib/python3.10/site-packages/pycadf/identifier.py:71: UserWarning: Invalid uuid: neutron. To ensure interoperability, identifiers should be a valid uuid. warnings.warn(('Invalid uuid: %s. To ensure interoperability, '
2026-07-09 17:57:54.762 10 INFO neutron.wsgi [req-773fc85a-9dae-469a-b0ab-de9244b9e200 req-2d10fa0d-282c-40cf-9293-753a9b629ce3 b6657a9963d7413890d33574fe038125 366429dc9b524713af94988132729de1 - - default default] 10.0.0.226 "GET /v2.0/ports?device_id=30ab1e95-12f8-4501-a551-26e13d6f0c01 HTTP/1.1" status: 200 len: 210 time: 0.0318124
2026-07-09 17:57:55.697 10 INFO neutron.notifiers.nova [-] Nova event matching ['req-5a304372-d089-41db-b3df-4584ba1325e3'] response: {'server_uuid': '30ab1e95-12f8-4501-a551-26e13d6f0c01', 'name': 'network-vif-unplugged', 'status': 'completed', 'tag': '99ff585a-274a-4213-a627-d1025534397a', 'code': 200}
2026-07-09 17:57:55.720 10 INFO neutron.db.ovn_revision_numbers_db [None req-83d63dd2-86d0-4994-92e2-49045b57d47a d0c65db9968c44ea881660ce31adcce2 2bb4e729329c4911868eda1f1f6609e1 - - default default] Successfully bumped revision number for resource 60b93673-6177-4ef4-bddb-164eff8de0bf (type: security_groups) to 1
2026-07-09 17:57:55.735 10 INFO neutron.db.ovn_revision_numbers_db [None req-83d63dd2-86d0-4994-92e2-49045b57d47a d0c65db9968c44ea881660ce31adcce2 2bb4e729329c4911868eda1f1f6609e1 - - default default] Successfully bumped revision number for resource 42d8a2aa-ba33-4c76-abd3-a95bd4c25d3a (type: security_group_rules) to 0
2026-07-09 17:57:55.750 10 INFO neutron.db.ovn_revision_numbers_db [None req-83d63dd2-86d0-4994-92e2-49045b57d47a d0c65db9968c44ea881660ce31adcce2 2bb4e729329c4911868eda1f1f6609e1 - - default default] Successfully bumped revision number for resource 8d27bacf-84ca-44c0-b79d-9b82003fa45a (type: security_group_rules) to 0
2026-07-09 17:57:55.767 10 INFO neutron.db.ovn_revision_numbers_db [None req-83d63dd2-86d0-4994-92e2-49045b57d47a d0c65db9968c44ea881660ce31adcce2 2bb4e729329c4911868eda1f1f6609e1 - - default default] Successfully bumped revision number for resource a8c05524-dca7-4b21-a6b5-3876981f2f4b (type: security_group_rules) to 0
2026-07-09 17:57:55.785 10 INFO neutron.db.ovn_revision_numbers_db [None req-83d63dd2-86d0-4994-92e2-49045b57d47a d0c65db9968c44ea881660ce31adcce2 2bb4e729329c4911868eda1f1f6609e1 - - default default] Successfully bumped revision number for resource bc5be04d-0c36-42c2-85fd-33de3b17c45c (type: security_group_rules) to 0
2026-07-09 17:57:55.814 10 INFO neutron.wsgi [None req-83d63dd2-86d0-4994-92e2-49045b57d47a d0c65db9968c44ea881660ce31adcce2 2bb4e729329c4911868eda1f1f6609e1 - - default default] 10.0.0.192 "GET /v2.0/security-groups?tenant_id=6e4f6fe7c029449d94321dc523999554&name=default HTTP/1.1" status: 200 len: 3120 time: 0.4058015 /var/lib/openstack/lib/python3.10/site-packages/pycadf/identifier.py:71: UserWarning: Invalid uuid: neutron. To ensure interoperability, identifiers should be a valid uuid. warnings.warn(('Invalid uuid: %s. To ensure interoperability, '
2026-07-09 17:57:56.029 9 INFO neutron.wsgi [None req-7e2d262f-d0cb-49dd-96c3-80c3db7ad96b b6657a9963d7413890d33574fe038125 366429dc9b524713af94988132729de1 - - default default] 10.0.0.192 "DELETE /v2.0/security-groups/72ae6a55-daae-450c-b0e5-e0d0d4bead39 HTTP/1.1" status: 204 len: 168 time: 0.1882935
2026-07-09 17:57:56.110 10 INFO neutron.wsgi [None req-11f5b59c-98bb-40c2-b177-5f814535867d d0c65db9968c44ea881660ce31adcce2 2bb4e729329c4911868eda1f1f6609e1 - - default default] 10.0.0.192 "DELETE /v2.0/security-groups/60b93673-6177-4ef4-bddb-164eff8de0bf HTTP/1.1" status: 204 len: 168 time: 0.2877603
2026-07-09 17:57:56.551 9 INFO neutron.wsgi [None req-5051d400-8282-486b-9997-11abfef7090c b6657a9963d7413890d33574fe038125 366429dc9b524713af94988132729de1 - - default default] 10.0.0.192 "DELETE /v2.0/floatingips/f5dd337c-fca0-4718-b2ed-50dd0c70e9ff HTTP/1.1" status: 204 len: 168 time: 0.4846737
2026-07-09 17:57:57.146 9 INFO neutron.plugins.ml2.drivers.ovn.mech_driver.mech_driver [None req-ded871be-44cd-4c87-a954-1ccc9f7460bd - - - - - -] OVN reports status down for port: 61680864-9999-4295-9362-7f23e28924f9
2026-07-09 17:57:57.200 9 INFO neutron.wsgi [req-449e3ee0-d0c6-49ca-8d31-3c386cf75455 req-de18aad7-7b29-4876-9fa6-b6edf7133f8c b6657a9963d7413890d33574fe038125 366429dc9b524713af94988132729de1 - - default default] 10.0.0.226 "GET /v2.0/ports?device_id=29afe5ba-e12d-436b-9997-46483ae9b6b7 HTTP/1.1" status: 200 len: 1174 time: 0.4695952
2026-07-09 17:57:57.228 9 INFO neutron.wsgi [req-097b2453-f7c6-4373-907e-caef8440ec1d req-e9b9fbfe-0c96-4789-9be0-9e7fab6e9c53 b6657a9963d7413890d33574fe038125 366429dc9b524713af94988132729de1 - - default default] 199.19.213.249 "GET /v2.0/ports?device_id=29afe5ba-e12d-436b-9997-46483ae9b6b7 HTTP/1.1" status: 200 len: 1174 time: 0.0895557
2026-07-09 17:57:57.310 9 INFO neutron.wsgi [req-449e3ee0-d0c6-49ca-8d31-3c386cf75455 req-b66e3c4d-4905-4d1e-9cba-990b0a1e9658 b6657a9963d7413890d33574fe038125 366429dc9b524713af94988132729de1 - - default default] 10.0.0.226 "GET /v2.0/security-groups?id=f3512fb1-dfdf-4b92-9cb5-c227eefc2006&fields=id&fields=name HTTP/1.1" status: 200 len: 313 time: 0.1037180
2026-07-09 17:57:57.415 9 INFO neutron.notifiers.nova [-] Nova event matching ['req-1e1b3b5f-f074-4d86-8f5b-14d1a04c5b60'] response: {'server_uuid': '29afe5ba-e12d-436b-9997-46483ae9b6b7', 'name': 'network-vif-unplugged', 'status': 'completed', 'tag': '61680864-9999-4295-9362-7f23e28924f9', 'code': 200}
2026-07-09 17:57:57.589 10 WARNING neutron_lib.context [None req-0c14fb83-76cb-4cf6-a493-ed695ec9b5dc dc2882ef993346ee87c5b1bfc064b19b 18e523d474d145a2bc3a15fc1f714c48 - - default default] Method 'is_advsvc' is deprecated since 2023.2 release (neutron-lib 3.8.0) and will be removed once support for the old RBAC API policies will be removed from Neutron. Please use method 'is_service_role' instead.
2026-07-09 17:57:57.707 9 INFO neutron.db.ovn_revision_numbers_db [None req-ded871be-44cd-4c87-a954-1ccc9f7460bd - - - - - -] Successfully bumped revision number for resource 61680864-9999-4295-9362-7f23e28924f9 (type: ports) to 5
2026-07-09 17:57:57.721 9 ERROR ovsdbapp.backend.ovs_idl.command [None req-ded871be-44cd-4c87-a954-1ccc9f7460bd - - - - - -] Error executing command (LspGetUpCommand): ovsdbapp.backend.ovs_idl.idlutils.RowNotFound: Cannot find Logical_Switch_Port with name=61680864-9999-4295-9362-7f23e28924f9
2026-07-09 17:57:57.721 9 ERROR ovsdbapp.backend.ovs_idl.command
Traceback (most recent call last):
2026-07-09 17:57:57.721 9 ERROR ovsdbapp.backend.ovs_idl.command
File "/var/lib/openstack/lib/python3.10/site-packages/ovsdbapp/backend/ovs_idl/command.py", line 47, in execute
2026-07-09 17:57:57.721 9 ERROR ovsdbapp.backend.ovs_idl.command self.run_idl(None)
2026-07-09 17:57:57.721 9 ERROR ovsdbapp.backend.ovs_idl.command
File "/var/lib/openstack/lib/python3.10/site-packages/ovsdbapp/schema/ovn_northbound/commands.py", line 679, in run_idl
2026-07-09 17:57:57.721 9 ERROR ovsdbapp.backend.ovs_idl.command lsp = self.api.lookup('Logical_Switch_Port', self.port)
2026-07-09 17:57:57.721 9 ERROR ovsdbapp.backend.ovs_idl.command
File "/var/lib/openstack/lib/python3.10/site-packages/ovsdbapp/backend/ovs_idl/__init__.py", line 184, in lookup
2026-07-09 17:57:57.721 9 ERROR ovsdbapp.backend.ovs_idl.command return self._lookup(table, record)
2026-07-09 17:57:57.721 9 ERROR ovsdbapp.backend.ovs_idl.command
File "/var/lib/openstack/lib/python3.10/site-packages/ovsdbapp/backend/ovs_idl/__init__.py", line 235, in _lookup
2026-07-09 17:57:57.721 9 ERROR ovsdbapp.backend.ovs_idl.command row = idlutils.row_by_value(self, rl.table, rl.column, record)
2026-07-09 17:57:57.721 9 ERROR ovsdbapp.backend.ovs_idl.command
File "/var/lib/openstack/lib/python3.10/site-packages/ovsdbapp/backend/ovs_idl/idlutils.py", line 114, in row_by_value
2026-07-09 17:57:57.721 9 ERROR ovsdbapp.backend.ovs_idl.command raise RowNotFound(table=table, col=column, match=match)
2026-07-09 17:57:57.721 9 ERROR ovsdbapp.backend.ovs_idl.command ovsdbapp.backend.ovs_idl.idlutils.RowNotFound: Cannot find Logical_Switch_Port with name=61680864-9999-4295-9362-7f23e28924f9
2026-07-09 17:57:57.721 9 ERROR ovsdbapp.backend.ovs_idl.command 
2026-07-09 17:57:57.722 9 ERROR ovsdbapp.event [None req-ded871be-44cd-4c87-a954-1ccc9f7460bd - - - - - -] Unexpected exception in notify_loop: ovsdbapp.backend.ovs_idl.idlutils.RowNotFound: Cannot find Logical_Switch_Port with name=61680864-9999-4295-9362-7f23e28924f9
2026-07-09 17:57:57.722 9 ERROR ovsdbapp.event
Traceback (most recent call last):
2026-07-09 17:57:57.722 9 ERROR ovsdbapp.event
File "/var/lib/openstack/lib/python3.10/site-packages/ovsdbapp/event.py", line 177, in notify_loop
2026-07-09 17:57:57.722 9 ERROR ovsdbapp.event match.run(event, row, updates)
2026-07-09 17:57:57.722 9 ERROR ovsdbapp.event
File "/var/lib/openstack/lib/python3.10/site-packages/neutron/plugins/ml2/drivers/ovn/mech_driver/ovsdb/ovsdb_monitor.py", line 539, in run
2026-07-09 17:57:57.722 9 ERROR ovsdbapp.event self.driver.set_port_status_down(row.name)
2026-07-09 17:57:57.722 9 ERROR ovsdbapp.event
File "/var/lib/openstack/lib/python3.10/site-packages/neutron/plugins/ml2/drivers/ovn/mech_driver/mech_driver.py", line 1324, in set_port_status_down
2026-07-09 17:57:57.722 9 ERROR ovsdbapp.event self._ovn_client.update_lsp_host_info(
2026-07-09 17:57:57.722 9 ERROR ovsdbapp.event
File "/var/lib/openstack/lib/python3.10/site-packages/neutron/plugins/ml2/drivers/ovn/mech_driver/ovsdb/ovn_client.py", line 307, in update_lsp_host_info
2026-07-09 17:57:57.722 9 ERROR ovsdbapp.event port_up = self._nb_idl.lsp_get_up(db_port.id).execute(
2026-07-09 17:57:57.722 9 ERROR ovsdbapp.event
File "/var/lib/openstack/lib/python3.10/site-packages/ovsdbapp/backend/ovs_idl/command.py", line 47, in execute
2026-07-09 17:57:57.722 9 ERROR ovsdbapp.event self.run_idl(None)
2026-07-09 17:57:57.722 9 ERROR ovsdbapp.event
File "/var/lib/openstack/lib/python3.10/site-packages/ovsdbapp/schema/ovn_northbound/commands.py", line 679, in run_idl
2026-07-09 17:57:57.722 9 ERROR ovsdbapp.event lsp = self.api.lookup('Logical_Switch_Port', self.port)
2026-07-09 17:57:57.722 9 ERROR ovsdbapp.event
File "/var/lib/openstack/lib/python3.10/site-packages/ovsdbapp/backend/ovs_idl/__init__.py", line 184, in lookup
2026-07-09 17:57:57.722 9 ERROR ovsdbapp.event return self._lookup(table, record)
2026-07-09 17:57:57.722 9 ERROR ovsdbapp.event
File "/var/lib/openstack/lib/python3.10/site-packages/ovsdbapp/backend/ovs_idl/__init__.py", line 235, in _lookup
2026-07-09 17:57:57.722 9 ERROR ovsdbapp.event row = idlutils.row_by_value(self, rl.table, rl.column, record)
2026-07-09 17:57:57.722 9 ERROR ovsdbapp.event
File "/var/lib/openstack/lib/python3.10/site-packages/ovsdbapp/backend/ovs_idl/idlutils.py", line 114, in row_by_value
2026-07-09 17:57:57.722 9 ERROR ovsdbapp.event raise RowNotFound(table=table, col=column, match=match)
2026-07-09 17:57:57.722 9 ERROR ovsdbapp.event ovsdbapp.backend.ovs_idl.idlutils.RowNotFound: Cannot find Logical_Switch_Port with name=61680864-9999-4295-9362-7f23e28924f9
2026-07-09 17:57:57.722 9 ERROR ovsdbapp.event 
2026-07-09 17:57:57.760 9 INFO neutron.wsgi [req-097b2453-f7c6-4373-907e-caef8440ec1d req-6b622a11-4d0a-4bd7-a2f1-d541e041cc98 b6657a9963d7413890d33574fe038125 366429dc9b524713af94988132729de1 - - default default] 199.19.213.249 "DELETE /v2.0/ports/61680864-9999-4295-9362-7f23e28924f9 HTTP/1.1" status: 204 len: 173 time: 0.5237620
2026-07-09 17:57:57.771 10 INFO neutron.db.ovn_revision_numbers_db [None req-0c14fb83-76cb-4cf6-a493-ed695ec9b5dc dc2882ef993346ee87c5b1bfc064b19b 18e523d474d145a2bc3a15fc1f714c48 - - default default] Successfully bumped revision number for resource 23a58d44-fb9e-41d7-b851-ade94231b179 (type: security_groups) to 1
2026-07-09 17:57:57.800 10 INFO neutron.db.ovn_revision_numbers_db [None req-0c14fb83-76cb-4cf6-a493-ed695ec9b5dc dc2882ef993346ee87c5b1bfc064b19b 18e523d474d145a2bc3a15fc1f714c48 - - default default] Successfully bumped revision number for resource 22e32a53-ae18-4e28-afcb-e5e78a6e38f5 (type: security_group_rules) to 0
2026-07-09 17:57:57.824 10 INFO neutron.db.ovn_revision_numbers_db [None req-0c14fb83-76cb-4cf6-a493-ed695ec9b5dc dc2882ef993346ee87c5b1bfc064b19b 18e523d474d145a2bc3a15fc1f714c48 - - default default] Successfully bumped revision number for resource 66763e78-548f-43be-9ee3-4317ea2d164c (type: security_group_rules) to 0
2026-07-09 17:57:57.845 10 INFO neutron.db.ovn_revision_numbers_db [None req-0c14fb83-76cb-4cf6-a493-ed695ec9b5dc dc2882ef993346ee87c5b1bfc064b19b 18e523d474d145a2bc3a15fc1f714c48 - - default default] Successfully bumped revision number for resource 82f13d30-66b5-474e-b541-10a205cabe8a (type: security_group_rules) to 0
2026-07-09 17:57:57.875 10 INFO neutron.db.ovn_revision_numbers_db [None req-0c14fb83-76cb-4cf6-a493-ed695ec9b5dc dc2882ef993346ee87c5b1bfc064b19b 18e523d474d145a2bc3a15fc1f714c48 - - default default] Successfully bumped revision number for resource bf28c6a5-8ee7-43c0-abd5-a02c7b58ad1d (type: security_group_rules) to 0
2026-07-09 17:57:57.934 10 INFO neutron.db.segments_db [None req-0c14fb83-76cb-4cf6-a493-ed695ec9b5dc dc2882ef993346ee87c5b1bfc064b19b 18e523d474d145a2bc3a15fc1f714c48 - - default default] Added segment c0ac6bea-45d7-44fe-99fd-a6ed32c8e24c of type geneve for network 95bb7b08-6738-4fa3-adf7-e7647f6a2076
2026-07-09 17:57:58.113 10 INFO neutron.db.ovn_revision_numbers_db [None req-0c14fb83-76cb-4cf6-a493-ed695ec9b5dc dc2882ef993346ee87c5b1bfc064b19b 18e523d474d145a2bc3a15fc1f714c48 - - default default] Successfully bumped revision number for resource 95bb7b08-6738-4fa3-adf7-e7647f6a2076 (type: networks) to 1
2026-07-09 17:57:58.341 9 WARNING neutron_lib.context [None req-55618620-d18d-4d46-916d-25bbf2a053d4 971d3a4330c544d2a8c5f95cbb3a2c9c ca786999973848c3902def1196d892c5 - - default default] Method 'is_advsvc' is deprecated since 2023.2 release (neutron-lib 3.8.0) and will be removed once support for the old RBAC API policies will be removed from Neutron. Please use method 'is_service_role' instead.
2026-07-09 17:57:58.406 10 WARNING neutron.scheduler.dhcp_agent_scheduler [None req-0c14fb83-76cb-4cf6-a493-ed695ec9b5dc dc2882ef993346ee87c5b1bfc064b19b 18e523d474d145a2bc3a15fc1f714c48 - - default default] No more DHCP agents
2026-07-09 17:57:58.413 10 WARNING neutron.api.rpc.agentnotifiers.dhcp_rpc_agent_api [None req-0c14fb83-76cb-4cf6-a493-ed695ec9b5dc dc2882ef993346ee87c5b1bfc064b19b 18e523d474d145a2bc3a15fc1f714c48 - - default default] Unable to schedule network 95bb7b08-6738-4fa3-adf7-e7647f6a2076: no agents available; will retry on subsequent port and subnet creation events.
2026-07-09 17:57:58.553 9 INFO neutron.db.ovn_revision_numbers_db [None req-55618620-d18d-4d46-916d-25bbf2a053d4 971d3a4330c544d2a8c5f95cbb3a2c9c ca786999973848c3902def1196d892c5 - - default default] Successfully bumped revision number for resource 4f00813a-44a6-49ef-9b27-8d38049af797 (type: security_groups) to 1
2026-07-09 17:57:58.563 10 INFO neutron.db.ovn_revision_numbers_db [None req-0c14fb83-76cb-4cf6-a493-ed695ec9b5dc dc2882ef993346ee87c5b1bfc064b19b 18e523d474d145a2bc3a15fc1f714c48 - - default default] Successfully bumped revision number for resource 679ad7c4-2b1a-49fb-b740-af0a1eec69da (type: ports) to 1
2026-07-09 17:57:58.570 9 INFO neutron.db.ovn_revision_numbers_db [None req-55618620-d18d-4d46-916d-25bbf2a053d4 971d3a4330c544d2a8c5f95cbb3a2c9c ca786999973848c3902def1196d892c5 - - default default] Successfully bumped revision number for resource 0cc3cf45-0b36-47da-ab2c-560c32359d20 (type: security_group_rules) to 0
2026-07-09 17:57:58.588 9 INFO neutron.db.ovn_revision_numbers_db [None req-55618620-d18d-4d46-916d-25bbf2a053d4 971d3a4330c544d2a8c5f95cbb3a2c9c ca786999973848c3902def1196d892c5 - - default default] Successfully bumped revision number for resource 1ddc955f-3e8e-4ad8-a0e2-f744e4cafeab (type: security_group_rules) to 0
2026-07-09 17:57:58.590 10 INFO neutron.wsgi [None req-0c14fb83-76cb-4cf6-a493-ed695ec9b5dc dc2882ef993346ee87c5b1bfc064b19b 18e523d474d145a2bc3a15fc1f714c48 - - default default] 10.0.0.192 "POST /v2.0/networks HTTP/1.1" status: 201 len: 831 time: 1.2357199
2026-07-09 17:57:58.604 10 WARNING neutron_lib.context [None req-f50bc536-6792-471c-8d9f-e8ee7734c532 dc2882ef993346ee87c5b1bfc064b19b 18e523d474d145a2bc3a15fc1f714c48 - - default default] Method 'is_advsvc' is deprecated since 2023.2 release (neutron-lib 3.8.0) and will be removed once support for the old RBAC API policies will be removed from Neutron. Please use method 'is_service_role' instead.
2026-07-09 17:57:58.606 9 INFO neutron.db.ovn_revision_numbers_db [None req-55618620-d18d-4d46-916d-25bbf2a053d4 971d3a4330c544d2a8c5f95cbb3a2c9c ca786999973848c3902def1196d892c5 - - default default] Successfully bumped revision number for resource 410c4c4a-3e0f-46a5-9a9c-6dcf1838fae5 (type: security_group_rules) to 0
