2026-07-09 17:57:37.644 10 INFO neutron.db.ovn_revision_numbers_db [None req-fb4815b3-d0ba-451f-befe-91ab511a4b3c e4d96d0eec8e44818715b43f980a4540 2dc4ec9717784e809c1ef38f8db5e981 - - default default] Successfully bumped revision number for resource c7ecbbf1-0a9b-4634-80ba-499f13921574 (type: security_group_rules) to 0
2026-07-09 17:57:37.724 10 INFO neutron.db.segments_db [None req-fb4815b3-d0ba-451f-befe-91ab511a4b3c e4d96d0eec8e44818715b43f980a4540 2dc4ec9717784e809c1ef38f8db5e981 - - default default] Added segment 907036f6-772e-48f4-bf31-26eb9896ed39 of type geneve for network 84d07ae5-af45-4423-b919-f85855e0a8aa
2026-07-09 17:57:38.323 9 INFO neutron.wsgi [req-1ff52325-919a-413b-87bf-229f89cd12a5 req-9e0c79d2-f724-4ddb-b9e4-40b29dfdf133 b6657a9963d7413890d33574fe038125 366429dc9b524713af94988132729de1 - - default default] 10.0.0.226 "GET /v2.0/ports?device_id=30ab1e95-12f8-4501-a551-26e13d6f0c01 HTTP/1.1" status: 200 len: 1172 time: 0.1039391
2026-07-09 17:57:38.330 10 INFO neutron.db.ovn_revision_numbers_db [None req-fb4815b3-d0ba-451f-befe-91ab511a4b3c e4d96d0eec8e44818715b43f980a4540 2dc4ec9717784e809c1ef38f8db5e981 - - default default] Successfully bumped revision number for resource 84d07ae5-af45-4423-b919-f85855e0a8aa (type: networks) to 1
2026-07-09 17:57:38.673 10 WARNING neutron.plugins.ml2.drivers.ovn.mech_driver.ovsdb.ovn_client [None req-3a6840fe-c253-4c19-a799-668bedd5c8b2 - - - - - -] No port found with ID d920e5ff-c0b7-475d-bf30-ddf1fd2ef769: RuntimeError: No port found with ID d920e5ff-c0b7-475d-bf30-ddf1fd2ef769
2026-07-09 17:57:38.673 10 INFO neutron.plugins.ml2.drivers.ovn.mech_driver.mech_driver [None req-3a6840fe-c253-4c19-a799-668bedd5c8b2 - - - - - -] OVN reports status up for port: 99ff585a-274a-4213-a627-d1025534397a
2026-07-09 17:57:38.677 10 WARNING neutron.scheduler.dhcp_agent_scheduler [None req-fb4815b3-d0ba-451f-befe-91ab511a4b3c e4d96d0eec8e44818715b43f980a4540 2dc4ec9717784e809c1ef38f8db5e981 - - default default] No more DHCP agents
2026-07-09 17:57:38.683 10 WARNING neutron.api.rpc.agentnotifiers.dhcp_rpc_agent_api [None req-fb4815b3-d0ba-451f-befe-91ab511a4b3c e4d96d0eec8e44818715b43f980a4540 2dc4ec9717784e809c1ef38f8db5e981 - - default default] Unable to schedule network 84d07ae5-af45-4423-b919-f85855e0a8aa: no agents available; will retry on subsequent port and subnet creation events.
2026-07-09 17:57:38.699 10 INFO neutron.plugins.ml2.plugin [None req-3a6840fe-c253-4c19-a799-668bedd5c8b2 - - - - - -] Attempt 1 to provision port 99ff585a-274a-4213-a627-d1025534397a
2026-07-09 17:57:38.712 9 INFO neutron.wsgi [req-1ff52325-919a-413b-87bf-229f89cd12a5 req-aa556aa7-161f-48d1-9699-deba25a05af4 b6657a9963d7413890d33574fe038125 366429dc9b524713af94988132729de1 - - default default] 10.0.0.226 "GET /v2.0/security-groups?id=72ae6a55-daae-450c-b0e5-e0d0d4bead39&fields=id&fields=name HTTP/1.1" status: 200 len: 313 time: 0.3829012
2026-07-09 17:57:38.808 10 INFO neutron.plugins.ml2.drivers.ovn.mech_driver.ovsdb.commands [None req-8af5048d-ffbc-467d-8d19-5ad291c23a74 - - - - - -] Schedule LRP lrp-90428682-6a2f-4224-a7ad-50ccd2b35709 on gateway 7e08f0d4-3c06-418a-87c1-1f5de46ac4e8 with priority 1
2026-07-09 17:57:38.847 10 INFO neutron.db.ovn_revision_numbers_db [None req-fb4815b3-d0ba-451f-befe-91ab511a4b3c e4d96d0eec8e44818715b43f980a4540 2dc4ec9717784e809c1ef38f8db5e981 - - default default] Successfully bumped revision number for resource 588631d8-01fd-4981-ac91-04112bae8f66 (type: ports) to 1
2026-07-09 17:57:38.883 10 INFO neutron.db.ovn_revision_numbers_db [None req-c2b0f284-77c5-4bc3-b742-824f0a98c75f d5eeda3a2d374c2c9d220fd5c2921b75 f51747ab56494de2af209d8f0006db86 - - default default] Successfully bumped revision number for resource 90428682-6a2f-4224-a7ad-50ccd2b35709 (type: router_ports) to 1
2026-07-09 17:57:38.910 10 INFO neutron.wsgi [None req-fb4815b3-d0ba-451f-befe-91ab511a4b3c e4d96d0eec8e44818715b43f980a4540 2dc4ec9717784e809c1ef38f8db5e981 - - default default] 10.0.0.192 "POST /v2.0/networks HTTP/1.1" status: 201 len: 830 time: 2.0236921
2026-07-09 17:57:38.921 9 WARNING neutron_lib.context [None req-1a192e6d-678e-4871-b0f7-3cfc7eee1c03 e4d96d0eec8e44818715b43f980a4540 2dc4ec9717784e809c1ef38f8db5e981 - - default default] Method 'is_advsvc' is deprecated since 2023.2 release (neutron-lib 3.8.0) and will be removed once support for the old RBAC API policies will be removed from Neutron. Please use method 'is_service_role' instead.
2026-07-09 17:57:38.968 10 INFO neutron.notifiers.nova [-] Nova event matching ['req-b6dc2689-d7ec-4428-9789-b664c3cd030f'] response: {'server_uuid': '30ab1e95-12f8-4501-a551-26e13d6f0c01', 'name': 'network-vif-plugged', 'status': 'completed', 'tag': '99ff585a-274a-4213-a627-d1025534397a', 'code': 200}
2026-07-09 17:57:39.032 10 INFO neutron.db.ovn_revision_numbers_db [None req-c2b0f284-77c5-4bc3-b742-824f0a98c75f d5eeda3a2d374c2c9d220fd5c2921b75 f51747ab56494de2af209d8f0006db86 - - default default] Successfully bumped revision number for resource 12af4b90-8301-4ec1-bcae-f37a7ed6b4a0 (type: routers) to 2
2026-07-09 17:57:39.054 10 INFO neutron.wsgi [None req-c2b0f284-77c5-4bc3-b742-824f0a98c75f d5eeda3a2d374c2c9d220fd5c2921b75 f51747ab56494de2af209d8f0006db86 - - default default] 10.0.0.192 "POST /v2.0/routers HTTP/1.1" status: 201 len: 1151 time: 2.7340295
2026-07-09 17:57:39.166 10 INFO neutron.wsgi [None req-2f2ce3f1-ae62-4cc0-ad4f-9eadb4119552 d5eeda3a2d374c2c9d220fd5c2921b75 f51747ab56494de2af209d8f0006db86 - - default default] 10.0.0.192 "GET /v2.0/routers/12af4b90-8301-4ec1-bcae-f37a7ed6b4a0 HTTP/1.1" status: 200 len: 1152 time: 0.1052623
2026-07-09 17:57:39.195 9 INFO neutron.wsgi [-] 10.0.0.218 "GET / HTTP/1.1" status: 200 len: 246 time: 0.0018072
2026-07-09 17:57:39.197 9 INFO neutron.wsgi [-] 10.0.0.218 "GET / HTTP/1.1" status: 200 len: 246 time: 0.0009766
2026-07-09 17:57:39.297 9 WARNING neutron.scheduler.dhcp_agent_scheduler [None req-1a192e6d-678e-4871-b0f7-3cfc7eee1c03 e4d96d0eec8e44818715b43f980a4540 2dc4ec9717784e809c1ef38f8db5e981 - - default default] No more DHCP agents
2026-07-09 17:57:39.300 9 WARNING neutron.api.rpc.agentnotifiers.dhcp_rpc_agent_api [None req-1a192e6d-678e-4871-b0f7-3cfc7eee1c03 e4d96d0eec8e44818715b43f980a4540 2dc4ec9717784e809c1ef38f8db5e981 - - default default] Unable to schedule network 84d07ae5-af45-4423-b919-f85855e0a8aa: no agents available; will retry on subsequent port and subnet creation events.
2026-07-09 17:57:39.314 10 INFO neutron.db.ovn_revision_numbers_db [None req-3a6840fe-c253-4c19-a799-668bedd5c8b2 - - - - - -] Successfully bumped revision number for resource 99ff585a-274a-4213-a627-d1025534397a (type: ports) to 4
2026-07-09 17:57:39.380 10 INFO neutron.wsgi [None req-78b8f703-52e6-4aa6-bf33-24b082eac18c d5eeda3a2d374c2c9d220fd5c2921b75 f51747ab56494de2af209d8f0006db86 - - default default] 10.0.0.192 "GET /v2.0/routers HTTP/1.1" status: 200 len: 1155 time: 0.2037690 /var/lib/openstack/lib/python3.10/site-packages/pycadf/identifier.py:71: UserWarning: Invalid uuid: neutron. To ensure interoperability, identifiers should be a valid uuid. warnings.warn(('Invalid uuid: %s. To ensure interoperability, '
2026-07-09 17:57:39.404 10 INFO neutron.plugins.ml2.drivers.ovn.mech_driver.mech_driver [None req-3a6840fe-c253-4c19-a799-668bedd5c8b2 - - - - - -] OVN reports status up for port: 90428682-6a2f-4224-a7ad-50ccd2b35709
2026-07-09 17:57:39.430 10 INFO neutron.plugins.ml2.plugin [None req-3a6840fe-c253-4c19-a799-668bedd5c8b2 - - - - - -] Attempt 1 to provision port 90428682-6a2f-4224-a7ad-50ccd2b35709
2026-07-09 17:57:39.498 9 INFO neutron.db.ovn_revision_numbers_db [None req-1a192e6d-678e-4871-b0f7-3cfc7eee1c03 e4d96d0eec8e44818715b43f980a4540 2dc4ec9717784e809c1ef38f8db5e981 - - default default] Successfully bumped revision number for resource 084ab0d2-e580-4869-95f5-df61df3fd792 (type: ports) to 1
2026-07-09 17:57:39.548 9 INFO neutron.wsgi [None req-1a192e6d-678e-4871-b0f7-3cfc7eee1c03 e4d96d0eec8e44818715b43f980a4540 2dc4ec9717784e809c1ef38f8db5e981 - - default default] 10.0.0.192 "POST /v2.0/ports HTTP/1.1" status: 201 len: 942 time: 0.6337969
2026-07-09 17:57:39.603 9 WARNING neutron_lib.context [None req-e5a78f0f-0156-4d81-96ac-45265983a206 30463a0beef84711a8b05d5babc7d465 b9d715994f6e4a7c97888951fb11a480 - - default default] Method 'is_advsvc' is deprecated since 2023.2 release (neutron-lib 3.8.0) and will be removed once support for the old RBAC API policies will be removed from Neutron. Please use method 'is_service_role' instead.
2026-07-09 17:57:39.640 9 INFO neutron.wsgi [None req-18b12c37-4774-475a-957e-4f291716cfa5 e4d96d0eec8e44818715b43f980a4540 2dc4ec9717784e809c1ef38f8db5e981 - - default default] 10.0.0.192 "PUT /v2.0/ports/084ab0d2-e580-4869-95f5-df61df3fd792/tags HTTP/1.1" status: 200 len: 218 time: 0.0862243 /var/lib/openstack/lib/python3.10/site-packages/pycadf/identifier.py:71: UserWarning: Invalid uuid: neutron. To ensure interoperability, identifiers should be a valid uuid. warnings.warn(('Invalid uuid: %s. To ensure interoperability, '
2026-07-09 17:57:39.694 10 INFO neutron.wsgi [None req-e10614e0-21ac-43cc-ba61-38ee20eb95cb e4d96d0eec8e44818715b43f980a4540 2dc4ec9717784e809c1ef38f8db5e981 - - default default] 10.0.0.192 "GET /v2.0/ports/084ab0d2-e580-4869-95f5-df61df3fd792/tags HTTP/1.1" status: 200 len: 218 time: 0.0465515
2026-07-09 17:57:39.779 10 INFO neutron.wsgi [None req-80e5879f-72d3-46b6-8bc8-eaf0b6a834c2 e4d96d0eec8e44818715b43f980a4540 2dc4ec9717784e809c1ef38f8db5e981 - - default default] 10.0.0.192 "PUT /v2.0/ports/084ab0d2-e580-4869-95f5-df61df3fd792/tags/green HTTP/1.1" status: 201 len: 201 time: 0.0804293
2026-07-09 17:57:39.826 10 INFO neutron.wsgi [None req-8f76c3d6-734e-4ff2-8c3b-888b2a659171 e4d96d0eec8e44818715b43f980a4540 2dc4ec9717784e809c1ef38f8db5e981 - - default default] 10.0.0.192 "GET /v2.0/ports/084ab0d2-e580-4869-95f5-df61df3fd792/tags HTTP/1.1" status: 200 len: 227 time: 0.0401101
2026-07-09 17:57:39.855 9 INFO neutron.wsgi [req-b822002d-07e8-4559-a6e2-4c0233478198 req-3a6cb542-8a70-40ef-b94b-f8bc7359a5f2 b6657a9963d7413890d33574fe038125 366429dc9b524713af94988132729de1 - - default default] 10.0.0.226 "GET /v2.0/ports?device_id=30ab1e95-12f8-4501-a551-26e13d6f0c01 HTTP/1.1" status: 200 len: 1174 time: 0.0699384
2026-07-09 17:57:39.875 10 INFO neutron.wsgi [None req-b10d7b74-1e1a-46ca-8cee-706cac53840d e4d96d0eec8e44818715b43f980a4540 2dc4ec9717784e809c1ef38f8db5e981 - - default default] 10.0.0.192 "PUT /v2.0/ports/084ab0d2-e580-4869-95f5-df61df3fd792/tags/red HTTP/1.1" status: 201 len: 201 time: 0.0426822
2026-07-09 17:57:39.931 10 INFO neutron.wsgi [None req-5c4d77db-753c-45d5-99d9-b301a4d25569 e4d96d0eec8e44818715b43f980a4540 2dc4ec9717784e809c1ef38f8db5e981 - - default default] 10.0.0.192 "GET /v2.0/ports/084ab0d2-e580-4869-95f5-df61df3fd792/tags HTTP/1.1" status: 200 len: 227 time: 0.0505676
2026-07-09 17:57:39.971 9 INFO neutron.wsgi [req-b822002d-07e8-4559-a6e2-4c0233478198 req-3063ffae-e6a7-41dd-b06e-27440c5f0e29 b6657a9963d7413890d33574fe038125 366429dc9b524713af94988132729de1 - - default default] 10.0.0.226 "GET /v2.0/security-groups?id=72ae6a55-daae-450c-b0e5-e0d0d4bead39&fields=id&fields=name HTTP/1.1" status: 200 len: 313 time: 0.1082795
2026-07-09 17:57:39.996 10 INFO neutron.wsgi [None req-f2adecd2-c836-43b9-9eea-d8ec71bde4f6 e4d96d0eec8e44818715b43f980a4540 2dc4ec9717784e809c1ef38f8db5e981 - - default default] 10.0.0.192 "PUT /v2.0/ports/084ab0d2-e580-4869-95f5-df61df3fd792/tags/black.or.white HTTP/1.1" status: 201 len: 201 time: 0.0588799
2026-07-09 17:57:40.056 9 WARNING neutron.scheduler.dhcp_agent_scheduler [None req-e5a78f0f-0156-4d81-96ac-45265983a206 30463a0beef84711a8b05d5babc7d465 b9d715994f6e4a7c97888951fb11a480 - - default default] No more DHCP agents
2026-07-09 17:57:40.058 10 INFO neutron.wsgi [None req-8651ab3c-8f1b-442e-8d9a-a94a891d44ca e4d96d0eec8e44818715b43f980a4540 2dc4ec9717784e809c1ef38f8db5e981 - - default default] 10.0.0.192 "GET /v2.0/ports/084ab0d2-e580-4869-95f5-df61df3fd792/tags HTTP/1.1" status: 200 len: 245 time: 0.0565219
2026-07-09 17:57:40.060 9 WARNING neutron.api.rpc.agentnotifiers.dhcp_rpc_agent_api [None req-e5a78f0f-0156-4d81-96ac-45265983a206 30463a0beef84711a8b05d5babc7d465 b9d715994f6e4a7c97888951fb11a480 - - default default] Unable to schedule network 8dada6d5-ea31-4336-b244-4e6f55665df5: no agents available; will retry on subsequent port and subnet creation events.
2026-07-09 17:57:40.091 10 INFO neutron.wsgi [req-628327a2-8f76-4052-b16b-da27668d2cb7 req-e268b29b-8dc1-42a2-ace4-99b1c43fb416 b6657a9963d7413890d33574fe038125 366429dc9b524713af94988132729de1 - - default default] 10.0.0.226 "GET /v2.0/ports?device_id=30ab1e95-12f8-4501-a551-26e13d6f0c01 HTTP/1.1" status: 200 len: 1174 time: 0.0507205
2026-07-09 17:57:40.149 10 INFO neutron.wsgi [req-628327a2-8f76-4052-b16b-da27668d2cb7 req-7a4c93c2-b76a-4221-8277-16d9b9fed198 b6657a9963d7413890d33574fe038125 366429dc9b524713af94988132729de1 - - default default] 10.0.0.226 "GET /v2.0/security-groups?id=72ae6a55-daae-450c-b0e5-e0d0d4bead39&fields=id&fields=name HTTP/1.1" status: 200 len: 313 time: 0.0491803
2026-07-09 17:57:40.189 9 INFO neutron.wsgi [None req-160c6dfe-826f-45eb-a25a-4e057d80194c e4d96d0eec8e44818715b43f980a4540 2dc4ec9717784e809c1ef38f8db5e981 - - default default] 10.0.0.192 "PUT /v2.0/ports/084ab0d2-e580-4869-95f5-df61df3fd792/tags HTTP/1.1" status: 200 len: 230 time: 0.1176097
2026-07-09 17:57:40.236 9 INFO neutron.db.ovn_revision_numbers_db [None req-ae425c84-d2c5-4383-855d-965f409a6b2a d5eeda3a2d374c2c9d220fd5c2921b75 f51747ab56494de2af209d8f0006db86 - - default default] Successfully bumped revision number for resource 12af4b90-8301-4ec1-bcae-f37a7ed6b4a0 (type: routers) to 3
2026-07-09 17:57:40.245 9 INFO neutron.wsgi [None req-ae425c84-d2c5-4383-855d-965f409a6b2a d5eeda3a2d374c2c9d220fd5c2921b75 f51747ab56494de2af209d8f0006db86 - - default default] 10.0.0.192 "PUT /v2.0/routers/12af4b90-8301-4ec1-bcae-f37a7ed6b4a0 HTTP/1.1" status: 200 len: 1159 time: 0.8536632
2026-07-09 17:57:40.251 10 INFO neutron.wsgi [None req-3d7295a3-35b8-48cc-8585-c6702f25c8e1 b91a93194f154d1a9cd938be22bc2094 af4e8d38717e4c87976ec3d0bb3c7d9e - - default default] 10.0.0.192 "GET /v2.0/ports?device_id=30ab1e95-12f8-4501-a551-26e13d6f0c01 HTTP/1.1" status: 200 len: 1408 time: 0.0749815
2026-07-09 17:57:40.294 9 INFO neutron.wsgi [None req-8e97ca0b-d1b5-4302-b0ce-5f721125c75c e4d96d0eec8e44818715b43f980a4540 2dc4ec9717784e809c1ef38f8db5e981 - - default default] 10.0.0.192 "GET /v2.0/ports/084ab0d2-e580-4869-95f5-df61df3fd792/tags HTTP/1.1" status: 200 len: 230 time: 0.0925756
2026-07-09 17:57:40.714 9 INFO neutron.wsgi [None req-9784fde1-172b-4bf0-9c71-7ca9524d568d e4d96d0eec8e44818715b43f980a4540 2dc4ec9717784e809c1ef38f8db5e981 - - default default] 10.0.0.192 "GET /v2.0/ports/084ab0d2-e580-4869-95f5-df61df3fd792/tags/red HTTP/1.1" status: 204 len: 168 time: 0.4130838
2026-07-09 17:57:40.724 9 INFO neutron.wsgi [None req-8c43c889-83ca-4bdc-a691-63d1f1b3a917 d5eeda3a2d374c2c9d220fd5c2921b75 f51747ab56494de2af209d8f0006db86 - - default default] 10.0.0.192 "GET /v2.0/routers/12af4b90-8301-4ec1-bcae-f37a7ed6b4a0 HTTP/1.1" status: 200 len: 1159 time: 0.4710591
2026-07-09 17:57:40.772 9 INFO neutron.wsgi [None req-e465401d-f375-4082-9416-b5ec179e732d d5eeda3a2d374c2c9d220fd5c2921b75 f51747ab56494de2af209d8f0006db86 - - default default] 10.0.0.192 "GET /v2.0/ports?device_id=12af4b90-8301-4ec1-bcae-f37a7ed6b4a0 HTTP/1.1" status: 200 len: 205 time: 0.0255909
2026-07-09 17:57:40.803 9 INFO neutron.api.v2.resource [None req-7d2009a0-cea8-4fcd-89a0-14043e1c2570 e4d96d0eec8e44818715b43f980a4540 2dc4ec9717784e809c1ef38f8db5e981 - - default default] show failed (client error): The resource could not be found.
2026-07-09 17:57:40.805 9 INFO neutron.wsgi [None req-7d2009a0-cea8-4fcd-89a0-14043e1c2570 e4d96d0eec8e44818715b43f980a4540 2dc4ec9717784e809c1ef38f8db5e981 - - default default] 10.0.0.192 "GET /v2.0/ports/084ab0d2-e580-4869-95f5-df61df3fd792/tags/green HTTP/1.1" status: 404 len: 299 time: 0.0789075
2026-07-09 17:57:40.909 9 INFO neutron.wsgi [None req-9fed6562-cf66-42c4-b8ce-60921edf6c8f e4d96d0eec8e44818715b43f980a4540 2dc4ec9717784e809c1ef38f8db5e981 - - default default] 10.0.0.192 "DELETE /v2.0/ports/084ab0d2-e580-4869-95f5-df61df3fd792/tags/red HTTP/1.1" status: 204 len: 168 time: 0.0963340
2026-07-09 17:57:40.958 9 INFO neutron.wsgi [None req-e5a78f0f-0156-4d81-96ac-45265983a206 30463a0beef84711a8b05d5babc7d465 b9d715994f6e4a7c97888951fb11a480 - - default default] 10.0.0.192 "POST /v2.0/floatingips HTTP/1.1" status: 201 len: 751 time: 1.6384408
2026-07-09 17:57:41.022 9 INFO neutron.wsgi [None req-0bf0d2bb-5d75-44bb-a044-55b3d3a9b797 30463a0beef84711a8b05d5babc7d465 b9d715994f6e4a7c97888951fb11a480 - - default default] 10.0.0.192 "PUT /v2.0/floatingips/50d5b5c7-0a63-4a8e-ae85-fdc434ed544c/tags HTTP/1.1" status: 200 len: 218 time: 0.0572937
2026-07-09 17:57:41.022 10 INFO neutron.wsgi [None req-c83d054e-1108-4d10-bdfc-a99e6eaf66a2 e4d96d0eec8e44818715b43f980a4540 2dc4ec9717784e809c1ef38f8db5e981 - - default default] 10.0.0.192 "GET /v2.0/ports/084ab0d2-e580-4869-95f5-df61df3fd792/tags HTTP/1.1" status: 200 len: 223 time: 0.1021788
2026-07-09 17:57:41.048 10 INFO neutron.notifiers.nova [-] Nova event matching ['req-4d6c2c56-d630-4c9e-9ede-927c70146ae6'] response: {'server_uuid': '30ab1e95-12f8-4501-a551-26e13d6f0c01', 'name': 'network-vif-plugged', 'status': 'completed', 'tag': '99ff585a-274a-4213-a627-d1025534397a', 'code': 200}
2026-07-09 17:57:41.084 9 INFO neutron.wsgi [None req-85fdfe15-74ef-4e63-a2ec-7b3dd57de2c5 30463a0beef84711a8b05d5babc7d465 b9d715994f6e4a7c97888951fb11a480 - - default default] 10.0.0.192 "GET /v2.0/floatingips/50d5b5c7-0a63-4a8e-ae85-fdc434ed544c/tags HTTP/1.1" status: 200 len: 218 time: 0.0538895
2026-07-09 17:57:41.096 9 INFO neutron.api.v2.resource [None req-151acc69-7e5b-4394-a864-60e3153bae92 e4d96d0eec8e44818715b43f980a4540 2dc4ec9717784e809c1ef38f8db5e981 - - default default] delete failed (client error): The resource could not be found.
2026-07-09 17:57:41.100 9 INFO neutron.wsgi [None req-151acc69-7e5b-4394-a864-60e3153bae92 e4d96d0eec8e44818715b43f980a4540 2dc4ec9717784e809c1ef38f8db5e981 - - default default] 10.0.0.192 "DELETE /v2.0/ports/084ab0d2-e580-4869-95f5-df61df3fd792/tags/green HTTP/1.1" status: 404 len: 299 time: 0.0709298
2026-07-09 17:57:41.171 9 INFO neutron.wsgi [None req-8150ce1f-bc92-467c-90cf-a6c6503ee100 30463a0beef84711a8b05d5babc7d465 b9d715994f6e4a7c97888951fb11a480 - - default default] 10.0.0.192 "PUT /v2.0/floatingips/50d5b5c7-0a63-4a8e-ae85-fdc434ed544c/tags/green HTTP/1.1" status: 201 len: 201 time: 0.0700378
2026-07-09 17:57:41.202 9 INFO neutron.wsgi [None req-94cc5c9c-6a45-433b-981c-e768dee3326e e4d96d0eec8e44818715b43f980a4540 2dc4ec9717784e809c1ef38f8db5e981 - - default default] 10.0.0.192 "DELETE /v2.0/ports/084ab0d2-e580-4869-95f5-df61df3fd792/tags HTTP/1.1" status: 204 len: 168 time: 0.0928357
2026-07-09 17:57:41.223 9 INFO neutron.wsgi [None req-45495a95-9a3d-48bd-9659-3d50b59e42fe 30463a0beef84711a8b05d5babc7d465 b9d715994f6e4a7c97888951fb11a480 - - default default] 10.0.0.192 "GET /v2.0/floatingips/50d5b5c7-0a63-4a8e-ae85-fdc434ed544c/tags HTTP/1.1" status: 200 len: 227 time: 0.0455713
2026-07-09 17:57:41.268 9 INFO neutron.wsgi [None req-bc5005d9-3cf5-45d6-a25f-6dca161dd1be 30463a0beef84711a8b05d5babc7d465 b9d715994f6e4a7c97888951fb11a480 - - default default] 10.0.0.192 "PUT /v2.0/floatingips/50d5b5c7-0a63-4a8e-ae85-fdc434ed544c/tags/red HTTP/1.1" status: 201 len: 201 time: 0.0400589
2026-07-09 17:57:41.282 10 INFO neutron.wsgi [None req-7ce1c8cb-9341-4f63-8ff3-ca19eb472446 e4d96d0eec8e44818715b43f980a4540 2dc4ec9717784e809c1ef38f8db5e981 - - default default] 10.0.0.192 "GET /v2.0/ports/084ab0d2-e580-4869-95f5-df61df3fd792/tags HTTP/1.1" status: 200 len: 205 time: 0.0742805
2026-07-09 17:57:41.316 9 INFO neutron.wsgi [None req-897d9f9b-c159-4ff4-9986-ec1676fff8a2 30463a0beef84711a8b05d5babc7d465 b9d715994f6e4a7c97888951fb11a480 - - default default] 10.0.0.192 "GET /v2.0/floatingips/50d5b5c7-0a63-4a8e-ae85-fdc434ed544c/tags HTTP/1.1" status: 200 len: 227 time: 0.0424051
2026-07-09 17:57:41.384 9 INFO neutron.wsgi [None req-1eac41d6-c1f5-4968-a452-4cf58bb0d421 30463a0beef84711a8b05d5babc7d465 b9d715994f6e4a7c97888951fb11a480 - - default default] 10.0.0.192 "PUT /v2.0/floatingips/50d5b5c7-0a63-4a8e-ae85-fdc434ed544c/tags/black.or.white HTTP/1.1" status: 201 len: 201 time: 0.0611475 /var/lib/openstack/lib/python3.10/site-packages/pycadf/identifier.py:71: UserWarning: Invalid uuid: neutron. To ensure interoperability, identifiers should be a valid uuid. warnings.warn(('Invalid uuid: %s. To ensure interoperability, '
2026-07-09 17:57:41.489 9 INFO neutron.wsgi [None req-d2f62798-9c20-4c1c-a9d9-6f5c6578ae10 30463a0beef84711a8b05d5babc7d465 b9d715994f6e4a7c97888951fb11a480 - - default default] 10.0.0.192 "GET /v2.0/floatingips/50d5b5c7-0a63-4a8e-ae85-fdc434ed544c/tags HTTP/1.1" status: 200 len: 245 time: 0.0629530
2026-07-09 17:57:41.514 10 INFO neutron.db.ovn_revision_numbers_db [None req-ef3a87bb-275c-41b1-83fc-b2388798e69a b6657a9963d7413890d33574fe038125 366429dc9b524713af94988132729de1 - - default default] Successfully bumped revision number for resource f5dd337c-fca0-4718-b2ed-50dd0c70e9ff (type: floatingips) to 4
2026-07-09 17:57:41.570 9 INFO neutron.wsgi [None req-06cd31ed-7251-49de-ac86-0dac0cd4dcb2 30463a0beef84711a8b05d5babc7d465 b9d715994f6e4a7c97888951fb11a480 - - default default] 10.0.0.192 "PUT /v2.0/floatingips/50d5b5c7-0a63-4a8e-ae85-fdc434ed544c/tags HTTP/1.1" status: 200 len: 230 time: 0.0679536
2026-07-09 17:57:41.618 9 INFO neutron.wsgi [None req-ccf33a46-19c8-4093-b0e5-d781f2836e37 30463a0beef84711a8b05d5babc7d465 b9d715994f6e4a7c97888951fb11a480 - - default default] 10.0.0.192 "GET /v2.0/floatingips/50d5b5c7-0a63-4a8e-ae85-fdc434ed544c/tags HTTP/1.1" status: 200 len: 230 time: 0.0429950
2026-07-09 17:57:41.662 9 INFO neutron.wsgi [None req-4519b3d7-5daf-48d1-860a-e0f459ed2c93 30463a0beef84711a8b05d5babc7d465 b9d715994f6e4a7c97888951fb11a480 - - default default] 10.0.0.192 "GET /v2.0/floatingips/50d5b5c7-0a63-4a8e-ae85-fdc434ed544c/tags/red HTTP/1.1" status: 204 len: 168 time: 0.0391221
2026-07-09 17:57:41.706 9 INFO neutron.api.v2.resource [None req-a5ba15cc-eb6c-4aa0-87cf-c9beb339c13a 30463a0beef84711a8b05d5babc7d465 b9d715994f6e4a7c97888951fb11a480 - - default default] show failed (client error): The resource could not be found.
2026-07-09 17:57:41.707 9 INFO neutron.wsgi [None req-a5ba15cc-eb6c-4aa0-87cf-c9beb339c13a 30463a0beef84711a8b05d5babc7d465 b9d715994f6e4a7c97888951fb11a480 - - default default] 10.0.0.192 "GET /v2.0/floatingips/50d5b5c7-0a63-4a8e-ae85-fdc434ed544c/tags/green HTTP/1.1" status: 404 len: 299 time: 0.0399678
2026-07-09 17:57:41.769 9 INFO neutron.wsgi [None req-28a6e24d-9bc7-465e-a04f-6e18c319abd1 30463a0beef84711a8b05d5babc7d465 b9d715994f6e4a7c97888951fb11a480 - - default default] 10.0.0.192 "DELETE /v2.0/floatingips/50d5b5c7-0a63-4a8e-ae85-fdc434ed544c/tags/red HTTP/1.1" status: 204 len: 168 time: 0.0562108
2026-07-09 17:57:41.811 9 INFO neutron.wsgi [None req-76ed1a45-68fb-487c-a5c9-cfe5178a1789 30463a0beef84711a8b05d5babc7d465 b9d715994f6e4a7c97888951fb11a480 - - default default] 10.0.0.192 "GET /v2.0/floatingips/50d5b5c7-0a63-4a8e-ae85-fdc434ed544c/tags HTTP/1.1" status: 200 len: 223 time: 0.0371583
2026-07-09 17:57:41.860 9 INFO neutron.api.v2.resource [None req-cdb6a8a5-89ab-4ac2-9c4c-2f9a446bfe00 30463a0beef84711a8b05d5babc7d465 b9d715994f6e4a7c97888951fb11a480 - - default default] delete failed (client error): The resource could not be found.
2026-07-09 17:57:41.864 9 INFO neutron.wsgi [None req-cdb6a8a5-89ab-4ac2-9c4c-2f9a446bfe00 30463a0beef84711a8b05d5babc7d465 b9d715994f6e4a7c97888951fb11a480 - - default default] 10.0.0.192 "DELETE /v2.0/floatingips/50d5b5c7-0a63-4a8e-ae85-fdc434ed544c/tags/green HTTP/1.1" status: 404 len: 299 time: 0.0467741
2026-07-09 17:57:41.937 9 INFO neutron.wsgi [None req-d6c6d73d-6b19-4ced-86fe-bb95cb5740fe 30463a0beef84711a8b05d5babc7d465 b9d715994f6e4a7c97888951fb11a480 - - default default] 10.0.0.192 "DELETE /v2.0/floatingips/50d5b5c7-0a63-4a8e-ae85-fdc434ed544c/tags HTTP/1.1" status: 204 len: 168 time: 0.0661173
2026-07-09 17:57:41.986 9 INFO neutron.wsgi [None req-eda33cc3-26a4-48a1-8981-ad7369bebae0 30463a0beef84711a8b05d5babc7d465 b9d715994f6e4a7c97888951fb11a480 - - default default] 10.0.0.192 "GET /v2.0/floatingips/50d5b5c7-0a63-4a8e-ae85-fdc434ed544c/tags HTTP/1.1" status: 200 len: 205 time: 0.0422223
2026-07-09 17:57:42.251 10 INFO neutron.db.ovn_revision_numbers_db [None req-ef3a87bb-275c-41b1-83fc-b2388798e69a b6657a9963d7413890d33574fe038125 366429dc9b524713af94988132729de1 - - default default] Successfully bumped revision number for resource f5dd337c-fca0-4718-b2ed-50dd0c70e9ff (type: floatingips) to 5
2026-07-09 17:57:42.251 10 INFO neutron.db.l3_db [None req-ef3a87bb-275c-41b1-83fc-b2388798e69a b6657a9963d7413890d33574fe038125 366429dc9b524713af94988132729de1 - - default default] Floating IP f5dd337c-fca0-4718-b2ed-50dd0c70e9ff associated. External IP: 10.96.250.213, port: 99ff585a-274a-4213-a627-d1025534397a.
2026-07-09 17:57:42.311 10 INFO neutron.wsgi [None req-ef3a87bb-275c-41b1-83fc-b2388798e69a b6657a9963d7413890d33574fe038125 366429dc9b524713af94988132729de1 - - default default] 10.0.0.192 "PUT /v2.0/floatingips/f5dd337c-fca0-4718-b2ed-50dd0c70e9ff HTTP/1.1" status: 200 len: 1050 time: 2.0558560
2026-07-09 17:57:42.330 10 INFO neutron.wsgi [None req-91071568-4d20-403f-8281-44275eed4693 e4d96d0eec8e44818715b43f980a4540 2dc4ec9717784e809c1ef38f8db5e981 - - default default] 10.0.0.192 "DELETE /v2.0/ports/084ab0d2-e580-4869-95f5-df61df3fd792 HTTP/1.1" status: 204 len: 168 time: 1.0407267
2026-07-09 17:57:42.391 10 INFO neutron.wsgi [None req-b9447565-93d1-4eae-857b-22c89d75d945 b6657a9963d7413890d33574fe038125 366429dc9b524713af94988132729de1 - - default default] 10.0.0.192 "GET /v2.0/floatingips/f5dd337c-fca0-4718-b2ed-50dd0c70e9ff HTTP/1.1" status: 200 len: 1052 time: 0.0715823
2026-07-09 17:57:42.615 9 INFO neutron.wsgi [None req-481eb700-88dd-4c93-a03e-c397f49c0908 30463a0beef84711a8b05d5babc7d465 b9d715994f6e4a7c97888951fb11a480 - - default default] 10.0.0.192 "DELETE /v2.0/floatingips/50d5b5c7-0a63-4a8e-ae85-fdc434ed544c HTTP/1.1" status: 204 len: 168 time: 0.6193693
2026-07-09 17:57:42.685 10 INFO neutron.wsgi [None req-98e39786-63b2-4c97-9d14-058488e9339a d5eeda3a2d374c2c9d220fd5c2921b75 f51747ab56494de2af209d8f0006db86 - - default default] 10.0.0.192 "DELETE /v2.0/routers/12af4b90-8301-4ec1-bcae-f37a7ed6b4a0 HTTP/1.1" status: 204 len: 168 time: 1.9060650
2026-07-09 17:57:42.714 10 INFO neutron.wsgi [None req-18279072-8c1e-4e0b-981b-121673cf1955 d5eeda3a2d374c2c9d220fd5c2921b75 f51747ab56494de2af209d8f0006db86 - - default default] 10.0.0.192 "GET /v2.0/ports?device_id=12af4b90-8301-4ec1-bcae-f37a7ed6b4a0 HTTP/1.1" status: 200 len: 205 time: 0.0214393
2026-07-09 17:57:42.756 10 INFO neutron.api.v2.resource [None req-88def587-dfab-46ab-95ed-313c5ad5e058 d5eeda3a2d374c2c9d220fd5c2921b75 f51747ab56494de2af209d8f0006db86 - - default default] delete failed (client error): The resource could not be found.
2026-07-09 17:57:42.757 10 INFO neutron.wsgi [None req-88def587-dfab-46ab-95ed-313c5ad5e058 d5eeda3a2d374c2c9d220fd5c2921b75 f51747ab56494de2af209d8f0006db86 - - default default] 10.0.0.192 "DELETE /v2.0/routers/12af4b90-8301-4ec1-bcae-f37a7ed6b4a0 HTTP/1.1" status: 404 len: 336 time: 0.0354850
2026-07-09 17:57:42.785 10 INFO neutron.wsgi [None req-ba35838f-55b7-47ee-b0ed-ad0fcc506a2a d5eeda3a2d374c2c9d220fd5c2921b75 f51747ab56494de2af209d8f0006db86 - - default default] 10.0.0.192 "GET /v2.0/ports?device_id=ef1600bb-3d8e-4820-bc5d-ff1c866a2e8a HTTP/1.1" status: 200 len: 205 time: 0.0210426
2026-07-09 17:57:42.816 10 INFO neutron.api.v2.resource [None req-d7d6130a-0de6-4a5d-b22e-b8157fcad34c d5eeda3a2d374c2c9d220fd5c2921b75 f51747ab56494de2af209d8f0006db86 - - default default] delete failed (client error): The resource could not be found.
2026-07-09 17:57:42.818 10 INFO neutron.wsgi [None req-d7d6130a-0de6-4a5d-b22e-b8157fcad34c d5eeda3a2d374c2c9d220fd5c2921b75 f51747ab56494de2af209d8f0006db86 - - default default] 10.0.0.192 "DELETE /v2.0/routers/ef1600bb-3d8e-4820-bc5d-ff1c866a2e8a HTTP/1.1" status: 404 len: 336 time: 0.0274096
2026-07-09 17:57:42.846 10 INFO neutron.pecan_wsgi.hooks.translation [None req-0175a916-5625-4b31-ab56-39d856b22c3e d5eeda3a2d374c2c9d220fd5c2921b75 f51747ab56494de2af209d8f0006db86 - - default default] DELETE failed (client error): The resource could not be found.
2026-07-09 17:57:42.849 10 INFO neutron.wsgi [None req-0175a916-5625-4b31-ab56-39d856b22c3e d5eeda3a2d374c2c9d220fd5c2921b75 f51747ab56494de2af209d8f0006db86 - - default default] 10.0.0.192 "DELETE /v2.0/subnets/3797d250-f6ba-4a7b-b297-40b17307cbe2 HTTP/1.1" status: 404 len: 337 time: 0.0256243
2026-07-09 17:57:42.870 9 INFO neutron.services.segments.plugin [-] Segment 907036f6-772e-48f4-bf31-26eb9896ed39 resource provider aggregate not found
2026-07-09 17:57:42.876 9 INFO neutron.services.segments.plugin [-] Segment 907036f6-772e-48f4-bf31-26eb9896ed39 resource provider aggregate not found
2026-07-09 17:57:42.878 10 INFO neutron.wsgi [None req-3ed5f1e6-7ae8-41a6-aadf-8c9049e1efb2 d5eeda3a2d374c2c9d220fd5c2921b75 f51747ab56494de2af209d8f0006db86 - - default default] 10.0.0.192 "GET /v2.0/ports?device_id=40376a23-eb3a-48db-92f0-7529df15990e HTTP/1.1" status: 200 len: 205 time: 0.0224106
2026-07-09 17:57:42.898 9 INFO neutron.services.segments.plugin [-] Segment 907036f6-772e-48f4-bf31-26eb9896ed39 resource provider not found; error: Placement Client Error (4xx): {"errors": [{"status": 404, "title": "Not Found", "detail": "The resource could not be found.\n\n No resource provider with uuid 907036f6-772e-48f4-bf31-26eb9896ed39 found for delete ", "request_id": "req-0419a3d0-af11-4161-88ff-c23164e6ef22"}]}
2026-07-09 17:57:42.903 9 INFO neutron.services.segments.plugin [-] Segment 907036f6-772e-48f4-bf31-26eb9896ed39 resource provider not found; error: Placement Client Error (4xx): {"errors": [{"status": 404, "title": "Not Found", "detail": "The resource could not be found.\n\n No resource provider with uuid 907036f6-772e-48f4-bf31-26eb9896ed39 found for delete ", "request_id": "req-cd2b94df-b5ed-4a4b-9b57-0eb85e3fa437"}]}
2026-07-09 17:57:42.916 10 INFO neutron.api.v2.resource [None req-5b215e1e-4a94-4660-9d57-de8fb039597b d5eeda3a2d374c2c9d220fd5c2921b75 f51747ab56494de2af209d8f0006db86 - - default default] delete failed (client error): The resource could not be found.
2026-07-09 17:57:42.917 10 INFO neutron.wsgi [None req-5b215e1e-4a94-4660-9d57-de8fb039597b d5eeda3a2d374c2c9d220fd5c2921b75 f51747ab56494de2af209d8f0006db86 - - default default] 10.0.0.192 "DELETE /v2.0/routers/40376a23-eb3a-48db-92f0-7529df15990e HTTP/1.1" status: 404 len: 336 time: 0.0326638
2026-07-09 17:57:42.930 9 INFO neutron.wsgi [None req-c1e1102a-26ad-435f-9c27-b9b5d8131a06 e4d96d0eec8e44818715b43f980a4540 2dc4ec9717784e809c1ef38f8db5e981 - - default default] 10.0.0.192 "DELETE /v2.0/networks/84d07ae5-af45-4423-b919-f85855e0a8aa HTTP/1.1" status: 204 len: 168 time: 0.5925171
2026-07-09 17:57:42.939 10 INFO neutron.pecan_wsgi.hooks.translation [None req-7501fe54-9543-4a7c-8d51-104d2bc0a672 d5eeda3a2d374c2c9d220fd5c2921b75 f51747ab56494de2af209d8f0006db86 - - default default] DELETE failed (client error): The resource could not be found.
2026-07-09 17:57:42.943 10 INFO neutron.wsgi [None req-7501fe54-9543-4a7c-8d51-104d2bc0a672 d5eeda3a2d374c2c9d220fd5c2921b75 f51747ab56494de2af209d8f0006db86 - - default default] 10.0.0.192 "DELETE /v2.0/subnets/2527c18a-bc27-44aa-9bc9-1b9d41ab5cf7 HTTP/1.1" status: 404 len: 337 time: 0.0203712
2026-07-09 17:57:42.984 9 INFO neutron.wsgi [None req-ccf00203-ef44-4b35-aa3e-16380a0a808f d5eeda3a2d374c2c9d220fd5c2921b75 f51747ab56494de2af209d8f0006db86 - - default default] 10.0.0.192 "GET /v2.0/ports?device_id=45869d80-1df1-4174-bbcb-1064c13f413b HTTP/1.1" status: 200 len: 205 time: 0.0338728
2026-07-09 17:57:43.017 9 INFO neutron.api.v2.resource [None req-2c858018-2329-4f4a-a2e8-9dde0fe3e120 d5eeda3a2d374c2c9d220fd5c2921b75 f51747ab56494de2af209d8f0006db86 - - default default] delete failed (client error): The resource could not be found.
2026-07-09 17:57:43.018 9 INFO neutron.wsgi [None req-2c858018-2329-4f4a-a2e8-9dde0fe3e120 d5eeda3a2d374c2c9d220fd5c2921b75 f51747ab56494de2af209d8f0006db86 - - default default] 10.0.0.192 "DELETE /v2.0/routers/45869d80-1df1-4174-bbcb-1064c13f413b HTTP/1.1" status: 404 len: 336 time: 0.0290580
2026-07-09 17:57:43.052 9 INFO neutron.pecan_wsgi.hooks.translation [None req-292d92ec-9e2b-4214-a762-4db59998a820 d5eeda3a2d374c2c9d220fd5c2921b75 f51747ab56494de2af209d8f0006db86 - - default default] DELETE failed (client error): The resource could not be found.
2026-07-09 17:57:43.056 9 INFO neutron.wsgi [None req-292d92ec-9e2b-4214-a762-4db59998a820 d5eeda3a2d374c2c9d220fd5c2921b75 f51747ab56494de2af209d8f0006db86 - - default default] 10.0.0.192 "DELETE /v2.0/subnets/ba0b5878-57ef-4c80-8d8a-fa081f6435a5 HTTP/1.1" status: 404 len: 337 time: 0.0315390
2026-07-09 17:57:43.080 10 INFO neutron.pecan_wsgi.hooks.translation [None req-fbd6a5c7-e2ce-48d1-9be1-8133708df51a d5eeda3a2d374c2c9d220fd5c2921b75 f51747ab56494de2af209d8f0006db86 - - default default] DELETE failed (client error): The resource could not be found.
2026-07-09 17:57:43.083 10 INFO neutron.wsgi [None req-fbd6a5c7-e2ce-48d1-9be1-8133708df51a d5eeda3a2d374c2c9d220fd5c2921b75 f51747ab56494de2af209d8f0006db86 - - default default] 10.0.0.192 "DELETE /v2.0/subnets/7de14a4c-244e-4690-a2bc-4248ec48023a HTTP/1.1" status: 404 len: 337 time: 0.0218694
2026-07-09 17:57:43.094 10 INFO neutron.notifiers.nova [-] Nova event matching ['req-1e8fc9a2-0573-4ef5-954a-38d224f5ca93'] response: {'name': 'network-changed', 'server_uuid': '30ab1e95-12f8-4501-a551-26e13d6f0c01', 'tag': '99ff585a-274a-4213-a627-d1025534397a', 'status': 'completed', 'code': 200}
2026-07-09 17:57:43.162 9 INFO neutron.wsgi [req-731b1cc5-0a62-417a-b16a-cb403d393c12 req-ef4dc6b7-8199-44a6-9298-8f8ccafea8af 9641b87a283e4ec09b0c3517dc01645c a7a0526503ce4ec899e384dc9024c28f - - 7487e898d5dc4f46b4dc538548e243d7 7487e898d5dc4f46b4dc538548e243d7] 199.19.213.249 "GET /v2.0/ports?tenant_id=366429dc9b524713af94988132729de1&device_id=30ab1e95-12f8-4501-a551-26e13d6f0c01 HTTP/1.1" status: 200 len: 1413 time: 0.0436792
2026-07-09 17:57:43.246 9 INFO neutron.wsgi [req-731b1cc5-0a62-417a-b16a-cb403d393c12 req-8b3f8051-e0d5-4738-b32a-5638c3b19588 9641b87a283e4ec09b0c3517dc01645c a7a0526503ce4ec899e384dc9024c28f - - 7487e898d5dc4f46b4dc538548e243d7 7487e898d5dc4f46b4dc538548e243d7] 199.19.213.249 "GET /v2.0/networks?id=679c4894-df85-4bab-a527-509d4313a943 HTTP/1.1" status: 200 len: 958 time: 0.0767374
2026-07-09 17:57:43.328 9 INFO neutron.wsgi [req-731b1cc5-0a62-417a-b16a-cb403d393c12 req-fa402a4c-aaa2-4f3b-acee-dfb1b3ee8d82 9641b87a283e4ec09b0c3517dc01645c a7a0526503ce4ec899e384dc9024c28f - - 7487e898d5dc4f46b4dc538548e243d7 7487e898d5dc4f46b4dc538548e243d7] 199.19.213.249 "GET /v2.0/floatingips?fixed_ip_address=10.100.0.14&port_id=99ff585a-274a-4213-a627-d1025534397a HTTP/1.1" status: 200 len: 1060 time: 0.0744488
2026-07-09 17:57:43.381 9 INFO neutron.wsgi [req-731b1cc5-0a62-417a-b16a-cb403d393c12 req-3393beea-9506-429d-9d49-caacb3e015d3 9641b87a283e4ec09b0c3517dc01645c a7a0526503ce4ec899e384dc9024c28f - - 7487e898d5dc4f46b4dc538548e243d7 7487e898d5dc4f46b4dc538548e243d7] 199.19.213.249 "GET /v2.0/subnets?id=0c40d40a-bf8d-4bed-b773-a36524d91f58 HTTP/1.1" status: 200 len: 852 time: 0.0468829
2026-07-09 17:57:43.416 9 INFO neutron.wsgi [req-731b1cc5-0a62-417a-b16a-cb403d393c12 req-4244d35f-bca5-4a88-915b-e3643304d367 9641b87a283e4ec09b0c3517dc01645c a7a0526503ce4ec899e384dc9024c28f - - 7487e898d5dc4f46b4dc538548e243d7 7487e898d5dc4f46b4dc538548e243d7] 199.19.213.249 "GET /v2.0/ports?network_id=679c4894-df85-4bab-a527-509d4313a943&device_owner=network%3Adhcp HTTP/1.1" status: 200 len: 210 time: 0.0258863
2026-07-09 17:57:43.496 9 INFO neutron.wsgi [req-731b1cc5-0a62-417a-b16a-cb403d393c12 req-fda7ebcb-96fa-4398-a726-a90cfb8c3b04 9641b87a283e4ec09b0c3517dc01645c a7a0526503ce4ec899e384dc9024c28f - - 7487e898d5dc4f46b4dc538548e243d7 7487e898d5dc4f46b4dc538548e243d7] 199.19.213.249 "GET /v2.0/networks/679c4894-df85-4bab-a527-509d4313a943?fields=segments HTTP/1.1" status: 200 len: 212 time: 0.0723968
2026-07-09 17:57:43.565 9 INFO neutron.wsgi [req-731b1cc5-0a62-417a-b16a-cb403d393c12 req-cd97e891-fb1e-4850-81a1-9ce3aabc24ae 9641b87a283e4ec09b0c3517dc01645c a7a0526503ce4ec899e384dc9024c28f - - 7487e898d5dc4f46b4dc538548e243d7 7487e898d5dc4f46b4dc538548e243d7] 199.19.213.249 "GET /v2.0/networks/679c4894-df85-4bab-a527-509d4313a943?fields=provider%3Aphysical_network&fields=provider%3Anetwork_type HTTP/1.1" status: 200 len: 277 time: 0.0619750
2026-07-09 17:57:43.748 10 INFO neutron.wsgi [None req-8438b3e4-70c8-4463-b855-b2f26eaf420f d0c65db9968c44ea881660ce31adcce2 2bb4e729329c4911868eda1f1f6609e1 - - default default] 10.0.0.192 "GET /v2.0/security-groups?tenant_id=2dc4ec9717784e809c1ef38f8db5e981&name=default HTTP/1.1" status: 200 len: 3120 time: 0.0890090
2026-07-09 17:57:43.820 10 INFO neutron.db.ovn_revision_numbers_db [None req-6e7ef028-69f7-40dd-9774-8ed15492a280 d0c65db9968c44ea881660ce31adcce2 2bb4e729329c4911868eda1f1f6609e1 - - default default] Successfully bumped revision number for resource cbd37fdf-1bdc-4511-bcfd-0d0e3de7dd71 (type: security_groups) to 1
2026-07-09 17:57:43.835 10 INFO neutron.db.ovn_revision_numbers_db [None req-6e7ef028-69f7-40dd-9774-8ed15492a280 d0c65db9968c44ea881660ce31adcce2 2bb4e729329c4911868eda1f1f6609e1 - - default default] Successfully bumped revision number for resource 66209d29-68b8-48b3-a103-d013f6f36255 (type: security_group_rules) to 0
2026-07-09 17:57:43.850 10 INFO neutron.db.ovn_revision_numbers_db [None req-6e7ef028-69f7-40dd-9774-8ed15492a280 d0c65db9968c44ea881660ce31adcce2 2bb4e729329c4911868eda1f1f6609e1 - - default default] Successfully bumped revision number for resource 978cc933-987c-4fd4-8ba6-399cd2972265 (type: security_group_rules) to 0
2026-07-09 17:57:43.852 9 INFO neutron.wsgi [None req-b7b15d70-0986-49da-9708-a11d2f4bc15d d0c65db9968c44ea881660ce31adcce2 2bb4e729329c4911868eda1f1f6609e1 - - default default] 10.0.0.192 "GET /v2.0/security-groups?tenant_id=f51747ab56494de2af209d8f0006db86&name=default HTTP/1.1" status: 200 len: 3120 time: 0.1915724
2026-07-09 17:57:43.879 10 INFO neutron.db.ovn_revision_numbers_db [None req-6e7ef028-69f7-40dd-9774-8ed15492a280 d0c65db9968c44ea881660ce31adcce2 2bb4e729329c4911868eda1f1f6609e1 - - default default] Successfully bumped revision number for resource 98f58705-ab4e-4e99-a601-a25e04c3ddf8 (type: security_group_rules) to 0
2026-07-09 17:57:43.908 10 INFO neutron.db.ovn_revision_numbers_db [None req-6e7ef028-69f7-40dd-9774-8ed15492a280 d0c65db9968c44ea881660ce31adcce2 2bb4e729329c4911868eda1f1f6609e1 - - default default] Successfully bumped revision number for resource cd45ee6b-25be-4446-8ed1-965991e5f412 (type: security_group_rules) to 0
2026-07-09 17:57:43.935 10 INFO neutron.wsgi [None req-6e7ef028-69f7-40dd-9774-8ed15492a280 d0c65db9968c44ea881660ce31adcce2 2bb4e729329c4911868eda1f1f6609e1 - - default default] 10.0.0.192 "GET /v2.0/security-groups?tenant_id=f0b8e62bbee843e196f0530e1e5470c3&name=default HTTP/1.1" status: 200 len: 3120 time: 0.5023966
2026-07-09 17:57:44.088 9 INFO neutron.wsgi [None req-aadf0807-4702-4e92-a055-4243b0adec8f d0c65db9968c44ea881660ce31adcce2 2bb4e729329c4911868eda1f1f6609e1 - - default default] 10.0.0.192 "DELETE /v2.0/security-groups/5cecba06-29ff-48cd-b667-6c53d8bcc0e4 HTTP/1.1" status: 204 len: 168 time: 0.3325210
2026-07-09 17:57:44.098 10 INFO neutron.wsgi [None req-2a8fff32-57a1-467f-a829-60208d62b90a d0c65db9968c44ea881660ce31adcce2 2bb4e729329c4911868eda1f1f6609e1 - - default default] 10.0.0.192 "DELETE /v2.0/security-groups/557116ac-c88b-4b8d-9e8b-f2464ff25e89 HTTP/1.1" status: 204 len: 168 time: 0.2379513
2026-07-09 17:57:44.251 9 INFO neutron.wsgi [None req-94ca12b4-87bc-480a-980d-27999c25a5ad d0c65db9968c44ea881660ce31adcce2 2bb4e729329c4911868eda1f1f6609e1 - - default default] 10.0.0.192 "DELETE /v2.0/security-groups/cbd37fdf-1bdc-4511-bcfd-0d0e3de7dd71 HTTP/1.1" status: 204 len: 168 time: 0.3058810
2026-07-09 17:57:44.367 10 INFO neutron.db.ovn_revision_numbers_db [None req-e0eeb82f-8108-4206-b2a7-f37d492b617a d0c65db9968c44ea881660ce31adcce2 2bb4e729329c4911868eda1f1f6609e1 - - default default] Successfully bumped revision number for resource 73e0a8c9-328e-476f-bd9a-7214b3c6c0f0 (type: security_groups) to 1
2026-07-09 17:57:44.389 10 INFO neutron.db.ovn_revision_numbers_db [None req-e0eeb82f-8108-4206-b2a7-f37d492b617a d0c65db9968c44ea881660ce31adcce2 2bb4e729329c4911868eda1f1f6609e1 - - default default] Successfully bumped revision number for resource 077492fb-06bb-4b6a-8e46-0a448d536db6 (type: security_group_rules) to 0
2026-07-09 17:57:44.408 10 INFO neutron.db.ovn_revision_numbers_db [None req-e0eeb82f-8108-4206-b2a7-f37d492b617a d0c65db9968c44ea881660ce31adcce2 2bb4e729329c4911868eda1f1f6609e1 - - default default] Successfully bumped revision number for resource 16f7c0de-7ecb-4937-a6ac-84533685a8ef (type: security_group_rules) to 0
2026-07-09 17:57:44.427 10 INFO neutron.db.ovn_revision_numbers_db [None req-e0eeb82f-8108-4206-b2a7-f37d492b617a d0c65db9968c44ea881660ce31adcce2 2bb4e729329c4911868eda1f1f6609e1 - - default default] Successfully bumped revision number for resource 192cf7dc-c47c-4b5c-aa97-72e560523a26 (type: security_group_rules) to 0
2026-07-09 17:57:44.445 10 INFO neutron.db.ovn_revision_numbers_db [None req-e0eeb82f-8108-4206-b2a7-f37d492b617a d0c65db9968c44ea881660ce31adcce2 2bb4e729329c4911868eda1f1f6609e1 - - default default] Successfully bumped revision number for resource c63e0b1b-d1a2-48f3-a8f5-9d63dfab2299 (type: security_group_rules) to 0
2026-07-09 17:57:44.485 10 INFO neutron.wsgi [None req-e0eeb82f-8108-4206-b2a7-f37d492b617a d0c65db9968c44ea881660ce31adcce2 2bb4e729329c4911868eda1f1f6609e1 - - default default] 10.0.0.192 "GET /v2.0/security-groups?tenant_id=6e241fb4ad464e1b9b42778fb0fd2125&name=default HTTP/1.1" status: 200 len: 3120 time: 0.2462969
2026-07-09 17:57:44.663 9 INFO neutron.db.ovn_revision_numbers_db [None req-cc7b2eae-ed60-4e59-9efc-f1ad39610a97 d0c65db9968c44ea881660ce31adcce2 2bb4e729329c4911868eda1f1f6609e1 - - default default] Successfully bumped revision number for resource 71b83634-9b2f-4935-b386-1cbb307f0554 (type: security_groups) to 1
2026-07-09 17:57:44.681 9 INFO neutron.db.ovn_revision_numbers_db [None req-cc7b2eae-ed60-4e59-9efc-f1ad39610a97 d0c65db9968c44ea881660ce31adcce2 2bb4e729329c4911868eda1f1f6609e1 - - default default] Successfully bumped revision number for resource 3c56199e-3302-4ee3-a6b9-3fdd7e6d07d5 (type: security_group_rules) to 0
2026-07-09 17:57:44.703 9 INFO neutron.db.ovn_revision_numbers_db [None req-cc7b2eae-ed60-4e59-9efc-f1ad39610a97 d0c65db9968c44ea881660ce31adcce2 2bb4e729329c4911868eda1f1f6609e1 - - default default] Successfully bumped revision number for resource 57efdef2-cb48-42ad-b831-b32d9b8b5cd7 (type: security_group_rules) to 0
2026-07-09 17:57:44.717 9 INFO neutron.db.ovn_revision_numbers_db [None req-cc7b2eae-ed60-4e59-9efc-f1ad39610a97 d0c65db9968c44ea881660ce31adcce2 2bb4e729329c4911868eda1f1f6609e1 - - default default] Successfully bumped revision number for resource 7a4d93bf-c7eb-4665-b06d-263ca58534ff (type: security_group_rules) to 0
2026-07-09 17:57:44.736 9 INFO neutron.db.ovn_revision_numbers_db [None req-cc7b2eae-ed60-4e59-9efc-f1ad39610a97 d0c65db9968c44ea881660ce31adcce2 2bb4e729329c4911868eda1f1f6609e1 - - default default] Successfully bumped revision number for resource bf0ad20c-0fa4-4951-af94-6fe4a05a301b (type: security_group_rules) to 0
2026-07-09 17:57:44.756 9 INFO neutron.wsgi [None req-cc7b2eae-ed60-4e59-9efc-f1ad39610a97 d0c65db9968c44ea881660ce31adcce2 2bb4e729329c4911868eda1f1f6609e1 - - default default] 10.0.0.192 "GET /v2.0/security-groups?tenant_id=b9d715994f6e4a7c97888951fb11a480&name=default HTTP/1.1" status: 200 len: 3120 time: 0.3067255
2026-07-09 17:57:44.802 9 INFO neutron.wsgi [None req-2069e7ca-261d-45ec-8efe-290302e040da d0c65db9968c44ea881660ce31adcce2 2bb4e729329c4911868eda1f1f6609e1 - - default default] 10.0.0.192 "DELETE /v2.0/security-groups/73e0a8c9-328e-476f-bd9a-7214b3c6c0f0 HTTP/1.1" status: 204 len: 168 time: 0.3114502
2026-07-09 17:57:44.943 10 WARNING neutron.plugins.ml2.drivers.ovn.mech_driver.ovsdb.ovn_client [None req-3a6840fe-c253-4c19-a799-668bedd5c8b2 - - - - - -] No port found with ID 90428682-6a2f-4224-a7ad-50ccd2b35709: RuntimeError: No port found with ID 90428682-6a2f-4224-a7ad-50ccd2b35709
2026-07-09 17:57:45.032 9 INFO neutron.wsgi [None req-ceccbaf0-0363-4898-9d4a-d4025fb91507 d0c65db9968c44ea881660ce31adcce2 2bb4e729329c4911868eda1f1f6609e1 - - default default] 10.0.0.192 "DELETE /v2.0/security-groups/71b83634-9b2f-4935-b386-1cbb307f0554 HTTP/1.1" status: 204 len: 168 time: 0.2713456
2026-07-09 17:57:48.395 10 WARNING neutron_lib.context [None req-165bb32d-4642-402d-875a-750b60d18ad8 93215cacf6b849188ab9ae839b028e13 0973c686f5e04ef295d3271fcabcc7cc - - default default] Method 'is_advsvc' is deprecated since 2023.2 release (neutron-lib 3.8.0) and will be removed once support for the old RBAC API policies will be removed from Neutron. Please use method 'is_service_role' instead.
2026-07-09 17:57:48.578 10 INFO neutron.db.ovn_revision_numbers_db [None req-165bb32d-4642-402d-875a-750b60d18ad8 93215cacf6b849188ab9ae839b028e13 0973c686f5e04ef295d3271fcabcc7cc - - default default] Successfully bumped revision number for resource e0dfa4b0-d773-4719-8ff9-aa3aaa8a950c (type: routers) to 1
2026-07-09 17:57:48.600 10 INFO neutron.wsgi [None req-165bb32d-4642-402d-875a-750b60d18ad8 93215cacf6b849188ab9ae839b028e13 0973c686f5e04ef295d3271fcabcc7cc - - default default] 10.0.0.192 "POST /v2.0/routers HTTP/1.1" status: 201 len: 769 time: 0.3703792
2026-07-09 17:57:48.703 9 INFO neutron.wsgi [None req-24291276-e219-4f8f-9e4f-88e8c9003e31 93215cacf6b849188ab9ae839b028e13 0973c686f5e04ef295d3271fcabcc7cc - - default default] 10.0.0.192 "PUT /v2.0/routers/e0dfa4b0-d773-4719-8ff9-aa3aaa8a950c/tags HTTP/1.1" status: 200 len: 218 time: 0.0939276
2026-07-09 17:57:48.755 9 WARNING neutron_lib.context [None req-4a524f0e-6ff6-48ce-9aee-7ee85a85b483 e6cfe06edef641da8ae2cfcf8f7f02e0 57fb5635033f455bad6c1b3399a801bc - - default default] Method 'is_advsvc' is deprecated since 2023.2 release (neutron-lib 3.8.0) and will be removed once support for the old RBAC API policies will be removed from Neutron. Please use method 'is_service_role' instead.
2026-07-09 17:57:48.783 9 INFO neutron.wsgi [None req-30b7bfbb-ef5c-4d26-98e0-d816ce859384 93215cacf6b849188ab9ae839b028e13 0973c686f5e04ef295d3271fcabcc7cc - - default default] 10.0.0.192 "GET /v2.0/routers/e0dfa4b0-d773-4719-8ff9-aa3aaa8a950c/tags HTTP/1.1" status: 200 len: 218 time: 0.0716999
2026-07-09 17:57:48.898 10 INFO neutron.wsgi [None req-f274d762-0c49-4bf2-8dfc-1fbbd1f1dd74 93215cacf6b849188ab9ae839b028e13 0973c686f5e04ef295d3271fcabcc7cc - - default default] 10.0.0.192 "PUT /v2.0/routers/e0dfa4b0-d773-4719-8ff9-aa3aaa8a950c/tags/green HTTP/1.1" status: 201 len: 201 time: 0.1053784
2026-07-09 17:57:48.941 9 INFO neutron.db.ovn_revision_numbers_db [None req-4a524f0e-6ff6-48ce-9aee-7ee85a85b483 e6cfe06edef641da8ae2cfcf8f7f02e0 57fb5635033f455bad6c1b3399a801bc - - default default] Successfully bumped revision number for resource a976f0e3-ccda-4eb6-b851-81951c45c10f (type: security_groups) to 1
2026-07-09 17:57:48.964 9 INFO neutron.db.ovn_revision_numbers_db [None req-4a524f0e-6ff6-48ce-9aee-7ee85a85b483 e6cfe06edef641da8ae2cfcf8f7f02e0 57fb5635033f455bad6c1b3399a801bc - - default default] Successfully bumped revision number for resource 56047678-1d13-4864-9ea5-9b1dd5a510e1 (type: security_group_rules) to 0
2026-07-09 17:57:48.977 9 INFO neutron.db.ovn_revision_numbers_db [None req-4a524f0e-6ff6-48ce-9aee-7ee85a85b483 e6cfe06edef641da8ae2cfcf8f7f02e0 57fb5635033f455bad6c1b3399a801bc - - default default] Successfully bumped revision number for resource 686fb5f7-6ec6-4e44-aaea-a0e53e456289 (type: security_group_rules) to 0
2026-07-09 17:57:48.986 10 INFO neutron.wsgi [None req-a55773da-06e8-4dc4-9fe2-0f311b5e5db4 93215cacf6b849188ab9ae839b028e13 0973c686f5e04ef295d3271fcabcc7cc - - default default] 10.0.0.192 "GET /v2.0/routers/e0dfa4b0-d773-4719-8ff9-aa3aaa8a950c/tags HTTP/1.1" status: 200 len: 227 time: 0.0789099
2026-07-09 17:57:49.004 9 INFO neutron.db.ovn_revision_numbers_db [None req-4a524f0e-6ff6-48ce-9aee-7ee85a85b483 e6cfe06edef641da8ae2cfcf8f7f02e0 57fb5635033f455bad6c1b3399a801bc - - default default] Successfully bumped revision number for resource 81b30319-f713-4c66-8fe9-7a843e9dab11 (type: security_group_rules) to 0
2026-07-09 17:57:49.045 9 INFO neutron.db.ovn_revision_numbers_db [None req-4a524f0e-6ff6-48ce-9aee-7ee85a85b483 e6cfe06edef641da8ae2cfcf8f7f02e0 57fb5635033f455bad6c1b3399a801bc - - default default] Successfully bumped revision number for resource b9114af1-127b-4dd7-88d7-e7859cf8fb5f (type: security_group_rules) to 0
2026-07-09 17:57:49.091 9 INFO neutron.wsgi [None req-78dcf25e-cfa3-415d-95aa-e5d2a18fc4ef 93215cacf6b849188ab9ae839b028e13 0973c686f5e04ef295d3271fcabcc7cc - - default default] 10.0.0.192 "PUT /v2.0/routers/e0dfa4b0-d773-4719-8ff9-aa3aaa8a950c/tags/red HTTP/1.1" status: 201 len: 201 time: 0.0976613
2026-07-09 17:57:49.124 9 INFO neutron.db.segments_db [None req-4a524f0e-6ff6-48ce-9aee-7ee85a85b483 e6cfe06edef641da8ae2cfcf8f7f02e0 57fb5635033f455bad6c1b3399a801bc - - default default] Added segment 46274471-3960-4afb-a568-1b4fe2ff4e80 of type geneve for network d735b78a-23db-4a22-a56a-0a9c2d063119
