2026-07-09 17:54:59.783 9 INFO neutron.db.ovn_revision_numbers_db [None req-0e9709ba-e4b0-4cc2-9fe7-43f5f9720c6a d0c65db9968c44ea881660ce31adcce2 2bb4e729329c4911868eda1f1f6609e1 - - default default] Successfully bumped revision number for resource ee05167d-afc7-4f60-8fab-adecc3b85b87 (type: security_group_rules) to 0
2026-07-09 17:54:59.817 9 INFO neutron.wsgi [None req-0e9709ba-e4b0-4cc2-9fe7-43f5f9720c6a d0c65db9968c44ea881660ce31adcce2 2bb4e729329c4911868eda1f1f6609e1 - - default default] 10.0.0.192 "GET /v2.0/security-groups?tenant_id=2309e03318934c3da54094f6c6cdeb6c&name=default HTTP/1.1" status: 200 len: 3120 time: 0.3331268 /var/lib/openstack/lib/python3.10/site-packages/pycadf/identifier.py:71: UserWarning: Invalid uuid: neutron. To ensure interoperability, identifiers should be a valid uuid. warnings.warn(('Invalid uuid: %s. To ensure interoperability, '
2026-07-09 17:54:59.873 9 INFO neutron.db.ovn_revision_numbers_db [None req-a72f7313-b654-490d-9122-02acf8721a94 dd93be3f816e4577a7d7daa28b33b5bf b5a96987ef56400cbaa1ed6059ace222 - - default default] Successfully bumped revision number for resource 006bd5ce-5076-4c36-830f-f77a5b1af1dd (type: ports) to 1
2026-07-09 17:54:59.910 9 INFO neutron.wsgi [None req-a72f7313-b654-490d-9122-02acf8721a94 dd93be3f816e4577a7d7daa28b33b5bf b5a96987ef56400cbaa1ed6059ace222 - - default default] 10.0.0.192 "POST /v2.0/ports HTTP/1.1" status: 201 len: 973 time: 0.5100820
2026-07-09 17:54:59.926 9 WARNING neutron_lib.context [None req-340c4717-9a98-4109-b2a0-344218329f0f dd93be3f816e4577a7d7daa28b33b5bf b5a96987ef56400cbaa1ed6059ace222 - - default default] Method 'is_advsvc' is deprecated since 2023.2 release (neutron-lib 3.8.0) and will be removed once support for the old RBAC API policies will be removed from Neutron. Please use method 'is_service_role' instead.
2026-07-09 17:55:00.048 9 INFO neutron.db.segments_db [None req-340c4717-9a98-4109-b2a0-344218329f0f dd93be3f816e4577a7d7daa28b33b5bf b5a96987ef56400cbaa1ed6059ace222 - - default default] Added segment aedb6413-4843-4501-a91c-f5d24fb27ff0 of type geneve for network 209fb6c4-80c5-4b88-a75d-d3a5952ef2f4
2026-07-09 17:55:00.188 9 INFO neutron.wsgi [None req-620b0a12-5326-4b2c-8081-12c3ff039ee0 d0c65db9968c44ea881660ce31adcce2 2bb4e729329c4911868eda1f1f6609e1 - - default default] 10.0.0.192 "DELETE /v2.0/security-groups/61ef9100-0475-41df-a1b1-49db9d02a756 HTTP/1.1" status: 204 len: 168 time: 0.3596773
2026-07-09 17:55:00.215 9 INFO neutron.db.ovn_revision_numbers_db [None req-340c4717-9a98-4109-b2a0-344218329f0f dd93be3f816e4577a7d7daa28b33b5bf b5a96987ef56400cbaa1ed6059ace222 - - default default] Successfully bumped revision number for resource 209fb6c4-80c5-4b88-a75d-d3a5952ef2f4 (type: networks) to 1
2026-07-09 17:55:00.368 10 WARNING neutron.scheduler.dhcp_agent_scheduler [None req-11497329-6ab6-46b8-b0d9-92327c794b28 d134d82769b84c089696eae8a111ebae 38c993074a2346dba54539992b4ddb56 - - default default] No more DHCP agents
2026-07-09 17:55:00.380 10 WARNING neutron.api.rpc.agentnotifiers.dhcp_rpc_agent_api [None req-11497329-6ab6-46b8-b0d9-92327c794b28 d134d82769b84c089696eae8a111ebae 38c993074a2346dba54539992b4ddb56 - - default default] Unable to schedule network 8dada6d5-ea31-4336-b244-4e6f55665df5: no agents available; will retry on subsequent port and subnet creation events.
2026-07-09 17:55:00.511 9 WARNING neutron.scheduler.dhcp_agent_scheduler [None req-340c4717-9a98-4109-b2a0-344218329f0f dd93be3f816e4577a7d7daa28b33b5bf b5a96987ef56400cbaa1ed6059ace222 - - default default] No more DHCP agents
2026-07-09 17:55:00.514 9 WARNING neutron.api.rpc.agentnotifiers.dhcp_rpc_agent_api [None req-340c4717-9a98-4109-b2a0-344218329f0f dd93be3f816e4577a7d7daa28b33b5bf b5a96987ef56400cbaa1ed6059ace222 - - default default] Unable to schedule network 209fb6c4-80c5-4b88-a75d-d3a5952ef2f4: no agents available; will retry on subsequent port and subnet creation events.
2026-07-09 17:55:00.622 10 INFO neutron.db.ovn_revision_numbers_db [None req-11497329-6ab6-46b8-b0d9-92327c794b28 d134d82769b84c089696eae8a111ebae 38c993074a2346dba54539992b4ddb56 - - default default] Successfully bumped revision number for resource b244779b-87b6-4ab4-89a2-0b7bc591d300 (type: ports) to 1
2026-07-09 17:55:00.665 9 INFO neutron.db.ovn_revision_numbers_db [None req-340c4717-9a98-4109-b2a0-344218329f0f dd93be3f816e4577a7d7daa28b33b5bf b5a96987ef56400cbaa1ed6059ace222 - - default default] Successfully bumped revision number for resource 70ee3420-6e5e-48ef-87d6-605236dc833b (type: ports) to 1
2026-07-09 17:55:00.699 9 INFO neutron.wsgi [None req-340c4717-9a98-4109-b2a0-344218329f0f dd93be3f816e4577a7d7daa28b33b5bf b5a96987ef56400cbaa1ed6059ace222 - - default default] 10.0.0.192 "POST /v2.0/networks HTTP/1.1" status: 201 len: 830 time: 0.7811768
2026-07-09 17:55:00.712 9 WARNING neutron_lib.context [None req-0e706512-81a2-4864-b86e-3bbc332a4e26 dd93be3f816e4577a7d7daa28b33b5bf b5a96987ef56400cbaa1ed6059ace222 - - default default] Method 'is_advsvc' is deprecated since 2023.2 release (neutron-lib 3.8.0) and will be removed once support for the old RBAC API policies will be removed from Neutron. Please use method 'is_service_role' instead.
2026-07-09 17:55:01.056 9 WARNING neutron.scheduler.dhcp_agent_scheduler [None req-0e706512-81a2-4864-b86e-3bbc332a4e26 dd93be3f816e4577a7d7daa28b33b5bf b5a96987ef56400cbaa1ed6059ace222 - - default default] No more DHCP agents
2026-07-09 17:55:01.058 9 WARNING neutron.api.rpc.agentnotifiers.dhcp_rpc_agent_api [None req-0e706512-81a2-4864-b86e-3bbc332a4e26 dd93be3f816e4577a7d7daa28b33b5bf b5a96987ef56400cbaa1ed6059ace222 - - default default] Unable to schedule network 209fb6c4-80c5-4b88-a75d-d3a5952ef2f4: no agents available; will retry on subsequent port and subnet creation events.
2026-07-09 17:55:01.870 9 INFO neutron.db.ovn_revision_numbers_db [None req-0e706512-81a2-4864-b86e-3bbc332a4e26 dd93be3f816e4577a7d7daa28b33b5bf b5a96987ef56400cbaa1ed6059ace222 - - default default] Successfully bumped revision number for resource 70ee3420-6e5e-48ef-87d6-605236dc833b (type: ports) to 2
2026-07-09 17:55:01.918 9 INFO neutron.db.ovn_revision_numbers_db [None req-0e706512-81a2-4864-b86e-3bbc332a4e26 dd93be3f816e4577a7d7daa28b33b5bf b5a96987ef56400cbaa1ed6059ace222 - - default default] Successfully bumped revision number for resource f044137a-ea2b-4e95-8df2-a3977336e643 (type: subnets) to 0
2026-07-09 17:55:01.938 9 INFO neutron.wsgi [None req-0e706512-81a2-4864-b86e-3bbc332a4e26 dd93be3f816e4577a7d7daa28b33b5bf b5a96987ef56400cbaa1ed6059ace222 - - default default] 10.0.0.192 "POST /v2.0/subnets HTTP/1.1" status: 201 len: 801 time: 1.2331932
2026-07-09 17:55:01.956 10 INFO neutron.plugins.ml2.drivers.ovn.mech_driver.ovsdb.commands [None req-8af5048d-ffbc-467d-8d19-5ad291c23a74 - - - - - -] Schedule LRP lrp-b244779b-87b6-4ab4-89a2-0b7bc591d300 on gateway 7e08f0d4-3c06-418a-87c1-1f5de46ac4e8 with priority 1
2026-07-09 17:55:01.960 9 WARNING neutron_lib.context [None req-18f42523-e39e-488d-8bc0-84ff550955ee dd93be3f816e4577a7d7daa28b33b5bf b5a96987ef56400cbaa1ed6059ace222 - - default default] Method 'is_advsvc' is deprecated since 2023.2 release (neutron-lib 3.8.0) and will be removed once support for the old RBAC API policies will be removed from Neutron. Please use method 'is_service_role' instead.
2026-07-09 17:55:01.968 10 INFO neutron.plugins.ml2.drivers.ovn.mech_driver.mech_driver [None req-3a6840fe-c253-4c19-a799-668bedd5c8b2 - - - - - -] OVN reports status up for port: b244779b-87b6-4ab4-89a2-0b7bc591d300
2026-07-09 17:55:01.984 10 INFO neutron.plugins.ml2.plugin [None req-3a6840fe-c253-4c19-a799-668bedd5c8b2 - - - - - -] Attempt 1 to provision port b244779b-87b6-4ab4-89a2-0b7bc591d300
2026-07-09 17:55:02.010 10 INFO neutron.db.ovn_revision_numbers_db [None req-11497329-6ab6-46b8-b0d9-92327c794b28 d134d82769b84c089696eae8a111ebae 38c993074a2346dba54539992b4ddb56 - - default default] Successfully bumped revision number for resource b244779b-87b6-4ab4-89a2-0b7bc591d300 (type: router_ports) to 1
2026-07-09 17:55:02.123 10 INFO neutron.db.ovn_revision_numbers_db [None req-11497329-6ab6-46b8-b0d9-92327c794b28 d134d82769b84c089696eae8a111ebae 38c993074a2346dba54539992b4ddb56 - - default default] Successfully bumped revision number for resource fdb32797-ea3e-45d4-af97-7364a14ba359 (type: routers) to 2
2026-07-09 17:55:02.192 10 INFO neutron.wsgi [None req-11497329-6ab6-46b8-b0d9-92327c794b28 d134d82769b84c089696eae8a111ebae 38c993074a2346dba54539992b4ddb56 - - default default] 10.0.0.192 "POST /v2.0/routers HTTP/1.1" status: 201 len: 1154 time: 2.4740627
2026-07-09 17:55:02.488 10 INFO neutron.wsgi [None req-1c9f50e1-c7dd-487f-9a8a-89ecd4045475 2f444369209e49adb9f30bd2671067f1 cf05847c60354457ad8850ebdb345d8c - - default default] 10.0.0.192 "GET /v2.0/extensions HTTP/1.1" status: 200 len: 18678 time: 0.2920296
2026-07-09 17:55:02.508 10 INFO neutron.wsgi [None req-106ad4ab-1aa4-4995-a309-d3919c6a3ab4 2f444369209e49adb9f30bd2671067f1 cf05847c60354457ad8850ebdb345d8c - - default default] 10.0.0.192 "GET /v2.0/extensions/address-group HTTP/1.1" status: 200 len: 353 time: 0.0118494
2026-07-09 17:55:02.520 10 INFO neutron.wsgi [None req-9137e853-b3e6-4360-8117-98a9f4ebb58a 2f444369209e49adb9f30bd2671067f1 cf05847c60354457ad8850ebdb345d8c - - default default] 10.0.0.192 "GET /v2.0/extensions/address-scope HTTP/1.1" status: 200 len: 357 time: 0.0065410
2026-07-09 17:55:02.533 9 INFO neutron.wsgi [None req-74baeb75-d114-4a36-9ac8-3625d158ea77 2f444369209e49adb9f30bd2671067f1 cf05847c60354457ad8850ebdb345d8c - - default default] 10.0.0.192 "GET /v2.0/extensions/agent HTTP/1.1" status: 200 len: 347 time: 0.0076294
2026-07-09 17:55:02.544 9 INFO neutron.wsgi [None req-bf40e354-5bc3-4ef1-ac19-bab6e7201802 2f444369209e49adb9f30bd2671067f1 cf05847c60354457ad8850ebdb345d8c - - default default] 10.0.0.192 "GET /v2.0/extensions/allowed-address-pairs HTTP/1.1" status: 200 len: 378 time: 0.0055573
2026-07-09 17:55:02.556 10 INFO neutron.wsgi [None req-a84e2c0b-ffd4-4480-862e-59463b652b7d 2f444369209e49adb9f30bd2671067f1 cf05847c60354457ad8850ebdb345d8c - - default default] 10.0.0.192 "GET /v2.0/extensions/auto-allocated-topology HTTP/1.1" status: 200 len: 394 time: 0.0078914
2026-07-09 17:55:02.567 10 INFO neutron.wsgi [None req-1366ad4c-99ff-4835-a6d5-d962f4f27a9f 2f444369209e49adb9f30bd2671067f1 cf05847c60354457ad8850ebdb345d8c - - default default] 10.0.0.192 "GET /v2.0/extensions/availability_zone HTTP/1.1" status: 200 len: 372 time: 0.0044672
2026-07-09 17:55:02.580 10 INFO neutron.wsgi [None req-8b2b1607-2d2a-405b-8a7e-3945181680dc 2f444369209e49adb9f30bd2671067f1 cf05847c60354457ad8850ebdb345d8c - - default default] 10.0.0.192 "GET /v2.0/extensions/default-subnetpools HTTP/1.1" status: 200 len: 405 time: 0.0072312
2026-07-09 17:55:02.582 9 WARNING neutron.scheduler.dhcp_agent_scheduler [None req-18f42523-e39e-488d-8bc0-84ff550955ee dd93be3f816e4577a7d7daa28b33b5bf b5a96987ef56400cbaa1ed6059ace222 - - default default] No more DHCP agents
2026-07-09 17:55:02.584 9 WARNING neutron.api.rpc.agentnotifiers.dhcp_rpc_agent_api [None req-18f42523-e39e-488d-8bc0-84ff550955ee dd93be3f816e4577a7d7daa28b33b5bf b5a96987ef56400cbaa1ed6059ace222 - - default default] Unable to schedule network 209fb6c4-80c5-4b88-a75d-d3a5952ef2f4: no agents available; will retry on subsequent port and subnet creation events.
2026-07-09 17:55:02.590 10 INFO neutron.wsgi [None req-69294ac3-3906-4046-a32e-ec5825b5d48f 2f444369209e49adb9f30bd2671067f1 cf05847c60354457ad8850ebdb345d8c - - default default] 10.0.0.192 "GET /v2.0/extensions/dhcp_agent_scheduler HTTP/1.1" status: 200 len: 381 time: 0.0051363
2026-07-09 17:55:02.599 10 INFO neutron.wsgi [None req-e0082a6d-867b-415f-bb28-95c97a07b1b7 2f444369209e49adb9f30bd2671067f1 cf05847c60354457ad8850ebdb345d8c - - default default] 10.0.0.192 "GET /v2.0/extensions/dns-integration HTTP/1.1" status: 200 len: 366 time: 0.0051606 /var/lib/openstack/lib/python3.10/site-packages/pycadf/identifier.py:71: UserWarning: Invalid uuid: neutron. To ensure interoperability, identifiers should be a valid uuid. warnings.warn(('Invalid uuid: %s. To ensure interoperability, '
2026-07-09 17:55:02.609 9 INFO neutron.wsgi [None req-84a26db9-270b-48a1-ac3e-57da70abad50 2f444369209e49adb9f30bd2671067f1 cf05847c60354457ad8850ebdb345d8c - - default default] 10.0.0.192 "GET /v2.0/extensions/dns-domain-ports HTTP/1.1" status: 200 len: 399 time: 0.0060627
2026-07-09 17:55:02.618 9 INFO neutron.wsgi [None req-fde99dec-8628-4716-8e9d-533d9a205611 2f444369209e49adb9f30bd2671067f1 cf05847c60354457ad8850ebdb345d8c - - default default] 10.0.0.192 "GET /v2.0/extensions/dns-integration-domain-keywords HTTP/1.1" status: 200 len: 477 time: 0.0051522
2026-07-09 17:55:02.626 9 INFO neutron.wsgi [None req-9638e2ea-1f42-4d49-a55c-02eb2611dd62 2f444369209e49adb9f30bd2671067f1 cf05847c60354457ad8850ebdb345d8c - - default default] 10.0.0.192 "GET /v2.0/extensions/empty-string-filtering HTTP/1.1" status: 200 len: 413 time: 0.0041490
2026-07-09 17:55:02.638 10 INFO neutron.wsgi [None req-0b3897c4-f4f0-43e0-9464-45cd5e5cbaf4 2f444369209e49adb9f30bd2671067f1 cf05847c60354457ad8850ebdb345d8c - - default default] 10.0.0.192 "GET /v2.0/extensions/external-net HTTP/1.1" status: 200 len: 394 time: 0.0073280
2026-07-09 17:55:02.650 9 INFO neutron.wsgi [None req-823006eb-0602-4862-9870-74bc0990bad8 2f444369209e49adb9f30bd2671067f1 cf05847c60354457ad8850ebdb345d8c - - default default] 10.0.0.192 "GET /v2.0/extensions/extra_dhcp_opt HTTP/1.1" status: 200 len: 498 time: 0.0064871
2026-07-09 17:55:02.659 9 INFO neutron.wsgi [None req-2726c248-ee8a-4ef9-8867-bbb6d76b45e3 2f444369209e49adb9f30bd2671067f1 cf05847c60354457ad8850ebdb345d8c - - default default] 10.0.0.192 "GET /v2.0/extensions/extraroute HTTP/1.1" status: 200 len: 375 time: 0.0042777
2026-07-09 17:55:02.669 9 INFO neutron.wsgi [None req-b60f0db1-5328-4a1c-944e-070bf76c25de 2f444369209e49adb9f30bd2671067f1 cf05847c60354457ad8850ebdb345d8c - - default default] 10.0.0.192 "GET /v2.0/extensions/floating-ip-port-forwarding-detail HTTP/1.1" status: 200 len: 465 time: 0.0039368
2026-07-09 17:55:02.680 9 INFO neutron.wsgi [None req-3a5319c4-fe0b-47b7-8c81-88b18d58b96b 2f444369209e49adb9f30bd2671067f1 cf05847c60354457ad8850ebdb345d8c - - default default] 10.0.0.192 "GET /v2.0/extensions/fip-port-details HTTP/1.1" status: 200 len: 406 time: 0.0072193
2026-07-09 17:55:02.690 9 INFO neutron.wsgi [None req-4b5ec841-d4db-4714-b2a8-aa4e632ddff3 2f444369209e49adb9f30bd2671067f1 cf05847c60354457ad8850ebdb345d8c - - default default] 10.0.0.192 "GET /v2.0/extensions/flavors HTTP/1.1" status: 200 len: 387 time: 0.0053358
2026-07-09 17:55:02.697 9 INFO neutron.wsgi [None req-79eb21e0-7305-4865-9c56-e85d701b2e79 2f444369209e49adb9f30bd2671067f1 cf05847c60354457ad8850ebdb345d8c - - default default] 10.0.0.192 "GET /v2.0/extensions/floatingip-pools HTTP/1.1" status: 200 len: 382 time: 0.0034678
2026-07-09 17:55:02.719 10 INFO neutron.wsgi [None req-3d452e31-2bb7-4e76-928d-3e8e57a704a6 2f444369209e49adb9f30bd2671067f1 cf05847c60354457ad8850ebdb345d8c - - default default] 10.0.0.192 "GET /v2.0/extensions/ip_allocation HTTP/1.1" status: 200 len: 356 time: 0.0185380
2026-07-09 17:55:02.731 9 INFO neutron.wsgi [None req-9edcd8ee-e665-4b1c-80ad-6dc05f395863 2f444369209e49adb9f30bd2671067f1 cf05847c60354457ad8850ebdb345d8c - - default default] 10.0.0.192 "GET /v2.0/extensions/l2_adjacency HTTP/1.1" status: 200 len: 372 time: 0.0065410
2026-07-09 17:55:02.742 9 INFO neutron.wsgi [None req-26e27fa6-834d-48f6-8f60-ecf7343236a1 2f444369209e49adb9f30bd2671067f1 cf05847c60354457ad8850ebdb345d8c - - default default] 10.0.0.192 "GET /v2.0/extensions/router HTTP/1.1" status: 200 len: 450 time: 0.0040288
2026-07-09 17:55:02.750 9 INFO neutron.wsgi [None req-aacbccce-93b4-4d0c-8925-b00333ff139a 2f444369209e49adb9f30bd2671067f1 cf05847c60354457ad8850ebdb345d8c - - default default] 10.0.0.192 "GET /v2.0/extensions/enable-default-route-bfd HTTP/1.1" status: 200 len: 406 time: 0.0046992
2026-07-09 17:55:02.765 10 INFO neutron.wsgi [None req-d285176e-9330-4786-8474-1868d64aaee7 2f444369209e49adb9f30bd2671067f1 cf05847c60354457ad8850ebdb345d8c - - default default] 10.0.0.192 "GET /v2.0/extensions/enable-default-route-ecmp HTTP/1.1" status: 200 len: 409 time: 0.0103731
2026-07-09 17:55:02.776 9 INFO neutron.wsgi [None req-0b7b1434-50c3-4e8d-ac2d-7a5625e8afe6 2f444369209e49adb9f30bd2671067f1 cf05847c60354457ad8850ebdb345d8c - - default default] 10.0.0.192 "GET /v2.0/extensions/ext-gw-mode HTTP/1.1" status: 200 len: 462 time: 0.0052664
2026-07-09 17:55:02.784 9 INFO neutron.wsgi [None req-79717506-352b-40a6-860e-27484cca9778 2f444369209e49adb9f30bd2671067f1 cf05847c60354457ad8850ebdb345d8c - - default default] 10.0.0.192 "GET /v2.0/extensions/l3-ha HTTP/1.1" status: 200 len: 360 time: 0.0041203
2026-07-09 17:55:02.796 10 INFO neutron.wsgi [None req-5fb995e4-a732-4ab1-b3cd-a52b54c7629a 2f444369209e49adb9f30bd2671067f1 cf05847c60354457ad8850ebdb345d8c - - default default] 10.0.0.192 "GET /v2.0/extensions/external-gateway-multihoming HTTP/1.1" status: 200 len: 421 time: 0.0075214
2026-07-09 17:55:02.810 10 INFO neutron.wsgi [None req-429f75a8-0fa5-4a54-80cd-16ad0f68cc2f 2f444369209e49adb9f30bd2671067f1 cf05847c60354457ad8850ebdb345d8c - - default default] 10.0.0.192 "GET /v2.0/extensions/l3-flavors HTTP/1.1" status: 200 len: 366 time: 0.0100803
2026-07-09 17:55:02.825 9 INFO neutron.wsgi [None req-2c4e5f86-9ae0-46c6-a6be-bcdba9bed1dd 2f444369209e49adb9f30bd2671067f1 cf05847c60354457ad8850ebdb345d8c - - default default] 10.0.0.192 "GET /v2.0/extensions/logging HTTP/1.1" status: 200 len: 407 time: 0.0087132
2026-07-09 17:55:02.826 9 INFO neutron.db.ovn_revision_numbers_db [None req-18f42523-e39e-488d-8bc0-84ff550955ee dd93be3f816e4577a7d7daa28b33b5bf b5a96987ef56400cbaa1ed6059ace222 - - default default] Successfully bumped revision number for resource 03248697-753a-442f-adc9-3389110fb9ed (type: ports) to 1
2026-07-09 17:55:02.836 9 INFO neutron.wsgi [None req-c56b5341-92b3-4629-a341-9b112d27a86b 2f444369209e49adb9f30bd2671067f1 cf05847c60354457ad8850ebdb345d8c - - default default] 10.0.0.192 "GET /v2.0/extensions/multi-provider HTTP/1.1" status: 200 len: 406 time: 0.0051475
2026-07-09 17:55:02.850 10 INFO neutron.wsgi [None req-8803c507-e3c0-4eef-96bc-d935a04a0ea7 2f444369209e49adb9f30bd2671067f1 cf05847c60354457ad8850ebdb345d8c - - default default] 10.0.0.192 "GET /v2.0/extensions/net-mtu HTTP/1.1" status: 200 len: 370 time: 0.0090182
2026-07-09 17:55:02.858 9 INFO neutron.wsgi [None req-18f42523-e39e-488d-8bc0-84ff550955ee dd93be3f816e4577a7d7daa28b33b5bf b5a96987ef56400cbaa1ed6059ace222 - - default default] 10.0.0.192 "POST /v2.0/ports HTTP/1.1" status: 201 len: 1153 time: 0.9093149
2026-07-09 17:55:02.865 10 INFO neutron.wsgi [None req-760a39e4-35f5-4f72-89eb-441ffdd1a1c2 2f444369209e49adb9f30bd2671067f1 cf05847c60354457ad8850ebdb345d8c - - default default] 10.0.0.192 "GET /v2.0/extensions/net-mtu-writable HTTP/1.1" status: 200 len: 401 time: 0.0083520
2026-07-09 17:55:02.879 10 INFO neutron.wsgi [None req-82391080-3064-4777-b6d2-dcc4ac8ce457 2f444369209e49adb9f30bd2671067f1 cf05847c60354457ad8850ebdb345d8c - - default default] 10.0.0.192 "GET /v2.0/extensions/network_availability_zone HTTP/1.1" status: 200 len: 394 time: 0.0066869
2026-07-09 17:55:02.896 10 INFO neutron.wsgi [None req-696c2419-5cad-4725-980d-5664086e8fd0 2f444369209e49adb9f30bd2671067f1 cf05847c60354457ad8850ebdb345d8c - - default default] 10.0.0.192 "GET /v2.0/extensions/network-ip-availability HTTP/1.1" status: 200 len: 410 time: 0.0100720
2026-07-09 17:55:02.908 9 INFO neutron.wsgi [None req-a9b1d638-bb7c-4cd7-91ae-610c4ee1e906 2f444369209e49adb9f30bd2671067f1 cf05847c60354457ad8850ebdb345d8c - - default default] 10.0.0.192 "GET /v2.0/extensions/pagination HTTP/1.1" status: 200 len: 386 time: 0.0056376
2026-07-09 17:55:02.919 10 INFO neutron.wsgi [None req-b9822fc0-535b-41e1-9248-31e5d6b44ae0 2f444369209e49adb9f30bd2671067f1 cf05847c60354457ad8850ebdb345d8c - - default default] 10.0.0.192 "GET /v2.0/extensions/port-device-profile HTTP/1.1" status: 200 len: 383 time: 0.0063267
2026-07-09 17:55:02.937 9 INFO neutron.wsgi [None req-76981c9e-cf42-4521-8f6a-87d7fe345284 2f444369209e49adb9f30bd2671067f1 cf05847c60354457ad8850ebdb345d8c - - default default] 10.0.0.192 "GET /v2.0/extensions/port-mac-address-regenerate HTTP/1.1" status: 200 len: 403 time: 0.0122938
2026-07-09 17:55:02.953 10 INFO neutron.wsgi [None req-8a58ed7f-9bf4-4a1d-8de9-e80f2a6b641b 2f444369209e49adb9f30bd2671067f1 cf05847c60354457ad8850ebdb345d8c - - default default] 10.0.0.192 "GET /v2.0/extensions/port-numa-affinity-policy HTTP/1.1" status: 200 len: 392 time: 0.0097115
2026-07-09 17:55:02.967 9 INFO neutron.wsgi [None req-38515670-de42-4543-b09d-5f791fbbb030 2f444369209e49adb9f30bd2671067f1 cf05847c60354457ad8850ebdb345d8c - - default default] 10.0.0.192 "GET /v2.0/extensions/port-resource-request HTTP/1.1" status: 200 len: 379 time: 0.0073531
2026-07-09 17:55:02.981 9 INFO neutron.wsgi [None req-85a85abc-1770-4ace-a402-8213d7f21306 2f444369209e49adb9f30bd2671067f1 cf05847c60354457ad8850ebdb345d8c - - default default] 10.0.0.192 "GET /v2.0/extensions/port-resource-request-groups HTTP/1.1" status: 200 len: 465 time: 0.0072298
2026-07-09 17:55:02.992 9 INFO neutron.wsgi [None req-4e388f9e-699c-47f9-8eb9-f84647410578 2f444369209e49adb9f30bd2671067f1 cf05847c60354457ad8850ebdb345d8c - - default default] 10.0.0.192 "GET /v2.0/extensions/binding HTTP/1.1" status: 200 len: 387 time: 0.0057724
2026-07-09 17:55:03.000 9 INFO neutron.wsgi [None req-5b3eb271-29ad-4cac-83cc-2b1df58d0a87 2f444369209e49adb9f30bd2671067f1 cf05847c60354457ad8850ebdb345d8c - - default default] 10.0.0.192 "GET /v2.0/extensions/binding-extended HTTP/1.1" status: 200 len: 406 time: 0.0050442
2026-07-09 17:55:03.009 9 INFO neutron.wsgi [None req-7fe66158-ac90-432f-95c8-bbc1ac664a3f 2f444369209e49adb9f30bd2671067f1 cf05847c60354457ad8850ebdb345d8c - - default default] 10.0.0.192 "GET /v2.0/extensions/port-security HTTP/1.1" status: 200 len: 354 time: 0.0039041
2026-07-09 17:55:03.018 9 INFO neutron.wsgi [None req-0250ec76-3f7c-4e6b-8e39-e97a06681f15 2f444369209e49adb9f30bd2671067f1 cf05847c60354457ad8850ebdb345d8c - - default default] 10.0.0.192 "GET /v2.0/extensions/project-id HTTP/1.1" status: 200 len: 398 time: 0.0054257
2026-07-09 17:55:03.037 9 INFO neutron.wsgi [None req-5e5f7a22-a24b-4eab-9aaf-e62378ce48c8 2f444369209e49adb9f30bd2671067f1 cf05847c60354457ad8850ebdb345d8c - - default default] 10.0.0.192 "GET /v2.0/extensions/provider HTTP/1.1" status: 200 len: 385 time: 0.0133004
2026-07-09 17:55:03.047 9 INFO neutron.wsgi [None req-2bbb4401-b46c-4eba-8524-d5f59a86ea2f 2f444369209e49adb9f30bd2671067f1 cf05847c60354457ad8850ebdb345d8c - - default default] 10.0.0.192 "GET /v2.0/extensions/qos HTTP/1.1" status: 200 len: 360 time: 0.0054228
2026-07-09 17:55:03.058 9 INFO neutron.wsgi [None req-c9904571-0790-4205-88d4-6b8701eb5df4 2f444369209e49adb9f30bd2671067f1 cf05847c60354457ad8850ebdb345d8c - - default default] 10.0.0.192 "GET /v2.0/extensions/qos-bw-limit-direction HTTP/1.1" status: 200 len: 452 time: 0.0052683
2026-07-09 17:55:03.067 9 INFO neutron.wsgi [None req-90cf3681-74b7-435d-a442-126cdc09cfda 2f444369209e49adb9f30bd2671067f1 cf05847c60354457ad8850ebdb345d8c - - default default] 10.0.0.192 "GET /v2.0/extensions/qos-bw-minimum-ingress HTTP/1.1" status: 200 len: 445 time: 0.0038619
2026-07-09 17:55:03.084 10 INFO neutron.wsgi [None req-12408569-02dc-41ed-8294-d17a1136115e 2f444369209e49adb9f30bd2671067f1 cf05847c60354457ad8850ebdb345d8c - - default default] 10.0.0.192 "GET /v2.0/extensions/qos-default HTTP/1.1" status: 200 len: 377 time: 0.0081501
2026-07-09 17:55:03.096 10 INFO neutron.wsgi [None req-8b3c64c1-d72a-4557-aa90-930b3ceb2274 2f444369209e49adb9f30bd2671067f1 cf05847c60354457ad8850ebdb345d8c - - default default] 10.0.0.192 "GET /v2.0/extensions/qos-fip HTTP/1.1" status: 200 len: 372 time: 0.0068684
2026-07-09 17:55:03.108 9 INFO neutron.wsgi [None req-225fa785-80de-4f30-957c-90905fe919c7 2f444369209e49adb9f30bd2671067f1 cf05847c60354457ad8850ebdb345d8c - - default default] 10.0.0.192 "GET /v2.0/extensions/qos-gateway-ip HTTP/1.1" status: 200 len: 391 time: 0.0077312
2026-07-09 17:55:03.116 9 INFO neutron.wsgi [None req-ad9986ef-efbe-4b49-b984-a5a6dba24ec0 2f444369209e49adb9f30bd2671067f1 cf05847c60354457ad8850ebdb345d8c - - default default] 10.0.0.192 "GET /v2.0/extensions/qos-port-network-policy HTTP/1.1" status: 200 len: 403 time: 0.0045924
2026-07-09 17:55:03.125 9 INFO neutron.wsgi [None req-1289a502-1b19-4b98-9cb2-b313645d3372 2f444369209e49adb9f30bd2671067f1 cf05847c60354457ad8850ebdb345d8c - - default default] 10.0.0.192 "GET /v2.0/extensions/qos-pps-minimum HTTP/1.1" status: 200 len: 397 time: 0.0048211
2026-07-09 17:55:03.136 9 INFO neutron.wsgi [None req-4aedb732-eb54-46e4-b99b-08beb5b5cbe2 2f444369209e49adb9f30bd2671067f1 cf05847c60354457ad8850ebdb345d8c - - default default] 10.0.0.192 "GET /v2.0/extensions/qos-pps-minimum-rule-alias HTTP/1.1" status: 200 len: 471 time: 0.0063872
2026-07-09 17:55:03.145 9 INFO neutron.wsgi [None req-4fcef599-c78f-416b-93c7-b0bed41ef274 2f444369209e49adb9f30bd2671067f1 cf05847c60354457ad8850ebdb345d8c - - default default] 10.0.0.192 "GET /v2.0/extensions/qos-pps HTTP/1.1" status: 200 len: 389 time: 0.0059335
2026-07-09 17:55:03.156 9 INFO neutron.wsgi [None req-7bafd174-c9e8-416e-a664-4a1ab8e9dc26 2f444369209e49adb9f30bd2671067f1 cf05847c60354457ad8850ebdb345d8c - - default default] 10.0.0.192 "GET /v2.0/extensions/qos-rule-type-details HTTP/1.1" status: 200 len: 423 time: 0.0057881
2026-07-09 17:55:03.165 9 INFO neutron.wsgi [None req-b1049eba-64e8-4f9e-99b5-6df168df491a 2f444369209e49adb9f30bd2671067f1 cf05847c60354457ad8850ebdb345d8c - - default default] 10.0.0.192 "GET /v2.0/extensions/qos-rule-type-filter HTTP/1.1" status: 200 len: 567 time: 0.0055044
2026-07-09 17:55:03.175 9 INFO neutron.wsgi [None req-5371a428-5e59-4a39-a15a-ac3ba220eb1b 2f444369209e49adb9f30bd2671067f1 cf05847c60354457ad8850ebdb345d8c - - default default] 10.0.0.192 "GET /v2.0/extensions/qos-rules-alias HTTP/1.1" status: 200 len: 448 time: 0.0055318
2026-07-09 17:55:03.183 9 INFO neutron.wsgi [None req-6a696e4d-cfd8-4a2e-8761-887532f3e2b6 2f444369209e49adb9f30bd2671067f1 cf05847c60354457ad8850ebdb345d8c - - default default] 10.0.0.192 "GET /v2.0/extensions/quota-check-limit HTTP/1.1" status: 200 len: 420 time: 0.0054584
2026-07-09 17:55:03.191 9 INFO neutron.wsgi [None req-43fc7796-f2df-49f9-ba01-9e6e8707b235 2f444369209e49adb9f30bd2671067f1 cf05847c60354457ad8850ebdb345d8c - - default default] 10.0.0.192 "GET /v2.0/extensions/quotas HTTP/1.1" status: 200 len: 386 time: 0.0037332
2026-07-09 17:55:03.202 10 INFO neutron.wsgi [None req-0267d0bf-4dd3-405a-aeaa-ef21c59ccab4 2f444369209e49adb9f30bd2671067f1 cf05847c60354457ad8850ebdb345d8c - - default default] 10.0.0.192 "GET /v2.0/extensions/quota_details HTTP/1.1" status: 200 len: 407 time: 0.0065455
2026-07-09 17:55:03.212 10 INFO neutron.wsgi [None req-e2390003-edaa-439a-8077-d1811ce1602e 2f444369209e49adb9f30bd2671067f1 cf05847c60354457ad8850ebdb345d8c - - default default] 10.0.0.192 "GET /v2.0/extensions/rbac-policies HTTP/1.1" status: 200 len: 417 time: 0.0062420
2026-07-09 17:55:03.216 10 WARNING neutron.scheduler.dhcp_agent_scheduler [None req-dbb7d5ac-c55d-4c66-8bf4-7af6b66bc957 d134d82769b84c089696eae8a111ebae 38c993074a2346dba54539992b4ddb56 - - default default] No more DHCP agents
2026-07-09 17:55:03.219 10 WARNING neutron.api.rpc.agentnotifiers.dhcp_rpc_agent_api [None req-dbb7d5ac-c55d-4c66-8bf4-7af6b66bc957 d134d82769b84c089696eae8a111ebae 38c993074a2346dba54539992b4ddb56 - - default default] Unable to schedule network 833e56a3-0173-471e-bbc3-698982ec79d1: no agents available; will retry on subsequent port and subnet creation events.
2026-07-09 17:55:03.223 9 INFO neutron.wsgi [None req-29d959b5-2874-4433-a9a8-3057481554eb 2f444369209e49adb9f30bd2671067f1 cf05847c60354457ad8850ebdb345d8c - - default default] 10.0.0.192 "GET /v2.0/extensions/rbac-address-scope HTTP/1.1" status: 200 len: 384 time: 0.0060663
2026-07-09 17:55:03.232 9 INFO neutron.wsgi [None req-4474f8c5-8c98-49ce-b914-9a44c2105eb4 2f444369209e49adb9f30bd2671067f1 cf05847c60354457ad8850ebdb345d8c - - default default] 10.0.0.192 "GET /v2.0/extensions/rbac-security-groups HTTP/1.1" status: 200 len: 404 time: 0.0049982
2026-07-09 17:55:03.245 9 INFO neutron.wsgi [None req-ea6317d9-d39d-41f9-af75-a092bf67c961 2f444369209e49adb9f30bd2671067f1 cf05847c60354457ad8850ebdb345d8c - - default default] 10.0.0.192 "GET /v2.0/extensions/revision-if-match HTTP/1.1" status: 200 len: 441 time: 0.0086727
2026-07-09 17:55:03.256 9 INFO neutron.wsgi [None req-0691b7f9-c7a2-4eea-8e79-08ddbec4d15a 2f444369209e49adb9f30bd2671067f1 cf05847c60354457ad8850ebdb345d8c - - default default] 10.0.0.192 "GET /v2.0/extensions/standard-attr-revisions HTTP/1.1" status: 200 len: 423 time: 0.0068493
2026-07-09 17:55:03.267 9 INFO neutron.wsgi [None req-c30d46de-5cff-4ae9-beed-461c4f0f4f9f 2f444369209e49adb9f30bd2671067f1 cf05847c60354457ad8850ebdb345d8c - - default default] 10.0.0.192 "GET /v2.0/extensions/router_availability_zone HTTP/1.1" status: 200 len: 391 time: 0.0075064
2026-07-09 17:55:03.282 10 INFO neutron.wsgi [None req-4fc840c5-548c-4c2c-93ee-275d1f084ce4 2f444369209e49adb9f30bd2671067f1 cf05847c60354457ad8850ebdb345d8c - - default default] 10.0.0.192 "GET /v2.0/extensions/security-groups-default-rules HTTP/1.1" status: 200 len: 456 time: 0.0085809
2026-07-09 17:55:03.296 10 INFO neutron.wsgi [None req-7b375475-821a-40b8-9628-2488ee9266fa 2f444369209e49adb9f30bd2671067f1 cf05847c60354457ad8850ebdb345d8c - - default default] 10.0.0.192 "GET /v2.0/extensions/security-groups-normalized-cidr HTTP/1.1" status: 200 len: 445 time: 0.0054450
2026-07-09 17:55:03.322 10 INFO neutron.wsgi [None req-a6088ede-c9de-4557-a90c-bc84f45db1f3 2f444369209e49adb9f30bd2671067f1 cf05847c60354457ad8850ebdb345d8c - - default default] 10.0.0.192 "GET /v2.0/extensions/security-groups-remote-address-group HTTP/1.1" status: 200 len: 448 time: 0.0065560
2026-07-09 17:55:03.335 9 INFO neutron.wsgi [None req-7f2a4a09-cc81-4594-a7ac-cef8debc9eca 2f444369209e49adb9f30bd2671067f1 cf05847c60354457ad8850ebdb345d8c - - default default] 10.0.0.192 "GET /v2.0/extensions/security-groups-rules-belongs-to-default-sg HTTP/1.1" status: 200 len: 508 time: 0.0073302
2026-07-09 17:55:03.345 9 INFO neutron.wsgi [None req-d564d973-dfaf-485c-8809-112b26571b62 2f444369209e49adb9f30bd2671067f1 cf05847c60354457ad8850ebdb345d8c - - default default] 10.0.0.192 "GET /v2.0/extensions/security-groups-shared-filtering HTTP/1.1" status: 200 len: 435 time: 0.0038273
2026-07-09 17:55:03.353 9 INFO neutron.wsgi [None req-889be122-ddbd-4ff7-a2d7-798fcdc6489f 2f444369209e49adb9f30bd2671067f1 cf05847c60354457ad8850ebdb345d8c - - default default] 10.0.0.192 "GET /v2.0/extensions/security-group HTTP/1.1" status: 200 len: 364 time: 0.0049670
2026-07-09 17:55:03.365 10 INFO neutron.wsgi [None req-a90a6547-88d3-423f-b0eb-c7e6a43cbe32 2f444369209e49adb9f30bd2671067f1 cf05847c60354457ad8850ebdb345d8c - - default default] 10.0.0.192 "GET /v2.0/extensions/segment HTTP/1.1" status: 200 len: 339 time: 0.0059805
2026-07-09 17:55:03.376 10 INFO neutron.wsgi [None req-8667219f-6045-49d2-aefd-5dd11dac1a88 2f444369209e49adb9f30bd2671067f1 cf05847c60354457ad8850ebdb345d8c - - default default] 10.0.0.192 "GET /v2.0/extensions/segments-peer-subnet-host-routes HTTP/1.1" status: 200 len: 427 time: 0.0057213
2026-07-09 17:55:03.388 10 INFO neutron.wsgi [None req-9a703865-4601-4a8d-92f7-f83f75400850 2f444369209e49adb9f30bd2671067f1 cf05847c60354457ad8850ebdb345d8c - - default default] 10.0.0.192 "GET /v2.0/extensions/service-type HTTP/1.1" status: 200 len: 415 time: 0.0073550
2026-07-09 17:55:03.404 10 INFO neutron.wsgi [None req-2eefd7c0-4297-4865-b631-630b811c6bdc 2f444369209e49adb9f30bd2671067f1 cf05847c60354457ad8850ebdb345d8c - - default default] 10.0.0.192 "GET /v2.0/extensions/sorting HTTP/1.1" status: 200 len: 377 time: 0.0080326
2026-07-09 17:55:03.414 9 INFO neutron.wsgi [None req-ce7a7b72-92a2-4484-828d-2becb08d3781 dd93be3f816e4577a7d7daa28b33b5bf b5a96987ef56400cbaa1ed6059ace222 - - default default] 10.0.0.192 "DELETE /v2.0/ports/03248697-753a-442f-adc9-3389110fb9ed HTTP/1.1" status: 204 len: 168 time: 0.5495551
2026-07-09 17:55:03.426 10 INFO neutron.wsgi [None req-54fb1801-408b-4526-922b-d73f050a64d8 2f444369209e49adb9f30bd2671067f1 cf05847c60354457ad8850ebdb345d8c - - default default] 10.0.0.192 "GET /v2.0/extensions/standard-attr-segment HTTP/1.1" status: 200 len: 406 time: 0.0117104
2026-07-09 17:55:03.442 10 INFO neutron.wsgi [None req-8bb21b58-a21a-4cc0-9d23-4999c1bd58b0 2f444369209e49adb9f30bd2671067f1 cf05847c60354457ad8850ebdb345d8c - - default default] 10.0.0.192 "GET /v2.0/extensions/standard-attr-description HTTP/1.1" status: 200 len: 408 time: 0.0068028
2026-07-09 17:55:03.442 9 INFO neutron.pecan_wsgi.hooks.translation [None req-71e134c6-a684-4025-932f-917ce05c95af dd93be3f816e4577a7d7daa28b33b5bf b5a96987ef56400cbaa1ed6059ace222 - - default default] DELETE failed (client error): The resource could not be found.
2026-07-09 17:55:03.446 9 INFO neutron.wsgi [None req-71e134c6-a684-4025-932f-917ce05c95af dd93be3f816e4577a7d7daa28b33b5bf b5a96987ef56400cbaa1ed6059ace222 - - default default] 10.0.0.192 "DELETE /v2.0/ports/03248697-753a-442f-adc9-3389110fb9ed HTTP/1.1" status: 404 len: 333 time: 0.0258892
2026-07-09 17:55:03.452 10 INFO neutron.wsgi [None req-de88ab53-1e6f-4a05-9542-e5bbbea1f2de 2f444369209e49adb9f30bd2671067f1 cf05847c60354457ad8850ebdb345d8c - - default default] 10.0.0.192 "GET /v2.0/extensions/stateful-security-group HTTP/1.1" status: 200 len: 402 time: 0.0058126
2026-07-09 17:55:03.469 9 INFO neutron.wsgi [None req-2e585f22-f426-4165-82d7-b31f3aa346b0 2f444369209e49adb9f30bd2671067f1 cf05847c60354457ad8850ebdb345d8c - - default default] 10.0.0.192 "GET /v2.0/extensions/subnet-dns-publish-fixed-ip HTTP/1.1" status: 200 len: 421 time: 0.0055029
2026-07-09 17:55:03.480 9 INFO neutron.pecan_wsgi.hooks.translation [None req-65ecd5bc-639d-4ffa-b5f2-1db708dba195 dd93be3f816e4577a7d7daa28b33b5bf b5a96987ef56400cbaa1ed6059ace222 - - default default] GET failed (client error): The resource could not be found.
2026-07-09 17:55:03.481 9 INFO neutron.wsgi [None req-65ecd5bc-639d-4ffa-b5f2-1db708dba195 dd93be3f816e4577a7d7daa28b33b5bf b5a96987ef56400cbaa1ed6059ace222 - - default default] 10.0.0.192 "GET /v2.0/ports/03248697-753a-442f-adc9-3389110fb9ed HTTP/1.1" status: 404 len: 333 time: 0.0289359
2026-07-09 17:55:03.481 10 INFO neutron.wsgi [None req-5190dba9-e9eb-40af-ad28-4dc2c14b1dd5 2f444369209e49adb9f30bd2671067f1 cf05847c60354457ad8850ebdb345d8c - - default default] 10.0.0.192 "GET /v2.0/extensions/subnet-segmentid-writable HTTP/1.1" status: 200 len: 421 time: 0.0070839
2026-07-09 17:55:03.489 10 INFO neutron.db.ovn_revision_numbers_db [None req-dbb7d5ac-c55d-4c66-8bf4-7af6b66bc957 d134d82769b84c089696eae8a111ebae 38c993074a2346dba54539992b4ddb56 - - default default] Successfully bumped revision number for resource cd2059c3-50de-4618-ab9d-2cde28b7ce96 (type: ports) to 1
2026-07-09 17:55:03.500 9 INFO neutron.wsgi [None req-2c882da3-addc-42c9-b479-497fbc3ab519 2f444369209e49adb9f30bd2671067f1 cf05847c60354457ad8850ebdb345d8c - - default default] 10.0.0.192 "GET /v2.0/extensions/subnet-service-types HTTP/1.1" status: 200 len: 400 time: 0.0087647
2026-07-09 17:55:03.516 9 INFO neutron.wsgi [None req-8c940cb6-b11b-490c-848c-37e5820d848f 2f444369209e49adb9f30bd2671067f1 cf05847c60354457ad8850ebdb345d8c - - default default] 10.0.0.192 "GET /v2.0/extensions/subnet_allocation HTTP/1.1" status: 200 len: 388 time: 0.0098319
2026-07-09 17:55:03.549 10 INFO neutron.wsgi [None req-7207b7fb-a12d-4d9d-b0e9-cf3e235d8a15 2f444369209e49adb9f30bd2671067f1 cf05847c60354457ad8850ebdb345d8c - - default default] 10.0.0.192 "GET /v2.0/extensions/subnetpool-prefix-ops HTTP/1.1" status: 200 len: 418 time: 0.0266743
2026-07-09 17:55:03.565 9 INFO neutron.wsgi [None req-61816d6d-a573-480f-81a4-741c65891225 2f444369209e49adb9f30bd2671067f1 cf05847c60354457ad8850ebdb345d8c - - default default] 10.0.0.192 "GET /v2.0/extensions/standard-attr-tag HTTP/1.1" status: 200 len: 537 time: 0.0100515
2026-07-09 17:55:03.579 9 INFO neutron.wsgi [None req-0a8f7405-62bf-4265-85c8-efe9836daa8f 2f444369209e49adb9f30bd2671067f1 cf05847c60354457ad8850ebdb345d8c - - default default] 10.0.0.192 "GET /v2.0/extensions/standard-attr-timestamp HTTP/1.1" status: 200 len: 449 time: 0.0070415
2026-07-09 17:55:03.595 9 INFO neutron.wsgi [None req-454d5eac-b55a-4687-ae28-7b9448e5ec05 2f444369209e49adb9f30bd2671067f1 cf05847c60354457ad8850ebdb345d8c - - default default] 10.0.0.192 "GET /v2.0/extensions/trunk HTTP/1.1" status: 200 len: 358 time: 0.0072825
2026-07-09 17:55:03.605 9 INFO neutron.wsgi [None req-86369cc5-7eb5-406e-8228-f8667c5fbcb7 2f444369209e49adb9f30bd2671067f1 cf05847c60354457ad8850ebdb345d8c - - default default] 10.0.0.192 "GET /v2.0/extensions/trunk-details HTTP/1.1" status: 200 len: 362 time: 0.0040984
2026-07-09 17:55:03.615 9 INFO neutron.wsgi [None req-2d286b89-2ec5-4bb0-b2b7-282301fbc9f2 2f444369209e49adb9f30bd2671067f1 cf05847c60354457ad8850ebdb345d8c - - default default] 10.0.0.192 "GET /v2.0/extensions/vpn-agent-scheduler HTTP/1.1" status: 200 len: 393 time: 0.0052752
2026-07-09 17:55:03.624 9 INFO neutron.wsgi [None req-be4fed96-a4c2-44ed-84d4-f3d6a6771104 2f444369209e49adb9f30bd2671067f1 cf05847c60354457ad8850ebdb345d8c - - default default] 10.0.0.192 "GET /v2.0/extensions/vpn-endpoint-groups HTTP/1.1" status: 200 len: 371 time: 0.0048580
2026-07-09 17:55:03.632 9 INFO neutron.wsgi [None req-2f6a82bc-512b-492f-b091-2d5c491c6eee 2f444369209e49adb9f30bd2671067f1 cf05847c60354457ad8850ebdb345d8c - - default default] 10.0.0.192 "GET /v2.0/extensions/vpn-flavors HTTP/1.1" status: 200 len: 376 time: 0.0053985
2026-07-09 17:55:03.640 9 INFO neutron.wsgi [None req-d1c210ec-47f4-4cfc-bcd2-421a989917c4 2f444369209e49adb9f30bd2671067f1 cf05847c60354457ad8850ebdb345d8c - - default default] 10.0.0.192 "GET /v2.0/extensions/vpnaas HTTP/1.1" status: 200 len: 348 time: 0.0043180
2026-07-09 17:55:04.234 10 INFO neutron.wsgi [None req-c610181b-dcc5-4a39-a2db-f21f6d144eaf dd93be3f816e4577a7d7daa28b33b5bf b5a96987ef56400cbaa1ed6059ace222 - - default default] 10.0.0.192 "DELETE /v2.0/subnets/f044137a-ea2b-4e95-8df2-a3977336e643 HTTP/1.1" status: 204 len: 168 time: 0.7459579
2026-07-09 17:55:04.544 9 INFO neutron.db.ovn_revision_numbers_db [None req-eba04934-ea8e-4bc7-a25a-e17f1c5f4679 d0c65db9968c44ea881660ce31adcce2 2bb4e729329c4911868eda1f1f6609e1 - - default default] Successfully bumped revision number for resource b34d1bd8-4b4a-41b5-b9ae-8280775bad85 (type: security_groups) to 1
2026-07-09 17:55:04.573 9 INFO neutron.db.ovn_revision_numbers_db [None req-eba04934-ea8e-4bc7-a25a-e17f1c5f4679 d0c65db9968c44ea881660ce31adcce2 2bb4e729329c4911868eda1f1f6609e1 - - default default] Successfully bumped revision number for resource 58046465-e41a-4cce-bb39-4db7df7d1be1 (type: security_group_rules) to 0
2026-07-09 17:55:04.592 9 INFO neutron.db.ovn_revision_numbers_db [None req-eba04934-ea8e-4bc7-a25a-e17f1c5f4679 d0c65db9968c44ea881660ce31adcce2 2bb4e729329c4911868eda1f1f6609e1 - - default default] Successfully bumped revision number for resource 607ced27-908d-40bd-8109-bd34659d18e3 (type: security_group_rules) to 0
2026-07-09 17:55:04.611 9 INFO neutron.db.ovn_revision_numbers_db [None req-eba04934-ea8e-4bc7-a25a-e17f1c5f4679 d0c65db9968c44ea881660ce31adcce2 2bb4e729329c4911868eda1f1f6609e1 - - default default] Successfully bumped revision number for resource f7c88f4c-5e94-4431-8c94-a7778b85aa3a (type: security_group_rules) to 0
2026-07-09 17:55:04.637 9 INFO neutron.db.ovn_revision_numbers_db [None req-eba04934-ea8e-4bc7-a25a-e17f1c5f4679 d0c65db9968c44ea881660ce31adcce2 2bb4e729329c4911868eda1f1f6609e1 - - default default] Successfully bumped revision number for resource ff2ad86e-cfc9-4844-81ee-ebad96bdeba5 (type: security_group_rules) to 0
2026-07-09 17:55:04.662 9 INFO neutron.wsgi [None req-eba04934-ea8e-4bc7-a25a-e17f1c5f4679 d0c65db9968c44ea881660ce31adcce2 2bb4e729329c4911868eda1f1f6609e1 - - default default] 10.0.0.192 "GET /v2.0/security-groups?tenant_id=cf05847c60354457ad8850ebdb345d8c&name=default HTTP/1.1" status: 200 len: 3120 time: 0.4623671
2026-07-09 17:55:04.727 10 ERROR ovsdbapp.backend.ovs_idl.command [None req-dbb7d5ac-c55d-4c66-8bf4-7af6b66bc957 d134d82769b84c089696eae8a111ebae 38c993074a2346dba54539992b4ddb56 - - default default] Error executing command (DbGetCommand): ovsdbapp.backend.ovs_idl.idlutils.RowNotFound: Cannot find Logical_Router_Port with name=lrp-cd2059c3-50de-4618-ab9d-2cde28b7ce96
2026-07-09 17:55:04.727 10 ERROR ovsdbapp.backend.ovs_idl.command
Traceback (most recent call last):
2026-07-09 17:55:04.727 10 ERROR ovsdbapp.backend.ovs_idl.command
File "/var/lib/openstack/lib/python3.10/site-packages/ovsdbapp/backend/ovs_idl/command.py", line 47, in execute
2026-07-09 17:55:04.727 10 ERROR ovsdbapp.backend.ovs_idl.command self.run_idl(None)
2026-07-09 17:55:04.727 10 ERROR ovsdbapp.backend.ovs_idl.command
File "/var/lib/openstack/lib/python3.10/site-packages/ovsdbapp/backend/ovs_idl/command.py", line 235, in run_idl
2026-07-09 17:55:04.727 10 ERROR ovsdbapp.backend.ovs_idl.command record = self.api.lookup(self.table, self.record)
2026-07-09 17:55:04.727 10 ERROR ovsdbapp.backend.ovs_idl.command
File "/var/lib/openstack/lib/python3.10/site-packages/ovsdbapp/backend/ovs_idl/__init__.py", line 184, in lookup
2026-07-09 17:55:04.727 10 ERROR ovsdbapp.backend.ovs_idl.command return self._lookup(table, record)
2026-07-09 17:55:04.727 10 ERROR ovsdbapp.backend.ovs_idl.command
File "/var/lib/openstack/lib/python3.10/site-packages/ovsdbapp/backend/ovs_idl/__init__.py", line 235, in _lookup
2026-07-09 17:55:04.727 10 ERROR ovsdbapp.backend.ovs_idl.command row = idlutils.row_by_value(self, rl.table, rl.column, record)
2026-07-09 17:55:04.727 10 ERROR ovsdbapp.backend.ovs_idl.command
File "/var/lib/openstack/lib/python3.10/site-packages/ovsdbapp/backend/ovs_idl/idlutils.py", line 114, in row_by_value
2026-07-09 17:55:04.727 10 ERROR ovsdbapp.backend.ovs_idl.command raise RowNotFound(table=table, col=column, match=match)
2026-07-09 17:55:04.727 10 ERROR ovsdbapp.backend.ovs_idl.command ovsdbapp.backend.ovs_idl.idlutils.RowNotFound: Cannot find Logical_Router_Port with name=lrp-cd2059c3-50de-4618-ab9d-2cde28b7ce96
2026-07-09 17:55:04.727 10 ERROR ovsdbapp.backend.ovs_idl.command 
2026-07-09 17:55:04.728 10 ERROR neutron_lib.callbacks.manager [None req-dbb7d5ac-c55d-4c66-8bf4-7af6b66bc957 d134d82769b84c089696eae8a111ebae 38c993074a2346dba54539992b4ddb56 - - default default] Error during notification for neutron.services.ovn_l3.plugin.OVNL3RouterPlugin._port_update-8732684238566 port, after_update: ovsdbapp.backend.ovs_idl.idlutils.RowNotFound: Cannot find Logical_Router_Port with name=lrp-cd2059c3-50de-4618-ab9d-2cde28b7ce96
2026-07-09 17:55:04.728 10 ERROR neutron_lib.callbacks.manager
Traceback (most recent call last):
2026-07-09 17:55:04.728 10 ERROR neutron_lib.callbacks.manager
File "/var/lib/openstack/lib/python3.10/site-packages/neutron_lib/callbacks/manager.py", line 189, in _notify_loop
2026-07-09 17:55:04.728 10 ERROR neutron_lib.callbacks.manager callback.method(resource, event, trigger, payload=payload)
2026-07-09 17:55:04.728 10 ERROR neutron_lib.callbacks.manager
File "/var/lib/openstack/lib/python3.10/site-packages/neutron/services/ovn_l3/plugin.py", line 391, in _port_update
2026-07-09 17:55:04.728 10 ERROR neutron_lib.callbacks.manager l3plugin._ovn_client.update_router_port(context,
2026-07-09 17:55:04.728 10 ERROR neutron_lib.callbacks.manager
File "/var/lib/openstack/lib/python3.10/site-packages/neutron/plugins/ml2/drivers/ovn/mech_driver/ovsdb/ovn_client.py", line 1878, in update_router_port
2026-07-09 17:55:04.728 10 ERROR neutron_lib.callbacks.manager self._update_lrouter_port(context, port, if_exists=if_exists,
2026-07-09 17:55:04.728 10 ERROR neutron_lib.callbacks.manager
File "/var/lib/openstack/lib/python3.10/site-packages/neutron/plugins/ml2/drivers/ovn/mech_driver/ovsdb/ovn_client.py", line 1855, in _update_lrouter_port
2026-07-09 17:55:04.728 10 ERROR neutron_lib.callbacks.manager external_ids = self._nb_idl.db_get(
2026-07-09 17:55:04.728 10 ERROR neutron_lib.callbacks.manager
File "/var/lib/openstack/lib/python3.10/site-packages/ovsdbapp/backend/ovs_idl/command.py", line 47, in execute
2026-07-09 17:55:04.728 10 ERROR neutron_lib.callbacks.manager self.run_idl(None)
2026-07-09 17:55:04.728 10 ERROR neutron_lib.callbacks.manager
File "/var/lib/openstack/lib/python3.10/site-packages/ovsdbapp/backend/ovs_idl/command.py", line 235, in run_idl
2026-07-09 17:55:04.728 10 ERROR neutron_lib.callbacks.manager record = self.api.lookup(self.table, self.record)
2026-07-09 17:55:04.728 10 ERROR neutron_lib.callbacks.manager
File "/var/lib/openstack/lib/python3.10/site-packages/ovsdbapp/backend/ovs_idl/__init__.py", line 184, in lookup
2026-07-09 17:55:04.728 10 ERROR neutron_lib.callbacks.manager return self._lookup(table, record)
2026-07-09 17:55:04.728 10 ERROR neutron_lib.callbacks.manager
File "/var/lib/openstack/lib/python3.10/site-packages/ovsdbapp/backend/ovs_idl/__init__.py", line 235, in _lookup
2026-07-09 17:55:04.728 10 ERROR neutron_lib.callbacks.manager row = idlutils.row_by_value(self, rl.table, rl.column, record)
2026-07-09 17:55:04.728 10 ERROR neutron_lib.callbacks.manager
File "/var/lib/openstack/lib/python3.10/site-packages/ovsdbapp/backend/ovs_idl/idlutils.py", line 114, in row_by_value
2026-07-09 17:55:04.728 10 ERROR neutron_lib.callbacks.manager raise RowNotFound(table=table, col=column, match=match)
2026-07-09 17:55:04.728 10 ERROR neutron_lib.callbacks.manager ovsdbapp.backend.ovs_idl.idlutils.RowNotFound: Cannot find Logical_Router_Port with name=lrp-cd2059c3-50de-4618-ab9d-2cde28b7ce96
2026-07-09 17:55:04.728 10 ERROR neutron_lib.callbacks.manager 
2026-07-09 17:55:04.756 9 INFO neutron.services.segments.plugin [-] Segment aedb6413-4843-4501-a91c-f5d24fb27ff0 resource provider aggregate not found
2026-07-09 17:55:04.762 9 INFO neutron.services.segments.plugin [-] Segment aedb6413-4843-4501-a91c-f5d24fb27ff0 resource provider aggregate not found
2026-07-09 17:55:04.786 9 INFO neutron.services.segments.plugin [-] Segment aedb6413-4843-4501-a91c-f5d24fb27ff0 resource provider not found; error: Placement Client Error (4xx): {"errors": [{"status": 404, "title": "Not Found", "detail": "The resource could not be found.\n\n No resource provider with uuid aedb6413-4843-4501-a91c-f5d24fb27ff0 found for delete ", "request_id": "req-1eb209d3-d0fd-4ee3-a7ae-a26740174849"}]}
2026-07-09 17:55:04.787 9 INFO neutron.services.segments.plugin [-] Segment aedb6413-4843-4501-a91c-f5d24fb27ff0 resource provider not found; error: Placement Client Error (4xx): {"errors": [{"status": 404, "title": "Not Found", "detail": "The resource could not be found.\n\n No resource provider with uuid aedb6413-4843-4501-a91c-f5d24fb27ff0 found for delete ", "request_id": "req-a1cedef6-2e3b-4ca3-81c3-b0b1f3f6b3c3"}]}
2026-07-09 17:55:04.797 9 INFO neutron.wsgi [None req-1bcdf5e0-852b-4f8d-84f7-c5bcb68f2987 dd93be3f816e4577a7d7daa28b33b5bf b5a96987ef56400cbaa1ed6059ace222 - - default default] 10.0.0.192 "DELETE /v2.0/networks/209fb6c4-80c5-4b88-a75d-d3a5952ef2f4 HTTP/1.1" status: 204 len: 168 time: 0.5567739
2026-07-09 17:55:04.811 9 WARNING neutron_lib.context [None req-98a646e2-7ed0-4b43-b8fb-41e5ec46a928 dd93be3f816e4577a7d7daa28b33b5bf b5a96987ef56400cbaa1ed6059ace222 - - default default] Method 'is_advsvc' is deprecated since 2023.2 release (neutron-lib 3.8.0) and will be removed once support for the old RBAC API policies will be removed from Neutron. Please use method 'is_service_role' instead.
2026-07-09 17:55:04.933 9 INFO neutron.db.segments_db [None req-98a646e2-7ed0-4b43-b8fb-41e5ec46a928 dd93be3f816e4577a7d7daa28b33b5bf b5a96987ef56400cbaa1ed6059ace222 - - default default] Added segment a4d97a1f-f8f7-46b7-a8c0-ace657e818f3 of type geneve for network ce555e31-ee4e-44d8-a8d8-44f9ef883f12
2026-07-09 17:55:05.054 9 INFO neutron.plugins.ml2.drivers.ovn.mech_driver.mech_driver [None req-ded871be-44cd-4c87-a954-1ccc9f7460bd - - - - - -] OVN reports status up for port: cd2059c3-50de-4618-ab9d-2cde28b7ce96
2026-07-09 17:55:05.069 9 INFO neutron.plugins.ml2.plugin [None req-ded871be-44cd-4c87-a954-1ccc9f7460bd - - - - - -] Attempt 1 to provision port cd2059c3-50de-4618-ab9d-2cde28b7ce96
2026-07-09 17:55:05.091 10 INFO neutron.wsgi [None req-e1883abe-7a30-4e1e-bda1-28b4be111235 d0c65db9968c44ea881660ce31adcce2 2bb4e729329c4911868eda1f1f6609e1 - - default default] 10.0.0.192 "DELETE /v2.0/security-groups/b34d1bd8-4b4a-41b5-b9ae-8280775bad85 HTTP/1.1" status: 204 len: 168 time: 0.4227862
2026-07-09 17:55:05.095 10 INFO neutron.db.ovn_revision_numbers_db [None req-dbb7d5ac-c55d-4c66-8bf4-7af6b66bc957 d134d82769b84c089696eae8a111ebae 38c993074a2346dba54539992b4ddb56 - - default default] Successfully bumped revision number for resource cd2059c3-50de-4618-ab9d-2cde28b7ce96 (type: ports) to 1
2026-07-09 17:55:05.122 9 INFO neutron.db.ovn_revision_numbers_db [None req-98a646e2-7ed0-4b43-b8fb-41e5ec46a928 dd93be3f816e4577a7d7daa28b33b5bf b5a96987ef56400cbaa1ed6059ace222 - - default default] Successfully bumped revision number for resource ce555e31-ee4e-44d8-a8d8-44f9ef883f12 (type: networks) to 1
2026-07-09 17:55:05.197 10 WARNING neutron.scheduler.dhcp_agent_scheduler [None req-dbb7d5ac-c55d-4c66-8bf4-7af6b66bc957 d134d82769b84c089696eae8a111ebae 38c993074a2346dba54539992b4ddb56 - - default default] No more DHCP agents
