2026-07-09 17:58:19.206 9 INFO neutron.db.ovn_revision_numbers_db [None req-ded871be-44cd-4c87-a954-1ccc9f7460bd - - - - - -] Successfully bumped revision number for resource b9a7e7dc-56b9-4962-9185-6923450ab255 (type: router_ports) to 2
2026-07-09 17:58:19.260 10 WARNING neutron.scheduler.dhcp_agent_scheduler [None req-fbb32656-6b81-4759-a101-17bebed8a582 a9bce64e9d7a4ac18dc2a678c7f822bd 1002f4853fb24fac95ad3591bbd6a0cc - - default default] No more DHCP agents
2026-07-09 17:58:19.263 10 WARNING neutron.api.rpc.agentnotifiers.dhcp_rpc_agent_api [None req-fbb32656-6b81-4759-a101-17bebed8a582 a9bce64e9d7a4ac18dc2a678c7f822bd 1002f4853fb24fac95ad3591bbd6a0cc - - default default] Unable to schedule network aa244594-b285-4db6-95a2-64568296c6ea: no agents available; will retry on subsequent port and subnet creation events.
2026-07-09 17:58:19.362 10 INFO neutron.db.ovn_revision_numbers_db [None req-fbb32656-6b81-4759-a101-17bebed8a582 a9bce64e9d7a4ac18dc2a678c7f822bd 1002f4853fb24fac95ad3591bbd6a0cc - - default default] Successfully bumped revision number for resource 36986b27-7f2d-4243-9351-c8c34cedb962 (type: ports) to 1
2026-07-09 17:58:19.391 10 INFO neutron.wsgi [None req-fbb32656-6b81-4759-a101-17bebed8a582 a9bce64e9d7a4ac18dc2a678c7f822bd 1002f4853fb24fac95ad3591bbd6a0cc - - default default] 10.0.0.192 "POST /v2.0/ports HTTP/1.1" status: 201 len: 942 time: 0.4543154 /var/lib/openstack/lib/python3.10/site-packages/pycadf/identifier.py:71: UserWarning: Invalid uuid: neutron. To ensure interoperability, identifiers should be a valid uuid. warnings.warn(('Invalid uuid: %s. To ensure interoperability, ' /var/lib/openstack/lib/python3.10/site-packages/pycadf/identifier.py:71: UserWarning: Invalid uuid: neutron. To ensure interoperability, identifiers should be a valid uuid. warnings.warn(('Invalid uuid: %s. To ensure interoperability, '
2026-07-09 17:58:19.434 9 INFO neutron.db.ovn_revision_numbers_db [None req-34d855a8-99dc-43d5-862b-a45b55e201bd 3c300bb722a848c4be8995565b8f6bcb 8e1e4778f06640d982674bcc680bfde0 - - default default] Successfully bumped revision number for resource 58ca1787-ef37-41c0-8277-960f548efb24 (type: ports) to 1
2026-07-09 17:58:19.454 10 INFO neutron.wsgi [None req-1dfbfdf2-52ee-4457-a901-dfa084fcb880 a9bce64e9d7a4ac18dc2a678c7f822bd 1002f4853fb24fac95ad3591bbd6a0cc - - default default] 10.0.0.192 "PUT /v2.0/ports/6e0a3b2b-598b-4772-bfd3-8d83a6112c47/tags HTTP/1.1" status: 200 len: 210 time: 0.0556948
2026-07-09 17:58:19.513 9 INFO neutron.db.segments_db [None req-34d855a8-99dc-43d5-862b-a45b55e201bd 3c300bb722a848c4be8995565b8f6bcb 8e1e4778f06640d982674bcc680bfde0 - - default default] Added segment 34d54a2c-a31d-4643-be52-fb4ffe18aff0 of type geneve for network 064659a3-3a13-45a6-b0d9-72dd3ea4a98f
2026-07-09 17:58:19.525 10 INFO neutron.wsgi [None req-2054d972-008a-4e9a-88b2-37cab7e45eb1 a9bce64e9d7a4ac18dc2a678c7f822bd 1002f4853fb24fac95ad3591bbd6a0cc - - default default] 10.0.0.192 "PUT /v2.0/ports/d8f6fd32-ea5e-4700-b950-daabc1c4eb46/tags HTTP/1.1" status: 200 len: 218 time: 0.0650423
2026-07-09 17:58:19.541 9 INFO neutron.db.ovn_revision_numbers_db [None req-f2bbaca8-a9d8-4860-a1ed-7a16c817b0a0 d0c65db9968c44ea881660ce31adcce2 2bb4e729329c4911868eda1f1f6609e1 - - default default] Successfully bumped revision number for resource e4d0be7c-3247-405f-a025-d13cfba00790 (type: security_groups) to 1
2026-07-09 17:58:19.581 9 INFO neutron.db.ovn_revision_numbers_db [None req-f2bbaca8-a9d8-4860-a1ed-7a16c817b0a0 d0c65db9968c44ea881660ce31adcce2 2bb4e729329c4911868eda1f1f6609e1 - - default default] Successfully bumped revision number for resource 14065b7d-2879-4169-8b00-5a0121e5facb (type: security_group_rules) to 0
2026-07-09 17:58:19.621 9 INFO neutron.db.ovn_revision_numbers_db [None req-f2bbaca8-a9d8-4860-a1ed-7a16c817b0a0 d0c65db9968c44ea881660ce31adcce2 2bb4e729329c4911868eda1f1f6609e1 - - default default] Successfully bumped revision number for resource c51cc943-eb44-4a65-beb6-3de40229f49d (type: security_group_rules) to 0
2026-07-09 17:58:19.629 9 INFO neutron.wsgi [None req-d7962960-5915-4043-b35a-c10691901aa9 a9bce64e9d7a4ac18dc2a678c7f822bd 1002f4853fb24fac95ad3591bbd6a0cc - - default default] 10.0.0.192 "PUT /v2.0/ports/80e87777-14bc-41bb-b46c-72aa50ed32a3/tags HTTP/1.1" status: 200 len: 227 time: 0.0985415
2026-07-09 17:58:19.644 9 INFO neutron.db.ovn_revision_numbers_db [None req-f2bbaca8-a9d8-4860-a1ed-7a16c817b0a0 d0c65db9968c44ea881660ce31adcce2 2bb4e729329c4911868eda1f1f6609e1 - - default default] Successfully bumped revision number for resource e17a2d88-8a62-41a4-b60b-a9352e4c410a (type: security_group_rules) to 0
2026-07-09 17:58:19.681 9 INFO neutron.db.ovn_revision_numbers_db [None req-f2bbaca8-a9d8-4860-a1ed-7a16c817b0a0 d0c65db9968c44ea881660ce31adcce2 2bb4e729329c4911868eda1f1f6609e1 - - default default] Successfully bumped revision number for resource f5d11e11-6196-417c-b860-5f91900f3ee1 (type: security_group_rules) to 0
2026-07-09 17:58:19.698 10 INFO neutron.wsgi [None req-e8a50658-02b4-4c78-bbd5-07a85c2b335c a9bce64e9d7a4ac18dc2a678c7f822bd 1002f4853fb24fac95ad3591bbd6a0cc - - default default] 10.0.0.192 "PUT /v2.0/ports/97de2e94-e7a8-433f-8528-9b9ef010596f/tags HTTP/1.1" status: 200 len: 212 time: 0.0634179
2026-07-09 17:58:19.712 9 INFO neutron.wsgi [None req-f2bbaca8-a9d8-4860-a1ed-7a16c817b0a0 d0c65db9968c44ea881660ce31adcce2 2bb4e729329c4911868eda1f1f6609e1 - - default default] 10.0.0.192 "GET /v2.0/security-groups?tenant_id=f8c8b3c18a7f4cf4bf6c90a17c60d9f2&name=default HTTP/1.1" status: 200 len: 3120 time: 0.5631833
2026-07-09 17:58:19.736 9 INFO neutron.db.ovn_revision_numbers_db [None req-34d855a8-99dc-43d5-862b-a45b55e201bd 3c300bb722a848c4be8995565b8f6bcb 8e1e4778f06640d982674bcc680bfde0 - - default default] Successfully bumped revision number for resource 064659a3-3a13-45a6-b0d9-72dd3ea4a98f (type: networks) to 1
2026-07-09 17:58:19.900 10 INFO neutron.wsgi [None req-725f7fd5-9d1c-4a01-b0b6-047b19ba3468 a9bce64e9d7a4ac18dc2a678c7f822bd 1002f4853fb24fac95ad3591bbd6a0cc - - default default] 10.0.0.192 "GET /v2.0/ports?tags=red HTTP/1.1" status: 200 len: 2448 time: 0.1946676
2026-07-09 17:58:19.935 9 WARNING neutron.scheduler.dhcp_agent_scheduler [None req-34d855a8-99dc-43d5-862b-a45b55e201bd 3c300bb722a848c4be8995565b8f6bcb 8e1e4778f06640d982674bcc680bfde0 - - default default] No more DHCP agents
2026-07-09 17:58:19.941 9 WARNING neutron.api.rpc.agentnotifiers.dhcp_rpc_agent_api [None req-34d855a8-99dc-43d5-862b-a45b55e201bd 3c300bb722a848c4be8995565b8f6bcb 8e1e4778f06640d982674bcc680bfde0 - - default default] Unable to schedule network 064659a3-3a13-45a6-b0d9-72dd3ea4a98f: no agents available; will retry on subsequent port and subnet creation events.
2026-07-09 17:58:19.997 10 INFO neutron.wsgi [None req-c0dbe9e6-069f-4054-a7f5-51d5b8bb8fda a9bce64e9d7a4ac18dc2a678c7f822bd 1002f4853fb24fac95ad3591bbd6a0cc - - default default] 10.0.0.192 "GET /v2.0/ports?tags=red%2Cblue HTTP/1.1" status: 200 len: 1708 time: 0.0898340
2026-07-09 17:58:20.080 9 INFO neutron.db.ovn_revision_numbers_db [None req-34d855a8-99dc-43d5-862b-a45b55e201bd 3c300bb722a848c4be8995565b8f6bcb 8e1e4778f06640d982674bcc680bfde0 - - default default] Successfully bumped revision number for resource 96a06dd2-c90e-426b-b471-3a851900881c (type: ports) to 1
2026-07-09 17:58:20.140 9 INFO neutron.wsgi [None req-b405c760-f6b1-4e18-9490-41306c278dce d0c65db9968c44ea881660ce31adcce2 2bb4e729329c4911868eda1f1f6609e1 - - default default] 10.0.0.192 "DELETE /v2.0/security-groups/e4d0be7c-3247-405f-a025-d13cfba00790 HTTP/1.1" status: 204 len: 168 time: 0.4217050
2026-07-09 17:58:20.185 9 INFO neutron.wsgi [None req-f8500734-24b2-48cc-9e70-bf6a2d9b0038 a9bce64e9d7a4ac18dc2a678c7f822bd 1002f4853fb24fac95ad3591bbd6a0cc - - default default] 10.0.0.192 "GET /v2.0/ports?tags-any=blue HTTP/1.1" status: 200 len: 1708 time: 0.1787403
2026-07-09 17:58:20.301 9 INFO neutron.wsgi [None req-504f4c17-f2e6-4b7c-be9b-4dfb28ae1e3e a9bce64e9d7a4ac18dc2a678c7f822bd 1002f4853fb24fac95ad3591bbd6a0cc - - default default] 10.0.0.192 "GET /v2.0/ports?tags-any=red%2Cblue HTTP/1.1" status: 200 len: 2448 time: 0.1083055
2026-07-09 17:58:20.307 9 WARNING neutron.scheduler.dhcp_agent_scheduler [None req-34d855a8-99dc-43d5-862b-a45b55e201bd 3c300bb722a848c4be8995565b8f6bcb 8e1e4778f06640d982674bcc680bfde0 - - default default] No more DHCP agents
2026-07-09 17:58:20.308 9 WARNING neutron.api.rpc.agentnotifiers.dhcp_rpc_agent_api [None req-34d855a8-99dc-43d5-862b-a45b55e201bd 3c300bb722a848c4be8995565b8f6bcb 8e1e4778f06640d982674bcc680bfde0 - - default default] Unable to schedule network 064659a3-3a13-45a6-b0d9-72dd3ea4a98f: no agents available; will retry on subsequent port and subnet creation events.
2026-07-09 17:58:20.365 9 INFO neutron.db.ovn_revision_numbers_db [None req-34d855a8-99dc-43d5-862b-a45b55e201bd 3c300bb722a848c4be8995565b8f6bcb 8e1e4778f06640d982674bcc680bfde0 - - default default] Successfully bumped revision number for resource b4f3e652-b045-4120-bf5c-de9e51c16cc7 (type: subnets) to 0
2026-07-09 17:58:20.560 9 INFO neutron.db.ovn_revision_numbers_db [None req-36e5f2e3-2483-4793-aaa8-0d9ba9fabcba d0c65db9968c44ea881660ce31adcce2 2bb4e729329c4911868eda1f1f6609e1 - - default default] Successfully bumped revision number for resource dd144b23-0592-46e8-bdda-6154cf1f5e5c (type: security_groups) to 1
2026-07-09 17:58:20.573 10 INFO neutron.wsgi [None req-2399b2bc-01c2-4ee4-ae86-e497211a41a4 a9bce64e9d7a4ac18dc2a678c7f822bd 1002f4853fb24fac95ad3591bbd6a0cc - - default default] 10.0.0.192 "GET /v2.0/ports?not-tags=red HTTP/1.1" status: 200 len: 5463 time: 0.2655830
2026-07-09 17:58:20.587 9 INFO neutron.db.ovn_revision_numbers_db [None req-36e5f2e3-2483-4793-aaa8-0d9ba9fabcba d0c65db9968c44ea881660ce31adcce2 2bb4e729329c4911868eda1f1f6609e1 - - default default] Successfully bumped revision number for resource 01dc782d-c996-4694-aa1f-a59f40e17153 (type: security_group_rules) to 0
2026-07-09 17:58:20.609 9 INFO neutron.db.ovn_revision_numbers_db [None req-36e5f2e3-2483-4793-aaa8-0d9ba9fabcba d0c65db9968c44ea881660ce31adcce2 2bb4e729329c4911868eda1f1f6609e1 - - default default] Successfully bumped revision number for resource 21dea3e8-dae6-4860-a449-f7c6f6b82919 (type: security_group_rules) to 0
2026-07-09 17:58:20.656 9 INFO neutron.db.ovn_revision_numbers_db [None req-36e5f2e3-2483-4793-aaa8-0d9ba9fabcba d0c65db9968c44ea881660ce31adcce2 2bb4e729329c4911868eda1f1f6609e1 - - default default] Successfully bumped revision number for resource 44bfb167-a6cf-4d01-82f1-6515cdb16d34 (type: security_group_rules) to 0
2026-07-09 17:58:20.686 9 INFO neutron.db.ovn_revision_numbers_db [None req-36e5f2e3-2483-4793-aaa8-0d9ba9fabcba d0c65db9968c44ea881660ce31adcce2 2bb4e729329c4911868eda1f1f6609e1 - - default default] Successfully bumped revision number for resource a96cbbe7-f122-4be2-860a-06a7da38ca42 (type: security_group_rules) to 0
2026-07-09 17:58:20.711 10 INFO neutron.wsgi [None req-1e5d4027-f5b9-41bf-b166-aafbc49ae0f9 a9bce64e9d7a4ac18dc2a678c7f822bd 1002f4853fb24fac95ad3591bbd6a0cc - - default default] 10.0.0.192 "GET /v2.0/ports?not-tags=red%2Cblue HTTP/1.1" status: 200 len: 6203 time: 0.1305182
2026-07-09 17:58:20.717 9 INFO neutron.wsgi [None req-36e5f2e3-2483-4793-aaa8-0d9ba9fabcba d0c65db9968c44ea881660ce31adcce2 2bb4e729329c4911868eda1f1f6609e1 - - default default] 10.0.0.192 "GET /v2.0/security-groups?tenant_id=bbe4f0ce9cee4f6fb53c24d958faab5e&name=default HTTP/1.1" status: 200 len: 3124 time: 0.4059792
2026-07-09 17:58:20.975 9 WARNING neutron.scheduler.dhcp_agent_scheduler [None req-34d855a8-99dc-43d5-862b-a45b55e201bd 3c300bb722a848c4be8995565b8f6bcb 8e1e4778f06640d982674bcc680bfde0 - - default default] No more DHCP agents
2026-07-09 17:58:20.978 9 WARNING neutron.api.rpc.agentnotifiers.dhcp_rpc_agent_api [None req-34d855a8-99dc-43d5-862b-a45b55e201bd 3c300bb722a848c4be8995565b8f6bcb 8e1e4778f06640d982674bcc680bfde0 - - default default] Unable to schedule network 064659a3-3a13-45a6-b0d9-72dd3ea4a98f: no agents available; will retry on subsequent port and subnet creation events.
2026-07-09 17:58:21.068 10 INFO neutron.wsgi [None req-33bf2361-7ceb-4a99-a2c9-2c48856d6e55 a9bce64e9d7a4ac18dc2a678c7f822bd 1002f4853fb24fac95ad3591bbd6a0cc - - default default] 10.0.0.192 "GET /v2.0/ports?not-tags-any=blue HTTP/1.1" status: 200 len: 6203 time: 0.3517635
2026-07-09 17:58:21.135 9 INFO neutron.db.ovn_revision_numbers_db [None req-34d855a8-99dc-43d5-862b-a45b55e201bd 3c300bb722a848c4be8995565b8f6bcb 8e1e4778f06640d982674bcc680bfde0 - - default default] Successfully bumped revision number for resource 197e5ce3-ed5a-480d-bcf7-b647ac94927f (type: ports) to 1
2026-07-09 17:58:21.144 10 INFO neutron.wsgi [None req-928ca8a0-4103-4109-99e0-87adf732e942 a9bce64e9d7a4ac18dc2a678c7f822bd 1002f4853fb24fac95ad3591bbd6a0cc - - default default] 10.0.0.192 "GET /v2.0/ports?not-tags-any=red%2Cblue HTTP/1.1" status: 200 len: 5463 time: 0.0713625
2026-07-09 17:58:21.377 10 INFO neutron.wsgi [None req-b8f2d8cd-b949-4e4c-bf46-4d677be6b165 d0c65db9968c44ea881660ce31adcce2 2bb4e729329c4911868eda1f1f6609e1 - - default default] 10.0.0.192 "DELETE /v2.0/security-groups/dd144b23-0592-46e8-bdda-6154cf1f5e5c HTTP/1.1" status: 204 len: 168 time: 0.6522789
2026-07-09 17:58:21.501 10 INFO neutron.wsgi [None req-0f758025-1100-4b78-9f13-8a4b87ca85b9 a9bce64e9d7a4ac18dc2a678c7f822bd 1002f4853fb24fac95ad3591bbd6a0cc - - default default] 10.0.0.192 "DELETE /v2.0/ports/6e0a3b2b-598b-4772-bfd3-8d83a6112c47 HTTP/1.1" status: 204 len: 168 time: 0.3497424
2026-07-09 17:58:21.771 10 INFO neutron.db.ovn_revision_numbers_db [None req-be283c17-c8d7-4bd2-a87b-03876b23f843 d0c65db9968c44ea881660ce31adcce2 2bb4e729329c4911868eda1f1f6609e1 - - default default] Successfully bumped revision number for resource 4d2dc1af-5314-4141-a966-f4d8e0dc03d0 (type: security_groups) to 1
2026-07-09 17:58:21.800 10 INFO neutron.db.ovn_revision_numbers_db [None req-be283c17-c8d7-4bd2-a87b-03876b23f843 d0c65db9968c44ea881660ce31adcce2 2bb4e729329c4911868eda1f1f6609e1 - - default default] Successfully bumped revision number for resource 0eaf4dd2-512f-433d-aab8-8f221c85b613 (type: security_group_rules) to 0
2026-07-09 17:58:21.809 10 INFO neutron.wsgi [None req-be714d00-93f8-4cac-997f-570d68546924 a9bce64e9d7a4ac18dc2a678c7f822bd 1002f4853fb24fac95ad3591bbd6a0cc - - default default] 10.0.0.192 "DELETE /v2.0/ports/d8f6fd32-ea5e-4700-b950-daabc1c4eb46 HTTP/1.1" status: 204 len: 168 time: 0.3026326
2026-07-09 17:58:21.838 10 INFO neutron.db.ovn_revision_numbers_db [None req-be283c17-c8d7-4bd2-a87b-03876b23f843 d0c65db9968c44ea881660ce31adcce2 2bb4e729329c4911868eda1f1f6609e1 - - default default] Successfully bumped revision number for resource 3b468b0c-116a-47ed-835c-68e7e5a91d92 (type: security_group_rules) to 0
2026-07-09 17:58:21.860 10 INFO neutron.db.ovn_revision_numbers_db [None req-be283c17-c8d7-4bd2-a87b-03876b23f843 d0c65db9968c44ea881660ce31adcce2 2bb4e729329c4911868eda1f1f6609e1 - - default default] Successfully bumped revision number for resource 570a5665-f896-4d9b-a996-42e5768dc2b8 (type: security_group_rules) to 0
2026-07-09 17:58:21.885 10 INFO neutron.db.ovn_revision_numbers_db [None req-be283c17-c8d7-4bd2-a87b-03876b23f843 d0c65db9968c44ea881660ce31adcce2 2bb4e729329c4911868eda1f1f6609e1 - - default default] Successfully bumped revision number for resource f9797374-c85e-492c-9a78-9a0d5dc6bda4 (type: security_group_rules) to 0
2026-07-09 17:58:21.916 10 INFO neutron.wsgi [None req-be283c17-c8d7-4bd2-a87b-03876b23f843 d0c65db9968c44ea881660ce31adcce2 2bb4e729329c4911868eda1f1f6609e1 - - default default] 10.0.0.192 "GET /v2.0/security-groups?tenant_id=b36d3a359cce47f49b57064397c7d313&name=default HTTP/1.1" status: 200 len: 3124 time: 0.3344696
2026-07-09 17:58:22.120 10 INFO neutron.wsgi [None req-66494187-fee9-4c2e-9b2d-1bb184847dd3 a9bce64e9d7a4ac18dc2a678c7f822bd 1002f4853fb24fac95ad3591bbd6a0cc - - default default] 10.0.0.192 "DELETE /v2.0/ports/80e87777-14bc-41bb-b46c-72aa50ed32a3 HTTP/1.1" status: 204 len: 168 time: 0.3029027
2026-07-09 17:58:22.120 9 ERROR ovsdbapp.backend.ovs_idl.command [None req-34d855a8-99dc-43d5-862b-a45b55e201bd 3c300bb722a848c4be8995565b8f6bcb 8e1e4778f06640d982674bcc680bfde0 - - default default] Error executing command (DbGetCommand): ovsdbapp.backend.ovs_idl.idlutils.RowNotFound: Cannot find Logical_Router_Port with name=lrp-197e5ce3-ed5a-480d-bcf7-b647ac94927f
2026-07-09 17:58:22.120 9 ERROR ovsdbapp.backend.ovs_idl.command
Traceback (most recent call last):
2026-07-09 17:58:22.120 9 ERROR ovsdbapp.backend.ovs_idl.command
File "/var/lib/openstack/lib/python3.10/site-packages/ovsdbapp/backend/ovs_idl/command.py", line 47, in execute
2026-07-09 17:58:22.120 9 ERROR ovsdbapp.backend.ovs_idl.command self.run_idl(None)
2026-07-09 17:58:22.120 9 ERROR ovsdbapp.backend.ovs_idl.command
File "/var/lib/openstack/lib/python3.10/site-packages/ovsdbapp/backend/ovs_idl/command.py", line 235, in run_idl
2026-07-09 17:58:22.120 9 ERROR ovsdbapp.backend.ovs_idl.command record = self.api.lookup(self.table, self.record)
2026-07-09 17:58:22.120 9 ERROR ovsdbapp.backend.ovs_idl.command
File "/var/lib/openstack/lib/python3.10/site-packages/ovsdbapp/backend/ovs_idl/__init__.py", line 184, in lookup
2026-07-09 17:58:22.120 9 ERROR ovsdbapp.backend.ovs_idl.command return self._lookup(table, record)
2026-07-09 17:58:22.120 9 ERROR ovsdbapp.backend.ovs_idl.command
File "/var/lib/openstack/lib/python3.10/site-packages/ovsdbapp/backend/ovs_idl/__init__.py", line 235, in _lookup
2026-07-09 17:58:22.120 9 ERROR ovsdbapp.backend.ovs_idl.command row = idlutils.row_by_value(self, rl.table, rl.column, record)
2026-07-09 17:58:22.120 9 ERROR ovsdbapp.backend.ovs_idl.command
File "/var/lib/openstack/lib/python3.10/site-packages/ovsdbapp/backend/ovs_idl/idlutils.py", line 114, in row_by_value
2026-07-09 17:58:22.120 9 ERROR ovsdbapp.backend.ovs_idl.command raise RowNotFound(table=table, col=column, match=match)
2026-07-09 17:58:22.120 9 ERROR ovsdbapp.backend.ovs_idl.command ovsdbapp.backend.ovs_idl.idlutils.RowNotFound: Cannot find Logical_Router_Port with name=lrp-197e5ce3-ed5a-480d-bcf7-b647ac94927f
2026-07-09 17:58:22.120 9 ERROR ovsdbapp.backend.ovs_idl.command 
2026-07-09 17:58:22.121 9 ERROR neutron_lib.callbacks.manager [None req-34d855a8-99dc-43d5-862b-a45b55e201bd 3c300bb722a848c4be8995565b8f6bcb 8e1e4778f06640d982674bcc680bfde0 - - default default] Error during notification for neutron.services.ovn_l3.plugin.OVNL3RouterPlugin._port_update-8732684238566 port, after_update: ovsdbapp.backend.ovs_idl.idlutils.RowNotFound: Cannot find Logical_Router_Port with name=lrp-197e5ce3-ed5a-480d-bcf7-b647ac94927f
2026-07-09 17:58:22.121 9 ERROR neutron_lib.callbacks.manager
Traceback (most recent call last):
2026-07-09 17:58:22.121 9 ERROR neutron_lib.callbacks.manager
File "/var/lib/openstack/lib/python3.10/site-packages/neutron_lib/callbacks/manager.py", line 189, in _notify_loop
2026-07-09 17:58:22.121 9 ERROR neutron_lib.callbacks.manager callback.method(resource, event, trigger, payload=payload)
2026-07-09 17:58:22.121 9 ERROR neutron_lib.callbacks.manager
File "/var/lib/openstack/lib/python3.10/site-packages/neutron/services/ovn_l3/plugin.py", line 391, in _port_update
2026-07-09 17:58:22.121 9 ERROR neutron_lib.callbacks.manager l3plugin._ovn_client.update_router_port(context,
2026-07-09 17:58:22.121 9 ERROR neutron_lib.callbacks.manager
File "/var/lib/openstack/lib/python3.10/site-packages/neutron/plugins/ml2/drivers/ovn/mech_driver/ovsdb/ovn_client.py", line 1878, in update_router_port
2026-07-09 17:58:22.121 9 ERROR neutron_lib.callbacks.manager self._update_lrouter_port(context, port, if_exists=if_exists,
2026-07-09 17:58:22.121 9 ERROR neutron_lib.callbacks.manager
File "/var/lib/openstack/lib/python3.10/site-packages/neutron/plugins/ml2/drivers/ovn/mech_driver/ovsdb/ovn_client.py", line 1855, in _update_lrouter_port
2026-07-09 17:58:22.121 9 ERROR neutron_lib.callbacks.manager external_ids = self._nb_idl.db_get(
2026-07-09 17:58:22.121 9 ERROR neutron_lib.callbacks.manager
File "/var/lib/openstack/lib/python3.10/site-packages/ovsdbapp/backend/ovs_idl/command.py", line 47, in execute
2026-07-09 17:58:22.121 9 ERROR neutron_lib.callbacks.manager self.run_idl(None)
2026-07-09 17:58:22.121 9 ERROR neutron_lib.callbacks.manager
File "/var/lib/openstack/lib/python3.10/site-packages/ovsdbapp/backend/ovs_idl/command.py", line 235, in run_idl
2026-07-09 17:58:22.121 9 ERROR neutron_lib.callbacks.manager record = self.api.lookup(self.table, self.record)
2026-07-09 17:58:22.121 9 ERROR neutron_lib.callbacks.manager
File "/var/lib/openstack/lib/python3.10/site-packages/ovsdbapp/backend/ovs_idl/__init__.py", line 184, in lookup
2026-07-09 17:58:22.121 9 ERROR neutron_lib.callbacks.manager return self._lookup(table, record)
2026-07-09 17:58:22.121 9 ERROR neutron_lib.callbacks.manager
File "/var/lib/openstack/lib/python3.10/site-packages/ovsdbapp/backend/ovs_idl/__init__.py", line 235, in _lookup
2026-07-09 17:58:22.121 9 ERROR neutron_lib.callbacks.manager row = idlutils.row_by_value(self, rl.table, rl.column, record)
2026-07-09 17:58:22.121 9 ERROR neutron_lib.callbacks.manager
File "/var/lib/openstack/lib/python3.10/site-packages/ovsdbapp/backend/ovs_idl/idlutils.py", line 114, in row_by_value
2026-07-09 17:58:22.121 9 ERROR neutron_lib.callbacks.manager raise RowNotFound(table=table, col=column, match=match)
2026-07-09 17:58:22.121 9 ERROR neutron_lib.callbacks.manager ovsdbapp.backend.ovs_idl.idlutils.RowNotFound: Cannot find Logical_Router_Port with name=lrp-197e5ce3-ed5a-480d-bcf7-b647ac94927f
2026-07-09 17:58:22.121 9 ERROR neutron_lib.callbacks.manager 
2026-07-09 17:58:22.319 9 INFO neutron.wsgi [None req-fb33bbaf-833a-4c9b-b42e-1f87de417e57 d0c65db9968c44ea881660ce31adcce2 2bb4e729329c4911868eda1f1f6609e1 - - default default] 10.0.0.192 "DELETE /v2.0/security-groups/4d2dc1af-5314-4141-a966-f4d8e0dc03d0 HTTP/1.1" status: 204 len: 168 time: 0.3967857
2026-07-09 17:58:22.537 9 INFO neutron.db.ovn_revision_numbers_db [None req-34d855a8-99dc-43d5-862b-a45b55e201bd 3c300bb722a848c4be8995565b8f6bcb 8e1e4778f06640d982674bcc680bfde0 - - default default] Successfully bumped revision number for resource 197e5ce3-ed5a-480d-bcf7-b647ac94927f (type: ports) to 1
2026-07-09 17:58:22.636 9 INFO neutron.wsgi [None req-08565902-25a1-4816-89c1-fa8149fb1e31 a9bce64e9d7a4ac18dc2a678c7f822bd 1002f4853fb24fac95ad3591bbd6a0cc - - default default] 10.0.0.192 "DELETE /v2.0/ports/97de2e94-e7a8-433f-8528-9b9ef010596f HTTP/1.1" status: 204 len: 168 time: 0.5102727
2026-07-09 17:58:22.643 9 WARNING neutron.scheduler.dhcp_agent_scheduler [None req-34d855a8-99dc-43d5-862b-a45b55e201bd 3c300bb722a848c4be8995565b8f6bcb 8e1e4778f06640d982674bcc680bfde0 - - default default] No more DHCP agents
2026-07-09 17:58:22.650 9 WARNING neutron.api.rpc.agentnotifiers.dhcp_rpc_agent_api [None req-34d855a8-99dc-43d5-862b-a45b55e201bd 3c300bb722a848c4be8995565b8f6bcb 8e1e4778f06640d982674bcc680bfde0 - - default default] Unable to schedule network 064659a3-3a13-45a6-b0d9-72dd3ea4a98f: no agents available; will retry on subsequent port and subnet creation events.
2026-07-09 17:58:23.118 9 INFO neutron.wsgi [None req-847a0a17-951d-42a9-bdcd-ad39cb1965af a9bce64e9d7a4ac18dc2a678c7f822bd 1002f4853fb24fac95ad3591bbd6a0cc - - default default] 10.0.0.192 "DELETE /v2.0/ports/36986b27-7f2d-4243-9351-c8c34cedb962 HTTP/1.1" status: 204 len: 168 time: 0.4760890
2026-07-09 17:58:23.298 9 INFO neutron.db.ovn_revision_numbers_db [None req-34d855a8-99dc-43d5-862b-a45b55e201bd 3c300bb722a848c4be8995565b8f6bcb 8e1e4778f06640d982674bcc680bfde0 - - default default] Successfully bumped revision number for resource 197e5ce3-ed5a-480d-bcf7-b647ac94927f (type: router_ports) to 1
2026-07-09 17:58:23.575 10 INFO neutron.services.segments.plugin [-] Segment b1e0e70d-9ffb-493a-bbdb-3cc280c4e270 resource provider aggregate not found
2026-07-09 17:58:23.603 10 INFO neutron.services.segments.plugin [-] Segment b1e0e70d-9ffb-493a-bbdb-3cc280c4e270 resource provider not found; error: Placement Client Error (4xx): {"errors": [{"status": 404, "title": "Not Found", "detail": "The resource could not be found.\n\n No resource provider with uuid b1e0e70d-9ffb-493a-bbdb-3cc280c4e270 found for delete ", "request_id": "req-11ec481b-b3ee-4ed6-b2c5-51e30bae192d"}]}
2026-07-09 17:58:23.612 10 INFO neutron.wsgi [None req-138b58c9-c182-4895-962f-1eb587507490 a9bce64e9d7a4ac18dc2a678c7f822bd 1002f4853fb24fac95ad3591bbd6a0cc - - default default] 10.0.0.192 "DELETE /v2.0/networks/3bf7b3dc-ce4d-4b39-856a-b33af36b8747 HTTP/1.1" status: 204 len: 168 time: 0.4860404
2026-07-09 17:58:23.644 9 WARNING neutron.scheduler.dhcp_agent_scheduler [None req-d860d2a5-f414-4625-bed9-573a0fe3ce5d - - - - - -] No more DHCP agents
2026-07-09 17:58:23.646 9 WARNING neutron.api.rpc.agentnotifiers.dhcp_rpc_agent_api [None req-d860d2a5-f414-4625-bed9-573a0fe3ce5d - - - - - -] Unable to schedule network 064659a3-3a13-45a6-b0d9-72dd3ea4a98f: no agents available; will retry on subsequent port and subnet creation events.
2026-07-09 17:58:23.654 10 INFO neutron.services.segments.plugin [-] Segment b1e0e70d-9ffb-493a-bbdb-3cc280c4e270 resource provider aggregate not found
2026-07-09 17:58:23.678 10 INFO neutron.services.segments.plugin [-] Segment b1e0e70d-9ffb-493a-bbdb-3cc280c4e270 resource provider not found; error: Placement Client Error (4xx): {"errors": [{"status": 404, "title": "Not Found", "detail": "The resource could not be found.\n\n No resource provider with uuid b1e0e70d-9ffb-493a-bbdb-3cc280c4e270 found for delete ", "request_id": "req-35c11ea7-44e6-4e6b-84ef-cbf235110ba4"}]}
2026-07-09 17:58:23.836 9 INFO neutron.db.ovn_revision_numbers_db [None req-d860d2a5-f414-4625-bed9-573a0fe3ce5d - - - - - -] Successfully bumped revision number for resource 4172d7c9-2193-4cdc-9135-60b088adfe71 (type: ports) to 1
2026-07-09 17:58:24.093 10 INFO neutron.wsgi [None req-1da8c49f-21d0-46af-a5e8-4c85971690a2 a9bce64e9d7a4ac18dc2a678c7f822bd 1002f4853fb24fac95ad3591bbd6a0cc - - default default] 10.0.0.192 "DELETE /v2.0/networks/5f5c37ec-615d-4fe9-96c3-13314a368c35 HTTP/1.1" status: 204 len: 168 time: 0.4746177
2026-07-09 17:58:24.191 10 INFO neutron.wsgi [-] 10.0.0.218 "GET / HTTP/1.1" status: 200 len: 246 time: 0.0016327
2026-07-09 17:58:24.192 10 INFO neutron.wsgi [-] 10.0.0.218 "GET / HTTP/1.1" status: 200 len: 246 time: 0.0009692
2026-07-09 17:58:24.354 9 WARNING neutron.plugins.ml2.drivers.ovn.mech_driver.ovsdb.ovn_client [None req-ded871be-44cd-4c87-a954-1ccc9f7460bd - - - - - -] No hosting information found for port b9a7e7dc-56b9-4962-9185-6923450ab255: RuntimeError: No hosting information found for port b9a7e7dc-56b9-4962-9185-6923450ab255
2026-07-09 17:58:24.354 9 INFO neutron.plugins.ml2.drivers.ovn.mech_driver.mech_driver [None req-ded871be-44cd-4c87-a954-1ccc9f7460bd - - - - - -] OVN reports status up for port: 197e5ce3-ed5a-480d-bcf7-b647ac94927f
2026-07-09 17:58:24.362 9 INFO neutron.plugins.ml2.plugin [None req-ded871be-44cd-4c87-a954-1ccc9f7460bd - - - - - -] Attempt 1 to provision port 197e5ce3-ed5a-480d-bcf7-b647ac94927f
2026-07-09 17:58:24.430 9 INFO neutron.db.ovn_revision_numbers_db [None req-d860d2a5-f414-4625-bed9-573a0fe3ce5d - - - - - -] Successfully bumped revision number for resource 4172d7c9-2193-4cdc-9135-60b088adfe71 (type: ports) to 1
2026-07-09 17:58:24.583 10 INFO neutron.wsgi [None req-ecfc4cd0-0122-4cf6-9253-e919dbda1878 a9bce64e9d7a4ac18dc2a678c7f822bd 1002f4853fb24fac95ad3591bbd6a0cc - - default default] 10.0.0.192 "DELETE /v2.0/networks/58c76e00-7acf-420c-8b21-7e8ad4299891 HTTP/1.1" status: 204 len: 168 time: 0.4843590
2026-07-09 17:58:24.789 9 INFO neutron.wsgi [None req-34d855a8-99dc-43d5-862b-a45b55e201bd 3c300bb722a848c4be8995565b8f6bcb 8e1e4778f06640d982674bcc680bfde0 - - default default] 10.0.0.192 "POST /v2.0/vpn/vpnservices HTTP/1.1" status: 201 len: 657 time: 7.6325905
2026-07-09 17:58:24.805 9 WARNING neutron_lib.context [None req-64482fac-71a2-46fd-8aca-547a2e788761 3c300bb722a848c4be8995565b8f6bcb 8e1e4778f06640d982674bcc680bfde0 - - default default] Method 'is_advsvc' is deprecated since 2023.2 release (neutron-lib 3.8.0) and will be removed once support for the old RBAC API policies will be removed from Neutron. Please use method 'is_service_role' instead.
2026-07-09 17:58:25.079 10 INFO neutron.wsgi [None req-b5c85c23-a8ce-4fbd-8584-b8062db2f1a5 a9bce64e9d7a4ac18dc2a678c7f822bd 1002f4853fb24fac95ad3591bbd6a0cc - - default default] 10.0.0.192 "DELETE /v2.0/networks/28b0ded0-0770-4ccf-bc02-9aec0216b618 HTTP/1.1" status: 204 len: 168 time: 0.4879954
2026-07-09 17:58:25.141 9 INFO neutron.db.ovn_revision_numbers_db [None req-ded871be-44cd-4c87-a954-1ccc9f7460bd - - - - - -] Successfully bumped revision number for resource 197e5ce3-ed5a-480d-bcf7-b647ac94927f (type: ports) to 2
2026-07-09 17:58:25.375 9 INFO neutron.db.ovn_revision_numbers_db [None req-ded871be-44cd-4c87-a954-1ccc9f7460bd - - - - - -] Successfully bumped revision number for resource 197e5ce3-ed5a-480d-bcf7-b647ac94927f (type: router_ports) to 2
2026-07-09 17:58:25.402 9 INFO neutron.wsgi [None req-64482fac-71a2-46fd-8aca-547a2e788761 3c300bb722a848c4be8995565b8f6bcb 8e1e4778f06640d982674bcc680bfde0 - - default default] 10.0.0.192 "POST /v2.0/vpn/vpnservices HTTP/1.1" status: 201 len: 623 time: 0.6048198
2026-07-09 17:58:25.414 9 WARNING neutron_lib.context [None req-a32e781e-26a5-4ef0-b2ba-d21bdb5226de 3c300bb722a848c4be8995565b8f6bcb 8e1e4778f06640d982674bcc680bfde0 - - default default] Method 'is_advsvc' is deprecated since 2023.2 release (neutron-lib 3.8.0) and will be removed once support for the old RBAC API policies will be removed from Neutron. Please use method 'is_service_role' instead.
2026-07-09 17:58:25.594 10 INFO neutron.wsgi [None req-5cc696a1-0fea-4ffd-8bd9-cf32ee15708d a9bce64e9d7a4ac18dc2a678c7f822bd 1002f4853fb24fac95ad3591bbd6a0cc - - default default] 10.0.0.192 "DELETE /v2.0/networks/aa244594-b285-4db6-95a2-64568296c6ea HTTP/1.1" status: 204 len: 168 time: 0.5048649
2026-07-09 17:58:25.625 10 INFO neutron.services.segments.plugin [-] Segment 13acde33-5dce-43ba-a06f-1623a89ff1a6 resource provider aggregate not found
2026-07-09 17:58:25.644 10 INFO neutron.services.segments.plugin [-] Segment 13acde33-5dce-43ba-a06f-1623a89ff1a6 resource provider not found; error: Placement Client Error (4xx): {"errors": [{"status": 404, "title": "Not Found", "detail": "The resource could not be found.\n\n No resource provider with uuid 13acde33-5dce-43ba-a06f-1623a89ff1a6 found for delete ", "request_id": "req-d263aa9e-3b5c-4120-b84d-fa82e66b713e"}]}
2026-07-09 17:58:25.665 10 INFO neutron.services.segments.plugin [-] Segment 8ddf219d-c30e-4e79-879d-dc5015a63a4f resource provider aggregate not found
2026-07-09 17:58:25.694 10 INFO neutron.services.segments.plugin [-] Segment 8ddf219d-c30e-4e79-879d-dc5015a63a4f resource provider not found; error: Placement Client Error (4xx): {"errors": [{"status": 404, "title": "Not Found", "detail": "The resource could not be found.\n\n No resource provider with uuid 8ddf219d-c30e-4e79-879d-dc5015a63a4f found for delete ", "request_id": "req-4fa362e9-fd42-4018-8004-fe34f3f69a03"}]}
2026-07-09 17:58:25.701 10 INFO neutron.services.segments.plugin [-] Segment 13acde33-5dce-43ba-a06f-1623a89ff1a6 resource provider aggregate not found
2026-07-09 17:58:25.722 10 INFO neutron.services.segments.plugin [-] Segment 13acde33-5dce-43ba-a06f-1623a89ff1a6 resource provider not found; error: Placement Client Error (4xx): {"errors": [{"status": 404, "title": "Not Found", "detail": "The resource could not be found.\n\n No resource provider with uuid 13acde33-5dce-43ba-a06f-1623a89ff1a6 found for delete ", "request_id": "req-a2adefee-964c-48d3-95cb-11109be14698"}]}
2026-07-09 17:58:25.728 10 INFO neutron.services.segments.plugin [-] Segment 304d31bc-2e21-4b70-a8f2-6a23aa129f61 resource provider aggregate not found
2026-07-09 17:58:25.753 10 INFO neutron.services.segments.plugin [-] Segment 304d31bc-2e21-4b70-a8f2-6a23aa129f61 resource provider not found; error: Placement Client Error (4xx): {"errors": [{"status": 404, "title": "Not Found", "detail": "The resource could not be found.\n\n No resource provider with uuid 304d31bc-2e21-4b70-a8f2-6a23aa129f61 found for delete ", "request_id": "req-5549d500-72b3-4a95-9439-8324254f3aff"}]}
2026-07-09 17:58:25.760 10 INFO neutron.services.segments.plugin [-] Segment 8ddf219d-c30e-4e79-879d-dc5015a63a4f resource provider aggregate not found
2026-07-09 17:58:25.779 10 INFO neutron.services.segments.plugin [-] Segment 8ddf219d-c30e-4e79-879d-dc5015a63a4f resource provider not found; error: Placement Client Error (4xx): {"errors": [{"status": 404, "title": "Not Found", "detail": "The resource could not be found.\n\n No resource provider with uuid 8ddf219d-c30e-4e79-879d-dc5015a63a4f found for delete ", "request_id": "req-26c195ab-a850-4bf0-b933-bf4c45048aac"}]}
2026-07-09 17:58:25.786 10 INFO neutron.services.segments.plugin [-] Segment f6733f13-ddef-470d-999f-70a61829a2fe resource provider aggregate not found
2026-07-09 17:58:25.797 9 INFO neutron.wsgi [None req-a32e781e-26a5-4ef0-b2ba-d21bdb5226de 3c300bb722a848c4be8995565b8f6bcb 8e1e4778f06640d982674bcc680bfde0 - - default default] 10.0.0.192 "POST /v2.0/vpn/ikepolicies HTTP/1.1" status: 201 len: 603 time: 0.3888175
2026-07-09 17:58:25.808 10 WARNING neutron_lib.context [None req-3b77e7b0-d428-431c-9d56-fde93d174e69 3c300bb722a848c4be8995565b8f6bcb 8e1e4778f06640d982674bcc680bfde0 - - default default] Method 'is_advsvc' is deprecated since 2023.2 release (neutron-lib 3.8.0) and will be removed once support for the old RBAC API policies will be removed from Neutron. Please use method 'is_service_role' instead.
2026-07-09 17:58:25.814 10 INFO neutron.services.segments.plugin [-] Segment f6733f13-ddef-470d-999f-70a61829a2fe resource provider not found; error: Placement Client Error (4xx): {"errors": [{"status": 404, "title": "Not Found", "detail": "The resource could not be found.\n\n No resource provider with uuid f6733f13-ddef-470d-999f-70a61829a2fe found for delete ", "request_id": "req-dd6b2d2a-c8d9-431b-a3ff-0578df10e9f4"}]}
2026-07-09 17:58:25.815 10 INFO neutron.services.segments.plugin [-] Segment 304d31bc-2e21-4b70-a8f2-6a23aa129f61 resource provider aggregate not found
2026-07-09 17:58:25.831 10 INFO neutron.services.segments.plugin [-] Segment 304d31bc-2e21-4b70-a8f2-6a23aa129f61 resource provider not found; error: Placement Client Error (4xx): {"errors": [{"status": 404, "title": "Not Found", "detail": "The resource could not be found.\n\n No resource provider with uuid 304d31bc-2e21-4b70-a8f2-6a23aa129f61 found for delete ", "request_id": "req-872b3c43-e5bb-4e40-ba90-7b808500d90c"}]}
2026-07-09 17:58:25.850 10 INFO neutron.services.segments.plugin [-] Segment f6733f13-ddef-470d-999f-70a61829a2fe resource provider aggregate not found
2026-07-09 17:58:25.864 10 INFO neutron.services.segments.plugin [-] Segment f6733f13-ddef-470d-999f-70a61829a2fe resource provider not found; error: Placement Client Error (4xx): {"errors": [{"status": 404, "title": "Not Found", "detail": "The resource could not be found.\n\n No resource provider with uuid f6733f13-ddef-470d-999f-70a61829a2fe found for delete ", "request_id": "req-1e39be26-8d7a-4742-89ef-6371bf55f073"}]}
2026-07-09 17:58:25.869 10 INFO neutron.wsgi [None req-3b77e7b0-d428-431c-9d56-fde93d174e69 3c300bb722a848c4be8995565b8f6bcb 8e1e4778f06640d982674bcc680bfde0 - - default default] 10.0.0.192 "POST /v2.0/vpn/ipsecpolicies HTTP/1.1" status: 201 len: 612 time: 0.0671182
2026-07-09 17:58:25.880 10 WARNING neutron_lib.context [None req-4b5ccd23-2a91-41e9-80fb-2f591c11dc7a 3c300bb722a848c4be8995565b8f6bcb 8e1e4778f06640d982674bcc680bfde0 - - default default] Method 'is_advsvc' is deprecated since 2023.2 release (neutron-lib 3.8.0) and will be removed once support for the old RBAC API policies will be removed from Neutron. Please use method 'is_service_role' instead.
2026-07-09 17:58:25.948 10 INFO neutron.wsgi [None req-4b5ccd23-2a91-41e9-80fb-2f591c11dc7a 3c300bb722a848c4be8995565b8f6bcb 8e1e4778f06640d982674bcc680bfde0 - - default default] 10.0.0.192 "POST /v2.0/vpn/endpoint-groups HTTP/1.1" status: 201 len: 527 time: 0.0734715
2026-07-09 17:58:25.958 10 WARNING neutron_lib.context [None req-c1748165-1ecd-4bf9-8bd0-33900f384ff2 3c300bb722a848c4be8995565b8f6bcb 8e1e4778f06640d982674bcc680bfde0 - - default default] Method 'is_advsvc' is deprecated since 2023.2 release (neutron-lib 3.8.0) and will be removed once support for the old RBAC API policies will be removed from Neutron. Please use method 'is_service_role' instead.
2026-07-09 17:58:26.003 10 INFO neutron.wsgi [None req-c1748165-1ecd-4bf9-8bd0-33900f384ff2 3c300bb722a848c4be8995565b8f6bcb 8e1e4778f06640d982674bcc680bfde0 - - default default] 10.0.0.192 "POST /v2.0/vpn/endpoint-groups HTTP/1.1" status: 201 len: 519 time: 0.0503457
2026-07-09 17:58:26.019 10 WARNING neutron_lib.context [None req-df9ad9fd-414c-419d-897f-016c7273aef5 3c300bb722a848c4be8995565b8f6bcb 8e1e4778f06640d982674bcc680bfde0 - - default default] Method 'is_advsvc' is deprecated since 2023.2 release (neutron-lib 3.8.0) and will be removed once support for the old RBAC API policies will be removed from Neutron. Please use method 'is_service_role' instead.
2026-07-09 17:58:26.784 9 WARNING neutron_lib.context [None req-71c13c9c-c9e6-4f6c-b5be-d1e223a404cc 8724062a12e7489eb423bd6ea0f202bc 0fdd6d56ef0f478fb020a72b96e97db5 - - default default] Method 'is_advsvc' is deprecated since 2023.2 release (neutron-lib 3.8.0) and will be removed once support for the old RBAC API policies will be removed from Neutron. Please use method 'is_service_role' instead.
2026-07-09 17:58:26.948 9 INFO neutron.db.ovn_revision_numbers_db [None req-47a48970-a898-4263-9d63-c1d3cff6e028 d0c65db9968c44ea881660ce31adcce2 2bb4e729329c4911868eda1f1f6609e1 - - default default] Successfully bumped revision number for resource 26cacb4f-d3cf-4355-b467-d4d063e424cb (type: security_groups) to 1
2026-07-09 17:58:26.973 9 INFO neutron.db.ovn_revision_numbers_db [None req-47a48970-a898-4263-9d63-c1d3cff6e028 d0c65db9968c44ea881660ce31adcce2 2bb4e729329c4911868eda1f1f6609e1 - - default default] Successfully bumped revision number for resource 3e3fd238-2cb5-4275-a1d8-88474637a092 (type: security_group_rules) to 0
2026-07-09 17:58:26.988 9 INFO neutron.db.ovn_revision_numbers_db [None req-71c13c9c-c9e6-4f6c-b5be-d1e223a404cc 8724062a12e7489eb423bd6ea0f202bc 0fdd6d56ef0f478fb020a72b96e97db5 - - default default] Successfully bumped revision number for resource f0ce3787-98aa-49f9-a7c8-a243186dd2c3 (type: security_groups) to 1
2026-07-09 17:58:26.993 9 INFO neutron.db.ovn_revision_numbers_db [None req-47a48970-a898-4263-9d63-c1d3cff6e028 d0c65db9968c44ea881660ce31adcce2 2bb4e729329c4911868eda1f1f6609e1 - - default default] Successfully bumped revision number for resource 85509d9c-5a86-41db-b995-2a2022257f7d (type: security_group_rules) to 0
2026-07-09 17:58:27.023 9 INFO neutron.db.ovn_revision_numbers_db [None req-71c13c9c-c9e6-4f6c-b5be-d1e223a404cc 8724062a12e7489eb423bd6ea0f202bc 0fdd6d56ef0f478fb020a72b96e97db5 - - default default] Successfully bumped revision number for resource 058e5009-8404-4842-bb94-6db39900f6bc (type: security_group_rules) to 0
2026-07-09 17:58:27.035 9 INFO neutron.db.ovn_revision_numbers_db [None req-47a48970-a898-4263-9d63-c1d3cff6e028 d0c65db9968c44ea881660ce31adcce2 2bb4e729329c4911868eda1f1f6609e1 - - default default] Successfully bumped revision number for resource 89503ca8-4950-4415-9e3f-baf4eb087295 (type: security_group_rules) to 0
2026-07-09 17:58:27.066 9 INFO neutron.db.ovn_revision_numbers_db [None req-71c13c9c-c9e6-4f6c-b5be-d1e223a404cc 8724062a12e7489eb423bd6ea0f202bc 0fdd6d56ef0f478fb020a72b96e97db5 - - default default] Successfully bumped revision number for resource 08d5e07b-d2bd-4677-b063-497e1a090ccd (type: security_group_rules) to 0
2026-07-09 17:58:27.071 9 INFO neutron.db.ovn_revision_numbers_db [None req-47a48970-a898-4263-9d63-c1d3cff6e028 d0c65db9968c44ea881660ce31adcce2 2bb4e729329c4911868eda1f1f6609e1 - - default default] Successfully bumped revision number for resource a5ad25f1-7119-4c33-94c3-18e6a52657f5 (type: security_group_rules) to 0
2026-07-09 17:58:27.114 9 INFO neutron.wsgi [None req-47a48970-a898-4263-9d63-c1d3cff6e028 d0c65db9968c44ea881660ce31adcce2 2bb4e729329c4911868eda1f1f6609e1 - - default default] 10.0.0.192 "GET /v2.0/security-groups?tenant_id=c070df5f5d464b648faefec434755279&name=default HTTP/1.1" status: 200 len: 3124 time: 0.6495409
2026-07-09 17:58:27.119 9 INFO neutron.db.ovn_revision_numbers_db [None req-71c13c9c-c9e6-4f6c-b5be-d1e223a404cc 8724062a12e7489eb423bd6ea0f202bc 0fdd6d56ef0f478fb020a72b96e97db5 - - default default] Successfully bumped revision number for resource 4a39d5dd-51c8-4e62-ab76-0b6b705c9869 (type: security_group_rules) to 0
2026-07-09 17:58:27.149 9 INFO neutron.db.ovn_revision_numbers_db [None req-71c13c9c-c9e6-4f6c-b5be-d1e223a404cc 8724062a12e7489eb423bd6ea0f202bc 0fdd6d56ef0f478fb020a72b96e97db5 - - default default] Successfully bumped revision number for resource bab4ba1d-b2e6-4e46-8a61-5543012b7731 (type: security_group_rules) to 0
2026-07-09 17:58:27.203 9 INFO neutron.db.segments_db [None req-71c13c9c-c9e6-4f6c-b5be-d1e223a404cc 8724062a12e7489eb423bd6ea0f202bc 0fdd6d56ef0f478fb020a72b96e97db5 - - default default] Added segment f96790bc-47b2-4c3e-a90f-c0e2a943b5d5 of type geneve for network fddc5f60-c9de-4a4f-a975-2f6e6cdbb591
2026-07-09 17:58:27.389 9 INFO neutron.db.ovn_revision_numbers_db [None req-71c13c9c-c9e6-4f6c-b5be-d1e223a404cc 8724062a12e7489eb423bd6ea0f202bc 0fdd6d56ef0f478fb020a72b96e97db5 - - default default] Successfully bumped revision number for resource fddc5f60-c9de-4a4f-a975-2f6e6cdbb591 (type: networks) to 1
2026-07-09 17:58:27.433 10 INFO neutron.wsgi [None req-a84d0edb-2d60-4ec1-94b9-8de8127c2112 075e1c7161774e77b290b1222e886fc6 cce64fa4a73a492e9f76791a3c0aa3bb - - default default] 10.0.0.192 "POST /v2.0/qos/policies HTTP/1.1" status: 201 len: 558 time: 0.1783023
2026-07-09 17:58:27.439 10 INFO neutron.db.ovn_revision_numbers_db [None req-df9ad9fd-414c-419d-897f-016c7273aef5 3c300bb722a848c4be8995565b8f6bcb 8e1e4778f06640d982674bcc680bfde0 - - default default] Successfully bumped revision number for resource f20e38a5-2cbf-4826-969d-283cc1a3177e (type: routers) to 5
2026-07-09 17:58:27.505 10 INFO neutron.wsgi [None req-22cf2503-a15a-4365-9b1c-8f6935bfb8a9 075e1c7161774e77b290b1222e886fc6 cce64fa4a73a492e9f76791a3c0aa3bb - - default default] 10.0.0.192 "POST /v2.0/qos/policies HTTP/1.1" status: 201 len: 558 time: 0.0608091
2026-07-09 17:58:27.509 10 INFO neutron.wsgi [None req-df9ad9fd-414c-419d-897f-016c7273aef5 3c300bb722a848c4be8995565b8f6bcb 8e1e4778f06640d982674bcc680bfde0 - - default default] 10.0.0.192 "POST /v2.0/vpn/ipsec-site-connections HTTP/1.1" status: 201 len: 1001 time: 1.4998014
2026-07-09 17:58:27.519 10 WARNING neutron_lib.context [None req-24fd89a5-0b40-4425-b05c-a4af6365be85 3c300bb722a848c4be8995565b8f6bcb 8e1e4778f06640d982674bcc680bfde0 - - default default] Method 'is_advsvc' is deprecated since 2023.2 release (neutron-lib 3.8.0) and will be removed once support for the old RBAC API policies will be removed from Neutron. Please use method 'is_service_role' instead.
2026-07-09 17:58:27.577 10 INFO neutron.wsgi [None req-36217584-870b-4eb5-ad97-e05aaf5f678e d0c65db9968c44ea881660ce31adcce2 2bb4e729329c4911868eda1f1f6609e1 - - default default] 10.0.0.192 "DELETE /v2.0/security-groups/26cacb4f-d3cf-4355-b467-d4d063e424cb HTTP/1.1" status: 204 len: 168 time: 0.4575033
2026-07-09 17:58:27.604 10 INFO neutron.wsgi [None req-24fd89a5-0b40-4425-b05c-a4af6365be85 3c300bb722a848c4be8995565b8f6bcb 8e1e4778f06640d982674bcc680bfde0 - - default default] 10.0.0.192 "POST /v2.0/vpn/endpoint-groups HTTP/1.1" status: 201 len: 488 time: 0.0904720
2026-07-09 17:58:27.625 9 INFO neutron.wsgi [None req-e3317d67-2c53-4ffd-ae60-7f270e7e5181 075e1c7161774e77b290b1222e886fc6 cce64fa4a73a492e9f76791a3c0aa3bb - - default default] 10.0.0.192 "POST /v2.0/qos/policies HTTP/1.1" status: 201 len: 558 time: 0.1111364
2026-07-09 17:58:27.661 10 INFO neutron.wsgi [None req-f9954082-3d83-4fa9-98ff-d21a94b83405 3c300bb722a848c4be8995565b8f6bcb 8e1e4778f06640d982674bcc680bfde0 - - default default] 10.0.0.192 "DELETE /v2.0/vpn/endpoint-groups/32cd9daa-4565-46bb-9f9d-37fbb2346d11 HTTP/1.1" status: 204 len: 168 time: 0.0506704
2026-07-09 17:58:27.680 10 INFO neutron.wsgi [None req-0de9a32b-5f63-449a-b8aa-b618ff65f652 3c300bb722a848c4be8995565b8f6bcb 8e1e4778f06640d982674bcc680bfde0 - - default default] 10.0.0.192 "GET /v2.0/vpn/endpoint-groups HTTP/1.1" status: 200 len: 827 time: 0.0133774
2026-07-09 17:58:27.699 9 WARNING neutron.scheduler.dhcp_agent_scheduler [None req-71c13c9c-c9e6-4f6c-b5be-d1e223a404cc 8724062a12e7489eb423bd6ea0f202bc 0fdd6d56ef0f478fb020a72b96e97db5 - - default default] No more DHCP agents
2026-07-09 17:58:27.699 10 INFO neutron.wsgi [None req-8a95a102-5a09-4e8c-a82b-97a18a942b37 3c300bb722a848c4be8995565b8f6bcb 8e1e4778f06640d982674bcc680bfde0 - - default default] 10.0.0.192 "GET /v2.0/vpn/endpoint-groups HTTP/1.1" status: 200 len: 827 time: 0.0138290
2026-07-09 17:58:27.703 9 WARNING neutron.api.rpc.agentnotifiers.dhcp_rpc_agent_api [None req-71c13c9c-c9e6-4f6c-b5be-d1e223a404cc 8724062a12e7489eb423bd6ea0f202bc 0fdd6d56ef0f478fb020a72b96e97db5 - - default default] Unable to schedule network fddc5f60-c9de-4a4f-a975-2f6e6cdbb591: no agents available; will retry on subsequent port and subnet creation events.
2026-07-09 17:58:27.710 9 INFO neutron.wsgi [None req-fdb104d7-4525-4156-b527-86eee71ac565 075e1c7161774e77b290b1222e886fc6 cce64fa4a73a492e9f76791a3c0aa3bb - - default default] 10.0.0.192 "POST /v2.0/qos/policies HTTP/1.1" status: 201 len: 558 time: 0.0773873
2026-07-09 17:58:27.770 9 INFO neutron.wsgi [None req-2f3b9480-3f5a-4b1e-af9d-e38658091dd6 d0c65db9968c44ea881660ce31adcce2 2bb4e729329c4911868eda1f1f6609e1 - - default default] 10.0.0.192 "GET /v2.0/security-groups?tenant_id=1002f4853fb24fac95ad3591bbd6a0cc&name=default HTTP/1.1" status: 200 len: 3120 time: 0.0805769
2026-07-09 17:58:27.813 9 INFO neutron.wsgi [None req-89571ef3-203e-4559-b95d-656fec510bb2 075e1c7161774e77b290b1222e886fc6 cce64fa4a73a492e9f76791a3c0aa3bb - - default default] 10.0.0.192 "POST /v2.0/qos/policies HTTP/1.1" status: 201 len: 558 time: 0.0957246
2026-07-09 17:58:27.831 9 INFO neutron.db.ovn_revision_numbers_db [None req-71c13c9c-c9e6-4f6c-b5be-d1e223a404cc 8724062a12e7489eb423bd6ea0f202bc 0fdd6d56ef0f478fb020a72b96e97db5 - - default default] Successfully bumped revision number for resource a71f7229-2aea-4173-8b73-3f6e3f81bc19 (type: ports) to 1
2026-07-09 17:58:27.851 10 INFO neutron.wsgi [None req-611be025-e0ad-4d87-ad03-ffa30e0fe364 075e1c7161774e77b290b1222e886fc6 cce64fa4a73a492e9f76791a3c0aa3bb - - default default] 10.0.0.192 "PUT /v2.0/policies/6813dc58-e9dc-44ac-a474-6e4aa0381909/tags HTTP/1.1" status: 200 len: 210 time: 0.0324371
2026-07-09 17:58:27.862 9 INFO neutron.wsgi [None req-71c13c9c-c9e6-4f6c-b5be-d1e223a404cc 8724062a12e7489eb423bd6ea0f202bc 0fdd6d56ef0f478fb020a72b96e97db5 - - default default] 10.0.0.192 "POST /v2.0/networks HTTP/1.1" status: 201 len: 839 time: 1.1899710
2026-07-09 17:58:27.876 10 WARNING neutron_lib.context [None req-d8a28053-9c52-4e60-8e9c-5f3fa58f7b02 8724062a12e7489eb423bd6ea0f202bc 0fdd6d56ef0f478fb020a72b96e97db5 - - default default] Method 'is_advsvc' is deprecated since 2023.2 release (neutron-lib 3.8.0) and will be removed once support for the old RBAC API policies will be removed from Neutron. Please use method 'is_service_role' instead.
2026-07-09 17:58:27.919 10 INFO neutron.wsgi [None req-a08dc10f-1ffe-4c74-8aca-1c954ede33b4 075e1c7161774e77b290b1222e886fc6 cce64fa4a73a492e9f76791a3c0aa3bb - - default default] 10.0.0.192 "PUT /v2.0/policies/50e80d6e-6292-47e9-aeb6-a2663f066ab9/tags HTTP/1.1" status: 200 len: 218 time: 0.0629065
2026-07-09 17:58:27.978 9 INFO neutron.wsgi [None req-daa8467c-b6c8-4109-8d25-b51fae89a692 075e1c7161774e77b290b1222e886fc6 cce64fa4a73a492e9f76791a3c0aa3bb - - default default] 10.0.0.192 "PUT /v2.0/policies/e31d208b-0e89-43eb-849d-508a378d0e70/tags HTTP/1.1" status: 200 len: 227 time: 0.0527005
2026-07-09 17:58:28.018 9 INFO neutron.wsgi [None req-795ce28d-ef6f-4d5d-95a6-953ebfe3a956 075e1c7161774e77b290b1222e886fc6 cce64fa4a73a492e9f76791a3c0aa3bb - - default default] 10.0.0.192 "PUT /v2.0/policies/35780831-b987-44f7-b965-704488d9c1d8/tags HTTP/1.1" status: 200 len: 212 time: 0.0350192
2026-07-09 17:58:28.068 9 INFO neutron.wsgi [None req-ee91b86f-fbb1-407d-b961-b645b208fe19 d0c65db9968c44ea881660ce31adcce2 2bb4e729329c4911868eda1f1f6609e1 - - default default] 10.0.0.192 "DELETE /v2.0/security-groups/437842da-578d-4b4d-8d0f-e01cdb88b107 HTTP/1.1" status: 204 len: 168 time: 0.2881296
2026-07-09 17:58:28.186 10 WARNING neutron.scheduler.dhcp_agent_scheduler [None req-d8a28053-9c52-4e60-8e9c-5f3fa58f7b02 8724062a12e7489eb423bd6ea0f202bc 0fdd6d56ef0f478fb020a72b96e97db5 - - default default] No more DHCP agents
2026-07-09 17:58:28.188 10 WARNING neutron.api.rpc.agentnotifiers.dhcp_rpc_agent_api [None req-d8a28053-9c52-4e60-8e9c-5f3fa58f7b02 8724062a12e7489eb423bd6ea0f202bc 0fdd6d56ef0f478fb020a72b96e97db5 - - default default] Unable to schedule network fddc5f60-c9de-4a4f-a975-2f6e6cdbb591: no agents available; will retry on subsequent port and subnet creation events.
2026-07-09 17:58:28.489 10 INFO neutron.wsgi [None req-aa6f2cb3-16fb-4274-904b-6e91c882fd83 ec2fe7bb2dae4d1796515e37fc3b5c50 7b9d81830ff74815aaf5664fafbd9330 - - default default] 10.0.0.192 "POST /v2.0/vpn/ikepolicies HTTP/1.1" status: 201 len: 601 time: 0.3836391
