2026-07-09 17:56:44.819 10 INFO neutron.wsgi [None req-c3aa273c-6c6b-4a74-90d2-b86e4bb0c522 d3a714124a304e4598dda17d0ea09b5d eecb0dd1a7074959883105b5c9dfc2da - - default default] 10.0.0.192 "POST /v2.0/routers HTTP/1.1" status: 201 len: 769 time: 0.2186003
2026-07-09 17:56:44.833 9 WARNING neutron_lib.context [None req-3e5d6333-439a-44a6-8005-b83ba6772a1c d3a714124a304e4598dda17d0ea09b5d eecb0dd1a7074959883105b5c9dfc2da - - default default] Method 'is_advsvc' is deprecated since 2023.2 release (neutron-lib 3.8.0) and will be removed once support for the old RBAC API policies will be removed from Neutron. Please use method 'is_service_role' instead.
2026-07-09 17:56:44.980 9 INFO neutron.db.ovn_revision_numbers_db [None req-3e5d6333-439a-44a6-8005-b83ba6772a1c d3a714124a304e4598dda17d0ea09b5d eecb0dd1a7074959883105b5c9dfc2da - - default default] Successfully bumped revision number for resource 10847bbe-874a-4563-ba9b-0df23db9476a (type: routers) to 1
2026-07-09 17:56:44.999 9 INFO neutron.wsgi [None req-3e5d6333-439a-44a6-8005-b83ba6772a1c d3a714124a304e4598dda17d0ea09b5d eecb0dd1a7074959883105b5c9dfc2da - - default default] 10.0.0.192 "POST /v2.0/routers HTTP/1.1" status: 201 len: 769 time: 0.1739111
2026-07-09 17:56:45.012 9 WARNING neutron_lib.context [None req-b4630bf6-e33b-464a-ae03-68c8bee0337e d3a714124a304e4598dda17d0ea09b5d eecb0dd1a7074959883105b5c9dfc2da - - default default] Method 'is_advsvc' is deprecated since 2023.2 release (neutron-lib 3.8.0) and will be removed once support for the old RBAC API policies will be removed from Neutron. Please use method 'is_service_role' instead.
2026-07-09 17:56:45.440 9 INFO neutron.db.ovn_revision_numbers_db [None req-b4630bf6-e33b-464a-ae03-68c8bee0337e d3a714124a304e4598dda17d0ea09b5d eecb0dd1a7074959883105b5c9dfc2da - - default default] Successfully bumped revision number for resource f22e48ec-b4c5-4a05-b199-67c7bae8b167 (type: routers) to 1
2026-07-09 17:56:45.462 9 INFO neutron.wsgi [None req-b4630bf6-e33b-464a-ae03-68c8bee0337e d3a714124a304e4598dda17d0ea09b5d eecb0dd1a7074959883105b5c9dfc2da - - default default] 10.0.0.192 "POST /v2.0/routers HTTP/1.1" status: 201 len: 769 time: 0.4565880
2026-07-09 17:56:45.477 9 WARNING neutron_lib.context [None req-e73bb255-05b6-440a-8e3e-64b12f642df6 d3a714124a304e4598dda17d0ea09b5d eecb0dd1a7074959883105b5c9dfc2da - - default default] Method 'is_advsvc' is deprecated since 2023.2 release (neutron-lib 3.8.0) and will be removed once support for the old RBAC API policies will be removed from Neutron. Please use method 'is_service_role' instead.
2026-07-09 17:56:45.619 9 INFO neutron.db.ovn_revision_numbers_db [None req-e73bb255-05b6-440a-8e3e-64b12f642df6 d3a714124a304e4598dda17d0ea09b5d eecb0dd1a7074959883105b5c9dfc2da - - default default] Successfully bumped revision number for resource ef046671-4310-4b30-949b-c7ee7470c232 (type: routers) to 1
2026-07-09 17:56:45.636 9 INFO neutron.wsgi [None req-e73bb255-05b6-440a-8e3e-64b12f642df6 d3a714124a304e4598dda17d0ea09b5d eecb0dd1a7074959883105b5c9dfc2da - - default default] 10.0.0.192 "POST /v2.0/routers HTTP/1.1" status: 201 len: 769 time: 0.1648569
2026-07-09 17:56:45.704 10 INFO neutron.db.ovn_revision_numbers_db [None req-e33d4be7-d0f5-4420-9c76-5300ffe2ef83 d0c65db9968c44ea881660ce31adcce2 2bb4e729329c4911868eda1f1f6609e1 - - default default] Successfully bumped revision number for resource 5560693f-8be9-46de-902f-0f98b844bba9 (type: security_groups) to 1
2026-07-09 17:56:45.722 9 INFO neutron.wsgi [None req-deca6fe8-a1c0-4ff3-a9ed-faf7ad68949d d3a714124a304e4598dda17d0ea09b5d eecb0dd1a7074959883105b5c9dfc2da - - default default] 10.0.0.192 "PUT /v2.0/routers/4a6235a1-4599-47a5-908b-9e33d6b2eb05/tags HTTP/1.1" status: 200 len: 210 time: 0.0794811
2026-07-09 17:56:45.728 10 INFO neutron.db.ovn_revision_numbers_db [None req-e33d4be7-d0f5-4420-9c76-5300ffe2ef83 d0c65db9968c44ea881660ce31adcce2 2bb4e729329c4911868eda1f1f6609e1 - - default default] Successfully bumped revision number for resource 08beca5a-a0e8-4257-aefe-5216ff507bc9 (type: security_group_rules) to 0
2026-07-09 17:56:45.737 9 INFO neutron.db.ovn_revision_numbers_db [None req-5653314c-f929-46ab-b65c-64683453321b d0c65db9968c44ea881660ce31adcce2 2bb4e729329c4911868eda1f1f6609e1 - - default default] Successfully bumped revision number for resource 5fd48dd3-1522-4a45-9fde-0443194e6648 (type: security_groups) to 1
2026-07-09 17:56:45.750 9 INFO neutron.db.ovn_revision_numbers_db [None req-5653314c-f929-46ab-b65c-64683453321b d0c65db9968c44ea881660ce31adcce2 2bb4e729329c4911868eda1f1f6609e1 - - default default] Successfully bumped revision number for resource 2903fa43-8cee-48da-9906-c1ae2be77eec (type: security_group_rules) to 0
2026-07-09 17:56:45.763 9 INFO neutron.db.ovn_revision_numbers_db [None req-5653314c-f929-46ab-b65c-64683453321b d0c65db9968c44ea881660ce31adcce2 2bb4e729329c4911868eda1f1f6609e1 - - default default] Successfully bumped revision number for resource 4e2e0300-fc3d-4da2-8768-cfe816b7d464 (type: security_group_rules) to 0
2026-07-09 17:56:45.768 10 INFO neutron.db.ovn_revision_numbers_db [None req-e33d4be7-d0f5-4420-9c76-5300ffe2ef83 d0c65db9968c44ea881660ce31adcce2 2bb4e729329c4911868eda1f1f6609e1 - - default default] Successfully bumped revision number for resource 501ec97a-de1c-4d86-b5fb-eeaf9da3339f (type: security_group_rules) to 0
2026-07-09 17:56:45.780 9 INFO neutron.db.ovn_revision_numbers_db [None req-5653314c-f929-46ab-b65c-64683453321b d0c65db9968c44ea881660ce31adcce2 2bb4e729329c4911868eda1f1f6609e1 - - default default] Successfully bumped revision number for resource 59795e64-c206-4f39-8c29-eaf88210483b (type: security_group_rules) to 0
2026-07-09 17:56:45.799 9 INFO neutron.db.ovn_revision_numbers_db [None req-5653314c-f929-46ab-b65c-64683453321b d0c65db9968c44ea881660ce31adcce2 2bb4e729329c4911868eda1f1f6609e1 - - default default] Successfully bumped revision number for resource 95f741d7-bf6a-497b-a481-00400a9027d6 (type: security_group_rules) to 0
2026-07-09 17:56:45.808 10 INFO neutron.db.ovn_revision_numbers_db [None req-e33d4be7-d0f5-4420-9c76-5300ffe2ef83 d0c65db9968c44ea881660ce31adcce2 2bb4e729329c4911868eda1f1f6609e1 - - default default] Successfully bumped revision number for resource 843baf97-0465-404a-b086-f113da34f5eb (type: security_group_rules) to 0
2026-07-09 17:56:45.817 10 INFO neutron.wsgi [None req-e39d4116-6131-4f17-9d56-d855e85afe94 d3a714124a304e4598dda17d0ea09b5d eecb0dd1a7074959883105b5c9dfc2da - - default default] 10.0.0.192 "PUT /v2.0/routers/50ffefb1-3583-404b-bd92-c648a1367bb7/tags HTTP/1.1" status: 200 len: 218 time: 0.0878315
2026-07-09 17:56:45.823 9 INFO neutron.wsgi [None req-5653314c-f929-46ab-b65c-64683453321b d0c65db9968c44ea881660ce31adcce2 2bb4e729329c4911868eda1f1f6609e1 - - default default] 10.0.0.192 "GET /v2.0/security-groups?tenant_id=61bdce0cefb6406c906e10304df84da9&name=default HTTP/1.1" status: 200 len: 3120 time: 0.4230237
2026-07-09 17:56:45.868 10 INFO neutron.wsgi [None req-cf95ef7c-0d45-46a1-a19d-982bf6e50270 d0c65db9968c44ea881660ce31adcce2 2bb4e729329c4911868eda1f1f6609e1 - - default default] 10.0.0.192 "PUT /v2.0/routers/689cebc5-39d8-421f-a75a-10af49d5f3af/remove_router_interface HTTP/1.1" status: 200 len: 503 time: 1.6284180
2026-07-09 17:56:45.871 10 INFO neutron.db.ovn_revision_numbers_db [None req-e33d4be7-d0f5-4420-9c76-5300ffe2ef83 d0c65db9968c44ea881660ce31adcce2 2bb4e729329c4911868eda1f1f6609e1 - - default default] Successfully bumped revision number for resource f6a32ca5-b600-4360-861f-5fe5c106c2e4 (type: security_group_rules) to 0 /var/lib/openstack/lib/python3.10/site-packages/pycadf/identifier.py:71: UserWarning: Invalid uuid: neutron. To ensure interoperability, identifiers should be a valid uuid. warnings.warn(('Invalid uuid: %s. To ensure interoperability, '
2026-07-09 17:56:45.927 9 INFO neutron.wsgi [None req-f25ddcf9-131d-4105-9a16-65cf8996d856 d3a714124a304e4598dda17d0ea09b5d eecb0dd1a7074959883105b5c9dfc2da - - default default] 10.0.0.192 "PUT /v2.0/routers/10847bbe-874a-4563-ba9b-0df23db9476a/tags HTTP/1.1" status: 200 len: 227 time: 0.0990984
2026-07-09 17:56:45.935 10 INFO neutron.wsgi [None req-e33d4be7-d0f5-4420-9c76-5300ffe2ef83 d0c65db9968c44ea881660ce31adcce2 2bb4e729329c4911868eda1f1f6609e1 - - default default] 10.0.0.192 "GET /v2.0/security-groups?tenant_id=5b0850dbfa3c492da4da1d0ff574189f&name=default HTTP/1.1" status: 200 len: 3120 time: 0.5964217
2026-07-09 17:56:46.015 9 INFO neutron.wsgi [None req-f185db1a-95a7-4ffc-b390-da3c44052dae d3a714124a304e4598dda17d0ea09b5d eecb0dd1a7074959883105b5c9dfc2da - - default default] 10.0.0.192 "PUT /v2.0/routers/f22e48ec-b4c5-4a05-b199-67c7bae8b167/tags HTTP/1.1" status: 200 len: 212 time: 0.0807939
2026-07-09 17:56:46.122 9 INFO neutron.wsgi [None req-6f720474-6bdf-4e1b-81f6-314d6e36fb9c d3a714124a304e4598dda17d0ea09b5d eecb0dd1a7074959883105b5c9dfc2da - - default default] 10.0.0.192 "GET /v2.0/routers?tags=red HTTP/1.1" status: 200 len: 1946 time: 0.0983963
2026-07-09 17:56:46.243 9 INFO neutron.wsgi [None req-bb89119f-3ae3-4f51-9f4a-12d51106445f d0c65db9968c44ea881660ce31adcce2 2bb4e729329c4911868eda1f1f6609e1 - - default default] 10.0.0.192 "DELETE /v2.0/security-groups/5fd48dd3-1522-4a45-9fde-0443194e6648 HTTP/1.1" status: 204 len: 168 time: 0.4141099
2026-07-09 17:56:46.264 10 INFO neutron.wsgi [None req-cf94e80e-374a-4a3f-8f95-864211fa5e12 d3a714124a304e4598dda17d0ea09b5d eecb0dd1a7074959883105b5c9dfc2da - - default default] 10.0.0.192 "GET /v2.0/routers?tags=red%2Cblue HTTP/1.1" status: 200 len: 1375 time: 0.1340868
2026-07-09 17:56:46.353 9 INFO neutron.wsgi [None req-3568e2f3-d9e3-4e9e-869c-40ea5dc341ed d3a714124a304e4598dda17d0ea09b5d eecb0dd1a7074959883105b5c9dfc2da - - default default] 10.0.0.192 "GET /v2.0/routers?tags-any=blue HTTP/1.1" status: 200 len: 1375 time: 0.0825469
2026-07-09 17:56:46.443 9 INFO neutron.wsgi [None req-84a004a1-b11b-4e59-8aa8-3eca50894d95 d3a714124a304e4598dda17d0ea09b5d eecb0dd1a7074959883105b5c9dfc2da - - default default] 10.0.0.192 "GET /v2.0/routers?tags-any=red%2Cblue HTTP/1.1" status: 200 len: 1946 time: 0.0827358
2026-07-09 17:56:46.446 10 INFO neutron.wsgi [None req-48143b9e-dec9-484f-9160-46a3ac098372 d0c65db9968c44ea881660ce31adcce2 2bb4e729329c4911868eda1f1f6609e1 - - default default] 10.0.0.192 "DELETE /v2.0/security-groups/5560693f-8be9-46de-902f-0f98b844bba9 HTTP/1.1" status: 204 len: 168 time: 0.5030143
2026-07-09 17:56:46.540 9 INFO neutron.wsgi [None req-bb7f45ff-36bf-4e3e-b8c3-7c36391a56c0 d3a714124a304e4598dda17d0ea09b5d eecb0dd1a7074959883105b5c9dfc2da - - default default] 10.0.0.192 "GET /v2.0/routers?not-tags=red HTTP/1.1" status: 200 len: 1347 time: 0.0902603
2026-07-09 17:56:46.643 9 INFO neutron.wsgi [None req-6bf4bbfa-74b3-413b-a6ce-072044fe1b39 d3a714124a304e4598dda17d0ea09b5d eecb0dd1a7074959883105b5c9dfc2da - - default default] 10.0.0.192 "GET /v2.0/routers?not-tags=red%2Cblue HTTP/1.1" status: 200 len: 1918 time: 0.0954120
2026-07-09 17:56:47.100 10 INFO neutron.wsgi [None req-d85b7d91-b5fe-48bf-8077-f9ee6e2a3764 d3a714124a304e4598dda17d0ea09b5d eecb0dd1a7074959883105b5c9dfc2da - - default default] 10.0.0.192 "GET /v2.0/routers?not-tags-any=blue HTTP/1.1" status: 200 len: 1918 time: 0.4500155
2026-07-09 17:56:47.193 9 INFO neutron.wsgi [None req-cd960ae3-58e6-4fdb-9785-c17eed5b4c8d d3a714124a304e4598dda17d0ea09b5d eecb0dd1a7074959883105b5c9dfc2da - - default default] 10.0.0.192 "GET /v2.0/routers?not-tags-any=red%2Cblue HTTP/1.1" status: 200 len: 1347 time: 0.0838172
2026-07-09 17:56:47.280 10 INFO neutron.wsgi [None req-35434619-090e-4eb0-b965-abaf2ce780e1 d3a714124a304e4598dda17d0ea09b5d eecb0dd1a7074959883105b5c9dfc2da - - default default] 10.0.0.192 "GET /v2.0/routers/4a6235a1-4599-47a5-908b-9e33d6b2eb05 HTTP/1.1" status: 200 len: 775 time: 0.0786550
2026-07-09 17:56:47.556 10 INFO neutron.wsgi [None req-0466974b-58d4-4733-ac1b-319bd1fa02af d0c65db9968c44ea881660ce31adcce2 2bb4e729329c4911868eda1f1f6609e1 - - default default] 10.0.0.192 "DELETE /v2.0/routers/689cebc5-39d8-421f-a75a-10af49d5f3af HTTP/1.1" status: 204 len: 168 time: 1.6801491
2026-07-09 17:56:47.804 10 INFO neutron.wsgi [None req-11343542-d8da-4259-9588-af7588f02f09 d0c65db9968c44ea881660ce31adcce2 2bb4e729329c4911868eda1f1f6609e1 - - default default] 10.0.0.192 "DELETE /v2.0/subnets/c53220d1-3818-4da2-a0ab-6aae227ef2d7 HTTP/1.1" status: 204 len: 168 time: 0.2378075
2026-07-09 17:56:48.032 9 INFO neutron.db.ovn_revision_numbers_db [None req-f30e50c9-436a-42ce-81f6-4c2646b70bf4 d3a714124a304e4598dda17d0ea09b5d eecb0dd1a7074959883105b5c9dfc2da - - default default] Successfully bumped revision number for resource 4a6235a1-4599-47a5-908b-9e33d6b2eb05 (type: routers) to 2
2026-07-09 17:56:48.040 9 INFO neutron.wsgi [None req-f30e50c9-436a-42ce-81f6-4c2646b70bf4 d3a714124a304e4598dda17d0ea09b5d eecb0dd1a7074959883105b5c9dfc2da - - default default] 10.0.0.192 "PUT /v2.0/routers/4a6235a1-4599-47a5-908b-9e33d6b2eb05 HTTP/1.1" status: 200 len: 775 time: 0.7554893
2026-07-09 17:56:48.085 9 INFO neutron.wsgi [None req-b38b516a-f9c8-4dfc-993a-3692373e7f29 d3a714124a304e4598dda17d0ea09b5d eecb0dd1a7074959883105b5c9dfc2da - - default default] 10.0.0.192 "GET /v2.0/ports?device_id=4a6235a1-4599-47a5-908b-9e33d6b2eb05 HTTP/1.1" status: 200 len: 205 time: 0.0383627
2026-07-09 17:56:48.341 10 INFO neutron.services.segments.plugin [-] Segment 13edfb0d-e4c3-41e1-9546-c87fe36c5867 resource provider aggregate not found
2026-07-09 17:56:48.348 10 INFO neutron.services.segments.plugin [-] Segment 13edfb0d-e4c3-41e1-9546-c87fe36c5867 resource provider aggregate not found
2026-07-09 17:56:48.370 10 INFO neutron.services.segments.plugin [-] Segment 13edfb0d-e4c3-41e1-9546-c87fe36c5867 resource provider not found; error: Placement Client Error (4xx): {"errors": [{"status": 404, "title": "Not Found", "detail": "The resource could not be found.\n\n No resource provider with uuid 13edfb0d-e4c3-41e1-9546-c87fe36c5867 found for delete ", "request_id": "req-5b69dafc-3f86-44b1-a012-327513c79ac5"}]}
2026-07-09 17:56:48.374 10 INFO neutron.wsgi [None req-12ff4ac3-736e-4ec4-accf-6379656b4c75 d0c65db9968c44ea881660ce31adcce2 2bb4e729329c4911868eda1f1f6609e1 - - default default] 10.0.0.192 "DELETE /v2.0/networks/360bc060-0333-4742-8d7a-d38c7a834669 HTTP/1.1" status: 204 len: 168 time: 0.5655453
2026-07-09 17:56:48.376 10 INFO neutron.services.segments.plugin [-] Segment 13edfb0d-e4c3-41e1-9546-c87fe36c5867 resource provider not found; error: Placement Client Error (4xx): {"errors": [{"status": 404, "title": "Not Found", "detail": "The resource could not be found.\n\n No resource provider with uuid 13edfb0d-e4c3-41e1-9546-c87fe36c5867 found for delete ", "request_id": "req-1cf4460e-e829-42a7-9aa2-328d1e1b62cf"}]}
2026-07-09 17:56:48.407 10 WARNING neutron_lib.context [None req-bd47f4d7-2ba3-4658-a5b6-2f42d6bb75d7 2b7159f5593f47b19a5859311ddea22e 9e1d3e842e874082b34bf24979a99e9b - - default default] Method 'is_advsvc' is deprecated since 2023.2 release (neutron-lib 3.8.0) and will be removed once support for the old RBAC API policies will be removed from Neutron. Please use method 'is_service_role' instead.
2026-07-09 17:56:48.420 9 INFO neutron.wsgi [None req-e15dbe1f-a678-4205-9e9a-0124dc1902d3 d3a714124a304e4598dda17d0ea09b5d eecb0dd1a7074959883105b5c9dfc2da - - default default] 10.0.0.192 "DELETE /v2.0/routers/4a6235a1-4599-47a5-908b-9e33d6b2eb05 HTTP/1.1" status: 204 len: 168 time: 0.3283451
2026-07-09 17:56:48.502 9 INFO neutron.wsgi [None req-398249d9-edc4-4559-bfce-73b8b8a144bf d3a714124a304e4598dda17d0ea09b5d eecb0dd1a7074959883105b5c9dfc2da - - default default] 10.0.0.192 "GET /v2.0/routers/50ffefb1-3583-404b-bd92-c648a1367bb7 HTTP/1.1" status: 200 len: 783 time: 0.0692072
2026-07-09 17:56:48.697 10 INFO neutron.db.ovn_revision_numbers_db [None req-bd47f4d7-2ba3-4658-a5b6-2f42d6bb75d7 2b7159f5593f47b19a5859311ddea22e 9e1d3e842e874082b34bf24979a99e9b - - default default] Successfully bumped revision number for resource 3394e403-95ec-4068-a9ab-762b38332439 (type: security_groups) to 1
2026-07-09 17:56:48.720 10 INFO neutron.db.ovn_revision_numbers_db [None req-bd47f4d7-2ba3-4658-a5b6-2f42d6bb75d7 2b7159f5593f47b19a5859311ddea22e 9e1d3e842e874082b34bf24979a99e9b - - default default] Successfully bumped revision number for resource 51622815-fd69-4949-a378-2e0b625073f4 (type: security_group_rules) to 0
2026-07-09 17:56:48.737 10 INFO neutron.db.ovn_revision_numbers_db [None req-bd47f4d7-2ba3-4658-a5b6-2f42d6bb75d7 2b7159f5593f47b19a5859311ddea22e 9e1d3e842e874082b34bf24979a99e9b - - default default] Successfully bumped revision number for resource 554d7c4f-2cb1-4575-a685-357f7c805c04 (type: security_group_rules) to 0
2026-07-09 17:56:48.758 10 INFO neutron.db.ovn_revision_numbers_db [None req-bd47f4d7-2ba3-4658-a5b6-2f42d6bb75d7 2b7159f5593f47b19a5859311ddea22e 9e1d3e842e874082b34bf24979a99e9b - - default default] Successfully bumped revision number for resource 58f33d99-70c5-46e9-aef2-da65b995a4eb (type: security_group_rules) to 0
2026-07-09 17:56:48.777 10 INFO neutron.db.ovn_revision_numbers_db [None req-bd47f4d7-2ba3-4658-a5b6-2f42d6bb75d7 2b7159f5593f47b19a5859311ddea22e 9e1d3e842e874082b34bf24979a99e9b - - default default] Successfully bumped revision number for resource 8bdf657d-ee45-49e6-b10c-23845727a802 (type: security_group_rules) to 0
2026-07-09 17:56:48.848 10 INFO neutron.db.segments_db [None req-bd47f4d7-2ba3-4658-a5b6-2f42d6bb75d7 2b7159f5593f47b19a5859311ddea22e 9e1d3e842e874082b34bf24979a99e9b - - default default] Added segment ef90c2cd-3bd7-4d0c-9e34-efd84b978436 of type geneve for network f62886c9-601b-4f48-9213-bacc7aea1bed
2026-07-09 17:56:48.982 9 INFO neutron.db.ovn_revision_numbers_db [None req-e4dccb95-6642-4a71-97ce-6069691878cd d3a714124a304e4598dda17d0ea09b5d eecb0dd1a7074959883105b5c9dfc2da - - default default] Successfully bumped revision number for resource 50ffefb1-3583-404b-bd92-c648a1367bb7 (type: routers) to 2
2026-07-09 17:56:48.993 9 INFO neutron.wsgi [None req-e4dccb95-6642-4a71-97ce-6069691878cd d3a714124a304e4598dda17d0ea09b5d eecb0dd1a7074959883105b5c9dfc2da - - default default] 10.0.0.192 "PUT /v2.0/routers/50ffefb1-3583-404b-bd92-c648a1367bb7 HTTP/1.1" status: 200 len: 783 time: 0.4753067
2026-07-09 17:56:49.030 9 INFO neutron.wsgi [None req-13e83d40-ec70-4b4c-ac0f-7033595df37a d3a714124a304e4598dda17d0ea09b5d eecb0dd1a7074959883105b5c9dfc2da - - default default] 10.0.0.192 "GET /v2.0/ports?device_id=50ffefb1-3583-404b-bd92-c648a1367bb7 HTTP/1.1" status: 200 len: 205 time: 0.0322640
2026-07-09 17:56:49.061 10 INFO neutron.db.ovn_revision_numbers_db [None req-bd47f4d7-2ba3-4658-a5b6-2f42d6bb75d7 2b7159f5593f47b19a5859311ddea22e 9e1d3e842e874082b34bf24979a99e9b - - default default] Successfully bumped revision number for resource f62886c9-601b-4f48-9213-bacc7aea1bed (type: networks) to 1
2026-07-09 17:56:49.314 9 INFO neutron.wsgi [None req-1657660f-3794-47d8-a36b-123ce949aaa7 d3a714124a304e4598dda17d0ea09b5d eecb0dd1a7074959883105b5c9dfc2da - - default default] 10.0.0.192 "DELETE /v2.0/routers/50ffefb1-3583-404b-bd92-c648a1367bb7 HTTP/1.1" status: 204 len: 168 time: 0.2757237
2026-07-09 17:56:49.350 10 WARNING neutron.scheduler.dhcp_agent_scheduler [None req-bd47f4d7-2ba3-4658-a5b6-2f42d6bb75d7 2b7159f5593f47b19a5859311ddea22e 9e1d3e842e874082b34bf24979a99e9b - - default default] No more DHCP agents
2026-07-09 17:56:49.358 10 WARNING neutron.api.rpc.agentnotifiers.dhcp_rpc_agent_api [None req-bd47f4d7-2ba3-4658-a5b6-2f42d6bb75d7 2b7159f5593f47b19a5859311ddea22e 9e1d3e842e874082b34bf24979a99e9b - - default default] Unable to schedule network f62886c9-601b-4f48-9213-bacc7aea1bed: no agents available; will retry on subsequent port and subnet creation events.
2026-07-09 17:56:49.395 9 INFO neutron.wsgi [None req-8a9bb884-c4f3-46f2-b394-edd7c46981bb d3a714124a304e4598dda17d0ea09b5d eecb0dd1a7074959883105b5c9dfc2da - - default default] 10.0.0.192 "GET /v2.0/routers/10847bbe-874a-4563-ba9b-0df23db9476a HTTP/1.1" status: 200 len: 792 time: 0.0743365
2026-07-09 17:56:49.523 10 INFO neutron.db.ovn_revision_numbers_db [None req-bd47f4d7-2ba3-4658-a5b6-2f42d6bb75d7 2b7159f5593f47b19a5859311ddea22e 9e1d3e842e874082b34bf24979a99e9b - - default default] Successfully bumped revision number for resource f5fd1ab4-3f38-4fc8-b68e-6f56f680a021 (type: ports) to 1
2026-07-09 17:56:49.555 10 INFO neutron.wsgi [None req-bd47f4d7-2ba3-4658-a5b6-2f42d6bb75d7 2b7159f5593f47b19a5859311ddea22e 9e1d3e842e874082b34bf24979a99e9b - - default default] 10.0.0.192 "POST /v2.0/networks HTTP/1.1" status: 201 len: 847 time: 1.4267230
2026-07-09 17:56:49.567 10 WARNING neutron_lib.context [None req-df357841-474f-4608-8c4e-6d8318241231 2b7159f5593f47b19a5859311ddea22e 9e1d3e842e874082b34bf24979a99e9b - - default default] Method 'is_advsvc' is deprecated since 2023.2 release (neutron-lib 3.8.0) and will be removed once support for the old RBAC API policies will be removed from Neutron. Please use method 'is_service_role' instead.
2026-07-09 17:56:50.231 9 INFO neutron.db.ovn_revision_numbers_db [None req-0435679d-61c4-4f6e-9e5c-faf3f8980b73 d3a714124a304e4598dda17d0ea09b5d eecb0dd1a7074959883105b5c9dfc2da - - default default] Successfully bumped revision number for resource 10847bbe-874a-4563-ba9b-0df23db9476a (type: routers) to 2
2026-07-09 17:56:50.241 9 INFO neutron.wsgi [None req-0435679d-61c4-4f6e-9e5c-faf3f8980b73 d3a714124a304e4598dda17d0ea09b5d eecb0dd1a7074959883105b5c9dfc2da - - default default] 10.0.0.192 "PUT /v2.0/routers/10847bbe-874a-4563-ba9b-0df23db9476a HTTP/1.1" status: 200 len: 792 time: 0.8377821
2026-07-09 17:56:50.266 10 WARNING neutron_lib.context [None req-27da005a-a295-46e0-bdb6-62dafaca75e1 b6657a9963d7413890d33574fe038125 366429dc9b524713af94988132729de1 - - default default] Method 'is_advsvc' is deprecated since 2023.2 release (neutron-lib 3.8.0) and will be removed once support for the old RBAC API policies will be removed from Neutron. Please use method 'is_service_role' instead.
2026-07-09 17:56:50.273 9 INFO neutron.wsgi [None req-68767686-787c-40b3-9cae-8324d7ccb2bd d3a714124a304e4598dda17d0ea09b5d eecb0dd1a7074959883105b5c9dfc2da - - default default] 10.0.0.192 "GET /v2.0/ports?device_id=10847bbe-874a-4563-ba9b-0df23db9476a HTTP/1.1" status: 200 len: 205 time: 0.0259972
2026-07-09 17:56:50.347 10 WARNING neutron.scheduler.dhcp_agent_scheduler [None req-df357841-474f-4608-8c4e-6d8318241231 2b7159f5593f47b19a5859311ddea22e 9e1d3e842e874082b34bf24979a99e9b - - default default] No more DHCP agents
2026-07-09 17:56:50.391 10 WARNING neutron.api.rpc.agentnotifiers.dhcp_rpc_agent_api [None req-df357841-474f-4608-8c4e-6d8318241231 2b7159f5593f47b19a5859311ddea22e 9e1d3e842e874082b34bf24979a99e9b - - default default] Unable to schedule network f62886c9-601b-4f48-9213-bacc7aea1bed: no agents available; will retry on subsequent port and subnet creation events.
2026-07-09 17:56:50.450 10 INFO neutron.wsgi [None req-7087d64a-794e-4455-a401-46d61e8c4d24 d0c65db9968c44ea881660ce31adcce2 2bb4e729329c4911868eda1f1f6609e1 - - default default] 10.0.0.192 "PUT /v2.0/routers/33e732d1-2a16-4582-9107-926527dae25b/remove_router_interface HTTP/1.1" status: 200 len: 503 time: 2.0652435 /var/lib/openstack/lib/python3.10/site-packages/pycadf/identifier.py:71: UserWarning: Invalid uuid: neutron. To ensure interoperability, identifiers should be a valid uuid. warnings.warn(('Invalid uuid: %s. To ensure interoperability, '
2026-07-09 17:56:50.603 9 INFO neutron.wsgi [None req-d434ab55-b077-48fd-adee-947156ecec16 d3a714124a304e4598dda17d0ea09b5d eecb0dd1a7074959883105b5c9dfc2da - - default default] 10.0.0.192 "DELETE /v2.0/routers/10847bbe-874a-4563-ba9b-0df23db9476a HTTP/1.1" status: 204 len: 168 time: 0.3229277
2026-07-09 17:56:50.619 10 INFO neutron.db.ovn_revision_numbers_db [None req-df357841-474f-4608-8c4e-6d8318241231 2b7159f5593f47b19a5859311ddea22e 9e1d3e842e874082b34bf24979a99e9b - - default default] Successfully bumped revision number for resource 45cb7998-ddf8-401b-aefd-c0091f239900 (type: ports) to 1
2026-07-09 17:56:50.670 9 INFO neutron.wsgi [None req-0ee44a31-d4a9-408d-b82b-ce9448c58dfa d3a714124a304e4598dda17d0ea09b5d eecb0dd1a7074959883105b5c9dfc2da - - default default] 10.0.0.192 "GET /v2.0/routers/f22e48ec-b4c5-4a05-b199-67c7bae8b167 HTTP/1.1" status: 200 len: 777 time: 0.0595350
2026-07-09 17:56:50.670 10 INFO neutron.wsgi [None req-df357841-474f-4608-8c4e-6d8318241231 2b7159f5593f47b19a5859311ddea22e 9e1d3e842e874082b34bf24979a99e9b - - default default] 10.0.0.192 "POST /v2.0/ports HTTP/1.1" status: 201 len: 977 time: 1.1086111
2026-07-09 17:56:50.682 9 WARNING neutron_lib.context [None req-8c4fe595-d170-4e79-bf5c-266d28bd149f 2b7159f5593f47b19a5859311ddea22e 9e1d3e842e874082b34bf24979a99e9b - - default default] Method 'is_advsvc' is deprecated since 2023.2 release (neutron-lib 3.8.0) and will be removed once support for the old RBAC API policies will be removed from Neutron. Please use method 'is_service_role' instead.
2026-07-09 17:56:50.742 10 INFO neutron.db.ovn_revision_numbers_db [None req-27da005a-a295-46e0-bdb6-62dafaca75e1 b6657a9963d7413890d33574fe038125 366429dc9b524713af94988132729de1 - - default default] Successfully bumped revision number for resource 836f5af0-a687-42ec-8f54-6cbbe800fb92 (type: security_groups) to 1
2026-07-09 17:56:50.778 9 INFO neutron.db.segments_db [None req-8c4fe595-d170-4e79-bf5c-266d28bd149f 2b7159f5593f47b19a5859311ddea22e 9e1d3e842e874082b34bf24979a99e9b - - default default] Added segment 0a5af711-66ae-413f-9fcc-925882397331 of type geneve for network 3459d2e6-72b4-4c61-a660-1cf95ad51c88
2026-07-09 17:56:50.785 10 INFO neutron.db.ovn_revision_numbers_db [None req-27da005a-a295-46e0-bdb6-62dafaca75e1 b6657a9963d7413890d33574fe038125 366429dc9b524713af94988132729de1 - - default default] Successfully bumped revision number for resource 06569510-f6c3-46f8-9e22-7417f7477a50 (type: security_group_rules) to 0
2026-07-09 17:56:50.858 10 INFO neutron.db.ovn_revision_numbers_db [None req-27da005a-a295-46e0-bdb6-62dafaca75e1 b6657a9963d7413890d33574fe038125 366429dc9b524713af94988132729de1 - - default default] Successfully bumped revision number for resource 1d36fb0c-8398-4f3d-bc3e-47ba816228fc (type: security_group_rules) to 0
2026-07-09 17:56:50.906 10 INFO neutron.db.ovn_revision_numbers_db [None req-27da005a-a295-46e0-bdb6-62dafaca75e1 b6657a9963d7413890d33574fe038125 366429dc9b524713af94988132729de1 - - default default] Successfully bumped revision number for resource 220899df-9b8c-462f-b380-6a7be8991e8f (type: security_group_rules) to 0
2026-07-09 17:56:50.966 10 INFO neutron.db.ovn_revision_numbers_db [None req-27da005a-a295-46e0-bdb6-62dafaca75e1 b6657a9963d7413890d33574fe038125 366429dc9b524713af94988132729de1 - - default default] Successfully bumped revision number for resource 4e5b92d8-e733-4464-b98e-16fe21b8d97b (type: security_group_rules) to 0
2026-07-09 17:56:50.969 9 INFO neutron.db.ovn_revision_numbers_db [None req-8c4fe595-d170-4e79-bf5c-266d28bd149f 2b7159f5593f47b19a5859311ddea22e 9e1d3e842e874082b34bf24979a99e9b - - default default] Successfully bumped revision number for resource 3459d2e6-72b4-4c61-a660-1cf95ad51c88 (type: networks) to 1
2026-07-09 17:56:51.069 10 INFO neutron.db.segments_db [None req-27da005a-a295-46e0-bdb6-62dafaca75e1 b6657a9963d7413890d33574fe038125 366429dc9b524713af94988132729de1 - - default default] Added segment 11b87399-6246-444b-91d3-8a96899b7bfd of type geneve for network 679c4894-df85-4bab-a527-509d4313a943
2026-07-09 17:56:51.232 9 WARNING neutron.scheduler.dhcp_agent_scheduler [None req-8c4fe595-d170-4e79-bf5c-266d28bd149f 2b7159f5593f47b19a5859311ddea22e 9e1d3e842e874082b34bf24979a99e9b - - default default] No more DHCP agents
2026-07-09 17:56:51.235 9 WARNING neutron.api.rpc.agentnotifiers.dhcp_rpc_agent_api [None req-8c4fe595-d170-4e79-bf5c-266d28bd149f 2b7159f5593f47b19a5859311ddea22e 9e1d3e842e874082b34bf24979a99e9b - - default default] Unable to schedule network 3459d2e6-72b4-4c61-a660-1cf95ad51c88: no agents available; will retry on subsequent port and subnet creation events.
2026-07-09 17:56:51.350 9 INFO neutron.db.ovn_revision_numbers_db [None req-8c4fe595-d170-4e79-bf5c-266d28bd149f 2b7159f5593f47b19a5859311ddea22e 9e1d3e842e874082b34bf24979a99e9b - - default default] Successfully bumped revision number for resource e729eaf3-5b88-4519-b406-4c899093d651 (type: ports) to 1
2026-07-09 17:56:51.376 10 INFO neutron.db.ovn_revision_numbers_db [None req-b5d8da1d-15ad-4fcf-9b62-8b49f5b5bbf9 d3a714124a304e4598dda17d0ea09b5d eecb0dd1a7074959883105b5c9dfc2da - - default default] Successfully bumped revision number for resource f22e48ec-b4c5-4a05-b199-67c7bae8b167 (type: routers) to 2
2026-07-09 17:56:51.381 9 INFO neutron.wsgi [None req-8c4fe595-d170-4e79-bf5c-266d28bd149f 2b7159f5593f47b19a5859311ddea22e 9e1d3e842e874082b34bf24979a99e9b - - default default] 10.0.0.192 "POST /v2.0/networks HTTP/1.1" status: 201 len: 833 time: 0.7053373
2026-07-09 17:56:51.387 10 INFO neutron.wsgi [None req-b5d8da1d-15ad-4fcf-9b62-8b49f5b5bbf9 d3a714124a304e4598dda17d0ea09b5d eecb0dd1a7074959883105b5c9dfc2da - - default default] 10.0.0.192 "PUT /v2.0/routers/f22e48ec-b4c5-4a05-b199-67c7bae8b167 HTTP/1.1" status: 200 len: 777 time: 0.7100477
2026-07-09 17:56:51.395 9 WARNING neutron_lib.context [None req-1c2be344-9b72-4ce8-a6fb-ee7835e98d47 2b7159f5593f47b19a5859311ddea22e 9e1d3e842e874082b34bf24979a99e9b - - default default] Method 'is_advsvc' is deprecated since 2023.2 release (neutron-lib 3.8.0) and will be removed once support for the old RBAC API policies will be removed from Neutron. Please use method 'is_service_role' instead.
2026-07-09 17:56:51.406 10 INFO neutron.db.ovn_revision_numbers_db [None req-27da005a-a295-46e0-bdb6-62dafaca75e1 b6657a9963d7413890d33574fe038125 366429dc9b524713af94988132729de1 - - default default] Successfully bumped revision number for resource 679c4894-df85-4bab-a527-509d4313a943 (type: networks) to 1
2026-07-09 17:56:51.426 10 INFO neutron.wsgi [None req-c32ea644-bde1-4d1a-8ba2-7fc000fcda87 d3a714124a304e4598dda17d0ea09b5d eecb0dd1a7074959883105b5c9dfc2da - - default default] 10.0.0.192 "GET /v2.0/ports?device_id=f22e48ec-b4c5-4a05-b199-67c7bae8b167 HTTP/1.1" status: 200 len: 205 time: 0.0326869
2026-07-09 17:56:51.709 9 WARNING neutron.scheduler.dhcp_agent_scheduler [None req-1c2be344-9b72-4ce8-a6fb-ee7835e98d47 2b7159f5593f47b19a5859311ddea22e 9e1d3e842e874082b34bf24979a99e9b - - default default] No more DHCP agents
2026-07-09 17:56:51.712 9 WARNING neutron.api.rpc.agentnotifiers.dhcp_rpc_agent_api [None req-1c2be344-9b72-4ce8-a6fb-ee7835e98d47 2b7159f5593f47b19a5859311ddea22e 9e1d3e842e874082b34bf24979a99e9b - - default default] Unable to schedule network 3459d2e6-72b4-4c61-a660-1cf95ad51c88: no agents available; will retry on subsequent port and subnet creation events.
2026-07-09 17:56:51.749 9 INFO neutron.db.ovn_revision_numbers_db [None req-1c2be344-9b72-4ce8-a6fb-ee7835e98d47 2b7159f5593f47b19a5859311ddea22e 9e1d3e842e874082b34bf24979a99e9b - - default default] Successfully bumped revision number for resource 7219469a-409a-4da3-b1f5-935f2930643d (type: subnets) to 0
2026-07-09 17:56:51.770 9 INFO neutron.wsgi [None req-1c2be344-9b72-4ce8-a6fb-ee7835e98d47 2b7159f5593f47b19a5859311ddea22e 9e1d3e842e874082b34bf24979a99e9b - - default default] 10.0.0.192 "POST /v2.0/subnets HTTP/1.1" status: 201 len: 821 time: 0.3818815
2026-07-09 17:56:51.781 9 WARNING neutron_lib.context [None req-18caada8-999a-4e0b-9cf1-f9e46e67d6c6 2b7159f5593f47b19a5859311ddea22e 9e1d3e842e874082b34bf24979a99e9b - - default default] Method 'is_advsvc' is deprecated since 2023.2 release (neutron-lib 3.8.0) and will be removed once support for the old RBAC API policies will be removed from Neutron. Please use method 'is_service_role' instead.
2026-07-09 17:56:52.209 10 WARNING neutron.scheduler.dhcp_agent_scheduler [None req-27da005a-a295-46e0-bdb6-62dafaca75e1 b6657a9963d7413890d33574fe038125 366429dc9b524713af94988132729de1 - - default default] No more DHCP agents
2026-07-09 17:56:52.216 10 INFO neutron.wsgi [None req-57e1b615-8838-4323-9e63-06a3f58ab65f d3a714124a304e4598dda17d0ea09b5d eecb0dd1a7074959883105b5c9dfc2da - - default default] 10.0.0.192 "DELETE /v2.0/routers/f22e48ec-b4c5-4a05-b199-67c7bae8b167 HTTP/1.1" status: 204 len: 168 time: 0.7845294
2026-07-09 17:56:52.219 10 WARNING neutron.api.rpc.agentnotifiers.dhcp_rpc_agent_api [None req-27da005a-a295-46e0-bdb6-62dafaca75e1 b6657a9963d7413890d33574fe038125 366429dc9b524713af94988132729de1 - - default default] Unable to schedule network 679c4894-df85-4bab-a527-509d4313a943: no agents available; will retry on subsequent port and subnet creation events. /var/lib/openstack/lib/python3.10/site-packages/pycadf/identifier.py:71: UserWarning: Invalid uuid: neutron. To ensure interoperability, identifiers should be a valid uuid. warnings.warn(('Invalid uuid: %s. To ensure interoperability, '
2026-07-09 17:56:52.265 9 WARNING neutron.scheduler.dhcp_agent_scheduler [None req-18caada8-999a-4e0b-9cf1-f9e46e67d6c6 2b7159f5593f47b19a5859311ddea22e 9e1d3e842e874082b34bf24979a99e9b - - default default] No more DHCP agents
2026-07-09 17:56:52.274 9 WARNING neutron.api.rpc.agentnotifiers.dhcp_rpc_agent_api [None req-18caada8-999a-4e0b-9cf1-f9e46e67d6c6 2b7159f5593f47b19a5859311ddea22e 9e1d3e842e874082b34bf24979a99e9b - - default default] Unable to schedule network 3459d2e6-72b4-4c61-a660-1cf95ad51c88: no agents available; will retry on subsequent port and subnet creation events.
2026-07-09 17:56:52.345 10 INFO neutron.db.ovn_revision_numbers_db [None req-27da005a-a295-46e0-bdb6-62dafaca75e1 b6657a9963d7413890d33574fe038125 366429dc9b524713af94988132729de1 - - default default] Successfully bumped revision number for resource f8deb759-4d6c-462f-bcdc-ada1b81e63ea (type: ports) to 1
2026-07-09 17:56:52.425 10 INFO neutron.wsgi [None req-27da005a-a295-46e0-bdb6-62dafaca75e1 b6657a9963d7413890d33574fe038125 366429dc9b524713af94988132729de1 - - default default] 10.0.0.192 "POST /v2.0/networks HTTP/1.1" status: 201 len: 831 time: 2.6472809
2026-07-09 17:56:52.451 10 WARNING neutron_lib.context [None req-1af54d0b-d526-441f-847a-9ea671e6dc05 b6657a9963d7413890d33574fe038125 366429dc9b524713af94988132729de1 - - default default] Method 'is_advsvc' is deprecated since 2023.2 release (neutron-lib 3.8.0) and will be removed once support for the old RBAC API policies will be removed from Neutron. Please use method 'is_service_role' instead.
2026-07-09 17:56:52.655 9 INFO neutron.wsgi [None req-ed2debb0-529c-4643-ab0c-5bc00b5a9086 d3a714124a304e4598dda17d0ea09b5d eecb0dd1a7074959883105b5c9dfc2da - - default default] 10.0.0.192 "GET /v2.0/routers/ef046671-4310-4b30-949b-c7ee7470c232 HTTP/1.1" status: 200 len: 770 time: 0.4314108
2026-07-09 17:56:52.764 10 INFO neutron.wsgi [None req-c7177e04-23af-4bff-a3f4-90be3184585f d0c65db9968c44ea881660ce31adcce2 2bb4e729329c4911868eda1f1f6609e1 - - default default] 10.0.0.192 "DELETE /v2.0/routers/33e732d1-2a16-4582-9107-926527dae25b HTTP/1.1" status: 204 len: 168 time: 2.2872016
2026-07-09 17:56:52.793 9 INFO neutron.db.ovn_revision_numbers_db [None req-18caada8-999a-4e0b-9cf1-f9e46e67d6c6 2b7159f5593f47b19a5859311ddea22e 9e1d3e842e874082b34bf24979a99e9b - - default default] Successfully bumped revision number for resource 5137f69b-eafa-474a-80a7-6de5d4b5d26c (type: ports) to 1
2026-07-09 17:56:52.824 9 INFO neutron.wsgi [None req-18caada8-999a-4e0b-9cf1-f9e46e67d6c6 2b7159f5593f47b19a5859311ddea22e 9e1d3e842e874082b34bf24979a99e9b - - default default] 10.0.0.192 "POST /v2.0/ports HTTP/1.1" status: 201 len: 1163 time: 1.0481827 /var/lib/openstack/lib/python3.10/site-packages/pycadf/identifier.py:71: UserWarning: Invalid uuid: neutron. To ensure interoperability, identifiers should be a valid uuid. warnings.warn(('Invalid uuid: %s. To ensure interoperability, '
2026-07-09 17:56:53.188 9 INFO neutron.wsgi [None req-78e7bc7e-5289-4ea5-b4b4-00ef05ff0324 2b7159f5593f47b19a5859311ddea22e 9e1d3e842e874082b34bf24979a99e9b - - default default] 10.0.0.192 "DELETE /v2.0/ports/5137f69b-eafa-474a-80a7-6de5d4b5d26c HTTP/1.1" status: 204 len: 168 time: 0.3584776
2026-07-09 17:56:53.216 9 INFO neutron.pecan_wsgi.hooks.translation [None req-bef6f0f1-5180-4784-bc63-407821112463 2b7159f5593f47b19a5859311ddea22e 9e1d3e842e874082b34bf24979a99e9b - - default default] DELETE failed (client error): The resource could not be found.
2026-07-09 17:56:53.220 9 INFO neutron.wsgi [None req-bef6f0f1-5180-4784-bc63-407821112463 2b7159f5593f47b19a5859311ddea22e 9e1d3e842e874082b34bf24979a99e9b - - default default] 10.0.0.192 "DELETE /v2.0/ports/5137f69b-eafa-474a-80a7-6de5d4b5d26c HTTP/1.1" status: 404 len: 333 time: 0.0263152
2026-07-09 17:56:53.260 9 INFO neutron.pecan_wsgi.hooks.translation [None req-851bda55-ae4f-4686-a7bb-b2a9a531f437 2b7159f5593f47b19a5859311ddea22e 9e1d3e842e874082b34bf24979a99e9b - - default default] GET failed (client error): The resource could not be found.
2026-07-09 17:56:53.263 9 INFO neutron.wsgi [None req-851bda55-ae4f-4686-a7bb-b2a9a531f437 2b7159f5593f47b19a5859311ddea22e 9e1d3e842e874082b34bf24979a99e9b - - default default] 10.0.0.192 "GET /v2.0/ports/5137f69b-eafa-474a-80a7-6de5d4b5d26c HTTP/1.1" status: 404 len: 333 time: 0.0368886
2026-07-09 17:56:53.296 10 INFO neutron.wsgi [None req-dc4580dd-fecd-4878-9fcf-1b6544a3d13a d3a714124a304e4598dda17d0ea09b5d eecb0dd1a7074959883105b5c9dfc2da - - default default] 10.0.0.192 "PUT /v2.0/routers/ef046671-4310-4b30-949b-c7ee7470c232 HTTP/1.1" status: 200 len: 770 time: 0.6339054
2026-07-09 17:56:53.329 9 INFO neutron.wsgi [None req-a5e32574-3f94-4463-8308-8f14080294b7 d3a714124a304e4598dda17d0ea09b5d eecb0dd1a7074959883105b5c9dfc2da - - default default] 10.0.0.192 "GET /v2.0/ports?device_id=ef046671-4310-4b30-949b-c7ee7470c232 HTTP/1.1" status: 200 len: 205 time: 0.0278976
2026-07-09 17:56:53.346 10 INFO neutron.wsgi [None req-0fa2c774-d4b4-4953-bd84-d513d9774055 d0c65db9968c44ea881660ce31adcce2 2bb4e729329c4911868eda1f1f6609e1 - - default default] 10.0.0.192 "DELETE /v2.0/subnets/4965108c-5720-431a-abb9-22eb5eaf816f HTTP/1.1" status: 204 len: 168 time: 0.5734746
2026-07-09 17:56:53.576 10 WARNING neutron.scheduler.dhcp_agent_scheduler [None req-1af54d0b-d526-441f-847a-9ea671e6dc05 b6657a9963d7413890d33574fe038125 366429dc9b524713af94988132729de1 - - default default] No more DHCP agents
2026-07-09 17:56:53.582 10 WARNING neutron.api.rpc.agentnotifiers.dhcp_rpc_agent_api [None req-1af54d0b-d526-441f-847a-9ea671e6dc05 b6657a9963d7413890d33574fe038125 366429dc9b524713af94988132729de1 - - default default] Unable to schedule network 8dada6d5-ea31-4336-b244-4e6f55665df5: no agents available; will retry on subsequent port and subnet creation events.
2026-07-09 17:56:53.666 9 INFO neutron.wsgi [None req-dc384b3e-0025-41e1-9584-2b41271ea312 d3a714124a304e4598dda17d0ea09b5d eecb0dd1a7074959883105b5c9dfc2da - - default default] 10.0.0.192 "DELETE /v2.0/routers/ef046671-4310-4b30-949b-c7ee7470c232 HTTP/1.1" status: 204 len: 168 time: 0.3298178
2026-07-09 17:56:53.693 9 INFO neutron.wsgi [None req-5d45af24-a4ab-43d0-ade6-2d628a956bd6 2b7159f5593f47b19a5859311ddea22e 9e1d3e842e874082b34bf24979a99e9b - - default default] 10.0.0.192 "DELETE /v2.0/subnets/7219469a-409a-4da3-b1f5-935f2930643d HTTP/1.1" status: 204 len: 168 time: 0.4239516
2026-07-09 17:56:53.816 10 INFO neutron.db.ovn_revision_numbers_db [None req-1af54d0b-d526-441f-847a-9ea671e6dc05 b6657a9963d7413890d33574fe038125 366429dc9b524713af94988132729de1 - - default default] Successfully bumped revision number for resource 43d0feae-a1f4-429a-9d86-83f03f431327 (type: ports) to 1
2026-07-09 17:56:53.969 10 INFO neutron.services.segments.plugin [-] Segment 5783d217-3e2e-4689-a32a-c33d13f4a994 resource provider aggregate not found
2026-07-09 17:56:53.976 10 INFO neutron.services.segments.plugin [-] Segment 5783d217-3e2e-4689-a32a-c33d13f4a994 resource provider aggregate not found
2026-07-09 17:56:53.992 10 INFO neutron.services.segments.plugin [-] Segment 5783d217-3e2e-4689-a32a-c33d13f4a994 resource provider not found; error: Placement Client Error (4xx): {"errors": [{"status": 404, "title": "Not Found", "detail": "The resource could not be found.\n\n No resource provider with uuid 5783d217-3e2e-4689-a32a-c33d13f4a994 found for delete ", "request_id": "req-f02e07de-3a04-4c39-9f27-47a9351bedb7"}]}
2026-07-09 17:56:53.994 10 INFO neutron.services.segments.plugin [-] Segment 5783d217-3e2e-4689-a32a-c33d13f4a994 resource provider not found; error: Placement Client Error (4xx): {"errors": [{"status": 404, "title": "Not Found", "detail": "The resource could not be found.\n\n No resource provider with uuid 5783d217-3e2e-4689-a32a-c33d13f4a994 found for delete ", "request_id": "req-cab405e2-7b64-43ea-8261-aad0507539dc"}]}
2026-07-09 17:56:54.032 10 INFO neutron.wsgi [None req-6a2ce650-461a-42b5-814a-a44770631868 d0c65db9968c44ea881660ce31adcce2 2bb4e729329c4911868eda1f1f6609e1 - - default default] 10.0.0.192 "DELETE /v2.0/networks/22c31543-9baa-412b-8849-27606ffdb663 HTTP/1.1" status: 204 len: 168 time: 0.6771908
2026-07-09 17:56:54.179 9 INFO neutron.services.segments.plugin [-] Segment 0a5af711-66ae-413f-9fcc-925882397331 resource provider aggregate not found
2026-07-09 17:56:54.187 9 INFO neutron.services.segments.plugin [-] Segment 0a5af711-66ae-413f-9fcc-925882397331 resource provider aggregate not found
2026-07-09 17:56:54.192 10 INFO neutron.wsgi [-] 10.0.0.218 "GET / HTTP/1.1" status: 200 len: 246 time: 0.0024011
2026-07-09 17:56:54.194 10 INFO neutron.wsgi [-] 10.0.0.218 "GET / HTTP/1.1" status: 200 len: 246 time: 0.0010648
2026-07-09 17:56:54.205 9 INFO neutron.services.segments.plugin [-] Segment 0a5af711-66ae-413f-9fcc-925882397331 resource provider not found; error: Placement Client Error (4xx): {"errors": [{"status": 404, "title": "Not Found", "detail": "The resource could not be found.\n\n No resource provider with uuid 0a5af711-66ae-413f-9fcc-925882397331 found for delete ", "request_id": "req-a7de59da-da64-41e2-b490-39877bc786fb"}]}
2026-07-09 17:56:54.211 9 INFO neutron.services.segments.plugin [-] Segment 0a5af711-66ae-413f-9fcc-925882397331 resource provider not found; error: Placement Client Error (4xx): {"errors": [{"status": 404, "title": "Not Found", "detail": "The resource could not be found.\n\n No resource provider with uuid 0a5af711-66ae-413f-9fcc-925882397331 found for delete ", "request_id": "req-f65e9c17-f86b-4e7b-bd2e-bf4869a088be"}]}
2026-07-09 17:56:54.223 9 INFO neutron.wsgi [None req-3071f921-9e97-4eb6-ab3c-8c35ff53324a 2b7159f5593f47b19a5859311ddea22e 9e1d3e842e874082b34bf24979a99e9b - - default default] 10.0.0.192 "DELETE /v2.0/networks/3459d2e6-72b4-4c61-a660-1cf95ad51c88 HTTP/1.1" status: 204 len: 168 time: 0.5242407
2026-07-09 17:56:54.240 9 WARNING neutron_lib.context [None req-c4adbd1a-beff-4326-816c-60e4bf948733 2b7159f5593f47b19a5859311ddea22e 9e1d3e842e874082b34bf24979a99e9b - - default default] Method 'is_advsvc' is deprecated since 2023.2 release (neutron-lib 3.8.0) and will be removed once support for the old RBAC API policies will be removed from Neutron. Please use method 'is_service_role' instead.
2026-07-09 17:56:54.337 9 INFO neutron.db.segments_db [None req-c4adbd1a-beff-4326-816c-60e4bf948733 2b7159f5593f47b19a5859311ddea22e 9e1d3e842e874082b34bf24979a99e9b - - default default] Added segment b59479c6-f69b-4b93-8b90-e468faee60fd of type geneve for network f1e0a1c2-1eb2-4023-ab64-a210b2e76b8e
2026-07-09 17:56:54.554 9 INFO neutron.wsgi [None req-701e235c-e912-4b87-ad84-466eeab30fca d0c65db9968c44ea881660ce31adcce2 2bb4e729329c4911868eda1f1f6609e1 - - default default] 10.0.0.192 "GET /v2.0/security-groups?tenant_id=31cb90b5416648b4b3637c4709ca2b6d&name=default HTTP/1.1" status: 200 len: 3120 time: 0.0895731
2026-07-09 17:56:54.562 9 INFO neutron.db.ovn_revision_numbers_db [None req-c4adbd1a-beff-4326-816c-60e4bf948733 2b7159f5593f47b19a5859311ddea22e 9e1d3e842e874082b34bf24979a99e9b - - default default] Successfully bumped revision number for resource f1e0a1c2-1eb2-4023-ab64-a210b2e76b8e (type: networks) to 1
2026-07-09 17:56:54.837 9 WARNING neutron.scheduler.dhcp_agent_scheduler [None req-c4adbd1a-beff-4326-816c-60e4bf948733 2b7159f5593f47b19a5859311ddea22e 9e1d3e842e874082b34bf24979a99e9b - - default default] No more DHCP agents
2026-07-09 17:56:54.843 9 WARNING neutron.api.rpc.agentnotifiers.dhcp_rpc_agent_api [None req-c4adbd1a-beff-4326-816c-60e4bf948733 2b7159f5593f47b19a5859311ddea22e 9e1d3e842e874082b34bf24979a99e9b - - default default] Unable to schedule network f1e0a1c2-1eb2-4023-ab64-a210b2e76b8e: no agents available; will retry on subsequent port and subnet creation events.
2026-07-09 17:56:54.982 9 INFO neutron.db.ovn_revision_numbers_db [None req-c4adbd1a-beff-4326-816c-60e4bf948733 2b7159f5593f47b19a5859311ddea22e 9e1d3e842e874082b34bf24979a99e9b - - default default] Successfully bumped revision number for resource 30765664-5b6a-482b-9abf-3a39920fac1f (type: ports) to 1
2026-07-09 17:56:54.994 9 INFO neutron.wsgi [None req-359bdeb5-b9a4-4e7c-893d-d5d11128249d d0c65db9968c44ea881660ce31adcce2 2bb4e729329c4911868eda1f1f6609e1 - - default default] 10.0.0.192 "DELETE /v2.0/security-groups/4ca274e4-8f71-4280-931d-e9bc7b98a5b9 HTTP/1.1" status: 204 len: 168 time: 0.4268019
2026-07-09 17:56:55.029 9 INFO neutron.wsgi [None req-c4adbd1a-beff-4326-816c-60e4bf948733 2b7159f5593f47b19a5859311ddea22e 9e1d3e842e874082b34bf24979a99e9b - - default default] 10.0.0.192 "POST /v2.0/networks HTTP/1.1" status: 201 len: 834 time: 0.7941799
2026-07-09 17:56:55.053 9 WARNING neutron_lib.context [None req-cee16185-2292-4528-b7cb-ff151f3af3ec 2b7159f5593f47b19a5859311ddea22e 9e1d3e842e874082b34bf24979a99e9b - - default default] Method 'is_advsvc' is deprecated since 2023.2 release (neutron-lib 3.8.0) and will be removed once support for the old RBAC API policies will be removed from Neutron. Please use method 'is_service_role' instead.
2026-07-09 17:56:55.081 9 INFO neutron.db.ovn_revision_numbers_db [None req-45c3cd80-8ffa-46c2-9592-255b42ef66a4 d0c65db9968c44ea881660ce31adcce2 2bb4e729329c4911868eda1f1f6609e1 - - default default] Successfully bumped revision number for resource 29345c48-49c6-41a2-8d57-292b1d3adfc7 (type: security_groups) to 1
2026-07-09 17:56:55.107 9 INFO neutron.db.ovn_revision_numbers_db [None req-45c3cd80-8ffa-46c2-9592-255b42ef66a4 d0c65db9968c44ea881660ce31adcce2 2bb4e729329c4911868eda1f1f6609e1 - - default default] Successfully bumped revision number for resource 3dd5b819-7c65-41d2-8064-d12359321a22 (type: security_group_rules) to 0
2026-07-09 17:56:55.133 9 INFO neutron.db.ovn_revision_numbers_db [None req-45c3cd80-8ffa-46c2-9592-255b42ef66a4 d0c65db9968c44ea881660ce31adcce2 2bb4e729329c4911868eda1f1f6609e1 - - default default] Successfully bumped revision number for resource 7c7e0fde-7e66-4360-9cf5-706a7830f834 (type: security_group_rules) to 0
2026-07-09 17:56:55.172 10 INFO neutron.plugins.ml2.drivers.ovn.mech_driver.ovsdb.commands [None req-8af5048d-ffbc-467d-8d19-5ad291c23a74 - - - - - -] Schedule LRP lrp-43d0feae-a1f4-429a-9d86-83f03f431327 on gateway 7e08f0d4-3c06-418a-87c1-1f5de46ac4e8 with priority 1
2026-07-09 17:56:55.174 9 INFO neutron.db.ovn_revision_numbers_db [None req-45c3cd80-8ffa-46c2-9592-255b42ef66a4 d0c65db9968c44ea881660ce31adcce2 2bb4e729329c4911868eda1f1f6609e1 - - default default] Successfully bumped revision number for resource c41aa158-fbb8-428e-b52e-e22b3c2a36e1 (type: security_group_rules) to 0
2026-07-09 17:56:55.195 10 INFO neutron.plugins.ml2.drivers.ovn.mech_driver.mech_driver [None req-3a6840fe-c253-4c19-a799-668bedd5c8b2 - - - - - -] OVN reports status up for port: 43d0feae-a1f4-429a-9d86-83f03f431327
2026-07-09 17:56:55.197 9 INFO neutron.plugins.ml2.drivers.ovn.mech_driver.ovsdb.ovsdb_monitor [None req-77de865c-f7f1-4986-a582-09aed644daa6 - - - - - -] Router 1cdfa749-c4bf-4414-990c-d63238a60261 is bound to host instance
2026-07-09 17:56:55.232 9 INFO neutron.db.ovn_revision_numbers_db [None req-45c3cd80-8ffa-46c2-9592-255b42ef66a4 d0c65db9968c44ea881660ce31adcce2 2bb4e729329c4911868eda1f1f6609e1 - - default default] Successfully bumped revision number for resource d1d5bfe2-c4ae-4f71-b76a-88d8ede20059 (type: security_group_rules) to 0
2026-07-09 17:56:55.233 10 INFO neutron.plugins.ml2.plugin [None req-3a6840fe-c253-4c19-a799-668bedd5c8b2 - - - - - -] Attempt 1 to provision port 43d0feae-a1f4-429a-9d86-83f03f431327
2026-07-09 17:56:55.278 10 INFO neutron.wsgi [None req-feaaed01-fdb7-4a72-9bc7-7e9554ef9f1a d0c65db9968c44ea881660ce31adcce2 2bb4e729329c4911868eda1f1f6609e1 - - default default] 10.0.0.192 "GET /v2.0/security-groups?tenant_id=70267135f4214518b261a86283f9b79e&name=default HTTP/1.1" status: 200 len: 3120 time: 0.1178391
2026-07-09 17:56:55.281 10 INFO neutron.db.ovn_revision_numbers_db [None req-1af54d0b-d526-441f-847a-9ea671e6dc05 b6657a9963d7413890d33574fe038125 366429dc9b524713af94988132729de1 - - default default] Successfully bumped revision number for resource 43d0feae-a1f4-429a-9d86-83f03f431327 (type: router_ports) to 1
2026-07-09 17:56:55.282 9 INFO neutron.wsgi [None req-45c3cd80-8ffa-46c2-9592-255b42ef66a4 d0c65db9968c44ea881660ce31adcce2 2bb4e729329c4911868eda1f1f6609e1 - - default default] 10.0.0.192 "GET /v2.0/security-groups?tenant_id=2b39b55b7e49461aadbb8a2e1c109b70&name=default HTTP/1.1" status: 200 len: 3120 time: 0.6711938
2026-07-09 17:56:55.406 10 INFO neutron.db.ovn_revision_numbers_db [None req-1af54d0b-d526-441f-847a-9ea671e6dc05 b6657a9963d7413890d33574fe038125 366429dc9b524713af94988132729de1 - - default default] Successfully bumped revision number for resource 1cdfa749-c4bf-4414-990c-d63238a60261 (type: routers) to 2
2026-07-09 17:56:55.458 10 INFO neutron.wsgi [None req-1af54d0b-d526-441f-847a-9ea671e6dc05 b6657a9963d7413890d33574fe038125 366429dc9b524713af94988132729de1 - - default default] 10.0.0.192 "POST /v2.0/routers HTTP/1.1" status: 201 len: 1153 time: 3.0135148
