2026-07-09 17:55:14.859 10 WARNING neutron_lib.context [None req-85ea4e77-12a3-4576-976f-fb4ea527093a e1806128222e49898f59cc14cb494cf2 22cbbe806dbe4b2cbf033bf6bf75a74a - - default default] Method 'is_advsvc' is deprecated since 2023.2 release (neutron-lib 3.8.0) and will be removed once support for the old RBAC API policies will be removed from Neutron. Please use method 'is_service_role' instead.
2026-07-09 17:55:14.865 9 INFO neutron.db.ovn_revision_numbers_db [None req-ded871be-44cd-4c87-a954-1ccc9f7460bd - - - - - -] Successfully bumped revision number for resource 9d432ffa-7231-42ac-b167-ac7e74fa2b70 (type: ports) to 5
2026-07-09 17:55:15.062 9 INFO neutron.plugins.ml2.drivers.ovn.mech_driver.mech_driver [None req-ded871be-44cd-4c87-a954-1ccc9f7460bd - - - - - -] OVN reports status up for port: 9d432ffa-7231-42ac-b167-ac7e74fa2b70
2026-07-09 17:55:15.080 9 INFO neutron.plugins.ml2.plugin [None req-ded871be-44cd-4c87-a954-1ccc9f7460bd - - - - - -] Attempt 1 to provision port 9d432ffa-7231-42ac-b167-ac7e74fa2b70
2026-07-09 17:55:15.189 9 INFO neutron.wsgi [None req-d5a57a67-fe4a-47c4-a11e-c492fe018c6c d134d82769b84c089696eae8a111ebae 38c993074a2346dba54539992b4ddb56 - - default default] 10.0.0.192 "DELETE /v2.0/floatingips/1ab98c9e-b975-4395-819d-c2f1db407b70 HTTP/1.1" status: 204 len: 168 time: 0.4941347 /var/lib/openstack/lib/python3.10/site-packages/pycadf/identifier.py:71: UserWarning: Invalid uuid: neutron. To ensure interoperability, identifiers should be a valid uuid. warnings.warn(('Invalid uuid: %s. To ensure interoperability, '
2026-07-09 17:55:15.226 9 INFO neutron.api.v2.resource [None req-b87dd1b5-8d3f-4445-8384-52d84b9376b2 d134d82769b84c089696eae8a111ebae 38c993074a2346dba54539992b4ddb56 - - default default] delete failed (client error): The resource could not be found.
2026-07-09 17:55:15.228 9 INFO neutron.wsgi [None req-b87dd1b5-8d3f-4445-8384-52d84b9376b2 d134d82769b84c089696eae8a111ebae 38c993074a2346dba54539992b4ddb56 - - default default] 10.0.0.192 "DELETE /v2.0/floatingips/1ab98c9e-b975-4395-819d-c2f1db407b70 HTTP/1.1" status: 404 len: 345 time: 0.0331726 /var/lib/openstack/lib/python3.10/site-packages/pycadf/identifier.py:71: UserWarning: Invalid uuid: neutron. To ensure interoperability, identifiers should be a valid uuid. warnings.warn(('Invalid uuid: %s. To ensure interoperability, '
2026-07-09 17:55:15.392 10 INFO neutron.wsgi [None req-a7cd1cb3-0f9a-4552-a92e-98e6b5d3dfbd d0c65db9968c44ea881660ce31adcce2 2bb4e729329c4911868eda1f1f6609e1 - - default default] 10.0.0.192 "GET /v2.0/security-groups?tenant_id=b5a96987ef56400cbaa1ed6059ace222&name=default HTTP/1.1" status: 200 len: 3120 time: 0.2645736 /var/lib/openstack/lib/python3.10/site-packages/pycadf/identifier.py:71: UserWarning: Invalid uuid: neutron. To ensure interoperability, identifiers should be a valid uuid. warnings.warn(('Invalid uuid: %s. To ensure interoperability, '
2026-07-09 17:55:15.443 10 INFO neutron.services.segments.plugin [-] Segment 60c3cf0a-2cf7-43c4-a2c6-afc914e03db1 resource provider aggregate not found
2026-07-09 17:55:15.456 10 INFO neutron.services.segments.plugin [-] Segment 60c3cf0a-2cf7-43c4-a2c6-afc914e03db1 resource provider aggregate not found
2026-07-09 17:55:15.480 10 INFO neutron.services.segments.plugin [-] Segment 60c3cf0a-2cf7-43c4-a2c6-afc914e03db1 resource provider not found; error: Placement Client Error (4xx): {"errors": [{"status": 404, "title": "Not Found", "detail": "The resource could not be found.\n\n No resource provider with uuid 60c3cf0a-2cf7-43c4-a2c6-afc914e03db1 found for delete ", "request_id": "req-9611bf03-28bc-494e-b199-d37849494e57"}]}
2026-07-09 17:55:15.487 10 INFO neutron.services.segments.plugin [-] Segment 60c3cf0a-2cf7-43c4-a2c6-afc914e03db1 resource provider not found; error: Placement Client Error (4xx): {"errors": [{"status": 404, "title": "Not Found", "detail": "The resource could not be found.\n\n No resource provider with uuid 60c3cf0a-2cf7-43c4-a2c6-afc914e03db1 found for delete ", "request_id": "req-1fff17ad-f83b-4d01-b93a-986524798df1"}]}
2026-07-09 17:55:15.513 10 WARNING neutron.scheduler.dhcp_agent_scheduler [None req-85ea4e77-12a3-4576-976f-fb4ea527093a e1806128222e49898f59cc14cb494cf2 22cbbe806dbe4b2cbf033bf6bf75a74a - - default default] No more DHCP agents
2026-07-09 17:55:15.517 10 WARNING neutron.api.rpc.agentnotifiers.dhcp_rpc_agent_api [None req-85ea4e77-12a3-4576-976f-fb4ea527093a e1806128222e49898f59cc14cb494cf2 22cbbe806dbe4b2cbf033bf6bf75a74a - - default default] Unable to schedule network 233b00bd-ce47-469a-9447-7a393c84c6db: no agents available; will retry on subsequent port and subnet creation events.
2026-07-09 17:55:15.563 9 INFO neutron.db.ovn_revision_numbers_db [None req-ded871be-44cd-4c87-a954-1ccc9f7460bd - - - - - -] Successfully bumped revision number for resource 9d432ffa-7231-42ac-b167-ac7e74fa2b70 (type: ports) to 6
2026-07-09 17:55:15.681 10 INFO neutron.db.ovn_revision_numbers_db [None req-85ea4e77-12a3-4576-976f-fb4ea527093a e1806128222e49898f59cc14cb494cf2 22cbbe806dbe4b2cbf033bf6bf75a74a - - default default] Successfully bumped revision number for resource 820cb8bc-a5b7-415e-a115-edfd3825cc88 (type: ports) to 1
2026-07-09 17:55:15.720 10 WARNING neutron.scheduler.dhcp_agent_scheduler [None req-85ea4e77-12a3-4576-976f-fb4ea527093a e1806128222e49898f59cc14cb494cf2 22cbbe806dbe4b2cbf033bf6bf75a74a - - default default] No more DHCP agents
2026-07-09 17:55:15.724 10 WARNING neutron.api.rpc.agentnotifiers.dhcp_rpc_agent_api [None req-85ea4e77-12a3-4576-976f-fb4ea527093a e1806128222e49898f59cc14cb494cf2 22cbbe806dbe4b2cbf033bf6bf75a74a - - default default] Unable to schedule network 104c525c-3eb0-4954-8463-4e6433bc6966: no agents available; will retry on subsequent port and subnet creation events.
2026-07-09 17:55:15.794 9 INFO neutron.wsgi [None req-2cb05a4a-af23-4608-84dd-6e36885569e2 d134d82769b84c089696eae8a111ebae 38c993074a2346dba54539992b4ddb56 - - default default] 10.0.0.192 "DELETE /v2.0/ports/5c4695e6-371f-4a53-b921-d809c17f641e HTTP/1.1" status: 204 len: 168 time: 0.5547714 /var/lib/openstack/lib/python3.10/site-packages/pycadf/identifier.py:71: UserWarning: Invalid uuid: neutron. To ensure interoperability, identifiers should be a valid uuid. warnings.warn(('Invalid uuid: %s. To ensure interoperability, '
2026-07-09 17:55:15.863 10 INFO neutron.wsgi [None req-746f505f-400b-4dd0-8e7c-2eabc1c340c8 d0c65db9968c44ea881660ce31adcce2 2bb4e729329c4911868eda1f1f6609e1 - - default default] 10.0.0.192 "DELETE /v2.0/security-groups/cd774579-abdc-4888-99b0-0f2427abda4f HTTP/1.1" status: 204 len: 168 time: 0.4625773
2026-07-09 17:55:15.865 10 INFO neutron.db.ovn_revision_numbers_db [None req-85ea4e77-12a3-4576-976f-fb4ea527093a e1806128222e49898f59cc14cb494cf2 22cbbe806dbe4b2cbf033bf6bf75a74a - - default default] Successfully bumped revision number for resource 466da80d-e2e3-4a97-903c-37d2cc3a64ec (type: ports) to 1
2026-07-09 17:55:15.901 10 INFO neutron.wsgi [None req-85ea4e77-12a3-4576-976f-fb4ea527093a e1806128222e49898f59cc14cb494cf2 22cbbe806dbe4b2cbf033bf6bf75a74a - - default default] 10.0.0.192 "POST /v2.0/ports HTTP/1.1" status: 201 len: 1706 time: 1.1023614 /var/lib/openstack/lib/python3.10/site-packages/pycadf/identifier.py:71: UserWarning: Invalid uuid: neutron. To ensure interoperability, identifiers should be a valid uuid. warnings.warn(('Invalid uuid: %s. To ensure interoperability, '
2026-07-09 17:55:15.985 9 INFO neutron.wsgi [req-8024f48a-d59d-49fc-9d8f-c2db0976c091 req-850d38a6-cbae-48fd-aad5-fce29324e0c0 e6f53ce94baa4e7e85dc5a9c90c9dbd2 eef2bfde3d2840278c49d7401ba18a1e - - default default] 10.0.0.226 "GET /v2.0/ports?device_id=3e81eeee-ab57-439d-bfa1-6adc531a75f9 HTTP/1.1" status: 200 len: 1170 time: 0.0575736
2026-07-09 17:55:16.054 9 INFO neutron.wsgi [req-8024f48a-d59d-49fc-9d8f-c2db0976c091 req-f948f01b-47e0-4427-86c4-5071c1b94a53 e6f53ce94baa4e7e85dc5a9c90c9dbd2 eef2bfde3d2840278c49d7401ba18a1e - - default default] 10.0.0.226 "GET /v2.0/security-groups?id=33e5ac3f-3f42-45f5-ab3a-a1e3e880ad8b&fields=id&fields=name HTTP/1.1" status: 200 len: 312 time: 0.0611682
2026-07-09 17:55:16.063 10 INFO neutron.wsgi [None req-4bda0979-0d64-4b54-8211-d1441b910813 e1806128222e49898f59cc14cb494cf2 22cbbe806dbe4b2cbf033bf6bf75a74a - - default default] 10.0.0.192 "GET /v2.0/ports HTTP/1.1" status: 200 len: 3213 time: 0.1568234
2026-07-09 17:55:16.185 9 INFO neutron.wsgi [None req-bac8c708-77bc-443b-8c4c-f7dae40e341f d134d82769b84c089696eae8a111ebae 38c993074a2346dba54539992b4ddb56 - - default default] 10.0.0.192 "DELETE /v2.0/ports/a0f87694-0778-4448-8174-6c7280cd9895 HTTP/1.1" status: 204 len: 168 time: 0.3851082
2026-07-09 17:55:16.228 9 INFO neutron.wsgi [None req-3c6dd843-e0e1-4a8c-aad8-6a45194d02bb d134d82769b84c089696eae8a111ebae 38c993074a2346dba54539992b4ddb56 - - default default] 10.0.0.192 "GET /v2.0/ports?device_id=fdb32797-ea3e-45d4-af97-7364a14ba359 HTTP/1.1" status: 200 len: 1140 time: 0.0371566
2026-07-09 17:55:16.333 10 INFO neutron.wsgi [None req-da8e17d5-316a-44b9-b9f6-899f35e8df17 e1806128222e49898f59cc14cb494cf2 22cbbe806dbe4b2cbf033bf6bf75a74a - - default default] 10.0.0.192 "DELETE /v2.0/ports/820cb8bc-a5b7-415e-a115-edfd3825cc88 HTTP/1.1" status: 204 len: 168 time: 0.2639873
2026-07-09 17:55:16.874 9 INFO neutron.notifiers.nova [-] Nova event matching ['req-7ff04ee2-be85-4607-9833-96449e194305'] response: {'server_uuid': '3e81eeee-ab57-439d-bfa1-6adc531a75f9', 'name': 'network-vif-unplugged', 'status': 'completed', 'tag': '9d432ffa-7231-42ac-b167-ac7e74fa2b70', 'code': 200}
2026-07-09 17:55:16.874 9 INFO neutron.notifiers.nova [-] Nova event matching ['req-7ff04ee2-be85-4607-9833-96449e194305'] response: {'server_uuid': '3e81eeee-ab57-439d-bfa1-6adc531a75f9', 'name': 'network-vif-plugged', 'status': 'completed', 'tag': '9d432ffa-7231-42ac-b167-ac7e74fa2b70', 'code': 200}
2026-07-09 17:55:16.874 9 INFO neutron.notifiers.nova [-] Nova event matching ['req-7ff04ee2-be85-4607-9833-96449e194305'] response: {'server_uuid': '3e81eeee-ab57-439d-bfa1-6adc531a75f9', 'name': 'network-vif-plugged', 'status': 'completed', 'tag': '9d432ffa-7231-42ac-b167-ac7e74fa2b70', 'code': 200}
2026-07-09 17:55:17.174 9 INFO neutron.wsgi [None req-6f6df978-41d3-4fdb-8a0f-8ba05e193aaa e1806128222e49898f59cc14cb494cf2 22cbbe806dbe4b2cbf033bf6bf75a74a - - default default] 10.0.0.192 "DELETE /v2.0/ports/466da80d-e2e3-4a97-903c-37d2cc3a64ec HTTP/1.1" status: 204 len: 168 time: 0.8353860
2026-07-09 17:55:17.299 9 INFO neutron.wsgi [None req-ab1153b3-7122-4809-acc8-15ba3674bfb6 e1806128222e49898f59cc14cb494cf2 22cbbe806dbe4b2cbf033bf6bf75a74a - - default default] 10.0.0.192 "GET /v2.0/ports HTTP/1.1" status: 200 len: 1718 time: 0.1173487
2026-07-09 17:55:17.312 9 WARNING neutron_lib.context [None req-964d2ec5-26ac-4840-93bb-21b10241521b e1806128222e49898f59cc14cb494cf2 22cbbe806dbe4b2cbf033bf6bf75a74a - - default default] Method 'is_advsvc' is deprecated since 2023.2 release (neutron-lib 3.8.0) and will be removed once support for the old RBAC API policies will be removed from Neutron. Please use method 'is_service_role' instead.
2026-07-09 17:55:17.454 9 INFO neutron.db.segments_db [None req-964d2ec5-26ac-4840-93bb-21b10241521b e1806128222e49898f59cc14cb494cf2 22cbbe806dbe4b2cbf033bf6bf75a74a - - default default] Added segment 2370ba3b-c886-4bbe-9835-fe4263b8f387 of type geneve for network 71e1cfe9-1a1d-4bb2-a900-336221d50dc1
2026-07-09 17:55:17.671 9 INFO neutron.db.ovn_revision_numbers_db [None req-964d2ec5-26ac-4840-93bb-21b10241521b e1806128222e49898f59cc14cb494cf2 22cbbe806dbe4b2cbf033bf6bf75a74a - - default default] Successfully bumped revision number for resource 71e1cfe9-1a1d-4bb2-a900-336221d50dc1 (type: networks) to 1
2026-07-09 17:55:17.941 10 WARNING neutron_lib.context [None req-102d56b1-a870-49e2-97fe-6ad1a555f7bd 1a98df6b46ea4aacb4fd232415b0b273 9494c3cbd5a040da90b1d34f141d8ef9 - - default default] Method 'is_advsvc' is deprecated since 2023.2 release (neutron-lib 3.8.0) and will be removed once support for the old RBAC API policies will be removed from Neutron. Please use method 'is_service_role' instead.
2026-07-09 17:55:17.964 9 WARNING neutron.scheduler.dhcp_agent_scheduler [None req-964d2ec5-26ac-4840-93bb-21b10241521b e1806128222e49898f59cc14cb494cf2 22cbbe806dbe4b2cbf033bf6bf75a74a - - default default] No more DHCP agents
2026-07-09 17:55:17.970 9 WARNING neutron.api.rpc.agentnotifiers.dhcp_rpc_agent_api [None req-964d2ec5-26ac-4840-93bb-21b10241521b e1806128222e49898f59cc14cb494cf2 22cbbe806dbe4b2cbf033bf6bf75a74a - - default default] Unable to schedule network 71e1cfe9-1a1d-4bb2-a900-336221d50dc1: no agents available; will retry on subsequent port and subnet creation events.
2026-07-09 17:55:18.123 9 INFO neutron.db.ovn_revision_numbers_db [None req-964d2ec5-26ac-4840-93bb-21b10241521b e1806128222e49898f59cc14cb494cf2 22cbbe806dbe4b2cbf033bf6bf75a74a - - default default] Successfully bumped revision number for resource 518f1dec-e994-4e2c-baf2-0c8681fb80c1 (type: ports) to 1
2026-07-09 17:55:18.167 9 INFO neutron.wsgi [None req-964d2ec5-26ac-4840-93bb-21b10241521b e1806128222e49898f59cc14cb494cf2 22cbbe806dbe4b2cbf033bf6bf75a74a - - default default] 10.0.0.192 "POST /v2.0/networks HTTP/1.1" status: 201 len: 852 time: 0.8600485
2026-07-09 17:55:18.188 9 WARNING neutron_lib.context [None req-3c44a77f-efac-4347-81e6-cd01da78a486 e1806128222e49898f59cc14cb494cf2 22cbbe806dbe4b2cbf033bf6bf75a74a - - default default] Method 'is_advsvc' is deprecated since 2023.2 release (neutron-lib 3.8.0) and will be removed once support for the old RBAC API policies will be removed from Neutron. Please use method 'is_service_role' instead.
2026-07-09 17:55:18.196 10 INFO neutron.db.ovn_revision_numbers_db [None req-102d56b1-a870-49e2-97fe-6ad1a555f7bd 1a98df6b46ea4aacb4fd232415b0b273 9494c3cbd5a040da90b1d34f141d8ef9 - - default default] Successfully bumped revision number for resource b71dd565-595d-44c3-8128-fe27c58362e1 (type: security_groups) to 1
2026-07-09 17:55:18.214 10 INFO neutron.db.ovn_revision_numbers_db [None req-102d56b1-a870-49e2-97fe-6ad1a555f7bd 1a98df6b46ea4aacb4fd232415b0b273 9494c3cbd5a040da90b1d34f141d8ef9 - - default default] Successfully bumped revision number for resource 126851ea-ef57-4b86-b1b0-352dbea0b78e (type: security_group_rules) to 0
2026-07-09 17:55:18.239 10 INFO neutron.db.ovn_revision_numbers_db [None req-102d56b1-a870-49e2-97fe-6ad1a555f7bd 1a98df6b46ea4aacb4fd232415b0b273 9494c3cbd5a040da90b1d34f141d8ef9 - - default default] Successfully bumped revision number for resource 44e73762-2ac5-4efa-b654-beba736b1c77 (type: security_group_rules) to 0
2026-07-09 17:55:18.269 10 INFO neutron.db.ovn_revision_numbers_db [None req-102d56b1-a870-49e2-97fe-6ad1a555f7bd 1a98df6b46ea4aacb4fd232415b0b273 9494c3cbd5a040da90b1d34f141d8ef9 - - default default] Successfully bumped revision number for resource ba63c79e-2eca-4a00-924b-46c8dc8aa805 (type: security_group_rules) to 0
2026-07-09 17:55:18.277 9 INFO neutron.wsgi [None req-d61eaf2b-11b8-432d-9bc2-61484fac10e1 d134d82769b84c089696eae8a111ebae 38c993074a2346dba54539992b4ddb56 - - default default] 10.0.0.192 "PUT /v2.0/routers/fdb32797-ea3e-45d4-af97-7364a14ba359/remove_router_interface HTTP/1.1" status: 200 len: 503 time: 2.0443337 /var/lib/openstack/lib/python3.10/site-packages/pycadf/identifier.py:71: UserWarning: Invalid uuid: neutron. To ensure interoperability, identifiers should be a valid uuid. warnings.warn(('Invalid uuid: %s. To ensure interoperability, '
2026-07-09 17:55:18.297 10 INFO neutron.db.ovn_revision_numbers_db [None req-102d56b1-a870-49e2-97fe-6ad1a555f7bd 1a98df6b46ea4aacb4fd232415b0b273 9494c3cbd5a040da90b1d34f141d8ef9 - - default default] Successfully bumped revision number for resource f5bac36f-6e19-42b3-91ff-ab46fb74a986 (type: security_group_rules) to 0
2026-07-09 17:55:18.365 10 INFO neutron.db.segments_db [None req-102d56b1-a870-49e2-97fe-6ad1a555f7bd 1a98df6b46ea4aacb4fd232415b0b273 9494c3cbd5a040da90b1d34f141d8ef9 - - default default] Added segment 95d78dbc-dc05-4441-baaa-7f3d00a35589 of type geneve for network 5c1f0284-3d1e-47de-be0f-1611d7de2d01
2026-07-09 17:55:18.378 9 INFO neutron.db.segments_db [None req-3c44a77f-efac-4347-81e6-cd01da78a486 e1806128222e49898f59cc14cb494cf2 22cbbe806dbe4b2cbf033bf6bf75a74a - - default default] Added segment a6d45bb7-65d0-4e1c-838d-1794fe68a4bd of type geneve for network d4e6f50c-085f-4ecd-8bb5-bed0792b5dde
2026-07-09 17:55:18.563 10 INFO neutron.db.ovn_revision_numbers_db [None req-102d56b1-a870-49e2-97fe-6ad1a555f7bd 1a98df6b46ea4aacb4fd232415b0b273 9494c3cbd5a040da90b1d34f141d8ef9 - - default default] Successfully bumped revision number for resource 5c1f0284-3d1e-47de-be0f-1611d7de2d01 (type: networks) to 1
2026-07-09 17:55:18.789 10 WARNING neutron.scheduler.dhcp_agent_scheduler [None req-102d56b1-a870-49e2-97fe-6ad1a555f7bd 1a98df6b46ea4aacb4fd232415b0b273 9494c3cbd5a040da90b1d34f141d8ef9 - - default default] No more DHCP agents
2026-07-09 17:55:18.791 10 WARNING neutron.api.rpc.agentnotifiers.dhcp_rpc_agent_api [None req-102d56b1-a870-49e2-97fe-6ad1a555f7bd 1a98df6b46ea4aacb4fd232415b0b273 9494c3cbd5a040da90b1d34f141d8ef9 - - default default] Unable to schedule network 5c1f0284-3d1e-47de-be0f-1611d7de2d01: no agents available; will retry on subsequent port and subnet creation events.
2026-07-09 17:55:18.897 10 INFO neutron.db.ovn_revision_numbers_db [None req-102d56b1-a870-49e2-97fe-6ad1a555f7bd 1a98df6b46ea4aacb4fd232415b0b273 9494c3cbd5a040da90b1d34f141d8ef9 - - default default] Successfully bumped revision number for resource 2d380e05-a37f-46a0-9e16-c2c5663b0e29 (type: ports) to 1
2026-07-09 17:55:18.943 10 INFO neutron.wsgi [None req-102d56b1-a870-49e2-97fe-6ad1a555f7bd 1a98df6b46ea4aacb4fd232415b0b273 9494c3cbd5a040da90b1d34f141d8ef9 - - default default] 10.0.0.192 "POST /v2.0/networks HTTP/1.1" status: 201 len: 829 time: 1.2559845
2026-07-09 17:55:18.954 10 WARNING neutron_lib.context [None req-19da36ca-d890-4ebd-8e07-a4644890a031 1a98df6b46ea4aacb4fd232415b0b273 9494c3cbd5a040da90b1d34f141d8ef9 - - default default] Method 'is_advsvc' is deprecated since 2023.2 release (neutron-lib 3.8.0) and will be removed once support for the old RBAC API policies will be removed from Neutron. Please use method 'is_service_role' instead.
2026-07-09 17:55:19.027 9 INFO neutron.db.ovn_revision_numbers_db [None req-3c44a77f-efac-4347-81e6-cd01da78a486 e1806128222e49898f59cc14cb494cf2 22cbbe806dbe4b2cbf033bf6bf75a74a - - default default] Successfully bumped revision number for resource d4e6f50c-085f-4ecd-8bb5-bed0792b5dde (type: networks) to 1
2026-07-09 17:55:19.060 10 INFO neutron.db.segments_db [None req-19da36ca-d890-4ebd-8e07-a4644890a031 1a98df6b46ea4aacb4fd232415b0b273 9494c3cbd5a040da90b1d34f141d8ef9 - - default default] Added segment 082523e7-75c6-4378-af88-dab93e88887a of type geneve for network 221cd6d2-2b50-4344-a452-4ecc36ffd082
2026-07-09 17:55:19.213 10 INFO neutron.db.ovn_revision_numbers_db [None req-19da36ca-d890-4ebd-8e07-a4644890a031 1a98df6b46ea4aacb4fd232415b0b273 9494c3cbd5a040da90b1d34f141d8ef9 - - default default] Successfully bumped revision number for resource 221cd6d2-2b50-4344-a452-4ecc36ffd082 (type: networks) to 1
2026-07-09 17:55:19.290 9 WARNING neutron.scheduler.dhcp_agent_scheduler [None req-3c44a77f-efac-4347-81e6-cd01da78a486 e1806128222e49898f59cc14cb494cf2 22cbbe806dbe4b2cbf033bf6bf75a74a - - default default] No more DHCP agents
2026-07-09 17:55:19.296 9 WARNING neutron.api.rpc.agentnotifiers.dhcp_rpc_agent_api [None req-3c44a77f-efac-4347-81e6-cd01da78a486 e1806128222e49898f59cc14cb494cf2 22cbbe806dbe4b2cbf033bf6bf75a74a - - default default] Unable to schedule network d4e6f50c-085f-4ecd-8bb5-bed0792b5dde: no agents available; will retry on subsequent port and subnet creation events.
2026-07-09 17:55:19.428 10 WARNING neutron.scheduler.dhcp_agent_scheduler [None req-19da36ca-d890-4ebd-8e07-a4644890a031 1a98df6b46ea4aacb4fd232415b0b273 9494c3cbd5a040da90b1d34f141d8ef9 - - default default] No more DHCP agents
2026-07-09 17:55:19.429 10 WARNING neutron.api.rpc.agentnotifiers.dhcp_rpc_agent_api [None req-19da36ca-d890-4ebd-8e07-a4644890a031 1a98df6b46ea4aacb4fd232415b0b273 9494c3cbd5a040da90b1d34f141d8ef9 - - default default] Unable to schedule network 221cd6d2-2b50-4344-a452-4ecc36ffd082: no agents available; will retry on subsequent port and subnet creation events.
2026-07-09 17:55:19.473 9 INFO neutron.db.ovn_revision_numbers_db [None req-3c44a77f-efac-4347-81e6-cd01da78a486 e1806128222e49898f59cc14cb494cf2 22cbbe806dbe4b2cbf033bf6bf75a74a - - default default] Successfully bumped revision number for resource 48bfc210-6901-4eb2-988e-8d2d73bcdca8 (type: ports) to 1
2026-07-09 17:55:19.527 10 INFO neutron.db.ovn_revision_numbers_db [None req-19da36ca-d890-4ebd-8e07-a4644890a031 1a98df6b46ea4aacb4fd232415b0b273 9494c3cbd5a040da90b1d34f141d8ef9 - - default default] Successfully bumped revision number for resource a877312f-16a2-41ec-9834-7f70c3dea9c7 (type: ports) to 1
2026-07-09 17:55:19.536 9 INFO neutron.wsgi [None req-3c44a77f-efac-4347-81e6-cd01da78a486 e1806128222e49898f59cc14cb494cf2 22cbbe806dbe4b2cbf033bf6bf75a74a - - default default] 10.0.0.192 "POST /v2.0/networks HTTP/1.1" status: 201 len: 851 time: 1.3598185
2026-07-09 17:55:19.559 10 INFO neutron.wsgi [None req-19da36ca-d890-4ebd-8e07-a4644890a031 1a98df6b46ea4aacb4fd232415b0b273 9494c3cbd5a040da90b1d34f141d8ef9 - - default default] 10.0.0.192 "POST /v2.0/networks HTTP/1.1" status: 201 len: 829 time: 0.6108046
2026-07-09 17:55:19.570 9 WARNING neutron_lib.context [None req-68bfe876-eb97-4de5-9f5c-b5b46cd9675d 1a98df6b46ea4aacb4fd232415b0b273 9494c3cbd5a040da90b1d34f141d8ef9 - - default default] Method 'is_advsvc' is deprecated since 2023.2 release (neutron-lib 3.8.0) and will be removed once support for the old RBAC API policies will be removed from Neutron. Please use method 'is_service_role' instead.
2026-07-09 17:55:19.953 9 INFO neutron.wsgi [None req-a345b151-13ec-4d10-8177-407054d1904e d134d82769b84c089696eae8a111ebae 38c993074a2346dba54539992b4ddb56 - - default default] 10.0.0.192 "DELETE /v2.0/routers/fdb32797-ea3e-45d4-af97-7364a14ba359 HTTP/1.1" status: 204 len: 168 time: 1.6658714
2026-07-09 17:55:20.009 9 WARNING neutron.scheduler.dhcp_agent_scheduler [None req-68bfe876-eb97-4de5-9f5c-b5b46cd9675d 1a98df6b46ea4aacb4fd232415b0b273 9494c3cbd5a040da90b1d34f141d8ef9 - - default default] No more DHCP agents
2026-07-09 17:55:20.012 9 WARNING neutron.api.rpc.agentnotifiers.dhcp_rpc_agent_api [None req-68bfe876-eb97-4de5-9f5c-b5b46cd9675d 1a98df6b46ea4aacb4fd232415b0b273 9494c3cbd5a040da90b1d34f141d8ef9 - - default default] Unable to schedule network 5c1f0284-3d1e-47de-be0f-1611d7de2d01: no agents available; will retry on subsequent port and subnet creation events.
2026-07-09 17:55:20.052 10 WARNING neutron_lib.context [None req-aa878ab8-7424-45a5-97b5-822e86b3f15a e1806128222e49898f59cc14cb494cf2 22cbbe806dbe4b2cbf033bf6bf75a74a - - default default] Method 'is_advsvc' is deprecated since 2023.2 release (neutron-lib 3.8.0) and will be removed once support for the old RBAC API policies will be removed from Neutron. Please use method 'is_service_role' instead.
2026-07-09 17:55:20.096 10 WARNING neutron_lib.context [None req-aa878ab8-7424-45a5-97b5-822e86b3f15a e1806128222e49898f59cc14cb494cf2 22cbbe806dbe4b2cbf033bf6bf75a74a - - default default] Method 'is_advsvc' is deprecated since 2023.2 release (neutron-lib 3.8.0) and will be removed once support for the old RBAC API policies will be removed from Neutron. Please use method 'is_service_role' instead.
2026-07-09 17:55:20.236 9 INFO neutron.wsgi [None req-b030c60b-8f85-4e61-8e27-6a18a296496d d134d82769b84c089696eae8a111ebae 38c993074a2346dba54539992b4ddb56 - - default default] 10.0.0.192 "DELETE /v2.0/subnets/2427d93c-6383-4642-b8c6-80d767007092 HTTP/1.1" status: 204 len: 168 time: 0.2761619
2026-07-09 17:55:20.626 9 INFO neutron.db.ovn_revision_numbers_db [None req-68bfe876-eb97-4de5-9f5c-b5b46cd9675d 1a98df6b46ea4aacb4fd232415b0b273 9494c3cbd5a040da90b1d34f141d8ef9 - - default default] Successfully bumped revision number for resource 2d380e05-a37f-46a0-9e16-c2c5663b0e29 (type: ports) to 2
2026-07-09 17:55:20.673 9 INFO neutron.db.ovn_revision_numbers_db [None req-68bfe876-eb97-4de5-9f5c-b5b46cd9675d 1a98df6b46ea4aacb4fd232415b0b273 9494c3cbd5a040da90b1d34f141d8ef9 - - default default] Successfully bumped revision number for resource 46e19f57-c711-4066-a1de-a2b712130fe6 (type: subnets) to 0
2026-07-09 17:55:20.693 9 INFO neutron.wsgi [None req-68bfe876-eb97-4de5-9f5c-b5b46cd9675d 1a98df6b46ea4aacb4fd232415b0b273 9494c3cbd5a040da90b1d34f141d8ef9 - - default default] 10.0.0.192 "POST /v2.0/subnets HTTP/1.1" status: 201 len: 801 time: 1.1284735
2026-07-09 17:55:20.703 9 WARNING neutron_lib.context [None req-c9c6d3e0-9138-486e-a9ca-b00e82551337 1a98df6b46ea4aacb4fd232415b0b273 9494c3cbd5a040da90b1d34f141d8ef9 - - default default] Method 'is_advsvc' is deprecated since 2023.2 release (neutron-lib 3.8.0) and will be removed once support for the old RBAC API policies will be removed from Neutron. Please use method 'is_service_role' instead.
2026-07-09 17:55:20.964 9 WARNING neutron.scheduler.dhcp_agent_scheduler [None req-c9c6d3e0-9138-486e-a9ca-b00e82551337 1a98df6b46ea4aacb4fd232415b0b273 9494c3cbd5a040da90b1d34f141d8ef9 - - default default] No more DHCP agents
2026-07-09 17:55:20.969 9 WARNING neutron.api.rpc.agentnotifiers.dhcp_rpc_agent_api [None req-c9c6d3e0-9138-486e-a9ca-b00e82551337 1a98df6b46ea4aacb4fd232415b0b273 9494c3cbd5a040da90b1d34f141d8ef9 - - default default] Unable to schedule network 221cd6d2-2b50-4344-a452-4ecc36ffd082: no agents available; will retry on subsequent port and subnet creation events.
2026-07-09 17:55:20.981 10 WARNING neutron.scheduler.dhcp_agent_scheduler [None req-aa878ab8-7424-45a5-97b5-822e86b3f15a e1806128222e49898f59cc14cb494cf2 22cbbe806dbe4b2cbf033bf6bf75a74a - - default default] No more DHCP agents
2026-07-09 17:55:20.983 10 WARNING neutron.api.rpc.agentnotifiers.dhcp_rpc_agent_api [None req-aa878ab8-7424-45a5-97b5-822e86b3f15a e1806128222e49898f59cc14cb494cf2 22cbbe806dbe4b2cbf033bf6bf75a74a - - default default] Unable to schedule network 71e1cfe9-1a1d-4bb2-a900-336221d50dc1: no agents available; will retry on subsequent port and subnet creation events.
2026-07-09 17:55:21.041 10 INFO neutron.db.ovn_revision_numbers_db [None req-aa878ab8-7424-45a5-97b5-822e86b3f15a e1806128222e49898f59cc14cb494cf2 22cbbe806dbe4b2cbf033bf6bf75a74a - - default default] Successfully bumped revision number for resource b16d2288-3b15-484b-8c23-18c73eff2d22 (type: subnets) to 0
2026-07-09 17:55:21.083 10 WARNING neutron.scheduler.dhcp_agent_scheduler [None req-aa878ab8-7424-45a5-97b5-822e86b3f15a e1806128222e49898f59cc14cb494cf2 22cbbe806dbe4b2cbf033bf6bf75a74a - - default default] No more DHCP agents
2026-07-09 17:55:21.086 10 WARNING neutron.api.rpc.agentnotifiers.dhcp_rpc_agent_api [None req-aa878ab8-7424-45a5-97b5-822e86b3f15a e1806128222e49898f59cc14cb494cf2 22cbbe806dbe4b2cbf033bf6bf75a74a - - default default] Unable to schedule network d4e6f50c-085f-4ecd-8bb5-bed0792b5dde: no agents available; will retry on subsequent port and subnet creation events.
2026-07-09 17:55:21.139 10 INFO neutron.services.segments.plugin [-] Segment 4ff83890-e4f1-4268-b3c2-bfb750a07826 resource provider aggregate not found
2026-07-09 17:55:21.143 10 INFO neutron.services.segments.plugin [-] Segment 4ff83890-e4f1-4268-b3c2-bfb750a07826 resource provider aggregate not found
2026-07-09 17:55:21.149 10 INFO neutron.db.ovn_revision_numbers_db [None req-aa878ab8-7424-45a5-97b5-822e86b3f15a e1806128222e49898f59cc14cb494cf2 22cbbe806dbe4b2cbf033bf6bf75a74a - - default default] Successfully bumped revision number for resource 6f11f563-5973-43ff-993b-bcaf1d41b688 (type: subnets) to 0
2026-07-09 17:55:21.158 10 INFO neutron.services.segments.plugin [-] Segment 4ff83890-e4f1-4268-b3c2-bfb750a07826 resource provider not found; error: Placement Client Error (4xx): {"errors": [{"status": 404, "title": "Not Found", "detail": "The resource could not be found.\n\n No resource provider with uuid 4ff83890-e4f1-4268-b3c2-bfb750a07826 found for delete ", "request_id": "req-5bf03afa-ace6-4e05-9b3e-84e84a866fc5"}]}
2026-07-09 17:55:21.159 10 INFO neutron.services.segments.plugin [-] Segment 4ff83890-e4f1-4268-b3c2-bfb750a07826 resource provider not found; error: Placement Client Error (4xx): {"errors": [{"status": 404, "title": "Not Found", "detail": "The resource could not be found.\n\n No resource provider with uuid 4ff83890-e4f1-4268-b3c2-bfb750a07826 found for delete ", "request_id": "req-46efd65a-4b06-4284-a831-23d11527bf2b"}]}
2026-07-09 17:55:21.168 10 INFO neutron.wsgi [None req-aa878ab8-7424-45a5-97b5-822e86b3f15a e1806128222e49898f59cc14cb494cf2 22cbbe806dbe4b2cbf033bf6bf75a74a - - default default] 10.0.0.192 "POST /v2.0/subnets HTTP/1.1" status: 201 len: 1476 time: 1.1218045
2026-07-09 17:55:21.192 10 INFO neutron.wsgi [None req-1fbfe82f-424b-4b4a-a879-b00956b5e0a1 d134d82769b84c089696eae8a111ebae 38c993074a2346dba54539992b4ddb56 - - default default] 10.0.0.192 "DELETE /v2.0/networks/833e56a3-0173-471e-bbc3-698982ec79d1 HTTP/1.1" status: 204 len: 168 time: 0.9517519
2026-07-09 17:55:21.240 9 INFO neutron.wsgi [None req-8c6408a5-5ad2-4087-869a-5bc9a5762031 e1806128222e49898f59cc14cb494cf2 22cbbe806dbe4b2cbf033bf6bf75a74a - - default default] 10.0.0.192 "GET /v2.0/subnets HTTP/1.1" status: 200 len: 2084 time: 0.0649676
2026-07-09 17:55:21.510 10 INFO neutron.wsgi [None req-3999abeb-6b0e-4800-b024-8308ac4182e8 e1806128222e49898f59cc14cb494cf2 22cbbe806dbe4b2cbf033bf6bf75a74a - - default default] 10.0.0.192 "DELETE /v2.0/subnets/b16d2288-3b15-484b-8c23-18c73eff2d22 HTTP/1.1" status: 204 len: 168 time: 0.2543702
2026-07-09 17:55:21.580 9 INFO neutron.db.ovn_revision_numbers_db [None req-c9c6d3e0-9138-486e-a9ca-b00e82551337 1a98df6b46ea4aacb4fd232415b0b273 9494c3cbd5a040da90b1d34f141d8ef9 - - default default] Successfully bumped revision number for resource a877312f-16a2-41ec-9834-7f70c3dea9c7 (type: ports) to 2
2026-07-09 17:55:21.644 9 INFO neutron.db.ovn_revision_numbers_db [None req-c9c6d3e0-9138-486e-a9ca-b00e82551337 1a98df6b46ea4aacb4fd232415b0b273 9494c3cbd5a040da90b1d34f141d8ef9 - - default default] Successfully bumped revision number for resource 8df481c5-d6be-45ec-b8eb-c902a95d81a3 (type: subnets) to 0
2026-07-09 17:55:21.668 9 INFO neutron.wsgi [None req-c9c6d3e0-9138-486e-a9ca-b00e82551337 1a98df6b46ea4aacb4fd232415b0b273 9494c3cbd5a040da90b1d34f141d8ef9 - - default default] 10.0.0.192 "POST /v2.0/subnets HTTP/1.1" status: 201 len: 801 time: 0.9702396
2026-07-09 17:55:21.684 9 WARNING neutron_lib.context [None req-67451279-1b85-4768-b7bd-3a1931e7fc20 1a98df6b46ea4aacb4fd232415b0b273 9494c3cbd5a040da90b1d34f141d8ef9 - - default default] Method 'is_advsvc' is deprecated since 2023.2 release (neutron-lib 3.8.0) and will be removed once support for the old RBAC API policies will be removed from Neutron. Please use method 'is_service_role' instead.
2026-07-09 17:55:21.806 9 INFO neutron.wsgi [None req-8331c591-6752-4d6c-9a2d-f55bdabfa3fb e1806128222e49898f59cc14cb494cf2 22cbbe806dbe4b2cbf033bf6bf75a74a - - default default] 10.0.0.192 "DELETE /v2.0/subnets/6f11f563-5973-43ff-993b-bcaf1d41b688 HTTP/1.1" status: 204 len: 168 time: 0.2855427
2026-07-09 17:55:21.876 9 INFO neutron.wsgi [None req-613ca2df-d2b2-4888-9e23-3abee1f54da1 e1806128222e49898f59cc14cb494cf2 22cbbe806dbe4b2cbf033bf6bf75a74a - - default default] 10.0.0.192 "GET /v2.0/subnets HTTP/1.1" status: 200 len: 820 time: 0.0623848
2026-07-09 17:55:21.877 9 INFO neutron.db.ovn_revision_numbers_db [None req-67451279-1b85-4768-b7bd-3a1931e7fc20 1a98df6b46ea4aacb4fd232415b0b273 9494c3cbd5a040da90b1d34f141d8ef9 - - default default] Successfully bumped revision number for resource 28790b43-f97f-445d-9337-087ca4c5219c (type: routers) to 1
2026-07-09 17:55:21.911 9 INFO neutron.wsgi [None req-67451279-1b85-4768-b7bd-3a1931e7fc20 1a98df6b46ea4aacb4fd232415b0b273 9494c3cbd5a040da90b1d34f141d8ef9 - - default default] 10.0.0.192 "POST /v2.0/routers HTTP/1.1" status: 201 len: 801 time: 0.2354949
2026-07-09 17:55:21.938 10 INFO neutron.wsgi [None req-76ceeb80-9187-4393-b3f0-c69cc7d72446 d0c65db9968c44ea881660ce31adcce2 2bb4e729329c4911868eda1f1f6609e1 - - default default] 10.0.0.192 "GET /v2.0/security-groups?tenant_id=38c993074a2346dba54539992b4ddb56&name=default HTTP/1.1" status: 200 len: 3120 time: 0.1754303
2026-07-09 17:55:22.249 9 INFO neutron.wsgi [None req-8df520b7-3ad0-4951-b53d-a740e7620daf d0c65db9968c44ea881660ce31adcce2 2bb4e729329c4911868eda1f1f6609e1 - - default default] 10.0.0.192 "DELETE /v2.0/security-groups/e3a27812-7d59-49aa-bac4-298b2177b506 HTTP/1.1" status: 204 len: 168 time: 0.3025353
2026-07-09 17:55:22.321 9 INFO neutron.services.segments.plugin [-] Segment a6d45bb7-65d0-4e1c-838d-1794fe68a4bd resource provider aggregate not found
2026-07-09 17:55:22.325 9 INFO neutron.services.segments.plugin [-] Segment a6d45bb7-65d0-4e1c-838d-1794fe68a4bd resource provider aggregate not found
2026-07-09 17:55:22.341 9 INFO neutron.services.segments.plugin [-] Segment a6d45bb7-65d0-4e1c-838d-1794fe68a4bd resource provider not found; error: Placement Client Error (4xx): {"errors": [{"status": 404, "title": "Not Found", "detail": "The resource could not be found.\n\n No resource provider with uuid a6d45bb7-65d0-4e1c-838d-1794fe68a4bd found for delete ", "request_id": "req-29442574-b14d-4583-867e-25b1414f06a2"}]}
2026-07-09 17:55:22.343 9 INFO neutron.services.segments.plugin [-] Segment a6d45bb7-65d0-4e1c-838d-1794fe68a4bd resource provider not found; error: Placement Client Error (4xx): {"errors": [{"status": 404, "title": "Not Found", "detail": "The resource could not be found.\n\n No resource provider with uuid a6d45bb7-65d0-4e1c-838d-1794fe68a4bd found for delete ", "request_id": "req-baa4f062-6cc8-47fb-8ba5-f2f8e989353a"}]}
2026-07-09 17:55:22.362 9 INFO neutron.wsgi [None req-6349452b-8e65-4072-b829-18e4bd8f3fc1 e1806128222e49898f59cc14cb494cf2 22cbbe806dbe4b2cbf033bf6bf75a74a - - default default] 10.0.0.192 "DELETE /v2.0/networks/d4e6f50c-085f-4ecd-8bb5-bed0792b5dde HTTP/1.1" status: 204 len: 168 time: 0.4796493
2026-07-09 17:55:22.538 10 WARNING neutron.scheduler.dhcp_agent_scheduler [None req-1ff6cf13-4ef3-450c-be9f-9ae77c31e0ef 1a98df6b46ea4aacb4fd232415b0b273 9494c3cbd5a040da90b1d34f141d8ef9 - - default default] No more DHCP agents
2026-07-09 17:55:22.542 10 WARNING neutron.api.rpc.agentnotifiers.dhcp_rpc_agent_api [None req-1ff6cf13-4ef3-450c-be9f-9ae77c31e0ef 1a98df6b46ea4aacb4fd232415b0b273 9494c3cbd5a040da90b1d34f141d8ef9 - - default default] Unable to schedule network 5c1f0284-3d1e-47de-be0f-1611d7de2d01: no agents available; will retry on subsequent port and subnet creation events.
2026-07-09 17:55:22.773 10 INFO neutron.db.ovn_revision_numbers_db [None req-1ff6cf13-4ef3-450c-be9f-9ae77c31e0ef 1a98df6b46ea4aacb4fd232415b0b273 9494c3cbd5a040da90b1d34f141d8ef9 - - default default] Successfully bumped revision number for resource c2131dfd-80a7-442a-81f3-77c98cc2ca55 (type: ports) to 1
2026-07-09 17:55:23.019 10 INFO neutron.wsgi [None req-008b87e0-67d2-484f-9f16-124066972d51 e1806128222e49898f59cc14cb494cf2 22cbbe806dbe4b2cbf033bf6bf75a74a - - default default] 10.0.0.192 "DELETE /v2.0/networks/71e1cfe9-1a1d-4bb2-a900-336221d50dc1 HTTP/1.1" status: 204 len: 168 time: 0.6510887
2026-07-09 17:55:23.189 10 INFO neutron.services.segments.plugin [-] Segment 2370ba3b-c886-4bbe-9835-fe4263b8f387 resource provider aggregate not found
2026-07-09 17:55:23.196 10 INFO neutron.services.segments.plugin [-] Segment 2370ba3b-c886-4bbe-9835-fe4263b8f387 resource provider aggregate not found
2026-07-09 17:55:23.212 10 INFO neutron.services.segments.plugin [-] Segment 2370ba3b-c886-4bbe-9835-fe4263b8f387 resource provider not found; error: Placement Client Error (4xx): {"errors": [{"status": 404, "title": "Not Found", "detail": "The resource could not be found.\n\n No resource provider with uuid 2370ba3b-c886-4bbe-9835-fe4263b8f387 found for delete ", "request_id": "req-ea9db02e-79bb-461b-99ab-f7733779c953"}]}
2026-07-09 17:55:23.213 10 INFO neutron.services.segments.plugin [-] Segment 2370ba3b-c886-4bbe-9835-fe4263b8f387 resource provider not found; error: Placement Client Error (4xx): {"errors": [{"status": 404, "title": "Not Found", "detail": "The resource could not be found.\n\n No resource provider with uuid 2370ba3b-c886-4bbe-9835-fe4263b8f387 found for delete ", "request_id": "req-9134d3dd-93f5-4dc1-9a41-11886dde6ced"}]}
2026-07-09 17:55:23.430 10 ERROR ovsdbapp.backend.ovs_idl.command [None req-1ff6cf13-4ef3-450c-be9f-9ae77c31e0ef 1a98df6b46ea4aacb4fd232415b0b273 9494c3cbd5a040da90b1d34f141d8ef9 - - default default] Error executing command (DbGetCommand): ovsdbapp.backend.ovs_idl.idlutils.RowNotFound: Cannot find Logical_Router_Port with name=lrp-c2131dfd-80a7-442a-81f3-77c98cc2ca55
2026-07-09 17:55:23.430 10 ERROR ovsdbapp.backend.ovs_idl.command
Traceback (most recent call last):
2026-07-09 17:55:23.430 10 ERROR ovsdbapp.backend.ovs_idl.command
File "/var/lib/openstack/lib/python3.10/site-packages/ovsdbapp/backend/ovs_idl/command.py", line 47, in execute
2026-07-09 17:55:23.430 10 ERROR ovsdbapp.backend.ovs_idl.command self.run_idl(None)
2026-07-09 17:55:23.430 10 ERROR ovsdbapp.backend.ovs_idl.command
File "/var/lib/openstack/lib/python3.10/site-packages/ovsdbapp/backend/ovs_idl/command.py", line 235, in run_idl
2026-07-09 17:55:23.430 10 ERROR ovsdbapp.backend.ovs_idl.command record = self.api.lookup(self.table, self.record)
2026-07-09 17:55:23.430 10 ERROR ovsdbapp.backend.ovs_idl.command
File "/var/lib/openstack/lib/python3.10/site-packages/ovsdbapp/backend/ovs_idl/__init__.py", line 184, in lookup
2026-07-09 17:55:23.430 10 ERROR ovsdbapp.backend.ovs_idl.command return self._lookup(table, record)
2026-07-09 17:55:23.430 10 ERROR ovsdbapp.backend.ovs_idl.command
File "/var/lib/openstack/lib/python3.10/site-packages/ovsdbapp/backend/ovs_idl/__init__.py", line 235, in _lookup
2026-07-09 17:55:23.430 10 ERROR ovsdbapp.backend.ovs_idl.command row = idlutils.row_by_value(self, rl.table, rl.column, record)
2026-07-09 17:55:23.430 10 ERROR ovsdbapp.backend.ovs_idl.command
File "/var/lib/openstack/lib/python3.10/site-packages/ovsdbapp/backend/ovs_idl/idlutils.py", line 114, in row_by_value
2026-07-09 17:55:23.430 10 ERROR ovsdbapp.backend.ovs_idl.command raise RowNotFound(table=table, col=column, match=match)
2026-07-09 17:55:23.430 10 ERROR ovsdbapp.backend.ovs_idl.command ovsdbapp.backend.ovs_idl.idlutils.RowNotFound: Cannot find Logical_Router_Port with name=lrp-c2131dfd-80a7-442a-81f3-77c98cc2ca55
2026-07-09 17:55:23.430 10 ERROR ovsdbapp.backend.ovs_idl.command 
2026-07-09 17:55:23.431 10 ERROR neutron_lib.callbacks.manager [None req-1ff6cf13-4ef3-450c-be9f-9ae77c31e0ef 1a98df6b46ea4aacb4fd232415b0b273 9494c3cbd5a040da90b1d34f141d8ef9 - - default default] Error during notification for neutron.services.ovn_l3.plugin.OVNL3RouterPlugin._port_update-8732684238566 port, after_update: ovsdbapp.backend.ovs_idl.idlutils.RowNotFound: Cannot find Logical_Router_Port with name=lrp-c2131dfd-80a7-442a-81f3-77c98cc2ca55
2026-07-09 17:55:23.431 10 ERROR neutron_lib.callbacks.manager
Traceback (most recent call last):
2026-07-09 17:55:23.431 10 ERROR neutron_lib.callbacks.manager
File "/var/lib/openstack/lib/python3.10/site-packages/neutron_lib/callbacks/manager.py", line 189, in _notify_loop
2026-07-09 17:55:23.431 10 ERROR neutron_lib.callbacks.manager callback.method(resource, event, trigger, payload=payload)
2026-07-09 17:55:23.431 10 ERROR neutron_lib.callbacks.manager
File "/var/lib/openstack/lib/python3.10/site-packages/neutron/services/ovn_l3/plugin.py", line 391, in _port_update
2026-07-09 17:55:23.431 10 ERROR neutron_lib.callbacks.manager l3plugin._ovn_client.update_router_port(context,
2026-07-09 17:55:23.431 10 ERROR neutron_lib.callbacks.manager
File "/var/lib/openstack/lib/python3.10/site-packages/neutron/plugins/ml2/drivers/ovn/mech_driver/ovsdb/ovn_client.py", line 1878, in update_router_port
2026-07-09 17:55:23.431 10 ERROR neutron_lib.callbacks.manager self._update_lrouter_port(context, port, if_exists=if_exists,
2026-07-09 17:55:23.431 10 ERROR neutron_lib.callbacks.manager
File "/var/lib/openstack/lib/python3.10/site-packages/neutron/plugins/ml2/drivers/ovn/mech_driver/ovsdb/ovn_client.py", line 1855, in _update_lrouter_port
2026-07-09 17:55:23.431 10 ERROR neutron_lib.callbacks.manager external_ids = self._nb_idl.db_get(
2026-07-09 17:55:23.431 10 ERROR neutron_lib.callbacks.manager
File "/var/lib/openstack/lib/python3.10/site-packages/ovsdbapp/backend/ovs_idl/command.py", line 47, in execute
2026-07-09 17:55:23.431 10 ERROR neutron_lib.callbacks.manager self.run_idl(None)
2026-07-09 17:55:23.431 10 ERROR neutron_lib.callbacks.manager
File "/var/lib/openstack/lib/python3.10/site-packages/ovsdbapp/backend/ovs_idl/command.py", line 235, in run_idl
2026-07-09 17:55:23.431 10 ERROR neutron_lib.callbacks.manager record = self.api.lookup(self.table, self.record)
2026-07-09 17:55:23.431 10 ERROR neutron_lib.callbacks.manager
File "/var/lib/openstack/lib/python3.10/site-packages/ovsdbapp/backend/ovs_idl/__init__.py", line 184, in lookup
2026-07-09 17:55:23.431 10 ERROR neutron_lib.callbacks.manager return self._lookup(table, record)
2026-07-09 17:55:23.431 10 ERROR neutron_lib.callbacks.manager
File "/var/lib/openstack/lib/python3.10/site-packages/ovsdbapp/backend/ovs_idl/__init__.py", line 235, in _lookup
2026-07-09 17:55:23.431 10 ERROR neutron_lib.callbacks.manager row = idlutils.row_by_value(self, rl.table, rl.column, record)
2026-07-09 17:55:23.431 10 ERROR neutron_lib.callbacks.manager
File "/var/lib/openstack/lib/python3.10/site-packages/ovsdbapp/backend/ovs_idl/idlutils.py", line 114, in row_by_value
2026-07-09 17:55:23.431 10 ERROR neutron_lib.callbacks.manager raise RowNotFound(table=table, col=column, match=match)
2026-07-09 17:55:23.431 10 ERROR neutron_lib.callbacks.manager ovsdbapp.backend.ovs_idl.idlutils.RowNotFound: Cannot find Logical_Router_Port with name=lrp-c2131dfd-80a7-442a-81f3-77c98cc2ca55
2026-07-09 17:55:23.431 10 ERROR neutron_lib.callbacks.manager 
2026-07-09 17:55:23.701 10 INFO neutron.plugins.ml2.drivers.ovn.mech_driver.mech_driver [None req-3a6840fe-c253-4c19-a799-668bedd5c8b2 - - - - - -] OVN reports status up for port: c2131dfd-80a7-442a-81f3-77c98cc2ca55
2026-07-09 17:55:23.720 10 INFO neutron.plugins.ml2.plugin [None req-3a6840fe-c253-4c19-a799-668bedd5c8b2 - - - - - -] Attempt 1 to provision port c2131dfd-80a7-442a-81f3-77c98cc2ca55
2026-07-09 17:55:23.741 10 INFO neutron.db.ovn_revision_numbers_db [None req-1ff6cf13-4ef3-450c-be9f-9ae77c31e0ef 1a98df6b46ea4aacb4fd232415b0b273 9494c3cbd5a040da90b1d34f141d8ef9 - - default default] Successfully bumped revision number for resource c2131dfd-80a7-442a-81f3-77c98cc2ca55 (type: ports) to 1
2026-07-09 17:55:23.835 9 INFO neutron.wsgi [None req-fc1a98c3-453b-410c-acfc-8780bfb15cae e1806128222e49898f59cc14cb494cf2 22cbbe806dbe4b2cbf033bf6bf75a74a - - default default] 10.0.0.192 "DELETE /v2.0/networks/104c525c-3eb0-4954-8463-4e6433bc6966 HTTP/1.1" status: 204 len: 168 time: 0.8070521
2026-07-09 17:55:23.839 10 WARNING neutron.scheduler.dhcp_agent_scheduler [None req-1ff6cf13-4ef3-450c-be9f-9ae77c31e0ef 1a98df6b46ea4aacb4fd232415b0b273 9494c3cbd5a040da90b1d34f141d8ef9 - - default default] No more DHCP agents
2026-07-09 17:55:23.852 10 WARNING neutron.api.rpc.agentnotifiers.dhcp_rpc_agent_api [None req-1ff6cf13-4ef3-450c-be9f-9ae77c31e0ef 1a98df6b46ea4aacb4fd232415b0b273 9494c3cbd5a040da90b1d34f141d8ef9 - - default default] Unable to schedule network 5c1f0284-3d1e-47de-be0f-1611d7de2d01: no agents available; will retry on subsequent port and subnet creation events.
2026-07-09 17:55:24.194 10 INFO neutron.db.ovn_revision_numbers_db [None req-1ff6cf13-4ef3-450c-be9f-9ae77c31e0ef 1a98df6b46ea4aacb4fd232415b0b273 9494c3cbd5a040da90b1d34f141d8ef9 - - default default] Successfully bumped revision number for resource c2131dfd-80a7-442a-81f3-77c98cc2ca55 (type: router_ports) to 1
2026-07-09 17:55:24.194 9 INFO neutron.wsgi [-] 10.0.0.218 "GET / HTTP/1.1" status: 200 len: 246 time: 0.0036223
2026-07-09 17:55:24.198 9 INFO neutron.wsgi [-] 10.0.0.218 "GET / HTTP/1.1" status: 200 len: 246 time: 0.0015059
2026-07-09 17:55:24.203 10 INFO neutron.wsgi [None req-1ff6cf13-4ef3-450c-be9f-9ae77c31e0ef 1a98df6b46ea4aacb4fd232415b0b273 9494c3cbd5a040da90b1d34f141d8ef9 - - default default] 10.0.0.192 "PUT /v2.0/routers/28790b43-f97f-445d-9337-087ca4c5219c/add_router_interface HTTP/1.1" status: 200 len: 503 time: 2.2836468
2026-07-09 17:55:24.262 9 INFO neutron.wsgi [None req-81abaeac-f769-49f7-b967-4b261db2be52 1a98df6b46ea4aacb4fd232415b0b273 9494c3cbd5a040da90b1d34f141d8ef9 - - default default] 10.0.0.192 "GET /v2.0/ports/c2131dfd-80a7-442a-81f3-77c98cc2ca55 HTTP/1.1" status: 200 len: 1137 time: 0.0517495
2026-07-09 17:55:24.396 9 INFO neutron.services.segments.plugin [-] Segment 1156f70b-1cf4-4582-869f-405fedb4b1ad resource provider aggregate not found
2026-07-09 17:55:24.400 9 INFO neutron.services.segments.plugin [-] Segment 1156f70b-1cf4-4582-869f-405fedb4b1ad resource provider aggregate not found
2026-07-09 17:55:24.421 9 INFO neutron.services.segments.plugin [-] Segment 1156f70b-1cf4-4582-869f-405fedb4b1ad resource provider not found; error: Placement Client Error (4xx): {"errors": [{"status": 404, "title": "Not Found", "detail": "The resource could not be found.\n\n No resource provider with uuid 1156f70b-1cf4-4582-869f-405fedb4b1ad found for delete ", "request_id": "req-1ff1796a-05fa-4e38-bb22-c0f0bad4d53f"}]}
2026-07-09 17:55:24.422 9 INFO neutron.services.segments.plugin [-] Segment 1156f70b-1cf4-4582-869f-405fedb4b1ad resource provider not found; error: Placement Client Error (4xx): {"errors": [{"status": 404, "title": "Not Found", "detail": "The resource could not be found.\n\n No resource provider with uuid 1156f70b-1cf4-4582-869f-405fedb4b1ad found for delete ", "request_id": "req-0c10ef83-667c-4a01-9d4d-10eef178b927"}]}
2026-07-09 17:55:24.786 10 INFO neutron.db.ovn_revision_numbers_db [None req-3a6840fe-c253-4c19-a799-668bedd5c8b2 - - - - - -] Successfully bumped revision number for resource c2131dfd-80a7-442a-81f3-77c98cc2ca55 (type: ports) to 2
2026-07-09 17:55:24.929 10 INFO neutron.wsgi [None req-658aea58-3f95-4cdb-8557-759cf2040462 e1806128222e49898f59cc14cb494cf2 22cbbe806dbe4b2cbf033bf6bf75a74a - - default default] 10.0.0.192 "DELETE /v2.0/networks/233b00bd-ce47-469a-9447-7a393c84c6db HTTP/1.1" status: 204 len: 168 time: 1.0889654
2026-07-09 17:55:24.979 10 INFO neutron.db.ovn_revision_numbers_db [None req-3a6840fe-c253-4c19-a799-668bedd5c8b2 - - - - - -] Successfully bumped revision number for resource c2131dfd-80a7-442a-81f3-77c98cc2ca55 (type: router_ports) to 2
2026-07-09 17:55:25.028 9 WARNING neutron.scheduler.dhcp_agent_scheduler [None req-dcaeb9fa-eff1-4ad1-a507-24d876222235 1a98df6b46ea4aacb4fd232415b0b273 9494c3cbd5a040da90b1d34f141d8ef9 - - default default] No more DHCP agents
2026-07-09 17:55:25.030 9 WARNING neutron.api.rpc.agentnotifiers.dhcp_rpc_agent_api [None req-dcaeb9fa-eff1-4ad1-a507-24d876222235 1a98df6b46ea4aacb4fd232415b0b273 9494c3cbd5a040da90b1d34f141d8ef9 - - default default] Unable to schedule network 221cd6d2-2b50-4344-a452-4ecc36ffd082: no agents available; will retry on subsequent port and subnet creation events.
2026-07-09 17:55:25.229 9 INFO neutron.db.ovn_revision_numbers_db [None req-dcaeb9fa-eff1-4ad1-a507-24d876222235 1a98df6b46ea4aacb4fd232415b0b273 9494c3cbd5a040da90b1d34f141d8ef9 - - default default] Successfully bumped revision number for resource 98bf116d-1335-4f5e-bd09-c258706fe5c5 (type: ports) to 1
2026-07-09 17:55:25.245 10 INFO neutron.services.segments.plugin [-] Segment dabe33fe-f45e-4dcd-a93b-3b75bf88d603 resource provider aggregate not found
2026-07-09 17:55:25.251 10 INFO neutron.services.segments.plugin [-] Segment dabe33fe-f45e-4dcd-a93b-3b75bf88d603 resource provider aggregate not found
2026-07-09 17:55:25.270 10 INFO neutron.services.segments.plugin [-] Segment dabe33fe-f45e-4dcd-a93b-3b75bf88d603 resource provider not found; error: Placement Client Error (4xx): {"errors": [{"status": 404, "title": "Not Found", "detail": "The resource could not be found.\n\n No resource provider with uuid dabe33fe-f45e-4dcd-a93b-3b75bf88d603 found for delete ", "request_id": "req-061695d6-f34a-4ac7-8ae7-14c595b2e118"}]}
2026-07-09 17:55:25.276 10 INFO neutron.services.segments.plugin [-] Segment dabe33fe-f45e-4dcd-a93b-3b75bf88d603 resource provider not found; error: Placement Client Error (4xx): {"errors": [{"status": 404, "title": "Not Found", "detail": "The resource could not be found.\n\n No resource provider with uuid dabe33fe-f45e-4dcd-a93b-3b75bf88d603 found for delete ", "request_id": "req-c2418c00-0811-42c6-916b-2788f05d2fac"}]}
2026-07-09 17:55:25.774 10 INFO neutron.wsgi [None req-c336a49f-06f0-4689-83a5-9b9b71aa1ba3 d0c65db9968c44ea881660ce31adcce2 2bb4e729329c4911868eda1f1f6609e1 - - default default] 10.0.0.192 "GET /v2.0/security-groups?tenant_id=22cbbe806dbe4b2cbf033bf6bf75a74a&name=default HTTP/1.1" status: 200 len: 3120 time: 0.1954300
2026-07-09 17:55:25.941 9 ERROR ovsdbapp.backend.ovs_idl.command [None req-dcaeb9fa-eff1-4ad1-a507-24d876222235 1a98df6b46ea4aacb4fd232415b0b273 9494c3cbd5a040da90b1d34f141d8ef9 - - default default] Error executing command (DbGetCommand): ovsdbapp.backend.ovs_idl.idlutils.RowNotFound: Cannot find Logical_Router_Port with name=lrp-98bf116d-1335-4f5e-bd09-c258706fe5c5
2026-07-09 17:55:25.941 9 ERROR ovsdbapp.backend.ovs_idl.command
Traceback (most recent call last):
2026-07-09 17:55:25.941 9 ERROR ovsdbapp.backend.ovs_idl.command
File "/var/lib/openstack/lib/python3.10/site-packages/ovsdbapp/backend/ovs_idl/command.py", line 47, in execute
