Jun 25 20:09:51.534674 np0000182856 devstack@neutron-api.service[103252]: DEBUG neutron.plugins.ml2.drivers.ovn.mech_driver.ovsdb.ovsdb_monitor [None req-05dcf8b0-1e3b-4630-a07f-f1181b1ba431 None None] Touching Hash Ring node "a3bc69384f815a78883800f5c937ac77" from IDL notify handler {{(pid=103252) notify /opt/stack/neutron/neutron/plugins/ml2/drivers/ovn/mech_driver/ovsdb/ovsdb_monitor.py:1007}}
Jun 25 20:09:51.535002 np0000182856 devstack@neutron-api.service[103251]: DEBUG neutron.plugins.ml2.drivers.ovn.mech_driver.ovsdb.ovsdb_monitor [None req-4fb002f7-4c2d-4215-b399-9c12b98ae5cd None None] Touching Hash Ring node "e70a6445bd8c5fd7aa1879b8dd801528" from IDL notify handler {{(pid=103251) notify /opt/stack/neutron/neutron/plugins/ml2/drivers/ovn/mech_driver/ovsdb/ovsdb_monitor.py:1007}}
Jun 25 20:09:51.537648 np0000182856 devstack@neutron-api.service[103251]: DEBUG neutron.plugins.ml2.drivers.ovn.mech_driver.ovsdb.ovsdb_monitor [None req-4fb002f7-4c2d-4215-b399-9c12b98ae5cd None None] Hash Ring: Node e70a6445bd8c5fd7aa1879b8dd801528 (host: np0000182856) handling event "create" for row 292e82bd-0ad6-4253-9eaa-787ce6750f81 (table: Logical_Switch_Port) {{(pid=103251) notify /opt/stack/neutron/neutron/plugins/ml2/drivers/ovn/mech_driver/ovsdb/ovsdb_monitor.py:1015}}
Jun 25 20:09:51.539164 np0000182856 devstack@neutron-api.service[103251]: DEBUG ovsdbapp.backend.ovs_idl.event [None req-4fb002f7-4c2d-4215-b399-9c12b98ae5cd None None] Matched CREATE: LogicalSwitchPortCreateEvent(events=('create',), table='Logical_Switch_Port', conditions=[], old_conditions=None), priority=20 to row=Logical_Switch_Port(uuid=292e82bd-0ad6-4253-9eaa-787ce6750f81, addresses=['unknown'], dhcpv4_options=[], dhcpv6_options=[], dynamic_addresses=[], enabled=True, external_ids={'neutron:cidrs': '172.24.5.7/24 2001:db8::2d1/64', 'neutron:device_id': '48c35f8b-748f-4636-8a48-8729098b3bf4', 'neutron:device_owner': 'network:router_gateway', 'neutron:mtu': '', 'neutron:network_name': 'neutron-100a30ae-eab7-4270-865f-1bcf1e5ecd4d', 'neutron:port_capabilities': '', 'neutron:port_name': '', 'neutron:project_id': '', 'neutron:revision_number': '1', 'neutron:security_group_ids': '', 'neutron:subnet_pool_addr_scope4': '', 'neutron:subnet_pool_addr_scope6': '', 'neutron:vnic_type': 'normal'}, ha_chassis_group=[], mirror_rules=[], name='680c294a-a6f1-4048-9691-9c51d86ba611', options={}, parent_name=[], port_security=[], tag=[], tag_request=[], type='', up=[]) old= {{(pid=103251) matches /opt/stack/data/venv/lib/python3.12/site-packages/ovsdbapp/backend/ovs_idl/event.py:55}}
Jun 25 20:09:51.539800 np0000182856 devstack@neutron-api.service[103251]: INFO neutron.plugins.ml2.drivers.ovn.mech_driver.mech_driver [None req-420c1332-03f6-4946-b8af-abcc25d17073 None None] OVN reports status down for port: 680c294a-a6f1-4048-9691-9c51d86ba611
Jun 25 20:09:51.541439 np0000182856 devstack@neutron-api.service[103251]: DEBUG neutron.plugins.ml2.drivers.ovn.mech_driver.ovsdb.ovsdb_monitor [None req-4fb002f7-4c2d-4215-b399-9c12b98ae5cd None None] Touching Hash Ring node "e70a6445bd8c5fd7aa1879b8dd801528" from IDL notify handler {{(pid=103251) notify /opt/stack/neutron/neutron/plugins/ml2/drivers/ovn/mech_driver/ovsdb/ovsdb_monitor.py:1007}}
Jun 25 20:09:51.543673 np0000182856 devstack@neutron-api.service[103252]: DEBUG neutron.plugins.ml2.drivers.ovn.mech_driver.ovsdb.ovsdb_monitor [None req-05dcf8b0-1e3b-4630-a07f-f1181b1ba431 None None] Hash Ring: Node a3bc69384f815a78883800f5c937ac77 (host: np0000182856) handling event "create" for row 64507ba7-1806-4bc3-b79d-64401de8c848 (table: Port_Binding) {{(pid=103252) notify /opt/stack/neutron/neutron/plugins/ml2/drivers/ovn/mech_driver/ovsdb/ovsdb_monitor.py:1015}}
Jun 25 20:09:51.544057 np0000182856 devstack@neutron-api.service[103251]: DEBUG neutron.plugins.ml2.drivers.ovn.mech_driver.ovsdb.ovsdb_monitor [None req-4fb002f7-4c2d-4215-b399-9c12b98ae5cd None None] Hash Ring: Node e70a6445bd8c5fd7aa1879b8dd801528 (host: np0000182856) handling event "update" for row 292e82bd-0ad6-4253-9eaa-787ce6750f81 (table: Logical_Switch_Port) {{(pid=103251) notify /opt/stack/neutron/neutron/plugins/ml2/drivers/ovn/mech_driver/ovsdb/ovsdb_monitor.py:1015}}
Jun 25 20:09:51.554852 np0000182856 devstack@neutron-api.service[103253]: INFO neutron.db.ovn_revision_numbers_db [None req-41e4c104-92ed-4d56-8507-dd9bd0ac9491 demo demo] Successfully bumped revision number for resource 680c294a-a6f1-4048-9691-9c51d86ba611 (type: ports) to 1
Jun 25 20:09:51.572935 np0000182856 devstack@neutron-api.service[103251]: DEBUG neutron.db.provisioning_blocks [None req-420c1332-03f6-4946-b8af-abcc25d17073 None None] Transition to ACTIVE for port object 680c294a-a6f1-4048-9691-9c51d86ba611 will not be triggered until provisioned by entity L2. {{(pid=103251) add_provisioning_component /opt/stack/neutron/neutron/db/provisioning_blocks.py:74}}
Jun 25 20:09:51.598154 np0000182856 devstack@neutron-api.service[103251]: DEBUG neutron.plugins.ml2.plugin [None req-420c1332-03f6-4946-b8af-abcc25d17073 None None] Current status of the port 680c294a-a6f1-4048-9691-9c51d86ba611 is: DOWN; New status is: DOWN {{(pid=103251) _update_individual_port_db_status /opt/stack/neutron/neutron/plugins/ml2/plugin.py:2473}}
Jun 25 20:09:51.599582 np0000182856 devstack@neutron-api.service[103251]: DEBUG ovsdbapp.backend.ovs_idl.transaction [None req-4fb002f7-4c2d-4215-b399-9c12b98ae5cd None None] Running txn n=1 command(idx=0): DbRemoveCommand(_result=None, table=Logical_Switch_Port, record=680c294a-a6f1-4048-9691-9c51d86ba611, column=external_ids, values=('neutron:host_id',), keyvalues={}, if_exists=True) {{(pid=103251) do_commit /opt/stack/data/venv/lib/python3.12/site-packages/ovsdbapp/backend/ovs_idl/transaction.py:89}}
Jun 25 20:09:51.674352 np0000182856 devstack@neutron-api.service[103253]: DEBUG neutron_lib.callbacks.manager [None req-41e4c104-92ed-4d56-8507-dd9bd0ac9491 demo demo] Publish callbacks [] for router_gateway (48c35f8b-748f-4636-8a48-8729098b3bf4), after_create {{(pid=103253) _notify_loop /opt/stack/data/venv/lib/python3.12/site-packages/neutron_lib/callbacks/manager.py:184}}
Jun 25 20:09:51.785926 np0000182856 devstack@neutron-api.service[103253]: DEBUG neutron_lib.callbacks.manager [None req-41e4c104-92ed-4d56-8507-dd9bd0ac9491 demo demo] Publish callbacks ['neutron.services.ovn_l3.service_providers.ovn.OvnDriver._process_router_create-25159'] for router (48c35f8b-748f-4636-8a48-8729098b3bf4), after_create {{(pid=103253) _notify_loop /opt/stack/data/venv/lib/python3.12/site-packages/neutron_lib/callbacks/manager.py:184}}
Jun 25 20:09:51.827152 np0000182856 devstack@neutron-api.service[103253]: ERROR ovsdbapp.backend.ovs_idl.command [None req-41e4c104-92ed-4d56-8507-dd9bd0ac9491 demo demo] Error executing command (DbGetCommand): ovsdbapp.backend.ovs_idl.idlutils.RowNotFound: Cannot find Logical_Router_Port with name=lrp-680c294a-a6f1-4048-9691-9c51d86ba611
Jun 25 20:09:51.827152 np0000182856 devstack@neutron-api.service[103253]: ERROR ovsdbapp.backend.ovs_idl.command
Traceback (most recent call last):
Jun 25 20:09:51.827152 np0000182856 devstack@neutron-api.service[103253]: ERROR ovsdbapp.backend.ovs_idl.command
File "/opt/stack/data/venv/lib/python3.12/site-packages/ovsdbapp/backend/ovs_idl/command.py", line 47, in execute
Jun 25 20:09:51.827152 np0000182856 devstack@neutron-api.service[103253]: ERROR ovsdbapp.backend.ovs_idl.command self.run_idl(None)
Jun 25 20:09:51.827152 np0000182856 devstack@neutron-api.service[103253]: ERROR ovsdbapp.backend.ovs_idl.command
File "/opt/stack/data/venv/lib/python3.12/site-packages/ovsdbapp/backend/ovs_idl/command.py", line 235, in run_idl
Jun 25 20:09:51.827152 np0000182856 devstack@neutron-api.service[103253]: ERROR ovsdbapp.backend.ovs_idl.command record = self.api.lookup(self.table, self.record)
Jun 25 20:09:51.827152 np0000182856 devstack@neutron-api.service[103253]: ERROR ovsdbapp.backend.ovs_idl.command ^^^^^^^^^^^^^^^^^^^^^^^^^^^^^^^^^^^^^^^^
Jun 25 20:09:51.827152 np0000182856 devstack@neutron-api.service[103253]: ERROR ovsdbapp.backend.ovs_idl.command
File "/opt/stack/data/venv/lib/python3.12/site-packages/ovsdbapp/backend/ovs_idl/__init__.py", line 184, in lookup
Jun 25 20:09:51.827152 np0000182856 devstack@neutron-api.service[103253]: ERROR ovsdbapp.backend.ovs_idl.command return self._lookup(table, record)
Jun 25 20:09:51.827152 np0000182856 devstack@neutron-api.service[103253]: ERROR ovsdbapp.backend.ovs_idl.command ^^^^^^^^^^^^^^^^^^^^^^^^^^^
Jun 25 20:09:51.827152 np0000182856 devstack@neutron-api.service[103253]: ERROR ovsdbapp.backend.ovs_idl.command
File "/opt/stack/data/venv/lib/python3.12/site-packages/ovsdbapp/backend/ovs_idl/__init__.py", line 235, in _lookup
Jun 25 20:09:51.827152 np0000182856 devstack@neutron-api.service[103253]: ERROR ovsdbapp.backend.ovs_idl.command row = idlutils.row_by_value(self, rl.table, rl.column, record)
Jun 25 20:09:51.827152 np0000182856 devstack@neutron-api.service[103253]: ERROR ovsdbapp.backend.ovs_idl.command ^^^^^^^^^^^^^^^^^^^^^^^^^^^^^^^^^^^^^^^^^^^^^^^^^^^^^^^^
Jun 25 20:09:51.827152 np0000182856 devstack@neutron-api.service[103253]: ERROR ovsdbapp.backend.ovs_idl.command
File "/opt/stack/data/venv/lib/python3.12/site-packages/ovsdbapp/backend/ovs_idl/idlutils.py", line 116, in row_by_value
Jun 25 20:09:51.827152 np0000182856 devstack@neutron-api.service[103253]: ERROR ovsdbapp.backend.ovs_idl.command raise RowNotFound(table=table, col=column, match=match)
Jun 25 20:09:51.827152 np0000182856 devstack@neutron-api.service[103253]: ERROR ovsdbapp.backend.ovs_idl.command ovsdbapp.backend.ovs_idl.idlutils.RowNotFound: Cannot find Logical_Router_Port with name=lrp-680c294a-a6f1-4048-9691-9c51d86ba611
Jun 25 20:09:51.827152 np0000182856 devstack@neutron-api.service[103253]: ERROR ovsdbapp.backend.ovs_idl.command
Jun 25 20:09:52.035564 np0000182856 devstack@neutron-api.service[103253]: DEBUG ovsdbapp.backend.ovs_idl.transaction [None req-885a4dd9-5e6e-43cf-959f-be1626ed5ee1 None None] Running txn n=1 command(idx=0): LrAddCommand(_result=None, router=neutron-48c35f8b-748f-4636-8a48-8729098b3bf4, may_exist=True, columns={'external_ids': {'neutron:router_name': 'k8s-clusterapi-cluster-magnum-system-kube-ihk36', 'neutron:revision_number': '2', 'neutron:availability_zone_hints': ''}, 'enabled': True, 'options': {'always_learn_from_arp_request': 'false', 'dynamic_neigh_routers': 'true', 'mac_binding_age_threshold': '300'}}) {{(pid=103253) do_commit /opt/stack/data/venv/lib/python3.12/site-packages/ovsdbapp/backend/ovs_idl/transaction.py:89}}
Jun 25 20:09:52.037092 np0000182856 devstack@neutron-api.service[103253]: DEBUG ovsdbapp.backend.ovs_idl.transaction [None req-885a4dd9-5e6e-43cf-959f-be1626ed5ee1 None None] Running txn n=1 command(idx=1): AddLRouterPortCommand(_result=None, name=lrp-680c294a-a6f1-4048-9691-9c51d86ba611, lrouter=neutron-48c35f8b-748f-4636-8a48-8729098b3bf4, may_exist=True, columns={'mac': 'fa:16:3e:b6:8f:b3', 'networks': ['172.24.5.7/24', '2001:db8::2d1/64'], 'external_ids': {'neutron:revision_number': '1', 'neutron:subnet_ids': '61c1c6c9-ad4e-4e35-aaaf-f6ee6ccaeeac e5742bfe-8d47-4fa0-8daa-6e9762668b5a', 'neutron:network_name': 'neutron-100a30ae-eab7-4270-865f-1bcf1e5ecd4d', 'neutron:is_ext_gw': 'True', 'neutron:router_name': 'neutron-48c35f8b-748f-4636-8a48-8729098b3bf4'}, 'options': {'reside-on-redirect-chassis': 'true', 'gateway_mtu': '1430'}}) {{(pid=103253) do_commit /opt/stack/data/venv/lib/python3.12/site-packages/ovsdbapp/backend/ovs_idl/transaction.py:89}}
Jun 25 20:09:52.037615 np0000182856 devstack@neutron-api.service[103253]: DEBUG ovsdbapp.backend.ovs_idl.transaction [None req-885a4dd9-5e6e-43cf-959f-be1626ed5ee1 None None] Running txn n=1 command(idx=2): ScheduleNewGatewayCommand(_result=None, g_name=lrp-680c294a-a6f1-4048-9691-9c51d86ba611, sb_api=, lrouter_name=neutron-48c35f8b-748f-4636-8a48-8729098b3bf4, ovn_client=, scheduler=, physnet=public, az_hints=[]) {{(pid=103253) do_commit /opt/stack/data/venv/lib/python3.12/site-packages/ovsdbapp/backend/ovs_idl/transaction.py:89}}
Jun 25 20:09:52.040144 np0000182856 devstack@neutron-api.service[103253]: DEBUG neutron.plugins.ml2.drivers.ovn.mech_driver.ovsdb.ovn_client [None req-885a4dd9-5e6e-43cf-959f-be1626ed5ee1 None None] Chassis candidates for scheduling gateway router ports for "public" physical network: ['14b99db5-c77e-4788-9ab4-39a44d986237'] {{(pid=103253) get_candidates_for_scheduling /opt/stack/neutron/neutron/plugins/ml2/drivers/ovn/mech_driver/ovsdb/ovn_client.py:1759}}
Jun 25 20:09:52.041026 np0000182856 devstack@neutron-api.service[103253]: DEBUG neutron.scheduler.l3_ovn_scheduler [None req-885a4dd9-5e6e-43cf-959f-be1626ed5ee1 None None] Gateway lrp-680c294a-a6f1-4048-9691-9c51d86ba611 scheduled on chassis ['14b99db5-c77e-4788-9ab4-39a44d986237'] {{(pid=103253) _schedule_gateway /opt/stack/neutron/neutron/scheduler/l3_ovn_scheduler.py:88}}
Jun 25 20:09:52.041666 np0000182856 devstack@neutron-api.service[103253]: DEBUG ovsdbapp.backend.ovs_idl.transaction [None req-885a4dd9-5e6e-43cf-959f-be1626ed5ee1 None None] Running txn n=1 command(idx=3): SetLRouterPortInLSwitchPortCommand(_result=None, lswitch_port=680c294a-a6f1-4048-9691-9c51d86ba611, lrouter_port=lrp-680c294a-a6f1-4048-9691-9c51d86ba611, is_gw_port=True, if_exists=True, lsp_address=router) {{(pid=103253) do_commit /opt/stack/data/venv/lib/python3.12/site-packages/ovsdbapp/backend/ovs_idl/transaction.py:89}}
Jun 25 20:09:52.042083 np0000182856 devstack@neutron-api.service[103253]: DEBUG ovsdbapp.backend.ovs_idl.transaction [None req-885a4dd9-5e6e-43cf-959f-be1626ed5ee1 None None] Running txn n=1 command(idx=4): AddStaticRouteCommand(_result=None, lrouter=neutron-48c35f8b-748f-4636-8a48-8729098b3bf4, maintain_bfd=False, columns={'ip_prefix': '0.0.0.0/0', 'nexthop': '172.24.5.1', 'external_ids': {'neutron:is_ext_gw': 'true', 'neutron:subnet_id': '61c1c6c9-ad4e-4e35-aaaf-f6ee6ccaeeac', 'neutron:is_static_route': 'true'}}) {{(pid=103253) do_commit /opt/stack/data/venv/lib/python3.12/site-packages/ovsdbapp/backend/ovs_idl/transaction.py:89}}
Jun 25 20:09:52.042496 np0000182856 devstack@neutron-api.service[103253]: DEBUG ovsdbapp.backend.ovs_idl.transaction [None req-885a4dd9-5e6e-43cf-959f-be1626ed5ee1 None None] Running txn n=1 command(idx=5): AddStaticRouteCommand(_result=None, lrouter=neutron-48c35f8b-748f-4636-8a48-8729098b3bf4, maintain_bfd=False, columns={'ip_prefix': '::/0', 'nexthop': '2001:db8::2', 'external_ids': {'neutron:is_ext_gw': 'true', 'neutron:subnet_id': 'e5742bfe-8d47-4fa0-8daa-6e9762668b5a', 'neutron:is_static_route': 'true'}}) {{(pid=103253) do_commit /opt/stack/data/venv/lib/python3.12/site-packages/ovsdbapp/backend/ovs_idl/transaction.py:89}}
Jun 25 20:09:52.042927 np0000182856 devstack@neutron-api.service[103253]: DEBUG ovsdbapp.backend.ovs_idl.transaction [None req-885a4dd9-5e6e-43cf-959f-be1626ed5ee1 None None] Running txn n=1 command(idx=6): AddNATRuleInLRouterCommand(_result=None, lrouter=neutron-48c35f8b-748f-4636-8a48-8729098b3bf4, nat_uuid=None, columns={'type': 'snat', 'logical_ip': '0.0.0.0/0', 'external_ip': '172.24.5.7'}) {{(pid=103253) do_commit /opt/stack/data/venv/lib/python3.12/site-packages/ovsdbapp/backend/ovs_idl/transaction.py:89}}
Jun 25 20:09:52.044578 np0000182856 devstack@neutron-api.service[103253]: DEBUG ovsdbapp.backend.ovs_idl.transaction [None req-885a4dd9-5e6e-43cf-959f-be1626ed5ee1 None None] Running txn n=1 command(idx=7): QoSDelCommand(_result=None, switch=neutron-100a30ae-eab7-4270-865f-1bcf1e5ecd4d, conditions=[('direction', '=', 'from-lport'), ('priority', '=', 2002), ('match', '=', 'inport == "680c294a-a6f1-4048-9691-9c51d86ba611"')], if_exists=True) {{(pid=103253) do_commit /opt/stack/data/venv/lib/python3.12/site-packages/ovsdbapp/backend/ovs_idl/transaction.py:89}}
Jun 25 20:09:52.044760 np0000182856 devstack@neutron-api.service[103253]: DEBUG ovsdbapp.backend.ovs_idl.transaction [None req-885a4dd9-5e6e-43cf-959f-be1626ed5ee1 None None] Running txn n=1 command(idx=8): QoSDelCommand(_result=None, switch=neutron-100a30ae-eab7-4270-865f-1bcf1e5ecd4d, conditions=[('direction', '=', 'to-lport'), ('priority', '=', 2002), ('match', '=', 'outport == "680c294a-a6f1-4048-9691-9c51d86ba611"')], if_exists=True) {{(pid=103253) do_commit /opt/stack/data/venv/lib/python3.12/site-packages/ovsdbapp/backend/ovs_idl/transaction.py:89}}
Jun 25 20:09:52.088425 np0000182856 devstack@neutron-api.service[103251]: DEBUG neutron.plugins.ml2.drivers.ovn.mech_driver.ovsdb.ovsdb_monitor [None req-4fb002f7-4c2d-4215-b399-9c12b98ae5cd None None] Touching Hash Ring node "e70a6445bd8c5fd7aa1879b8dd801528" from IDL notify handler {{(pid=103251) notify /opt/stack/neutron/neutron/plugins/ml2/drivers/ovn/mech_driver/ovsdb/ovsdb_monitor.py:1007}}
Jun 25 20:09:52.092482 np0000182856 devstack@neutron-api.service[103254]: DEBUG neutron.plugins.ml2.drivers.ovn.mech_driver.ovsdb.ovsdb_monitor [None req-0b3de50f-4fb5-4215-a1bd-363b77067198 None None] Touching Hash Ring node "e36480ef826c59ad9f49e9e01ce6c034" from IDL notify handler {{(pid=103254) notify /opt/stack/neutron/neutron/plugins/ml2/drivers/ovn/mech_driver/ovsdb/ovsdb_monitor.py:1007}}
Jun 25 20:09:52.092844 np0000182856 devstack@neutron-api.service[103251]: DEBUG neutron.plugins.ml2.drivers.ovn.mech_driver.ovsdb.ovsdb_monitor [None req-4fb002f7-4c2d-4215-b399-9c12b98ae5cd None None] Hash Ring: Node e70a6445bd8c5fd7aa1879b8dd801528 (host: np0000182856) handling event "create" for row ce3dfdc8-037e-4c28-b04f-7850d3f4f2c1 (table: HA_Chassis) {{(pid=103251) notify /opt/stack/neutron/neutron/plugins/ml2/drivers/ovn/mech_driver/ovsdb/ovsdb_monitor.py:1015}}
Jun 25 20:09:52.093926 np0000182856 devstack@neutron-api.service[103251]: DEBUG neutron.plugins.ml2.drivers.ovn.mech_driver.ovsdb.ovsdb_monitor [None req-4fb002f7-4c2d-4215-b399-9c12b98ae5cd None None] Touching Hash Ring node "e70a6445bd8c5fd7aa1879b8dd801528" from IDL notify handler {{(pid=103251) notify /opt/stack/neutron/neutron/plugins/ml2/drivers/ovn/mech_driver/ovsdb/ovsdb_monitor.py:1007}}
Jun 25 20:09:52.097089 np0000182856 devstack@neutron-api.service[103253]: DEBUG neutron.plugins.ml2.drivers.ovn.mech_driver.ovsdb.ovsdb_monitor [None req-885a4dd9-5e6e-43cf-959f-be1626ed5ee1 None None] Touching Hash Ring node "d13d8f82168f55d58ffa2a48235a5f65" from IDL notify handler {{(pid=103253) notify /opt/stack/neutron/neutron/plugins/ml2/drivers/ovn/mech_driver/ovsdb/ovsdb_monitor.py:1007}}
Jun 25 20:09:52.097253 np0000182856 devstack@neutron-api.service[103251]: DEBUG neutron.plugins.ml2.drivers.ovn.mech_driver.ovsdb.ovsdb_monitor [None req-4fb002f7-4c2d-4215-b399-9c12b98ae5cd None None] Hash Ring: Node e70a6445bd8c5fd7aa1879b8dd801528 (host: np0000182856) handling event "create" for row 591c0bbc-c56b-4a43-8ca1-85f017c0fb00 (table: Logical_Router_Static_Route) {{(pid=103251) notify /opt/stack/neutron/neutron/plugins/ml2/drivers/ovn/mech_driver/ovsdb/ovsdb_monitor.py:1015}}
Jun 25 20:09:52.098314 np0000182856 devstack@neutron-api.service[103251]: DEBUG neutron.plugins.ml2.drivers.ovn.mech_driver.ovsdb.ovsdb_monitor [None req-4fb002f7-4c2d-4215-b399-9c12b98ae5cd None None] Touching Hash Ring node "e70a6445bd8c5fd7aa1879b8dd801528" from IDL notify handler {{(pid=103251) notify /opt/stack/neutron/neutron/plugins/ml2/drivers/ovn/mech_driver/ovsdb/ovsdb_monitor.py:1007}}
Jun 25 20:09:52.099598 np0000182856 devstack@neutron-api.service[103251]: DEBUG neutron.plugins.ml2.drivers.ovn.mech_driver.ovsdb.ovsdb_monitor [None req-4fb002f7-4c2d-4215-b399-9c12b98ae5cd None None] Hash Ring: Node e70a6445bd8c5fd7aa1879b8dd801528 (host: np0000182856) handling event "update" for row 292e82bd-0ad6-4253-9eaa-787ce6750f81 (table: Logical_Switch_Port) {{(pid=103251) notify /opt/stack/neutron/neutron/plugins/ml2/drivers/ovn/mech_driver/ovsdb/ovsdb_monitor.py:1015}}
Jun 25 20:09:52.101784 np0000182856 devstack@neutron-api.service[103251]: DEBUG neutron.plugins.ml2.drivers.ovn.mech_driver.ovsdb.ovsdb_monitor [None req-4fb002f7-4c2d-4215-b399-9c12b98ae5cd None None] Touching Hash Ring node "e70a6445bd8c5fd7aa1879b8dd801528" from IDL notify handler {{(pid=103251) notify /opt/stack/neutron/neutron/plugins/ml2/drivers/ovn/mech_driver/ovsdb/ovsdb_monitor.py:1007}}
Jun 25 20:09:52.104794 np0000182856 devstack@neutron-api.service[103252]: DEBUG neutron.plugins.ml2.drivers.ovn.mech_driver.ovsdb.ovsdb_monitor [None req-2a3aef83-3415-4171-a7c7-679f6fc579ae None None] Touching Hash Ring node "a3bc69384f815a78883800f5c937ac77" from IDL notify handler {{(pid=103252) notify /opt/stack/neutron/neutron/plugins/ml2/drivers/ovn/mech_driver/ovsdb/ovsdb_monitor.py:1007}}
Jun 25 20:09:52.105869 np0000182856 devstack@neutron-api.service[103253]: DEBUG neutron.plugins.ml2.drivers.ovn.mech_driver.ovsdb.ovsdb_monitor [None req-c8e1d416-094b-4ee7-88bb-4fdb051774c0 None None] Touching Hash Ring node "d13d8f82168f55d58ffa2a48235a5f65" from IDL notify handler {{(pid=103253) notify /opt/stack/neutron/neutron/plugins/ml2/drivers/ovn/mech_driver/ovsdb/ovsdb_monitor.py:1007}}
Jun 25 20:09:52.107949 np0000182856 devstack@neutron-api.service[103253]: DEBUG neutron.plugins.ml2.drivers.ovn.mech_driver.ovsdb.ovsdb_monitor [None req-885a4dd9-5e6e-43cf-959f-be1626ed5ee1 None None] Hash Ring: Node d13d8f82168f55d58ffa2a48235a5f65 (host: np0000182856) handling event "create" for row 26bd6a37-4601-42ad-a2d5-27989de7c63a (table: Logical_Router_Static_Route) {{(pid=103253) notify /opt/stack/neutron/neutron/plugins/ml2/drivers/ovn/mech_driver/ovsdb/ovsdb_monitor.py:1015}}
Jun 25 20:09:52.110360 np0000182856 devstack@neutron-api.service[103253]: DEBUG neutron.plugins.ml2.drivers.ovn.mech_driver.ovsdb.ovsdb_monitor [None req-885a4dd9-5e6e-43cf-959f-be1626ed5ee1 None None] Touching Hash Ring node "d13d8f82168f55d58ffa2a48235a5f65" from IDL notify handler {{(pid=103253) notify /opt/stack/neutron/neutron/plugins/ml2/drivers/ovn/mech_driver/ovsdb/ovsdb_monitor.py:1007}}
Jun 25 20:09:52.111450 np0000182856 devstack@neutron-api.service[103251]: DEBUG neutron.plugins.ml2.drivers.ovn.mech_driver.ovsdb.ovsdb_monitor [None req-4fb002f7-4c2d-4215-b399-9c12b98ae5cd None None] Hash Ring: Node e70a6445bd8c5fd7aa1879b8dd801528 (host: np0000182856) handling event "update" for row 292e82bd-0ad6-4253-9eaa-787ce6750f81 (table: Logical_Switch_Port) {{(pid=103251) notify /opt/stack/neutron/neutron/plugins/ml2/drivers/ovn/mech_driver/ovsdb/ovsdb_monitor.py:1015}}
Jun 25 20:09:52.112407 np0000182856 devstack@neutron-api.service[103254]: DEBUG neutron.plugins.ml2.drivers.ovn.mech_driver.ovsdb.ovsdb_monitor [None req-0b3de50f-4fb5-4215-a1bd-363b77067198 None None] Hash Ring: Node e36480ef826c59ad9f49e9e01ce6c034 (host: np0000182856) handling event "create" for row 25642560-58fa-4478-aa47-7a71dd6a6ebc (table: HA_Chassis_Group) {{(pid=103254) notify /opt/stack/neutron/neutron/plugins/ml2/drivers/ovn/mech_driver/ovsdb/ovsdb_monitor.py:1015}}
Jun 25 20:09:52.112568 np0000182856 devstack@neutron-api.service[103253]: DEBUG neutron.plugins.ml2.drivers.ovn.mech_driver.ovsdb.ovsdb_monitor [None req-c8e1d416-094b-4ee7-88bb-4fdb051774c0 None None] Hash Ring: Node d13d8f82168f55d58ffa2a48235a5f65 (host: np0000182856) handling event "create" for row 38b5bb08-872a-4f35-967f-f423ff5f7007 (table: Datapath_Binding) {{(pid=103253) notify /opt/stack/neutron/neutron/plugins/ml2/drivers/ovn/mech_driver/ovsdb/ovsdb_monitor.py:1015}}
Jun 25 20:09:52.113587 np0000182856 devstack@neutron-api.service[103251]: DEBUG ovsdbapp.backend.ovs_idl.event [None req-4fb002f7-4c2d-4215-b399-9c12b98ae5cd None None] Matched UPDATE: LogicalSwitchPortUpdateUpEvent(events=('update',), table='Logical_Switch_Port', conditions=None, old_conditions=None), priority=20 to row=Logical_Switch_Port(uuid=292e82bd-0ad6-4253-9eaa-787ce6750f81, addresses=['router'], dhcpv4_options=[], dhcpv6_options=[], dynamic_addresses=[], enabled=True, external_ids={'neutron:cidrs': '172.24.5.7/24 2001:db8::2d1/64', 'neutron:device_id': '48c35f8b-748f-4636-8a48-8729098b3bf4', 'neutron:device_owner': 'network:router_gateway', 'neutron:mtu': '', 'neutron:network_name': 'neutron-100a30ae-eab7-4270-865f-1bcf1e5ecd4d', 'neutron:port_capabilities': '', 'neutron:port_name': '', 'neutron:project_id': '', 'neutron:revision_number': '1', 'neutron:security_group_ids': '', 'neutron:subnet_pool_addr_scope4': '', 'neutron:subnet_pool_addr_scope6': '', 'neutron:vnic_type': 'normal'}, ha_chassis_group=[], mirror_rules=[], name='680c294a-a6f1-4048-9691-9c51d86ba611', options={'exclude-lb-vips-from-garp': 'true', 'nat-addresses': 'router', 'router-port': 'lrp-680c294a-a6f1-4048-9691-9c51d86ba611'}, parent_name=[], port_security=[], tag=[], tag_request=[], type='router', up=True) old=Logical_Switch_Port(uuid=292e82bd-0ad6-4253-9eaa-787ce6750f81, up=False) {{(pid=103251) matches /opt/stack/data/venv/lib/python3.12/site-packages/ovsdbapp/backend/ovs_idl/event.py:55}}
Jun 25 20:09:52.114302 np0000182856 devstack@neutron-api.service[103254]: DEBUG neutron.plugins.ml2.drivers.ovn.mech_driver.ovsdb.ovsdb_monitor [None req-0b3de50f-4fb5-4215-a1bd-363b77067198 None None] Touching Hash Ring node "e36480ef826c59ad9f49e9e01ce6c034" from IDL notify handler {{(pid=103254) notify /opt/stack/neutron/neutron/plugins/ml2/drivers/ovn/mech_driver/ovsdb/ovsdb_monitor.py:1007}}
Jun 25 20:09:52.116002 np0000182856 devstack@neutron-api.service[103253]: DEBUG neutron.plugins.ml2.drivers.ovn.mech_driver.ovsdb.ovsdb_monitor [None req-885a4dd9-5e6e-43cf-959f-be1626ed5ee1 None None] Hash Ring: Node d13d8f82168f55d58ffa2a48235a5f65 (host: np0000182856) handling event "create" for row ceeba26b-9339-451b-ae4c-eb0c91cf1004 (table: NAT) {{(pid=103253) notify /opt/stack/neutron/neutron/plugins/ml2/drivers/ovn/mech_driver/ovsdb/ovsdb_monitor.py:1015}}
Jun 25 20:09:52.116557 np0000182856 devstack@neutron-api.service[103252]: DEBUG neutron.plugins.ml2.drivers.ovn.mech_driver.ovsdb.ovsdb_monitor [None req-2a3aef83-3415-4171-a7c7-679f6fc579ae None None] Hash Ring: Node a3bc69384f815a78883800f5c937ac77 (host: np0000182856) handling event "create" for row c1084400-d398-402c-9c27-224c349e6804 (table: Logical_Router_Port) {{(pid=103252) notify /opt/stack/neutron/neutron/plugins/ml2/drivers/ovn/mech_driver/ovsdb/ovsdb_monitor.py:1015}}
Jun 25 20:09:52.118100 np0000182856 devstack@neutron-api.service[103251]: DEBUG neutron.plugins.ml2.drivers.ovn.mech_driver.ovsdb.ovsdb_monitor [None req-f335b51b-2946-4a80-bc22-5ccc6c81b189 None None] Touching Hash Ring node "e70a6445bd8c5fd7aa1879b8dd801528" from IDL notify handler {{(pid=103251) notify /opt/stack/neutron/neutron/plugins/ml2/drivers/ovn/mech_driver/ovsdb/ovsdb_monitor.py:1007}}
Jun 25 20:09:52.118692 np0000182856 devstack@neutron-api.service[103252]: DEBUG ovsdbapp.backend.ovs_idl.event [None req-2a3aef83-3415-4171-a7c7-679f6fc579ae None None] Matched CREATE: LogicalRouterPortEvent(events=('create', 'delete'), table='Logical_Router_Port', conditions=None, old_conditions=None), priority=20 to row=Logical_Router_Port(uuid=c1084400-d398-402c-9c27-224c349e6804, enabled=[], external_ids={'neutron:is_ext_gw': 'True', 'neutron:network_name': 'neutron-100a30ae-eab7-4270-865f-1bcf1e5ecd4d', 'neutron:revision_number': '1', 'neutron:router_name': 'neutron-48c35f8b-748f-4636-8a48-8729098b3bf4', 'neutron:subnet_ids': '61c1c6c9-ad4e-4e35-aaaf-f6ee6ccaeeac e5742bfe-8d47-4fa0-8daa-6e9762668b5a'}, gateway_chassis=[], ha_chassis_group=25642560-58fa-4478-aa47-7a71dd6a6ebc, ipv6_prefix=[], ipv6_ra_configs={}, mac='fa:16:3e:b6:8f:b3', name='lrp-680c294a-a6f1-4048-9691-9c51d86ba611', networks=['172.24.5.7/24', '2001:db8::2d1/64'], options={'gateway_mtu': '1430', 'reside-on-redirect-chassis': 'true'}, peer=[], status={}) old= {{(pid=103252) matches /opt/stack/data/venv/lib/python3.12/site-packages/ovsdbapp/backend/ovs_idl/event.py:55}}
Jun 25 20:09:52.120251 np0000182856 devstack@neutron-api.service[103251]: INFO neutron.plugins.ml2.drivers.ovn.mech_driver.mech_driver [None req-420c1332-03f6-4946-b8af-abcc25d17073 None None] OVN reports status up for port: 680c294a-a6f1-4048-9691-9c51d86ba611
Jun 25 20:09:52.120775 np0000182856 devstack@neutron-api.service[103254]: DEBUG neutron.plugins.ml2.drivers.ovn.mech_driver.ovsdb.ovsdb_monitor [None req-0b3de50f-4fb5-4215-a1bd-363b77067198 None None] Hash Ring: Node e36480ef826c59ad9f49e9e01ce6c034 (host: np0000182856) handling event "create" for row bed3b0bd-0f14-4b72-b720-10a0baeffd2f (table: Logical_Router) {{(pid=103254) notify /opt/stack/neutron/neutron/plugins/ml2/drivers/ovn/mech_driver/ovsdb/ovsdb_monitor.py:1015}}
Jun 25 20:09:52.120982 np0000182856 devstack@neutron-api.service[103252]: DEBUG neutron.plugins.ml2.drivers.ovn.mech_driver.ovsdb.ovsdb_monitor [None req-05dcf8b0-1e3b-4630-a07f-f1181b1ba431 None None] Touching Hash Ring node "a3bc69384f815a78883800f5c937ac77" from IDL notify handler {{(pid=103252) notify /opt/stack/neutron/neutron/plugins/ml2/drivers/ovn/mech_driver/ovsdb/ovsdb_monitor.py:1007}}
Jun 25 20:09:52.123355 np0000182856 devstack@neutron-api.service[103254]: DEBUG neutron.plugins.ml2.drivers.ovn.mech_driver.ovsdb.ovsdb_monitor [None req-d4310846-ea72-424f-8c41-d9b615c6e5ca None None] Touching Hash Ring node "e36480ef826c59ad9f49e9e01ce6c034" from IDL notify handler {{(pid=103254) notify /opt/stack/neutron/neutron/plugins/ml2/drivers/ovn/mech_driver/ovsdb/ovsdb_monitor.py:1007}}
Jun 25 20:09:52.126121 np0000182856 devstack@neutron-api.service[103252]: DEBUG neutron.plugins.ml2.drivers.ovn.mech_driver.ovsdb.ovsdb_monitor [None req-2a3aef83-3415-4171-a7c7-679f6fc579ae None None] Touching Hash Ring node "a3bc69384f815a78883800f5c937ac77" from IDL notify handler {{(pid=103252) notify /opt/stack/neutron/neutron/plugins/ml2/drivers/ovn/mech_driver/ovsdb/ovsdb_monitor.py:1007}}
Jun 25 20:09:52.126648 np0000182856 devstack@neutron-api.service[103254]: DEBUG neutron.plugins.ml2.drivers.ovn.mech_driver.ovsdb.ovsdb_monitor [None req-d4310846-ea72-424f-8c41-d9b615c6e5ca None None] Hash Ring: Node e36480ef826c59ad9f49e9e01ce6c034 (host: np0000182856) handling event "create" for row ee1898fb-0e93-4552-afda-1b6c951fad49 (table: Port_Binding) {{(pid=103254) notify /opt/stack/neutron/neutron/plugins/ml2/drivers/ovn/mech_driver/ovsdb/ovsdb_monitor.py:1015}}
Jun 25 20:09:52.127412 np0000182856 devstack@neutron-api.service[103252]: DEBUG neutron.plugins.ml2.drivers.ovn.mech_driver.ovsdb.ovsdb_monitor [None req-05dcf8b0-1e3b-4630-a07f-f1181b1ba431 None None] Hash Ring: Node a3bc69384f815a78883800f5c937ac77 (host: np0000182856) handling event "update" for row 64507ba7-1806-4bc3-b79d-64401de8c848 (table: Port_Binding) {{(pid=103252) notify /opt/stack/neutron/neutron/plugins/ml2/drivers/ovn/mech_driver/ovsdb/ovsdb_monitor.py:1015}}
Jun 25 20:09:52.127969 np0000182856 devstack@neutron-api.service[103254]: DEBUG neutron.plugins.ml2.drivers.ovn.mech_driver.ovsdb.ovsdb_monitor [None req-d4310846-ea72-424f-8c41-d9b615c6e5ca None None] Touching Hash Ring node "e36480ef826c59ad9f49e9e01ce6c034" from IDL notify handler {{(pid=103254) notify /opt/stack/neutron/neutron/plugins/ml2/drivers/ovn/mech_driver/ovsdb/ovsdb_monitor.py:1007}}
Jun 25 20:09:52.128886 np0000182856 devstack@neutron-api.service[103251]: DEBUG neutron.plugins.ml2.drivers.ovn.mech_driver.ovsdb.ovsdb_monitor [None req-f335b51b-2946-4a80-bc22-5ccc6c81b189 None None] Hash Ring: Node e70a6445bd8c5fd7aa1879b8dd801528 (host: np0000182856) handling event "create" for row 48210b6d-069c-4e29-a933-f693f7ca6a2d (table: Port_Binding) {{(pid=103251) notify /opt/stack/neutron/neutron/plugins/ml2/drivers/ovn/mech_driver/ovsdb/ovsdb_monitor.py:1015}}
Jun 25 20:09:52.131250 np0000182856 devstack@neutron-api.service[103254]: DEBUG neutron.plugins.ml2.drivers.ovn.mech_driver.ovsdb.ovsdb_monitor [None req-d4310846-ea72-424f-8c41-d9b615c6e5ca None None] Hash Ring: Node e36480ef826c59ad9f49e9e01ce6c034 (host: np0000182856) handling event "update" for row ee1898fb-0e93-4552-afda-1b6c951fad49 (table: Port_Binding) {{(pid=103254) notify /opt/stack/neutron/neutron/plugins/ml2/drivers/ovn/mech_driver/ovsdb/ovsdb_monitor.py:1015}}
Jun 25 20:09:52.132750 np0000182856 devstack@neutron-api.service[103252]: DEBUG neutron.plugins.ml2.drivers.ovn.mech_driver.ovsdb.ovsdb_monitor [None req-2a3aef83-3415-4171-a7c7-679f6fc579ae None None] Hash Ring: Node a3bc69384f815a78883800f5c937ac77 (host: np0000182856) handling event "update" for row c1084400-d398-402c-9c27-224c349e6804 (table: Logical_Router_Port) {{(pid=103252) notify /opt/stack/neutron/neutron/plugins/ml2/drivers/ovn/mech_driver/ovsdb/ovsdb_monitor.py:1015}}
Jun 25 20:09:52.133185 np0000182856 devstack@neutron-api.service[103254]: DEBUG ovsdbapp.backend.ovs_idl.event [None req-d4310846-ea72-424f-8c41-d9b615c6e5ca None None] Matched UPDATE: PortBindingChassisEvent(events=('update',), table='Port_Binding', conditions=None, old_conditions=None), priority=20 to row=Port_Binding(uuid=ee1898fb-0e93-4552-afda-1b6c951fad49, additional_chassis=[], additional_encap=[], chassis=c014dc74-2df2-4e6c-b370-89698193a413, datapath=38b5bb08-872a-4f35-967f-f423ff5f7007, encap=[], external_ids={'neutron:is_ext_gw': 'True', 'neutron:network_name': 'neutron-100a30ae-eab7-4270-865f-1bcf1e5ecd4d', 'neutron:revision_number': '1', 'neutron:router_name': 'neutron-48c35f8b-748f-4636-8a48-8729098b3bf4', 'neutron:subnet_ids': '61c1c6c9-ad4e-4e35-aaaf-f6ee6ccaeeac e5742bfe-8d47-4fa0-8daa-6e9762668b5a'}, gateway_chassis=[], logical_port='cr-lrp-680c294a-a6f1-4048-9691-9c51d86ba611', mac=['fa:16:3e:b6:8f:b3 172.24.5.7/24 2001:db8::2d1/64'], mirror_rules=[], nat_addresses=[], options={'always-redirect': 'true', 'distributed-port': 'lrp-680c294a-a6f1-4048-9691-9c51d86ba611'}, parent_port=[], port_security=[], requested_additional_chassis=[], requested_chassis=[], tag=[], tunnel_key=2, type='chassisredirect', up=True, virtual_parent=[]) old=Port_Binding(uuid=ee1898fb-0e93-4552-afda-1b6c951fad49, chassis=[], up=False) {{(pid=103254) matches /opt/stack/data/venv/lib/python3.12/site-packages/ovsdbapp/backend/ovs_idl/event.py:55}}
Jun 25 20:09:52.134881 np0000182856 devstack@neutron-api.service[103254]: INFO neutron.plugins.ml2.drivers.ovn.mech_driver.ovsdb.ovsdb_monitor [-] Router 48c35f8b-748f-4636-8a48-8729098b3bf4 is bound to host np0000182856
Jun 25 20:09:52.135390 np0000182856 devstack@neutron-api.service[103251]: DEBUG neutron.db.provisioning_blocks [None req-420c1332-03f6-4946-b8af-abcc25d17073 None None] Provisioning for port 680c294a-a6f1-4048-9691-9c51d86ba611 completed by entity L2. {{(pid=103251) provisioning_complete /opt/stack/neutron/neutron/db/provisioning_blocks.py:133}}
Jun 25 20:09:52.143834 np0000182856 devstack@neutron-api.service[103251]: DEBUG neutron.db.provisioning_blocks [None req-420c1332-03f6-4946-b8af-abcc25d17073 None None] Provisioning complete for port 680c294a-a6f1-4048-9691-9c51d86ba611 triggered by entity L2. {{(pid=103251) provisioning_complete /opt/stack/neutron/neutron/db/provisioning_blocks.py:141}}
Jun 25 20:09:52.143834 np0000182856 devstack@neutron-api.service[103251]: DEBUG neutron_lib.callbacks.manager [None req-420c1332-03f6-4946-b8af-abcc25d17073 None None] Publish callbacks ['neutron.plugins.ml2.plugin.Ml2Plugin._port_provisioned-471407'] for port (680c294a-a6f1-4048-9691-9c51d86ba611), provisioning_complete {{(pid=103251) _notify_loop /opt/stack/data/venv/lib/python3.12/site-packages/neutron_lib/callbacks/manager.py:184}}
Jun 25 20:09:52.144128 np0000182856 devstack@neutron-api.service[103251]: INFO neutron.plugins.ml2.plugin [None req-420c1332-03f6-4946-b8af-abcc25d17073 None None] Attempt 1 to provision port 680c294a-a6f1-4048-9691-9c51d86ba611
Jun 25 20:09:52.163983 np0000182856 devstack@neutron-api.service[103253]: INFO neutron.db.ovn_revision_numbers_db [None req-41e4c104-92ed-4d56-8507-dd9bd0ac9491 demo demo] Successfully bumped revision number for resource 680c294a-a6f1-4048-9691-9c51d86ba611 (type: router_ports) to 1
Jun 25 20:09:52.164125 np0000182856 devstack@neutron-api.service[103251]: DEBUG neutron.plugins.ml2.plugin [None req-420c1332-03f6-4946-b8af-abcc25d17073 None None] Port 680c294a-a6f1-4048-9691-9c51d86ba611 cannot update to ACTIVE because it is not bound. {{(pid=103251) _port_provisioned /opt/stack/neutron/neutron/plugins/ml2/plugin.py:393}}
Jun 25 20:09:52.204670 np0000182856 devstack@neutron-api.service[103254]: DEBUG neutron_lib.callbacks.manager [None req-554c02dc-81a2-4efe-9d5c-8a9cd32fb30c None None] Publish callbacks ['neutron.plugins.ml2.plugin.SecurityGroupDbMixin._ensure_default_security_group_handler-7484382', 'neutron.services.ovn_l3.plugin.OVNL3RouterPlugin._port_update-8140223483908', 'neutron.db.l3_db.L3_NAT_dbonly_mixin._prevent_internal_ip_change_for_fip-8140224607536'] for port (680c294a-a6f1-4048-9691-9c51d86ba611), before_update {{(pid=103254) _notify_loop /opt/stack/data/venv/lib/python3.12/site-packages/neutron_lib/callbacks/manager.py:184}}
Jun 25 20:09:52.255459 np0000182856 devstack@neutron-api.service[103253]: INFO neutron.db.ovn_revision_numbers_db [None req-41e4c104-92ed-4d56-8507-dd9bd0ac9491 demo demo] Successfully bumped revision number for resource 48c35f8b-748f-4636-8a48-8729098b3bf4 (type: routers) to 2
Jun 25 20:09:52.275821 np0000182856 devstack@neutron-api.service[103253]: DEBUG neutron_lib.callbacks.manager [None req-41e4c104-92ed-4d56-8507-dd9bd0ac9491 demo demo] Publish callbacks [] for router (None), before_response {{(pid=103253) _notify_loop /opt/stack/data/venv/lib/python3.12/site-packages/neutron_lib/callbacks/manager.py:184}}
Jun 25 20:09:52.279304 np0000182856 devstack@neutron-api.service[103253]: [pid: 103253|app: 0|req: 30/121] 199.19.213.111 () {68 vars in 1356 bytes} [Thu Jun 25 20:09:50 2026] POST /networking/v2.0/routers => generated 1212 bytes in 1554 msecs (HTTP/1.1 201) 4 headers in 163 bytes (1 switches on core 0)
Jun 25 20:09:52.312561 np0000182856 devstack@neutron-api.service[103254]: DEBUG neutron_lib.callbacks.manager [None req-554c02dc-81a2-4efe-9d5c-8a9cd32fb30c None None] Publish callbacks [] for port (680c294a-a6f1-4048-9691-9c51d86ba611), precommit_update {{(pid=103254) _notify_loop /opt/stack/data/venv/lib/python3.12/site-packages/neutron_lib/callbacks/manager.py:184}}
Jun 25 20:09:52.319480 np0000182856 devstack@neutron-api.service[103254]: DEBUG neutron.db.provisioning_blocks [None req-554c02dc-81a2-4efe-9d5c-8a9cd32fb30c None None] Transition to ACTIVE for port object 680c294a-a6f1-4048-9691-9c51d86ba611 will not be triggered until provisioned by entity L2. {{(pid=103254) add_provisioning_component /opt/stack/neutron/neutron/db/provisioning_blocks.py:74}}
Jun 25 20:09:52.322779 np0000182856 devstack@neutron-api.service[103251]: [pid: 103251|app: 0|req: 32/122] 199.19.213.111 () {64 vars in 1389 bytes} [Thu Jun 25 20:09:52 2026] GET /networking/v2.0/ports?device_id=48c35f8b-748f-4636-8a48-8729098b3bf4 => generated 12 bytes in 37 msecs (HTTP/1.1 200) 4 headers in 156 bytes (1 switches on core 0)
Jun 25 20:09:52.373067 np0000182856 devstack@neutron-api.service[103254]: DEBUG neutron_lib.callbacks.manager [None req-554c02dc-81a2-4efe-9d5c-8a9cd32fb30c None None] Publish callbacks ['neutron.plugins.ml2.ovo_rpc._ObjectChangeHandler.handle_event-2654645', 'neutron.services.ovn_l3.plugin.OVNL3RouterPlugin._port_update-8140223483908'] for port (680c294a-a6f1-4048-9691-9c51d86ba611), after_update {{(pid=103254) _notify_loop /opt/stack/data/venv/lib/python3.12/site-packages/neutron_lib/callbacks/manager.py:184}}
Jun 25 20:09:52.394253 np0000182856 devstack@neutron-api.service[103254]: DEBUG neutron.api.rpc.handlers.resources_rpc [None req-554c02dc-81a2-4efe-9d5c-8a9cd32fb30c None None] Pushing event updated for resources: {'Port': ['ID=680c294a-a6f1-4048-9691-9c51d86ba611,revision_number=2']} {{(pid=103254) push /opt/stack/neutron/neutron/api/rpc/handlers/resources_rpc.py:237}}
Jun 25 20:09:52.475619 np0000182856 devstack@neutron-api.service[103254]: DEBUG neutron.plugins.ml2.drivers.ovn.mech_driver.ovsdb.commands [None req-554c02dc-81a2-4efe-9d5c-8a9cd32fb30c None None] Converting tag [] to a tag_request {{(pid=103254) _tag_column_to_tag_request /opt/stack/neutron/neutron/plugins/ml2/drivers/ovn/mech_driver/ovsdb/commands.py:205}}
Jun 25 20:09:52.476948 np0000182856 devstack@neutron-api.service[103254]: DEBUG ovsdbapp.backend.ovs_idl.transaction [None req-0b3de50f-4fb5-4215-a1bd-363b77067198 None None] Running txn n=1 command(idx=0): CheckRevisionNumberCommand(_result=None, name=680c294a-a6f1-4048-9691-9c51d86ba611, resource={'id': '680c294a-a6f1-4048-9691-9c51d86ba611', 'name': '', 'network_id': '100a30ae-eab7-4270-865f-1bcf1e5ecd4d', 'project_id': '', 'mac_address': 'fa:16:3e:b6:8f:b3', 'admin_state_up': True, 'status': 'DOWN', 'device_id': '48c35f8b-748f-4636-8a48-8729098b3bf4', 'device_owner': 'network:router_gateway', 'standard_attr_id': 57, 'fixed_ips': [{'subnet_id': '61c1c6c9-ad4e-4e35-aaaf-f6ee6ccaeeac', 'ip_address': '172.24.5.7'}, {'subnet_id': 'e5742bfe-8d47-4fa0-8daa-6e9762668b5a', 'ip_address': '2001:db8::2d1'}], 'allowed_address_pairs': [], 'extra_dhcp_opts': [], 'security_groups': [], 'description': '', 'binding:vnic_type': 'normal', 'binding:profile': {}, 'binding:host_id': 'np0000182856', 'binding:vif_type': 'unbound', 'binding:vif_details': {}, 'port_security_enabled': False, 'tags': [], 'created_at': '2026-06-25T20:09:51Z', 'updated_at': '2026-06-25T20:09:51Z', 'revision_number': 1, 'tenant_id': '', 'network': {'id': '100a30ae-eab7-4270-865f-1bcf1e5ecd4d', 'name': 'public', 'tenant_id': '9e64140007d54f49a4a1dc8faf812a7e', 'project_id': '9e64140007d54f49a4a1dc8faf812a7e', 'admin_state_up': True, 'mtu': 1430, 'status': 'ACTIVE', 'subnets': ['61c1c6c9-ad4e-4e35-aaaf-f6ee6ccaeeac', 'e5742bfe-8d47-4fa0-8daa-6e9762668b5a'], 'standard_attr_id': 18, 'shared': False, 'availability_zone_hints': [], 'availability_zones': [], 'ipv4_address_scope': None, 'ipv6_address_scope': None, 'router:external': True, 'qinq': False, 'vlan_transparent': False, 'description': '', 'port_security_enabled': True, 'is_default': True, 'tags': [], 'created_at': '2026-06-25T20:05:55Z', 'updated_at': '2026-06-25T20:06:03Z', 'revision_number': 3, 'provider:network_type': 'flat', 'provider:physical_network': 'public', 'provider:segmentation_id': None}}, resource_type=ports, if_exists=True) {{(pid=103254) do_commit /opt/stack/data/venv/lib/python3.12/site-packages/ovsdbapp/backend/ovs_idl/transaction.py:89}}
Jun 25 20:09:52.477755 np0000182856 devstack@neutron-api.service[103254]: DEBUG ovsdbapp.backend.ovs_idl.transaction [None req-0b3de50f-4fb5-4215-a1bd-363b77067198 None None] Running txn n=1 command(idx=1): SetLSwitchPortCommand(_result=None, lport=680c294a-a6f1-4048-9691-9c51d86ba611, external_ids_update=None, columns={'external_ids': {'neutron:port_name': '', 'neutron:device_id': '48c35f8b-748f-4636-8a48-8729098b3bf4', 'neutron:project_id': '', 'neutron:cidrs': '172.24.5.7/24 2001:db8::2d1/64', 'neutron:device_owner': 'network:router_gateway', 'neutron:subnet_pool_addr_scope4': '', 'neutron:subnet_pool_addr_scope6': '', 'neutron:network_name': 'neutron-100a30ae-eab7-4270-865f-1bcf1e5ecd4d', 'neutron:security_group_ids': '', 'neutron:revision_number': '1', 'neutron:vnic_type': 'normal', 'neutron:port_capabilities': '', 'neutron:mtu': ''}, 'parent_name': [], 'options': {'requested-chassis': 'np0000182856', 'exclude-lb-vips-from-garp': 'true', 'nat-addresses': 'router', 'router-port': 'lrp-680c294a-a6f1-4048-9691-9c51d86ba611'}, 'enabled': True, 'port_security': [], 'dhcpv4_options': [], 'dhcpv6_options': [], 'type': 'router', 'ha_chassis_group': [], 'tag_request': []}, if_exists=False) {{(pid=103254) do_commit /opt/stack/data/venv/lib/python3.12/site-packages/ovsdbapp/backend/ovs_idl/transaction.py:89}}
Jun 25 20:09:52.478655 np0000182856 devstack@neutron-api.service[103254]: DEBUG ovsdbapp.backend.ovs_idl.transaction [None req-0b3de50f-4fb5-4215-a1bd-363b77067198 None None] Running txn n=1 command(idx=2): PgDelPortCommand(_result=None, port_group=neutron_pg_drop, lsp=['680c294a-a6f1-4048-9691-9c51d86ba611'], if_exists=False) {{(pid=103254) do_commit /opt/stack/data/venv/lib/python3.12/site-packages/ovsdbapp/backend/ovs_idl/transaction.py:89}}
Jun 25 20:09:52.484966 np0000182856 devstack@neutron-api.service[103251]: DEBUG neutron.plugins.ml2.drivers.ovn.mech_driver.ovsdb.ovsdb_monitor [None req-4fb002f7-4c2d-4215-b399-9c12b98ae5cd None None] Touching Hash Ring node "e70a6445bd8c5fd7aa1879b8dd801528" from IDL notify handler {{(pid=103251) notify /opt/stack/neutron/neutron/plugins/ml2/drivers/ovn/mech_driver/ovsdb/ovsdb_monitor.py:1007}}
Jun 25 20:09:52.491159 np0000182856 devstack@neutron-api.service[103251]: DEBUG neutron.plugins.ml2.drivers.ovn.mech_driver.ovsdb.ovsdb_monitor [None req-4fb002f7-4c2d-4215-b399-9c12b98ae5cd None None] Hash Ring: Node e70a6445bd8c5fd7aa1879b8dd801528 (host: np0000182856) handling event "update" for row 292e82bd-0ad6-4253-9eaa-787ce6750f81 (table: Logical_Switch_Port) {{(pid=103251) notify /opt/stack/neutron/neutron/plugins/ml2/drivers/ovn/mech_driver/ovsdb/ovsdb_monitor.py:1015}}
Jun 25 20:09:52.521242 np0000182856 devstack@neutron-api.service[103254]: DEBUG neutron.plugins.ml2.managers [None req-554c02dc-81a2-4efe-9d5c-8a9cd32fb30c None None] Attempting to bind port 680c294a-a6f1-4048-9691-9c51d86ba611 on host np0000182856 for vnic_type normal with profile {{(pid=103254) bind_port /opt/stack/neutron/neutron/plugins/ml2/managers.py:865}}
Jun 25 20:09:52.521415 np0000182856 devstack@neutron-api.service[103254]: DEBUG neutron.plugins.ml2.managers [None req-554c02dc-81a2-4efe-9d5c-8a9cd32fb30c None None] Attempting to bind port 680c294a-a6f1-4048-9691-9c51d86ba611 by drivers ovn on host np0000182856 at level 0 using segments [{'id': '22b60f2d-7ee7-4846-a284-0c63b8230854', 'network_type': 'flat', 'physical_network': 'public', 'segmentation_id': None, 'network_id': '100a30ae-eab7-4270-865f-1bcf1e5ecd4d'}] {{(pid=103254) _bind_port_level /opt/stack/neutron/neutron/plugins/ml2/managers.py:890}}
Jun 25 20:09:52.522892 np0000182856 devstack@neutron-api.service[103254]: DEBUG neutron.plugins.ml2.drivers.ovn.mech_driver.mech_driver [None req-554c02dc-81a2-4efe-9d5c-8a9cd32fb30c None None] Attempting to bind port 680c294a-a6f1-4048-9691-9c51d86ba611 on host np0000182856 for network segment with type flat, segmentation ID None, physical network public {{(pid=103254) bind_port /opt/stack/neutron/neutron/plugins/ml2/drivers/ovn/mech_driver/mech_driver.py:1209}}
Jun 25 20:09:52.523534 np0000182856 devstack@neutron-api.service[103254]: DEBUG neutron.plugins.ml2.managers [None req-554c02dc-81a2-4efe-9d5c-8a9cd32fb30c None None] Bound port: 680c294a-a6f1-4048-9691-9c51d86ba611, host: np0000182856, vif_type: ovs, vif_details: {"port_filter": true, "connectivity": "l2", "ovs_create_tap": false, "bridge_name": "br-int", "datapath_type": "system"}, binding_levels: [{'bound_driver': 'ovn', 'bound_segment': {'id': '22b60f2d-7ee7-4846-a284-0c63b8230854', 'network_type': 'flat', 'physical_network': 'public', 'segmentation_id': None, 'network_id': '100a30ae-eab7-4270-865f-1bcf1e5ecd4d'}}] {{(pid=103254) _bind_port_level /opt/stack/neutron/neutron/plugins/ml2/managers.py:1001}}
Jun 25 20:09:52.523727 np0000182856 devstack@neutron-api.service[103254]: DEBUG neutron_lib.callbacks.manager [None req-554c02dc-81a2-4efe-9d5c-8a9cd32fb30c None None] Publish callbacks ['neutron.plugins.ml2.plugin.SecurityGroupDbMixin._ensure_default_security_group_handler-7484382', 'neutron.services.ovn_l3.plugin.OVNL3RouterPlugin._port_update-8140223483908', 'neutron.db.l3_db.L3_NAT_dbonly_mixin._prevent_internal_ip_change_for_fip-8140224607536'] for port (680c294a-a6f1-4048-9691-9c51d86ba611), before_update {{(pid=103254) _notify_loop /opt/stack/data/venv/lib/python3.12/site-packages/neutron_lib/callbacks/manager.py:184}}
Jun 25 20:09:52.549400 np0000182856 devstack@neutron-api.service[103254]: DEBUG neutron.plugins.ml2.db [None req-554c02dc-81a2-4efe-9d5c-8a9cd32fb30c None None] For port 680c294a-a6f1-4048-9691-9c51d86ba611, host np0000182856, cleared binding levels {{(pid=103254) clear_binding_levels /opt/stack/neutron/neutron/plugins/ml2/db.py:87}}
Jun 25 20:09:52.552011 np0000182856 devstack@neutron-api.service[103252]: DEBUG neutron_lib.callbacks.manager [None req-9d1ca978-a098-4890-9a76-bcda61fc3b41 demo demo] Publish callbacks ['neutron.plugins.ml2.plugin.SecurityGroupDbMixin._ensure_default_security_group_handler-2380'] for port (None), before_create {{(pid=103252) _notify_loop /opt/stack/data/venv/lib/python3.12/site-packages/neutron_lib/callbacks/manager.py:184}}
Jun 25 20:09:52.552720 np0000182856 devstack@neutron-api.service[103254]: DEBUG neutron.plugins.ml2.db [None req-554c02dc-81a2-4efe-9d5c-8a9cd32fb30c None None] For port 680c294a-a6f1-4048-9691-9c51d86ba611, host np0000182856, set binding levels [PortBindingLevel(driver='ovn',host='np0000182856',level=0,port_id=680c294a-a6f1-4048-9691-9c51d86ba611,segment=NetworkSegment(22b60f2d-7ee7-4846-a284-0c63b8230854),segment_id=22b60f2d-7ee7-4846-a284-0c63b8230854)] {{(pid=103254) set_binding_levels /opt/stack/neutron/neutron/plugins/ml2/db.py:59}}
Jun 25 20:09:52.554680 np0000182856 devstack@neutron-api.service[103254]: DEBUG neutron.plugins.ml2.drivers.ovn.mech_driver.mech_driver [None req-554c02dc-81a2-4efe-9d5c-8a9cd32fb30c None None] No provisioning block for port 680c294a-a6f1-4048-9691-9c51d86ba611 since host unchanged {{(pid=103254) _is_port_provisioning_required /opt/stack/neutron/neutron/plugins/ml2/drivers/ovn/mech_driver/mech_driver.py:904}}
Jun 25 20:09:52.609074 np0000182856 devstack@neutron-api.service[103254]: DEBUG neutron_lib.callbacks.manager [None req-554c02dc-81a2-4efe-9d5c-8a9cd32fb30c None None] Publish callbacks ['neutron.plugins.ml2.ovo_rpc._ObjectChangeHandler.handle_event-2654645', 'neutron.services.ovn_l3.plugin.OVNL3RouterPlugin._port_update-8140223483908'] for port (680c294a-a6f1-4048-9691-9c51d86ba611), after_update {{(pid=103254) _notify_loop /opt/stack/data/venv/lib/python3.12/site-packages/neutron_lib/callbacks/manager.py:184}}
